172.16.3.7 - - [23/Jun/2026:08:00:09 +0200] "GET /rhn/manager/download/sle-module-desktop-applications15-sp7-updates-x86_64/repodata/5a83da9339d2ac7d16d490fe800f3353cba46dd8cc1e8d6ae60b276436f8b266-susedata.xml.gz?eyJhbGciOiJIUzI1NiJ9.eyJqdGkiOiJVaXNnN2NFbGZSRE1TYjh1eU9zMmhRIiwiZXhwIjoxODEzNzMwMzkwLCJpYXQiOjE3ODIxOTQzOTAsIm5iZiI6MTc4MjE5NDI3MCwib3JnIjoxLCJvbmx5Q2hhbm5lbHMiOlsic2xlLW1vZHVsZS1kZXNrdG9wLWFwcGxpY2F0aW9uczE1LXNwNy11cGRhdGVzLXg4Nl82NCJdfQ.shp2_0ujutvI-k6ZL-MqLaLHp6cTR1hA1biIsxt865o HTTP/1.1" 200 24651
172.16.3.5 - - [23/Jun/2026:07:58:38 +0200] "GET /rhn/websocket/notifications HTTP/1.1" 101 -
172.16.3.7 - - [23/Jun/2026:08:00:09 +0200] "HEAD /rhn/manager/download/sle-module-desktop-applications15-sp7-updates-x86_64/repodata/048633c087ccd400303a7fc8c022a29dd7e441e047a6010cf68b93cb6d1055fd-updateinfo.xml.gz?eyJhbGciOiJIUzI1NiJ9.eyJqdGkiOiJVaXNnN2NFbGZSRE1TYjh1eU9zMmhRIiwiZXhwIjoxODEzNzMwMzkwLCJpYXQiOjE3ODIxOTQzOTAsIm5iZiI6MTc4MjE5NDI3MCwib3JnIjoxLCJvbmx5Q2hhbm5lbHMiOlsic2xlLW1vZHVsZS1kZXNrdG9wLWFwcGxpY2F0aW9uczE1LXNwNy11cGRhdGVzLXg4Nl82NCJdfQ.shp2_0ujutvI-k6ZL-MqLaLHp6cTR1hA1biIsxt865o HTTP/1.1" 200 -
172.16.3.7 - - [23/Jun/2026:08:00:09 +0200] "GET /rhn/manager/download/sle-module-desktop-applications15-sp7-updates-x86_64/repodata/048633c087ccd400303a7fc8c022a29dd7e441e047a6010cf68b93cb6d1055fd-updateinfo.xml.gz?eyJhbGciOiJIUzI1NiJ9.eyJqdGkiOiJVaXNnN2NFbGZSRE1TYjh1eU9zMmhRIiwiZXhwIjoxODEzNzMwMzkwLCJpYXQiOjE3ODIxOTQzOTAsIm5iZiI6MTc4MjE5NDI3MCwib3JnIjoxLCJvbmx5Q2hhbm5lbHMiOlsic2xlLW1vZHVsZS1kZXNrdG9wLWFwcGxpY2F0aW9uczE1LXNwNy11cGRhdGVzLXg4Nl82NCJdfQ.shp2_0ujutvI-k6ZL-MqLaLHp6cTR1hA1biIsxt865o HTTP/1.1" 200 72960
172.16.3.5 - - [23/Jun/2026:08:00:09 +0200] "GET /rhn/manager/systems/list/all HTTP/1.1" 200 5370
172.16.3.5 - - [23/Jun/2026:08:00:02 +0200] "GET /rhn/websocket/notifications HTTP/1.1" 101 -
172.16.3.7 - - [23/Jun/2026:08:00:09 +0200] "HEAD /rhn/manager/download/sle-module-devtools15-sp7-pool-x86_64/repodata/repomd.xml?eyJhbGciOiJIUzI1NiJ9.eyJqdGkiOiIwaGxSazVRSXdqdXZHd3daU2RXQ09BIiwiZXhwIjoxODEzNzMwMzkwLCJpYXQiOjE3ODIxOTQzOTAsIm5iZiI6MTc4MjE5NDI3MCwib3JnIjoxLCJvbmx5Q2hhbm5lbHMiOlsic2xlLW1vZHVsZS1kZXZ0b29sczE1LXNwNy1wb29sLXg4Nl82NCJdfQ.Dr8bdWyM3fdMhSw1wqF59h9xqOihtOv9egrr4qoXpdM HTTP/1.1" 200 -
172.16.3.5 - - [23/Jun/2026:08:00:09 +0200] "POST /rhn/manager/frontend-log HTTP/1.1" 200 42
172.16.3.7 - - [23/Jun/2026:08:00:10 +0200] "HEAD /rhn/manager/download/sle-module-devtools15-sp7-pool-x86_64/media.1/media?eyJhbGciOiJIUzI1NiJ9.eyJqdGkiOiIwaGxSazVRSXdqdXZHd3daU2RXQ09BIiwiZXhwIjoxODEzNzMwMzkwLCJpYXQiOjE3ODIxOTQzOTAsIm5iZiI6MTc4MjE5NDI3MCwib3JnIjoxLCJvbmx5Q2hhbm5lbHMiOlsic2xlLW1vZHVsZS1kZXZ0b29sczE1LXNwNy1wb29sLXg4Nl82NCJdfQ.Dr8bdWyM3fdMhSw1wqF59h9xqOihtOv9egrr4qoXpdM HTTP/1.1" 404 -
172.16.3.5 - - [23/Jun/2026:08:00:10 +0200] "POST /rhn/manager/frontend-log HTTP/1.1" 200 42
172.16.3.7 - - [23/Jun/2026:08:00:10 +0200] "HEAD /rhn/manager/download/sle-module-devtools15-sp7-pool-x86_64/repodata/repomd.xml?eyJhbGciOiJIUzI1NiJ9.eyJqdGkiOiIwaGxSazVRSXdqdXZHd3daU2RXQ09BIiwiZXhwIjoxODEzNzMwMzkwLCJpYXQiOjE3ODIxOTQzOTAsIm5iZiI6MTc4MjE5NDI3MCwib3JnIjoxLCJvbmx5Q2hhbm5lbHMiOlsic2xlLW1vZHVsZS1kZXZ0b29sczE1LXNwNy1wb29sLXg4Nl82NCJdfQ.Dr8bdWyM3fdMhSw1wqF59h9xqOihtOv9egrr4qoXpdM HTTP/1.1" 200 -
172.16.3.7 - - [23/Jun/2026:08:00:10 +0200] "GET /rhn/manager/download/sle-module-devtools15-sp7-pool-x86_64/repodata/repomd.xml?eyJhbGciOiJIUzI1NiJ9.eyJqdGkiOiIwaGxSazVRSXdqdXZHd3daU2RXQ09BIiwiZXhwIjoxODEzNzMwMzkwLCJpYXQiOjE3ODIxOTQzOTAsIm5iZiI6MTc4MjE5NDI3MCwib3JnIjoxLCJvbmx5Q2hhbm5lbHMiOlsic2xlLW1vZHVsZS1kZXZ0b29sczE1LXNwNy1wb29sLXg4Nl82NCJdfQ.Dr8bdWyM3fdMhSw1wqF59h9xqOihtOv9egrr4qoXpdM HTTP/1.1" 200 1605
172.16.3.5 - - [23/Jun/2026:08:00:10 +0200] "GET /rhn/manager/api/systems/list/all?p=1&ps=100&s=1&sc=server_name HTTP/1.1" 200 778
172.16.3.7 - - [23/Jun/2026:08:00:10 +0200] "HEAD /rhn/manager/download/sle-module-devtools15-sp7-pool-x86_64/repodata/repomd.xml.asc?eyJhbGciOiJIUzI1NiJ9.eyJqdGkiOiIwaGxSazVRSXdqdXZHd3daU2RXQ09BIiwiZXhwIjoxODEzNzMwMzkwLCJpYXQiOjE3ODIxOTQzOTAsIm5iZiI6MTc4MjE5NDI3MCwib3JnIjoxLCJvbmx5Q2hhbm5lbHMiOlsic2xlLW1vZHVsZS1kZXZ0b29sczE1LXNwNy1wb29sLXg4Nl82NCJdfQ.Dr8bdWyM3fdMhSw1wqF59h9xqOihtOv9egrr4qoXpdM HTTP/1.1" 404 -
172.16.3.7 - - [23/Jun/2026:08:00:10 +0200] "HEAD /rhn/manager/download/sle-module-devtools15-sp7-pool-x86_64/repodata/fc70a57730c5b9a267f41e9f3b1e7f9c47954d3d97199bda44123a27f7e721e6-primary.xml.gz?eyJhbGciOiJIUzI1NiJ9.eyJqdGkiOiIwaGxSazVRSXdqdXZHd3daU2RXQ09BIiwiZXhwIjoxODEzNzMwMzkwLCJpYXQiOjE3ODIxOTQzOTAsIm5iZiI6MTc4MjE5NDI3MCwib3JnIjoxLCJvbmx5Q2hhbm5lbHMiOlsic2xlLW1vZHVsZS1kZXZ0b29sczE1LXNwNy1wb29sLXg4Nl82NCJdfQ.Dr8bdWyM3fdMhSw1wqF59h9xqOihtOv9egrr4qoXpdM HTTP/1.1" 200 -
172.16.3.5 - - [23/Jun/2026:08:00:10 +0200] "POST /rhn/manager/api/sets/system_list HTTP/1.1" 200 27
172.16.3.7 - - [23/Jun/2026:08:00:10 +0200] "GET /rhn/manager/download/sle-module-devtools15-sp7-pool-x86_64/repodata/fc70a57730c5b9a267f41e9f3b1e7f9c47954d3d97199bda44123a27f7e721e6-primary.xml.gz?eyJhbGciOiJIUzI1NiJ9.eyJqdGkiOiIwaGxSazVRSXdqdXZHd3daU2RXQ09BIiwiZXhwIjoxODEzNzMwMzkwLCJpYXQiOjE3ODIxOTQzOTAsIm5iZiI6MTc4MjE5NDI3MCwib3JnIjoxLCJvbmx5Q2hhbm5lbHMiOlsic2xlLW1vZHVsZS1kZXZ0b29sczE1LXNwNy1wb29sLXg4Nl82NCJdfQ.Dr8bdWyM3fdMhSw1wqF59h9xqOihtOv9egrr4qoXpdM HTTP/1.1" 200 399163
172.16.3.7 - - [23/Jun/2026:08:00:11 +0200] "HEAD /rhn/manager/download/sle-module-devtools15-sp7-pool-x86_64/repodata/cc848bb5dceb51681e42c60dba189790dc4002cde9b83decff36f52f2631bd37-susedata.xml.gz?eyJhbGciOiJIUzI1NiJ9.eyJqdGkiOiIwaGxSazVRSXdqdXZHd3daU2RXQ09BIiwiZXhwIjoxODEzNzMwMzkwLCJpYXQiOjE3ODIxOTQzOTAsIm5iZiI6MTc4MjE5NDI3MCwib3JnIjoxLCJvbmx5Q2hhbm5lbHMiOlsic2xlLW1vZHVsZS1kZXZ0b29sczE1LXNwNy1wb29sLXg4Nl82NCJdfQ.Dr8bdWyM3fdMhSw1wqF59h9xqOihtOv9egrr4qoXpdM HTTP/1.1" 200 -
172.16.3.7 - - [23/Jun/2026:08:00:11 +0200] "GET /rhn/manager/download/sle-module-devtools15-sp7-pool-x86_64/repodata/cc848bb5dceb51681e42c60dba189790dc4002cde9b83decff36f52f2631bd37-susedata.xml.gz?eyJhbGciOiJIUzI1NiJ9.eyJqdGkiOiIwaGxSazVRSXdqdXZHd3daU2RXQ09BIiwiZXhwIjoxODEzNzMwMzkwLCJpYXQiOjE3ODIxOTQzOTAsIm5iZiI6MTc4MjE5NDI3MCwib3JnIjoxLCJvbmx5Q2hhbm5lbHMiOlsic2xlLW1vZHVsZS1kZXZ0b29sczE1LXNwNy1wb29sLXg4Nl82NCJdfQ.Dr8bdWyM3fdMhSw1wqF59h9xqOihtOv9egrr4qoXpdM HTTP/1.1" 200 44979
172.16.3.7 - - [23/Jun/2026:08:00:11 +0200] "HEAD /rhn/manager/download/sle-module-devtools15-sp7-updates-x86_64/repodata/repomd.xml?eyJhbGciOiJIUzI1NiJ9.eyJqdGkiOiIzaFdMSzM3SEhRdEEzWm9BN1MwNWV3IiwiZXhwIjoxODEzNzMwMzkwLCJpYXQiOjE3ODIxOTQzOTAsIm5iZiI6MTc4MjE5NDI3MCwib3JnIjoxLCJvbmx5Q2hhbm5lbHMiOlsic2xlLW1vZHVsZS1kZXZ0b29sczE1LXNwNy11cGRhdGVzLXg4Nl82NCJdfQ.x6-XaoSyt5alIXOrVOO7i1i8JRSqB5w460yV0c20UR0 HTTP/1.1" 200 -
172.16.3.7 - - [23/Jun/2026:08:00:11 +0200] "HEAD /rhn/manager/download/sle-module-devtools15-sp7-updates-x86_64/media.1/media?eyJhbGciOiJIUzI1NiJ9.eyJqdGkiOiIzaFdMSzM3SEhRdEEzWm9BN1MwNWV3IiwiZXhwIjoxODEzNzMwMzkwLCJpYXQiOjE3ODIxOTQzOTAsIm5iZiI6MTc4MjE5NDI3MCwib3JnIjoxLCJvbmx5Q2hhbm5lbHMiOlsic2xlLW1vZHVsZS1kZXZ0b29sczE1LXNwNy11cGRhdGVzLXg4Nl82NCJdfQ.x6-XaoSyt5alIXOrVOO7i1i8JRSqB5w460yV0c20UR0 HTTP/1.1" 404 -
172.16.3.7 - - [23/Jun/2026:08:00:11 +0200] "HEAD /rhn/manager/download/sle-module-devtools15-sp7-updates-x86_64/repodata/repomd.xml?eyJhbGciOiJIUzI1NiJ9.eyJqdGkiOiIzaFdMSzM3SEhRdEEzWm9BN1MwNWV3IiwiZXhwIjoxODEzNzMwMzkwLCJpYXQiOjE3ODIxOTQzOTAsIm5iZiI6MTc4MjE5NDI3MCwib3JnIjoxLCJvbmx5Q2hhbm5lbHMiOlsic2xlLW1vZHVsZS1kZXZ0b29sczE1LXNwNy11cGRhdGVzLXg4Nl82NCJdfQ.x6-XaoSyt5alIXOrVOO7i1i8JRSqB5w460yV0c20UR0 HTTP/1.1" 200 -
172.16.3.7 - - [23/Jun/2026:08:00:11 +0200] "GET /rhn/manager/download/sle-module-devtools15-sp7-updates-x86_64/repodata/repomd.xml?eyJhbGciOiJIUzI1NiJ9.eyJqdGkiOiIzaFdMSzM3SEhRdEEzWm9BN1MwNWV3IiwiZXhwIjoxODEzNzMwMzkwLCJpYXQiOjE3ODIxOTQzOTAsIm5iZiI6MTc4MjE5NDI3MCwib3JnIjoxLCJvbmx5Q2hhbm5lbHMiOlsic2xlLW1vZHVsZS1kZXZ0b29sczE1LXNwNy11cGRhdGVzLXg4Nl82NCJdfQ.x6-XaoSyt5alIXOrVOO7i1i8JRSqB5w460yV0c20UR0 HTTP/1.1" 200 1987
172.16.3.7 - - [23/Jun/2026:08:00:11 +0200] "HEAD /rhn/manager/download/sle-module-devtools15-sp7-updates-x86_64/repodata/repomd.xml.asc?eyJhbGciOiJIUzI1NiJ9.eyJqdGkiOiIzaFdMSzM3SEhRdEEzWm9BN1MwNWV3IiwiZXhwIjoxODEzNzMwMzkwLCJpYXQiOjE3ODIxOTQzOTAsIm5iZiI6MTc4MjE5NDI3MCwib3JnIjoxLCJvbmx5Q2hhbm5lbHMiOlsic2xlLW1vZHVsZS1kZXZ0b29sczE1LXNwNy11cGRhdGVzLXg4Nl82NCJdfQ.x6-XaoSyt5alIXOrVOO7i1i8JRSqB5w460yV0c20UR0 HTTP/1.1" 404 -
172.16.3.7 - - [23/Jun/2026:08:00:11 +0200] "HEAD /rhn/manager/download/sle-module-devtools15-sp7-updates-x86_64/repodata/418ea2b7a9f5586b15b601666133cf9f3c4bf5be1cf05725dffae259813f81b2-primary.xml.gz?eyJhbGciOiJIUzI1NiJ9.eyJqdGkiOiIzaFdMSzM3SEhRdEEzWm9BN1MwNWV3IiwiZXhwIjoxODEzNzMwMzkwLCJpYXQiOjE3ODIxOTQzOTAsIm5iZiI6MTc4MjE5NDI3MCwib3JnIjoxLCJvbmx5Q2hhbm5lbHMiOlsic2xlLW1vZHVsZS1kZXZ0b29sczE1LXNwNy11cGRhdGVzLXg4Nl82NCJdfQ.x6-XaoSyt5alIXOrVOO7i1i8JRSqB5w460yV0c20UR0 HTTP/1.1" 200 -
172.16.3.7 - - [23/Jun/2026:08:00:12 +0200] "GET /rhn/manager/download/sle-module-devtools15-sp7-updates-x86_64/repodata/418ea2b7a9f5586b15b601666133cf9f3c4bf5be1cf05725dffae259813f81b2-primary.xml.gz?eyJhbGciOiJIUzI1NiJ9.eyJqdGkiOiIzaFdMSzM3SEhRdEEzWm9BN1MwNWV3IiwiZXhwIjoxODEzNzMwMzkwLCJpYXQiOjE3ODIxOTQzOTAsIm5iZiI6MTc4MjE5NDI3MCwib3JnIjoxLCJvbmx5Q2hhbm5lbHMiOlsic2xlLW1vZHVsZS1kZXZ0b29sczE1LXNwNy11cGRhdGVzLXg4Nl82NCJdfQ.x6-XaoSyt5alIXOrVOO7i1i8JRSqB5w460yV0c20UR0 HTTP/1.1" 200 294076
172.16.3.7 - - [23/Jun/2026:08:00:12 +0200] "HEAD /rhn/manager/download/sle-module-devtools15-sp7-updates-x86_64/repodata/d570ca43ab9ace032f4780f6b10d786ca03296f4cead2a056c2784275cc7a9eb-susedata.xml.gz?eyJhbGciOiJIUzI1NiJ9.eyJqdGkiOiIzaFdMSzM3SEhRdEEzWm9BN1MwNWV3IiwiZXhwIjoxODEzNzMwMzkwLCJpYXQiOjE3ODIxOTQzOTAsIm5iZiI6MTc4MjE5NDI3MCwib3JnIjoxLCJvbmx5Q2hhbm5lbHMiOlsic2xlLW1vZHVsZS1kZXZ0b29sczE1LXNwNy11cGRhdGVzLXg4Nl82NCJdfQ.x6-XaoSyt5alIXOrVOO7i1i8JRSqB5w460yV0c20UR0 HTTP/1.1" 200 -
172.16.3.7 - - [23/Jun/2026:08:00:12 +0200] "GET /rhn/manager/download/sle-module-devtools15-sp7-updates-x86_64/repodata/d570ca43ab9ace032f4780f6b10d786ca03296f4cead2a056c2784275cc7a9eb-susedata.xml.gz?eyJhbGciOiJIUzI1NiJ9.eyJqdGkiOiIzaFdMSzM3SEhRdEEzWm9BN1MwNWV3IiwiZXhwIjoxODEzNzMwMzkwLCJpYXQiOjE3ODIxOTQzOTAsIm5iZiI6MTc4MjE5NDI3MCwib3JnIjoxLCJvbmx5Q2hhbm5lbHMiOlsic2xlLW1vZHVsZS1kZXZ0b29sczE1LXNwNy11cGRhdGVzLXg4Nl82NCJdfQ.x6-XaoSyt5alIXOrVOO7i1i8JRSqB5w460yV0c20UR0 HTTP/1.1" 200 28193
172.16.3.7 - - [23/Jun/2026:08:00:12 +0200] "HEAD /rhn/manager/download/sle-module-devtools15-sp7-updates-x86_64/repodata/4dfa31fcebc259b70da2c4cbc469bda59a1fec77f18bc61997ed4db106b498d8-updateinfo.xml.gz?eyJhbGciOiJIUzI1NiJ9.eyJqdGkiOiIzaFdMSzM3SEhRdEEzWm9BN1MwNWV3IiwiZXhwIjoxODEzNzMwMzkwLCJpYXQiOjE3ODIxOTQzOTAsIm5iZiI6MTc4MjE5NDI3MCwib3JnIjoxLCJvbmx5Q2hhbm5lbHMiOlsic2xlLW1vZHVsZS1kZXZ0b29sczE1LXNwNy11cGRhdGVzLXg4Nl82NCJdfQ.x6-XaoSyt5alIXOrVOO7i1i8JRSqB5w460yV0c20UR0 HTTP/1.1" 200 -
172.16.3.7 - - [23/Jun/2026:08:00:12 +0200] "GET /rhn/manager/download/sle-module-devtools15-sp7-updates-x86_64/repodata/4dfa31fcebc259b70da2c4cbc469bda59a1fec77f18bc61997ed4db106b498d8-updateinfo.xml.gz?eyJhbGciOiJIUzI1NiJ9.eyJqdGkiOiIzaFdMSzM3SEhRdEEzWm9BN1MwNWV3IiwiZXhwIjoxODEzNzMwMzkwLCJpYXQiOjE3ODIxOTQzOTAsIm5iZiI6MTc4MjE5NDI3MCwib3JnIjoxLCJvbmx5Q2hhbm5lbHMiOlsic2xlLW1vZHVsZS1kZXZ0b29sczE1LXNwNy11cGRhdGVzLXg4Nl82NCJdfQ.x6-XaoSyt5alIXOrVOO7i1i8JRSqB5w460yV0c20UR0 HTTP/1.1" 200 268763
172.16.3.5 - - [23/Jun/2026:08:00:12 +0200] "-" 408 -
172.16.3.5 - - [23/Jun/2026:08:00:12 +0200] "-" 408 -
172.16.3.5 - - [23/Jun/2026:08:00:12 +0200] "-" 408 -
172.16.3.7 - - [23/Jun/2026:08:00:12 +0200] "HEAD /rhn/manager/download/sle-module-python3-15-sp7-pool-x86_64/repodata/repomd.xml?eyJhbGciOiJIUzI1NiJ9.eyJqdGkiOiJDMGVJTkMzcGNaaHlSdVpXT1VTc3dRIiwiZXhwIjoxODEzNzMwMzkwLCJpYXQiOjE3ODIxOTQzOTAsIm5iZiI6MTc4MjE5NDI3MCwib3JnIjoxLCJvbmx5Q2hhbm5lbHMiOlsic2xlLW1vZHVsZS1weXRob24zLTE1LXNwNy1wb29sLXg4Nl82NCJdfQ.JthumUE-K3SOzUWzBDG1M-RwG_R4JHAgYucl2XNfReE HTTP/1.1" 200 -
172.16.3.5 - - [23/Jun/2026:08:00:12 +0200] "-" 408 -
172.16.3.7 - - [23/Jun/2026:08:00:12 +0200] "HEAD /rhn/manager/download/sle-module-python3-15-sp7-pool-x86_64/media.1/media?eyJhbGciOiJIUzI1NiJ9.eyJqdGkiOiJDMGVJTkMzcGNaaHlSdVpXT1VTc3dRIiwiZXhwIjoxODEzNzMwMzkwLCJpYXQiOjE3ODIxOTQzOTAsIm5iZiI6MTc4MjE5NDI3MCwib3JnIjoxLCJvbmx5Q2hhbm5lbHMiOlsic2xlLW1vZHVsZS1weXRob24zLTE1LXNwNy1wb29sLXg4Nl82NCJdfQ.JthumUE-K3SOzUWzBDG1M-RwG_R4JHAgYucl2XNfReE HTTP/1.1" 404 -
172.16.3.7 - - [23/Jun/2026:08:00:12 +0200] "HEAD /rhn/manager/download/sle-module-python3-15-sp7-pool-x86_64/repodata/repomd.xml?eyJhbGciOiJIUzI1NiJ9.eyJqdGkiOiJDMGVJTkMzcGNaaHlSdVpXT1VTc3dRIiwiZXhwIjoxODEzNzMwMzkwLCJpYXQiOjE3ODIxOTQzOTAsIm5iZiI6MTc4MjE5NDI3MCwib3JnIjoxLCJvbmx5Q2hhbm5lbHMiOlsic2xlLW1vZHVsZS1weXRob24zLTE1LXNwNy1wb29sLXg4Nl82NCJdfQ.JthumUE-K3SOzUWzBDG1M-RwG_R4JHAgYucl2XNfReE HTTP/1.1" 200 -
172.16.3.7 - - [23/Jun/2026:08:00:12 +0200] "GET /rhn/manager/download/sle-module-python3-15-sp7-pool-x86_64/repodata/repomd.xml?eyJhbGciOiJIUzI1NiJ9.eyJqdGkiOiJDMGVJTkMzcGNaaHlSdVpXT1VTc3dRIiwiZXhwIjoxODEzNzMwMzkwLCJpYXQiOjE3ODIxOTQzOTAsIm5iZiI6MTc4MjE5NDI3MCwib3JnIjoxLCJvbmx5Q2hhbm5lbHMiOlsic2xlLW1vZHVsZS1weXRob24zLTE1LXNwNy1wb29sLXg4Nl82NCJdfQ.JthumUE-K3SOzUWzBDG1M-RwG_R4JHAgYucl2XNfReE HTTP/1.1" 200 1605
172.16.3.7 - - [23/Jun/2026:08:00:13 +0200] "HEAD /rhn/manager/download/sle-module-python3-15-sp7-pool-x86_64/repodata/repomd.xml.asc?eyJhbGciOiJIUzI1NiJ9.eyJqdGkiOiJDMGVJTkMzcGNaaHlSdVpXT1VTc3dRIiwiZXhwIjoxODEzNzMwMzkwLCJpYXQiOjE3ODIxOTQzOTAsIm5iZiI6MTc4MjE5NDI3MCwib3JnIjoxLCJvbmx5Q2hhbm5lbHMiOlsic2xlLW1vZHVsZS1weXRob24zLTE1LXNwNy1wb29sLXg4Nl82NCJdfQ.JthumUE-K3SOzUWzBDG1M-RwG_R4JHAgYucl2XNfReE HTTP/1.1" 404 -
172.16.3.7 - - [23/Jun/2026:08:00:13 +0200] "HEAD /rhn/manager/download/sle-module-python3-15-sp7-pool-x86_64/repodata/7fa331514f1cdb0953f3168e2bb01d670d49a130ba2c61cfd1cffa96019761aa-primary.xml.gz?eyJhbGciOiJIUzI1NiJ9.eyJqdGkiOiJDMGVJTkMzcGNaaHlSdVpXT1VTc3dRIiwiZXhwIjoxODEzNzMwMzkwLCJpYXQiOjE3ODIxOTQzOTAsIm5iZiI6MTc4MjE5NDI3MCwib3JnIjoxLCJvbmx5Q2hhbm5lbHMiOlsic2xlLW1vZHVsZS1weXRob24zLTE1LXNwNy1wb29sLXg4Nl82NCJdfQ.JthumUE-K3SOzUWzBDG1M-RwG_R4JHAgYucl2XNfReE HTTP/1.1" 200 -
172.16.3.7 - - [23/Jun/2026:08:00:13 +0200] "GET /rhn/manager/download/sle-module-python3-15-sp7-pool-x86_64/repodata/7fa331514f1cdb0953f3168e2bb01d670d49a130ba2c61cfd1cffa96019761aa-primary.xml.gz?eyJhbGciOiJIUzI1NiJ9.eyJqdGkiOiJDMGVJTkMzcGNaaHlSdVpXT1VTc3dRIiwiZXhwIjoxODEzNzMwMzkwLCJpYXQiOjE3ODIxOTQzOTAsIm5iZiI6MTc4MjE5NDI3MCwib3JnIjoxLCJvbmx5Q2hhbm5lbHMiOlsic2xlLW1vZHVsZS1weXRob24zLTE1LXNwNy1wb29sLXg4Nl82NCJdfQ.JthumUE-K3SOzUWzBDG1M-RwG_R4JHAgYucl2XNfReE HTTP/1.1" 200 167290
172.16.3.7 - - [23/Jun/2026:08:00:13 +0200] "HEAD /rhn/manager/download/sle-module-python3-15-sp7-pool-x86_64/repodata/cd6f9458d0f2b61f70838be2c1f4cb72ad1846f39f44e028bf9f6a98dc5be95c-susedata.xml.gz?eyJhbGciOiJIUzI1NiJ9.eyJqdGkiOiJDMGVJTkMzcGNaaHlSdVpXT1VTc3dRIiwiZXhwIjoxODEzNzMwMzkwLCJpYXQiOjE3ODIxOTQzOTAsIm5iZiI6MTc4MjE5NDI3MCwib3JnIjoxLCJvbmx5Q2hhbm5lbHMiOlsic2xlLW1vZHVsZS1weXRob24zLTE1LXNwNy1wb29sLXg4Nl82NCJdfQ.JthumUE-K3SOzUWzBDG1M-RwG_R4JHAgYucl2XNfReE HTTP/1.1" 200 -
172.16.3.7 - - [23/Jun/2026:08:00:13 +0200] "GET /rhn/manager/download/sle-module-python3-15-sp7-pool-x86_64/repodata/cd6f9458d0f2b61f70838be2c1f4cb72ad1846f39f44e028bf9f6a98dc5be95c-susedata.xml.gz?eyJhbGciOiJIUzI1NiJ9.eyJqdGkiOiJDMGVJTkMzcGNaaHlSdVpXT1VTc3dRIiwiZXhwIjoxODEzNzMwMzkwLCJpYXQiOjE3ODIxOTQzOTAsIm5iZiI6MTc4MjE5NDI3MCwib3JnIjoxLCJvbmx5Q2hhbm5lbHMiOlsic2xlLW1vZHVsZS1weXRob24zLTE1LXNwNy1wb29sLXg4Nl82NCJdfQ.JthumUE-K3SOzUWzBDG1M-RwG_R4JHAgYucl2XNfReE HTTP/1.1" 200 29033
172.16.3.7 - - [23/Jun/2026:08:00:13 +0200] "HEAD /rhn/manager/download/sle-module-python3-15-sp7-updates-x86_64/repodata/repomd.xml?eyJhbGciOiJIUzI1NiJ9.eyJqdGkiOiJESnloVUVXaHFRQ01fRl9xc3lMLU5BIiwiZXhwIjoxODEzNzMwMzkwLCJpYXQiOjE3ODIxOTQzOTAsIm5iZiI6MTc4MjE5NDI3MCwib3JnIjoxLCJvbmx5Q2hhbm5lbHMiOlsic2xlLW1vZHVsZS1weXRob24zLTE1LXNwNy11cGRhdGVzLXg4Nl82NCJdfQ.Jh1XRfYil68n4MCrLlQA5WENqdBvmdBs_FNoBh-0Tpk HTTP/1.1" 200 -
172.16.3.5 - - [23/Jun/2026:08:00:03 +0200] "GET /rhn/websocket/notifications HTTP/1.1" 101 -
172.16.3.7 - - [23/Jun/2026:08:00:14 +0200] "HEAD /rhn/manager/download/sle-module-python3-15-sp7-updates-x86_64/media.1/media?eyJhbGciOiJIUzI1NiJ9.eyJqdGkiOiJESnloVUVXaHFRQ01fRl9xc3lMLU5BIiwiZXhwIjoxODEzNzMwMzkwLCJpYXQiOjE3ODIxOTQzOTAsIm5iZiI6MTc4MjE5NDI3MCwib3JnIjoxLCJvbmx5Q2hhbm5lbHMiOlsic2xlLW1vZHVsZS1weXRob24zLTE1LXNwNy11cGRhdGVzLXg4Nl82NCJdfQ.Jh1XRfYil68n4MCrLlQA5WENqdBvmdBs_FNoBh-0Tpk HTTP/1.1" 404 -
172.16.3.7 - - [23/Jun/2026:08:00:14 +0200] "HEAD /rhn/manager/download/sle-module-python3-15-sp7-updates-x86_64/repodata/repomd.xml?eyJhbGciOiJIUzI1NiJ9.eyJqdGkiOiJESnloVUVXaHFRQ01fRl9xc3lMLU5BIiwiZXhwIjoxODEzNzMwMzkwLCJpYXQiOjE3ODIxOTQzOTAsIm5iZiI6MTc4MjE5NDI3MCwib3JnIjoxLCJvbmx5Q2hhbm5lbHMiOlsic2xlLW1vZHVsZS1weXRob24zLTE1LXNwNy11cGRhdGVzLXg4Nl82NCJdfQ.Jh1XRfYil68n4MCrLlQA5WENqdBvmdBs_FNoBh-0Tpk HTTP/1.1" 200 -
172.16.3.5 - - [23/Jun/2026:08:00:13 +0200] "GET /rhn/manager/systems/list/all HTTP/1.1" 200 5365
172.16.3.5 - - [23/Jun/2026:08:00:14 +0200] "GET /img/favicon.ico?q=0.30317794662309494 HTTP/1.1" 200 1150
172.16.3.5 - - [23/Jun/2026:08:00:14 +0200] "POST /rhn/manager/frontend-log HTTP/1.1" 200 42
172.16.3.7 - - [23/Jun/2026:08:00:14 +0200] "GET /rhn/manager/download/sle-module-python3-15-sp7-updates-x86_64/repodata/repomd.xml?eyJhbGciOiJIUzI1NiJ9.eyJqdGkiOiJESnloVUVXaHFRQ01fRl9xc3lMLU5BIiwiZXhwIjoxODEzNzMwMzkwLCJpYXQiOjE3ODIxOTQzOTAsIm5iZiI6MTc4MjE5NDI3MCwib3JnIjoxLCJvbmx5Q2hhbm5lbHMiOlsic2xlLW1vZHVsZS1weXRob24zLTE1LXNwNy11cGRhdGVzLXg4Nl82NCJdfQ.Jh1XRfYil68n4MCrLlQA5WENqdBvmdBs_FNoBh-0Tpk HTTP/1.1" 200 1987
172.16.3.7 - - [23/Jun/2026:08:00:14 +0200] "HEAD /rhn/manager/download/sle-module-python3-15-sp7-updates-x86_64/repodata/repomd.xml.asc?eyJhbGciOiJIUzI1NiJ9.eyJqdGkiOiJESnloVUVXaHFRQ01fRl9xc3lMLU5BIiwiZXhwIjoxODEzNzMwMzkwLCJpYXQiOjE3ODIxOTQzOTAsIm5iZiI6MTc4MjE5NDI3MCwib3JnIjoxLCJvbmx5Q2hhbm5lbHMiOlsic2xlLW1vZHVsZS1weXRob24zLTE1LXNwNy11cGRhdGVzLXg4Nl82NCJdfQ.Jh1XRfYil68n4MCrLlQA5WENqdBvmdBs_FNoBh-0Tpk HTTP/1.1" 404 -
172.16.3.7 - - [23/Jun/2026:08:00:14 +0200] "HEAD /rhn/manager/download/sle-module-python3-15-sp7-updates-x86_64/repodata/a526d5bd87b5e653c0fb8580fb7bfdd2725c78fb9559237ee27d75970ff3ac81-primary.xml.gz?eyJhbGciOiJIUzI1NiJ9.eyJqdGkiOiJESnloVUVXaHFRQ01fRl9xc3lMLU5BIiwiZXhwIjoxODEzNzMwMzkwLCJpYXQiOjE3ODIxOTQzOTAsIm5iZiI6MTc4MjE5NDI3MCwib3JnIjoxLCJvbmx5Q2hhbm5lbHMiOlsic2xlLW1vZHVsZS1weXRob24zLTE1LXNwNy11cGRhdGVzLXg4Nl82NCJdfQ.Jh1XRfYil68n4MCrLlQA5WENqdBvmdBs_FNoBh-0Tpk HTTP/1.1" 200 -
172.16.3.7 - - [23/Jun/2026:08:00:14 +0200] "GET /rhn/manager/download/sle-module-python3-15-sp7-updates-x86_64/repodata/a526d5bd87b5e653c0fb8580fb7bfdd2725c78fb9559237ee27d75970ff3ac81-primary.xml.gz?eyJhbGciOiJIUzI1NiJ9.eyJqdGkiOiJESnloVUVXaHFRQ01fRl9xc3lMLU5BIiwiZXhwIjoxODEzNzMwMzkwLCJpYXQiOjE3ODIxOTQzOTAsIm5iZiI6MTc4MjE5NDI3MCwib3JnIjoxLCJvbmx5Q2hhbm5lbHMiOlsic2xlLW1vZHVsZS1weXRob24zLTE1LXNwNy11cGRhdGVzLXg4Nl82NCJdfQ.Jh1XRfYil68n4MCrLlQA5WENqdBvmdBs_FNoBh-0Tpk HTTP/1.1" 200 71967
172.16.3.7 - - [23/Jun/2026:08:00:15 +0200] "HEAD /rhn/manager/download/sle-module-python3-15-sp7-updates-x86_64/repodata/1c9ac11799dcfa8baff9e14fa4716b55a529ec0efd7efa72be41eabbbf651b2e-susedata.xml.gz?eyJhbGciOiJIUzI1NiJ9.eyJqdGkiOiJESnloVUVXaHFRQ01fRl9xc3lMLU5BIiwiZXhwIjoxODEzNzMwMzkwLCJpYXQiOjE3ODIxOTQzOTAsIm5iZiI6MTc4MjE5NDI3MCwib3JnIjoxLCJvbmx5Q2hhbm5lbHMiOlsic2xlLW1vZHVsZS1weXRob24zLTE1LXNwNy11cGRhdGVzLXg4Nl82NCJdfQ.Jh1XRfYil68n4MCrLlQA5WENqdBvmdBs_FNoBh-0Tpk HTTP/1.1" 200 -
172.16.3.5 - - [23/Jun/2026:08:00:04 +0200] "GET /rhn/websocket/notifications HTTP/1.1" 101 -
172.16.3.5 - - [23/Jun/2026:08:00:14 +0200] "GET /rhn/manager/api/systems/list/all?p=1&ps=100&s=1&sc=server_name HTTP/1.1" 200 778
172.16.3.7 - - [23/Jun/2026:08:00:15 +0200] "GET /rhn/manager/download/sle-module-python3-15-sp7-updates-x86_64/repodata/1c9ac11799dcfa8baff9e14fa4716b55a529ec0efd7efa72be41eabbbf651b2e-susedata.xml.gz?eyJhbGciOiJIUzI1NiJ9.eyJqdGkiOiJESnloVUVXaHFRQ01fRl9xc3lMLU5BIiwiZXhwIjoxODEzNzMwMzkwLCJpYXQiOjE3ODIxOTQzOTAsIm5iZiI6MTc4MjE5NDI3MCwib3JnIjoxLCJvbmx5Q2hhbm5lbHMiOlsic2xlLW1vZHVsZS1weXRob24zLTE1LXNwNy11cGRhdGVzLXg4Nl82NCJdfQ.Jh1XRfYil68n4MCrLlQA5WENqdBvmdBs_FNoBh-0Tpk HTTP/1.1" 200 11885
172.16.3.7 - - [23/Jun/2026:08:00:15 +0200] "HEAD /rhn/manager/download/sle-module-python3-15-sp7-updates-x86_64/repodata/ff4e56c15106a2bed0481c6e53374c2f4eb0f8633a0d70108c02dbb0ae40841a-updateinfo.xml.gz?eyJhbGciOiJIUzI1NiJ9.eyJqdGkiOiJESnloVUVXaHFRQ01fRl9xc3lMLU5BIiwiZXhwIjoxODEzNzMwMzkwLCJpYXQiOjE3ODIxOTQzOTAsIm5iZiI6MTc4MjE5NDI3MCwib3JnIjoxLCJvbmx5Q2hhbm5lbHMiOlsic2xlLW1vZHVsZS1weXRob24zLTE1LXNwNy11cGRhdGVzLXg4Nl82NCJdfQ.Jh1XRfYil68n4MCrLlQA5WENqdBvmdBs_FNoBh-0Tpk HTTP/1.1" 200 -
172.16.3.5 - - [23/Jun/2026:08:00:15 +0200] "GET /rhn/manager/systems/list/all HTTP/1.1" 200 5369
172.16.3.5 - - [23/Jun/2026:08:00:15 +0200] "GET /img/favicon.ico?q=0.24301003164972812 HTTP/1.1" 200 1150
172.16.3.5 - - [23/Jun/2026:08:00:15 +0200] "POST /rhn/manager/api/sets/system_list HTTP/1.1" 200 27
::1 - - [23/Jun/2026:08:00:15 +0200] "OPTIONS * HTTP/1.0" 200 - "-" "Apache/2.4.66 (Linux/SUSE) OpenSSL/3.5.0 mod_wsgi/5.0.2 Python/3.13 (internal dummy connection)"
172.16.3.5 - - [23/Jun/2026:08:00:14 +0200] "GET /rhn/websocket/notifications HTTP/1.1" 101 -
172.16.3.5 - - [23/Jun/2026:08:00:15 +0200] "POST /rhn/manager/frontend-log HTTP/1.1" 200 42
172.16.3.7 - - [23/Jun/2026:08:00:15 +0200] "GET /rhn/manager/download/sle-module-python3-15-sp7-updates-x86_64/repodata/ff4e56c15106a2bed0481c6e53374c2f4eb0f8633a0d70108c02dbb0ae40841a-updateinfo.xml.gz?eyJhbGciOiJIUzI1NiJ9.eyJqdGkiOiJESnloVUVXaHFRQ01fRl9xc3lMLU5BIiwiZXhwIjoxODEzNzMwMzkwLCJpYXQiOjE3ODIxOTQzOTAsIm5iZiI6MTc4MjE5NDI3MCwib3JnIjoxLCJvbmx5Q2hhbm5lbHMiOlsic2xlLW1vZHVsZS1weXRob24zLTE1LXNwNy11cGRhdGVzLXg4Nl82NCJdfQ.Jh1XRfYil68n4MCrLlQA5WENqdBvmdBs_FNoBh-0Tpk HTTP/1.1" 200 43907
172.16.3.7 - - [23/Jun/2026:08:00:15 +0200] "HEAD /rhn/manager/download/sle-module-server-applications15-sp7-pool-x86_64/repodata/repomd.xml?eyJhbGciOiJIUzI1NiJ9.eyJqdGkiOiI3YWdKZlN6N0s4Q2xZcTNMSEFYbk1RIiwiZXhwIjoxODEzNzMwMzkwLCJpYXQiOjE3ODIxOTQzOTAsIm5iZiI6MTc4MjE5NDI3MCwib3JnIjoxLCJvbmx5Q2hhbm5lbHMiOlsic2xlLW1vZHVsZS1zZXJ2ZXItYXBwbGljYXRpb25zMTUtc3A3LXBvb2wteDg2XzY0Il19.w6SXZCI3v-xpb0HZs-ePopzG5AotQvyfcI4NY04yIxk HTTP/1.1" 200 -
172.16.3.5 - - [23/Jun/2026:08:00:05 +0200] "GET /rhn/websocket/notifications HTTP/1.1" 101 -
172.16.3.5 - - [23/Jun/2026:08:00:15 +0200] "GET /rhn/manager/api/systems/list/all?p=1&ps=100&s=1&sc=server_name HTTP/1.1" 200 778
172.16.3.7 - - [23/Jun/2026:08:00:16 +0200] "HEAD /rhn/manager/download/sle-module-server-applications15-sp7-pool-x86_64/media.1/media?eyJhbGciOiJIUzI1NiJ9.eyJqdGkiOiI3YWdKZlN6N0s4Q2xZcTNMSEFYbk1RIiwiZXhwIjoxODEzNzMwMzkwLCJpYXQiOjE3ODIxOTQzOTAsIm5iZiI6MTc4MjE5NDI3MCwib3JnIjoxLCJvbmx5Q2hhbm5lbHMiOlsic2xlLW1vZHVsZS1zZXJ2ZXItYXBwbGljYXRpb25zMTUtc3A3LXBvb2wteDg2XzY0Il19.w6SXZCI3v-xpb0HZs-ePopzG5AotQvyfcI4NY04yIxk HTTP/1.1" 404 -
172.16.3.5 - - [23/Jun/2026:08:00:16 +0200] "POST /rhn/manager/api/sets/system_list HTTP/1.1" 200 27
172.16.3.7 - - [23/Jun/2026:08:00:16 +0200] "HEAD /rhn/manager/download/sle-module-server-applications15-sp7-pool-x86_64/repodata/repomd.xml?eyJhbGciOiJIUzI1NiJ9.eyJqdGkiOiI3YWdKZlN6N0s4Q2xZcTNMSEFYbk1RIiwiZXhwIjoxODEzNzMwMzkwLCJpYXQiOjE3ODIxOTQzOTAsIm5iZiI6MTc4MjE5NDI3MCwib3JnIjoxLCJvbmx5Q2hhbm5lbHMiOlsic2xlLW1vZHVsZS1zZXJ2ZXItYXBwbGljYXRpb25zMTUtc3A3LXBvb2wteDg2XzY0Il19.w6SXZCI3v-xpb0HZs-ePopzG5AotQvyfcI4NY04yIxk HTTP/1.1" 200 -
172.16.3.5 - - [23/Jun/2026:08:00:15 +0200] "GET /rhn/manager/systems/list/all HTTP/1.1" 200 5365
172.16.3.5 - - [23/Jun/2026:08:00:16 +0200] "GET /img/favicon.ico?q=0.5989713259986373 HTTP/1.1" 200 1150
172.16.3.5 - - [23/Jun/2026:08:00:15 +0200] "GET /rhn/websocket/notifications HTTP/1.1" 101 -
::1 - - [23/Jun/2026:08:00:16 +0200] "OPTIONS * HTTP/1.0" 200 - "-" "Apache/2.4.66 (Linux/SUSE) OpenSSL/3.5.0 mod_wsgi/5.0.2 Python/3.13 (internal dummy connection)"
172.16.3.7 - - [23/Jun/2026:08:00:16 +0200] "GET /rhn/manager/download/sle-module-server-applications15-sp7-pool-x86_64/repodata/repomd.xml?eyJhbGciOiJIUzI1NiJ9.eyJqdGkiOiI3YWdKZlN6N0s4Q2xZcTNMSEFYbk1RIiwiZXhwIjoxODEzNzMwMzkwLCJpYXQiOjE3ODIxOTQzOTAsIm5iZiI6MTc4MjE5NDI3MCwib3JnIjoxLCJvbmx5Q2hhbm5lbHMiOlsic2xlLW1vZHVsZS1zZXJ2ZXItYXBwbGljYXRpb25zMTUtc3A3LXBvb2wteDg2XzY0Il19.w6SXZCI3v-xpb0HZs-ePopzG5AotQvyfcI4NY04yIxk HTTP/1.1" 200 1605
172.16.3.5 - - [23/Jun/2026:08:00:16 +0200] "POST /rhn/manager/frontend-log HTTP/1.1" 200 42
172.16.3.7 - - [23/Jun/2026:08:00:16 +0200] "HEAD /rhn/manager/download/sle-module-server-applications15-sp7-pool-x86_64/repodata/repomd.xml.asc?eyJhbGciOiJIUzI1NiJ9.eyJqdGkiOiI3YWdKZlN6N0s4Q2xZcTNMSEFYbk1RIiwiZXhwIjoxODEzNzMwMzkwLCJpYXQiOjE3ODIxOTQzOTAsIm5iZiI6MTc4MjE5NDI3MCwib3JnIjoxLCJvbmx5Q2hhbm5lbHMiOlsic2xlLW1vZHVsZS1zZXJ2ZXItYXBwbGljYXRpb25zMTUtc3A3LXBvb2wteDg2XzY0Il19.w6SXZCI3v-xpb0HZs-ePopzG5AotQvyfcI4NY04yIxk HTTP/1.1" 404 -
172.16.3.5 - - [23/Jun/2026:08:00:15 +0200] "GET /rhn/systems/details/Overview.do?sid=1000010004 HTTP/1.1" 200 6963
172.16.3.5 - - [23/Jun/2026:08:00:16 +0200] "GET /img/favicon.ico?q=0.3521984266283549 HTTP/1.1" 200 1150
172.16.3.5 - - [23/Jun/2026:08:00:16 +0200] "GET /rhn/manager/api/systems/list/all?p=1&ps=100&s=1&sc=server_name HTTP/1.1" 200 778
172.16.3.7 - - [23/Jun/2026:08:00:17 +0200] "HEAD /rhn/manager/download/sle-module-server-applications15-sp7-pool-x86_64/repodata/06b2a67583d4c11b0bf7c2dc7408f994016a0bf230c312648336eb99aa084c93-primary.xml.gz?eyJhbGciOiJIUzI1NiJ9.eyJqdGkiOiI3YWdKZlN6N0s4Q2xZcTNMSEFYbk1RIiwiZXhwIjoxODEzNzMwMzkwLCJpYXQiOjE3ODIxOTQzOTAsIm5iZiI6MTc4MjE5NDI3MCwib3JnIjoxLCJvbmx5Q2hhbm5lbHMiOlsic2xlLW1vZHVsZS1zZXJ2ZXItYXBwbGljYXRpb25zMTUtc3A3LXBvb2wteDg2XzY0Il19.w6SXZCI3v-xpb0HZs-ePopzG5AotQvyfcI4NY04yIxk HTTP/1.1" 200 -
172.16.3.5 - - [23/Jun/2026:08:00:16 +0200] "POST /rhn/manager/frontend-log HTTP/1.1" 200 42
172.16.3.5 - - [23/Jun/2026:08:00:17 +0200] "GET /rhn/websocket/notifications HTTP/1.1" 101 -
172.16.3.7 - - [23/Jun/2026:08:00:17 +0200] "GET /rhn/manager/download/sle-module-server-applications15-sp7-pool-x86_64/repodata/06b2a67583d4c11b0bf7c2dc7408f994016a0bf230c312648336eb99aa084c93-primary.xml.gz?eyJhbGciOiJIUzI1NiJ9.eyJqdGkiOiI3YWdKZlN6N0s4Q2xZcTNMSEFYbk1RIiwiZXhwIjoxODEzNzMwMzkwLCJpYXQiOjE3ODIxOTQzOTAsIm5iZiI6MTc4MjE5NDI3MCwib3JnIjoxLCJvbmx5Q2hhbm5lbHMiOlsic2xlLW1vZHVsZS1zZXJ2ZXItYXBwbGljYXRpb25zMTUtc3A3LXBvb2wteDg2XzY0Il19.w6SXZCI3v-xpb0HZs-ePopzG5AotQvyfcI4NY04yIxk HTTP/1.1" 200 321208
172.16.3.5 - - [23/Jun/2026:08:00:17 +0200] "POST /rhn/manager/api/sets/system_list HTTP/1.1" 200 27
172.16.3.7 - - [23/Jun/2026:08:00:17 +0200] "HEAD /rhn/manager/download/sle-module-server-applications15-sp7-pool-x86_64/repodata/0c2d7c06218830071e0619db4bc6508311bfca58608ee7c25d3ca6ffe55db72c-susedata.xml.gz?eyJhbGciOiJIUzI1NiJ9.eyJqdGkiOiI3YWdKZlN6N0s4Q2xZcTNMSEFYbk1RIiwiZXhwIjoxODEzNzMwMzkwLCJpYXQiOjE3ODIxOTQzOTAsIm5iZiI6MTc4MjE5NDI3MCwib3JnIjoxLCJvbmx5Q2hhbm5lbHMiOlsic2xlLW1vZHVsZS1zZXJ2ZXItYXBwbGljYXRpb25zMTUtc3A3LXBvb2wteDg2XzY0Il19.w6SXZCI3v-xpb0HZs-ePopzG5AotQvyfcI4NY04yIxk HTTP/1.1" 200 -
172.16.3.5 - - [23/Jun/2026:08:00:16 +0200] "GET /rhn/websocket/notifications HTTP/1.1" 101 -
::1 - - [23/Jun/2026:08:00:17 +0200] "OPTIONS * HTTP/1.0" 200 - "-" "Apache/2.4.66 (Linux/SUSE) OpenSSL/3.5.0 mod_wsgi/5.0.2 Python/3.13 (internal dummy connection)"
172.16.3.5 - - [23/Jun/2026:08:00:17 +0200] "GET /rhn/systems/details/history/Pending.do?sid=1000010004& HTTP/1.1" 200 6965
172.16.3.7 - - [23/Jun/2026:08:00:17 +0200] "GET /rhn/manager/download/sle-module-server-applications15-sp7-pool-x86_64/repodata/0c2d7c06218830071e0619db4bc6508311bfca58608ee7c25d3ca6ffe55db72c-susedata.xml.gz?eyJhbGciOiJIUzI1NiJ9.eyJqdGkiOiI3YWdKZlN6N0s4Q2xZcTNMSEFYbk1RIiwiZXhwIjoxODEzNzMwMzkwLCJpYXQiOjE3ODIxOTQzOTAsIm5iZiI6MTc4MjE5NDI3MCwib3JnIjoxLCJvbmx5Q2hhbm5lbHMiOlsic2xlLW1vZHVsZS1zZXJ2ZXItYXBwbGljYXRpb25zMTUtc3A3LXBvb2wteDg2XzY0Il19.w6SXZCI3v-xpb0HZs-ePopzG5AotQvyfcI4NY04yIxk HTTP/1.1" 200 37998
172.16.3.5 - - [23/Jun/2026:08:00:16 +0200] "GET /rhn/systems/details/Overview.do?sid=1000010002 HTTP/1.1" 200 6829
172.16.3.5 - - [23/Jun/2026:08:00:17 +0200] "GET /img/favicon.ico?q=0.2430000368779277 HTTP/1.1" 200 1150
172.16.3.5 - - [23/Jun/2026:08:00:17 +0200] "POST /rhn/manager/frontend-log HTTP/1.1" 200 42
172.16.3.5 - - [23/Jun/2026:08:00:17 +0200] "GET /img/favicon.ico?q=0.09402951829778072 HTTP/1.1" 200 1150
172.16.3.5 - - [23/Jun/2026:08:00:17 +0200] "GET /rhn/websocket/notifications HTTP/1.1" 101 -
172.16.3.7 - - [23/Jun/2026:08:00:18 +0200] "HEAD /rhn/manager/download/sle-module-server-applications15-sp7-updates-x86_64/repodata/repomd.xml?eyJhbGciOiJIUzI1NiJ9.eyJqdGkiOiJMdW51V1pGQXZ6WW12dDNrZHFzZk13IiwiZXhwIjoxODEzNzMwMzkwLCJpYXQiOjE3ODIxOTQzOTAsIm5iZiI6MTc4MjE5NDI3MCwib3JnIjoxLCJvbmx5Q2hhbm5lbHMiOlsic2xlLW1vZHVsZS1zZXJ2ZXItYXBwbGljYXRpb25zMTUtc3A3LXVwZGF0ZXMteDg2XzY0Il19.hzLn7agtp0dY5pi9QtHhztGjgiGW4HD-EexziuXuHEM HTTP/1.1" 200 -
172.16.3.5 - - [23/Jun/2026:08:00:17 +0200] "POST /rhn/manager/frontend-log HTTP/1.1" 200 42
172.16.3.5 - - [23/Jun/2026:08:00:17 +0200] "GET /rhn/websocket/notifications HTTP/1.1" 101 -
172.16.3.7 - - [23/Jun/2026:08:00:18 +0200] "HEAD /rhn/manager/download/sle-module-server-applications15-sp7-updates-x86_64/media.1/media?eyJhbGciOiJIUzI1NiJ9.eyJqdGkiOiJMdW51V1pGQXZ6WW12dDNrZHFzZk13IiwiZXhwIjoxODEzNzMwMzkwLCJpYXQiOjE3ODIxOTQzOTAsIm5iZiI6MTc4MjE5NDI3MCwib3JnIjoxLCJvbmx5Q2hhbm5lbHMiOlsic2xlLW1vZHVsZS1zZXJ2ZXItYXBwbGljYXRpb25zMTUtc3A3LXVwZGF0ZXMteDg2XzY0Il19.hzLn7agtp0dY5pi9QtHhztGjgiGW4HD-EexziuXuHEM HTTP/1.1" 404 -
172.16.3.5 - - [23/Jun/2026:08:00:17 +0200] "GET /rhn/systems/details/Overview.do?sid=1000010003 HTTP/1.1" 200 6820
172.16.3.7 - - [23/Jun/2026:08:00:18 +0200] "HEAD /rhn/manager/download/sle-module-server-applications15-sp7-updates-x86_64/repodata/repomd.xml?eyJhbGciOiJIUzI1NiJ9.eyJqdGkiOiJMdW51V1pGQXZ6WW12dDNrZHFzZk13IiwiZXhwIjoxODEzNzMwMzkwLCJpYXQiOjE3ODIxOTQzOTAsIm5iZiI6MTc4MjE5NDI3MCwib3JnIjoxLCJvbmx5Q2hhbm5lbHMiOlsic2xlLW1vZHVsZS1zZXJ2ZXItYXBwbGljYXRpb25zMTUtc3A3LXVwZGF0ZXMteDg2XzY0Il19.hzLn7agtp0dY5pi9QtHhztGjgiGW4HD-EexziuXuHEM HTTP/1.1" 200 -
172.16.3.5 - - [23/Jun/2026:08:00:18 +0200] "GET /rhn/systems/details/history/Pending.do?sid=1000010002& HTTP/1.1" 200 6908
172.16.3.5 - - [23/Jun/2026:08:00:17 +0200] "GET /rhn/systems/details/history/Pending.do?sid=1000010004& HTTP/1.1" 200 6965
::1 - - [23/Jun/2026:08:00:18 +0200] "OPTIONS * HTTP/1.0" 200 - "-" "Apache/2.4.66 (Linux/SUSE) OpenSSL/3.5.0 mod_wsgi/5.0.2 Python/3.13 (internal dummy connection)"
172.16.3.5 - - [23/Jun/2026:08:00:18 +0200] "GET /img/favicon.ico?q=0.5535793107052962 HTTP/1.1" 200 1150
172.16.3.5 - - [23/Jun/2026:08:00:18 +0200] "GET /img/favicon.ico?q=0.8170019503767508 HTTP/1.1" 200 1150
172.16.3.5 - - [23/Jun/2026:08:00:18 +0200] "GET /img/favicon.ico?q=0.23588659070568696 HTTP/1.1" 200 1150
172.16.3.7 - - [23/Jun/2026:08:00:18 +0200] "GET /rhn/manager/download/sle-module-server-applications15-sp7-updates-x86_64/repodata/repomd.xml?eyJhbGciOiJIUzI1NiJ9.eyJqdGkiOiJMdW51V1pGQXZ6WW12dDNrZHFzZk13IiwiZXhwIjoxODEzNzMwMzkwLCJpYXQiOjE3ODIxOTQzOTAsIm5iZiI6MTc4MjE5NDI3MCwib3JnIjoxLCJvbmx5Q2hhbm5lbHMiOlsic2xlLW1vZHVsZS1zZXJ2ZXItYXBwbGljYXRpb25zMTUtc3A3LXVwZGF0ZXMteDg2XzY0Il19.hzLn7agtp0dY5pi9QtHhztGjgiGW4HD-EexziuXuHEM HTTP/1.1" 200 1987
172.16.3.5 - - [23/Jun/2026:08:00:08 +0200] "GET /rhn/websocket/notifications HTTP/1.1" 101 -
172.16.3.5 - - [23/Jun/2026:08:00:18 +0200] "POST /rhn/manager/frontend-log HTTP/1.1" 200 42
172.16.3.5 - - [23/Jun/2026:08:00:18 +0200] "POST /rhn/manager/frontend-log HTTP/1.1" 200 42
172.16.3.5 - - [23/Jun/2026:08:00:18 +0200] "POST /rhn/manager/frontend-log HTTP/1.1" 200 42
172.16.3.5 - - [23/Jun/2026:08:00:18 +0200] "GET /rhn/websocket/notifications HTTP/1.1" 101 -
172.16.3.7 - - [23/Jun/2026:08:00:19 +0200] "HEAD /rhn/manager/download/sle-module-server-applications15-sp7-updates-x86_64/repodata/repomd.xml.asc?eyJhbGciOiJIUzI1NiJ9.eyJqdGkiOiJMdW51V1pGQXZ6WW12dDNrZHFzZk13IiwiZXhwIjoxODEzNzMwMzkwLCJpYXQiOjE3ODIxOTQzOTAsIm5iZiI6MTc4MjE5NDI3MCwib3JnIjoxLCJvbmx5Q2hhbm5lbHMiOlsic2xlLW1vZHVsZS1zZXJ2ZXItYXBwbGljYXRpb25zMTUtc3A3LXVwZGF0ZXMteDg2XzY0Il19.hzLn7agtp0dY5pi9QtHhztGjgiGW4HD-EexziuXuHEM HTTP/1.1" 404 -
172.16.3.5 - - [23/Jun/2026:08:00:18 +0200] "GET /rhn/websocket/notifications HTTP/1.1" 101 -
172.16.3.5 - - [23/Jun/2026:08:00:18 +0200] "GET /rhn/websocket/notifications HTTP/1.1" 101 -
172.16.3.7 - - [23/Jun/2026:08:00:19 +0200] "HEAD /rhn/manager/download/sle-module-server-applications15-sp7-updates-x86_64/repodata/b5794358a5dad53844d5590096bfffeb2703c8702ea6293b6bfc7185a7412548-primary.xml.gz?eyJhbGciOiJIUzI1NiJ9.eyJqdGkiOiJMdW51V1pGQXZ6WW12dDNrZHFzZk13IiwiZXhwIjoxODEzNzMwMzkwLCJpYXQiOjE3ODIxOTQzOTAsIm5iZiI6MTc4MjE5NDI3MCwib3JnIjoxLCJvbmx5Q2hhbm5lbHMiOlsic2xlLW1vZHVsZS1zZXJ2ZXItYXBwbGljYXRpb25zMTUtc3A3LXVwZGF0ZXMteDg2XzY0Il19.hzLn7agtp0dY5pi9QtHhztGjgiGW4HD-EexziuXuHEM HTTP/1.1" 200 -
172.16.3.5 - - [23/Jun/2026:08:00:18 +0200] "GET /rhn/manager/systems/list/all HTTP/1.1" 200 5370
172.16.3.5 - - [23/Jun/2026:08:00:19 +0200] "GET /img/favicon.ico?q=0.025942464764610262 HTTP/1.1" 200 1150
172.16.3.7 - - [23/Jun/2026:08:00:19 +0200] "GET /rhn/manager/download/sle-module-server-applications15-sp7-updates-x86_64/repodata/b5794358a5dad53844d5590096bfffeb2703c8702ea6293b6bfc7185a7412548-primary.xml.gz?eyJhbGciOiJIUzI1NiJ9.eyJqdGkiOiJMdW51V1pGQXZ6WW12dDNrZHFzZk13IiwiZXhwIjoxODEzNzMwMzkwLCJpYXQiOjE3ODIxOTQzOTAsIm5iZiI6MTc4MjE5NDI3MCwib3JnIjoxLCJvbmx5Q2hhbm5lbHMiOlsic2xlLW1vZHVsZS1zZXJ2ZXItYXBwbGljYXRpb25zMTUtc3A3LXVwZGF0ZXMteDg2XzY0Il19.hzLn7agtp0dY5pi9QtHhztGjgiGW4HD-EexziuXuHEM HTTP/1.1" 200 464226
::1 - - [23/Jun/2026:08:00:19 +0200] "OPTIONS * HTTP/1.0" 200 - "-" "Apache/2.4.66 (Linux/SUSE) OpenSSL/3.5.0 mod_wsgi/5.0.2 Python/3.13 (internal dummy connection)"
172.16.3.5 - - [23/Jun/2026:08:00:18 +0200] "GET /rhn/systems/details/history/Pending.do?sid=1000010002& HTTP/1.1" 200 6908
172.16.3.5 - - [23/Jun/2026:08:00:19 +0200] "GET /img/favicon.ico?q=0.5177907144990674 HTTP/1.1" 200 1150
172.16.3.5 - - [23/Jun/2026:08:00:19 +0200] "POST /rhn/manager/frontend-log HTTP/1.1" 200 42
172.16.3.7 - - [23/Jun/2026:08:00:19 +0200] "HEAD /rhn/manager/download/sle-module-server-applications15-sp7-updates-x86_64/repodata/7e48bded76167f42f954c01bfcd6eadbe6327654249a275e9eb6c32a68e52e7e-susedata.xml.gz?eyJhbGciOiJIUzI1NiJ9.eyJqdGkiOiJMdW51V1pGQXZ6WW12dDNrZHFzZk13IiwiZXhwIjoxODEzNzMwMzkwLCJpYXQiOjE3ODIxOTQzOTAsIm5iZiI6MTc4MjE5NDI3MCwib3JnIjoxLCJvbmx5Q2hhbm5lbHMiOlsic2xlLW1vZHVsZS1zZXJ2ZXItYXBwbGljYXRpb25zMTUtc3A3LXVwZGF0ZXMteDg2XzY0Il19.hzLn7agtp0dY5pi9QtHhztGjgiGW4HD-EexziuXuHEM HTTP/1.1" 200 -
172.16.3.5 - - [23/Jun/2026:08:00:19 +0200] "POST /rhn/manager/frontend-log HTTP/1.1" 200 42
172.16.3.5 - - [23/Jun/2026:08:00:19 +0200] "GET /rhn/systems/details/history/History.do?sid=1000010004& HTTP/1.1" 200 6814
172.16.3.5 - - [23/Jun/2026:08:00:19 +0200] "GET /img/favicon.ico?q=0.9770234804886346 HTTP/1.1" 200 1150
172.16.3.5 - - [23/Jun/2026:08:00:18 +0200] "GET /rhn/systems/details/history/Pending.do?sid=1000010003& HTTP/1.1" 200 6909
172.16.3.7 - - [23/Jun/2026:08:00:19 +0200] "GET /rhn/manager/download/sle-module-server-applications15-sp7-updates-x86_64/repodata/7e48bded76167f42f954c01bfcd6eadbe6327654249a275e9eb6c32a68e52e7e-susedata.xml.gz?eyJhbGciOiJIUzI1NiJ9.eyJqdGkiOiJMdW51V1pGQXZ6WW12dDNrZHFzZk13IiwiZXhwIjoxODEzNzMwMzkwLCJpYXQiOjE3ODIxOTQzOTAsIm5iZiI6MTc4MjE5NDI3MCwib3JnIjoxLCJvbmx5Q2hhbm5lbHMiOlsic2xlLW1vZHVsZS1zZXJ2ZXItYXBwbGljYXRpb25zMTUtc3A3LXVwZGF0ZXMteDg2XzY0Il19.hzLn7agtp0dY5pi9QtHhztGjgiGW4HD-EexziuXuHEM HTTP/1.1" 200 45024
172.16.3.5 - - [23/Jun/2026:08:00:19 +0200] "GET /img/favicon.ico?q=0.7858983625477511 HTTP/1.1" 200 1150
172.16.3.5 - - [23/Jun/2026:08:00:19 +0200] "GET /rhn/manager/api/systems/list/all?p=1&ps=100&s=1&sc=server_name HTTP/1.1" 200 778
172.16.3.5 - - [23/Jun/2026:08:00:19 +0200] "POST /rhn/manager/frontend-log HTTP/1.1" 200 42
172.16.3.7 - - [23/Jun/2026:08:00:20 +0200] "HEAD /rhn/manager/download/sle-module-server-applications15-sp7-updates-x86_64/repodata/7167e696c19c93248bff3a193b65b2b0f0c1dd4f3cb4d90eb46f0c3619a28153-updateinfo.xml.gz?eyJhbGciOiJIUzI1NiJ9.eyJqdGkiOiJMdW51V1pGQXZ6WW12dDNrZHFzZk13IiwiZXhwIjoxODEzNzMwMzkwLCJpYXQiOjE3ODIxOTQzOTAsIm5iZiI6MTc4MjE5NDI3MCwib3JnIjoxLCJvbmx5Q2hhbm5lbHMiOlsic2xlLW1vZHVsZS1zZXJ2ZXItYXBwbGljYXRpb25zMTUtc3A3LXVwZGF0ZXMteDg2XzY0Il19.hzLn7agtp0dY5pi9QtHhztGjgiGW4HD-EexziuXuHEM HTTP/1.1" 200 -
172.16.3.5 - - [23/Jun/2026:08:00:19 +0200] "POST /rhn/manager/frontend-log HTTP/1.1" 200 42
172.16.3.5 - - [23/Jun/2026:08:00:19 +0200] "GET /rhn/websocket/notifications HTTP/1.1" 101 -
172.16.3.5 - - [23/Jun/2026:08:00:20 +0200] "GET /rhn/websocket/notifications HTTP/1.1" 101 -
172.16.3.7 - - [23/Jun/2026:08:00:20 +0200] "GET /rhn/manager/download/sle-module-server-applications15-sp7-updates-x86_64/repodata/7167e696c19c93248bff3a193b65b2b0f0c1dd4f3cb4d90eb46f0c3619a28153-updateinfo.xml.gz?eyJhbGciOiJIUzI1NiJ9.eyJqdGkiOiJMdW51V1pGQXZ6WW12dDNrZHFzZk13IiwiZXhwIjoxODEzNzMwMzkwLCJpYXQiOjE3ODIxOTQzOTAsIm5iZiI6MTc4MjE5NDI3MCwib3JnIjoxLCJvbmx5Q2hhbm5lbHMiOlsic2xlLW1vZHVsZS1zZXJ2ZXItYXBwbGljYXRpb25zMTUtc3A3LXVwZGF0ZXMteDg2XzY0Il19.hzLn7agtp0dY5pi9QtHhztGjgiGW4HD-EexziuXuHEM HTTP/1.1" 200 106786
172.16.3.5 - - [23/Jun/2026:08:00:20 +0200] "POST /rhn/manager/api/sets/system_list HTTP/1.1" 200 27
172.16.3.5 - - [23/Jun/2026:08:00:19 +0200] "GET /rhn/websocket/notifications HTTP/1.1" 101 -
::1 - - [23/Jun/2026:08:00:20 +0200] "OPTIONS * HTTP/1.0" 200 - "-" "Apache/2.4.66 (Linux/SUSE) OpenSSL/3.5.0 mod_wsgi/5.0.2 Python/3.13 (internal dummy connection)"
172.16.3.5 - - [23/Jun/2026:08:00:20 +0200] "GET /rhn/systems/details/history/Pending.do?sid=1000010003& HTTP/1.1" 200 6909
172.16.3.5 - - [23/Jun/2026:08:00:20 +0200] "GET /rhn/systems/details/history/History.do?sid=1000010002& HTTP/1.1" 200 6816
172.16.3.5 - - [23/Jun/2026:08:00:20 +0200] "GET /img/favicon.ico?q=0.7702501944005673 HTTP/1.1" 200 1150
172.16.3.7 - - [23/Jun/2026:08:00:20 +0200] "HEAD /rhn/manager/download/sle-module-systems-management-15-sp7-pool-x86_64/repodata/repomd.xml?eyJhbGciOiJIUzI1NiJ9.eyJqdGkiOiJ5SmduRnpwYUpOck5FdnlXZm1pcllRIiwiZXhwIjoxODEzNzMwMzkwLCJpYXQiOjE3ODIxOTQzOTAsIm5iZiI6MTc4MjE5NDI3MCwib3JnIjoxLCJvbmx5Q2hhbm5lbHMiOlsic2xlLW1vZHVsZS1zeXN0ZW1zLW1hbmFnZW1lbnQtMTUtc3A3LXBvb2wteDg2XzY0Il19.HlEFNWTJUyAUNkFg-9SpkdhtuW4ztX6WkENXOEtFucE HTTP/1.1" 200 -
172.16.3.5 - - [23/Jun/2026:08:00:19 +0200] "GET /rhn/websocket/notifications HTTP/1.1" 101 -
172.16.3.5 - - [23/Jun/2026:08:00:20 +0200] "GET /img/favicon.ico?q=0.9995587803821725 HTTP/1.1" 200 1150
172.16.3.5 - - [23/Jun/2026:08:00:20 +0200] "POST /rhn/manager/frontend-log HTTP/1.1" 200 42
172.16.3.5 - - [23/Jun/2026:08:00:20 +0200] "GET /rhn/systems/details/history/Event.do?sid=1000010004&aid=21 HTTP/1.1" 200 6225
172.16.3.5 - - [23/Jun/2026:08:00:20 +0200] "POST /rhn/manager/frontend-log HTTP/1.1" 200 42
172.16.3.7 - - [23/Jun/2026:08:00:21 +0200] "HEAD /rhn/manager/download/sle-module-systems-management-15-sp7-pool-x86_64/media.1/media?eyJhbGciOiJIUzI1NiJ9.eyJqdGkiOiJ5SmduRnpwYUpOck5FdnlXZm1pcllRIiwiZXhwIjoxODEzNzMwMzkwLCJpYXQiOjE3ODIxOTQzOTAsIm5iZiI6MTc4MjE5NDI3MCwib3JnIjoxLCJvbmx5Q2hhbm5lbHMiOlsic2xlLW1vZHVsZS1zeXN0ZW1zLW1hbmFnZW1lbnQtMTUtc3A3LXBvb2wteDg2XzY0Il19.HlEFNWTJUyAUNkFg-9SpkdhtuW4ztX6WkENXOEtFucE HTTP/1.1" 404 -
172.16.3.5 - - [23/Jun/2026:08:00:21 +0200] "GET /img/favicon.ico?q=0.6293117836413477 HTTP/1.1" 200 1150
172.16.3.5 - - [23/Jun/2026:08:00:20 +0200] "GET /rhn/websocket/notifications HTTP/1.1" 101 -
172.16.3.5 - - [23/Jun/2026:08:00:21 +0200] "POST /rhn/manager/frontend-log HTTP/1.1" 200 42
172.16.3.7 - - [23/Jun/2026:08:00:21 +0200] "HEAD /rhn/manager/download/sle-module-systems-management-15-sp7-pool-x86_64/repodata/repomd.xml?eyJhbGciOiJIUzI1NiJ9.eyJqdGkiOiJ5SmduRnpwYUpOck5FdnlXZm1pcllRIiwiZXhwIjoxODEzNzMwMzkwLCJpYXQiOjE3ODIxOTQzOTAsIm5iZiI6MTc4MjE5NDI3MCwib3JnIjoxLCJvbmx5Q2hhbm5lbHMiOlsic2xlLW1vZHVsZS1zeXN0ZW1zLW1hbmFnZW1lbnQtMTUtc3A3LXBvb2wteDg2XzY0Il19.HlEFNWTJUyAUNkFg-9SpkdhtuW4ztX6WkENXOEtFucE HTTP/1.1" 200 -
172.16.3.5 - - [23/Jun/2026:08:00:20 +0200] "GET /rhn/systems/details/Overview.do?sid=1000010001 HTTP/1.1" 200 6887
172.16.3.5 - - [23/Jun/2026:08:00:20 +0200] "GET /rhn/websocket/notifications HTTP/1.1" 101 -
172.16.3.7 - - [23/Jun/2026:08:00:21 +0200] "GET /rhn/manager/download/sle-module-systems-management-15-sp7-pool-x86_64/repodata/repomd.xml?eyJhbGciOiJIUzI1NiJ9.eyJqdGkiOiJ5SmduRnpwYUpOck5FdnlXZm1pcllRIiwiZXhwIjoxODEzNzMwMzkwLCJpYXQiOjE3ODIxOTQzOTAsIm5iZiI6MTc4MjE5NDI3MCwib3JnIjoxLCJvbmx5Q2hhbm5lbHMiOlsic2xlLW1vZHVsZS1zeXN0ZW1zLW1hbmFnZW1lbnQtMTUtc3A3LXBvb2wteDg2XzY0Il19.HlEFNWTJUyAUNkFg-9SpkdhtuW4ztX6WkENXOEtFucE HTTP/1.1" 200 1605
172.16.3.5 - - [23/Jun/2026:08:00:21 +0200] "GET /img/favicon.ico?q=0.7338184094790196 HTTP/1.1" 200 1150
172.16.3.5 - - [23/Jun/2026:08:00:21 +0200] "POST /rhn/manager/frontend-log HTTP/1.1" 200 42
172.16.3.5 - - [23/Jun/2026:08:00:21 +0200] "GET /rhn/systems/details/history/Event.do?sid=1000010002&aid=12 HTTP/1.1" 200 7762
172.16.3.5 - - [23/Jun/2026:08:00:22 +0200] "GET /img/favicon.ico?q=0.3351355142397172 HTTP/1.1" 200 1150
172.16.3.5 - - [23/Jun/2026:08:00:22 +0200] "POST /rhn/manager/frontend-log HTTP/1.1" 200 42
172.16.3.5 - - [23/Jun/2026:08:00:21 +0200] "GET /rhn/systems/details/history/History.do?sid=1000010003& HTTP/1.1" 200 6830
172.16.3.5 - - [23/Jun/2026:08:00:22 +0200] "GET /img/favicon.ico?q=0.5665857370081783 HTTP/1.1" 200 1150
172.16.3.5 - - [23/Jun/2026:08:00:22 +0200] "GET /rhn/systems/details/history/Pending.do?sid=1000010001& HTTP/1.1" 200 6916
172.16.3.5 - - [23/Jun/2026:08:00:22 +0200] "POST /rhn/manager/frontend-log HTTP/1.1" 200 42
172.16.3.5 - - [23/Jun/2026:08:00:22 +0200] "GET /img/favicon.ico?q=0.8568458452843193 HTTP/1.1" 200 1150
172.16.3.7 - - [23/Jun/2026:08:00:22 +0200] "HEAD /rhn/manager/download/sle-module-systems-management-15-sp7-pool-x86_64/repodata/repomd.xml.asc?eyJhbGciOiJIUzI1NiJ9.eyJqdGkiOiJ5SmduRnpwYUpOck5FdnlXZm1pcllRIiwiZXhwIjoxODEzNzMwMzkwLCJpYXQiOjE3ODIxOTQzOTAsIm5iZiI6MTc4MjE5NDI3MCwib3JnIjoxLCJvbmx5Q2hhbm5lbHMiOlsic2xlLW1vZHVsZS1zeXN0ZW1zLW1hbmFnZW1lbnQtMTUtc3A3LXBvb2wteDg2XzY0Il19.HlEFNWTJUyAUNkFg-9SpkdhtuW4ztX6WkENXOEtFucE HTTP/1.1" 404 -
172.16.3.5 - - [23/Jun/2026:08:00:22 +0200] "GET /rhn/websocket/notifications HTTP/1.1" 101 -
172.16.3.7 - - [23/Jun/2026:08:00:23 +0200] "HEAD /rhn/manager/download/sle-module-systems-management-15-sp7-pool-x86_64/repodata/46679ce7ec0383ccbfdfdc0e717e3f03e8d5e0e60f8d2482581988a0efe12c42-primary.xml.gz?eyJhbGciOiJIUzI1NiJ9.eyJqdGkiOiJ5SmduRnpwYUpOck5FdnlXZm1pcllRIiwiZXhwIjoxODEzNzMwMzkwLCJpYXQiOjE3ODIxOTQzOTAsIm5iZiI6MTc4MjE5NDI3MCwib3JnIjoxLCJvbmx5Q2hhbm5lbHMiOlsic2xlLW1vZHVsZS1zeXN0ZW1zLW1hbmFnZW1lbnQtMTUtc3A3LXBvb2wteDg2XzY0Il19.HlEFNWTJUyAUNkFg-9SpkdhtuW4ztX6WkENXOEtFucE HTTP/1.1" 200 -
172.16.3.5 - - [23/Jun/2026:08:00:10 +0200] "GET /rhn/websocket/notifications HTTP/1.1" 101 -
172.16.3.5 - - [23/Jun/2026:08:00:23 +0200] "GET /rhn/systems/details/history/Pending.do?sid=1000010002& HTTP/1.1" 200 6908
172.16.3.5 - - [23/Jun/2026:08:00:23 +0200] "GET /img/favicon.ico?q=0.11025531374200015 HTTP/1.1" 200 1150
172.16.3.7 - - [23/Jun/2026:08:00:23 +0200] "GET /rhn/manager/download/sle-module-systems-management-15-sp7-pool-x86_64/repodata/46679ce7ec0383ccbfdfdc0e717e3f03e8d5e0e60f8d2482581988a0efe12c42-primary.xml.gz?eyJhbGciOiJIUzI1NiJ9.eyJqdGkiOiJ5SmduRnpwYUpOck5FdnlXZm1pcllRIiwiZXhwIjoxODEzNzMwMzkwLCJpYXQiOjE3ODIxOTQzOTAsIm5iZiI6MTc4MjE5NDI3MCwib3JnIjoxLCJvbmx5Q2hhbm5lbHMiOlsic2xlLW1vZHVsZS1zeXN0ZW1zLW1hbmFnZW1lbnQtMTUtc3A3LXBvb2wteDg2XzY0Il19.HlEFNWTJUyAUNkFg-9SpkdhtuW4ztX6WkENXOEtFucE HTTP/1.1" 200 6168
172.16.3.5 - - [23/Jun/2026:08:00:23 +0200] "POST /rhn/manager/frontend-log HTTP/1.1" 200 42
172.16.3.5 - - [23/Jun/2026:08:00:23 +0200] "GET /rhn/websocket/notifications HTTP/1.1" 101 -
172.16.3.7 - - [23/Jun/2026:08:00:23 +0200] "HEAD /rhn/manager/download/sle-module-systems-management-15-sp7-pool-x86_64/repodata/bb7f49dd25548c564ab33e1defb1e5668f63a9b063798989e364da0386f6a8d2-susedata.xml.gz?eyJhbGciOiJIUzI1NiJ9.eyJqdGkiOiJ5SmduRnpwYUpOck5FdnlXZm1pcllRIiwiZXhwIjoxODEzNzMwMzkwLCJpYXQiOjE3ODIxOTQzOTAsIm5iZiI6MTc4MjE5NDI3MCwib3JnIjoxLCJvbmx5Q2hhbm5lbHMiOlsic2xlLW1vZHVsZS1zeXN0ZW1zLW1hbmFnZW1lbnQtMTUtc3A3LXBvb2wteDg2XzY0Il19.HlEFNWTJUyAUNkFg-9SpkdhtuW4ztX6WkENXOEtFucE HTTP/1.1" 200 -
172.16.3.5 - - [23/Jun/2026:08:00:23 +0200] "POST /rhn/manager/frontend-log HTTP/1.1" 200 42
172.16.3.5 - - [23/Jun/2026:08:00:23 +0200] "GET /rhn/websocket/notifications HTTP/1.1" 101 -
172.16.3.7 - - [23/Jun/2026:08:00:24 +0200] "GET /rhn/manager/download/sle-module-systems-management-15-sp7-pool-x86_64/repodata/bb7f49dd25548c564ab33e1defb1e5668f63a9b063798989e364da0386f6a8d2-susedata.xml.gz?eyJhbGciOiJIUzI1NiJ9.eyJqdGkiOiJ5SmduRnpwYUpOck5FdnlXZm1pcllRIiwiZXhwIjoxODEzNzMwMzkwLCJpYXQiOjE3ODIxOTQzOTAsIm5iZiI6MTc4MjE5NDI3MCwib3JnIjoxLCJvbmx5Q2hhbm5lbHMiOlsic2xlLW1vZHVsZS1zeXN0ZW1zLW1hbmFnZW1lbnQtMTUtc3A3LXBvb2wteDg2XzY0Il19.HlEFNWTJUyAUNkFg-9SpkdhtuW4ztX6WkENXOEtFucE HTTP/1.1" 200 1137
172.16.3.5 - - [23/Jun/2026:08:00:23 +0200] "GET /rhn/manager/systems/list/all HTTP/1.1" 200 5370
172.16.3.5 - - [23/Jun/2026:08:00:10 +0200] "GET /rhn/websocket/notifications HTTP/1.1" 101 -
172.16.3.5 - - [23/Jun/2026:08:00:23 +0200] "GET /rhn/systems/details/history/Event.do?sid=1000010003&aid=16 HTTP/1.1" 200 7964
172.16.3.5 - - [23/Jun/2026:08:00:24 +0200] "POST /rhn/manager/frontend-log HTTP/1.1" 200 42
172.16.3.5 - - [23/Jun/2026:08:00:23 +0200] "GET /rhn/systems/details/history/Pending.do?sid=1000010002& HTTP/1.1" 200 6908
172.16.3.5 - - [23/Jun/2026:08:00:23 +0200] "GET /rhn/systems/details/history/Pending.do?sid=1000010001& HTTP/1.1" 200 6223
172.16.3.7 - - [23/Jun/2026:08:00:24 +0200] "HEAD /rhn/manager/download/sle-module-systems-management-15-sp7-updates-x86_64/repodata/repomd.xml?eyJhbGciOiJIUzI1NiJ9.eyJqdGkiOiJhY2RMM2FIX3U0WWlVNERxbFBQTWpBIiwiZXhwIjoxODEzNzMwMzkwLCJpYXQiOjE3ODIxOTQzOTAsIm5iZiI6MTc4MjE5NDI3MCwib3JnIjoxLCJvbmx5Q2hhbm5lbHMiOlsic2xlLW1vZHVsZS1zeXN0ZW1zLW1hbmFnZW1lbnQtMTUtc3A3LXVwZGF0ZXMteDg2XzY0Il19.eA-xvmb5TzbDSmlrKh1-m0XArHmuGH5lK1NAY7ODPZc HTTP/1.1" 200 -
172.16.3.5 - - [23/Jun/2026:08:00:24 +0200] "GET /img/favicon.ico?q=0.9367663111927657 HTTP/1.1" 200 1150
172.16.3.5 - - [23/Jun/2026:08:00:24 +0200] "GET /img/favicon.ico?q=0.7344110740737804 HTTP/1.1" 200 1150
172.16.3.7 - - [23/Jun/2026:08:00:24 +0200] "HEAD /rhn/manager/download/sle-module-systems-management-15-sp7-updates-x86_64/media.1/media?eyJhbGciOiJIUzI1NiJ9.eyJqdGkiOiJhY2RMM2FIX3U0WWlVNERxbFBQTWpBIiwiZXhwIjoxODEzNzMwMzkwLCJpYXQiOjE3ODIxOTQzOTAsIm5iZiI6MTc4MjE5NDI3MCwib3JnIjoxLCJvbmx5Q2hhbm5lbHMiOlsic2xlLW1vZHVsZS1zeXN0ZW1zLW1hbmFnZW1lbnQtMTUtc3A3LXVwZGF0ZXMteDg2XzY0Il19.eA-xvmb5TzbDSmlrKh1-m0XArHmuGH5lK1NAY7ODPZc HTTP/1.1" 404 -
172.16.3.5 - - [23/Jun/2026:08:00:24 +0200] "GET /img/favicon.ico?q=0.4825694350739742 HTTP/1.1" 200 1150
172.16.3.5 - - [23/Jun/2026:08:00:24 +0200] "POST /rhn/manager/frontend-log HTTP/1.1" 200 42
172.16.3.5 - - [23/Jun/2026:08:00:24 +0200] "POST /rhn/manager/frontend-log HTTP/1.1" 200 42
172.16.3.7 - - [23/Jun/2026:08:00:24 +0200] "HEAD /rhn/manager/download/sle-module-systems-management-15-sp7-updates-x86_64/repodata/repomd.xml?eyJhbGciOiJIUzI1NiJ9.eyJqdGkiOiJhY2RMM2FIX3U0WWlVNERxbFBQTWpBIiwiZXhwIjoxODEzNzMwMzkwLCJpYXQiOjE3ODIxOTQzOTAsIm5iZiI6MTc4MjE5NDI3MCwib3JnIjoxLCJvbmx5Q2hhbm5lbHMiOlsic2xlLW1vZHVsZS1zeXN0ZW1zLW1hbmFnZW1lbnQtMTUtc3A3LXVwZGF0ZXMteDg2XzY0Il19.eA-xvmb5TzbDSmlrKh1-m0XArHmuGH5lK1NAY7ODPZc HTTP/1.1" 200 -
172.16.3.5 - - [23/Jun/2026:08:00:24 +0200] "POST /rhn/manager/frontend-log HTTP/1.1" 200 42
172.16.3.5 - - [23/Jun/2026:08:00:24 +0200] "POST /rhn/manager/frontend-log HTTP/1.1" 200 42
172.16.3.7 - - [23/Jun/2026:08:00:25 +0200] "GET /rhn/manager/download/sle-module-systems-management-15-sp7-updates-x86_64/repodata/repomd.xml?eyJhbGciOiJIUzI1NiJ9.eyJqdGkiOiJhY2RMM2FIX3U0WWlVNERxbFBQTWpBIiwiZXhwIjoxODEzNzMwMzkwLCJpYXQiOjE3ODIxOTQzOTAsIm5iZiI6MTc4MjE5NDI3MCwib3JnIjoxLCJvbmx5Q2hhbm5lbHMiOlsic2xlLW1vZHVsZS1zeXN0ZW1zLW1hbmFnZW1lbnQtMTUtc3A3LXVwZGF0ZXMteDg2XzY0Il19.eA-xvmb5TzbDSmlrKh1-m0XArHmuGH5lK1NAY7ODPZc HTTP/1.1" 200 1987
172.16.3.5 - - [23/Jun/2026:08:00:24 +0200] "GET /rhn/websocket/notifications HTTP/1.1" 101 -
172.16.3.7 - - [23/Jun/2026:08:00:25 +0200] "HEAD /rhn/manager/download/sle-module-systems-management-15-sp7-updates-x86_64/repodata/repomd.xml.asc?eyJhbGciOiJIUzI1NiJ9.eyJqdGkiOiJhY2RMM2FIX3U0WWlVNERxbFBQTWpBIiwiZXhwIjoxODEzNzMwMzkwLCJpYXQiOjE3ODIxOTQzOTAsIm5iZiI6MTc4MjE5NDI3MCwib3JnIjoxLCJvbmx5Q2hhbm5lbHMiOlsic2xlLW1vZHVsZS1zeXN0ZW1zLW1hbmFnZW1lbnQtMTUtc3A3LXVwZGF0ZXMteDg2XzY0Il19.eA-xvmb5TzbDSmlrKh1-m0XArHmuGH5lK1NAY7ODPZc HTTP/1.1" 404 -
172.16.3.5 - - [23/Jun/2026:08:00:25 +0200] "GET /rhn/manager/api/systems/list/all?p=1&ps=100&s=1&sc=server_name HTTP/1.1" 200 778
172.16.3.5 - - [23/Jun/2026:08:00:24 +0200] "GET /rhn/websocket/notifications HTTP/1.1" 101 -
172.16.3.7 - - [23/Jun/2026:08:00:25 +0200] "HEAD /rhn/manager/download/sle-module-systems-management-15-sp7-updates-x86_64/repodata/bfc4e0f2d8d31a0fb6bfcefe962c7887a516a28e4c86312873af792102032f7b-primary.xml.gz?eyJhbGciOiJIUzI1NiJ9.eyJqdGkiOiJhY2RMM2FIX3U0WWlVNERxbFBQTWpBIiwiZXhwIjoxODEzNzMwMzkwLCJpYXQiOjE3ODIxOTQzOTAsIm5iZiI6MTc4MjE5NDI3MCwib3JnIjoxLCJvbmx5Q2hhbm5lbHMiOlsic2xlLW1vZHVsZS1zeXN0ZW1zLW1hbmFnZW1lbnQtMTUtc3A3LXVwZGF0ZXMteDg2XzY0Il19.eA-xvmb5TzbDSmlrKh1-m0XArHmuGH5lK1NAY7ODPZc HTTP/1.1" 200 -
172.16.3.5 - - [23/Jun/2026:08:00:25 +0200] "POST /rhn/manager/api/sets/system_list HTTP/1.1" 200 27
172.16.3.5 - - [23/Jun/2026:08:00:24 +0200] "GET /rhn/systems/details/history/History.do?sid=1000010001& HTTP/1.1" 200 6889
