::1 - - [22/Jun/2026:04:06:23 +0200] "OPTIONS * HTTP/1.0" 200 - "-" "Apache/2.4.66 (Linux/SUSE) OpenSSL/3.5.0 mod_wsgi/5.0.2 Python/3.13 (internal dummy connection)"
172.16.3.5 - - [22/Jun/2026:04:06:23 +0200] "POST /rhn/manager/frontend-log HTTP/1.1" 200 42
172.16.3.7 - - [22/Jun/2026:04:06:23 +0200] "HEAD /rhn/manager/download/sle-module-desktop-applications15-sp7-updates-x86_64/repodata/repomd.xml?eyJhbGciOiJIUzI1NiJ9.eyJqdGkiOiJQQzE3enpZRkZGUGZ1ZlhpTXRPUHF3IiwiZXhwIjoxODEzNjI5OTY2LCJpYXQiOjE3ODIwOTM5NjYsIm5iZiI6MTc4MjA5Mzg0Niwib3JnIjoxLCJvbmx5Q2hhbm5lbHMiOlsic2xlLW1vZHVsZS1kZXNrdG9wLWFwcGxpY2F0aW9uczE1LXNwNy11cGRhdGVzLXg4Nl82NCJdfQ.SF8oEfVJ8Bt2dFYgHqRKnF-2iQIrzstX4Fqb9Tb81mU HTTP/1.1" 200 -
172.16.3.5 - - [22/Jun/2026:04:06:23 +0200] "GET /rhn/websocket/notifications HTTP/1.1" 101 -
172.16.3.7 - - [22/Jun/2026:04:06:23 +0200] "HEAD /rhn/manager/download/sle-module-desktop-applications15-sp7-updates-x86_64/media.1/media?eyJhbGciOiJIUzI1NiJ9.eyJqdGkiOiJQQzE3enpZRkZGUGZ1ZlhpTXRPUHF3IiwiZXhwIjoxODEzNjI5OTY2LCJpYXQiOjE3ODIwOTM5NjYsIm5iZiI6MTc4MjA5Mzg0Niwib3JnIjoxLCJvbmx5Q2hhbm5lbHMiOlsic2xlLW1vZHVsZS1kZXNrdG9wLWFwcGxpY2F0aW9uczE1LXNwNy11cGRhdGVzLXg4Nl82NCJdfQ.SF8oEfVJ8Bt2dFYgHqRKnF-2iQIrzstX4Fqb9Tb81mU HTTP/1.1" 404 -
172.16.3.7 - - [22/Jun/2026:04:06:23 +0200] "HEAD /rhn/manager/download/sle-module-desktop-applications15-sp7-updates-x86_64/repodata/repomd.xml?eyJhbGciOiJIUzI1NiJ9.eyJqdGkiOiJQQzE3enpZRkZGUGZ1ZlhpTXRPUHF3IiwiZXhwIjoxODEzNjI5OTY2LCJpYXQiOjE3ODIwOTM5NjYsIm5iZiI6MTc4MjA5Mzg0Niwib3JnIjoxLCJvbmx5Q2hhbm5lbHMiOlsic2xlLW1vZHVsZS1kZXNrdG9wLWFwcGxpY2F0aW9uczE1LXNwNy11cGRhdGVzLXg4Nl82NCJdfQ.SF8oEfVJ8Bt2dFYgHqRKnF-2iQIrzstX4Fqb9Tb81mU HTTP/1.1" 200 -
172.16.3.5 - - [22/Jun/2026:04:06:23 +0200] "GET /rhn/systems/details/history/Pending.do?sid=1000010002& HTTP/1.1" 200 6904
172.16.3.5 - - [22/Jun/2026:04:06:23 +0200] "GET /rhn/systems/details/Overview.do?sid=1000010001 HTTP/1.1" 200 6888
172.16.3.7 - - [22/Jun/2026:04:06:23 +0200] "GET /rhn/manager/download/sle-module-desktop-applications15-sp7-updates-x86_64/repodata/repomd.xml?eyJhbGciOiJIUzI1NiJ9.eyJqdGkiOiJQQzE3enpZRkZGUGZ1ZlhpTXRPUHF3IiwiZXhwIjoxODEzNjI5OTY2LCJpYXQiOjE3ODIwOTM5NjYsIm5iZiI6MTc4MjA5Mzg0Niwib3JnIjoxLCJvbmx5Q2hhbm5lbHMiOlsic2xlLW1vZHVsZS1kZXNrdG9wLWFwcGxpY2F0aW9uczE1LXNwNy11cGRhdGVzLXg4Nl82NCJdfQ.SF8oEfVJ8Bt2dFYgHqRKnF-2iQIrzstX4Fqb9Tb81mU HTTP/1.1" 200 1987
172.16.3.5 - - [22/Jun/2026:04:06:23 +0200] "GET /img/favicon.ico?q=0.7187831369096356 HTTP/1.1" 200 1150
172.16.3.5 - - [22/Jun/2026:04:06:23 +0200] "GET /img/favicon.ico?q=0.373909000954451 HTTP/1.1" 200 1150
172.16.3.5 - - [22/Jun/2026:04:06:23 +0200] "POST /rhn/manager/frontend-log HTTP/1.1" 200 42
172.16.3.7 - - [22/Jun/2026:04:06:24 +0200] "HEAD /rhn/manager/download/sle-module-desktop-applications15-sp7-updates-x86_64/repodata/repomd.xml.asc?eyJhbGciOiJIUzI1NiJ9.eyJqdGkiOiJQQzE3enpZRkZGUGZ1ZlhpTXRPUHF3IiwiZXhwIjoxODEzNjI5OTY2LCJpYXQiOjE3ODIwOTM5NjYsIm5iZiI6MTc4MjA5Mzg0Niwib3JnIjoxLCJvbmx5Q2hhbm5lbHMiOlsic2xlLW1vZHVsZS1kZXNrdG9wLWFwcGxpY2F0aW9uczE1LXNwNy11cGRhdGVzLXg4Nl82NCJdfQ.SF8oEfVJ8Bt2dFYgHqRKnF-2iQIrzstX4Fqb9Tb81mU HTTP/1.1" 404 -
172.16.3.5 - - [22/Jun/2026:04:06:24 +0200] "POST /rhn/manager/frontend-log HTTP/1.1" 200 42
172.16.3.5 - - [22/Jun/2026:04:06:24 +0200] "GET /rhn/websocket/notifications HTTP/1.1" 101 -
172.16.3.5 - - [22/Jun/2026:04:06:24 +0200] "GET /rhn/websocket/notifications HTTP/1.1" 101 -
::1 - - [22/Jun/2026:04:06:24 +0200] "OPTIONS * HTTP/1.0" 200 - "-" "Apache/2.4.66 (Linux/SUSE) OpenSSL/3.5.0 mod_wsgi/5.0.2 Python/3.13 (internal dummy connection)"
172.16.3.7 - - [22/Jun/2026:04:06:24 +0200] "HEAD /rhn/manager/download/sle-module-desktop-applications15-sp7-updates-x86_64/repodata/6e0697a7b300c4de7784bd4b8e7b531ebcdfd15ad74839d3b8ea89021c3dbd7f-primary.xml.gz?eyJhbGciOiJIUzI1NiJ9.eyJqdGkiOiJQQzE3enpZRkZGUGZ1ZlhpTXRPUHF3IiwiZXhwIjoxODEzNjI5OTY2LCJpYXQiOjE3ODIwOTM5NjYsIm5iZiI6MTc4MjA5Mzg0Niwib3JnIjoxLCJvbmx5Q2hhbm5lbHMiOlsic2xlLW1vZHVsZS1kZXNrdG9wLWFwcGxpY2F0aW9uczE1LXNwNy11cGRhdGVzLXg4Nl82NCJdfQ.SF8oEfVJ8Bt2dFYgHqRKnF-2iQIrzstX4Fqb9Tb81mU HTTP/1.1" 200 -
172.16.3.7 - - [22/Jun/2026:04:06:24 +0200] "GET /rhn/manager/download/sle-module-desktop-applications15-sp7-updates-x86_64/repodata/6e0697a7b300c4de7784bd4b8e7b531ebcdfd15ad74839d3b8ea89021c3dbd7f-primary.xml.gz?eyJhbGciOiJIUzI1NiJ9.eyJqdGkiOiJQQzE3enpZRkZGUGZ1ZlhpTXRPUHF3IiwiZXhwIjoxODEzNjI5OTY2LCJpYXQiOjE3ODIwOTM5NjYsIm5iZiI6MTc4MjA5Mzg0Niwib3JnIjoxLCJvbmx5Q2hhbm5lbHMiOlsic2xlLW1vZHVsZS1kZXNrdG9wLWFwcGxpY2F0aW9uczE1LXNwNy11cGRhdGVzLXg4Nl82NCJdfQ.SF8oEfVJ8Bt2dFYgHqRKnF-2iQIrzstX4Fqb9Tb81mU HTTP/1.1" 200 219686
172.16.3.5 - - [22/Jun/2026:04:06:24 +0200] "GET /rhn/systems/details/history/Pending.do?sid=1000010001& HTTP/1.1" 200 6915
172.16.3.5 - - [22/Jun/2026:04:06:24 +0200] "GET /rhn/systems/details/history/History.do?sid=1000010002& HTTP/1.1" 200 6819
172.16.3.7 - - [22/Jun/2026:04:06:24 +0200] "HEAD /rhn/manager/download/sle-module-desktop-applications15-sp7-updates-x86_64/repodata/f0a2eff170aea48cdacca177207302f8bcbcf6927fd066431752209a55793737-susedata.xml.gz?eyJhbGciOiJIUzI1NiJ9.eyJqdGkiOiJQQzE3enpZRkZGUGZ1ZlhpTXRPUHF3IiwiZXhwIjoxODEzNjI5OTY2LCJpYXQiOjE3ODIwOTM5NjYsIm5iZiI6MTc4MjA5Mzg0Niwib3JnIjoxLCJvbmx5Q2hhbm5lbHMiOlsic2xlLW1vZHVsZS1kZXNrdG9wLWFwcGxpY2F0aW9uczE1LXNwNy11cGRhdGVzLXg4Nl82NCJdfQ.SF8oEfVJ8Bt2dFYgHqRKnF-2iQIrzstX4Fqb9Tb81mU HTTP/1.1" 200 -
172.16.3.5 - - [22/Jun/2026:04:06:24 +0200] "GET /img/favicon.ico?q=0.6545715286765142 HTTP/1.1" 200 1150
172.16.3.5 - - [22/Jun/2026:04:06:24 +0200] "GET /img/favicon.ico?q=0.3782271042064179 HTTP/1.1" 200 1150
172.16.3.7 - - [22/Jun/2026:04:06:24 +0200] "GET /rhn/manager/download/sle-module-desktop-applications15-sp7-updates-x86_64/repodata/f0a2eff170aea48cdacca177207302f8bcbcf6927fd066431752209a55793737-susedata.xml.gz?eyJhbGciOiJIUzI1NiJ9.eyJqdGkiOiJQQzE3enpZRkZGUGZ1ZlhpTXRPUHF3IiwiZXhwIjoxODEzNjI5OTY2LCJpYXQiOjE3ODIwOTM5NjYsIm5iZiI6MTc4MjA5Mzg0Niwib3JnIjoxLCJvbmx5Q2hhbm5lbHMiOlsic2xlLW1vZHVsZS1kZXNrdG9wLWFwcGxpY2F0aW9uczE1LXNwNy11cGRhdGVzLXg4Nl82NCJdfQ.SF8oEfVJ8Bt2dFYgHqRKnF-2iQIrzstX4Fqb9Tb81mU HTTP/1.1" 200 24715
172.16.3.5 - - [22/Jun/2026:04:06:24 +0200] "POST /rhn/manager/frontend-log HTTP/1.1" 200 42
172.16.3.7 - - [22/Jun/2026:04:06:24 +0200] "HEAD /rhn/manager/download/sle-module-desktop-applications15-sp7-updates-x86_64/repodata/b68d664fdd6a7e887d11b1f5abc65a74d1186fd3fda43c831c35a6a4a9da82ed-updateinfo.xml.gz?eyJhbGciOiJIUzI1NiJ9.eyJqdGkiOiJQQzE3enpZRkZGUGZ1ZlhpTXRPUHF3IiwiZXhwIjoxODEzNjI5OTY2LCJpYXQiOjE3ODIwOTM5NjYsIm5iZiI6MTc4MjA5Mzg0Niwib3JnIjoxLCJvbmx5Q2hhbm5lbHMiOlsic2xlLW1vZHVsZS1kZXNrdG9wLWFwcGxpY2F0aW9uczE1LXNwNy11cGRhdGVzLXg4Nl82NCJdfQ.SF8oEfVJ8Bt2dFYgHqRKnF-2iQIrzstX4Fqb9Tb81mU HTTP/1.1" 200 -
172.16.3.5 - - [22/Jun/2026:04:06:24 +0200] "POST /rhn/manager/frontend-log HTTP/1.1" 200 42
172.16.3.5 - - [22/Jun/2026:04:06:24 +0200] "GET /rhn/websocket/notifications HTTP/1.1" 101 -
172.16.3.7 - - [22/Jun/2026:04:06:25 +0200] "GET /rhn/manager/download/sle-module-desktop-applications15-sp7-updates-x86_64/repodata/b68d664fdd6a7e887d11b1f5abc65a74d1186fd3fda43c831c35a6a4a9da82ed-updateinfo.xml.gz?eyJhbGciOiJIUzI1NiJ9.eyJqdGkiOiJQQzE3enpZRkZGUGZ1ZlhpTXRPUHF3IiwiZXhwIjoxODEzNjI5OTY2LCJpYXQiOjE3ODIwOTM5NjYsIm5iZiI6MTc4MjA5Mzg0Niwib3JnIjoxLCJvbmx5Q2hhbm5lbHMiOlsic2xlLW1vZHVsZS1kZXNrdG9wLWFwcGxpY2F0aW9uczE1LXNwNy11cGRhdGVzLXg4Nl82NCJdfQ.SF8oEfVJ8Bt2dFYgHqRKnF-2iQIrzstX4Fqb9Tb81mU HTTP/1.1" 200 72708
172.16.3.5 - - [22/Jun/2026:04:06:24 +0200] "GET /rhn/websocket/notifications HTTP/1.1" 101 -
172.16.3.7 - - [22/Jun/2026:04:06:25 +0200] "HEAD /rhn/manager/download/sle-module-devtools15-sp7-pool-x86_64/repodata/repomd.xml?eyJhbGciOiJIUzI1NiJ9.eyJqdGkiOiJiS0VoUUFnTWl1aTJtRXROLWZBZmpnIiwiZXhwIjoxODEzNjI5OTY2LCJpYXQiOjE3ODIwOTM5NjYsIm5iZiI6MTc4MjA5Mzg0Niwib3JnIjoxLCJvbmx5Q2hhbm5lbHMiOlsic2xlLW1vZHVsZS1kZXZ0b29sczE1LXNwNy1wb29sLXg4Nl82NCJdfQ.92lDz3zPyz__hhStDQq9Cux01rvhGjpXlyv4tnw0lvQ HTTP/1.1" 200 -
::1 - - [22/Jun/2026:04:06:25 +0200] "OPTIONS * HTTP/1.0" 200 - "-" "Apache/2.4.66 (Linux/SUSE) OpenSSL/3.5.0 mod_wsgi/5.0.2 Python/3.13 (internal dummy connection)"
172.16.3.5 - - [22/Jun/2026:04:06:24 +0200] "GET /rhn/systems/details/history/Pending.do?sid=1000010001& HTTP/1.1" 200 6915
172.16.3.7 - - [22/Jun/2026:04:06:25 +0200] "HEAD /rhn/manager/download/sle-module-devtools15-sp7-pool-x86_64/media.1/media?eyJhbGciOiJIUzI1NiJ9.eyJqdGkiOiJiS0VoUUFnTWl1aTJtRXROLWZBZmpnIiwiZXhwIjoxODEzNjI5OTY2LCJpYXQiOjE3ODIwOTM5NjYsIm5iZiI6MTc4MjA5Mzg0Niwib3JnIjoxLCJvbmx5Q2hhbm5lbHMiOlsic2xlLW1vZHVsZS1kZXZ0b29sczE1LXNwNy1wb29sLXg4Nl82NCJdfQ.92lDz3zPyz__hhStDQq9Cux01rvhGjpXlyv4tnw0lvQ HTTP/1.1" 404 -
172.16.3.5 - - [22/Jun/2026:04:06:25 +0200] "GET /img/favicon.ico?q=0.2954382239024832 HTTP/1.1" 200 1150
172.16.3.5 - - [22/Jun/2026:04:06:25 +0200] "POST /rhn/manager/frontend-log HTTP/1.1" 200 42
172.16.3.5 - - [22/Jun/2026:04:06:25 +0200] "GET /rhn/systems/details/history/Event.do?sid=1000010002&aid=12 HTTP/1.1" 200 7753
172.16.3.5 - - [22/Jun/2026:04:06:25 +0200] "GET /img/favicon.ico?q=0.7123979679596618 HTTP/1.1" 200 1150
172.16.3.5 - - [22/Jun/2026:04:06:25 +0200] "POST /rhn/manager/frontend-log HTTP/1.1" 200 42
172.16.3.7 - - [22/Jun/2026:04:06:26 +0200] "HEAD /rhn/manager/download/sle-module-devtools15-sp7-pool-x86_64/repodata/repomd.xml?eyJhbGciOiJIUzI1NiJ9.eyJqdGkiOiJiS0VoUUFnTWl1aTJtRXROLWZBZmpnIiwiZXhwIjoxODEzNjI5OTY2LCJpYXQiOjE3ODIwOTM5NjYsIm5iZiI6MTc4MjA5Mzg0Niwib3JnIjoxLCJvbmx5Q2hhbm5lbHMiOlsic2xlLW1vZHVsZS1kZXZ0b29sczE1LXNwNy1wb29sLXg4Nl82NCJdfQ.92lDz3zPyz__hhStDQq9Cux01rvhGjpXlyv4tnw0lvQ HTTP/1.1" 200 -
172.16.3.5 - - [22/Jun/2026:04:06:25 +0200] "GET /rhn/systems/details/history/History.do?sid=1000010001& HTTP/1.1" 200 6824
172.16.3.7 - - [22/Jun/2026:04:06:26 +0200] "GET /rhn/manager/download/sle-module-devtools15-sp7-pool-x86_64/repodata/repomd.xml?eyJhbGciOiJIUzI1NiJ9.eyJqdGkiOiJiS0VoUUFnTWl1aTJtRXROLWZBZmpnIiwiZXhwIjoxODEzNjI5OTY2LCJpYXQiOjE3ODIwOTM5NjYsIm5iZiI6MTc4MjA5Mzg0Niwib3JnIjoxLCJvbmx5Q2hhbm5lbHMiOlsic2xlLW1vZHVsZS1kZXZ0b29sczE1LXNwNy1wb29sLXg4Nl82NCJdfQ.92lDz3zPyz__hhStDQq9Cux01rvhGjpXlyv4tnw0lvQ HTTP/1.1" 200 1605
172.16.3.5 - - [22/Jun/2026:04:06:26 +0200] "GET /img/favicon.ico?q=0.5996033775359686 HTTP/1.1" 200 1150
172.16.3.7 - - [22/Jun/2026:04:06:26 +0200] "HEAD /rhn/manager/download/sle-module-devtools15-sp7-pool-x86_64/repodata/repomd.xml.asc?eyJhbGciOiJIUzI1NiJ9.eyJqdGkiOiJiS0VoUUFnTWl1aTJtRXROLWZBZmpnIiwiZXhwIjoxODEzNjI5OTY2LCJpYXQiOjE3ODIwOTM5NjYsIm5iZiI6MTc4MjA5Mzg0Niwib3JnIjoxLCJvbmx5Q2hhbm5lbHMiOlsic2xlLW1vZHVsZS1kZXZ0b29sczE1LXNwNy1wb29sLXg4Nl82NCJdfQ.92lDz3zPyz__hhStDQq9Cux01rvhGjpXlyv4tnw0lvQ HTTP/1.1" 404 -
172.16.3.5 - - [22/Jun/2026:04:06:26 +0200] "POST /rhn/manager/frontend-log HTTP/1.1" 200 42
172.16.3.5 - - [22/Jun/2026:04:06:26 +0200] "GET /rhn/websocket/notifications HTTP/1.1" 101 -
172.16.3.7 - - [22/Jun/2026:04:06:26 +0200] "HEAD /rhn/manager/download/sle-module-devtools15-sp7-pool-x86_64/repodata/83aa1f7dc35abf1d46f125ec6a280d93e80d7ca2c92b3f802f6576c8e46c622d-primary.xml.gz?eyJhbGciOiJIUzI1NiJ9.eyJqdGkiOiJiS0VoUUFnTWl1aTJtRXROLWZBZmpnIiwiZXhwIjoxODEzNjI5OTY2LCJpYXQiOjE3ODIwOTM5NjYsIm5iZiI6MTc4MjA5Mzg0Niwib3JnIjoxLCJvbmx5Q2hhbm5lbHMiOlsic2xlLW1vZHVsZS1kZXZ0b29sczE1LXNwNy1wb29sLXg4Nl82NCJdfQ.92lDz3zPyz__hhStDQq9Cux01rvhGjpXlyv4tnw0lvQ HTTP/1.1" 200 -
172.16.3.5 - - [22/Jun/2026:04:06:26 +0200] "GET /rhn/websocket/notifications HTTP/1.1" 101 -
172.16.3.5 - - [22/Jun/2026:04:06:26 +0200] "GET /rhn/systems/details/history/Pending.do?sid=1000010002& HTTP/1.1" 200 6903
172.16.3.5 - - [22/Jun/2026:04:06:26 +0200] "GET /img/favicon.ico?q=0.1032108169198902 HTTP/1.1" 200 1150
172.16.3.5 - - [22/Jun/2026:04:06:26 +0200] "GET /rhn/systems/details/history/Event.do?sid=1000010001&aid=8 HTTP/1.1" 200 7990
172.16.3.7 - - [22/Jun/2026:04:06:27 +0200] "GET /rhn/manager/download/sle-module-devtools15-sp7-pool-x86_64/repodata/83aa1f7dc35abf1d46f125ec6a280d93e80d7ca2c92b3f802f6576c8e46c622d-primary.xml.gz?eyJhbGciOiJIUzI1NiJ9.eyJqdGkiOiJiS0VoUUFnTWl1aTJtRXROLWZBZmpnIiwiZXhwIjoxODEzNjI5OTY2LCJpYXQiOjE3ODIwOTM5NjYsIm5iZiI6MTc4MjA5Mzg0Niwib3JnIjoxLCJvbmx5Q2hhbm5lbHMiOlsic2xlLW1vZHVsZS1kZXZ0b29sczE1LXNwNy1wb29sLXg4Nl82NCJdfQ.92lDz3zPyz__hhStDQq9Cux01rvhGjpXlyv4tnw0lvQ HTTP/1.1" 200 400409
172.16.3.5 - - [22/Jun/2026:04:06:27 +0200] "GET /img/favicon.ico?q=0.9795277487048037 HTTP/1.1" 200 1150
172.16.3.5 - - [22/Jun/2026:04:06:26 +0200] "POST /rhn/manager/frontend-log HTTP/1.1" 200 42
172.16.3.7 - - [22/Jun/2026:04:06:27 +0200] "HEAD /rhn/manager/download/sle-module-devtools15-sp7-pool-x86_64/repodata/915a3c1a40ea5870feeac828972a8f7be36db0f13153d67be41ce770ed597f5d-susedata.xml.gz?eyJhbGciOiJIUzI1NiJ9.eyJqdGkiOiJiS0VoUUFnTWl1aTJtRXROLWZBZmpnIiwiZXhwIjoxODEzNjI5OTY2LCJpYXQiOjE3ODIwOTM5NjYsIm5iZiI6MTc4MjA5Mzg0Niwib3JnIjoxLCJvbmx5Q2hhbm5lbHMiOlsic2xlLW1vZHVsZS1kZXZ0b29sczE1LXNwNy1wb29sLXg4Nl82NCJdfQ.92lDz3zPyz__hhStDQq9Cux01rvhGjpXlyv4tnw0lvQ HTTP/1.1" 200 -
172.16.3.5 - - [22/Jun/2026:04:06:27 +0200] "POST /rhn/manager/frontend-log HTTP/1.1" 200 42
172.16.3.7 - - [22/Jun/2026:04:06:27 +0200] "GET /rhn/manager/download/sle-module-devtools15-sp7-pool-x86_64/repodata/915a3c1a40ea5870feeac828972a8f7be36db0f13153d67be41ce770ed597f5d-susedata.xml.gz?eyJhbGciOiJIUzI1NiJ9.eyJqdGkiOiJiS0VoUUFnTWl1aTJtRXROLWZBZmpnIiwiZXhwIjoxODEzNjI5OTY2LCJpYXQiOjE3ODIwOTM5NjYsIm5iZiI6MTc4MjA5Mzg0Niwib3JnIjoxLCJvbmx5Q2hhbm5lbHMiOlsic2xlLW1vZHVsZS1kZXZ0b29sczE1LXNwNy1wb29sLXg4Nl82NCJdfQ.92lDz3zPyz__hhStDQq9Cux01rvhGjpXlyv4tnw0lvQ HTTP/1.1" 200 44951
172.16.3.5 - - [22/Jun/2026:04:06:27 +0200] "GET /rhn/systems/details/history/Pending.do?sid=1000010002& HTTP/1.1" 200 6904
172.16.3.5 - - [22/Jun/2026:04:06:27 +0200] "GET /img/favicon.ico?q=0.27411924389778475 HTTP/1.1" 200 1150
172.16.3.5 - - [22/Jun/2026:04:06:27 +0200] "GET /rhn/websocket/notifications HTTP/1.1" 101 -
172.16.3.7 - - [22/Jun/2026:04:06:27 +0200] "HEAD /rhn/manager/download/sle-module-devtools15-sp7-updates-x86_64/repodata/repomd.xml?eyJhbGciOiJIUzI1NiJ9.eyJqdGkiOiJTQ21PbWpremNHeU10WmtqdVFkd0dnIiwiZXhwIjoxODEzNjI5OTY2LCJpYXQiOjE3ODIwOTM5NjYsIm5iZiI6MTc4MjA5Mzg0Niwib3JnIjoxLCJvbmx5Q2hhbm5lbHMiOlsic2xlLW1vZHVsZS1kZXZ0b29sczE1LXNwNy11cGRhdGVzLXg4Nl82NCJdfQ.ZBAZLqW8KKftb1qBltRloNzKXuzEj0uRJMS8am7YcSA HTTP/1.1" 200 -
172.16.3.5 - - [22/Jun/2026:04:06:27 +0200] "POST /rhn/manager/frontend-log HTTP/1.1" 200 42
172.16.3.5 - - [22/Jun/2026:04:06:27 +0200] "GET /rhn/systems/details/history/Pending.do?sid=1000010001& HTTP/1.1" 200 6915
172.16.3.7 - - [22/Jun/2026:04:06:28 +0200] "HEAD /rhn/manager/download/sle-module-devtools15-sp7-updates-x86_64/media.1/media?eyJhbGciOiJIUzI1NiJ9.eyJqdGkiOiJTQ21PbWpremNHeU10WmtqdVFkd0dnIiwiZXhwIjoxODEzNjI5OTY2LCJpYXQiOjE3ODIwOTM5NjYsIm5iZiI6MTc4MjA5Mzg0Niwib3JnIjoxLCJvbmx5Q2hhbm5lbHMiOlsic2xlLW1vZHVsZS1kZXZ0b29sczE1LXNwNy11cGRhdGVzLXg4Nl82NCJdfQ.ZBAZLqW8KKftb1qBltRloNzKXuzEj0uRJMS8am7YcSA HTTP/1.1" 404 -
172.16.3.5 - - [22/Jun/2026:04:06:28 +0200] "GET /img/favicon.ico?q=0.42801903825577603 HTTP/1.1" 200 1150
172.16.3.5 - - [22/Jun/2026:04:06:28 +0200] "POST /rhn/manager/frontend-log HTTP/1.1" 200 42
172.16.3.7 - - [22/Jun/2026:04:06:28 +0200] "HEAD /rhn/manager/download/sle-module-devtools15-sp7-updates-x86_64/repodata/repomd.xml?eyJhbGciOiJIUzI1NiJ9.eyJqdGkiOiJTQ21PbWpremNHeU10WmtqdVFkd0dnIiwiZXhwIjoxODEzNjI5OTY2LCJpYXQiOjE3ODIwOTM5NjYsIm5iZiI6MTc4MjA5Mzg0Niwib3JnIjoxLCJvbmx5Q2hhbm5lbHMiOlsic2xlLW1vZHVsZS1kZXZ0b29sczE1LXNwNy11cGRhdGVzLXg4Nl82NCJdfQ.ZBAZLqW8KKftb1qBltRloNzKXuzEj0uRJMS8am7YcSA HTTP/1.1" 200 -
172.16.3.5 - - [22/Jun/2026:04:06:28 +0200] "GET /rhn/websocket/notifications HTTP/1.1" 101 -
172.16.3.7 - - [22/Jun/2026:04:06:28 +0200] "GET /rhn/manager/download/sle-module-devtools15-sp7-updates-x86_64/repodata/repomd.xml?eyJhbGciOiJIUzI1NiJ9.eyJqdGkiOiJTQ21PbWpremNHeU10WmtqdVFkd0dnIiwiZXhwIjoxODEzNjI5OTY2LCJpYXQiOjE3ODIwOTM5NjYsIm5iZiI6MTc4MjA5Mzg0Niwib3JnIjoxLCJvbmx5Q2hhbm5lbHMiOlsic2xlLW1vZHVsZS1kZXZ0b29sczE1LXNwNy11cGRhdGVzLXg4Nl82NCJdfQ.ZBAZLqW8KKftb1qBltRloNzKXuzEj0uRJMS8am7YcSA HTTP/1.1" 200 1987
172.16.3.7 - - [22/Jun/2026:04:06:28 +0200] "HEAD /rhn/manager/download/sle-module-devtools15-sp7-updates-x86_64/repodata/repomd.xml.asc?eyJhbGciOiJIUzI1NiJ9.eyJqdGkiOiJTQ21PbWpremNHeU10WmtqdVFkd0dnIiwiZXhwIjoxODEzNjI5OTY2LCJpYXQiOjE3ODIwOTM5NjYsIm5iZiI6MTc4MjA5Mzg0Niwib3JnIjoxLCJvbmx5Q2hhbm5lbHMiOlsic2xlLW1vZHVsZS1kZXZ0b29sczE1LXNwNy11cGRhdGVzLXg4Nl82NCJdfQ.ZBAZLqW8KKftb1qBltRloNzKXuzEj0uRJMS8am7YcSA HTTP/1.1" 404 -
172.16.3.7 - - [22/Jun/2026:04:06:28 +0200] "HEAD /rhn/manager/download/sle-module-devtools15-sp7-updates-x86_64/repodata/ea5bc1a90305a0d1ed6f7b9bc281f433a771ee45850c513495ba65d19d4b6546-primary.xml.gz?eyJhbGciOiJIUzI1NiJ9.eyJqdGkiOiJTQ21PbWpremNHeU10WmtqdVFkd0dnIiwiZXhwIjoxODEzNjI5OTY2LCJpYXQiOjE3ODIwOTM5NjYsIm5iZiI6MTc4MjA5Mzg0Niwib3JnIjoxLCJvbmx5Q2hhbm5lbHMiOlsic2xlLW1vZHVsZS1kZXZ0b29sczE1LXNwNy11cGRhdGVzLXg4Nl82NCJdfQ.ZBAZLqW8KKftb1qBltRloNzKXuzEj0uRJMS8am7YcSA HTTP/1.1" 200 -
172.16.3.5 - - [22/Jun/2026:04:06:28 +0200] "GET /rhn/systems/details/history/Pending.do?sid=1000010001& HTTP/1.1" 200 6915
172.16.3.5 - - [22/Jun/2026:04:06:29 +0200] "GET /img/favicon.ico?q=0.40752174263385177 HTTP/1.1" 200 1150
172.16.3.7 - - [22/Jun/2026:04:06:29 +0200] "GET /rhn/manager/download/sle-module-devtools15-sp7-updates-x86_64/repodata/ea5bc1a90305a0d1ed6f7b9bc281f433a771ee45850c513495ba65d19d4b6546-primary.xml.gz?eyJhbGciOiJIUzI1NiJ9.eyJqdGkiOiJTQ21PbWpremNHeU10WmtqdVFkd0dnIiwiZXhwIjoxODEzNjI5OTY2LCJpYXQiOjE3ODIwOTM5NjYsIm5iZiI6MTc4MjA5Mzg0Niwib3JnIjoxLCJvbmx5Q2hhbm5lbHMiOlsic2xlLW1vZHVsZS1kZXZ0b29sczE1LXNwNy11cGRhdGVzLXg4Nl82NCJdfQ.ZBAZLqW8KKftb1qBltRloNzKXuzEj0uRJMS8am7YcSA HTTP/1.1" 200 291242
172.16.3.5 - - [22/Jun/2026:04:06:29 +0200] "POST /rhn/manager/frontend-log HTTP/1.1" 200 42
172.16.3.7 - - [22/Jun/2026:04:06:29 +0200] "HEAD /rhn/manager/download/sle-module-devtools15-sp7-updates-x86_64/repodata/1cee572399d42f77b2fe47f61c855ea756160477056c725c060b702aa0606590-susedata.xml.gz?eyJhbGciOiJIUzI1NiJ9.eyJqdGkiOiJTQ21PbWpremNHeU10WmtqdVFkd0dnIiwiZXhwIjoxODEzNjI5OTY2LCJpYXQiOjE3ODIwOTM5NjYsIm5iZiI6MTc4MjA5Mzg0Niwib3JnIjoxLCJvbmx5Q2hhbm5lbHMiOlsic2xlLW1vZHVsZS1kZXZ0b29sczE1LXNwNy11cGRhdGVzLXg4Nl82NCJdfQ.ZBAZLqW8KKftb1qBltRloNzKXuzEj0uRJMS8am7YcSA HTTP/1.1" 200 -
172.16.3.7 - - [22/Jun/2026:04:06:29 +0200] "GET /rhn/manager/download/sle-module-devtools15-sp7-updates-x86_64/repodata/1cee572399d42f77b2fe47f61c855ea756160477056c725c060b702aa0606590-susedata.xml.gz?eyJhbGciOiJIUzI1NiJ9.eyJqdGkiOiJTQ21PbWpremNHeU10WmtqdVFkd0dnIiwiZXhwIjoxODEzNjI5OTY2LCJpYXQiOjE3ODIwOTM5NjYsIm5iZiI6MTc4MjA5Mzg0Niwib3JnIjoxLCJvbmx5Q2hhbm5lbHMiOlsic2xlLW1vZHVsZS1kZXZ0b29sczE1LXNwNy11cGRhdGVzLXg4Nl82NCJdfQ.ZBAZLqW8KKftb1qBltRloNzKXuzEj0uRJMS8am7YcSA HTTP/1.1" 200 28090
172.16.3.7 - - [22/Jun/2026:04:06:29 +0200] "HEAD /rhn/manager/download/sle-module-devtools15-sp7-updates-x86_64/repodata/41d859b405658e1641d41fbed0ce27eb66b5c55d1d860a2ab4d871944317b9ba-updateinfo.xml.gz?eyJhbGciOiJIUzI1NiJ9.eyJqdGkiOiJTQ21PbWpremNHeU10WmtqdVFkd0dnIiwiZXhwIjoxODEzNjI5OTY2LCJpYXQiOjE3ODIwOTM5NjYsIm5iZiI6MTc4MjA5Mzg0Niwib3JnIjoxLCJvbmx5Q2hhbm5lbHMiOlsic2xlLW1vZHVsZS1kZXZ0b29sczE1LXNwNy11cGRhdGVzLXg4Nl82NCJdfQ.ZBAZLqW8KKftb1qBltRloNzKXuzEj0uRJMS8am7YcSA HTTP/1.1" 200 -
172.16.3.7 - - [22/Jun/2026:04:06:29 +0200] "GET /rhn/manager/download/sle-module-devtools15-sp7-updates-x86_64/repodata/41d859b405658e1641d41fbed0ce27eb66b5c55d1d860a2ab4d871944317b9ba-updateinfo.xml.gz?eyJhbGciOiJIUzI1NiJ9.eyJqdGkiOiJTQ21PbWpremNHeU10WmtqdVFkd0dnIiwiZXhwIjoxODEzNjI5OTY2LCJpYXQiOjE3ODIwOTM5NjYsIm5iZiI6MTc4MjA5Mzg0Niwib3JnIjoxLCJvbmx5Q2hhbm5lbHMiOlsic2xlLW1vZHVsZS1kZXZ0b29sczE1LXNwNy11cGRhdGVzLXg4Nl82NCJdfQ.ZBAZLqW8KKftb1qBltRloNzKXuzEj0uRJMS8am7YcSA HTTP/1.1" 200 272698
172.16.3.7 - - [22/Jun/2026:04:06:29 +0200] "HEAD /rhn/manager/download/sle-module-python3-15-sp7-pool-x86_64/repodata/repomd.xml?eyJhbGciOiJIUzI1NiJ9.eyJqdGkiOiJya3dqbW9WMXJadjRnTWkzNjhIeVN3IiwiZXhwIjoxODEzNjI5OTY2LCJpYXQiOjE3ODIwOTM5NjYsIm5iZiI6MTc4MjA5Mzg0Niwib3JnIjoxLCJvbmx5Q2hhbm5lbHMiOlsic2xlLW1vZHVsZS1weXRob24zLTE1LXNwNy1wb29sLXg4Nl82NCJdfQ.SszhNiBWYbKEtud1MZOUuJp4ngcCEJtA1QnIbKUK4C8 HTTP/1.1" 200 -
172.16.3.7 - - [22/Jun/2026:04:06:30 +0200] "HEAD /rhn/manager/download/sle-module-python3-15-sp7-pool-x86_64/media.1/media?eyJhbGciOiJIUzI1NiJ9.eyJqdGkiOiJya3dqbW9WMXJadjRnTWkzNjhIeVN3IiwiZXhwIjoxODEzNjI5OTY2LCJpYXQiOjE3ODIwOTM5NjYsIm5iZiI6MTc4MjA5Mzg0Niwib3JnIjoxLCJvbmx5Q2hhbm5lbHMiOlsic2xlLW1vZHVsZS1weXRob24zLTE1LXNwNy1wb29sLXg4Nl82NCJdfQ.SszhNiBWYbKEtud1MZOUuJp4ngcCEJtA1QnIbKUK4C8 HTTP/1.1" 404 -
172.16.3.7 - - [22/Jun/2026:04:06:30 +0200] "HEAD /rhn/manager/download/sle-module-python3-15-sp7-pool-x86_64/repodata/repomd.xml?eyJhbGciOiJIUzI1NiJ9.eyJqdGkiOiJya3dqbW9WMXJadjRnTWkzNjhIeVN3IiwiZXhwIjoxODEzNjI5OTY2LCJpYXQiOjE3ODIwOTM5NjYsIm5iZiI6MTc4MjA5Mzg0Niwib3JnIjoxLCJvbmx5Q2hhbm5lbHMiOlsic2xlLW1vZHVsZS1weXRob24zLTE1LXNwNy1wb29sLXg4Nl82NCJdfQ.SszhNiBWYbKEtud1MZOUuJp4ngcCEJtA1QnIbKUK4C8 HTTP/1.1" 200 -
172.16.3.7 - - [22/Jun/2026:04:06:30 +0200] "GET /rhn/manager/download/sle-module-python3-15-sp7-pool-x86_64/repodata/repomd.xml?eyJhbGciOiJIUzI1NiJ9.eyJqdGkiOiJya3dqbW9WMXJadjRnTWkzNjhIeVN3IiwiZXhwIjoxODEzNjI5OTY2LCJpYXQiOjE3ODIwOTM5NjYsIm5iZiI6MTc4MjA5Mzg0Niwib3JnIjoxLCJvbmx5Q2hhbm5lbHMiOlsic2xlLW1vZHVsZS1weXRob24zLTE1LXNwNy1wb29sLXg4Nl82NCJdfQ.SszhNiBWYbKEtud1MZOUuJp4ngcCEJtA1QnIbKUK4C8 HTTP/1.1" 200 1605
172.16.3.7 - - [22/Jun/2026:04:06:30 +0200] "HEAD /rhn/manager/download/sle-module-python3-15-sp7-pool-x86_64/repodata/repomd.xml.asc?eyJhbGciOiJIUzI1NiJ9.eyJqdGkiOiJya3dqbW9WMXJadjRnTWkzNjhIeVN3IiwiZXhwIjoxODEzNjI5OTY2LCJpYXQiOjE3ODIwOTM5NjYsIm5iZiI6MTc4MjA5Mzg0Niwib3JnIjoxLCJvbmx5Q2hhbm5lbHMiOlsic2xlLW1vZHVsZS1weXRob24zLTE1LXNwNy1wb29sLXg4Nl82NCJdfQ.SszhNiBWYbKEtud1MZOUuJp4ngcCEJtA1QnIbKUK4C8 HTTP/1.1" 404 -
172.16.3.7 - - [22/Jun/2026:04:06:30 +0200] "HEAD /rhn/manager/download/sle-module-python3-15-sp7-pool-x86_64/repodata/219ea8ef7ba43f5f72dbf70cbf38d5598f71a80d65dcc42b49fabbe39f99e2b5-primary.xml.gz?eyJhbGciOiJIUzI1NiJ9.eyJqdGkiOiJya3dqbW9WMXJadjRnTWkzNjhIeVN3IiwiZXhwIjoxODEzNjI5OTY2LCJpYXQiOjE3ODIwOTM5NjYsIm5iZiI6MTc4MjA5Mzg0Niwib3JnIjoxLCJvbmx5Q2hhbm5lbHMiOlsic2xlLW1vZHVsZS1weXRob24zLTE1LXNwNy1wb29sLXg4Nl82NCJdfQ.SszhNiBWYbKEtud1MZOUuJp4ngcCEJtA1QnIbKUK4C8 HTTP/1.1" 200 -
172.16.3.7 - - [22/Jun/2026:04:06:30 +0200] "GET /rhn/manager/download/sle-module-python3-15-sp7-pool-x86_64/repodata/219ea8ef7ba43f5f72dbf70cbf38d5598f71a80d65dcc42b49fabbe39f99e2b5-primary.xml.gz?eyJhbGciOiJIUzI1NiJ9.eyJqdGkiOiJya3dqbW9WMXJadjRnTWkzNjhIeVN3IiwiZXhwIjoxODEzNjI5OTY2LCJpYXQiOjE3ODIwOTM5NjYsIm5iZiI6MTc4MjA5Mzg0Niwib3JnIjoxLCJvbmx5Q2hhbm5lbHMiOlsic2xlLW1vZHVsZS1weXRob24zLTE1LXNwNy1wb29sLXg4Nl82NCJdfQ.SszhNiBWYbKEtud1MZOUuJp4ngcCEJtA1QnIbKUK4C8 HTTP/1.1" 200 167477
172.16.3.7 - - [22/Jun/2026:04:06:30 +0200] "HEAD /rhn/manager/download/sle-module-python3-15-sp7-pool-x86_64/repodata/8d6df19a96d8079ec107331fe6b54a867019c312ab9b64dd25dd0c5cc754e9a5-susedata.xml.gz?eyJhbGciOiJIUzI1NiJ9.eyJqdGkiOiJya3dqbW9WMXJadjRnTWkzNjhIeVN3IiwiZXhwIjoxODEzNjI5OTY2LCJpYXQiOjE3ODIwOTM5NjYsIm5iZiI6MTc4MjA5Mzg0Niwib3JnIjoxLCJvbmx5Q2hhbm5lbHMiOlsic2xlLW1vZHVsZS1weXRob24zLTE1LXNwNy1wb29sLXg4Nl82NCJdfQ.SszhNiBWYbKEtud1MZOUuJp4ngcCEJtA1QnIbKUK4C8 HTTP/1.1" 200 -
172.16.3.7 - - [22/Jun/2026:04:06:30 +0200] "GET /rhn/manager/download/sle-module-python3-15-sp7-pool-x86_64/repodata/8d6df19a96d8079ec107331fe6b54a867019c312ab9b64dd25dd0c5cc754e9a5-susedata.xml.gz?eyJhbGciOiJIUzI1NiJ9.eyJqdGkiOiJya3dqbW9WMXJadjRnTWkzNjhIeVN3IiwiZXhwIjoxODEzNjI5OTY2LCJpYXQiOjE3ODIwOTM5NjYsIm5iZiI6MTc4MjA5Mzg0Niwib3JnIjoxLCJvbmx5Q2hhbm5lbHMiOlsic2xlLW1vZHVsZS1weXRob24zLTE1LXNwNy1wb29sLXg4Nl82NCJdfQ.SszhNiBWYbKEtud1MZOUuJp4ngcCEJtA1QnIbKUK4C8 HTTP/1.1" 200 29035
172.16.3.7 - - [22/Jun/2026:04:06:31 +0200] "HEAD /rhn/manager/download/sle-module-python3-15-sp7-updates-x86_64/repodata/repomd.xml?eyJhbGciOiJIUzI1NiJ9.eyJqdGkiOiJTNmVwOHNNYVJCQW5jdmVpbE8tUkd3IiwiZXhwIjoxODEzNjI5OTY2LCJpYXQiOjE3ODIwOTM5NjYsIm5iZiI6MTc4MjA5Mzg0Niwib3JnIjoxLCJvbmx5Q2hhbm5lbHMiOlsic2xlLW1vZHVsZS1weXRob24zLTE1LXNwNy11cGRhdGVzLXg4Nl82NCJdfQ.-VdH84utd37gNH5H3yfTyeH--e5edfwYEVvDYIhloOc HTTP/1.1" 200 -
172.16.3.7 - - [22/Jun/2026:04:06:31 +0200] "HEAD /rhn/manager/download/sle-module-python3-15-sp7-updates-x86_64/media.1/media?eyJhbGciOiJIUzI1NiJ9.eyJqdGkiOiJTNmVwOHNNYVJCQW5jdmVpbE8tUkd3IiwiZXhwIjoxODEzNjI5OTY2LCJpYXQiOjE3ODIwOTM5NjYsIm5iZiI6MTc4MjA5Mzg0Niwib3JnIjoxLCJvbmx5Q2hhbm5lbHMiOlsic2xlLW1vZHVsZS1weXRob24zLTE1LXNwNy11cGRhdGVzLXg4Nl82NCJdfQ.-VdH84utd37gNH5H3yfTyeH--e5edfwYEVvDYIhloOc HTTP/1.1" 404 -
172.16.3.7 - - [22/Jun/2026:04:06:31 +0200] "HEAD /rhn/manager/download/sle-module-python3-15-sp7-updates-x86_64/repodata/repomd.xml?eyJhbGciOiJIUzI1NiJ9.eyJqdGkiOiJTNmVwOHNNYVJCQW5jdmVpbE8tUkd3IiwiZXhwIjoxODEzNjI5OTY2LCJpYXQiOjE3ODIwOTM5NjYsIm5iZiI6MTc4MjA5Mzg0Niwib3JnIjoxLCJvbmx5Q2hhbm5lbHMiOlsic2xlLW1vZHVsZS1weXRob24zLTE1LXNwNy11cGRhdGVzLXg4Nl82NCJdfQ.-VdH84utd37gNH5H3yfTyeH--e5edfwYEVvDYIhloOc HTTP/1.1" 200 -
172.16.3.7 - - [22/Jun/2026:04:06:31 +0200] "GET /rhn/manager/download/sle-module-python3-15-sp7-updates-x86_64/repodata/repomd.xml?eyJhbGciOiJIUzI1NiJ9.eyJqdGkiOiJTNmVwOHNNYVJCQW5jdmVpbE8tUkd3IiwiZXhwIjoxODEzNjI5OTY2LCJpYXQiOjE3ODIwOTM5NjYsIm5iZiI6MTc4MjA5Mzg0Niwib3JnIjoxLCJvbmx5Q2hhbm5lbHMiOlsic2xlLW1vZHVsZS1weXRob24zLTE1LXNwNy11cGRhdGVzLXg4Nl82NCJdfQ.-VdH84utd37gNH5H3yfTyeH--e5edfwYEVvDYIhloOc HTTP/1.1" 200 1987
172.16.3.7 - - [22/Jun/2026:04:06:31 +0200] "HEAD /rhn/manager/download/sle-module-python3-15-sp7-updates-x86_64/repodata/repomd.xml.asc?eyJhbGciOiJIUzI1NiJ9.eyJqdGkiOiJTNmVwOHNNYVJCQW5jdmVpbE8tUkd3IiwiZXhwIjoxODEzNjI5OTY2LCJpYXQiOjE3ODIwOTM5NjYsIm5iZiI6MTc4MjA5Mzg0Niwib3JnIjoxLCJvbmx5Q2hhbm5lbHMiOlsic2xlLW1vZHVsZS1weXRob24zLTE1LXNwNy11cGRhdGVzLXg4Nl82NCJdfQ.-VdH84utd37gNH5H3yfTyeH--e5edfwYEVvDYIhloOc HTTP/1.1" 404 -
172.16.3.7 - - [22/Jun/2026:04:06:31 +0200] "HEAD /rhn/manager/download/sle-module-python3-15-sp7-updates-x86_64/repodata/44bf910b1d66565385f65f0f92646fedc6e7f1a5b6d6c5acbb0f6bbcb41520c3-primary.xml.gz?eyJhbGciOiJIUzI1NiJ9.eyJqdGkiOiJTNmVwOHNNYVJCQW5jdmVpbE8tUkd3IiwiZXhwIjoxODEzNjI5OTY2LCJpYXQiOjE3ODIwOTM5NjYsIm5iZiI6MTc4MjA5Mzg0Niwib3JnIjoxLCJvbmx5Q2hhbm5lbHMiOlsic2xlLW1vZHVsZS1weXRob24zLTE1LXNwNy11cGRhdGVzLXg4Nl82NCJdfQ.-VdH84utd37gNH5H3yfTyeH--e5edfwYEVvDYIhloOc HTTP/1.1" 200 -
172.16.3.5 - - [22/Jun/2026:04:06:18 +0200] "GET /rhn/websocket/notifications HTTP/1.1" 101 -
172.16.3.7 - - [22/Jun/2026:04:06:31 +0200] "GET /rhn/manager/download/sle-module-python3-15-sp7-updates-x86_64/repodata/44bf910b1d66565385f65f0f92646fedc6e7f1a5b6d6c5acbb0f6bbcb41520c3-primary.xml.gz?eyJhbGciOiJIUzI1NiJ9.eyJqdGkiOiJTNmVwOHNNYVJCQW5jdmVpbE8tUkd3IiwiZXhwIjoxODEzNjI5OTY2LCJpYXQiOjE3ODIwOTM5NjYsIm5iZiI6MTc4MjA5Mzg0Niwib3JnIjoxLCJvbmx5Q2hhbm5lbHMiOlsic2xlLW1vZHVsZS1weXRob24zLTE1LXNwNy11cGRhdGVzLXg4Nl82NCJdfQ.-VdH84utd37gNH5H3yfTyeH--e5edfwYEVvDYIhloOc HTTP/1.1" 200 72670
172.16.3.7 - - [22/Jun/2026:04:06:31 +0200] "HEAD /rhn/manager/download/sle-module-python3-15-sp7-updates-x86_64/repodata/e4b41fb0f912c4f09a2c0c8e29a00477305069ad1bf06356899ceafcc2ea6686-susedata.xml.gz?eyJhbGciOiJIUzI1NiJ9.eyJqdGkiOiJTNmVwOHNNYVJCQW5jdmVpbE8tUkd3IiwiZXhwIjoxODEzNjI5OTY2LCJpYXQiOjE3ODIwOTM5NjYsIm5iZiI6MTc4MjA5Mzg0Niwib3JnIjoxLCJvbmx5Q2hhbm5lbHMiOlsic2xlLW1vZHVsZS1weXRob24zLTE1LXNwNy11cGRhdGVzLXg4Nl82NCJdfQ.-VdH84utd37gNH5H3yfTyeH--e5edfwYEVvDYIhloOc HTTP/1.1" 200 -
172.16.3.7 - - [22/Jun/2026:04:06:31 +0200] "GET /rhn/manager/download/sle-module-python3-15-sp7-updates-x86_64/repodata/e4b41fb0f912c4f09a2c0c8e29a00477305069ad1bf06356899ceafcc2ea6686-susedata.xml.gz?eyJhbGciOiJIUzI1NiJ9.eyJqdGkiOiJTNmVwOHNNYVJCQW5jdmVpbE8tUkd3IiwiZXhwIjoxODEzNjI5OTY2LCJpYXQiOjE3ODIwOTM5NjYsIm5iZiI6MTc4MjA5Mzg0Niwib3JnIjoxLCJvbmx5Q2hhbm5lbHMiOlsic2xlLW1vZHVsZS1weXRob24zLTE1LXNwNy11cGRhdGVzLXg4Nl82NCJdfQ.-VdH84utd37gNH5H3yfTyeH--e5edfwYEVvDYIhloOc HTTP/1.1" 200 11891
172.16.3.5 - - [22/Jun/2026:04:06:31 +0200] "GET /rhn/manager/systems/list/all HTTP/1.1" 200 5371
172.16.3.5 - - [22/Jun/2026:04:06:18 +0200] "GET /rhn/websocket/notifications HTTP/1.1" 101 -
172.16.3.7 - - [22/Jun/2026:04:06:32 +0200] "HEAD /rhn/manager/download/sle-module-python3-15-sp7-updates-x86_64/repodata/e3a6fe7e70d3938175c2fa79e47499ced80b009cf9a0db8d177370700e0c5493-updateinfo.xml.gz?eyJhbGciOiJIUzI1NiJ9.eyJqdGkiOiJTNmVwOHNNYVJCQW5jdmVpbE8tUkd3IiwiZXhwIjoxODEzNjI5OTY2LCJpYXQiOjE3ODIwOTM5NjYsIm5iZiI6MTc4MjA5Mzg0Niwib3JnIjoxLCJvbmx5Q2hhbm5lbHMiOlsic2xlLW1vZHVsZS1weXRob24zLTE1LXNwNy11cGRhdGVzLXg4Nl82NCJdfQ.-VdH84utd37gNH5H3yfTyeH--e5edfwYEVvDYIhloOc HTTP/1.1" 200 -
172.16.3.5 - - [22/Jun/2026:04:06:32 +0200] "POST /rhn/manager/frontend-log HTTP/1.1" 200 42
172.16.3.7 - - [22/Jun/2026:04:06:32 +0200] "GET /rhn/manager/download/sle-module-python3-15-sp7-updates-x86_64/repodata/e3a6fe7e70d3938175c2fa79e47499ced80b009cf9a0db8d177370700e0c5493-updateinfo.xml.gz?eyJhbGciOiJIUzI1NiJ9.eyJqdGkiOiJTNmVwOHNNYVJCQW5jdmVpbE8tUkd3IiwiZXhwIjoxODEzNjI5OTY2LCJpYXQiOjE3ODIwOTM5NjYsIm5iZiI6MTc4MjA5Mzg0Niwib3JnIjoxLCJvbmx5Q2hhbm5lbHMiOlsic2xlLW1vZHVsZS1weXRob24zLTE1LXNwNy11cGRhdGVzLXg4Nl82NCJdfQ.-VdH84utd37gNH5H3yfTyeH--e5edfwYEVvDYIhloOc HTTP/1.1" 200 42758
172.16.3.7 - - [22/Jun/2026:04:06:32 +0200] "HEAD /rhn/manager/download/sle-module-server-applications15-sp7-pool-x86_64/repodata/repomd.xml?eyJhbGciOiJIUzI1NiJ9.eyJqdGkiOiJ3aV9VM2ZtLTVvdkpBS01tMkJOaDhBIiwiZXhwIjoxODEzNjI5OTY2LCJpYXQiOjE3ODIwOTM5NjYsIm5iZiI6MTc4MjA5Mzg0Niwib3JnIjoxLCJvbmx5Q2hhbm5lbHMiOlsic2xlLW1vZHVsZS1zZXJ2ZXItYXBwbGljYXRpb25zMTUtc3A3LXBvb2wteDg2XzY0Il19.cU2Y4ftHSHa57avklpwC_3n-J0jaA9JXrWb93Y5ApjI HTTP/1.1" 200 -
172.16.3.5 - - [22/Jun/2026:04:06:32 +0200] "POST /rhn/manager/frontend-log HTTP/1.1" 200 42
172.16.3.7 - - [22/Jun/2026:04:06:32 +0200] "HEAD /rhn/manager/download/sle-module-server-applications15-sp7-pool-x86_64/media.1/media?eyJhbGciOiJIUzI1NiJ9.eyJqdGkiOiJ3aV9VM2ZtLTVvdkpBS01tMkJOaDhBIiwiZXhwIjoxODEzNjI5OTY2LCJpYXQiOjE3ODIwOTM5NjYsIm5iZiI6MTc4MjA5Mzg0Niwib3JnIjoxLCJvbmx5Q2hhbm5lbHMiOlsic2xlLW1vZHVsZS1zZXJ2ZXItYXBwbGljYXRpb25zMTUtc3A3LXBvb2wteDg2XzY0Il19.cU2Y4ftHSHa57avklpwC_3n-J0jaA9JXrWb93Y5ApjI HTTP/1.1" 404 -
172.16.3.7 - - [22/Jun/2026:04:06:32 +0200] "HEAD /rhn/manager/download/sle-module-server-applications15-sp7-pool-x86_64/repodata/repomd.xml?eyJhbGciOiJIUzI1NiJ9.eyJqdGkiOiJ3aV9VM2ZtLTVvdkpBS01tMkJOaDhBIiwiZXhwIjoxODEzNjI5OTY2LCJpYXQiOjE3ODIwOTM5NjYsIm5iZiI6MTc4MjA5Mzg0Niwib3JnIjoxLCJvbmx5Q2hhbm5lbHMiOlsic2xlLW1vZHVsZS1zZXJ2ZXItYXBwbGljYXRpb25zMTUtc3A3LXBvb2wteDg2XzY0Il19.cU2Y4ftHSHa57avklpwC_3n-J0jaA9JXrWb93Y5ApjI HTTP/1.1" 200 -
172.16.3.5 - - [22/Jun/2026:04:06:32 +0200] "GET /rhn/manager/api/systems/list/all?p=1&ps=100&s=1&sc=server_name HTTP/1.1" 200 596
172.16.3.7 - - [22/Jun/2026:04:06:32 +0200] "GET /rhn/manager/download/sle-module-server-applications15-sp7-pool-x86_64/repodata/repomd.xml?eyJhbGciOiJIUzI1NiJ9.eyJqdGkiOiJ3aV9VM2ZtLTVvdkpBS01tMkJOaDhBIiwiZXhwIjoxODEzNjI5OTY2LCJpYXQiOjE3ODIwOTM5NjYsIm5iZiI6MTc4MjA5Mzg0Niwib3JnIjoxLCJvbmx5Q2hhbm5lbHMiOlsic2xlLW1vZHVsZS1zZXJ2ZXItYXBwbGljYXRpb25zMTUtc3A3LXBvb2wteDg2XzY0Il19.cU2Y4ftHSHa57avklpwC_3n-J0jaA9JXrWb93Y5ApjI HTTP/1.1" 200 1605
172.16.3.5 - - [22/Jun/2026:04:06:32 +0200] "POST /rhn/manager/api/sets/system_list HTTP/1.1" 200 27
172.16.3.5 - - [22/Jun/2026:04:06:19 +0200] "GET /rhn/websocket/notifications HTTP/1.1" 101 -
172.16.3.7 - - [22/Jun/2026:04:06:33 +0200] "HEAD /rhn/manager/download/sle-module-server-applications15-sp7-pool-x86_64/repodata/repomd.xml.asc?eyJhbGciOiJIUzI1NiJ9.eyJqdGkiOiJ3aV9VM2ZtLTVvdkpBS01tMkJOaDhBIiwiZXhwIjoxODEzNjI5OTY2LCJpYXQiOjE3ODIwOTM5NjYsIm5iZiI6MTc4MjA5Mzg0Niwib3JnIjoxLCJvbmx5Q2hhbm5lbHMiOlsic2xlLW1vZHVsZS1zZXJ2ZXItYXBwbGljYXRpb25zMTUtc3A3LXBvb2wteDg2XzY0Il19.cU2Y4ftHSHa57avklpwC_3n-J0jaA9JXrWb93Y5ApjI HTTP/1.1" 404 -
172.16.3.7 - - [22/Jun/2026:04:06:33 +0200] "HEAD /rhn/manager/download/sle-module-server-applications15-sp7-pool-x86_64/repodata/82404f6a1c4186ae6f768a21aa620f534f711b9d9610021807e493884b9299d9-primary.xml.gz?eyJhbGciOiJIUzI1NiJ9.eyJqdGkiOiJ3aV9VM2ZtLTVvdkpBS01tMkJOaDhBIiwiZXhwIjoxODEzNjI5OTY2LCJpYXQiOjE3ODIwOTM5NjYsIm5iZiI6MTc4MjA5Mzg0Niwib3JnIjoxLCJvbmx5Q2hhbm5lbHMiOlsic2xlLW1vZHVsZS1zZXJ2ZXItYXBwbGljYXRpb25zMTUtc3A3LXBvb2wteDg2XzY0Il19.cU2Y4ftHSHa57avklpwC_3n-J0jaA9JXrWb93Y5ApjI HTTP/1.1" 200 -
172.16.3.5 - - [22/Jun/2026:04:06:32 +0200] "GET /rhn/manager/systems/list/all HTTP/1.1" 200 5367
172.16.3.5 - - [22/Jun/2026:04:06:20 +0200] "GET /rhn/websocket/notifications HTTP/1.1" 101 -
172.16.3.7 - - [22/Jun/2026:04:06:33 +0200] "GET /rhn/manager/download/sle-module-server-applications15-sp7-pool-x86_64/repodata/82404f6a1c4186ae6f768a21aa620f534f711b9d9610021807e493884b9299d9-primary.xml.gz?eyJhbGciOiJIUzI1NiJ9.eyJqdGkiOiJ3aV9VM2ZtLTVvdkpBS01tMkJOaDhBIiwiZXhwIjoxODEzNjI5OTY2LCJpYXQiOjE3ODIwOTM5NjYsIm5iZiI6MTc4MjA5Mzg0Niwib3JnIjoxLCJvbmx5Q2hhbm5lbHMiOlsic2xlLW1vZHVsZS1zZXJ2ZXItYXBwbGljYXRpb25zMTUtc3A3LXBvb2wteDg2XzY0Il19.cU2Y4ftHSHa57avklpwC_3n-J0jaA9JXrWb93Y5ApjI HTTP/1.1" 200 324139
172.16.3.5 - - [22/Jun/2026:04:06:33 +0200] "POST /rhn/manager/frontend-log HTTP/1.1" 200 42
172.16.3.7 - - [22/Jun/2026:04:06:33 +0200] "HEAD /rhn/manager/download/sle-module-server-applications15-sp7-pool-x86_64/repodata/dfdb572ccd420cfaee7888f060b12e9174d95619cb67f7ddc7bcff4a84062279-susedata.xml.gz?eyJhbGciOiJIUzI1NiJ9.eyJqdGkiOiJ3aV9VM2ZtLTVvdkpBS01tMkJOaDhBIiwiZXhwIjoxODEzNjI5OTY2LCJpYXQiOjE3ODIwOTM5NjYsIm5iZiI6MTc4MjA5Mzg0Niwib3JnIjoxLCJvbmx5Q2hhbm5lbHMiOlsic2xlLW1vZHVsZS1zZXJ2ZXItYXBwbGljYXRpb25zMTUtc3A3LXBvb2wteDg2XzY0Il19.cU2Y4ftHSHa57avklpwC_3n-J0jaA9JXrWb93Y5ApjI HTTP/1.1" 200 -
172.16.3.7 - - [22/Jun/2026:04:06:33 +0200] "GET /rhn/manager/download/sle-module-server-applications15-sp7-pool-x86_64/repodata/dfdb572ccd420cfaee7888f060b12e9174d95619cb67f7ddc7bcff4a84062279-susedata.xml.gz?eyJhbGciOiJIUzI1NiJ9.eyJqdGkiOiJ3aV9VM2ZtLTVvdkpBS01tMkJOaDhBIiwiZXhwIjoxODEzNjI5OTY2LCJpYXQiOjE3ODIwOTM5NjYsIm5iZiI6MTc4MjA5Mzg0Niwib3JnIjoxLCJvbmx5Q2hhbm5lbHMiOlsic2xlLW1vZHVsZS1zZXJ2ZXItYXBwbGljYXRpb25zMTUtc3A3LXBvb2wteDg2XzY0Il19.cU2Y4ftHSHa57avklpwC_3n-J0jaA9JXrWb93Y5ApjI HTTP/1.1" 200 37848
172.16.3.5 - - [22/Jun/2026:04:06:33 +0200] "POST /rhn/manager/frontend-log HTTP/1.1" 200 42
172.16.3.7 - - [22/Jun/2026:04:06:33 +0200] "HEAD /rhn/manager/download/sle-module-server-applications15-sp7-updates-x86_64/repodata/repomd.xml?eyJhbGciOiJIUzI1NiJ9.eyJqdGkiOiJGZ3lqeW1iVmtmVEhFWjkzd1phcWh3IiwiZXhwIjoxODEzNjI5OTY2LCJpYXQiOjE3ODIwOTM5NjYsIm5iZiI6MTc4MjA5Mzg0Niwib3JnIjoxLCJvbmx5Q2hhbm5lbHMiOlsic2xlLW1vZHVsZS1zZXJ2ZXItYXBwbGljYXRpb25zMTUtc3A3LXVwZGF0ZXMteDg2XzY0Il19.VUuNkhdVIa5ynpu9ezoIefXMIy-FtJcZnwOFUL_kgms HTTP/1.1" 200 -
172.16.3.5 - - [22/Jun/2026:04:06:33 +0200] "GET /rhn/manager/api/systems/list/all?p=1&ps=100&s=1&sc=server_name HTTP/1.1" 200 596
172.16.3.7 - - [22/Jun/2026:04:06:33 +0200] "HEAD /rhn/manager/download/sle-module-server-applications15-sp7-updates-x86_64/media.1/media?eyJhbGciOiJIUzI1NiJ9.eyJqdGkiOiJGZ3lqeW1iVmtmVEhFWjkzd1phcWh3IiwiZXhwIjoxODEzNjI5OTY2LCJpYXQiOjE3ODIwOTM5NjYsIm5iZiI6MTc4MjA5Mzg0Niwib3JnIjoxLCJvbmx5Q2hhbm5lbHMiOlsic2xlLW1vZHVsZS1zZXJ2ZXItYXBwbGljYXRpb25zMTUtc3A3LXVwZGF0ZXMteDg2XzY0Il19.VUuNkhdVIa5ynpu9ezoIefXMIy-FtJcZnwOFUL_kgms HTTP/1.1" 404 -
172.16.3.5 - - [22/Jun/2026:04:06:09 +0200] "GET /rhn/websocket/notifications HTTP/1.1" 101 -
172.16.3.7 - - [22/Jun/2026:04:06:33 +0200] "HEAD /rhn/manager/download/sle-module-server-applications15-sp7-updates-x86_64/repodata/repomd.xml?eyJhbGciOiJIUzI1NiJ9.eyJqdGkiOiJGZ3lqeW1iVmtmVEhFWjkzd1phcWh3IiwiZXhwIjoxODEzNjI5OTY2LCJpYXQiOjE3ODIwOTM5NjYsIm5iZiI6MTc4MjA5Mzg0Niwib3JnIjoxLCJvbmx5Q2hhbm5lbHMiOlsic2xlLW1vZHVsZS1zZXJ2ZXItYXBwbGljYXRpb25zMTUtc3A3LXVwZGF0ZXMteDg2XzY0Il19.VUuNkhdVIa5ynpu9ezoIefXMIy-FtJcZnwOFUL_kgms HTTP/1.1" 200 -
172.16.3.5 - - [22/Jun/2026:04:06:33 +0200] "POST /rhn/manager/api/sets/system_list HTTP/1.1" 200 27
172.16.3.7 - - [22/Jun/2026:04:06:34 +0200] "GET /rhn/manager/download/sle-module-server-applications15-sp7-updates-x86_64/repodata/repomd.xml?eyJhbGciOiJIUzI1NiJ9.eyJqdGkiOiJGZ3lqeW1iVmtmVEhFWjkzd1phcWh3IiwiZXhwIjoxODEzNjI5OTY2LCJpYXQiOjE3ODIwOTM5NjYsIm5iZiI6MTc4MjA5Mzg0Niwib3JnIjoxLCJvbmx5Q2hhbm5lbHMiOlsic2xlLW1vZHVsZS1zZXJ2ZXItYXBwbGljYXRpb25zMTUtc3A3LXVwZGF0ZXMteDg2XzY0Il19.VUuNkhdVIa5ynpu9ezoIefXMIy-FtJcZnwOFUL_kgms HTTP/1.1" 200 1987
172.16.3.5 - - [22/Jun/2026:04:06:33 +0200] "GET /rhn/systems/details/history/Pending.do?sid=1000010002& HTTP/1.1" 200 6904
172.16.3.5 - - [22/Jun/2026:04:06:27 +0200] "GET /rhn/websocket/notifications HTTP/1.1" 101 -
172.16.3.7 - - [22/Jun/2026:04:06:34 +0200] "HEAD /rhn/manager/download/sle-module-server-applications15-sp7-updates-x86_64/repodata/repomd.xml.asc?eyJhbGciOiJIUzI1NiJ9.eyJqdGkiOiJGZ3lqeW1iVmtmVEhFWjkzd1phcWh3IiwiZXhwIjoxODEzNjI5OTY2LCJpYXQiOjE3ODIwOTM5NjYsIm5iZiI6MTc4MjA5Mzg0Niwib3JnIjoxLCJvbmx5Q2hhbm5lbHMiOlsic2xlLW1vZHVsZS1zZXJ2ZXItYXBwbGljYXRpb25zMTUtc3A3LXVwZGF0ZXMteDg2XzY0Il19.VUuNkhdVIa5ynpu9ezoIefXMIy-FtJcZnwOFUL_kgms HTTP/1.1" 404 -
172.16.3.5 - - [22/Jun/2026:04:06:34 +0200] "POST /rhn/manager/frontend-log HTTP/1.1" 200 42
172.16.3.7 - - [22/Jun/2026:04:06:34 +0200] "HEAD /rhn/manager/download/sle-module-server-applications15-sp7-updates-x86_64/repodata/c09cf09b86fb5f1eaee9e49869b1d685c9c72a41261e13c5971b6315993d011a-primary.xml.gz?eyJhbGciOiJIUzI1NiJ9.eyJqdGkiOiJGZ3lqeW1iVmtmVEhFWjkzd1phcWh3IiwiZXhwIjoxODEzNjI5OTY2LCJpYXQiOjE3ODIwOTM5NjYsIm5iZiI6MTc4MjA5Mzg0Niwib3JnIjoxLCJvbmx5Q2hhbm5lbHMiOlsic2xlLW1vZHVsZS1zZXJ2ZXItYXBwbGljYXRpb25zMTUtc3A3LXVwZGF0ZXMteDg2XzY0Il19.VUuNkhdVIa5ynpu9ezoIefXMIy-FtJcZnwOFUL_kgms HTTP/1.1" 200 -
172.16.3.5 - - [22/Jun/2026:04:06:34 +0200] "POST /rhn/manager/frontend-log HTTP/1.1" 200 42
172.16.3.5 - - [22/Jun/2026:04:06:21 +0200] "GET /rhn/websocket/notifications HTTP/1.1" 101 -
172.16.3.7 - - [22/Jun/2026:04:06:34 +0200] "GET /rhn/manager/download/sle-module-server-applications15-sp7-updates-x86_64/repodata/c09cf09b86fb5f1eaee9e49869b1d685c9c72a41261e13c5971b6315993d011a-primary.xml.gz?eyJhbGciOiJIUzI1NiJ9.eyJqdGkiOiJGZ3lqeW1iVmtmVEhFWjkzd1phcWh3IiwiZXhwIjoxODEzNjI5OTY2LCJpYXQiOjE3ODIwOTM5NjYsIm5iZiI6MTc4MjA5Mzg0Niwib3JnIjoxLCJvbmx5Q2hhbm5lbHMiOlsic2xlLW1vZHVsZS1zZXJ2ZXItYXBwbGljYXRpb25zMTUtc3A3LXVwZGF0ZXMteDg2XzY0Il19.VUuNkhdVIa5ynpu9ezoIefXMIy-FtJcZnwOFUL_kgms HTTP/1.1" 200 459756
172.16.3.7 - - [22/Jun/2026:04:06:34 +0200] "HEAD /rhn/manager/download/sle-module-server-applications15-sp7-updates-x86_64/repodata/70060c7b59e5856c4b73429d2d229a6fee7f815bd1ab443b39b9f18e74336d37-susedata.xml.gz?eyJhbGciOiJIUzI1NiJ9.eyJqdGkiOiJGZ3lqeW1iVmtmVEhFWjkzd1phcWh3IiwiZXhwIjoxODEzNjI5OTY2LCJpYXQiOjE3ODIwOTM5NjYsIm5iZiI6MTc4MjA5Mzg0Niwib3JnIjoxLCJvbmx5Q2hhbm5lbHMiOlsic2xlLW1vZHVsZS1zZXJ2ZXItYXBwbGljYXRpb25zMTUtc3A3LXVwZGF0ZXMteDg2XzY0Il19.VUuNkhdVIa5ynpu9ezoIefXMIy-FtJcZnwOFUL_kgms HTTP/1.1" 200 -
172.16.3.5 - - [22/Jun/2026:04:06:34 +0200] "GET /rhn/manager/systems/list/all HTTP/1.1" 200 5365
172.16.3.7 - - [22/Jun/2026:04:06:34 +0200] "GET /rhn/manager/download/sle-module-server-applications15-sp7-updates-x86_64/repodata/70060c7b59e5856c4b73429d2d229a6fee7f815bd1ab443b39b9f18e74336d37-susedata.xml.gz?eyJhbGciOiJIUzI1NiJ9.eyJqdGkiOiJGZ3lqeW1iVmtmVEhFWjkzd1phcWh3IiwiZXhwIjoxODEzNjI5OTY2LCJpYXQiOjE3ODIwOTM5NjYsIm5iZiI6MTc4MjA5Mzg0Niwib3JnIjoxLCJvbmx5Q2hhbm5lbHMiOlsic2xlLW1vZHVsZS1zZXJ2ZXItYXBwbGljYXRpb25zMTUtc3A3LXVwZGF0ZXMteDg2XzY0Il19.VUuNkhdVIa5ynpu9ezoIefXMIy-FtJcZnwOFUL_kgms HTTP/1.1" 200 44978
172.16.3.5 - - [22/Jun/2026:04:06:21 +0200] "GET /rhn/websocket/notifications HTTP/1.1" 101 -
172.16.3.7 - - [22/Jun/2026:04:06:34 +0200] "HEAD /rhn/manager/download/sle-module-server-applications15-sp7-updates-x86_64/repodata/f0109d889a7cbd76dc2c90ba31377f88aa6563793fea599f6b3e873394b10c49-updateinfo.xml.gz?eyJhbGciOiJIUzI1NiJ9.eyJqdGkiOiJGZ3lqeW1iVmtmVEhFWjkzd1phcWh3IiwiZXhwIjoxODEzNjI5OTY2LCJpYXQiOjE3ODIwOTM5NjYsIm5iZiI6MTc4MjA5Mzg0Niwib3JnIjoxLCJvbmx5Q2hhbm5lbHMiOlsic2xlLW1vZHVsZS1zZXJ2ZXItYXBwbGljYXRpb25zMTUtc3A3LXVwZGF0ZXMteDg2XzY0Il19.VUuNkhdVIa5ynpu9ezoIefXMIy-FtJcZnwOFUL_kgms HTTP/1.1" 200 -
172.16.3.5 - - [22/Jun/2026:04:06:34 +0200] "POST /rhn/manager/frontend-log HTTP/1.1" 200 42
172.16.3.7 - - [22/Jun/2026:04:06:35 +0200] "GET /rhn/manager/download/sle-module-server-applications15-sp7-updates-x86_64/repodata/f0109d889a7cbd76dc2c90ba31377f88aa6563793fea599f6b3e873394b10c49-updateinfo.xml.gz?eyJhbGciOiJIUzI1NiJ9.eyJqdGkiOiJGZ3lqeW1iVmtmVEhFWjkzd1phcWh3IiwiZXhwIjoxODEzNjI5OTY2LCJpYXQiOjE3ODIwOTM5NjYsIm5iZiI6MTc4MjA5Mzg0Niwib3JnIjoxLCJvbmx5Q2hhbm5lbHMiOlsic2xlLW1vZHVsZS1zZXJ2ZXItYXBwbGljYXRpb25zMTUtc3A3LXVwZGF0ZXMteDg2XzY0Il19.VUuNkhdVIa5ynpu9ezoIefXMIy-FtJcZnwOFUL_kgms HTTP/1.1" 200 106871
172.16.3.5 - - [22/Jun/2026:04:06:34 +0200] "POST /rhn/manager/frontend-log HTTP/1.1" 200 42
172.16.3.5 - - [22/Jun/2026:04:06:11 +0200] "GET /rhn/websocket/notifications HTTP/1.1" 101 -
172.16.3.5 - - [22/Jun/2026:04:06:35 +0200] "GET /rhn/manager/api/systems/list/all?p=1&ps=100&s=1&sc=server_name HTTP/1.1" 200 596
172.16.3.7 - - [22/Jun/2026:04:06:35 +0200] "HEAD /rhn/manager/download/sle-module-systems-management-15-sp7-pool-x86_64/repodata/repomd.xml?eyJhbGciOiJIUzI1NiJ9.eyJqdGkiOiIwbHdCS3N0MERzdllOQ2p6bjR5RVBRIiwiZXhwIjoxODEzNjI5OTY2LCJpYXQiOjE3ODIwOTM5NjYsIm5iZiI6MTc4MjA5Mzg0Niwib3JnIjoxLCJvbmx5Q2hhbm5lbHMiOlsic2xlLW1vZHVsZS1zeXN0ZW1zLW1hbmFnZW1lbnQtMTUtc3A3LXBvb2wteDg2XzY0Il19.XZeJXQZmlEI523zXt7Z-L_5VENpK5b1LcQV3zNCV_u0 HTTP/1.1" 200 -
172.16.3.7 - - [22/Jun/2026:04:06:35 +0200] "HEAD /rhn/manager/download/sle-module-systems-management-15-sp7-pool-x86_64/media.1/media?eyJhbGciOiJIUzI1NiJ9.eyJqdGkiOiIwbHdCS3N0MERzdllOQ2p6bjR5RVBRIiwiZXhwIjoxODEzNjI5OTY2LCJpYXQiOjE3ODIwOTM5NjYsIm5iZiI6MTc4MjA5Mzg0Niwib3JnIjoxLCJvbmx5Q2hhbm5lbHMiOlsic2xlLW1vZHVsZS1zeXN0ZW1zLW1hbmFnZW1lbnQtMTUtc3A3LXBvb2wteDg2XzY0Il19.XZeJXQZmlEI523zXt7Z-L_5VENpK5b1LcQV3zNCV_u0 HTTP/1.1" 404 -
172.16.3.5 - - [22/Jun/2026:04:06:35 +0200] "POST /rhn/manager/api/sets/system_list HTTP/1.1" 200 27
172.16.3.5 - - [22/Jun/2026:04:06:35 +0200] "GET /rhn/systems/details/history/Pending.do?sid=1000010001& HTTP/1.1" 200 6915
172.16.3.5 - - [22/Jun/2026:04:06:29 +0200] "GET /rhn/websocket/notifications HTTP/1.1" 101 -
172.16.3.7 - - [22/Jun/2026:04:06:35 +0200] "HEAD /rhn/manager/download/sle-module-systems-management-15-sp7-pool-x86_64/repodata/repomd.xml?eyJhbGciOiJIUzI1NiJ9.eyJqdGkiOiIwbHdCS3N0MERzdllOQ2p6bjR5RVBRIiwiZXhwIjoxODEzNjI5OTY2LCJpYXQiOjE3ODIwOTM5NjYsIm5iZiI6MTc4MjA5Mzg0Niwib3JnIjoxLCJvbmx5Q2hhbm5lbHMiOlsic2xlLW1vZHVsZS1zeXN0ZW1zLW1hbmFnZW1lbnQtMTUtc3A3LXBvb2wteDg2XzY0Il19.XZeJXQZmlEI523zXt7Z-L_5VENpK5b1LcQV3zNCV_u0 HTTP/1.1" 200 -
172.16.3.5 - - [22/Jun/2026:04:06:35 +0200] "POST /rhn/manager/frontend-log HTTP/1.1" 200 42
172.16.3.7 - - [22/Jun/2026:04:06:35 +0200] "GET /rhn/manager/download/sle-module-systems-management-15-sp7-pool-x86_64/repodata/repomd.xml?eyJhbGciOiJIUzI1NiJ9.eyJqdGkiOiIwbHdCS3N0MERzdllOQ2p6bjR5RVBRIiwiZXhwIjoxODEzNjI5OTY2LCJpYXQiOjE3ODIwOTM5NjYsIm5iZiI6MTc4MjA5Mzg0Niwib3JnIjoxLCJvbmx5Q2hhbm5lbHMiOlsic2xlLW1vZHVsZS1zeXN0ZW1zLW1hbmFnZW1lbnQtMTUtc3A3LXBvb2wteDg2XzY0Il19.XZeJXQZmlEI523zXt7Z-L_5VENpK5b1LcQV3zNCV_u0 HTTP/1.1" 200 1605
172.16.3.5 - - [22/Jun/2026:04:06:35 +0200] "POST /rhn/manager/frontend-log HTTP/1.1" 200 42
172.16.3.7 - - [22/Jun/2026:04:06:35 +0200] "HEAD /rhn/manager/download/sle-module-systems-management-15-sp7-pool-x86_64/repodata/repomd.xml.asc?eyJhbGciOiJIUzI1NiJ9.eyJqdGkiOiIwbHdCS3N0MERzdllOQ2p6bjR5RVBRIiwiZXhwIjoxODEzNjI5OTY2LCJpYXQiOjE3ODIwOTM5NjYsIm5iZiI6MTc4MjA5Mzg0Niwib3JnIjoxLCJvbmx5Q2hhbm5lbHMiOlsic2xlLW1vZHVsZS1zeXN0ZW1zLW1hbmFnZW1lbnQtMTUtc3A3LXBvb2wteDg2XzY0Il19.XZeJXQZmlEI523zXt7Z-L_5VENpK5b1LcQV3zNCV_u0 HTTP/1.1" 404 -
172.16.3.7 - - [22/Jun/2026:04:06:36 +0200] "HEAD /rhn/manager/download/sle-module-systems-management-15-sp7-pool-x86_64/repodata/fd81e86bd822e2339540160cdd018259daf206ec3f3f17100619fe8e7a2b4d63-primary.xml.gz?eyJhbGciOiJIUzI1NiJ9.eyJqdGkiOiIwbHdCS3N0MERzdllOQ2p6bjR5RVBRIiwiZXhwIjoxODEzNjI5OTY2LCJpYXQiOjE3ODIwOTM5NjYsIm5iZiI6MTc4MjA5Mzg0Niwib3JnIjoxLCJvbmx5Q2hhbm5lbHMiOlsic2xlLW1vZHVsZS1zeXN0ZW1zLW1hbmFnZW1lbnQtMTUtc3A3LXBvb2wteDg2XzY0Il19.XZeJXQZmlEI523zXt7Z-L_5VENpK5b1LcQV3zNCV_u0 HTTP/1.1" 200 -
172.16.3.7 - - [22/Jun/2026:04:06:36 +0200] "GET /rhn/manager/download/sle-module-systems-management-15-sp7-pool-x86_64/repodata/fd81e86bd822e2339540160cdd018259daf206ec3f3f17100619fe8e7a2b4d63-primary.xml.gz?eyJhbGciOiJIUzI1NiJ9.eyJqdGkiOiIwbHdCS3N0MERzdllOQ2p6bjR5RVBRIiwiZXhwIjoxODEzNjI5OTY2LCJpYXQiOjE3ODIwOTM5NjYsIm5iZiI6MTc4MjA5Mzg0Niwib3JnIjoxLCJvbmx5Q2hhbm5lbHMiOlsic2xlLW1vZHVsZS1zeXN0ZW1zLW1hbmFnZW1lbnQtMTUtc3A3LXBvb2wteDg2XzY0Il19.XZeJXQZmlEI523zXt7Z-L_5VENpK5b1LcQV3zNCV_u0 HTTP/1.1" 200 6162
172.16.3.7 - - [22/Jun/2026:04:06:36 +0200] "HEAD /rhn/manager/download/sle-module-systems-management-15-sp7-pool-x86_64/repodata/bb7f49dd25548c564ab33e1defb1e5668f63a9b063798989e364da0386f6a8d2-susedata.xml.gz?eyJhbGciOiJIUzI1NiJ9.eyJqdGkiOiIwbHdCS3N0MERzdllOQ2p6bjR5RVBRIiwiZXhwIjoxODEzNjI5OTY2LCJpYXQiOjE3ODIwOTM5NjYsIm5iZiI6MTc4MjA5Mzg0Niwib3JnIjoxLCJvbmx5Q2hhbm5lbHMiOlsic2xlLW1vZHVsZS1zeXN0ZW1zLW1hbmFnZW1lbnQtMTUtc3A3LXBvb2wteDg2XzY0Il19.XZeJXQZmlEI523zXt7Z-L_5VENpK5b1LcQV3zNCV_u0 HTTP/1.1" 200 -
172.16.3.7 - - [22/Jun/2026:04:06:36 +0200] "GET /rhn/manager/download/sle-module-systems-management-15-sp7-pool-x86_64/repodata/bb7f49dd25548c564ab33e1defb1e5668f63a9b063798989e364da0386f6a8d2-susedata.xml.gz?eyJhbGciOiJIUzI1NiJ9.eyJqdGkiOiIwbHdCS3N0MERzdllOQ2p6bjR5RVBRIiwiZXhwIjoxODEzNjI5OTY2LCJpYXQiOjE3ODIwOTM5NjYsIm5iZiI6MTc4MjA5Mzg0Niwib3JnIjoxLCJvbmx5Q2hhbm5lbHMiOlsic2xlLW1vZHVsZS1zeXN0ZW1zLW1hbmFnZW1lbnQtMTUtc3A3LXBvb2wteDg2XzY0Il19.XZeJXQZmlEI523zXt7Z-L_5VENpK5b1LcQV3zNCV_u0 HTTP/1.1" 200 1137
172.16.3.7 - - [22/Jun/2026:04:06:36 +0200] "HEAD /rhn/manager/download/sle-module-systems-management-15-sp7-updates-x86_64/repodata/repomd.xml?eyJhbGciOiJIUzI1NiJ9.eyJqdGkiOiJZNGJIdGp3UzQ1RFV5TXB3UjdUVFJnIiwiZXhwIjoxODEzNjI5OTY2LCJpYXQiOjE3ODIwOTM5NjYsIm5iZiI6MTc4MjA5Mzg0Niwib3JnIjoxLCJvbmx5Q2hhbm5lbHMiOlsic2xlLW1vZHVsZS1zeXN0ZW1zLW1hbmFnZW1lbnQtMTUtc3A3LXVwZGF0ZXMteDg2XzY0Il19.yRo-hPqUzKGHFF_UnlndlhHXb2BHnDcD15oXlGyR0Og HTTP/1.1" 200 -
172.16.3.7 - - [22/Jun/2026:04:06:36 +0200] "HEAD /rhn/manager/download/sle-module-systems-management-15-sp7-updates-x86_64/media.1/media?eyJhbGciOiJIUzI1NiJ9.eyJqdGkiOiJZNGJIdGp3UzQ1RFV5TXB3UjdUVFJnIiwiZXhwIjoxODEzNjI5OTY2LCJpYXQiOjE3ODIwOTM5NjYsIm5iZiI6MTc4MjA5Mzg0Niwib3JnIjoxLCJvbmx5Q2hhbm5lbHMiOlsic2xlLW1vZHVsZS1zeXN0ZW1zLW1hbmFnZW1lbnQtMTUtc3A3LXVwZGF0ZXMteDg2XzY0Il19.yRo-hPqUzKGHFF_UnlndlhHXb2BHnDcD15oXlGyR0Og HTTP/1.1" 404 -
172.16.3.7 - - [22/Jun/2026:04:06:36 +0200] "HEAD /rhn/manager/download/sle-module-systems-management-15-sp7-updates-x86_64/repodata/repomd.xml?eyJhbGciOiJIUzI1NiJ9.eyJqdGkiOiJZNGJIdGp3UzQ1RFV5TXB3UjdUVFJnIiwiZXhwIjoxODEzNjI5OTY2LCJpYXQiOjE3ODIwOTM5NjYsIm5iZiI6MTc4MjA5Mzg0Niwib3JnIjoxLCJvbmx5Q2hhbm5lbHMiOlsic2xlLW1vZHVsZS1zeXN0ZW1zLW1hbmFnZW1lbnQtMTUtc3A3LXVwZGF0ZXMteDg2XzY0Il19.yRo-hPqUzKGHFF_UnlndlhHXb2BHnDcD15oXlGyR0Og HTTP/1.1" 200 -
172.16.3.7 - - [22/Jun/2026:04:06:36 +0200] "GET /rhn/manager/download/sle-module-systems-management-15-sp7-updates-x86_64/repodata/repomd.xml?eyJhbGciOiJIUzI1NiJ9.eyJqdGkiOiJZNGJIdGp3UzQ1RFV5TXB3UjdUVFJnIiwiZXhwIjoxODEzNjI5OTY2LCJpYXQiOjE3ODIwOTM5NjYsIm5iZiI6MTc4MjA5Mzg0Niwib3JnIjoxLCJvbmx5Q2hhbm5lbHMiOlsic2xlLW1vZHVsZS1zeXN0ZW1zLW1hbmFnZW1lbnQtMTUtc3A3LXVwZGF0ZXMteDg2XzY0Il19.yRo-hPqUzKGHFF_UnlndlhHXb2BHnDcD15oXlGyR0Og HTTP/1.1" 200 1987
172.16.3.7 - - [22/Jun/2026:04:06:36 +0200] "HEAD /rhn/manager/download/sle-module-systems-management-15-sp7-updates-x86_64/repodata/repomd.xml.asc?eyJhbGciOiJIUzI1NiJ9.eyJqdGkiOiJZNGJIdGp3UzQ1RFV5TXB3UjdUVFJnIiwiZXhwIjoxODEzNjI5OTY2LCJpYXQiOjE3ODIwOTM5NjYsIm5iZiI6MTc4MjA5Mzg0Niwib3JnIjoxLCJvbmx5Q2hhbm5lbHMiOlsic2xlLW1vZHVsZS1zeXN0ZW1zLW1hbmFnZW1lbnQtMTUtc3A3LXVwZGF0ZXMteDg2XzY0Il19.yRo-hPqUzKGHFF_UnlndlhHXb2BHnDcD15oXlGyR0Og HTTP/1.1" 404 -
172.16.3.7 - - [22/Jun/2026:04:06:37 +0200] "HEAD /rhn/manager/download/sle-module-systems-management-15-sp7-updates-x86_64/repodata/e556eeddb44cfd945ef26366db9342410238d0375acc8939fc864f075247eab1-primary.xml.gz?eyJhbGciOiJIUzI1NiJ9.eyJqdGkiOiJZNGJIdGp3UzQ1RFV5TXB3UjdUVFJnIiwiZXhwIjoxODEzNjI5OTY2LCJpYXQiOjE3ODIwOTM5NjYsIm5iZiI6MTc4MjA5Mzg0Niwib3JnIjoxLCJvbmx5Q2hhbm5lbHMiOlsic2xlLW1vZHVsZS1zeXN0ZW1zLW1hbmFnZW1lbnQtMTUtc3A3LXVwZGF0ZXMteDg2XzY0Il19.yRo-hPqUzKGHFF_UnlndlhHXb2BHnDcD15oXlGyR0Og HTTP/1.1" 200 -
172.16.3.7 - - [22/Jun/2026:04:06:37 +0200] "GET /rhn/manager/download/sle-module-systems-management-15-sp7-updates-x86_64/repodata/e556eeddb44cfd945ef26366db9342410238d0375acc8939fc864f075247eab1-primary.xml.gz?eyJhbGciOiJIUzI1NiJ9.eyJqdGkiOiJZNGJIdGp3UzQ1RFV5TXB3UjdUVFJnIiwiZXhwIjoxODEzNjI5OTY2LCJpYXQiOjE3ODIwOTM5NjYsIm5iZiI6MTc4MjA5Mzg0Niwib3JnIjoxLCJvbmx5Q2hhbm5lbHMiOlsic2xlLW1vZHVsZS1zeXN0ZW1zLW1hbmFnZW1lbnQtMTUtc3A3LXVwZGF0ZXMteDg2XzY0Il19.yRo-hPqUzKGHFF_UnlndlhHXb2BHnDcD15oXlGyR0Og HTTP/1.1" 200 14450
172.16.3.7 - - [22/Jun/2026:04:06:37 +0200] "HEAD /rhn/manager/download/sle-module-systems-management-15-sp7-updates-x86_64/repodata/860a8ffd2e631d23d2e7e19d0bb2ec71704b82672341c7e80418b42f7f6aaea2-susedata.xml.gz?eyJhbGciOiJIUzI1NiJ9.eyJqdGkiOiJZNGJIdGp3UzQ1RFV5TXB3UjdUVFJnIiwiZXhwIjoxODEzNjI5OTY2LCJpYXQiOjE3ODIwOTM5NjYsIm5iZiI6MTc4MjA5Mzg0Niwib3JnIjoxLCJvbmx5Q2hhbm5lbHMiOlsic2xlLW1vZHVsZS1zeXN0ZW1zLW1hbmFnZW1lbnQtMTUtc3A3LXVwZGF0ZXMteDg2XzY0Il19.yRo-hPqUzKGHFF_UnlndlhHXb2BHnDcD15oXlGyR0Og HTTP/1.1" 200 -
172.16.3.7 - - [22/Jun/2026:04:06:37 +0200] "GET /rhn/manager/download/sle-module-systems-management-15-sp7-updates-x86_64/repodata/860a8ffd2e631d23d2e7e19d0bb2ec71704b82672341c7e80418b42f7f6aaea2-susedata.xml.gz?eyJhbGciOiJIUzI1NiJ9.eyJqdGkiOiJZNGJIdGp3UzQ1RFV5TXB3UjdUVFJnIiwiZXhwIjoxODEzNjI5OTY2LCJpYXQiOjE3ODIwOTM5NjYsIm5iZiI6MTc4MjA5Mzg0Niwib3JnIjoxLCJvbmx5Q2hhbm5lbHMiOlsic2xlLW1vZHVsZS1zeXN0ZW1zLW1hbmFnZW1lbnQtMTUtc3A3LXVwZGF0ZXMteDg2XzY0Il19.yRo-hPqUzKGHFF_UnlndlhHXb2BHnDcD15oXlGyR0Og HTTP/1.1" 200 2504
