172.16.3.7 - - [22/Jun/2026:04:07:36 +0200] "HEAD /rhn/manager/download/sle-module-python3-15-sp7-updates-x86_64/repodata/e3a6fe7e70d3938175c2fa79e47499ced80b009cf9a0db8d177370700e0c5493-updateinfo.xml.gz?eyJhbGciOiJIUzI1NiJ9.eyJqdGkiOiJTNmVwOHNNYVJCQW5jdmVpbE8tUkd3IiwiZXhwIjoxODEzNjI5OTY2LCJpYXQiOjE3ODIwOTM5NjYsIm5iZiI6MTc4MjA5Mzg0Niwib3JnIjoxLCJvbmx5Q2hhbm5lbHMiOlsic2xlLW1vZHVsZS1weXRob24zLTE1LXNwNy11cGRhdGVzLXg4Nl82NCJdfQ.-VdH84utd37gNH5H3yfTyeH--e5edfwYEVvDYIhloOc HTTP/1.1" 200 -
172.16.3.5 - - [22/Jun/2026:04:07:35 +0200] "GET /rhn/systems/details/Overview.do?sid=1000010000 HTTP/1.1" 200 6787
172.16.3.5 - - [22/Jun/2026:04:07:33 +0200] "GET /rhn/websocket/notifications HTTP/1.1" 101 -
172.16.3.7 - - [22/Jun/2026:04:07:36 +0200] "GET /rhn/manager/download/sle-module-python3-15-sp7-updates-x86_64/repodata/e3a6fe7e70d3938175c2fa79e47499ced80b009cf9a0db8d177370700e0c5493-updateinfo.xml.gz?eyJhbGciOiJIUzI1NiJ9.eyJqdGkiOiJTNmVwOHNNYVJCQW5jdmVpbE8tUkd3IiwiZXhwIjoxODEzNjI5OTY2LCJpYXQiOjE3ODIwOTM5NjYsIm5iZiI6MTc4MjA5Mzg0Niwib3JnIjoxLCJvbmx5Q2hhbm5lbHMiOlsic2xlLW1vZHVsZS1weXRob24zLTE1LXNwNy11cGRhdGVzLXg4Nl82NCJdfQ.-VdH84utd37gNH5H3yfTyeH--e5edfwYEVvDYIhloOc HTTP/1.1" 304 -
172.16.3.5 - - [22/Jun/2026:04:07:36 +0200] "POST /rhn/manager/frontend-log HTTP/1.1" 200 42
172.16.3.7 - - [22/Jun/2026:04:07:36 +0200] "HEAD /rhn/manager/download/sle-module-server-applications15-sp7-updates-x86_64/repodata/repomd.xml?eyJhbGciOiJIUzI1NiJ9.eyJqdGkiOiJGZ3lqeW1iVmtmVEhFWjkzd1phcWh3IiwiZXhwIjoxODEzNjI5OTY2LCJpYXQiOjE3ODIwOTM5NjYsIm5iZiI6MTc4MjA5Mzg0Niwib3JnIjoxLCJvbmx5Q2hhbm5lbHMiOlsic2xlLW1vZHVsZS1zZXJ2ZXItYXBwbGljYXRpb25zMTUtc3A3LXVwZGF0ZXMteDg2XzY0Il19.VUuNkhdVIa5ynpu9ezoIefXMIy-FtJcZnwOFUL_kgms HTTP/1.1" 200 -
172.16.3.5 - - [22/Jun/2026:04:07:36 +0200] "POST /rhn/manager/frontend-log HTTP/1.1" 200 42
172.16.3.7 - - [22/Jun/2026:04:07:36 +0200] "HEAD /rhn/manager/download/sle-module-server-applications15-sp7-updates-x86_64/media.1/media?eyJhbGciOiJIUzI1NiJ9.eyJqdGkiOiJGZ3lqeW1iVmtmVEhFWjkzd1phcWh3IiwiZXhwIjoxODEzNjI5OTY2LCJpYXQiOjE3ODIwOTM5NjYsIm5iZiI6MTc4MjA5Mzg0Niwib3JnIjoxLCJvbmx5Q2hhbm5lbHMiOlsic2xlLW1vZHVsZS1zZXJ2ZXItYXBwbGljYXRpb25zMTUtc3A3LXVwZGF0ZXMteDg2XzY0Il19.VUuNkhdVIa5ynpu9ezoIefXMIy-FtJcZnwOFUL_kgms HTTP/1.1" 404 -
172.16.3.7 - - [22/Jun/2026:04:07:36 +0200] "HEAD /rhn/manager/download/sle-module-server-applications15-sp7-updates-x86_64/repodata/repomd.xml?eyJhbGciOiJIUzI1NiJ9.eyJqdGkiOiJGZ3lqeW1iVmtmVEhFWjkzd1phcWh3IiwiZXhwIjoxODEzNjI5OTY2LCJpYXQiOjE3ODIwOTM5NjYsIm5iZiI6MTc4MjA5Mzg0Niwib3JnIjoxLCJvbmx5Q2hhbm5lbHMiOlsic2xlLW1vZHVsZS1zZXJ2ZXItYXBwbGljYXRpb25zMTUtc3A3LXVwZGF0ZXMteDg2XzY0Il19.VUuNkhdVIa5ynpu9ezoIefXMIy-FtJcZnwOFUL_kgms HTTP/1.1" 200 -
172.16.3.7 - - [22/Jun/2026:04:07:36 +0200] "GET /rhn/manager/download/sle-module-server-applications15-sp7-updates-x86_64/repodata/repomd.xml?eyJhbGciOiJIUzI1NiJ9.eyJqdGkiOiJGZ3lqeW1iVmtmVEhFWjkzd1phcWh3IiwiZXhwIjoxODEzNjI5OTY2LCJpYXQiOjE3ODIwOTM5NjYsIm5iZiI6MTc4MjA5Mzg0Niwib3JnIjoxLCJvbmx5Q2hhbm5lbHMiOlsic2xlLW1vZHVsZS1zZXJ2ZXItYXBwbGljYXRpb25zMTUtc3A3LXVwZGF0ZXMteDg2XzY0Il19.VUuNkhdVIa5ynpu9ezoIefXMIy-FtJcZnwOFUL_kgms HTTP/1.1" 304 -
172.16.3.7 - - [22/Jun/2026:04:07:37 +0200] "HEAD /rhn/manager/download/sle-module-server-applications15-sp7-updates-x86_64/repodata/repomd.xml.asc?eyJhbGciOiJIUzI1NiJ9.eyJqdGkiOiJGZ3lqeW1iVmtmVEhFWjkzd1phcWh3IiwiZXhwIjoxODEzNjI5OTY2LCJpYXQiOjE3ODIwOTM5NjYsIm5iZiI6MTc4MjA5Mzg0Niwib3JnIjoxLCJvbmx5Q2hhbm5lbHMiOlsic2xlLW1vZHVsZS1zZXJ2ZXItYXBwbGljYXRpb25zMTUtc3A3LXVwZGF0ZXMteDg2XzY0Il19.VUuNkhdVIa5ynpu9ezoIefXMIy-FtJcZnwOFUL_kgms HTTP/1.1" 404 -
172.16.3.7 - - [22/Jun/2026:04:07:37 +0200] "HEAD /rhn/manager/download/sle-module-server-applications15-sp7-updates-x86_64/repodata/c09cf09b86fb5f1eaee9e49869b1d685c9c72a41261e13c5971b6315993d011a-primary.xml.gz?eyJhbGciOiJIUzI1NiJ9.eyJqdGkiOiJGZ3lqeW1iVmtmVEhFWjkzd1phcWh3IiwiZXhwIjoxODEzNjI5OTY2LCJpYXQiOjE3ODIwOTM5NjYsIm5iZiI6MTc4MjA5Mzg0Niwib3JnIjoxLCJvbmx5Q2hhbm5lbHMiOlsic2xlLW1vZHVsZS1zZXJ2ZXItYXBwbGljYXRpb25zMTUtc3A3LXVwZGF0ZXMteDg2XzY0Il19.VUuNkhdVIa5ynpu9ezoIefXMIy-FtJcZnwOFUL_kgms HTTP/1.1" 200 -
172.16.3.5 - - [22/Jun/2026:04:07:36 +0200] "GET /rhn/systems/details/Overview.do?sid=1000010000& HTTP/1.1" 200 6787
172.16.3.5 - - [22/Jun/2026:04:07:37 +0200] "GET /img/favicon.ico?q=0.696239589708527 HTTP/1.1" 200 1150
172.16.3.7 - - [22/Jun/2026:04:07:37 +0200] "GET /rhn/manager/download/sle-module-server-applications15-sp7-updates-x86_64/repodata/c09cf09b86fb5f1eaee9e49869b1d685c9c72a41261e13c5971b6315993d011a-primary.xml.gz?eyJhbGciOiJIUzI1NiJ9.eyJqdGkiOiJGZ3lqeW1iVmtmVEhFWjkzd1phcWh3IiwiZXhwIjoxODEzNjI5OTY2LCJpYXQiOjE3ODIwOTM5NjYsIm5iZiI6MTc4MjA5Mzg0Niwib3JnIjoxLCJvbmx5Q2hhbm5lbHMiOlsic2xlLW1vZHVsZS1zZXJ2ZXItYXBwbGljYXRpb25zMTUtc3A3LXVwZGF0ZXMteDg2XzY0Il19.VUuNkhdVIa5ynpu9ezoIefXMIy-FtJcZnwOFUL_kgms HTTP/1.1" 304 -
172.16.3.5 - - [22/Jun/2026:04:07:37 +0200] "POST /rhn/manager/frontend-log HTTP/1.1" 200 42
172.16.3.7 - - [22/Jun/2026:04:07:37 +0200] "HEAD /rhn/manager/download/sle-module-server-applications15-sp7-updates-x86_64/repodata/70060c7b59e5856c4b73429d2d229a6fee7f815bd1ab443b39b9f18e74336d37-susedata.xml.gz?eyJhbGciOiJIUzI1NiJ9.eyJqdGkiOiJGZ3lqeW1iVmtmVEhFWjkzd1phcWh3IiwiZXhwIjoxODEzNjI5OTY2LCJpYXQiOjE3ODIwOTM5NjYsIm5iZiI6MTc4MjA5Mzg0Niwib3JnIjoxLCJvbmx5Q2hhbm5lbHMiOlsic2xlLW1vZHVsZS1zZXJ2ZXItYXBwbGljYXRpb25zMTUtc3A3LXVwZGF0ZXMteDg2XzY0Il19.VUuNkhdVIa5ynpu9ezoIefXMIy-FtJcZnwOFUL_kgms HTTP/1.1" 200 -
172.16.3.7 - - [22/Jun/2026:04:07:37 +0200] "GET /rhn/manager/download/sle-module-server-applications15-sp7-updates-x86_64/repodata/70060c7b59e5856c4b73429d2d229a6fee7f815bd1ab443b39b9f18e74336d37-susedata.xml.gz?eyJhbGciOiJIUzI1NiJ9.eyJqdGkiOiJGZ3lqeW1iVmtmVEhFWjkzd1phcWh3IiwiZXhwIjoxODEzNjI5OTY2LCJpYXQiOjE3ODIwOTM5NjYsIm5iZiI6MTc4MjA5Mzg0Niwib3JnIjoxLCJvbmx5Q2hhbm5lbHMiOlsic2xlLW1vZHVsZS1zZXJ2ZXItYXBwbGljYXRpb25zMTUtc3A3LXVwZGF0ZXMteDg2XzY0Il19.VUuNkhdVIa5ynpu9ezoIefXMIy-FtJcZnwOFUL_kgms HTTP/1.1" 304 -
172.16.3.5 - - [22/Jun/2026:04:07:37 +0200] "GET /rhn/websocket/notifications HTTP/1.1" 101 -
172.16.3.7 - - [22/Jun/2026:04:07:37 +0200] "HEAD /rhn/manager/download/sle-module-server-applications15-sp7-updates-x86_64/repodata/f0109d889a7cbd76dc2c90ba31377f88aa6563793fea599f6b3e873394b10c49-updateinfo.xml.gz?eyJhbGciOiJIUzI1NiJ9.eyJqdGkiOiJGZ3lqeW1iVmtmVEhFWjkzd1phcWh3IiwiZXhwIjoxODEzNjI5OTY2LCJpYXQiOjE3ODIwOTM5NjYsIm5iZiI6MTc4MjA5Mzg0Niwib3JnIjoxLCJvbmx5Q2hhbm5lbHMiOlsic2xlLW1vZHVsZS1zZXJ2ZXItYXBwbGljYXRpb25zMTUtc3A3LXVwZGF0ZXMteDg2XzY0Il19.VUuNkhdVIa5ynpu9ezoIefXMIy-FtJcZnwOFUL_kgms HTTP/1.1" 200 -
172.16.3.7 - - [22/Jun/2026:04:07:37 +0200] "GET /rhn/manager/download/sle-module-server-applications15-sp7-updates-x86_64/repodata/f0109d889a7cbd76dc2c90ba31377f88aa6563793fea599f6b3e873394b10c49-updateinfo.xml.gz?eyJhbGciOiJIUzI1NiJ9.eyJqdGkiOiJGZ3lqeW1iVmtmVEhFWjkzd1phcWh3IiwiZXhwIjoxODEzNjI5OTY2LCJpYXQiOjE3ODIwOTM5NjYsIm5iZiI6MTc4MjA5Mzg0Niwib3JnIjoxLCJvbmx5Q2hhbm5lbHMiOlsic2xlLW1vZHVsZS1zZXJ2ZXItYXBwbGljYXRpb25zMTUtc3A3LXVwZGF0ZXMteDg2XzY0Il19.VUuNkhdVIa5ynpu9ezoIefXMIy-FtJcZnwOFUL_kgms HTTP/1.1" 304 -
172.16.3.5 - - [22/Jun/2026:04:07:37 +0200] "GET /rhn/systems/details/ProxyClients.do?sid=1000010000& HTTP/1.1" 200 8073
172.16.3.7 - - [22/Jun/2026:04:07:38 +0200] "HEAD /rhn/manager/download/sle-module-systems-management-15-sp7-updates-x86_64/repodata/repomd.xml?eyJhbGciOiJIUzI1NiJ9.eyJqdGkiOiJZNGJIdGp3UzQ1RFV5TXB3UjdUVFJnIiwiZXhwIjoxODEzNjI5OTY2LCJpYXQiOjE3ODIwOTM5NjYsIm5iZiI6MTc4MjA5Mzg0Niwib3JnIjoxLCJvbmx5Q2hhbm5lbHMiOlsic2xlLW1vZHVsZS1zeXN0ZW1zLW1hbmFnZW1lbnQtMTUtc3A3LXVwZGF0ZXMteDg2XzY0Il19.yRo-hPqUzKGHFF_UnlndlhHXb2BHnDcD15oXlGyR0Og HTTP/1.1" 200 -
172.16.3.7 - - [22/Jun/2026:04:07:38 +0200] "HEAD /rhn/manager/download/sle-module-systems-management-15-sp7-updates-x86_64/media.1/media?eyJhbGciOiJIUzI1NiJ9.eyJqdGkiOiJZNGJIdGp3UzQ1RFV5TXB3UjdUVFJnIiwiZXhwIjoxODEzNjI5OTY2LCJpYXQiOjE3ODIwOTM5NjYsIm5iZiI6MTc4MjA5Mzg0Niwib3JnIjoxLCJvbmx5Q2hhbm5lbHMiOlsic2xlLW1vZHVsZS1zeXN0ZW1zLW1hbmFnZW1lbnQtMTUtc3A3LXVwZGF0ZXMteDg2XzY0Il19.yRo-hPqUzKGHFF_UnlndlhHXb2BHnDcD15oXlGyR0Og HTTP/1.1" 404 -
172.16.3.5 - - [22/Jun/2026:04:07:38 +0200] "GET /img/favicon.ico?q=0.6961372049410403 HTTP/1.1" 200 1150
172.16.3.5 - - [22/Jun/2026:04:07:37 +0200] "POST /rhn/manager/api/auth/login HTTP/1.1" 200 42
172.16.3.5 - - [22/Jun/2026:04:07:01 +0200] "GET /rhn/websocket/notifications HTTP/1.1" 101 -
172.16.3.5 - - [22/Jun/2026:04:07:38 +0200] "POST /rhn/manager/frontend-log HTTP/1.1" 200 42
172.16.3.7 - - [22/Jun/2026:04:07:38 +0200] "HEAD /rhn/manager/download/sle-module-systems-management-15-sp7-updates-x86_64/repodata/repomd.xml?eyJhbGciOiJIUzI1NiJ9.eyJqdGkiOiJZNGJIdGp3UzQ1RFV5TXB3UjdUVFJnIiwiZXhwIjoxODEzNjI5OTY2LCJpYXQiOjE3ODIwOTM5NjYsIm5iZiI6MTc4MjA5Mzg0Niwib3JnIjoxLCJvbmx5Q2hhbm5lbHMiOlsic2xlLW1vZHVsZS1zeXN0ZW1zLW1hbmFnZW1lbnQtMTUtc3A3LXVwZGF0ZXMteDg2XzY0Il19.yRo-hPqUzKGHFF_UnlndlhHXb2BHnDcD15oXlGyR0Og HTTP/1.1" 200 -
172.16.3.5 - - [22/Jun/2026:04:07:38 +0200] "POST /rhn/manager/api/system/searchByName HTTP/1.1" 200 153
172.16.3.7 - - [22/Jun/2026:04:07:38 +0200] "GET /rhn/manager/download/sle-module-systems-management-15-sp7-updates-x86_64/repodata/repomd.xml?eyJhbGciOiJIUzI1NiJ9.eyJqdGkiOiJZNGJIdGp3UzQ1RFV5TXB3UjdUVFJnIiwiZXhwIjoxODEzNjI5OTY2LCJpYXQiOjE3ODIwOTM5NjYsIm5iZiI6MTc4MjA5Mzg0Niwib3JnIjoxLCJvbmx5Q2hhbm5lbHMiOlsic2xlLW1vZHVsZS1zeXN0ZW1zLW1hbmFnZW1lbnQtMTUtc3A3LXVwZGF0ZXMteDg2XzY0Il19.yRo-hPqUzKGHFF_UnlndlhHXb2BHnDcD15oXlGyR0Og HTTP/1.1" 304 -
172.16.3.7 - - [22/Jun/2026:04:07:38 +0200] "HEAD /rhn/manager/download/sle-module-systems-management-15-sp7-updates-x86_64/repodata/repomd.xml.asc?eyJhbGciOiJIUzI1NiJ9.eyJqdGkiOiJZNGJIdGp3UzQ1RFV5TXB3UjdUVFJnIiwiZXhwIjoxODEzNjI5OTY2LCJpYXQiOjE3ODIwOTM5NjYsIm5iZiI6MTc4MjA5Mzg0Niwib3JnIjoxLCJvbmx5Q2hhbm5lbHMiOlsic2xlLW1vZHVsZS1zeXN0ZW1zLW1hbmFnZW1lbnQtMTUtc3A3LXVwZGF0ZXMteDg2XzY0Il19.yRo-hPqUzKGHFF_UnlndlhHXb2BHnDcD15oXlGyR0Og HTTP/1.1" 404 -
172.16.3.5 - - [22/Jun/2026:04:07:38 +0200] "GET /rhn/systems/details/history/Event.do?sid=1000010005&aid=24 HTTP/1.1" 200 6193
172.16.3.5 - - [22/Jun/2026:04:07:29 +0200] "GET /rhn/websocket/notifications HTTP/1.1" 101 -
172.16.3.5 - - [22/Jun/2026:04:07:38 +0200] "GET /rhn/manager/api/auth/logout HTTP/1.1" 200 42
172.16.3.5 - - [22/Jun/2026:04:06:59 +0200] "GET /rhn/websocket/notifications HTTP/1.1" 101 -
172.16.3.7 - - [22/Jun/2026:04:07:38 +0200] "HEAD /rhn/manager/download/sle-module-systems-management-15-sp7-updates-x86_64/repodata/e556eeddb44cfd945ef26366db9342410238d0375acc8939fc864f075247eab1-primary.xml.gz?eyJhbGciOiJIUzI1NiJ9.eyJqdGkiOiJZNGJIdGp3UzQ1RFV5TXB3UjdUVFJnIiwiZXhwIjoxODEzNjI5OTY2LCJpYXQiOjE3ODIwOTM5NjYsIm5iZiI6MTc4MjA5Mzg0Niwib3JnIjoxLCJvbmx5Q2hhbm5lbHMiOlsic2xlLW1vZHVsZS1zeXN0ZW1zLW1hbmFnZW1lbnQtMTUtc3A3LXVwZGF0ZXMteDg2XzY0Il19.yRo-hPqUzKGHFF_UnlndlhHXb2BHnDcD15oXlGyR0Og HTTP/1.1" 200 -
172.16.3.5 - - [22/Jun/2026:04:07:38 +0200] "POST /rhn/manager/frontend-log HTTP/1.1" 200 42
172.16.3.5 - - [22/Jun/2026:04:07:39 +0200] "POST /rhn/manager/frontend-log HTTP/1.1" 200 42
172.16.3.7 - - [22/Jun/2026:04:07:39 +0200] "GET /rhn/manager/download/sle-module-systems-management-15-sp7-updates-x86_64/repodata/e556eeddb44cfd945ef26366db9342410238d0375acc8939fc864f075247eab1-primary.xml.gz?eyJhbGciOiJIUzI1NiJ9.eyJqdGkiOiJZNGJIdGp3UzQ1RFV5TXB3UjdUVFJnIiwiZXhwIjoxODEzNjI5OTY2LCJpYXQiOjE3ODIwOTM5NjYsIm5iZiI6MTc4MjA5Mzg0Niwib3JnIjoxLCJvbmx5Q2hhbm5lbHMiOlsic2xlLW1vZHVsZS1zeXN0ZW1zLW1hbmFnZW1lbnQtMTUtc3A3LXVwZGF0ZXMteDg2XzY0Il19.yRo-hPqUzKGHFF_UnlndlhHXb2BHnDcD15oXlGyR0Og HTTP/1.1" 304 -
172.16.3.5 - - [22/Jun/2026:04:07:03 +0200] "GET /rhn/websocket/notifications HTTP/1.1" 101 -
172.16.3.7 - - [22/Jun/2026:04:07:39 +0200] "HEAD /rhn/manager/download/sle-module-systems-management-15-sp7-updates-x86_64/repodata/860a8ffd2e631d23d2e7e19d0bb2ec71704b82672341c7e80418b42f7f6aaea2-susedata.xml.gz?eyJhbGciOiJIUzI1NiJ9.eyJqdGkiOiJZNGJIdGp3UzQ1RFV5TXB3UjdUVFJnIiwiZXhwIjoxODEzNjI5OTY2LCJpYXQiOjE3ODIwOTM5NjYsIm5iZiI6MTc4MjA5Mzg0Niwib3JnIjoxLCJvbmx5Q2hhbm5lbHMiOlsic2xlLW1vZHVsZS1zeXN0ZW1zLW1hbmFnZW1lbnQtMTUtc3A3LXVwZGF0ZXMteDg2XzY0Il19.yRo-hPqUzKGHFF_UnlndlhHXb2BHnDcD15oXlGyR0Og HTTP/1.1" 200 -
172.16.3.7 - - [22/Jun/2026:04:07:39 +0200] "GET /rhn/manager/download/sle-module-systems-management-15-sp7-updates-x86_64/repodata/860a8ffd2e631d23d2e7e19d0bb2ec71704b82672341c7e80418b42f7f6aaea2-susedata.xml.gz?eyJhbGciOiJIUzI1NiJ9.eyJqdGkiOiJZNGJIdGp3UzQ1RFV5TXB3UjdUVFJnIiwiZXhwIjoxODEzNjI5OTY2LCJpYXQiOjE3ODIwOTM5NjYsIm5iZiI6MTc4MjA5Mzg0Niwib3JnIjoxLCJvbmx5Q2hhbm5lbHMiOlsic2xlLW1vZHVsZS1zeXN0ZW1zLW1hbmFnZW1lbnQtMTUtc3A3LXVwZGF0ZXMteDg2XzY0Il19.yRo-hPqUzKGHFF_UnlndlhHXb2BHnDcD15oXlGyR0Og HTTP/1.1" 304 -
172.16.3.5 - - [22/Jun/2026:04:07:38 +0200] "GET /rhn/systems/details/Overview.do?sid=1000010003 HTTP/1.1" 200 7050
172.16.3.5 - - [22/Jun/2026:04:07:30 +0200] "GET /rhn/websocket/notifications HTTP/1.1" 101 -
172.16.3.7 - - [22/Jun/2026:04:07:40 +0200] "HEAD /rhn/manager/download/sle-module-systems-management-15-sp7-updates-x86_64/repodata/c8efe7258e79082117369562012f8f15293359a62fda518681f66f0f6c4b11f4-updateinfo.xml.gz?eyJhbGciOiJIUzI1NiJ9.eyJqdGkiOiJZNGJIdGp3UzQ1RFV5TXB3UjdUVFJnIiwiZXhwIjoxODEzNjI5OTY2LCJpYXQiOjE3ODIwOTM5NjYsIm5iZiI6MTc4MjA5Mzg0Niwib3JnIjoxLCJvbmx5Q2hhbm5lbHMiOlsic2xlLW1vZHVsZS1zeXN0ZW1zLW1hbmFnZW1lbnQtMTUtc3A3LXVwZGF0ZXMteDg2XzY0Il19.yRo-hPqUzKGHFF_UnlndlhHXb2BHnDcD15oXlGyR0Og HTTP/1.1" 200 -
172.16.3.5 - - [22/Jun/2026:04:07:39 +0200] "GET /rhn/systems/details/history/Event.do?sid=1000010004&aid=20 HTTP/1.1" 200 6187
172.16.3.5 - - [22/Jun/2026:04:07:30 +0200] "GET /rhn/websocket/notifications HTTP/1.1" 101 -
172.16.3.5 - - [22/Jun/2026:04:07:40 +0200] "POST /rhn/manager/frontend-log HTTP/1.1" 200 42
172.16.3.7 - - [22/Jun/2026:04:07:40 +0200] "GET /rhn/manager/download/sle-module-systems-management-15-sp7-updates-x86_64/repodata/c8efe7258e79082117369562012f8f15293359a62fda518681f66f0f6c4b11f4-updateinfo.xml.gz?eyJhbGciOiJIUzI1NiJ9.eyJqdGkiOiJZNGJIdGp3UzQ1RFV5TXB3UjdUVFJnIiwiZXhwIjoxODEzNjI5OTY2LCJpYXQiOjE3ODIwOTM5NjYsIm5iZiI6MTc4MjA5Mzg0Niwib3JnIjoxLCJvbmx5Q2hhbm5lbHMiOlsic2xlLW1vZHVsZS1zeXN0ZW1zLW1hbmFnZW1lbnQtMTUtc3A3LXVwZGF0ZXMteDg2XzY0Il19.yRo-hPqUzKGHFF_UnlndlhHXb2BHnDcD15oXlGyR0Og HTTP/1.1" 304 -
172.16.3.5 - - [22/Jun/2026:04:07:40 +0200] "POST /rhn/manager/frontend-log HTTP/1.1" 200 42
172.16.3.5 - - [22/Jun/2026:04:07:40 +0200] "POST /rhn/manager/frontend-log HTTP/1.1" 200 42
172.16.3.5 - - [22/Jun/2026:04:07:27 +0200] "GET /rhn/websocket/notifications HTTP/1.1" 101 -
172.16.3.5 - - [22/Jun/2026:04:07:40 +0200] "POST /rhn/manager/frontend-log HTTP/1.1" 200 42
172.16.3.5 - - [22/Jun/2026:04:07:38 +0200] "POST /rhn/manager/api/auth/login HTTP/1.1" 200 42
172.16.3.7 - - [22/Jun/2026:04:07:40 +0200] "HEAD /rhn/manager/download/sle-product-sles15-sp7-updates-x86_64/repodata/repomd.xml?eyJhbGciOiJIUzI1NiJ9.eyJqdGkiOiJyWUN3LVRmbV9VT1JpemlVZDV3VTdRIiwiZXhwIjoxODEzNjI5OTY2LCJpYXQiOjE3ODIwOTM5NjYsIm5iZiI6MTc4MjA5Mzg0Niwib3JnIjoxLCJvbmx5Q2hhbm5lbHMiOlsic2xlLXByb2R1Y3Qtc2xlczE1LXNwNy11cGRhdGVzLXg4Nl82NCJdfQ.j7CAvCDw-koANJtHvlZQ6rUMlr-vO-Z4uC5ajmNXh6c HTTP/1.1" 200 -
172.16.3.7 - - [22/Jun/2026:04:07:41 +0200] "HEAD /rhn/manager/download/sle-product-sles15-sp7-updates-x86_64/media.1/media?eyJhbGciOiJIUzI1NiJ9.eyJqdGkiOiJyWUN3LVRmbV9VT1JpemlVZDV3VTdRIiwiZXhwIjoxODEzNjI5OTY2LCJpYXQiOjE3ODIwOTM5NjYsIm5iZiI6MTc4MjA5Mzg0Niwib3JnIjoxLCJvbmx5Q2hhbm5lbHMiOlsic2xlLXByb2R1Y3Qtc2xlczE1LXNwNy11cGRhdGVzLXg4Nl82NCJdfQ.j7CAvCDw-koANJtHvlZQ6rUMlr-vO-Z4uC5ajmNXh6c HTTP/1.1" 404 -
172.16.3.5 - - [22/Jun/2026:04:07:40 +0200] "POST /rhn/manager/api/system/searchByName HTTP/1.1" 200 148
172.16.3.7 - - [22/Jun/2026:04:07:41 +0200] "HEAD /rhn/manager/download/sle-product-sles15-sp7-updates-x86_64/repodata/repomd.xml?eyJhbGciOiJIUzI1NiJ9.eyJqdGkiOiJyWUN3LVRmbV9VT1JpemlVZDV3VTdRIiwiZXhwIjoxODEzNjI5OTY2LCJpYXQiOjE3ODIwOTM5NjYsIm5iZiI6MTc4MjA5Mzg0Niwib3JnIjoxLCJvbmx5Q2hhbm5lbHMiOlsic2xlLXByb2R1Y3Qtc2xlczE1LXNwNy11cGRhdGVzLXg4Nl82NCJdfQ.j7CAvCDw-koANJtHvlZQ6rUMlr-vO-Z4uC5ajmNXh6c HTTP/1.1" 200 -
172.16.3.5 - - [22/Jun/2026:04:07:40 +0200] "GET /rhn/systems/details/history/Pending.do?sid=1000010001& HTTP/1.1" 200 6229
172.16.3.5 - - [22/Jun/2026:04:07:34 +0200] "GET /rhn/websocket/notifications HTTP/1.1" 101 -
172.16.3.5 - - [22/Jun/2026:04:07:41 +0200] "GET /rhn/manager/api/auth/logout HTTP/1.1" 200 42
172.16.3.5 - - [22/Jun/2026:04:07:36 +0200] "GET /rhn/websocket/notifications HTTP/1.1" 101 -
172.16.3.5 - - [22/Jun/2026:04:07:40 +0200] "GET /rhn/systems/details/Overview.do?sid=1000010003& HTTP/1.1" 200 7049
172.16.3.5 - - [22/Jun/2026:04:07:41 +0200] "POST /rhn/manager/frontend-log HTTP/1.1" 200 42
172.16.3.5 - - [22/Jun/2026:04:07:41 +0200] "GET /img/favicon.ico?q=0.6569229334740455 HTTP/1.1" 200 1150
172.16.3.7 - - [22/Jun/2026:04:07:41 +0200] "GET /rhn/manager/download/sle-product-sles15-sp7-updates-x86_64/repodata/repomd.xml?eyJhbGciOiJIUzI1NiJ9.eyJqdGkiOiJyWUN3LVRmbV9VT1JpemlVZDV3VTdRIiwiZXhwIjoxODEzNjI5OTY2LCJpYXQiOjE3ODIwOTM5NjYsIm5iZiI6MTc4MjA5Mzg0Niwib3JnIjoxLCJvbmx5Q2hhbm5lbHMiOlsic2xlLXByb2R1Y3Qtc2xlczE1LXNwNy11cGRhdGVzLXg4Nl82NCJdfQ.j7CAvCDw-koANJtHvlZQ6rUMlr-vO-Z4uC5ajmNXh6c HTTP/1.1" 304 -
172.16.3.5 - - [22/Jun/2026:04:07:41 +0200] "POST /rhn/manager/frontend-log HTTP/1.1" 200 42
172.16.3.5 - - [22/Jun/2026:04:07:41 +0200] "POST /rhn/manager/frontend-log HTTP/1.1" 200 42
172.16.3.7 - - [22/Jun/2026:04:07:42 +0200] "HEAD /rhn/manager/download/sle-product-sles15-sp7-updates-x86_64/repodata/repomd.xml.asc?eyJhbGciOiJIUzI1NiJ9.eyJqdGkiOiJyWUN3LVRmbV9VT1JpemlVZDV3VTdRIiwiZXhwIjoxODEzNjI5OTY2LCJpYXQiOjE3ODIwOTM5NjYsIm5iZiI6MTc4MjA5Mzg0Niwib3JnIjoxLCJvbmx5Q2hhbm5lbHMiOlsic2xlLXByb2R1Y3Qtc2xlczE1LXNwNy11cGRhdGVzLXg4Nl82NCJdfQ.j7CAvCDw-koANJtHvlZQ6rUMlr-vO-Z4uC5ajmNXh6c HTTP/1.1" 404 -
::1 - - [22/Jun/2026:04:07:42 +0200] "OPTIONS * HTTP/1.0" 200 - "-" "Apache/2.4.66 (Linux/SUSE) OpenSSL/3.5.0 mod_wsgi/5.0.2 Python/3.13 (internal dummy connection)"
172.16.3.5 - - [22/Jun/2026:04:07:41 +0200] "GET /rhn/systems/details/Connection.do?sid=1000010003& HTTP/1.1" 200 6284
172.16.3.5 - - [22/Jun/2026:04:07:42 +0200] "GET /img/favicon.ico?q=0.0723469297656626 HTTP/1.1" 200 1150
172.16.3.7 - - [22/Jun/2026:04:07:42 +0200] "HEAD /rhn/manager/download/sle-product-sles15-sp7-updates-x86_64/repodata/72da8da32f1c9c1b5659b994a378d457fe0562865bb34d08948c15e9f9331e9c-primary.xml.gz?eyJhbGciOiJIUzI1NiJ9.eyJqdGkiOiJyWUN3LVRmbV9VT1JpemlVZDV3VTdRIiwiZXhwIjoxODEzNjI5OTY2LCJpYXQiOjE3ODIwOTM5NjYsIm5iZiI6MTc4MjA5Mzg0Niwib3JnIjoxLCJvbmx5Q2hhbm5lbHMiOlsic2xlLXByb2R1Y3Qtc2xlczE1LXNwNy11cGRhdGVzLXg4Nl82NCJdfQ.j7CAvCDw-koANJtHvlZQ6rUMlr-vO-Z4uC5ajmNXh6c HTTP/1.1" 200 -
172.16.3.5 - - [22/Jun/2026:04:07:41 +0200] "GET /rhn/systems/details/Overview.do?sid=1000010002 HTTP/1.1" 200 6960
172.16.3.5 - - [22/Jun/2026:04:07:42 +0200] "POST /rhn/manager/frontend-log HTTP/1.1" 200 42
172.16.3.5 - - [22/Jun/2026:04:07:38 +0200] "GET /rhn/websocket/notifications HTTP/1.1" 101 -
172.16.3.7 - - [22/Jun/2026:04:07:42 +0200] "GET /rhn/manager/download/sle-product-sles15-sp7-updates-x86_64/repodata/72da8da32f1c9c1b5659b994a378d457fe0562865bb34d08948c15e9f9331e9c-primary.xml.gz?eyJhbGciOiJIUzI1NiJ9.eyJqdGkiOiJyWUN3LVRmbV9VT1JpemlVZDV3VTdRIiwiZXhwIjoxODEzNjI5OTY2LCJpYXQiOjE3ODIwOTM5NjYsIm5iZiI6MTc4MjA5Mzg0Niwib3JnIjoxLCJvbmx5Q2hhbm5lbHMiOlsic2xlLXByb2R1Y3Qtc2xlczE1LXNwNy11cGRhdGVzLXg4Nl82NCJdfQ.j7CAvCDw-koANJtHvlZQ6rUMlr-vO-Z4uC5ajmNXh6c HTTP/1.1" 304 -
172.16.3.5 - - [22/Jun/2026:04:07:42 +0200] "POST /rhn/manager/frontend-log HTTP/1.1" 200 42
172.16.3.5 - - [22/Jun/2026:04:07:42 +0200] "POST /rhn/manager/frontend-log HTTP/1.1" 200 42
172.16.3.7 - - [22/Jun/2026:04:07:43 +0200] "HEAD /rhn/manager/download/sle-product-sles15-sp7-updates-x86_64/repodata/70c5d735bea733091ae1e7ee0e0b9512a914214027367521262deb6cb4bedaa1-susedata.xml.gz?eyJhbGciOiJIUzI1NiJ9.eyJqdGkiOiJyWUN3LVRmbV9VT1JpemlVZDV3VTdRIiwiZXhwIjoxODEzNjI5OTY2LCJpYXQiOjE3ODIwOTM5NjYsIm5iZiI6MTc4MjA5Mzg0Niwib3JnIjoxLCJvbmx5Q2hhbm5lbHMiOlsic2xlLXByb2R1Y3Qtc2xlczE1LXNwNy11cGRhdGVzLXg4Nl82NCJdfQ.j7CAvCDw-koANJtHvlZQ6rUMlr-vO-Z4uC5ajmNXh6c HTTP/1.1" 200 -
172.16.3.7 - - [22/Jun/2026:04:07:43 +0200] "GET /rhn/manager/download/sle-product-sles15-sp7-updates-x86_64/repodata/70c5d735bea733091ae1e7ee0e0b9512a914214027367521262deb6cb4bedaa1-susedata.xml.gz?eyJhbGciOiJIUzI1NiJ9.eyJqdGkiOiJyWUN3LVRmbV9VT1JpemlVZDV3VTdRIiwiZXhwIjoxODEzNjI5OTY2LCJpYXQiOjE3ODIwOTM5NjYsIm5iZiI6MTc4MjA5Mzg0Niwib3JnIjoxLCJvbmx5Q2hhbm5lbHMiOlsic2xlLXByb2R1Y3Qtc2xlczE1LXNwNy11cGRhdGVzLXg4Nl82NCJdfQ.j7CAvCDw-koANJtHvlZQ6rUMlr-vO-Z4uC5ajmNXh6c HTTP/1.1" 304 -
172.16.3.7 - - [22/Jun/2026:04:07:43 +0200] "HEAD /rhn/manager/download/sle-product-sles15-sp7-updates-x86_64/repodata/3efa5b9fae5214a5a8d6f4e73db34425ec3934b1d040183473d0d8865a0737d1-updateinfo.xml.gz?eyJhbGciOiJIUzI1NiJ9.eyJqdGkiOiJyWUN3LVRmbV9VT1JpemlVZDV3VTdRIiwiZXhwIjoxODEzNjI5OTY2LCJpYXQiOjE3ODIwOTM5NjYsIm5iZiI6MTc4MjA5Mzg0Niwib3JnIjoxLCJvbmx5Q2hhbm5lbHMiOlsic2xlLXByb2R1Y3Qtc2xlczE1LXNwNy11cGRhdGVzLXg4Nl82NCJdfQ.j7CAvCDw-koANJtHvlZQ6rUMlr-vO-Z4uC5ajmNXh6c HTTP/1.1" 200 -
172.16.3.5 - - [22/Jun/2026:04:07:43 +0200] "GET /rhn/systems/details/packages/Packages.do?sid=1000010002& HTTP/1.1" 200 6088
172.16.3.5 - - [22/Jun/2026:04:07:43 +0200] "GET /img/favicon.ico?q=0.39219501599602113 HTTP/1.1" 200 1150
172.16.3.7 - - [22/Jun/2026:04:07:43 +0200] "GET /rhn/manager/download/sle-product-sles15-sp7-updates-x86_64/repodata/3efa5b9fae5214a5a8d6f4e73db34425ec3934b1d040183473d0d8865a0737d1-updateinfo.xml.gz?eyJhbGciOiJIUzI1NiJ9.eyJqdGkiOiJyWUN3LVRmbV9VT1JpemlVZDV3VTdRIiwiZXhwIjoxODEzNjI5OTY2LCJpYXQiOjE3ODIwOTM5NjYsIm5iZiI6MTc4MjA5Mzg0Niwib3JnIjoxLCJvbmx5Q2hhbm5lbHMiOlsic2xlLXByb2R1Y3Qtc2xlczE1LXNwNy11cGRhdGVzLXg4Nl82NCJdfQ.j7CAvCDw-koANJtHvlZQ6rUMlr-vO-Z4uC5ajmNXh6c HTTP/1.1" 304 -
172.16.3.5 - - [22/Jun/2026:04:07:43 +0200] "POST /rhn/manager/frontend-log HTTP/1.1" 200 42
172.16.3.7 - - [22/Jun/2026:04:07:44 +0200] "HEAD /rhn/manager/download/devel-build-host-channel/repodata/repomd.xml?eyJhbGciOiJIUzI1NiJ9.eyJqdGkiOiJiNmRlSG9oZWdZckI3OGxJalJsbTZRIiwiZXhwIjoxODEzNjI5OTY2LCJpYXQiOjE3ODIwOTM5NjYsIm5iZiI6MTc4MjA5Mzg0Niwib3JnIjoxLCJvbmx5Q2hhbm5lbHMiOlsiZGV2ZWwtYnVpbGQtaG9zdC1jaGFubmVsIl19.c4lXEZh8Xqa-xvys89rVauXabiqqZF4Mh8R0GxxO-FU HTTP/1.1" 200 -
172.16.3.5 - - [22/Jun/2026:04:07:43 +0200] "GET /rhn/systems/details/SystemChannels.do?sid=1000010002& HTTP/1.1" 200 5868
172.16.3.5 - - [22/Jun/2026:04:07:44 +0200] "GET /img/favicon.ico?q=0.8820485064220576 HTTP/1.1" 200 1150
172.16.3.5 - - [22/Jun/2026:04:07:44 +0200] "GET /javascript/manager/html_src_components_action-schedule_tsx.118292a2975e0928a9ec.js HTTP/1.1" 200 3381
172.16.3.5 - - [22/Jun/2026:04:07:44 +0200] "GET /css/html_src_components_input_select_withCustomComponents_tsx-html_src_manager_systems_subscribe--101ff7.e2afb475bce17e52bd16.css HTTP/1.1" 200 238
172.16.3.5 - - [22/Jun/2026:04:07:44 +0200] "GET /javascript/manager/html_src_components_input_select_withCustomComponents_tsx-html_src_manager_systems_subscribe--101ff7.e2afb475bce17e52bd16.js HTTP/1.1" 200 7975
172.16.3.7 - - [22/Jun/2026:04:07:44 +0200] "HEAD /rhn/manager/download/devel-build-host-channel/media.1/media?eyJhbGciOiJIUzI1NiJ9.eyJqdGkiOiJiNmRlSG9oZWdZckI3OGxJalJsbTZRIiwiZXhwIjoxODEzNjI5OTY2LCJpYXQiOjE3ODIwOTM5NjYsIm5iZiI6MTc4MjA5Mzg0Niwib3JnIjoxLCJvbmx5Q2hhbm5lbHMiOlsiZGV2ZWwtYnVpbGQtaG9zdC1jaGFubmVsIl19.c4lXEZh8Xqa-xvys89rVauXabiqqZF4Mh8R0GxxO-FU HTTP/1.1" 404 -
172.16.3.5 - - [22/Jun/2026:04:07:44 +0200] "GET /rhn/manager/api/systems/1000010002/channels HTTP/1.1" 200 253
172.16.3.7 - - [22/Jun/2026:04:07:45 +0200] "HEAD /rhn/manager/download/devel-build-host-channel/repodata/repomd.xml?eyJhbGciOiJIUzI1NiJ9.eyJqdGkiOiJiNmRlSG9oZWdZckI3OGxJalJsbTZRIiwiZXhwIjoxODEzNjI5OTY2LCJpYXQiOjE3ODIwOTM5NjYsIm5iZiI6MTc4MjA5Mzg0Niwib3JnIjoxLCJvbmx5Q2hhbm5lbHMiOlsiZGV2ZWwtYnVpbGQtaG9zdC1jaGFubmVsIl19.c4lXEZh8Xqa-xvys89rVauXabiqqZF4Mh8R0GxxO-FU HTTP/1.1" 200 -
172.16.3.5 - - [22/Jun/2026:04:07:44 +0200] "POST /rhn/manager/frontend-log HTTP/1.1" 200 42
172.16.3.5 - - [22/Jun/2026:04:07:44 +0200] "GET /rhn/manager/api/systems/1000010002/channels/128/accessible-children?oldBaseChannelId=128 HTTP/1.1" 200 201
172.16.3.5 - - [22/Jun/2026:04:07:44 +0200] "GET /rhn/manager/api/systems/1000010002/channels-available-base HTTP/1.1" 200 169
172.16.3.5 - - [22/Jun/2026:04:07:43 +0200] "POST /rhn/manager/api/auth/login HTTP/1.1" 200 42
172.16.3.5 - - [22/Jun/2026:04:07:45 +0200] "POST /rhn/manager/api/admin/mandatoryChannels HTTP/1.1" 200 67
172.16.3.7 - - [22/Jun/2026:04:07:45 +0200] "GET /rhn/manager/download/devel-build-host-channel/repodata/repomd.xml?eyJhbGciOiJIUzI1NiJ9.eyJqdGkiOiJiNmRlSG9oZWdZckI3OGxJalJsbTZRIiwiZXhwIjoxODEzNjI5OTY2LCJpYXQiOjE3ODIwOTM5NjYsIm5iZiI6MTc4MjA5Mzg0Niwib3JnIjoxLCJvbmx5Q2hhbm5lbHMiOlsiZGV2ZWwtYnVpbGQtaG9zdC1jaGFubmVsIl19.c4lXEZh8Xqa-xvys89rVauXabiqqZF4Mh8R0GxxO-FU HTTP/1.1" 304 -
172.16.3.5 - - [22/Jun/2026:04:07:45 +0200] "POST /rhn/manager/api/system/searchByName HTTP/1.1" 200 149
172.16.3.5 - - [22/Jun/2026:04:07:45 +0200] "POST /rhn/manager/api/maintenance/upcoming-windows HTTP/1.1" 200 52
172.16.3.5 - - [22/Jun/2026:04:07:45 +0200] "POST /rhn/manager/api/systems/1000010002/channels HTTP/1.1" 200 52
172.16.3.7 - - [22/Jun/2026:04:07:45 +0200] "HEAD /rhn/manager/download/devel-build-host-channel/repodata/repomd.xml.asc?eyJhbGciOiJIUzI1NiJ9.eyJqdGkiOiJiNmRlSG9oZWdZckI3OGxJalJsbTZRIiwiZXhwIjoxODEzNjI5OTY2LCJpYXQiOjE3ODIwOTM5NjYsIm5iZiI6MTc4MjA5Mzg0Niwib3JnIjoxLCJvbmx5Q2hhbm5lbHMiOlsiZGV2ZWwtYnVpbGQtaG9zdC1jaGFubmVsIl19.c4lXEZh8Xqa-xvys89rVauXabiqqZF4Mh8R0GxxO-FU HTTP/1.1" 404 -
172.16.3.7 - - [22/Jun/2026:04:07:46 +0200] "HEAD /rhn/manager/download/devel-build-host-channel/repodata/875509c761a3722da339c5ee2f6132a4e96edf348452055869171c759d4dbb4d-primary.xml.gz?eyJhbGciOiJIUzI1NiJ9.eyJqdGkiOiJiNmRlSG9oZWdZckI3OGxJalJsbTZRIiwiZXhwIjoxODEzNjI5OTY2LCJpYXQiOjE3ODIwOTM5NjYsIm5iZiI6MTc4MjA5Mzg0Niwib3JnIjoxLCJvbmx5Q2hhbm5lbHMiOlsiZGV2ZWwtYnVpbGQtaG9zdC1jaGFubmVsIl19.c4lXEZh8Xqa-xvys89rVauXabiqqZF4Mh8R0GxxO-FU HTTP/1.1" 200 -
172.16.3.5 - - [22/Jun/2026:04:07:45 +0200] "GET /rhn/manager/api/auth/logout HTTP/1.1" 200 42
172.16.3.5 - - [22/Jun/2026:04:07:40 +0200] "GET /rhn/websocket/notifications HTTP/1.1" 101 -
172.16.3.7 - - [22/Jun/2026:04:07:46 +0200] "GET /rhn/manager/download/devel-build-host-channel/repodata/875509c761a3722da339c5ee2f6132a4e96edf348452055869171c759d4dbb4d-primary.xml.gz?eyJhbGciOiJIUzI1NiJ9.eyJqdGkiOiJiNmRlSG9oZWdZckI3OGxJalJsbTZRIiwiZXhwIjoxODEzNjI5OTY2LCJpYXQiOjE3ODIwOTM5NjYsIm5iZiI6MTc4MjA5Mzg0Niwib3JnIjoxLCJvbmx5Q2hhbm5lbHMiOlsiZGV2ZWwtYnVpbGQtaG9zdC1jaGFubmVsIl19.c4lXEZh8Xqa-xvys89rVauXabiqqZF4Mh8R0GxxO-FU HTTP/1.1" 304 -
172.16.3.5 - - [22/Jun/2026:04:07:45 +0200] "GET /rhn/websocket/notifications HTTP/1.1" 101 -
172.16.3.7 - - [22/Jun/2026:04:07:46 +0200] "HEAD /rhn/manager/download/devel-build-host-channel/repodata/a777311d33ef3076297641add5000cb14dfede03ab0ca18aed7ac1348c3e29eb-susedata.xml.gz?eyJhbGciOiJIUzI1NiJ9.eyJqdGkiOiJiNmRlSG9oZWdZckI3OGxJalJsbTZRIiwiZXhwIjoxODEzNjI5OTY2LCJpYXQiOjE3ODIwOTM5NjYsIm5iZiI6MTc4MjA5Mzg0Niwib3JnIjoxLCJvbmx5Q2hhbm5lbHMiOlsiZGV2ZWwtYnVpbGQtaG9zdC1jaGFubmVsIl19.c4lXEZh8Xqa-xvys89rVauXabiqqZF4Mh8R0GxxO-FU HTTP/1.1" 200 -
172.16.3.7 - - [22/Jun/2026:04:07:46 +0200] "GET /rhn/manager/download/devel-build-host-channel/repodata/a777311d33ef3076297641add5000cb14dfede03ab0ca18aed7ac1348c3e29eb-susedata.xml.gz?eyJhbGciOiJIUzI1NiJ9.eyJqdGkiOiJiNmRlSG9oZWdZckI3OGxJalJsbTZRIiwiZXhwIjoxODEzNjI5OTY2LCJpYXQiOjE3ODIwOTM5NjYsIm5iZiI6MTc4MjA5Mzg0Niwib3JnIjoxLCJvbmx5Q2hhbm5lbHMiOlsiZGV2ZWwtYnVpbGQtaG9zdC1jaGFubmVsIl19.c4lXEZh8Xqa-xvys89rVauXabiqqZF4Mh8R0GxxO-FU HTTP/1.1" 304 -
172.16.3.5 - - [22/Jun/2026:04:07:46 +0200] "GET /rhn/systems/details/history/Pending.do?sid=1000010002& HTTP/1.1" 200 6912
172.16.3.5 - - [22/Jun/2026:04:07:46 +0200] "GET /img/favicon.ico?q=0.43902779229861044 HTTP/1.1" 200 1150
172.16.3.7 - - [22/Jun/2026:04:07:46 +0200] "HEAD /rhn/manager/download/sle-module-basesystem15-sp7-pool-x86_64/repodata/repomd.xml?eyJhbGciOiJIUzI1NiJ9.eyJqdGkiOiJlYnJqa2l4aW5kUUVIeUNlRWFaM2lnIiwiZXhwIjoxODEzNjI5OTY2LCJpYXQiOjE3ODIwOTM5NjYsIm5iZiI6MTc4MjA5Mzg0Niwib3JnIjoxLCJvbmx5Q2hhbm5lbHMiOlsic2xlLW1vZHVsZS1iYXNlc3lzdGVtMTUtc3A3LXBvb2wteDg2XzY0Il19.P1L_R3K-89U7Ghzsm--oWZ4Ptn4T7eK3hA1ySB7xAaY HTTP/1.1" 200 -
172.16.3.5 - - [22/Jun/2026:04:07:46 +0200] "POST /rhn/manager/frontend-log HTTP/1.1" 200 42
172.16.3.7 - - [22/Jun/2026:04:07:47 +0200] "HEAD /rhn/manager/download/sle-module-basesystem15-sp7-pool-x86_64/media.1/media?eyJhbGciOiJIUzI1NiJ9.eyJqdGkiOiJlYnJqa2l4aW5kUUVIeUNlRWFaM2lnIiwiZXhwIjoxODEzNjI5OTY2LCJpYXQiOjE3ODIwOTM5NjYsIm5iZiI6MTc4MjA5Mzg0Niwib3JnIjoxLCJvbmx5Q2hhbm5lbHMiOlsic2xlLW1vZHVsZS1iYXNlc3lzdGVtMTUtc3A3LXBvb2wteDg2XzY0Il19.P1L_R3K-89U7Ghzsm--oWZ4Ptn4T7eK3hA1ySB7xAaY HTTP/1.1" 404 -
172.16.3.5 - - [22/Jun/2026:04:07:46 +0200] "GET /rhn/systems/details/Overview.do?sid=1000010000 HTTP/1.1" 200 6790
172.16.3.5 - - [22/Jun/2026:04:07:42 +0200] "GET /rhn/websocket/notifications HTTP/1.1" 101 -
172.16.3.5 - - [22/Jun/2026:04:07:47 +0200] "POST /rhn/manager/frontend-log HTTP/1.1" 200 42
172.16.3.7 - - [22/Jun/2026:04:07:47 +0200] "HEAD /rhn/manager/download/sle-module-basesystem15-sp7-pool-x86_64/repodata/repomd.xml?eyJhbGciOiJIUzI1NiJ9.eyJqdGkiOiJlYnJqa2l4aW5kUUVIeUNlRWFaM2lnIiwiZXhwIjoxODEzNjI5OTY2LCJpYXQiOjE3ODIwOTM5NjYsIm5iZiI6MTc4MjA5Mzg0Niwib3JnIjoxLCJvbmx5Q2hhbm5lbHMiOlsic2xlLW1vZHVsZS1iYXNlc3lzdGVtMTUtc3A3LXBvb2wteDg2XzY0Il19.P1L_R3K-89U7Ghzsm--oWZ4Ptn4T7eK3hA1ySB7xAaY HTTP/1.1" 200 -
172.16.3.5 - - [22/Jun/2026:04:07:47 +0200] "POST /rhn/manager/frontend-log HTTP/1.1" 200 42
172.16.3.7 - - [22/Jun/2026:04:07:47 +0200] "GET /rhn/manager/download/sle-module-basesystem15-sp7-pool-x86_64/repodata/repomd.xml?eyJhbGciOiJIUzI1NiJ9.eyJqdGkiOiJlYnJqa2l4aW5kUUVIeUNlRWFaM2lnIiwiZXhwIjoxODEzNjI5OTY2LCJpYXQiOjE3ODIwOTM5NjYsIm5iZiI6MTc4MjA5Mzg0Niwib3JnIjoxLCJvbmx5Q2hhbm5lbHMiOlsic2xlLW1vZHVsZS1iYXNlc3lzdGVtMTUtc3A3LXBvb2wteDg2XzY0Il19.P1L_R3K-89U7Ghzsm--oWZ4Ptn4T7eK3hA1ySB7xAaY HTTP/1.1" 304 -
172.16.3.5 - - [22/Jun/2026:04:07:46 +0200] "GET /rhn/systems/details/history/Pending.do?sid=1000010002& HTTP/1.1" 200 6912
172.16.3.5 - - [22/Jun/2026:04:07:47 +0200] "GET /img/favicon.ico?q=0.12323124028961951 HTTP/1.1" 200 1150
172.16.3.5 - - [22/Jun/2026:04:07:47 +0200] "POST /rhn/manager/frontend-log HTTP/1.1" 200 42
172.16.3.7 - - [22/Jun/2026:04:07:47 +0200] "HEAD /rhn/manager/download/sle-module-basesystem15-sp7-pool-x86_64/repodata/repomd.xml.asc?eyJhbGciOiJIUzI1NiJ9.eyJqdGkiOiJlYnJqa2l4aW5kUUVIeUNlRWFaM2lnIiwiZXhwIjoxODEzNjI5OTY2LCJpYXQiOjE3ODIwOTM5NjYsIm5iZiI6MTc4MjA5Mzg0Niwib3JnIjoxLCJvbmx5Q2hhbm5lbHMiOlsic2xlLW1vZHVsZS1iYXNlc3lzdGVtMTUtc3A3LXBvb2wteDg2XzY0Il19.P1L_R3K-89U7Ghzsm--oWZ4Ptn4T7eK3hA1ySB7xAaY HTTP/1.1" 404 -
172.16.3.7 - - [22/Jun/2026:04:07:48 +0200] "HEAD /rhn/manager/download/sle-module-basesystem15-sp7-pool-x86_64/repodata/6b173817ea66d87ca7967edcbde7a625a80aa314b8e68a6869066aa163409010-primary.xml.gz?eyJhbGciOiJIUzI1NiJ9.eyJqdGkiOiJlYnJqa2l4aW5kUUVIeUNlRWFaM2lnIiwiZXhwIjoxODEzNjI5OTY2LCJpYXQiOjE3ODIwOTM5NjYsIm5iZiI6MTc4MjA5Mzg0Niwib3JnIjoxLCJvbmx5Q2hhbm5lbHMiOlsic2xlLW1vZHVsZS1iYXNlc3lzdGVtMTUtc3A3LXBvb2wteDg2XzY0Il19.P1L_R3K-89U7Ghzsm--oWZ4Ptn4T7eK3hA1ySB7xAaY HTTP/1.1" 200 -
172.16.3.7 - - [22/Jun/2026:04:07:48 +0200] "GET /rhn/manager/download/sle-module-basesystem15-sp7-pool-x86_64/repodata/6b173817ea66d87ca7967edcbde7a625a80aa314b8e68a6869066aa163409010-primary.xml.gz?eyJhbGciOiJIUzI1NiJ9.eyJqdGkiOiJlYnJqa2l4aW5kUUVIeUNlRWFaM2lnIiwiZXhwIjoxODEzNjI5OTY2LCJpYXQiOjE3ODIwOTM5NjYsIm5iZiI6MTc4MjA5Mzg0Niwib3JnIjoxLCJvbmx5Q2hhbm5lbHMiOlsic2xlLW1vZHVsZS1iYXNlc3lzdGVtMTUtc3A3LXBvb2wteDg2XzY0Il19.P1L_R3K-89U7Ghzsm--oWZ4Ptn4T7eK3hA1ySB7xAaY HTTP/1.1" 304 -
172.16.3.5 - - [22/Jun/2026:04:07:47 +0200] "GET /rhn/systems/details/Overview.do?sid=1000010000& HTTP/1.1" 200 6790
172.16.3.5 - - [22/Jun/2026:04:07:48 +0200] "GET /img/favicon.ico?q=0.3788351417088367 HTTP/1.1" 200 1150
172.16.3.7 - - [22/Jun/2026:04:07:48 +0200] "HEAD /rhn/manager/download/sle-module-basesystem15-sp7-pool-x86_64/repodata/d8ca4e1621f7c63d29ed41f02a73f63fe6e872cfd2020d080b30d0bbdebafa7a-susedata.xml.gz?eyJhbGciOiJIUzI1NiJ9.eyJqdGkiOiJlYnJqa2l4aW5kUUVIeUNlRWFaM2lnIiwiZXhwIjoxODEzNjI5OTY2LCJpYXQiOjE3ODIwOTM5NjYsIm5iZiI6MTc4MjA5Mzg0Niwib3JnIjoxLCJvbmx5Q2hhbm5lbHMiOlsic2xlLW1vZHVsZS1iYXNlc3lzdGVtMTUtc3A3LXBvb2wteDg2XzY0Il19.P1L_R3K-89U7Ghzsm--oWZ4Ptn4T7eK3hA1ySB7xAaY HTTP/1.1" 200 -
172.16.3.5 - - [22/Jun/2026:04:07:48 +0200] "POST /rhn/manager/frontend-log HTTP/1.1" 200 42
172.16.3.7 - - [22/Jun/2026:04:07:48 +0200] "GET /rhn/manager/download/sle-module-basesystem15-sp7-pool-x86_64/repodata/d8ca4e1621f7c63d29ed41f02a73f63fe6e872cfd2020d080b30d0bbdebafa7a-susedata.xml.gz?eyJhbGciOiJIUzI1NiJ9.eyJqdGkiOiJlYnJqa2l4aW5kUUVIeUNlRWFaM2lnIiwiZXhwIjoxODEzNjI5OTY2LCJpYXQiOjE3ODIwOTM5NjYsIm5iZiI6MTc4MjA5Mzg0Niwib3JnIjoxLCJvbmx5Q2hhbm5lbHMiOlsic2xlLW1vZHVsZS1iYXNlc3lzdGVtMTUtc3A3LXBvb2wteDg2XzY0Il19.P1L_R3K-89U7Ghzsm--oWZ4Ptn4T7eK3hA1ySB7xAaY HTTP/1.1" 304 -
172.16.3.5 - - [22/Jun/2026:04:07:48 +0200] "GET /rhn/websocket/notifications HTTP/1.1" 101 -
172.16.3.5 - - [22/Jun/2026:04:07:48 +0200] "GET /rhn/systems/details/ProxyClients.do?sid=1000010000& HTTP/1.1" 200 8075
172.16.3.5 - - [22/Jun/2026:04:07:49 +0200] "GET /img/favicon.ico?q=0.7497096860427057 HTTP/1.1" 200 1150
172.16.3.5 - - [22/Jun/2026:04:07:49 +0200] "POST /rhn/manager/frontend-log HTTP/1.1" 200 42
172.16.3.7 - - [22/Jun/2026:04:07:49 +0200] "HEAD /rhn/manager/download/sle-module-desktop-applications15-sp7-pool-x86_64/repodata/repomd.xml?eyJhbGciOiJIUzI1NiJ9.eyJqdGkiOiJFQ0k2QlUxeVRPLS03dXFNLUIzZC1RIiwiZXhwIjoxODEzNjI5OTY2LCJpYXQiOjE3ODIwOTM5NjYsIm5iZiI6MTc4MjA5Mzg0Niwib3JnIjoxLCJvbmx5Q2hhbm5lbHMiOlsic2xlLW1vZHVsZS1kZXNrdG9wLWFwcGxpY2F0aW9uczE1LXNwNy1wb29sLXg4Nl82NCJdfQ.oMzamuoTg2c5MCqhhZSkHSSRm104mGR0mn62U-mvTBM HTTP/1.1" 200 -
172.16.3.7 - - [22/Jun/2026:04:07:49 +0200] "HEAD /rhn/manager/download/sle-module-desktop-applications15-sp7-pool-x86_64/media.1/media?eyJhbGciOiJIUzI1NiJ9.eyJqdGkiOiJFQ0k2QlUxeVRPLS03dXFNLUIzZC1RIiwiZXhwIjoxODEzNjI5OTY2LCJpYXQiOjE3ODIwOTM5NjYsIm5iZiI6MTc4MjA5Mzg0Niwib3JnIjoxLCJvbmx5Q2hhbm5lbHMiOlsic2xlLW1vZHVsZS1kZXNrdG9wLWFwcGxpY2F0aW9uczE1LXNwNy1wb29sLXg4Nl82NCJdfQ.oMzamuoTg2c5MCqhhZSkHSSRm104mGR0mn62U-mvTBM HTTP/1.1" 404 -
172.16.3.7 - - [22/Jun/2026:04:07:49 +0200] "HEAD /rhn/manager/download/sle-module-desktop-applications15-sp7-pool-x86_64/repodata/repomd.xml?eyJhbGciOiJIUzI1NiJ9.eyJqdGkiOiJFQ0k2QlUxeVRPLS03dXFNLUIzZC1RIiwiZXhwIjoxODEzNjI5OTY2LCJpYXQiOjE3ODIwOTM5NjYsIm5iZiI6MTc4MjA5Mzg0Niwib3JnIjoxLCJvbmx5Q2hhbm5lbHMiOlsic2xlLW1vZHVsZS1kZXNrdG9wLWFwcGxpY2F0aW9uczE1LXNwNy1wb29sLXg4Nl82NCJdfQ.oMzamuoTg2c5MCqhhZSkHSSRm104mGR0mn62U-mvTBM HTTP/1.1" 200 -
172.16.3.5 - - [22/Jun/2026:04:07:49 +0200] "GET /rhn/websocket/notifications HTTP/1.1" 101 -
172.16.3.5 - - [22/Jun/2026:04:07:47 +0200] "GET /rhn/websocket/notifications HTTP/1.1" 101 -
172.16.3.7 - - [22/Jun/2026:04:07:49 +0200] "GET /rhn/manager/download/sle-module-desktop-applications15-sp7-pool-x86_64/repodata/repomd.xml?eyJhbGciOiJIUzI1NiJ9.eyJqdGkiOiJFQ0k2QlUxeVRPLS03dXFNLUIzZC1RIiwiZXhwIjoxODEzNjI5OTY2LCJpYXQiOjE3ODIwOTM5NjYsIm5iZiI6MTc4MjA5Mzg0Niwib3JnIjoxLCJvbmx5Q2hhbm5lbHMiOlsic2xlLW1vZHVsZS1kZXNrdG9wLWFwcGxpY2F0aW9uczE1LXNwNy1wb29sLXg4Nl82NCJdfQ.oMzamuoTg2c5MCqhhZSkHSSRm104mGR0mn62U-mvTBM HTTP/1.1" 304 -
172.16.3.7 - - [22/Jun/2026:04:07:49 +0200] "HEAD /rhn/manager/download/sle-module-desktop-applications15-sp7-pool-x86_64/repodata/repomd.xml.asc?eyJhbGciOiJIUzI1NiJ9.eyJqdGkiOiJFQ0k2QlUxeVRPLS03dXFNLUIzZC1RIiwiZXhwIjoxODEzNjI5OTY2LCJpYXQiOjE3ODIwOTM5NjYsIm5iZiI6MTc4MjA5Mzg0Niwib3JnIjoxLCJvbmx5Q2hhbm5lbHMiOlsic2xlLW1vZHVsZS1kZXNrdG9wLWFwcGxpY2F0aW9uczE1LXNwNy1wb29sLXg4Nl82NCJdfQ.oMzamuoTg2c5MCqhhZSkHSSRm104mGR0mn62U-mvTBM HTTP/1.1" 404 -
172.16.3.7 - - [22/Jun/2026:04:07:49 +0200] "HEAD /rhn/manager/download/sle-module-desktop-applications15-sp7-pool-x86_64/repodata/15cbb63431c9e9a14e482d81be31eb51cdc2d45bc5b2ff9ede32e606af74d3fa-primary.xml.gz?eyJhbGciOiJIUzI1NiJ9.eyJqdGkiOiJFQ0k2QlUxeVRPLS03dXFNLUIzZC1RIiwiZXhwIjoxODEzNjI5OTY2LCJpYXQiOjE3ODIwOTM5NjYsIm5iZiI6MTc4MjA5Mzg0Niwib3JnIjoxLCJvbmx5Q2hhbm5lbHMiOlsic2xlLW1vZHVsZS1kZXNrdG9wLWFwcGxpY2F0aW9uczE1LXNwNy1wb29sLXg4Nl82NCJdfQ.oMzamuoTg2c5MCqhhZSkHSSRm104mGR0mn62U-mvTBM HTTP/1.1" 200 -
172.16.3.7 - - [22/Jun/2026:04:07:49 +0200] "GET /rhn/manager/download/sle-module-desktop-applications15-sp7-pool-x86_64/repodata/15cbb63431c9e9a14e482d81be31eb51cdc2d45bc5b2ff9ede32e606af74d3fa-primary.xml.gz?eyJhbGciOiJIUzI1NiJ9.eyJqdGkiOiJFQ0k2QlUxeVRPLS03dXFNLUIzZC1RIiwiZXhwIjoxODEzNjI5OTY2LCJpYXQiOjE3ODIwOTM5NjYsIm5iZiI6MTc4MjA5Mzg0Niwib3JnIjoxLCJvbmx5Q2hhbm5lbHMiOlsic2xlLW1vZHVsZS1kZXNrdG9wLWFwcGxpY2F0aW9uczE1LXNwNy1wb29sLXg4Nl82NCJdfQ.oMzamuoTg2c5MCqhhZSkHSSRm104mGR0mn62U-mvTBM HTTP/1.1" 304 -
172.16.3.7 - - [22/Jun/2026:04:07:50 +0200] "HEAD /rhn/manager/download/sle-module-desktop-applications15-sp7-pool-x86_64/repodata/1f946d0abcb5eb50f98c00bc8b701ff7b2741f83cff3dc9f4e433876bc664c3b-susedata.xml.gz?eyJhbGciOiJIUzI1NiJ9.eyJqdGkiOiJFQ0k2QlUxeVRPLS03dXFNLUIzZC1RIiwiZXhwIjoxODEzNjI5OTY2LCJpYXQiOjE3ODIwOTM5NjYsIm5iZiI6MTc4MjA5Mzg0Niwib3JnIjoxLCJvbmx5Q2hhbm5lbHMiOlsic2xlLW1vZHVsZS1kZXNrdG9wLWFwcGxpY2F0aW9uczE1LXNwNy1wb29sLXg4Nl82NCJdfQ.oMzamuoTg2c5MCqhhZSkHSSRm104mGR0mn62U-mvTBM HTTP/1.1" 200 -
172.16.3.7 - - [22/Jun/2026:04:07:50 +0200] "GET /rhn/manager/download/sle-module-desktop-applications15-sp7-pool-x86_64/repodata/1f946d0abcb5eb50f98c00bc8b701ff7b2741f83cff3dc9f4e433876bc664c3b-susedata.xml.gz?eyJhbGciOiJIUzI1NiJ9.eyJqdGkiOiJFQ0k2QlUxeVRPLS03dXFNLUIzZC1RIiwiZXhwIjoxODEzNjI5OTY2LCJpYXQiOjE3ODIwOTM5NjYsIm5iZiI6MTc4MjA5Mzg0Niwib3JnIjoxLCJvbmx5Q2hhbm5lbHMiOlsic2xlLW1vZHVsZS1kZXNrdG9wLWFwcGxpY2F0aW9uczE1LXNwNy1wb29sLXg4Nl82NCJdfQ.oMzamuoTg2c5MCqhhZSkHSSRm104mGR0mn62U-mvTBM HTTP/1.1" 304 -
::1 - - [22/Jun/2026:04:07:50 +0200] "OPTIONS * HTTP/1.0" 200 - "-" "Apache/2.4.66 (Linux/SUSE) OpenSSL/3.5.0 mod_wsgi/5.0.2 Python/3.13 (internal dummy connection)"
172.16.3.7 - - [22/Jun/2026:04:07:51 +0200] "HEAD /rhn/manager/download/sle-module-devtools15-sp7-pool-x86_64/repodata/repomd.xml?eyJhbGciOiJIUzI1NiJ9.eyJqdGkiOiJiS0VoUUFnTWl1aTJtRXROLWZBZmpnIiwiZXhwIjoxODEzNjI5OTY2LCJpYXQiOjE3ODIwOTM5NjYsIm5iZiI6MTc4MjA5Mzg0Niwib3JnIjoxLCJvbmx5Q2hhbm5lbHMiOlsic2xlLW1vZHVsZS1kZXZ0b29sczE1LXNwNy1wb29sLXg4Nl82NCJdfQ.92lDz3zPyz__hhStDQq9Cux01rvhGjpXlyv4tnw0lvQ HTTP/1.1" 200 -
172.16.3.7 - - [22/Jun/2026:04:07:51 +0200] "HEAD /rhn/manager/download/sle-module-devtools15-sp7-pool-x86_64/media.1/media?eyJhbGciOiJIUzI1NiJ9.eyJqdGkiOiJiS0VoUUFnTWl1aTJtRXROLWZBZmpnIiwiZXhwIjoxODEzNjI5OTY2LCJpYXQiOjE3ODIwOTM5NjYsIm5iZiI6MTc4MjA5Mzg0Niwib3JnIjoxLCJvbmx5Q2hhbm5lbHMiOlsic2xlLW1vZHVsZS1kZXZ0b29sczE1LXNwNy1wb29sLXg4Nl82NCJdfQ.92lDz3zPyz__hhStDQq9Cux01rvhGjpXlyv4tnw0lvQ HTTP/1.1" 404 -
172.16.3.7 - - [22/Jun/2026:04:07:51 +0200] "HEAD /rhn/manager/download/sle-module-devtools15-sp7-pool-x86_64/repodata/repomd.xml?eyJhbGciOiJIUzI1NiJ9.eyJqdGkiOiJiS0VoUUFnTWl1aTJtRXROLWZBZmpnIiwiZXhwIjoxODEzNjI5OTY2LCJpYXQiOjE3ODIwOTM5NjYsIm5iZiI6MTc4MjA5Mzg0Niwib3JnIjoxLCJvbmx5Q2hhbm5lbHMiOlsic2xlLW1vZHVsZS1kZXZ0b29sczE1LXNwNy1wb29sLXg4Nl82NCJdfQ.92lDz3zPyz__hhStDQq9Cux01rvhGjpXlyv4tnw0lvQ HTTP/1.1" 200 -
172.16.3.7 - - [22/Jun/2026:04:07:51 +0200] "GET /rhn/manager/download/sle-module-devtools15-sp7-pool-x86_64/repodata/repomd.xml?eyJhbGciOiJIUzI1NiJ9.eyJqdGkiOiJiS0VoUUFnTWl1aTJtRXROLWZBZmpnIiwiZXhwIjoxODEzNjI5OTY2LCJpYXQiOjE3ODIwOTM5NjYsIm5iZiI6MTc4MjA5Mzg0Niwib3JnIjoxLCJvbmx5Q2hhbm5lbHMiOlsic2xlLW1vZHVsZS1kZXZ0b29sczE1LXNwNy1wb29sLXg4Nl82NCJdfQ.92lDz3zPyz__hhStDQq9Cux01rvhGjpXlyv4tnw0lvQ HTTP/1.1" 304 -
172.16.3.7 - - [22/Jun/2026:04:07:51 +0200] "HEAD /rhn/manager/download/sle-module-devtools15-sp7-pool-x86_64/repodata/repomd.xml.asc?eyJhbGciOiJIUzI1NiJ9.eyJqdGkiOiJiS0VoUUFnTWl1aTJtRXROLWZBZmpnIiwiZXhwIjoxODEzNjI5OTY2LCJpYXQiOjE3ODIwOTM5NjYsIm5iZiI6MTc4MjA5Mzg0Niwib3JnIjoxLCJvbmx5Q2hhbm5lbHMiOlsic2xlLW1vZHVsZS1kZXZ0b29sczE1LXNwNy1wb29sLXg4Nl82NCJdfQ.92lDz3zPyz__hhStDQq9Cux01rvhGjpXlyv4tnw0lvQ HTTP/1.1" 404 -
172.16.3.7 - - [22/Jun/2026:04:07:51 +0200] "HEAD /rhn/manager/download/sle-module-devtools15-sp7-pool-x86_64/repodata/83aa1f7dc35abf1d46f125ec6a280d93e80d7ca2c92b3f802f6576c8e46c622d-primary.xml.gz?eyJhbGciOiJIUzI1NiJ9.eyJqdGkiOiJiS0VoUUFnTWl1aTJtRXROLWZBZmpnIiwiZXhwIjoxODEzNjI5OTY2LCJpYXQiOjE3ODIwOTM5NjYsIm5iZiI6MTc4MjA5Mzg0Niwib3JnIjoxLCJvbmx5Q2hhbm5lbHMiOlsic2xlLW1vZHVsZS1kZXZ0b29sczE1LXNwNy1wb29sLXg4Nl82NCJdfQ.92lDz3zPyz__hhStDQq9Cux01rvhGjpXlyv4tnw0lvQ HTTP/1.1" 200 -
172.16.3.7 - - [22/Jun/2026:04:07:51 +0200] "GET /rhn/manager/download/sle-module-devtools15-sp7-pool-x86_64/repodata/83aa1f7dc35abf1d46f125ec6a280d93e80d7ca2c92b3f802f6576c8e46c622d-primary.xml.gz?eyJhbGciOiJIUzI1NiJ9.eyJqdGkiOiJiS0VoUUFnTWl1aTJtRXROLWZBZmpnIiwiZXhwIjoxODEzNjI5OTY2LCJpYXQiOjE3ODIwOTM5NjYsIm5iZiI6MTc4MjA5Mzg0Niwib3JnIjoxLCJvbmx5Q2hhbm5lbHMiOlsic2xlLW1vZHVsZS1kZXZ0b29sczE1LXNwNy1wb29sLXg4Nl82NCJdfQ.92lDz3zPyz__hhStDQq9Cux01rvhGjpXlyv4tnw0lvQ HTTP/1.1" 304 -
172.16.3.7 - - [22/Jun/2026:04:07:51 +0200] "HEAD /rhn/manager/download/sle-module-devtools15-sp7-pool-x86_64/repodata/915a3c1a40ea5870feeac828972a8f7be36db0f13153d67be41ce770ed597f5d-susedata.xml.gz?eyJhbGciOiJIUzI1NiJ9.eyJqdGkiOiJiS0VoUUFnTWl1aTJtRXROLWZBZmpnIiwiZXhwIjoxODEzNjI5OTY2LCJpYXQiOjE3ODIwOTM5NjYsIm5iZiI6MTc4MjA5Mzg0Niwib3JnIjoxLCJvbmx5Q2hhbm5lbHMiOlsic2xlLW1vZHVsZS1kZXZ0b29sczE1LXNwNy1wb29sLXg4Nl82NCJdfQ.92lDz3zPyz__hhStDQq9Cux01rvhGjpXlyv4tnw0lvQ HTTP/1.1" 200 -
172.16.3.5 - - [22/Jun/2026:04:07:42 +0200] "GET /rhn/websocket/notifications HTTP/1.1" 101 -
172.16.3.7 - - [22/Jun/2026:04:07:52 +0200] "GET /rhn/manager/download/sle-module-devtools15-sp7-pool-x86_64/repodata/915a3c1a40ea5870feeac828972a8f7be36db0f13153d67be41ce770ed597f5d-susedata.xml.gz?eyJhbGciOiJIUzI1NiJ9.eyJqdGkiOiJiS0VoUUFnTWl1aTJtRXROLWZBZmpnIiwiZXhwIjoxODEzNjI5OTY2LCJpYXQiOjE3ODIwOTM5NjYsIm5iZiI6MTc4MjA5Mzg0Niwib3JnIjoxLCJvbmx5Q2hhbm5lbHMiOlsic2xlLW1vZHVsZS1kZXZ0b29sczE1LXNwNy1wb29sLXg4Nl82NCJdfQ.92lDz3zPyz__hhStDQq9Cux01rvhGjpXlyv4tnw0lvQ HTTP/1.1" 304 -
172.16.3.5 - - [22/Jun/2026:04:07:52 +0200] "GET /rhn/systems/details/history/History.do?sid=1000010001& HTTP/1.1" 200 6937
172.16.3.7 - - [22/Jun/2026:04:07:52 +0200] "HEAD /rhn/manager/download/sle-module-python3-15-sp7-pool-x86_64/repodata/repomd.xml?eyJhbGciOiJIUzI1NiJ9.eyJqdGkiOiJya3dqbW9WMXJadjRnTWkzNjhIeVN3IiwiZXhwIjoxODEzNjI5OTY2LCJpYXQiOjE3ODIwOTM5NjYsIm5iZiI6MTc4MjA5Mzg0Niwib3JnIjoxLCJvbmx5Q2hhbm5lbHMiOlsic2xlLW1vZHVsZS1weXRob24zLTE1LXNwNy1wb29sLXg4Nl82NCJdfQ.SszhNiBWYbKEtud1MZOUuJp4ngcCEJtA1QnIbKUK4C8 HTTP/1.1" 200 -
172.16.3.7 - - [22/Jun/2026:04:07:52 +0200] "HEAD /rhn/manager/download/sle-module-python3-15-sp7-pool-x86_64/media.1/media?eyJhbGciOiJIUzI1NiJ9.eyJqdGkiOiJya3dqbW9WMXJadjRnTWkzNjhIeVN3IiwiZXhwIjoxODEzNjI5OTY2LCJpYXQiOjE3ODIwOTM5NjYsIm5iZiI6MTc4MjA5Mzg0Niwib3JnIjoxLCJvbmx5Q2hhbm5lbHMiOlsic2xlLW1vZHVsZS1weXRob24zLTE1LXNwNy1wb29sLXg4Nl82NCJdfQ.SszhNiBWYbKEtud1MZOUuJp4ngcCEJtA1QnIbKUK4C8 HTTP/1.1" 404 -
172.16.3.5 - - [22/Jun/2026:04:07:52 +0200] "GET /img/favicon.ico?q=0.7291139895254665 HTTP/1.1" 200 1150
172.16.3.7 - - [22/Jun/2026:04:07:52 +0200] "HEAD /rhn/manager/download/sle-module-python3-15-sp7-pool-x86_64/repodata/repomd.xml?eyJhbGciOiJIUzI1NiJ9.eyJqdGkiOiJya3dqbW9WMXJadjRnTWkzNjhIeVN3IiwiZXhwIjoxODEzNjI5OTY2LCJpYXQiOjE3ODIwOTM5NjYsIm5iZiI6MTc4MjA5Mzg0Niwib3JnIjoxLCJvbmx5Q2hhbm5lbHMiOlsic2xlLW1vZHVsZS1weXRob24zLTE1LXNwNy1wb29sLXg4Nl82NCJdfQ.SszhNiBWYbKEtud1MZOUuJp4ngcCEJtA1QnIbKUK4C8 HTTP/1.1" 200 -
172.16.3.5 - - [22/Jun/2026:04:07:52 +0200] "POST /rhn/manager/frontend-log HTTP/1.1" 200 42
172.16.3.7 - - [22/Jun/2026:04:07:52 +0200] "GET /rhn/manager/download/sle-module-python3-15-sp7-pool-x86_64/repodata/repomd.xml?eyJhbGciOiJIUzI1NiJ9.eyJqdGkiOiJya3dqbW9WMXJadjRnTWkzNjhIeVN3IiwiZXhwIjoxODEzNjI5OTY2LCJpYXQiOjE3ODIwOTM5NjYsIm5iZiI6MTc4MjA5Mzg0Niwib3JnIjoxLCJvbmx5Q2hhbm5lbHMiOlsic2xlLW1vZHVsZS1weXRob24zLTE1LXNwNy1wb29sLXg4Nl82NCJdfQ.SszhNiBWYbKEtud1MZOUuJp4ngcCEJtA1QnIbKUK4C8 HTTP/1.1" 304 -
172.16.3.7 - - [22/Jun/2026:04:07:52 +0200] "HEAD /rhn/manager/download/sle-module-python3-15-sp7-pool-x86_64/repodata/repomd.xml.asc?eyJhbGciOiJIUzI1NiJ9.eyJqdGkiOiJya3dqbW9WMXJadjRnTWkzNjhIeVN3IiwiZXhwIjoxODEzNjI5OTY2LCJpYXQiOjE3ODIwOTM5NjYsIm5iZiI6MTc4MjA5Mzg0Niwib3JnIjoxLCJvbmx5Q2hhbm5lbHMiOlsic2xlLW1vZHVsZS1weXRob24zLTE1LXNwNy1wb29sLXg4Nl82NCJdfQ.SszhNiBWYbKEtud1MZOUuJp4ngcCEJtA1QnIbKUK4C8 HTTP/1.1" 404 -
172.16.3.7 - - [22/Jun/2026:04:07:52 +0200] "HEAD /rhn/manager/download/sle-module-python3-15-sp7-pool-x86_64/repodata/219ea8ef7ba43f5f72dbf70cbf38d5598f71a80d65dcc42b49fabbe39f99e2b5-primary.xml.gz?eyJhbGciOiJIUzI1NiJ9.eyJqdGkiOiJya3dqbW9WMXJadjRnTWkzNjhIeVN3IiwiZXhwIjoxODEzNjI5OTY2LCJpYXQiOjE3ODIwOTM5NjYsIm5iZiI6MTc4MjA5Mzg0Niwib3JnIjoxLCJvbmx5Q2hhbm5lbHMiOlsic2xlLW1vZHVsZS1weXRob24zLTE1LXNwNy1wb29sLXg4Nl82NCJdfQ.SszhNiBWYbKEtud1MZOUuJp4ngcCEJtA1QnIbKUK4C8 HTTP/1.1" 200 -
172.16.3.5 - - [22/Jun/2026:04:07:52 +0200] "GET /rhn/websocket/notifications HTTP/1.1" 101 -
172.16.3.7 - - [22/Jun/2026:04:07:53 +0200] "GET /rhn/manager/download/sle-module-python3-15-sp7-pool-x86_64/repodata/219ea8ef7ba43f5f72dbf70cbf38d5598f71a80d65dcc42b49fabbe39f99e2b5-primary.xml.gz?eyJhbGciOiJIUzI1NiJ9.eyJqdGkiOiJya3dqbW9WMXJadjRnTWkzNjhIeVN3IiwiZXhwIjoxODEzNjI5OTY2LCJpYXQiOjE3ODIwOTM5NjYsIm5iZiI6MTc4MjA5Mzg0Niwib3JnIjoxLCJvbmx5Q2hhbm5lbHMiOlsic2xlLW1vZHVsZS1weXRob24zLTE1LXNwNy1wb29sLXg4Nl82NCJdfQ.SszhNiBWYbKEtud1MZOUuJp4ngcCEJtA1QnIbKUK4C8 HTTP/1.1" 304 -
172.16.3.7 - - [22/Jun/2026:04:07:53 +0200] "HEAD /rhn/manager/download/sle-module-python3-15-sp7-pool-x86_64/repodata/8d6df19a96d8079ec107331fe6b54a867019c312ab9b64dd25dd0c5cc754e9a5-susedata.xml.gz?eyJhbGciOiJIUzI1NiJ9.eyJqdGkiOiJya3dqbW9WMXJadjRnTWkzNjhIeVN3IiwiZXhwIjoxODEzNjI5OTY2LCJpYXQiOjE3ODIwOTM5NjYsIm5iZiI6MTc4MjA5Mzg0Niwib3JnIjoxLCJvbmx5Q2hhbm5lbHMiOlsic2xlLW1vZHVsZS1weXRob24zLTE1LXNwNy1wb29sLXg4Nl82NCJdfQ.SszhNiBWYbKEtud1MZOUuJp4ngcCEJtA1QnIbKUK4C8 HTTP/1.1" 200 -
172.16.3.5 - - [22/Jun/2026:04:07:52 +0200] "GET /rhn/systems/details/history/Event.do?sid=1000010001&aid=29 HTTP/1.1" 200 6193
172.16.3.7 - - [22/Jun/2026:04:07:53 +0200] "GET /rhn/manager/download/sle-module-python3-15-sp7-pool-x86_64/repodata/8d6df19a96d8079ec107331fe6b54a867019c312ab9b64dd25dd0c5cc754e9a5-susedata.xml.gz?eyJhbGciOiJIUzI1NiJ9.eyJqdGkiOiJya3dqbW9WMXJadjRnTWkzNjhIeVN3IiwiZXhwIjoxODEzNjI5OTY2LCJpYXQiOjE3ODIwOTM5NjYsIm5iZiI6MTc4MjA5Mzg0Niwib3JnIjoxLCJvbmx5Q2hhbm5lbHMiOlsic2xlLW1vZHVsZS1weXRob24zLTE1LXNwNy1wb29sLXg4Nl82NCJdfQ.SszhNiBWYbKEtud1MZOUuJp4ngcCEJtA1QnIbKUK4C8 HTTP/1.1" 304 -
172.16.3.5 - - [22/Jun/2026:04:07:53 +0200] "GET /img/favicon.ico?q=0.9597794328452033 HTTP/1.1" 200 1150
172.16.3.5 - - [22/Jun/2026:04:07:53 +0200] "POST /rhn/manager/frontend-log HTTP/1.1" 200 42
172.16.3.7 - - [22/Jun/2026:04:07:53 +0200] "HEAD /rhn/manager/download/sle-module-server-applications15-sp7-pool-x86_64/repodata/repomd.xml?eyJhbGciOiJIUzI1NiJ9.eyJqdGkiOiJ3aV9VM2ZtLTVvdkpBS01tMkJOaDhBIiwiZXhwIjoxODEzNjI5OTY2LCJpYXQiOjE3ODIwOTM5NjYsIm5iZiI6MTc4MjA5Mzg0Niwib3JnIjoxLCJvbmx5Q2hhbm5lbHMiOlsic2xlLW1vZHVsZS1zZXJ2ZXItYXBwbGljYXRpb25zMTUtc3A3LXBvb2wteDg2XzY0Il19.cU2Y4ftHSHa57avklpwC_3n-J0jaA9JXrWb93Y5ApjI HTTP/1.1" 200 -
172.16.3.7 - - [22/Jun/2026:04:07:53 +0200] "HEAD /rhn/manager/download/sle-module-server-applications15-sp7-pool-x86_64/media.1/media?eyJhbGciOiJIUzI1NiJ9.eyJqdGkiOiJ3aV9VM2ZtLTVvdkpBS01tMkJOaDhBIiwiZXhwIjoxODEzNjI5OTY2LCJpYXQiOjE3ODIwOTM5NjYsIm5iZiI6MTc4MjA5Mzg0Niwib3JnIjoxLCJvbmx5Q2hhbm5lbHMiOlsic2xlLW1vZHVsZS1zZXJ2ZXItYXBwbGljYXRpb25zMTUtc3A3LXBvb2wteDg2XzY0Il19.cU2Y4ftHSHa57avklpwC_3n-J0jaA9JXrWb93Y5ApjI HTTP/1.1" 404 -
172.16.3.7 - - [22/Jun/2026:04:07:53 +0200] "HEAD /rhn/manager/download/sle-module-server-applications15-sp7-pool-x86_64/repodata/repomd.xml?eyJhbGciOiJIUzI1NiJ9.eyJqdGkiOiJ3aV9VM2ZtLTVvdkpBS01tMkJOaDhBIiwiZXhwIjoxODEzNjI5OTY2LCJpYXQiOjE3ODIwOTM5NjYsIm5iZiI6MTc4MjA5Mzg0Niwib3JnIjoxLCJvbmx5Q2hhbm5lbHMiOlsic2xlLW1vZHVsZS1zZXJ2ZXItYXBwbGljYXRpb25zMTUtc3A3LXBvb2wteDg2XzY0Il19.cU2Y4ftHSHa57avklpwC_3n-J0jaA9JXrWb93Y5ApjI HTTP/1.1" 200 -
172.16.3.7 - - [22/Jun/2026:04:07:53 +0200] "GET /rhn/manager/download/sle-module-server-applications15-sp7-pool-x86_64/repodata/repomd.xml?eyJhbGciOiJIUzI1NiJ9.eyJqdGkiOiJ3aV9VM2ZtLTVvdkpBS01tMkJOaDhBIiwiZXhwIjoxODEzNjI5OTY2LCJpYXQiOjE3ODIwOTM5NjYsIm5iZiI6MTc4MjA5Mzg0Niwib3JnIjoxLCJvbmx5Q2hhbm5lbHMiOlsic2xlLW1vZHVsZS1zZXJ2ZXItYXBwbGljYXRpb25zMTUtc3A3LXBvb2wteDg2XzY0Il19.cU2Y4ftHSHa57avklpwC_3n-J0jaA9JXrWb93Y5ApjI HTTP/1.1" 304 -
172.16.3.7 - - [22/Jun/2026:04:07:53 +0200] "HEAD /rhn/manager/download/sle-module-server-applications15-sp7-pool-x86_64/repodata/repomd.xml.asc?eyJhbGciOiJIUzI1NiJ9.eyJqdGkiOiJ3aV9VM2ZtLTVvdkpBS01tMkJOaDhBIiwiZXhwIjoxODEzNjI5OTY2LCJpYXQiOjE3ODIwOTM5NjYsIm5iZiI6MTc4MjA5Mzg0Niwib3JnIjoxLCJvbmx5Q2hhbm5lbHMiOlsic2xlLW1vZHVsZS1zZXJ2ZXItYXBwbGljYXRpb25zMTUtc3A3LXBvb2wteDg2XzY0Il19.cU2Y4ftHSHa57avklpwC_3n-J0jaA9JXrWb93Y5ApjI HTTP/1.1" 404 -
172.16.3.7 - - [22/Jun/2026:04:07:53 +0200] "HEAD /rhn/manager/download/sle-module-server-applications15-sp7-pool-x86_64/repodata/82404f6a1c4186ae6f768a21aa620f534f711b9d9610021807e493884b9299d9-primary.xml.gz?eyJhbGciOiJIUzI1NiJ9.eyJqdGkiOiJ3aV9VM2ZtLTVvdkpBS01tMkJOaDhBIiwiZXhwIjoxODEzNjI5OTY2LCJpYXQiOjE3ODIwOTM5NjYsIm5iZiI6MTc4MjA5Mzg0Niwib3JnIjoxLCJvbmx5Q2hhbm5lbHMiOlsic2xlLW1vZHVsZS1zZXJ2ZXItYXBwbGljYXRpb25zMTUtc3A3LXBvb2wteDg2XzY0Il19.cU2Y4ftHSHa57avklpwC_3n-J0jaA9JXrWb93Y5ApjI HTTP/1.1" 200 -
172.16.3.5 - - [22/Jun/2026:04:07:43 +0200] "GET /rhn/websocket/notifications HTTP/1.1" 101 -
172.16.3.7 - - [22/Jun/2026:04:07:54 +0200] "GET /rhn/manager/download/sle-module-server-applications15-sp7-pool-x86_64/repodata/82404f6a1c4186ae6f768a21aa620f534f711b9d9610021807e493884b9299d9-primary.xml.gz?eyJhbGciOiJIUzI1NiJ9.eyJqdGkiOiJ3aV9VM2ZtLTVvdkpBS01tMkJOaDhBIiwiZXhwIjoxODEzNjI5OTY2LCJpYXQiOjE3ODIwOTM5NjYsIm5iZiI6MTc4MjA5Mzg0Niwib3JnIjoxLCJvbmx5Q2hhbm5lbHMiOlsic2xlLW1vZHVsZS1zZXJ2ZXItYXBwbGljYXRpb25zMTUtc3A3LXBvb2wteDg2XzY0Il19.cU2Y4ftHSHa57avklpwC_3n-J0jaA9JXrWb93Y5ApjI HTTP/1.1" 304 -
