172.16.3.7 - - [20/Jun/2026:08:00:38 +0200] "HEAD /rhn/manager/download/sle-module-server-applications15-sp7-updates-x86_64/repodata/repomd.xml?eyJhbGciOiJIUzI1NiJ9.eyJqdGkiOiJXLUhZMDlsTk1CWWo1UEFyNE9RclpBIiwiZXhwIjoxODEzNDcxMTQyLCJpYXQiOjE3ODE5MzUxNDIsIm5iZiI6MTc4MTkzNTAyMiwib3JnIjoxLCJvbmx5Q2hhbm5lbHMiOlsic2xlLW1vZHVsZS1zZXJ2ZXItYXBwbGljYXRpb25zMTUtc3A3LXVwZGF0ZXMteDg2XzY0Il19.bWHmsHT3mgw0cW1Kte4KcmxhBP-uCKt_AVTP-4ZxVk0 HTTP/1.1" 200 -
172.16.3.5 - - [20/Jun/2026:08:00:37 +0200] "POST /rhn/manager/api/system/searchByName HTTP/1.1" 200 150
172.16.3.7 - - [20/Jun/2026:08:00:38 +0200] "GET /rhn/manager/download/sle-module-server-applications15-sp7-updates-x86_64/repodata/repomd.xml?eyJhbGciOiJIUzI1NiJ9.eyJqdGkiOiJXLUhZMDlsTk1CWWo1UEFyNE9RclpBIiwiZXhwIjoxODEzNDcxMTQyLCJpYXQiOjE3ODE5MzUxNDIsIm5iZiI6MTc4MTkzNTAyMiwib3JnIjoxLCJvbmx5Q2hhbm5lbHMiOlsic2xlLW1vZHVsZS1zZXJ2ZXItYXBwbGljYXRpb25zMTUtc3A3LXVwZGF0ZXMteDg2XzY0Il19.bWHmsHT3mgw0cW1Kte4KcmxhBP-uCKt_AVTP-4ZxVk0 HTTP/1.1" 304 -
172.16.3.7 - - [20/Jun/2026:08:00:38 +0200] "HEAD /rhn/manager/download/sle-module-server-applications15-sp7-updates-x86_64/repodata/repomd.xml.asc?eyJhbGciOiJIUzI1NiJ9.eyJqdGkiOiJXLUhZMDlsTk1CWWo1UEFyNE9RclpBIiwiZXhwIjoxODEzNDcxMTQyLCJpYXQiOjE3ODE5MzUxNDIsIm5iZiI6MTc4MTkzNTAyMiwib3JnIjoxLCJvbmx5Q2hhbm5lbHMiOlsic2xlLW1vZHVsZS1zZXJ2ZXItYXBwbGljYXRpb25zMTUtc3A3LXVwZGF0ZXMteDg2XzY0Il19.bWHmsHT3mgw0cW1Kte4KcmxhBP-uCKt_AVTP-4ZxVk0 HTTP/1.1" 404 -
172.16.3.5 - - [20/Jun/2026:08:00:38 +0200] "GET /rhn/manager/api/auth/logout HTTP/1.1" 200 42
172.16.3.5 - - [20/Jun/2026:08:00:33 +0200] "GET /rhn/websocket/notifications HTTP/1.1" 101 -
172.16.3.7 - - [20/Jun/2026:08:00:38 +0200] "HEAD /rhn/manager/download/sle-module-server-applications15-sp7-updates-x86_64/repodata/42db77d57fe67858bf4c3b3868e587800966919fd3fa11b4a37c336156d1dba2-primary.xml.gz?eyJhbGciOiJIUzI1NiJ9.eyJqdGkiOiJXLUhZMDlsTk1CWWo1UEFyNE9RclpBIiwiZXhwIjoxODEzNDcxMTQyLCJpYXQiOjE3ODE5MzUxNDIsIm5iZiI6MTc4MTkzNTAyMiwib3JnIjoxLCJvbmx5Q2hhbm5lbHMiOlsic2xlLW1vZHVsZS1zZXJ2ZXItYXBwbGljYXRpb25zMTUtc3A3LXVwZGF0ZXMteDg2XzY0Il19.bWHmsHT3mgw0cW1Kte4KcmxhBP-uCKt_AVTP-4ZxVk0 HTTP/1.1" 200 -
172.16.3.5 - - [20/Jun/2026:08:00:37 +0200] "GET /rhn/systems/details/SystemChannels.do?sid=1000010001& HTTP/1.1" 200 5877
172.16.3.5 - - [20/Jun/2026:08:00:38 +0200] "GET /img/favicon.ico?q=0.9859766135379359 HTTP/1.1" 200 1150
172.16.3.5 - - [20/Jun/2026:08:00:38 +0200] "GET /javascript/manager/html_src_components_action-schedule_tsx.118292a2975e0928a9ec.js HTTP/1.1" 200 3381
172.16.3.5 - - [20/Jun/2026:08:00:38 +0200] "GET /css/html_src_components_input_select_withCustomComponents_tsx-html_src_manager_systems_subscribe--101ff7.e2afb475bce17e52bd16.css HTTP/1.1" 200 238
172.16.3.5 - - [20/Jun/2026:08:00:38 +0200] "GET /javascript/manager/html_src_components_input_select_withCustomComponents_tsx-html_src_manager_systems_subscribe--101ff7.e2afb475bce17e52bd16.js HTTP/1.1" 200 7975
172.16.3.5 - - [20/Jun/2026:08:00:38 +0200] "POST /rhn/manager/frontend-log HTTP/1.1" 200 42
172.16.3.7 - - [20/Jun/2026:08:00:39 +0200] "GET /rhn/manager/download/sle-module-server-applications15-sp7-updates-x86_64/repodata/42db77d57fe67858bf4c3b3868e587800966919fd3fa11b4a37c336156d1dba2-primary.xml.gz?eyJhbGciOiJIUzI1NiJ9.eyJqdGkiOiJXLUhZMDlsTk1CWWo1UEFyNE9RclpBIiwiZXhwIjoxODEzNDcxMTQyLCJpYXQiOjE3ODE5MzUxNDIsIm5iZiI6MTc4MTkzNTAyMiwib3JnIjoxLCJvbmx5Q2hhbm5lbHMiOlsic2xlLW1vZHVsZS1zZXJ2ZXItYXBwbGljYXRpb25zMTUtc3A3LXVwZGF0ZXMteDg2XzY0Il19.bWHmsHT3mgw0cW1Kte4KcmxhBP-uCKt_AVTP-4ZxVk0 HTTP/1.1" 304 -
172.16.3.5 - - [20/Jun/2026:08:00:04 +0200] "GET /rhn/websocket/notifications HTTP/1.1" 101 -
172.16.3.5 - - [20/Jun/2026:08:00:38 +0200] "GET /rhn/manager/api/systems/1000010001/channels HTTP/1.1" 200 250
172.16.3.7 - - [20/Jun/2026:08:00:39 +0200] "HEAD /rhn/manager/download/sle-module-server-applications15-sp7-updates-x86_64/repodata/1e936d26f8ab58c1393dcb2c418b6fa4d1ca34662972096e2cc1a73934b7d7cc-susedata.xml.gz?eyJhbGciOiJIUzI1NiJ9.eyJqdGkiOiJXLUhZMDlsTk1CWWo1UEFyNE9RclpBIiwiZXhwIjoxODEzNDcxMTQyLCJpYXQiOjE3ODE5MzUxNDIsIm5iZiI6MTc4MTkzNTAyMiwib3JnIjoxLCJvbmx5Q2hhbm5lbHMiOlsic2xlLW1vZHVsZS1zZXJ2ZXItYXBwbGljYXRpb25zMTUtc3A3LXVwZGF0ZXMteDg2XzY0Il19.bWHmsHT3mgw0cW1Kte4KcmxhBP-uCKt_AVTP-4ZxVk0 HTTP/1.1" 200 -
172.16.3.5 - - [20/Jun/2026:08:00:39 +0200] "GET /rhn/manager/api/systems/1000010001/channels-available-base HTTP/1.1" 200 293
172.16.3.5 - - [20/Jun/2026:08:00:39 +0200] "GET /rhn/manager/api/systems/1000010001/channels/129/accessible-children?oldBaseChannelId=129 HTTP/1.1" 200 202
172.16.3.7 - - [20/Jun/2026:08:00:39 +0200] "GET /rhn/manager/download/sle-module-server-applications15-sp7-updates-x86_64/repodata/1e936d26f8ab58c1393dcb2c418b6fa4d1ca34662972096e2cc1a73934b7d7cc-susedata.xml.gz?eyJhbGciOiJIUzI1NiJ9.eyJqdGkiOiJXLUhZMDlsTk1CWWo1UEFyNE9RclpBIiwiZXhwIjoxODEzNDcxMTQyLCJpYXQiOjE3ODE5MzUxNDIsIm5iZiI6MTc4MTkzNTAyMiwib3JnIjoxLCJvbmx5Q2hhbm5lbHMiOlsic2xlLW1vZHVsZS1zZXJ2ZXItYXBwbGljYXRpb25zMTUtc3A3LXVwZGF0ZXMteDg2XzY0Il19.bWHmsHT3mgw0cW1Kte4KcmxhBP-uCKt_AVTP-4ZxVk0 HTTP/1.1" 304 -
172.16.3.5 - - [20/Jun/2026:08:00:38 +0200] "GET /rhn/systems/details/Overview.do?sid=1000010000 HTTP/1.1" 200 6790
172.16.3.5 - - [20/Jun/2026:08:00:35 +0200] "GET /rhn/websocket/notifications HTTP/1.1" 101 -
172.16.3.5 - - [20/Jun/2026:08:00:39 +0200] "POST /rhn/manager/api/admin/mandatoryChannels HTTP/1.1" 200 67
172.16.3.5 - - [20/Jun/2026:08:00:39 +0200] "POST /rhn/manager/frontend-log HTTP/1.1" 200 42
172.16.3.7 - - [20/Jun/2026:08:00:39 +0200] "HEAD /rhn/manager/download/sle-module-server-applications15-sp7-updates-x86_64/repodata/2eb62e68334d50e1953e6e886e655ab88fee24edc66abc208083b5a9c8d93a2e-updateinfo.xml.gz?eyJhbGciOiJIUzI1NiJ9.eyJqdGkiOiJXLUhZMDlsTk1CWWo1UEFyNE9RclpBIiwiZXhwIjoxODEzNDcxMTQyLCJpYXQiOjE3ODE5MzUxNDIsIm5iZiI6MTc4MTkzNTAyMiwib3JnIjoxLCJvbmx5Q2hhbm5lbHMiOlsic2xlLW1vZHVsZS1zZXJ2ZXItYXBwbGljYXRpb25zMTUtc3A3LXVwZGF0ZXMteDg2XzY0Il19.bWHmsHT3mgw0cW1Kte4KcmxhBP-uCKt_AVTP-4ZxVk0 HTTP/1.1" 200 -
172.16.3.5 - - [20/Jun/2026:08:00:39 +0200] "GET /rhn/systems/details/history/Event.do?sid=1000010005&aid=24 HTTP/1.1" 200 6193
172.16.3.5 - - [20/Jun/2026:08:00:30 +0200] "GET /rhn/websocket/notifications HTTP/1.1" 101 -
172.16.3.7 - - [20/Jun/2026:08:00:39 +0200] "GET /rhn/manager/download/sle-module-server-applications15-sp7-updates-x86_64/repodata/2eb62e68334d50e1953e6e886e655ab88fee24edc66abc208083b5a9c8d93a2e-updateinfo.xml.gz?eyJhbGciOiJIUzI1NiJ9.eyJqdGkiOiJXLUhZMDlsTk1CWWo1UEFyNE9RclpBIiwiZXhwIjoxODEzNDcxMTQyLCJpYXQiOjE3ODE5MzUxNDIsIm5iZiI6MTc4MTkzNTAyMiwib3JnIjoxLCJvbmx5Q2hhbm5lbHMiOlsic2xlLW1vZHVsZS1zZXJ2ZXItYXBwbGljYXRpb25zMTUtc3A3LXVwZGF0ZXMteDg2XzY0Il19.bWHmsHT3mgw0cW1Kte4KcmxhBP-uCKt_AVTP-4ZxVk0 HTTP/1.1" 304 -
172.16.3.5 - - [20/Jun/2026:08:00:39 +0200] "POST /rhn/manager/frontend-log HTTP/1.1" 200 42
172.16.3.5 - - [20/Jun/2026:08:00:39 +0200] "POST /rhn/manager/frontend-log HTTP/1.1" 200 42
172.16.3.5 - - [20/Jun/2026:08:00:40 +0200] "POST /rhn/manager/api/maintenance/upcoming-windows HTTP/1.1" 200 52
172.16.3.7 - - [20/Jun/2026:08:00:40 +0200] "HEAD /rhn/manager/download/sle-module-systems-management-15-sp7-updates-x86_64/repodata/repomd.xml?eyJhbGciOiJIUzI1NiJ9.eyJqdGkiOiJiUEdXZElVYWdodTZlSUEwUEJnS2JRIiwiZXhwIjoxODEzNDcxMTQyLCJpYXQiOjE3ODE5MzUxNDIsIm5iZiI6MTc4MTkzNTAyMiwib3JnIjoxLCJvbmx5Q2hhbm5lbHMiOlsic2xlLW1vZHVsZS1zeXN0ZW1zLW1hbmFnZW1lbnQtMTUtc3A3LXVwZGF0ZXMteDg2XzY0Il19.mpU9ibtMNUKWmWoyqKPAbAdr6dNqtLKk5oc-pPqbEHg HTTP/1.1" 200 -
172.16.3.5 - - [20/Jun/2026:08:00:40 +0200] "POST /rhn/manager/frontend-log HTTP/1.1" 200 42
172.16.3.7 - - [20/Jun/2026:08:00:40 +0200] "HEAD /rhn/manager/download/sle-module-systems-management-15-sp7-updates-x86_64/media.1/media?eyJhbGciOiJIUzI1NiJ9.eyJqdGkiOiJiUEdXZElVYWdodTZlSUEwUEJnS2JRIiwiZXhwIjoxODEzNDcxMTQyLCJpYXQiOjE3ODE5MzUxNDIsIm5iZiI6MTc4MTkzNTAyMiwib3JnIjoxLCJvbmx5Q2hhbm5lbHMiOlsic2xlLW1vZHVsZS1zeXN0ZW1zLW1hbmFnZW1lbnQtMTUtc3A3LXVwZGF0ZXMteDg2XzY0Il19.mpU9ibtMNUKWmWoyqKPAbAdr6dNqtLKk5oc-pPqbEHg HTTP/1.1" 404 -
172.16.3.5 - - [20/Jun/2026:08:00:40 +0200] "POST /rhn/manager/api/systems/1000010001/channels HTTP/1.1" 200 52
172.16.3.5 - - [20/Jun/2026:08:00:39 +0200] "POST /rhn/manager/api/auth/login HTTP/1.1" 200 42
172.16.3.7 - - [20/Jun/2026:08:00:40 +0200] "HEAD /rhn/manager/download/sle-module-systems-management-15-sp7-updates-x86_64/repodata/repomd.xml?eyJhbGciOiJIUzI1NiJ9.eyJqdGkiOiJiUEdXZElVYWdodTZlSUEwUEJnS2JRIiwiZXhwIjoxODEzNDcxMTQyLCJpYXQiOjE3ODE5MzUxNDIsIm5iZiI6MTc4MTkzNTAyMiwib3JnIjoxLCJvbmx5Q2hhbm5lbHMiOlsic2xlLW1vZHVsZS1zeXN0ZW1zLW1hbmFnZW1lbnQtMTUtc3A3LXVwZGF0ZXMteDg2XzY0Il19.mpU9ibtMNUKWmWoyqKPAbAdr6dNqtLKk5oc-pPqbEHg HTTP/1.1" 200 -
172.16.3.5 - - [20/Jun/2026:08:00:39 +0200] "GET /rhn/websocket/notifications HTTP/1.1" 101 -
172.16.3.5 - - [20/Jun/2026:08:00:40 +0200] "GET /rhn/systems/details/Overview.do?sid=1000010000& HTTP/1.1" 200 6790
172.16.3.5 - - [20/Jun/2026:08:00:41 +0200] "GET /img/favicon.ico?q=0.2150776347133353 HTTP/1.1" 200 1150
172.16.3.5 - - [20/Jun/2026:08:00:41 +0200] "POST /rhn/manager/api/system/searchByName HTTP/1.1" 200 154
172.16.3.5 - - [20/Jun/2026:08:00:41 +0200] "POST /rhn/manager/frontend-log HTTP/1.1" 200 42
172.16.3.7 - - [20/Jun/2026:08:00:41 +0200] "GET /rhn/manager/download/sle-module-systems-management-15-sp7-updates-x86_64/repodata/repomd.xml?eyJhbGciOiJIUzI1NiJ9.eyJqdGkiOiJiUEdXZElVYWdodTZlSUEwUEJnS2JRIiwiZXhwIjoxODEzNDcxMTQyLCJpYXQiOjE3ODE5MzUxNDIsIm5iZiI6MTc4MTkzNTAyMiwib3JnIjoxLCJvbmx5Q2hhbm5lbHMiOlsic2xlLW1vZHVsZS1zeXN0ZW1zLW1hbmFnZW1lbnQtMTUtc3A3LXVwZGF0ZXMteDg2XzY0Il19.mpU9ibtMNUKWmWoyqKPAbAdr6dNqtLKk5oc-pPqbEHg HTTP/1.1" 304 -
172.16.3.7 - - [20/Jun/2026:08:00:41 +0200] "HEAD /rhn/manager/download/sle-module-systems-management-15-sp7-updates-x86_64/repodata/repomd.xml.asc?eyJhbGciOiJIUzI1NiJ9.eyJqdGkiOiJiUEdXZElVYWdodTZlSUEwUEJnS2JRIiwiZXhwIjoxODEzNDcxMTQyLCJpYXQiOjE3ODE5MzUxNDIsIm5iZiI6MTc4MTkzNTAyMiwib3JnIjoxLCJvbmx5Q2hhbm5lbHMiOlsic2xlLW1vZHVsZS1zeXN0ZW1zLW1hbmFnZW1lbnQtMTUtc3A3LXVwZGF0ZXMteDg2XzY0Il19.mpU9ibtMNUKWmWoyqKPAbAdr6dNqtLKk5oc-pPqbEHg HTTP/1.1" 404 -
172.16.3.5 - - [20/Jun/2026:08:00:41 +0200] "GET /rhn/manager/api/auth/logout HTTP/1.1" 200 42
172.16.3.5 - - [20/Jun/2026:08:00:02 +0200] "GET /rhn/websocket/notifications HTTP/1.1" 101 -
172.16.3.5 - - [20/Jun/2026:08:00:41 +0200] "GET /rhn/systems/details/history/Pending.do?sid=1000010001& HTTP/1.1" 200 6926
172.16.3.7 - - [20/Jun/2026:08:00:41 +0200] "HEAD /rhn/manager/download/sle-module-systems-management-15-sp7-updates-x86_64/repodata/a3739102115b2e609ec4ef611e29ae4801f0e4543261ba4bfee814feb1741f23-primary.xml.gz?eyJhbGciOiJIUzI1NiJ9.eyJqdGkiOiJiUEdXZElVYWdodTZlSUEwUEJnS2JRIiwiZXhwIjoxODEzNDcxMTQyLCJpYXQiOjE3ODE5MzUxNDIsIm5iZiI6MTc4MTkzNTAyMiwib3JnIjoxLCJvbmx5Q2hhbm5lbHMiOlsic2xlLW1vZHVsZS1zeXN0ZW1zLW1hbmFnZW1lbnQtMTUtc3A3LXVwZGF0ZXMteDg2XzY0Il19.mpU9ibtMNUKWmWoyqKPAbAdr6dNqtLKk5oc-pPqbEHg HTTP/1.1" 200 -
172.16.3.5 - - [20/Jun/2026:08:00:41 +0200] "GET /img/favicon.ico?q=0.7485493714904304 HTTP/1.1" 200 1150
172.16.3.5 - - [20/Jun/2026:08:00:41 +0200] "POST /rhn/manager/frontend-log HTTP/1.1" 200 42
172.16.3.7 - - [20/Jun/2026:08:00:42 +0200] "GET /rhn/manager/download/sle-module-systems-management-15-sp7-updates-x86_64/repodata/a3739102115b2e609ec4ef611e29ae4801f0e4543261ba4bfee814feb1741f23-primary.xml.gz?eyJhbGciOiJIUzI1NiJ9.eyJqdGkiOiJiUEdXZElVYWdodTZlSUEwUEJnS2JRIiwiZXhwIjoxODEzNDcxMTQyLCJpYXQiOjE3ODE5MzUxNDIsIm5iZiI6MTc4MTkzNTAyMiwib3JnIjoxLCJvbmx5Q2hhbm5lbHMiOlsic2xlLW1vZHVsZS1zeXN0ZW1zLW1hbmFnZW1lbnQtMTUtc3A3LXVwZGF0ZXMteDg2XzY0Il19.mpU9ibtMNUKWmWoyqKPAbAdr6dNqtLKk5oc-pPqbEHg HTTP/1.1" 304 -
172.16.3.7 - - [20/Jun/2026:08:00:42 +0200] "HEAD /rhn/manager/download/sle-module-systems-management-15-sp7-updates-x86_64/repodata/218c58f7eff7f094a0f35ef3ba1827b7c9dc8e4f8a65d96901ed1b548efdbe15-susedata.xml.gz?eyJhbGciOiJIUzI1NiJ9.eyJqdGkiOiJiUEdXZElVYWdodTZlSUEwUEJnS2JRIiwiZXhwIjoxODEzNDcxMTQyLCJpYXQiOjE3ODE5MzUxNDIsIm5iZiI6MTc4MTkzNTAyMiwib3JnIjoxLCJvbmx5Q2hhbm5lbHMiOlsic2xlLW1vZHVsZS1zeXN0ZW1zLW1hbmFnZW1lbnQtMTUtc3A3LXVwZGF0ZXMteDg2XzY0Il19.mpU9ibtMNUKWmWoyqKPAbAdr6dNqtLKk5oc-pPqbEHg HTTP/1.1" 200 -
172.16.3.7 - - [20/Jun/2026:08:00:42 +0200] "GET /rhn/manager/download/sle-module-systems-management-15-sp7-updates-x86_64/repodata/218c58f7eff7f094a0f35ef3ba1827b7c9dc8e4f8a65d96901ed1b548efdbe15-susedata.xml.gz?eyJhbGciOiJIUzI1NiJ9.eyJqdGkiOiJiUEdXZElVYWdodTZlSUEwUEJnS2JRIiwiZXhwIjoxODEzNDcxMTQyLCJpYXQiOjE3ODE5MzUxNDIsIm5iZiI6MTc4MTkzNTAyMiwib3JnIjoxLCJvbmx5Q2hhbm5lbHMiOlsic2xlLW1vZHVsZS1zeXN0ZW1zLW1hbmFnZW1lbnQtMTUtc3A3LXVwZGF0ZXMteDg2XzY0Il19.mpU9ibtMNUKWmWoyqKPAbAdr6dNqtLKk5oc-pPqbEHg HTTP/1.1" 304 -
172.16.3.5 - - [20/Jun/2026:08:00:41 +0200] "GET /rhn/systems/details/ProxyClients.do?sid=1000010000& HTTP/1.1" 200 8092
172.16.3.5 - - [20/Jun/2026:08:00:42 +0200] "GET /img/favicon.ico?q=0.2816667458205766 HTTP/1.1" 200 1150
172.16.3.7 - - [20/Jun/2026:08:00:43 +0200] "HEAD /rhn/manager/download/sle-module-systems-management-15-sp7-updates-x86_64/repodata/be650039884ceb2967a4ab8a271c57750f465e8cc74d943a49c953a6da335f95-updateinfo.xml.gz?eyJhbGciOiJIUzI1NiJ9.eyJqdGkiOiJiUEdXZElVYWdodTZlSUEwUEJnS2JRIiwiZXhwIjoxODEzNDcxMTQyLCJpYXQiOjE3ODE5MzUxNDIsIm5iZiI6MTc4MTkzNTAyMiwib3JnIjoxLCJvbmx5Q2hhbm5lbHMiOlsic2xlLW1vZHVsZS1zeXN0ZW1zLW1hbmFnZW1lbnQtMTUtc3A3LXVwZGF0ZXMteDg2XzY0Il19.mpU9ibtMNUKWmWoyqKPAbAdr6dNqtLKk5oc-pPqbEHg HTTP/1.1" 200 -
172.16.3.5 - - [20/Jun/2026:08:00:42 +0200] "GET /rhn/systems/details/history/Pending.do?sid=1000010001& HTTP/1.1" 200 6926
172.16.3.5 - - [20/Jun/2026:08:00:42 +0200] "POST /rhn/manager/frontend-log HTTP/1.1" 200 42
172.16.3.5 - - [20/Jun/2026:08:00:43 +0200] "GET /img/favicon.ico?q=0.3115255173615131 HTTP/1.1" 200 1150
172.16.3.5 - - [20/Jun/2026:08:00:41 +0200] "GET /rhn/systems/details/Overview.do?sid=1000010004 HTTP/1.1" 200 7052
172.16.3.5 - - [20/Jun/2026:08:00:31 +0200] "GET /rhn/websocket/notifications HTTP/1.1" 101 -
172.16.3.7 - - [20/Jun/2026:08:00:43 +0200] "GET /rhn/manager/download/sle-module-systems-management-15-sp7-updates-x86_64/repodata/be650039884ceb2967a4ab8a271c57750f465e8cc74d943a49c953a6da335f95-updateinfo.xml.gz?eyJhbGciOiJIUzI1NiJ9.eyJqdGkiOiJiUEdXZElVYWdodTZlSUEwUEJnS2JRIiwiZXhwIjoxODEzNDcxMTQyLCJpYXQiOjE3ODE5MzUxNDIsIm5iZiI6MTc4MTkzNTAyMiwib3JnIjoxLCJvbmx5Q2hhbm5lbHMiOlsic2xlLW1vZHVsZS1zeXN0ZW1zLW1hbmFnZW1lbnQtMTUtc3A3LXVwZGF0ZXMteDg2XzY0Il19.mpU9ibtMNUKWmWoyqKPAbAdr6dNqtLKk5oc-pPqbEHg HTTP/1.1" 304 -
172.16.3.5 - - [20/Jun/2026:08:00:43 +0200] "POST /rhn/manager/frontend-log HTTP/1.1" 200 42
172.16.3.5 - - [20/Jun/2026:08:00:43 +0200] "POST /rhn/manager/frontend-log HTTP/1.1" 200 42
172.16.3.7 - - [20/Jun/2026:08:00:44 +0200] "HEAD /rhn/manager/download/sle-product-sles15-sp7-updates-x86_64/repodata/repomd.xml?eyJhbGciOiJIUzI1NiJ9.eyJqdGkiOiJtWGhPN3QtbUhRa3YwUjl1T2tXX1hBIiwiZXhwIjoxODEzNDcxMTQyLCJpYXQiOjE3ODE5MzUxNDIsIm5iZiI6MTc4MTkzNTAyMiwib3JnIjoxLCJvbmx5Q2hhbm5lbHMiOlsic2xlLXByb2R1Y3Qtc2xlczE1LXNwNy11cGRhdGVzLXg4Nl82NCJdfQ.2sobMI81XVU0sijCgmrviFG6s5gL8cL7iuvFRZtUaX4 HTTP/1.1" 200 -
172.16.3.5 - - [20/Jun/2026:08:00:43 +0200] "POST /rhn/manager/frontend-log HTTP/1.1" 200 42
172.16.3.7 - - [20/Jun/2026:08:00:45 +0200] "HEAD /rhn/manager/download/sle-product-sles15-sp7-updates-x86_64/media.1/media?eyJhbGciOiJIUzI1NiJ9.eyJqdGkiOiJtWGhPN3QtbUhRa3YwUjl1T2tXX1hBIiwiZXhwIjoxODEzNDcxMTQyLCJpYXQiOjE3ODE5MzUxNDIsIm5iZiI6MTc4MTkzNTAyMiwib3JnIjoxLCJvbmx5Q2hhbm5lbHMiOlsic2xlLXByb2R1Y3Qtc2xlczE1LXNwNy11cGRhdGVzLXg4Nl82NCJdfQ.2sobMI81XVU0sijCgmrviFG6s5gL8cL7iuvFRZtUaX4 HTTP/1.1" 404 -
172.16.3.7 - - [20/Jun/2026:08:00:45 +0200] "HEAD /rhn/manager/download/sle-product-sles15-sp7-updates-x86_64/repodata/repomd.xml?eyJhbGciOiJIUzI1NiJ9.eyJqdGkiOiJtWGhPN3QtbUhRa3YwUjl1T2tXX1hBIiwiZXhwIjoxODEzNDcxMTQyLCJpYXQiOjE3ODE5MzUxNDIsIm5iZiI6MTc4MTkzNTAyMiwib3JnIjoxLCJvbmx5Q2hhbm5lbHMiOlsic2xlLXByb2R1Y3Qtc2xlczE1LXNwNy11cGRhdGVzLXg4Nl82NCJdfQ.2sobMI81XVU0sijCgmrviFG6s5gL8cL7iuvFRZtUaX4 HTTP/1.1" 200 -
172.16.3.7 - - [20/Jun/2026:08:00:45 +0200] "GET /rhn/manager/download/sle-product-sles15-sp7-updates-x86_64/repodata/repomd.xml?eyJhbGciOiJIUzI1NiJ9.eyJqdGkiOiJtWGhPN3QtbUhRa3YwUjl1T2tXX1hBIiwiZXhwIjoxODEzNDcxMTQyLCJpYXQiOjE3ODE5MzUxNDIsIm5iZiI6MTc4MTkzNTAyMiwib3JnIjoxLCJvbmx5Q2hhbm5lbHMiOlsic2xlLXByb2R1Y3Qtc2xlczE1LXNwNy11cGRhdGVzLXg4Nl82NCJdfQ.2sobMI81XVU0sijCgmrviFG6s5gL8cL7iuvFRZtUaX4 HTTP/1.1" 304 -
172.16.3.7 - - [20/Jun/2026:08:00:45 +0200] "HEAD /rhn/manager/download/sle-product-sles15-sp7-updates-x86_64/repodata/repomd.xml.asc?eyJhbGciOiJIUzI1NiJ9.eyJqdGkiOiJtWGhPN3QtbUhRa3YwUjl1T2tXX1hBIiwiZXhwIjoxODEzNDcxMTQyLCJpYXQiOjE3ODE5MzUxNDIsIm5iZiI6MTc4MTkzNTAyMiwib3JnIjoxLCJvbmx5Q2hhbm5lbHMiOlsic2xlLXByb2R1Y3Qtc2xlczE1LXNwNy11cGRhdGVzLXg4Nl82NCJdfQ.2sobMI81XVU0sijCgmrviFG6s5gL8cL7iuvFRZtUaX4 HTTP/1.1" 404 -
172.16.3.7 - - [20/Jun/2026:08:00:46 +0200] "HEAD /rhn/manager/download/sle-product-sles15-sp7-updates-x86_64/repodata/72da8da32f1c9c1b5659b994a378d457fe0562865bb34d08948c15e9f9331e9c-primary.xml.gz?eyJhbGciOiJIUzI1NiJ9.eyJqdGkiOiJtWGhPN3QtbUhRa3YwUjl1T2tXX1hBIiwiZXhwIjoxODEzNDcxMTQyLCJpYXQiOjE3ODE5MzUxNDIsIm5iZiI6MTc4MTkzNTAyMiwib3JnIjoxLCJvbmx5Q2hhbm5lbHMiOlsic2xlLXByb2R1Y3Qtc2xlczE1LXNwNy11cGRhdGVzLXg4Nl82NCJdfQ.2sobMI81XVU0sijCgmrviFG6s5gL8cL7iuvFRZtUaX4 HTTP/1.1" 200 -
172.16.3.5 - - [20/Jun/2026:08:00:43 +0200] "POST /rhn/manager/api/auth/login HTTP/1.1" 200 42
172.16.3.5 - - [20/Jun/2026:08:00:44 +0200] "GET /rhn/systems/details/Overview.do?sid=1000010004& HTTP/1.1" 200 7052
172.16.3.7 - - [20/Jun/2026:08:00:46 +0200] "GET /rhn/manager/download/sle-product-sles15-sp7-updates-x86_64/repodata/72da8da32f1c9c1b5659b994a378d457fe0562865bb34d08948c15e9f9331e9c-primary.xml.gz?eyJhbGciOiJIUzI1NiJ9.eyJqdGkiOiJtWGhPN3QtbUhRa3YwUjl1T2tXX1hBIiwiZXhwIjoxODEzNDcxMTQyLCJpYXQiOjE3ODE5MzUxNDIsIm5iZiI6MTc4MTkzNTAyMiwib3JnIjoxLCJvbmx5Q2hhbm5lbHMiOlsic2xlLXByb2R1Y3Qtc2xlczE1LXNwNy11cGRhdGVzLXg4Nl82NCJdfQ.2sobMI81XVU0sijCgmrviFG6s5gL8cL7iuvFRZtUaX4 HTTP/1.1" 304 -
172.16.3.5 - - [20/Jun/2026:08:00:46 +0200] "GET /img/favicon.ico?q=0.6125131927396992 HTTP/1.1" 200 1150
172.16.3.5 - - [20/Jun/2026:08:00:46 +0200] "POST /rhn/manager/api/system/searchByName HTTP/1.1" 200 149
172.16.3.5 - - [20/Jun/2026:08:00:46 +0200] "POST /rhn/manager/frontend-log HTTP/1.1" 200 42
172.16.3.7 - - [20/Jun/2026:08:00:46 +0200] "HEAD /rhn/manager/download/sle-product-sles15-sp7-updates-x86_64/repodata/70c5d735bea733091ae1e7ee0e0b9512a914214027367521262deb6cb4bedaa1-susedata.xml.gz?eyJhbGciOiJIUzI1NiJ9.eyJqdGkiOiJtWGhPN3QtbUhRa3YwUjl1T2tXX1hBIiwiZXhwIjoxODEzNDcxMTQyLCJpYXQiOjE3ODE5MzUxNDIsIm5iZiI6MTc4MTkzNTAyMiwib3JnIjoxLCJvbmx5Q2hhbm5lbHMiOlsic2xlLXByb2R1Y3Qtc2xlczE1LXNwNy11cGRhdGVzLXg4Nl82NCJdfQ.2sobMI81XVU0sijCgmrviFG6s5gL8cL7iuvFRZtUaX4 HTTP/1.1" 200 -
172.16.3.7 - - [20/Jun/2026:08:00:46 +0200] "GET /rhn/manager/download/sle-product-sles15-sp7-updates-x86_64/repodata/70c5d735bea733091ae1e7ee0e0b9512a914214027367521262deb6cb4bedaa1-susedata.xml.gz?eyJhbGciOiJIUzI1NiJ9.eyJqdGkiOiJtWGhPN3QtbUhRa3YwUjl1T2tXX1hBIiwiZXhwIjoxODEzNDcxMTQyLCJpYXQiOjE3ODE5MzUxNDIsIm5iZiI6MTc4MTkzNTAyMiwib3JnIjoxLCJvbmx5Q2hhbm5lbHMiOlsic2xlLXByb2R1Y3Qtc2xlczE1LXNwNy11cGRhdGVzLXg4Nl82NCJdfQ.2sobMI81XVU0sijCgmrviFG6s5gL8cL7iuvFRZtUaX4 HTTP/1.1" 304 -
172.16.3.5 - - [20/Jun/2026:08:00:46 +0200] "GET /rhn/websocket/notifications HTTP/1.1" 101 -
172.16.3.5 - - [20/Jun/2026:08:00:46 +0200] "GET /rhn/manager/api/auth/logout HTTP/1.1" 200 42
172.16.3.5 - - [20/Jun/2026:08:00:39 +0200] "GET /rhn/websocket/notifications HTTP/1.1" 101 -
172.16.3.7 - - [20/Jun/2026:08:00:46 +0200] "HEAD /rhn/manager/download/sle-product-sles15-sp7-updates-x86_64/repodata/3efa5b9fae5214a5a8d6f4e73db34425ec3934b1d040183473d0d8865a0737d1-updateinfo.xml.gz?eyJhbGciOiJIUzI1NiJ9.eyJqdGkiOiJtWGhPN3QtbUhRa3YwUjl1T2tXX1hBIiwiZXhwIjoxODEzNDcxMTQyLCJpYXQiOjE3ODE5MzUxNDIsIm5iZiI6MTc4MTkzNTAyMiwib3JnIjoxLCJvbmx5Q2hhbm5lbHMiOlsic2xlLXByb2R1Y3Qtc2xlczE1LXNwNy11cGRhdGVzLXg4Nl82NCJdfQ.2sobMI81XVU0sijCgmrviFG6s5gL8cL7iuvFRZtUaX4 HTTP/1.1" 200 -
172.16.3.7 - - [20/Jun/2026:08:00:46 +0200] "GET /rhn/manager/download/sle-product-sles15-sp7-updates-x86_64/repodata/3efa5b9fae5214a5a8d6f4e73db34425ec3934b1d040183473d0d8865a0737d1-updateinfo.xml.gz?eyJhbGciOiJIUzI1NiJ9.eyJqdGkiOiJtWGhPN3QtbUhRa3YwUjl1T2tXX1hBIiwiZXhwIjoxODEzNDcxMTQyLCJpYXQiOjE3ODE5MzUxNDIsIm5iZiI6MTc4MTkzNTAyMiwib3JnIjoxLCJvbmx5Q2hhbm5lbHMiOlsic2xlLXByb2R1Y3Qtc2xlczE1LXNwNy11cGRhdGVzLXg4Nl82NCJdfQ.2sobMI81XVU0sijCgmrviFG6s5gL8cL7iuvFRZtUaX4 HTTP/1.1" 304 -
172.16.3.5 - - [20/Jun/2026:08:00:12 +0200] "GET /rhn/websocket/notifications HTTP/1.1" 101 -
172.16.3.5 - - [20/Jun/2026:08:00:46 +0200] "GET /rhn/systems/details/Connection.do?sid=1000010004& HTTP/1.1" 200 6282
172.16.3.5 - - [20/Jun/2026:08:00:47 +0200] "GET /img/favicon.ico?q=0.15825600279896224 HTTP/1.1" 200 1150
172.16.3.5 - - [20/Jun/2026:08:00:47 +0200] "POST /rhn/manager/frontend-log HTTP/1.1" 200 42
172.16.3.7 - - [20/Jun/2026:08:00:47 +0200] "HEAD /rhn/manager/download/devel-build-host-channel/repodata/repomd.xml?eyJhbGciOiJIUzI1NiJ9.eyJqdGkiOiJURjQ1empyNFVfU1BpR01EN0xlMWNRIiwiZXhwIjoxODEzNDcxMTQyLCJpYXQiOjE3ODE5MzUxNDIsIm5iZiI6MTc4MTkzNTAyMiwib3JnIjoxLCJvbmx5Q2hhbm5lbHMiOlsiZGV2ZWwtYnVpbGQtaG9zdC1jaGFubmVsIl19.6Db48jb8XTzk8VwfieveOX83YM0VwmEC4wTjrXqUc88 HTTP/1.1" 200 -
172.16.3.7 - - [20/Jun/2026:08:00:47 +0200] "HEAD /rhn/manager/download/devel-build-host-channel/media.1/media?eyJhbGciOiJIUzI1NiJ9.eyJqdGkiOiJURjQ1empyNFVfU1BpR01EN0xlMWNRIiwiZXhwIjoxODEzNDcxMTQyLCJpYXQiOjE3ODE5MzUxNDIsIm5iZiI6MTc4MTkzNTAyMiwib3JnIjoxLCJvbmx5Q2hhbm5lbHMiOlsiZGV2ZWwtYnVpbGQtaG9zdC1jaGFubmVsIl19.6Db48jb8XTzk8VwfieveOX83YM0VwmEC4wTjrXqUc88 HTTP/1.1" 404 -
172.16.3.5 - - [20/Jun/2026:08:00:47 +0200] "GET /rhn/systems/details/history/Event.do?sid=1000010003&aid=18 HTTP/1.1" 200 6186
172.16.3.5 - - [20/Jun/2026:08:00:37 +0200] "GET /rhn/websocket/notifications HTTP/1.1" 101 -
172.16.3.5 - - [20/Jun/2026:08:00:46 +0200] "GET /rhn/systems/details/Overview.do?sid=1000010002 HTTP/1.1" 200 6965
172.16.3.5 - - [20/Jun/2026:08:00:43 +0200] "GET /rhn/websocket/notifications HTTP/1.1" 101 -
172.16.3.5 - - [20/Jun/2026:08:00:47 +0200] "POST /rhn/manager/frontend-log HTTP/1.1" 200 42
172.16.3.7 - - [20/Jun/2026:08:00:47 +0200] "HEAD /rhn/manager/download/devel-build-host-channel/repodata/repomd.xml?eyJhbGciOiJIUzI1NiJ9.eyJqdGkiOiJURjQ1empyNFVfU1BpR01EN0xlMWNRIiwiZXhwIjoxODEzNDcxMTQyLCJpYXQiOjE3ODE5MzUxNDIsIm5iZiI6MTc4MTkzNTAyMiwib3JnIjoxLCJvbmx5Q2hhbm5lbHMiOlsiZGV2ZWwtYnVpbGQtaG9zdC1jaGFubmVsIl19.6Db48jb8XTzk8VwfieveOX83YM0VwmEC4wTjrXqUc88 HTTP/1.1" 200 -
172.16.3.5 - - [20/Jun/2026:08:00:47 +0200] "POST /rhn/manager/frontend-log HTTP/1.1" 200 42
172.16.3.7 - - [20/Jun/2026:08:00:48 +0200] "GET /rhn/manager/download/devel-build-host-channel/repodata/repomd.xml?eyJhbGciOiJIUzI1NiJ9.eyJqdGkiOiJURjQ1empyNFVfU1BpR01EN0xlMWNRIiwiZXhwIjoxODEzNDcxMTQyLCJpYXQiOjE3ODE5MzUxNDIsIm5iZiI6MTc4MTkzNTAyMiwib3JnIjoxLCJvbmx5Q2hhbm5lbHMiOlsiZGV2ZWwtYnVpbGQtaG9zdC1jaGFubmVsIl19.6Db48jb8XTzk8VwfieveOX83YM0VwmEC4wTjrXqUc88 HTTP/1.1" 304 -
172.16.3.5 - - [20/Jun/2026:08:00:47 +0200] "POST /rhn/manager/frontend-log HTTP/1.1" 200 42
172.16.3.5 - - [20/Jun/2026:08:00:48 +0200] "POST /rhn/manager/frontend-log HTTP/1.1" 200 42
172.16.3.7 - - [20/Jun/2026:08:00:48 +0200] "HEAD /rhn/manager/download/devel-build-host-channel/repodata/repomd.xml.asc?eyJhbGciOiJIUzI1NiJ9.eyJqdGkiOiJURjQ1empyNFVfU1BpR01EN0xlMWNRIiwiZXhwIjoxODEzNDcxMTQyLCJpYXQiOjE3ODE5MzUxNDIsIm5iZiI6MTc4MTkzNTAyMiwib3JnIjoxLCJvbmx5Q2hhbm5lbHMiOlsiZGV2ZWwtYnVpbGQtaG9zdC1jaGFubmVsIl19.6Db48jb8XTzk8VwfieveOX83YM0VwmEC4wTjrXqUc88 HTTP/1.1" 404 -
172.16.3.7 - - [20/Jun/2026:08:00:48 +0200] "HEAD /rhn/manager/download/devel-build-host-channel/repodata/21d4258a0d75079548322751f96130c52669bfe04851a11aae87137d0d579de0-primary.xml.gz?eyJhbGciOiJIUzI1NiJ9.eyJqdGkiOiJURjQ1empyNFVfU1BpR01EN0xlMWNRIiwiZXhwIjoxODEzNDcxMTQyLCJpYXQiOjE3ODE5MzUxNDIsIm5iZiI6MTc4MTkzNTAyMiwib3JnIjoxLCJvbmx5Q2hhbm5lbHMiOlsiZGV2ZWwtYnVpbGQtaG9zdC1jaGFubmVsIl19.6Db48jb8XTzk8VwfieveOX83YM0VwmEC4wTjrXqUc88 HTTP/1.1" 200 -
172.16.3.7 - - [20/Jun/2026:08:00:48 +0200] "GET /rhn/manager/download/devel-build-host-channel/repodata/21d4258a0d75079548322751f96130c52669bfe04851a11aae87137d0d579de0-primary.xml.gz?eyJhbGciOiJIUzI1NiJ9.eyJqdGkiOiJURjQ1empyNFVfU1BpR01EN0xlMWNRIiwiZXhwIjoxODEzNDcxMTQyLCJpYXQiOjE3ODE5MzUxNDIsIm5iZiI6MTc4MTkzNTAyMiwib3JnIjoxLCJvbmx5Q2hhbm5lbHMiOlsiZGV2ZWwtYnVpbGQtaG9zdC1jaGFubmVsIl19.6Db48jb8XTzk8VwfieveOX83YM0VwmEC4wTjrXqUc88 HTTP/1.1" 304 -
172.16.3.7 - - [20/Jun/2026:08:00:48 +0200] "HEAD /rhn/manager/download/devel-build-host-channel/repodata/a777311d33ef3076297641add5000cb14dfede03ab0ca18aed7ac1348c3e29eb-susedata.xml.gz?eyJhbGciOiJIUzI1NiJ9.eyJqdGkiOiJURjQ1empyNFVfU1BpR01EN0xlMWNRIiwiZXhwIjoxODEzNDcxMTQyLCJpYXQiOjE3ODE5MzUxNDIsIm5iZiI6MTc4MTkzNTAyMiwib3JnIjoxLCJvbmx5Q2hhbm5lbHMiOlsiZGV2ZWwtYnVpbGQtaG9zdC1jaGFubmVsIl19.6Db48jb8XTzk8VwfieveOX83YM0VwmEC4wTjrXqUc88 HTTP/1.1" 200 -
172.16.3.5 - - [20/Jun/2026:08:00:48 +0200] "GET /rhn/systems/details/packages/Packages.do?sid=1000010002& HTTP/1.1" 200 6090
172.16.3.5 - - [20/Jun/2026:08:00:47 +0200] "POST /rhn/manager/api/auth/login HTTP/1.1" 200 42
172.16.3.5 - - [20/Jun/2026:08:00:48 +0200] "GET /img/favicon.ico?q=0.37836209915745 HTTP/1.1" 200 1150
172.16.3.7 - - [20/Jun/2026:08:00:49 +0200] "GET /rhn/manager/download/devel-build-host-channel/repodata/a777311d33ef3076297641add5000cb14dfede03ab0ca18aed7ac1348c3e29eb-susedata.xml.gz?eyJhbGciOiJIUzI1NiJ9.eyJqdGkiOiJURjQ1empyNFVfU1BpR01EN0xlMWNRIiwiZXhwIjoxODEzNDcxMTQyLCJpYXQiOjE3ODE5MzUxNDIsIm5iZiI6MTc4MTkzNTAyMiwib3JnIjoxLCJvbmx5Q2hhbm5lbHMiOlsiZGV2ZWwtYnVpbGQtaG9zdC1jaGFubmVsIl19.6Db48jb8XTzk8VwfieveOX83YM0VwmEC4wTjrXqUc88 HTTP/1.1" 304 -
172.16.3.5 - - [20/Jun/2026:08:00:48 +0200] "POST /rhn/manager/frontend-log HTTP/1.1" 200 42
172.16.3.5 - - [20/Jun/2026:08:00:49 +0200] "POST /rhn/manager/api/system/searchByName HTTP/1.1" 200 150
172.16.3.5 - - [20/Jun/2026:08:00:49 +0200] "-" 408 -
172.16.3.5 - - [20/Jun/2026:08:00:49 +0200] "-" 408 -
172.16.3.7 - - [20/Jun/2026:08:00:49 +0200] "HEAD /rhn/manager/download/sle-module-basesystem15-sp7-pool-x86_64/repodata/repomd.xml?eyJhbGciOiJIUzI1NiJ9.eyJqdGkiOiJnTV8yQ29hdThrWXZWeFhybm9WYUxBIiwiZXhwIjoxODEzNDcxMTQyLCJpYXQiOjE3ODE5MzUxNDIsIm5iZiI6MTc4MTkzNTAyMiwib3JnIjoxLCJvbmx5Q2hhbm5lbHMiOlsic2xlLW1vZHVsZS1iYXNlc3lzdGVtMTUtc3A3LXBvb2wteDg2XzY0Il19.nWNZZnnFsehuvMhmvH8lmNhMR4Yhb7vSZiTJXIq2ReE HTTP/1.1" 200 -
172.16.3.7 - - [20/Jun/2026:08:00:49 +0200] "HEAD /rhn/manager/download/sle-module-basesystem15-sp7-pool-x86_64/media.1/media?eyJhbGciOiJIUzI1NiJ9.eyJqdGkiOiJnTV8yQ29hdThrWXZWeFhybm9WYUxBIiwiZXhwIjoxODEzNDcxMTQyLCJpYXQiOjE3ODE5MzUxNDIsIm5iZiI6MTc4MTkzNTAyMiwib3JnIjoxLCJvbmx5Q2hhbm5lbHMiOlsic2xlLW1vZHVsZS1iYXNlc3lzdGVtMTUtc3A3LXBvb2wteDg2XzY0Il19.nWNZZnnFsehuvMhmvH8lmNhMR4Yhb7vSZiTJXIq2ReE HTTP/1.1" 404 -
172.16.3.5 - - [20/Jun/2026:08:00:49 +0200] "GET /rhn/manager/api/auth/logout HTTP/1.1" 200 42
172.16.3.5 - - [20/Jun/2026:08:00:44 +0200] "GET /rhn/websocket/notifications HTTP/1.1" 101 -
172.16.3.5 - - [20/Jun/2026:08:00:49 +0200] "GET /rhn/systems/details/SystemChannels.do?sid=1000010002& HTTP/1.1" 200 5868
172.16.3.7 - - [20/Jun/2026:08:00:49 +0200] "HEAD /rhn/manager/download/sle-module-basesystem15-sp7-pool-x86_64/repodata/repomd.xml?eyJhbGciOiJIUzI1NiJ9.eyJqdGkiOiJnTV8yQ29hdThrWXZWeFhybm9WYUxBIiwiZXhwIjoxODEzNDcxMTQyLCJpYXQiOjE3ODE5MzUxNDIsIm5iZiI6MTc4MTkzNTAyMiwib3JnIjoxLCJvbmx5Q2hhbm5lbHMiOlsic2xlLW1vZHVsZS1iYXNlc3lzdGVtMTUtc3A3LXBvb2wteDg2XzY0Il19.nWNZZnnFsehuvMhmvH8lmNhMR4Yhb7vSZiTJXIq2ReE HTTP/1.1" 200 -
172.16.3.5 - - [20/Jun/2026:08:00:49 +0200] "GET /img/favicon.ico?q=0.4077174429672883 HTTP/1.1" 200 1150
172.16.3.5 - - [20/Jun/2026:08:00:49 +0200] "GET /javascript/manager/html_src_components_action-schedule_tsx.118292a2975e0928a9ec.js HTTP/1.1" 200 3381
172.16.3.5 - - [20/Jun/2026:08:00:49 +0200] "GET /css/html_src_components_input_select_withCustomComponents_tsx-html_src_manager_systems_subscribe--101ff7.e2afb475bce17e52bd16.css HTTP/1.1" 200 238
172.16.3.5 - - [20/Jun/2026:08:00:49 +0200] "GET /javascript/manager/html_src_components_input_select_withCustomComponents_tsx-html_src_manager_systems_subscribe--101ff7.e2afb475bce17e52bd16.js HTTP/1.1" 200 7975
172.16.3.7 - - [20/Jun/2026:08:00:49 +0200] "GET /rhn/manager/download/sle-module-basesystem15-sp7-pool-x86_64/repodata/repomd.xml?eyJhbGciOiJIUzI1NiJ9.eyJqdGkiOiJnTV8yQ29hdThrWXZWeFhybm9WYUxBIiwiZXhwIjoxODEzNDcxMTQyLCJpYXQiOjE3ODE5MzUxNDIsIm5iZiI6MTc4MTkzNTAyMiwib3JnIjoxLCJvbmx5Q2hhbm5lbHMiOlsic2xlLW1vZHVsZS1iYXNlc3lzdGVtMTUtc3A3LXBvb2wteDg2XzY0Il19.nWNZZnnFsehuvMhmvH8lmNhMR4Yhb7vSZiTJXIq2ReE HTTP/1.1" 304 -
172.16.3.5 - - [20/Jun/2026:08:00:49 +0200] "POST /rhn/manager/frontend-log HTTP/1.1" 200 42
172.16.3.5 - - [20/Jun/2026:08:00:36 +0200] "GET /rhn/websocket/notifications HTTP/1.1" 101 -
172.16.3.7 - - [20/Jun/2026:08:00:49 +0200] "HEAD /rhn/manager/download/sle-module-basesystem15-sp7-pool-x86_64/repodata/repomd.xml.asc?eyJhbGciOiJIUzI1NiJ9.eyJqdGkiOiJnTV8yQ29hdThrWXZWeFhybm9WYUxBIiwiZXhwIjoxODEzNDcxMTQyLCJpYXQiOjE3ODE5MzUxNDIsIm5iZiI6MTc4MTkzNTAyMiwib3JnIjoxLCJvbmx5Q2hhbm5lbHMiOlsic2xlLW1vZHVsZS1iYXNlc3lzdGVtMTUtc3A3LXBvb2wteDg2XzY0Il19.nWNZZnnFsehuvMhmvH8lmNhMR4Yhb7vSZiTJXIq2ReE HTTP/1.1" 404 -
172.16.3.5 - - [20/Jun/2026:08:00:49 +0200] "GET /rhn/manager/api/systems/1000010002/channels HTTP/1.1" 200 253
172.16.3.5 - - [20/Jun/2026:08:00:49 +0200] "GET /rhn/manager/api/systems/1000010002/channels-available-base HTTP/1.1" 200 169
172.16.3.7 - - [20/Jun/2026:08:00:50 +0200] "HEAD /rhn/manager/download/sle-module-basesystem15-sp7-pool-x86_64/repodata/2c1ae42da49af18039d273e54b91bf31214c7cd0625e28c98ce71a0ce9483b4c-primary.xml.gz?eyJhbGciOiJIUzI1NiJ9.eyJqdGkiOiJnTV8yQ29hdThrWXZWeFhybm9WYUxBIiwiZXhwIjoxODEzNDcxMTQyLCJpYXQiOjE3ODE5MzUxNDIsIm5iZiI6MTc4MTkzNTAyMiwib3JnIjoxLCJvbmx5Q2hhbm5lbHMiOlsic2xlLW1vZHVsZS1iYXNlc3lzdGVtMTUtc3A3LXBvb2wteDg2XzY0Il19.nWNZZnnFsehuvMhmvH8lmNhMR4Yhb7vSZiTJXIq2ReE HTTP/1.1" 200 -
172.16.3.5 - - [20/Jun/2026:08:00:49 +0200] "GET /rhn/manager/api/systems/1000010002/channels/128/accessible-children?oldBaseChannelId=128 HTTP/1.1" 200 201
172.16.3.7 - - [20/Jun/2026:08:00:50 +0200] "GET /rhn/manager/download/sle-module-basesystem15-sp7-pool-x86_64/repodata/2c1ae42da49af18039d273e54b91bf31214c7cd0625e28c98ce71a0ce9483b4c-primary.xml.gz?eyJhbGciOiJIUzI1NiJ9.eyJqdGkiOiJnTV8yQ29hdThrWXZWeFhybm9WYUxBIiwiZXhwIjoxODEzNDcxMTQyLCJpYXQiOjE3ODE5MzUxNDIsIm5iZiI6MTc4MTkzNTAyMiwib3JnIjoxLCJvbmx5Q2hhbm5lbHMiOlsic2xlLW1vZHVsZS1iYXNlc3lzdGVtMTUtc3A3LXBvb2wteDg2XzY0Il19.nWNZZnnFsehuvMhmvH8lmNhMR4Yhb7vSZiTJXIq2ReE HTTP/1.1" 304 -
172.16.3.5 - - [20/Jun/2026:08:00:49 +0200] "GET /rhn/systems/details/Overview.do?sid=1000010000 HTTP/1.1" 200 6792
::1 - - [20/Jun/2026:08:00:50 +0200] "OPTIONS * HTTP/1.0" 200 - "-" "Apache/2.4.66 (Linux/SUSE) OpenSSL/3.5.0 mod_wsgi/5.0.2 Python/3.13 (internal dummy connection)"
172.16.3.5 - - [20/Jun/2026:08:00:47 +0200] "GET /rhn/websocket/notifications HTTP/1.1" 101 -
172.16.3.5 - - [20/Jun/2026:08:00:50 +0200] "POST /rhn/manager/api/admin/mandatoryChannels HTTP/1.1" 200 67
172.16.3.5 - - [20/Jun/2026:08:00:49 +0200] "GET /rhn/systems/details/history/Pending.do?sid=1000010001& HTTP/1.1" 200 6228
172.16.3.5 - - [20/Jun/2026:08:00:43 +0200] "GET /rhn/websocket/notifications HTTP/1.1" 101 -
172.16.3.5 - - [20/Jun/2026:08:00:50 +0200] "POST /rhn/manager/frontend-log HTTP/1.1" 200 42
172.16.3.7 - - [20/Jun/2026:08:00:50 +0200] "HEAD /rhn/manager/download/sle-module-basesystem15-sp7-pool-x86_64/repodata/06de25a816b1bd9395e4fb65e8b5ce558f54c9b8fb219cd1e1ef6f333a5b3aa3-susedata.xml.gz?eyJhbGciOiJIUzI1NiJ9.eyJqdGkiOiJnTV8yQ29hdThrWXZWeFhybm9WYUxBIiwiZXhwIjoxODEzNDcxMTQyLCJpYXQiOjE3ODE5MzUxNDIsIm5iZiI6MTc4MTkzNTAyMiwib3JnIjoxLCJvbmx5Q2hhbm5lbHMiOlsic2xlLW1vZHVsZS1iYXNlc3lzdGVtMTUtc3A3LXBvb2wteDg2XzY0Il19.nWNZZnnFsehuvMhmvH8lmNhMR4Yhb7vSZiTJXIq2ReE HTTP/1.1" 200 -
172.16.3.5 - - [20/Jun/2026:08:00:50 +0200] "POST /rhn/manager/frontend-log HTTP/1.1" 200 42
172.16.3.7 - - [20/Jun/2026:08:00:50 +0200] "GET /rhn/manager/download/sle-module-basesystem15-sp7-pool-x86_64/repodata/06de25a816b1bd9395e4fb65e8b5ce558f54c9b8fb219cd1e1ef6f333a5b3aa3-susedata.xml.gz?eyJhbGciOiJIUzI1NiJ9.eyJqdGkiOiJnTV8yQ29hdThrWXZWeFhybm9WYUxBIiwiZXhwIjoxODEzNDcxMTQyLCJpYXQiOjE3ODE5MzUxNDIsIm5iZiI6MTc4MTkzNTAyMiwib3JnIjoxLCJvbmx5Q2hhbm5lbHMiOlsic2xlLW1vZHVsZS1iYXNlc3lzdGVtMTUtc3A3LXBvb2wteDg2XzY0Il19.nWNZZnnFsehuvMhmvH8lmNhMR4Yhb7vSZiTJXIq2ReE HTTP/1.1" 304 -
172.16.3.5 - - [20/Jun/2026:08:00:50 +0200] "POST /rhn/manager/frontend-log HTTP/1.1" 200 42
172.16.3.5 - - [20/Jun/2026:08:00:50 +0200] "POST /rhn/manager/frontend-log HTTP/1.1" 200 42
172.16.3.5 - - [20/Jun/2026:08:00:50 +0200] "POST /rhn/manager/api/maintenance/upcoming-windows HTTP/1.1" 200 52
172.16.3.5 - - [20/Jun/2026:08:00:50 +0200] "POST /rhn/manager/api/systems/1000010002/channels HTTP/1.1" 200 52
::1 - - [20/Jun/2026:08:00:51 +0200] "OPTIONS * HTTP/1.0" 200 - "-" "Apache/2.4.66 (Linux/SUSE) OpenSSL/3.5.0 mod_wsgi/5.0.2 Python/3.13 (internal dummy connection)"
172.16.3.5 - - [20/Jun/2026:08:00:50 +0200] "GET /rhn/systems/details/Overview.do?sid=1000010000& HTTP/1.1" 200 6792
172.16.3.5 - - [20/Jun/2026:08:00:51 +0200] "GET /img/favicon.ico?q=0.5554809554202488 HTTP/1.1" 200 1150
172.16.3.7 - - [20/Jun/2026:08:00:51 +0200] "HEAD /rhn/manager/download/sle-module-desktop-applications15-sp7-pool-x86_64/repodata/repomd.xml?eyJhbGciOiJIUzI1NiJ9.eyJqdGkiOiI4eWV6NFBJVVFPSHEyRy1xcENfNmx3IiwiZXhwIjoxODEzNDcxMTQyLCJpYXQiOjE3ODE5MzUxNDIsIm5iZiI6MTc4MTkzNTAyMiwib3JnIjoxLCJvbmx5Q2hhbm5lbHMiOlsic2xlLW1vZHVsZS1kZXNrdG9wLWFwcGxpY2F0aW9uczE1LXNwNy1wb29sLXg4Nl82NCJdfQ.Jn6VyemvlQn8D5bGuL2XR6t9sgk9kz35IVbwgPC9WyY HTTP/1.1" 200 -
172.16.3.5 - - [20/Jun/2026:08:00:49 +0200] "GET /rhn/websocket/notifications HTTP/1.1" 101 -
172.16.3.5 - - [20/Jun/2026:08:00:51 +0200] "POST /rhn/manager/frontend-log HTTP/1.1" 200 42
172.16.3.7 - - [20/Jun/2026:08:00:51 +0200] "HEAD /rhn/manager/download/sle-module-desktop-applications15-sp7-pool-x86_64/media.1/media?eyJhbGciOiJIUzI1NiJ9.eyJqdGkiOiI4eWV6NFBJVVFPSHEyRy1xcENfNmx3IiwiZXhwIjoxODEzNDcxMTQyLCJpYXQiOjE3ODE5MzUxNDIsIm5iZiI6MTc4MTkzNTAyMiwib3JnIjoxLCJvbmx5Q2hhbm5lbHMiOlsic2xlLW1vZHVsZS1kZXNrdG9wLWFwcGxpY2F0aW9uczE1LXNwNy1wb29sLXg4Nl82NCJdfQ.Jn6VyemvlQn8D5bGuL2XR6t9sgk9kz35IVbwgPC9WyY HTTP/1.1" 404 -
172.16.3.7 - - [20/Jun/2026:08:00:51 +0200] "HEAD /rhn/manager/download/sle-module-desktop-applications15-sp7-pool-x86_64/repodata/repomd.xml?eyJhbGciOiJIUzI1NiJ9.eyJqdGkiOiI4eWV6NFBJVVFPSHEyRy1xcENfNmx3IiwiZXhwIjoxODEzNDcxMTQyLCJpYXQiOjE3ODE5MzUxNDIsIm5iZiI6MTc4MTkzNTAyMiwib3JnIjoxLCJvbmx5Q2hhbm5lbHMiOlsic2xlLW1vZHVsZS1kZXNrdG9wLWFwcGxpY2F0aW9uczE1LXNwNy1wb29sLXg4Nl82NCJdfQ.Jn6VyemvlQn8D5bGuL2XR6t9sgk9kz35IVbwgPC9WyY HTTP/1.1" 200 -
172.16.3.5 - - [20/Jun/2026:08:00:51 +0200] "GET /rhn/systems/details/history/Pending.do?sid=1000010002& HTTP/1.1" 200 6914
172.16.3.5 - - [20/Jun/2026:08:00:52 +0200] "GET /img/favicon.ico?q=0.2291274945532764 HTTP/1.1" 200 1150
172.16.3.7 - - [20/Jun/2026:08:00:52 +0200] "GET /rhn/manager/download/sle-module-desktop-applications15-sp7-pool-x86_64/repodata/repomd.xml?eyJhbGciOiJIUzI1NiJ9.eyJqdGkiOiI4eWV6NFBJVVFPSHEyRy1xcENfNmx3IiwiZXhwIjoxODEzNDcxMTQyLCJpYXQiOjE3ODE5MzUxNDIsIm5iZiI6MTc4MTkzNTAyMiwib3JnIjoxLCJvbmx5Q2hhbm5lbHMiOlsic2xlLW1vZHVsZS1kZXNrdG9wLWFwcGxpY2F0aW9uczE1LXNwNy1wb29sLXg4Nl82NCJdfQ.Jn6VyemvlQn8D5bGuL2XR6t9sgk9kz35IVbwgPC9WyY HTTP/1.1" 304 -
172.16.3.5 - - [20/Jun/2026:08:00:52 +0200] "POST /rhn/manager/frontend-log HTTP/1.1" 200 42
172.16.3.7 - - [20/Jun/2026:08:00:52 +0200] "HEAD /rhn/manager/download/sle-module-desktop-applications15-sp7-pool-x86_64/repodata/repomd.xml.asc?eyJhbGciOiJIUzI1NiJ9.eyJqdGkiOiI4eWV6NFBJVVFPSHEyRy1xcENfNmx3IiwiZXhwIjoxODEzNDcxMTQyLCJpYXQiOjE3ODE5MzUxNDIsIm5iZiI6MTc4MTkzNTAyMiwib3JnIjoxLCJvbmx5Q2hhbm5lbHMiOlsic2xlLW1vZHVsZS1kZXNrdG9wLWFwcGxpY2F0aW9uczE1LXNwNy1wb29sLXg4Nl82NCJdfQ.Jn6VyemvlQn8D5bGuL2XR6t9sgk9kz35IVbwgPC9WyY HTTP/1.1" 404 -
172.16.3.5 - - [20/Jun/2026:08:00:51 +0200] "GET /rhn/systems/details/ProxyClients.do?sid=1000010000& HTTP/1.1" 200 8075
172.16.3.5 - - [20/Jun/2026:08:00:52 +0200] "GET /rhn/websocket/notifications HTTP/1.1" 101 -
172.16.3.5 - - [20/Jun/2026:08:00:52 +0200] "GET /img/favicon.ico?q=0.44516184613373255 HTTP/1.1" 200 1150
172.16.3.7 - - [20/Jun/2026:08:00:52 +0200] "HEAD /rhn/manager/download/sle-module-desktop-applications15-sp7-pool-x86_64/repodata/4b18dbb4fe9da16ab099e2a27f46d71d0f31becd4f3226fba11a86c9369064a4-primary.xml.gz?eyJhbGciOiJIUzI1NiJ9.eyJqdGkiOiI4eWV6NFBJVVFPSHEyRy1xcENfNmx3IiwiZXhwIjoxODEzNDcxMTQyLCJpYXQiOjE3ODE5MzUxNDIsIm5iZiI6MTc4MTkzNTAyMiwib3JnIjoxLCJvbmx5Q2hhbm5lbHMiOlsic2xlLW1vZHVsZS1kZXNrdG9wLWFwcGxpY2F0aW9uczE1LXNwNy1wb29sLXg4Nl82NCJdfQ.Jn6VyemvlQn8D5bGuL2XR6t9sgk9kz35IVbwgPC9WyY HTTP/1.1" 200 -
172.16.3.5 - - [20/Jun/2026:08:00:52 +0200] "POST /rhn/manager/frontend-log HTTP/1.1" 200 42
172.16.3.7 - - [20/Jun/2026:08:00:52 +0200] "GET /rhn/manager/download/sle-module-desktop-applications15-sp7-pool-x86_64/repodata/4b18dbb4fe9da16ab099e2a27f46d71d0f31becd4f3226fba11a86c9369064a4-primary.xml.gz?eyJhbGciOiJIUzI1NiJ9.eyJqdGkiOiI4eWV6NFBJVVFPSHEyRy1xcENfNmx3IiwiZXhwIjoxODEzNDcxMTQyLCJpYXQiOjE3ODE5MzUxNDIsIm5iZiI6MTc4MTkzNTAyMiwib3JnIjoxLCJvbmx5Q2hhbm5lbHMiOlsic2xlLW1vZHVsZS1kZXNrdG9wLWFwcGxpY2F0aW9uczE1LXNwNy1wb29sLXg4Nl82NCJdfQ.Jn6VyemvlQn8D5bGuL2XR6t9sgk9kz35IVbwgPC9WyY HTTP/1.1" 304 -
172.16.3.7 - - [20/Jun/2026:08:00:52 +0200] "HEAD /rhn/manager/download/sle-module-desktop-applications15-sp7-pool-x86_64/repodata/4db497f38298eafb7662b2254707ffdc7016219b431135c275d18bb749439003-susedata.xml.gz?eyJhbGciOiJIUzI1NiJ9.eyJqdGkiOiI4eWV6NFBJVVFPSHEyRy1xcENfNmx3IiwiZXhwIjoxODEzNDcxMTQyLCJpYXQiOjE3ODE5MzUxNDIsIm5iZiI6MTc4MTkzNTAyMiwib3JnIjoxLCJvbmx5Q2hhbm5lbHMiOlsic2xlLW1vZHVsZS1kZXNrdG9wLWFwcGxpY2F0aW9uczE1LXNwNy1wb29sLXg4Nl82NCJdfQ.Jn6VyemvlQn8D5bGuL2XR6t9sgk9kz35IVbwgPC9WyY HTTP/1.1" 200 -
172.16.3.5 - - [20/Jun/2026:08:00:52 +0200] "GET /rhn/systems/details/history/Pending.do?sid=1000010002& HTTP/1.1" 200 6218
172.16.3.5 - - [20/Jun/2026:08:00:52 +0200] "GET /img/favicon.ico?q=0.8863834067562666 HTTP/1.1" 200 1150
172.16.3.7 - - [20/Jun/2026:08:00:53 +0200] "GET /rhn/manager/download/sle-module-desktop-applications15-sp7-pool-x86_64/repodata/4db497f38298eafb7662b2254707ffdc7016219b431135c275d18bb749439003-susedata.xml.gz?eyJhbGciOiJIUzI1NiJ9.eyJqdGkiOiI4eWV6NFBJVVFPSHEyRy1xcENfNmx3IiwiZXhwIjoxODEzNDcxMTQyLCJpYXQiOjE3ODE5MzUxNDIsIm5iZiI6MTc4MTkzNTAyMiwib3JnIjoxLCJvbmx5Q2hhbm5lbHMiOlsic2xlLW1vZHVsZS1kZXNrdG9wLWFwcGxpY2F0aW9uczE1LXNwNy1wb29sLXg4Nl82NCJdfQ.Jn6VyemvlQn8D5bGuL2XR6t9sgk9kz35IVbwgPC9WyY HTTP/1.1" 304 -
172.16.3.5 - - [20/Jun/2026:08:00:52 +0200] "GET /rhn/websocket/notifications HTTP/1.1" 101 -
172.16.3.5 - - [20/Jun/2026:08:00:50 +0200] "GET /rhn/websocket/notifications HTTP/1.1" 101 -
172.16.3.5 - - [20/Jun/2026:08:00:52 +0200] "POST /rhn/manager/frontend-log HTTP/1.1" 200 42
::1 - - [20/Jun/2026:08:00:53 +0200] "OPTIONS * HTTP/1.0" 200 - "-" "Apache/2.4.66 (Linux/SUSE) OpenSSL/3.5.0 mod_wsgi/5.0.2 Python/3.13 (internal dummy connection)"
172.16.3.5 - - [20/Jun/2026:08:00:53 +0200] "GET /rhn/websocket/notifications HTTP/1.1" 101 -
172.16.3.5 - - [20/Jun/2026:08:00:53 +0200] "GET /rhn/systems/details/history/History.do?sid=1000010002& HTTP/1.1" 200 6953
172.16.3.5 - - [20/Jun/2026:08:00:53 +0200] "GET /img/favicon.ico?q=0.5197009877419725 HTTP/1.1" 200 1150
172.16.3.5 - - [20/Jun/2026:08:00:53 +0200] "POST /rhn/manager/frontend-log HTTP/1.1" 200 42
172.16.3.5 - - [20/Jun/2026:08:00:53 +0200] "GET /rhn/websocket/notifications HTTP/1.1" 101 -
172.16.3.7 - - [20/Jun/2026:08:00:54 +0200] "HEAD /rhn/manager/download/sle-module-devtools15-sp7-pool-x86_64/repodata/repomd.xml?eyJhbGciOiJIUzI1NiJ9.eyJqdGkiOiJwOHVXVncycXlzbVZrUmcyaTRkZDN3IiwiZXhwIjoxODEzNDcxMTQyLCJpYXQiOjE3ODE5MzUxNDIsIm5iZiI6MTc4MTkzNTAyMiwib3JnIjoxLCJvbmx5Q2hhbm5lbHMiOlsic2xlLW1vZHVsZS1kZXZ0b29sczE1LXNwNy1wb29sLXg4Nl82NCJdfQ.ckHVzEf0Rewn6BORo4pT4z9IvhZ886ZGAZZzyE9wLpU HTTP/1.1" 200 -
::1 - - [20/Jun/2026:08:00:54 +0200] "OPTIONS * HTTP/1.0" 200 - "-" "Apache/2.4.66 (Linux/SUSE) OpenSSL/3.5.0 mod_wsgi/5.0.2 Python/3.13 (internal dummy connection)"
172.16.3.7 - - [20/Jun/2026:08:00:54 +0200] "HEAD /rhn/manager/download/sle-module-devtools15-sp7-pool-x86_64/media.1/media?eyJhbGciOiJIUzI1NiJ9.eyJqdGkiOiJwOHVXVncycXlzbVZrUmcyaTRkZDN3IiwiZXhwIjoxODEzNDcxMTQyLCJpYXQiOjE3ODE5MzUxNDIsIm5iZiI6MTc4MTkzNTAyMiwib3JnIjoxLCJvbmx5Q2hhbm5lbHMiOlsic2xlLW1vZHVsZS1kZXZ0b29sczE1LXNwNy1wb29sLXg4Nl82NCJdfQ.ckHVzEf0Rewn6BORo4pT4z9IvhZ886ZGAZZzyE9wLpU HTTP/1.1" 404 -
172.16.3.5 - - [20/Jun/2026:08:00:54 +0200] "GET /rhn/systems/details/history/Event.do?sid=1000010002&aid=30 HTTP/1.1" 200 6196
172.16.3.5 - - [20/Jun/2026:08:00:54 +0200] "GET /img/favicon.ico?q=0.21110134754063314 HTTP/1.1" 200 1150
172.16.3.7 - - [20/Jun/2026:08:00:54 +0200] "HEAD /rhn/manager/download/sle-module-devtools15-sp7-pool-x86_64/repodata/repomd.xml?eyJhbGciOiJIUzI1NiJ9.eyJqdGkiOiJwOHVXVncycXlzbVZrUmcyaTRkZDN3IiwiZXhwIjoxODEzNDcxMTQyLCJpYXQiOjE3ODE5MzUxNDIsIm5iZiI6MTc4MTkzNTAyMiwib3JnIjoxLCJvbmx5Q2hhbm5lbHMiOlsic2xlLW1vZHVsZS1kZXZ0b29sczE1LXNwNy1wb29sLXg4Nl82NCJdfQ.ckHVzEf0Rewn6BORo4pT4z9IvhZ886ZGAZZzyE9wLpU HTTP/1.1" 200 -
172.16.3.5 - - [20/Jun/2026:08:00:54 +0200] "POST /rhn/manager/frontend-log HTTP/1.1" 200 42
172.16.3.7 - - [20/Jun/2026:08:00:54 +0200] "GET /rhn/manager/download/sle-module-devtools15-sp7-pool-x86_64/repodata/repomd.xml?eyJhbGciOiJIUzI1NiJ9.eyJqdGkiOiJwOHVXVncycXlzbVZrUmcyaTRkZDN3IiwiZXhwIjoxODEzNDcxMTQyLCJpYXQiOjE3ODE5MzUxNDIsIm5iZiI6MTc4MTkzNTAyMiwib3JnIjoxLCJvbmx5Q2hhbm5lbHMiOlsic2xlLW1vZHVsZS1kZXZ0b29sczE1LXNwNy1wb29sLXg4Nl82NCJdfQ.ckHVzEf0Rewn6BORo4pT4z9IvhZ886ZGAZZzyE9wLpU HTTP/1.1" 304 -
172.16.3.7 - - [20/Jun/2026:08:00:54 +0200] "HEAD /rhn/manager/download/sle-module-devtools15-sp7-pool-x86_64/repodata/repomd.xml.asc?eyJhbGciOiJIUzI1NiJ9.eyJqdGkiOiJwOHVXVncycXlzbVZrUmcyaTRkZDN3IiwiZXhwIjoxODEzNDcxMTQyLCJpYXQiOjE3ODE5MzUxNDIsIm5iZiI6MTc4MTkzNTAyMiwib3JnIjoxLCJvbmx5Q2hhbm5lbHMiOlsic2xlLW1vZHVsZS1kZXZ0b29sczE1LXNwNy1wb29sLXg4Nl82NCJdfQ.ckHVzEf0Rewn6BORo4pT4z9IvhZ886ZGAZZzyE9wLpU HTTP/1.1" 404 -
172.16.3.7 - - [20/Jun/2026:08:00:54 +0200] "HEAD /rhn/manager/download/sle-module-devtools15-sp7-pool-x86_64/repodata/9022aec93af90e008bb66aaf60e5527912de35b88f93d75b035f12d3a9ff5119-primary.xml.gz?eyJhbGciOiJIUzI1NiJ9.eyJqdGkiOiJwOHVXVncycXlzbVZrUmcyaTRkZDN3IiwiZXhwIjoxODEzNDcxMTQyLCJpYXQiOjE3ODE5MzUxNDIsIm5iZiI6MTc4MTkzNTAyMiwib3JnIjoxLCJvbmx5Q2hhbm5lbHMiOlsic2xlLW1vZHVsZS1kZXZ0b29sczE1LXNwNy1wb29sLXg4Nl82NCJdfQ.ckHVzEf0Rewn6BORo4pT4z9IvhZ886ZGAZZzyE9wLpU HTTP/1.1" 200 -
172.16.3.7 - - [20/Jun/2026:08:00:55 +0200] "GET /rhn/manager/download/sle-module-devtools15-sp7-pool-x86_64/repodata/9022aec93af90e008bb66aaf60e5527912de35b88f93d75b035f12d3a9ff5119-primary.xml.gz?eyJhbGciOiJIUzI1NiJ9.eyJqdGkiOiJwOHVXVncycXlzbVZrUmcyaTRkZDN3IiwiZXhwIjoxODEzNDcxMTQyLCJpYXQiOjE3ODE5MzUxNDIsIm5iZiI6MTc4MTkzNTAyMiwib3JnIjoxLCJvbmx5Q2hhbm5lbHMiOlsic2xlLW1vZHVsZS1kZXZ0b29sczE1LXNwNy1wb29sLXg4Nl82NCJdfQ.ckHVzEf0Rewn6BORo4pT4z9IvhZ886ZGAZZzyE9wLpU HTTP/1.1" 304 -
172.16.3.7 - - [20/Jun/2026:08:00:55 +0200] "HEAD /rhn/manager/download/sle-module-devtools15-sp7-pool-x86_64/repodata/2854de63bd498d52e19b2454dcc73e960c7f80669af74f1ddc603b51b2226e18-susedata.xml.gz?eyJhbGciOiJIUzI1NiJ9.eyJqdGkiOiJwOHVXVncycXlzbVZrUmcyaTRkZDN3IiwiZXhwIjoxODEzNDcxMTQyLCJpYXQiOjE3ODE5MzUxNDIsIm5iZiI6MTc4MTkzNTAyMiwib3JnIjoxLCJvbmx5Q2hhbm5lbHMiOlsic2xlLW1vZHVsZS1kZXZ0b29sczE1LXNwNy1wb29sLXg4Nl82NCJdfQ.ckHVzEf0Rewn6BORo4pT4z9IvhZ886ZGAZZzyE9wLpU HTTP/1.1" 200 -
172.16.3.7 - - [20/Jun/2026:08:00:55 +0200] "GET /rhn/manager/download/sle-module-devtools15-sp7-pool-x86_64/repodata/2854de63bd498d52e19b2454dcc73e960c7f80669af74f1ddc603b51b2226e18-susedata.xml.gz?eyJhbGciOiJIUzI1NiJ9.eyJqdGkiOiJwOHVXVncycXlzbVZrUmcyaTRkZDN3IiwiZXhwIjoxODEzNDcxMTQyLCJpYXQiOjE3ODE5MzUxNDIsIm5iZiI6MTc4MTkzNTAyMiwib3JnIjoxLCJvbmx5Q2hhbm5lbHMiOlsic2xlLW1vZHVsZS1kZXZ0b29sczE1LXNwNy1wb29sLXg4Nl82NCJdfQ.ckHVzEf0Rewn6BORo4pT4z9IvhZ886ZGAZZzyE9wLpU HTTP/1.1" 304 -
::1 - - [20/Jun/2026:08:00:55 +0200] "OPTIONS * HTTP/1.0" 200 - "-" "Apache/2.4.66 (Linux/SUSE) OpenSSL/3.5.0 mod_wsgi/5.0.2 Python/3.13 (internal dummy connection)"
172.16.3.7 - - [20/Jun/2026:08:00:55 +0200] "HEAD /rhn/manager/download/sle-module-python3-15-sp7-pool-x86_64/repodata/repomd.xml?eyJhbGciOiJIUzI1NiJ9.eyJqdGkiOiJhOXJMY0JRbWozVFU5a2xPeHBfRzBnIiwiZXhwIjoxODEzNDcxMTQyLCJpYXQiOjE3ODE5MzUxNDIsIm5iZiI6MTc4MTkzNTAyMiwib3JnIjoxLCJvbmx5Q2hhbm5lbHMiOlsic2xlLW1vZHVsZS1weXRob24zLTE1LXNwNy1wb29sLXg4Nl82NCJdfQ.FnENRwqOQkHya1IWbm4XYqCXDyr2tjuZffA0g2UKOvs HTTP/1.1" 200 -
172.16.3.7 - - [20/Jun/2026:08:00:55 +0200] "HEAD /rhn/manager/download/sle-module-python3-15-sp7-pool-x86_64/media.1/media?eyJhbGciOiJIUzI1NiJ9.eyJqdGkiOiJhOXJMY0JRbWozVFU5a2xPeHBfRzBnIiwiZXhwIjoxODEzNDcxMTQyLCJpYXQiOjE3ODE5MzUxNDIsIm5iZiI6MTc4MTkzNTAyMiwib3JnIjoxLCJvbmx5Q2hhbm5lbHMiOlsic2xlLW1vZHVsZS1weXRob24zLTE1LXNwNy1wb29sLXg4Nl82NCJdfQ.FnENRwqOQkHya1IWbm4XYqCXDyr2tjuZffA0g2UKOvs HTTP/1.1" 404 -
172.16.3.7 - - [20/Jun/2026:08:00:55 +0200] "HEAD /rhn/manager/download/sle-module-python3-15-sp7-pool-x86_64/repodata/repomd.xml?eyJhbGciOiJIUzI1NiJ9.eyJqdGkiOiJhOXJMY0JRbWozVFU5a2xPeHBfRzBnIiwiZXhwIjoxODEzNDcxMTQyLCJpYXQiOjE3ODE5MzUxNDIsIm5iZiI6MTc4MTkzNTAyMiwib3JnIjoxLCJvbmx5Q2hhbm5lbHMiOlsic2xlLW1vZHVsZS1weXRob24zLTE1LXNwNy1wb29sLXg4Nl82NCJdfQ.FnENRwqOQkHya1IWbm4XYqCXDyr2tjuZffA0g2UKOvs HTTP/1.1" 200 -
172.16.3.7 - - [20/Jun/2026:08:00:55 +0200] "GET /rhn/manager/download/sle-module-python3-15-sp7-pool-x86_64/repodata/repomd.xml?eyJhbGciOiJIUzI1NiJ9.eyJqdGkiOiJhOXJMY0JRbWozVFU5a2xPeHBfRzBnIiwiZXhwIjoxODEzNDcxMTQyLCJpYXQiOjE3ODE5MzUxNDIsIm5iZiI6MTc4MTkzNTAyMiwib3JnIjoxLCJvbmx5Q2hhbm5lbHMiOlsic2xlLW1vZHVsZS1weXRob24zLTE1LXNwNy1wb29sLXg4Nl82NCJdfQ.FnENRwqOQkHya1IWbm4XYqCXDyr2tjuZffA0g2UKOvs HTTP/1.1" 304 -
172.16.3.7 - - [20/Jun/2026:08:00:55 +0200] "HEAD /rhn/manager/download/sle-module-python3-15-sp7-pool-x86_64/repodata/repomd.xml.asc?eyJhbGciOiJIUzI1NiJ9.eyJqdGkiOiJhOXJMY0JRbWozVFU5a2xPeHBfRzBnIiwiZXhwIjoxODEzNDcxMTQyLCJpYXQiOjE3ODE5MzUxNDIsIm5iZiI6MTc4MTkzNTAyMiwib3JnIjoxLCJvbmx5Q2hhbm5lbHMiOlsic2xlLW1vZHVsZS1weXRob24zLTE1LXNwNy1wb29sLXg4Nl82NCJdfQ.FnENRwqOQkHya1IWbm4XYqCXDyr2tjuZffA0g2UKOvs HTTP/1.1" 404 -
172.16.3.7 - - [20/Jun/2026:08:00:56 +0200] "HEAD /rhn/manager/download/sle-module-python3-15-sp7-pool-x86_64/repodata/d4595f3dd4e0a3dc3d5428c5cd48a724357eac281979e9ebcb4ce6a6cc92b359-primary.xml.gz?eyJhbGciOiJIUzI1NiJ9.eyJqdGkiOiJhOXJMY0JRbWozVFU5a2xPeHBfRzBnIiwiZXhwIjoxODEzNDcxMTQyLCJpYXQiOjE3ODE5MzUxNDIsIm5iZiI6MTc4MTkzNTAyMiwib3JnIjoxLCJvbmx5Q2hhbm5lbHMiOlsic2xlLW1vZHVsZS1weXRob24zLTE1LXNwNy1wb29sLXg4Nl82NCJdfQ.FnENRwqOQkHya1IWbm4XYqCXDyr2tjuZffA0g2UKOvs HTTP/1.1" 200 -
172.16.3.7 - - [20/Jun/2026:08:00:56 +0200] "GET /rhn/manager/download/sle-module-python3-15-sp7-pool-x86_64/repodata/d4595f3dd4e0a3dc3d5428c5cd48a724357eac281979e9ebcb4ce6a6cc92b359-primary.xml.gz?eyJhbGciOiJIUzI1NiJ9.eyJqdGkiOiJhOXJMY0JRbWozVFU5a2xPeHBfRzBnIiwiZXhwIjoxODEzNDcxMTQyLCJpYXQiOjE3ODE5MzUxNDIsIm5iZiI6MTc4MTkzNTAyMiwib3JnIjoxLCJvbmx5Q2hhbm5lbHMiOlsic2xlLW1vZHVsZS1weXRob24zLTE1LXNwNy1wb29sLXg4Nl82NCJdfQ.FnENRwqOQkHya1IWbm4XYqCXDyr2tjuZffA0g2UKOvs HTTP/1.1" 304 -
172.16.3.5 - - [20/Jun/2026:08:00:40 +0200] "GET /rhn/websocket/notifications HTTP/1.1" 101 -
172.16.3.7 - - [20/Jun/2026:08:00:56 +0200] "HEAD /rhn/manager/download/sle-module-python3-15-sp7-pool-x86_64/repodata/207127693479119bbb8a89795bfa6f51c36026c1640608b09060e450d1597d4c-susedata.xml.gz?eyJhbGciOiJIUzI1NiJ9.eyJqdGkiOiJhOXJMY0JRbWozVFU5a2xPeHBfRzBnIiwiZXhwIjoxODEzNDcxMTQyLCJpYXQiOjE3ODE5MzUxNDIsIm5iZiI6MTc4MTkzNTAyMiwib3JnIjoxLCJvbmx5Q2hhbm5lbHMiOlsic2xlLW1vZHVsZS1weXRob24zLTE1LXNwNy1wb29sLXg4Nl82NCJdfQ.FnENRwqOQkHya1IWbm4XYqCXDyr2tjuZffA0g2UKOvs HTTP/1.1" 200 -
172.16.3.7 - - [20/Jun/2026:08:00:56 +0200] "GET /rhn/manager/download/sle-module-python3-15-sp7-pool-x86_64/repodata/207127693479119bbb8a89795bfa6f51c36026c1640608b09060e450d1597d4c-susedata.xml.gz?eyJhbGciOiJIUzI1NiJ9.eyJqdGkiOiJhOXJMY0JRbWozVFU5a2xPeHBfRzBnIiwiZXhwIjoxODEzNDcxMTQyLCJpYXQiOjE3ODE5MzUxNDIsIm5iZiI6MTc4MTkzNTAyMiwib3JnIjoxLCJvbmx5Q2hhbm5lbHMiOlsic2xlLW1vZHVsZS1weXRob24zLTE1LXNwNy1wb29sLXg4Nl82NCJdfQ.FnENRwqOQkHya1IWbm4XYqCXDyr2tjuZffA0g2UKOvs HTTP/1.1" 304 -
172.16.3.5 - - [20/Jun/2026:08:00:56 +0200] "GET /rhn/systems/details/history/Event.do?sid=1000010005&aid=24 HTTP/1.1" 200 6171
172.16.3.5 - - [20/Jun/2026:08:00:40 +0200] "GET /rhn/websocket/notifications HTTP/1.1" 101 -
172.16.3.5 - - [20/Jun/2026:08:00:56 +0200] "POST /rhn/manager/frontend-log HTTP/1.1" 200 42
172.16.3.7 - - [20/Jun/2026:08:00:56 +0200] "HEAD /rhn/manager/download/sle-module-server-applications15-sp7-pool-x86_64/repodata/repomd.xml?eyJhbGciOiJIUzI1NiJ9.eyJqdGkiOiJxcy1vYVVYZjMyMm5yRE1jMEdSejRRIiwiZXhwIjoxODEzNDcxMTQyLCJpYXQiOjE3ODE5MzUxNDIsIm5iZiI6MTc4MTkzNTAyMiwib3JnIjoxLCJvbmx5Q2hhbm5lbHMiOlsic2xlLW1vZHVsZS1zZXJ2ZXItYXBwbGljYXRpb25zMTUtc3A3LXBvb2wteDg2XzY0Il19.lh5y0BXQ6GkdFyNI7qRsEpLv48mukyJu2ovB41C0UvY HTTP/1.1" 200 -
172.16.3.5 - - [20/Jun/2026:08:00:56 +0200] "POST /rhn/manager/frontend-log HTTP/1.1" 200 42
172.16.3.7 - - [20/Jun/2026:08:00:57 +0200] "HEAD /rhn/manager/download/sle-module-server-applications15-sp7-pool-x86_64/media.1/media?eyJhbGciOiJIUzI1NiJ9.eyJqdGkiOiJxcy1vYVVYZjMyMm5yRE1jMEdSejRRIiwiZXhwIjoxODEzNDcxMTQyLCJpYXQiOjE3ODE5MzUxNDIsIm5iZiI6MTc4MTkzNTAyMiwib3JnIjoxLCJvbmx5Q2hhbm5lbHMiOlsic2xlLW1vZHVsZS1zZXJ2ZXItYXBwbGljYXRpb25zMTUtc3A3LXBvb2wteDg2XzY0Il19.lh5y0BXQ6GkdFyNI7qRsEpLv48mukyJu2ovB41C0UvY HTTP/1.1" 404 -
172.16.3.7 - - [20/Jun/2026:08:00:57 +0200] "HEAD /rhn/manager/download/sle-module-server-applications15-sp7-pool-x86_64/repodata/repomd.xml?eyJhbGciOiJIUzI1NiJ9.eyJqdGkiOiJxcy1vYVVYZjMyMm5yRE1jMEdSejRRIiwiZXhwIjoxODEzNDcxMTQyLCJpYXQiOjE3ODE5MzUxNDIsIm5iZiI6MTc4MTkzNTAyMiwib3JnIjoxLCJvbmx5Q2hhbm5lbHMiOlsic2xlLW1vZHVsZS1zZXJ2ZXItYXBwbGljYXRpb25zMTUtc3A3LXBvb2wteDg2XzY0Il19.lh5y0BXQ6GkdFyNI7qRsEpLv48mukyJu2ovB41C0UvY HTTP/1.1" 200 -
