172.16.3.7 - - [20/Jun/2026:07:59:21 +0200] "HEAD /rhn/manager/download/sle-module-desktop-applications15-sp7-updates-x86_64/repodata/repomd.xml.asc?eyJhbGciOiJIUzI1NiJ9.eyJqdGkiOiJBZTVSSWE5Z2tiZmFfTHNIT1lSYjJRIiwiZXhwIjoxODEzNDcxMTQyLCJpYXQiOjE3ODE5MzUxNDIsIm5iZiI6MTc4MTkzNTAyMiwib3JnIjoxLCJvbmx5Q2hhbm5lbHMiOlsic2xlLW1vZHVsZS1kZXNrdG9wLWFwcGxpY2F0aW9uczE1LXNwNy11cGRhdGVzLXg4Nl82NCJdfQ.pTFm_Z_sUQdfE23eXvrYqPLGmR02JODVCNzbZd7YFvk HTTP/1.1" 404 -
172.16.3.5 - - [20/Jun/2026:07:59:21 +0200] "POST /rhn/manager/frontend-log HTTP/1.1" 200 42
172.16.3.5 - - [20/Jun/2026:07:59:21 +0200] "GET /rhn/systems/details/history/Pending.do?sid=1000010001& HTTP/1.1" 200 6916
172.16.3.5 - - [20/Jun/2026:07:59:21 +0200] "GET /img/favicon.ico?q=0.6693416893378605 HTTP/1.1" 200 1150
172.16.3.7 - - [20/Jun/2026:07:59:21 +0200] "HEAD /rhn/manager/download/sle-module-desktop-applications15-sp7-updates-x86_64/repodata/6e1bf6d1333cac4d6ede7ccd06c2c381810357bf8c32454343b854b62e92b751-primary.xml.gz?eyJhbGciOiJIUzI1NiJ9.eyJqdGkiOiJBZTVSSWE5Z2tiZmFfTHNIT1lSYjJRIiwiZXhwIjoxODEzNDcxMTQyLCJpYXQiOjE3ODE5MzUxNDIsIm5iZiI6MTc4MTkzNTAyMiwib3JnIjoxLCJvbmx5Q2hhbm5lbHMiOlsic2xlLW1vZHVsZS1kZXNrdG9wLWFwcGxpY2F0aW9uczE1LXNwNy11cGRhdGVzLXg4Nl82NCJdfQ.pTFm_Z_sUQdfE23eXvrYqPLGmR02JODVCNzbZd7YFvk HTTP/1.1" 200 -
172.16.3.5 - - [20/Jun/2026:07:59:21 +0200] "POST /rhn/manager/frontend-log HTTP/1.1" 200 42
172.16.3.5 - - [20/Jun/2026:07:59:21 +0200] "GET /rhn/manager/systems/list/all HTTP/1.1" 200 5369
172.16.3.5 - - [20/Jun/2026:07:59:21 +0200] "GET /rhn/manager/systems/list/all HTTP/1.1" 200 5370
172.16.3.5 - - [20/Jun/2026:07:59:14 +0200] "GET /rhn/websocket/notifications HTTP/1.1" 101 -
172.16.3.7 - - [20/Jun/2026:07:59:22 +0200] "GET /rhn/manager/download/sle-module-desktop-applications15-sp7-updates-x86_64/repodata/6e1bf6d1333cac4d6ede7ccd06c2c381810357bf8c32454343b854b62e92b751-primary.xml.gz?eyJhbGciOiJIUzI1NiJ9.eyJqdGkiOiJBZTVSSWE5Z2tiZmFfTHNIT1lSYjJRIiwiZXhwIjoxODEzNDcxMTQyLCJpYXQiOjE3ODE5MzUxNDIsIm5iZiI6MTc4MTkzNTAyMiwib3JnIjoxLCJvbmx5Q2hhbm5lbHMiOlsic2xlLW1vZHVsZS1kZXNrdG9wLWFwcGxpY2F0aW9uczE1LXNwNy11cGRhdGVzLXg4Nl82NCJdfQ.pTFm_Z_sUQdfE23eXvrYqPLGmR02JODVCNzbZd7YFvk HTTP/1.1" 200 225831
172.16.3.5 - - [20/Jun/2026:07:59:21 +0200] "POST /rhn/manager/frontend-log HTTP/1.1" 200 42
172.16.3.5 - - [20/Jun/2026:07:59:22 +0200] "GET /img/favicon.ico?q=0.1811541343254668 HTTP/1.1" 200 1150
172.16.3.7 - - [20/Jun/2026:07:59:22 +0200] "HEAD /rhn/manager/download/sle-module-desktop-applications15-sp7-updates-x86_64/repodata/4565bbd28fa91735fd63387c74bb2f4798e56df628cba1845dc4c3675f7edf3e-susedata.xml.gz?eyJhbGciOiJIUzI1NiJ9.eyJqdGkiOiJBZTVSSWE5Z2tiZmFfTHNIT1lSYjJRIiwiZXhwIjoxODEzNDcxMTQyLCJpYXQiOjE3ODE5MzUxNDIsIm5iZiI6MTc4MTkzNTAyMiwib3JnIjoxLCJvbmx5Q2hhbm5lbHMiOlsic2xlLW1vZHVsZS1kZXNrdG9wLWFwcGxpY2F0aW9uczE1LXNwNy11cGRhdGVzLXg4Nl82NCJdfQ.pTFm_Z_sUQdfE23eXvrYqPLGmR02JODVCNzbZd7YFvk HTTP/1.1" 200 -
172.16.3.5 - - [20/Jun/2026:07:59:22 +0200] "GET /rhn/websocket/notifications HTTP/1.1" 101 -
172.16.3.5 - - [20/Jun/2026:07:59:22 +0200] "GET /rhn/manager/api/systems/list/all?p=1&ps=100&s=1&sc=server_name HTTP/1.1" 200 593
172.16.3.7 - - [20/Jun/2026:07:59:22 +0200] "GET /rhn/manager/download/sle-module-desktop-applications15-sp7-updates-x86_64/repodata/4565bbd28fa91735fd63387c74bb2f4798e56df628cba1845dc4c3675f7edf3e-susedata.xml.gz?eyJhbGciOiJIUzI1NiJ9.eyJqdGkiOiJBZTVSSWE5Z2tiZmFfTHNIT1lSYjJRIiwiZXhwIjoxODEzNDcxMTQyLCJpYXQiOjE3ODE5MzUxNDIsIm5iZiI6MTc4MTkzNTAyMiwib3JnIjoxLCJvbmx5Q2hhbm5lbHMiOlsic2xlLW1vZHVsZS1kZXNrdG9wLWFwcGxpY2F0aW9uczE1LXNwNy11cGRhdGVzLXg4Nl82NCJdfQ.pTFm_Z_sUQdfE23eXvrYqPLGmR02JODVCNzbZd7YFvk HTTP/1.1" 200 24781
172.16.3.5 - - [20/Jun/2026:07:59:22 +0200] "POST /rhn/manager/frontend-log HTTP/1.1" 200 42
172.16.3.7 - - [20/Jun/2026:07:59:23 +0200] "HEAD /rhn/manager/download/sle-module-desktop-applications15-sp7-updates-x86_64/repodata/e191431fa1f2c1f8f82556bdc28f16be869decda69c9083f934657d02fff76a8-updateinfo.xml.gz?eyJhbGciOiJIUzI1NiJ9.eyJqdGkiOiJBZTVSSWE5Z2tiZmFfTHNIT1lSYjJRIiwiZXhwIjoxODEzNDcxMTQyLCJpYXQiOjE3ODE5MzUxNDIsIm5iZiI6MTc4MTkzNTAyMiwib3JnIjoxLCJvbmx5Q2hhbm5lbHMiOlsic2xlLW1vZHVsZS1kZXNrdG9wLWFwcGxpY2F0aW9uczE1LXNwNy11cGRhdGVzLXg4Nl82NCJdfQ.pTFm_Z_sUQdfE23eXvrYqPLGmR02JODVCNzbZd7YFvk HTTP/1.1" 200 -
172.16.3.5 - - [20/Jun/2026:07:59:22 +0200] "POST /rhn/manager/frontend-log HTTP/1.1" 200 42
172.16.3.7 - - [20/Jun/2026:07:59:23 +0200] "GET /rhn/manager/download/sle-module-desktop-applications15-sp7-updates-x86_64/repodata/e191431fa1f2c1f8f82556bdc28f16be869decda69c9083f934657d02fff76a8-updateinfo.xml.gz?eyJhbGciOiJIUzI1NiJ9.eyJqdGkiOiJBZTVSSWE5Z2tiZmFfTHNIT1lSYjJRIiwiZXhwIjoxODEzNDcxMTQyLCJpYXQiOjE3ODE5MzUxNDIsIm5iZiI6MTc4MTkzNTAyMiwib3JnIjoxLCJvbmx5Q2hhbm5lbHMiOlsic2xlLW1vZHVsZS1kZXNrdG9wLWFwcGxpY2F0aW9uczE1LXNwNy11cGRhdGVzLXg4Nl82NCJdfQ.pTFm_Z_sUQdfE23eXvrYqPLGmR02JODVCNzbZd7YFvk HTTP/1.1" 200 69228
172.16.3.5 - - [20/Jun/2026:07:59:22 +0200] "POST /rhn/manager/api/sets/system_list HTTP/1.1" 200 27
172.16.3.5 - - [20/Jun/2026:07:59:22 +0200] "POST /rhn/manager/frontend-log HTTP/1.1" 200 42
172.16.3.7 - - [20/Jun/2026:07:59:23 +0200] "HEAD /rhn/manager/download/sle-module-devtools15-sp7-pool-x86_64/repodata/repomd.xml?eyJhbGciOiJIUzI1NiJ9.eyJqdGkiOiJwOHVXVncycXlzbVZrUmcyaTRkZDN3IiwiZXhwIjoxODEzNDcxMTQyLCJpYXQiOjE3ODE5MzUxNDIsIm5iZiI6MTc4MTkzNTAyMiwib3JnIjoxLCJvbmx5Q2hhbm5lbHMiOlsic2xlLW1vZHVsZS1kZXZ0b29sczE1LXNwNy1wb29sLXg4Nl82NCJdfQ.ckHVzEf0Rewn6BORo4pT4z9IvhZ886ZGAZZzyE9wLpU HTTP/1.1" 200 -
172.16.3.5 - - [20/Jun/2026:07:59:22 +0200] "GET /rhn/manager/api/systems/list/all?p=1&ps=100&s=1&sc=server_name HTTP/1.1" 200 593
172.16.3.7 - - [20/Jun/2026:07:59:23 +0200] "HEAD /rhn/manager/download/sle-module-devtools15-sp7-pool-x86_64/media.1/media?eyJhbGciOiJIUzI1NiJ9.eyJqdGkiOiJwOHVXVncycXlzbVZrUmcyaTRkZDN3IiwiZXhwIjoxODEzNDcxMTQyLCJpYXQiOjE3ODE5MzUxNDIsIm5iZiI6MTc4MTkzNTAyMiwib3JnIjoxLCJvbmx5Q2hhbm5lbHMiOlsic2xlLW1vZHVsZS1kZXZ0b29sczE1LXNwNy1wb29sLXg4Nl82NCJdfQ.ckHVzEf0Rewn6BORo4pT4z9IvhZ886ZGAZZzyE9wLpU HTTP/1.1" 404 -
172.16.3.5 - - [20/Jun/2026:07:59:22 +0200] "GET /rhn/systems/details/history/Pending.do?sid=1000010001& HTTP/1.1" 200 6916
172.16.3.5 - - [20/Jun/2026:07:59:24 +0200] "GET /img/favicon.ico?q=0.37813531353395935 HTTP/1.1" 200 1150
172.16.3.5 - - [20/Jun/2026:07:59:22 +0200] "GET /rhn/websocket/notifications HTTP/1.1" 101 -
172.16.3.7 - - [20/Jun/2026:07:59:24 +0200] "HEAD /rhn/manager/download/sle-module-devtools15-sp7-pool-x86_64/repodata/repomd.xml?eyJhbGciOiJIUzI1NiJ9.eyJqdGkiOiJwOHVXVncycXlzbVZrUmcyaTRkZDN3IiwiZXhwIjoxODEzNDcxMTQyLCJpYXQiOjE3ODE5MzUxNDIsIm5iZiI6MTc4MTkzNTAyMiwib3JnIjoxLCJvbmx5Q2hhbm5lbHMiOlsic2xlLW1vZHVsZS1kZXZ0b29sczE1LXNwNy1wb29sLXg4Nl82NCJdfQ.ckHVzEf0Rewn6BORo4pT4z9IvhZ886ZGAZZzyE9wLpU HTTP/1.1" 200 -
172.16.3.5 - - [20/Jun/2026:07:59:22 +0200] "GET /rhn/manager/api/systems/list/all?p=1&ps=100&s=1&sc=server_name HTTP/1.1" 200 593
172.16.3.5 - - [20/Jun/2026:07:59:24 +0200] "-" 408 -
172.16.3.5 - - [20/Jun/2026:07:59:24 +0200] "-" 408 -
172.16.3.5 - - [20/Jun/2026:07:59:23 +0200] "POST /rhn/manager/api/sets/system_list HTTP/1.1" 200 27
172.16.3.7 - - [20/Jun/2026:07:59:24 +0200] "GET /rhn/manager/download/sle-module-devtools15-sp7-pool-x86_64/repodata/repomd.xml?eyJhbGciOiJIUzI1NiJ9.eyJqdGkiOiJwOHVXVncycXlzbVZrUmcyaTRkZDN3IiwiZXhwIjoxODEzNDcxMTQyLCJpYXQiOjE3ODE5MzUxNDIsIm5iZiI6MTc4MTkzNTAyMiwib3JnIjoxLCJvbmx5Q2hhbm5lbHMiOlsic2xlLW1vZHVsZS1kZXZ0b29sczE1LXNwNy1wb29sLXg4Nl82NCJdfQ.ckHVzEf0Rewn6BORo4pT4z9IvhZ886ZGAZZzyE9wLpU HTTP/1.1" 200 1605
172.16.3.5 - - [20/Jun/2026:07:59:24 +0200] "-" 408 -
172.16.3.5 - - [20/Jun/2026:07:59:24 +0200] "POST /rhn/manager/frontend-log HTTP/1.1" 200 42
172.16.3.7 - - [20/Jun/2026:07:59:24 +0200] "HEAD /rhn/manager/download/sle-module-devtools15-sp7-pool-x86_64/repodata/repomd.xml.asc?eyJhbGciOiJIUzI1NiJ9.eyJqdGkiOiJwOHVXVncycXlzbVZrUmcyaTRkZDN3IiwiZXhwIjoxODEzNDcxMTQyLCJpYXQiOjE3ODE5MzUxNDIsIm5iZiI6MTc4MTkzNTAyMiwib3JnIjoxLCJvbmx5Q2hhbm5lbHMiOlsic2xlLW1vZHVsZS1kZXZ0b29sczE1LXNwNy1wb29sLXg4Nl82NCJdfQ.ckHVzEf0Rewn6BORo4pT4z9IvhZ886ZGAZZzyE9wLpU HTTP/1.1" 404 -
172.16.3.7 - - [20/Jun/2026:07:59:24 +0200] "HEAD /rhn/manager/download/sle-module-devtools15-sp7-pool-x86_64/repodata/9022aec93af90e008bb66aaf60e5527912de35b88f93d75b035f12d3a9ff5119-primary.xml.gz?eyJhbGciOiJIUzI1NiJ9.eyJqdGkiOiJwOHVXVncycXlzbVZrUmcyaTRkZDN3IiwiZXhwIjoxODEzNDcxMTQyLCJpYXQiOjE3ODE5MzUxNDIsIm5iZiI6MTc4MTkzNTAyMiwib3JnIjoxLCJvbmx5Q2hhbm5lbHMiOlsic2xlLW1vZHVsZS1kZXZ0b29sczE1LXNwNy1wb29sLXg4Nl82NCJdfQ.ckHVzEf0Rewn6BORo4pT4z9IvhZ886ZGAZZzyE9wLpU HTTP/1.1" 200 -
172.16.3.7 - - [20/Jun/2026:07:59:25 +0200] "GET /rhn/manager/download/sle-module-devtools15-sp7-pool-x86_64/repodata/9022aec93af90e008bb66aaf60e5527912de35b88f93d75b035f12d3a9ff5119-primary.xml.gz?eyJhbGciOiJIUzI1NiJ9.eyJqdGkiOiJwOHVXVncycXlzbVZrUmcyaTRkZDN3IiwiZXhwIjoxODEzNDcxMTQyLCJpYXQiOjE3ODE5MzUxNDIsIm5iZiI6MTc4MTkzNTAyMiwib3JnIjoxLCJvbmx5Q2hhbm5lbHMiOlsic2xlLW1vZHVsZS1kZXZ0b29sczE1LXNwNy1wb29sLXg4Nl82NCJdfQ.ckHVzEf0Rewn6BORo4pT4z9IvhZ886ZGAZZzyE9wLpU HTTP/1.1" 200 394382
172.16.3.5 - - [20/Jun/2026:07:59:24 +0200] "POST /rhn/manager/api/sets/system_list HTTP/1.1" 200 27
172.16.3.7 - - [20/Jun/2026:07:59:25 +0200] "HEAD /rhn/manager/download/sle-module-devtools15-sp7-pool-x86_64/repodata/2854de63bd498d52e19b2454dcc73e960c7f80669af74f1ddc603b51b2226e18-susedata.xml.gz?eyJhbGciOiJIUzI1NiJ9.eyJqdGkiOiJwOHVXVncycXlzbVZrUmcyaTRkZDN3IiwiZXhwIjoxODEzNDcxMTQyLCJpYXQiOjE3ODE5MzUxNDIsIm5iZiI6MTc4MTkzNTAyMiwib3JnIjoxLCJvbmx5Q2hhbm5lbHMiOlsic2xlLW1vZHVsZS1kZXZ0b29sczE1LXNwNy1wb29sLXg4Nl82NCJdfQ.ckHVzEf0Rewn6BORo4pT4z9IvhZ886ZGAZZzyE9wLpU HTTP/1.1" 200 -
172.16.3.7 - - [20/Jun/2026:07:59:25 +0200] "GET /rhn/manager/download/sle-module-devtools15-sp7-pool-x86_64/repodata/2854de63bd498d52e19b2454dcc73e960c7f80669af74f1ddc603b51b2226e18-susedata.xml.gz?eyJhbGciOiJIUzI1NiJ9.eyJqdGkiOiJwOHVXVncycXlzbVZrUmcyaTRkZDN3IiwiZXhwIjoxODEzNDcxMTQyLCJpYXQiOjE3ODE5MzUxNDIsIm5iZiI6MTc4MTkzNTAyMiwib3JnIjoxLCJvbmx5Q2hhbm5lbHMiOlsic2xlLW1vZHVsZS1kZXZ0b29sczE1LXNwNy1wb29sLXg4Nl82NCJdfQ.ckHVzEf0Rewn6BORo4pT4z9IvhZ886ZGAZZzyE9wLpU HTTP/1.1" 200 44891
172.16.3.5 - - [20/Jun/2026:07:59:24 +0200] "GET /rhn/systems/details/Overview.do?sid=1000010002 HTTP/1.1" 200 6778
172.16.3.5 - - [20/Jun/2026:07:59:25 +0200] "GET /img/favicon.ico?q=0.002931257249957131 HTTP/1.1" 200 1150
172.16.3.5 - - [20/Jun/2026:07:59:25 +0200] "POST /rhn/manager/frontend-log HTTP/1.1" 200 42
172.16.3.7 - - [20/Jun/2026:07:59:25 +0200] "HEAD /rhn/manager/download/sle-module-devtools15-sp7-updates-x86_64/repodata/repomd.xml?eyJhbGciOiJIUzI1NiJ9.eyJqdGkiOiJCXzZCbmJzZFFKSl9KbDdjamhWWExnIiwiZXhwIjoxODEzNDcxMTQyLCJpYXQiOjE3ODE5MzUxNDIsIm5iZiI6MTc4MTkzNTAyMiwib3JnIjoxLCJvbmx5Q2hhbm5lbHMiOlsic2xlLW1vZHVsZS1kZXZ0b29sczE1LXNwNy11cGRhdGVzLXg4Nl82NCJdfQ.Fh31OkfMxGHi1_iE2kTzBCYaxOMILCVgTiYP_MsPNiw HTTP/1.1" 200 -
172.16.3.5 - - [20/Jun/2026:07:59:25 +0200] "GET /rhn/websocket/notifications HTTP/1.1" 101 -
172.16.3.7 - - [20/Jun/2026:07:59:25 +0200] "HEAD /rhn/manager/download/sle-module-devtools15-sp7-updates-x86_64/media.1/media?eyJhbGciOiJIUzI1NiJ9.eyJqdGkiOiJCXzZCbmJzZFFKSl9KbDdjamhWWExnIiwiZXhwIjoxODEzNDcxMTQyLCJpYXQiOjE3ODE5MzUxNDIsIm5iZiI6MTc4MTkzNTAyMiwib3JnIjoxLCJvbmx5Q2hhbm5lbHMiOlsic2xlLW1vZHVsZS1kZXZ0b29sczE1LXNwNy11cGRhdGVzLXg4Nl82NCJdfQ.Fh31OkfMxGHi1_iE2kTzBCYaxOMILCVgTiYP_MsPNiw HTTP/1.1" 404 -
172.16.3.7 - - [20/Jun/2026:07:59:26 +0200] "HEAD /rhn/manager/download/sle-module-devtools15-sp7-updates-x86_64/repodata/repomd.xml?eyJhbGciOiJIUzI1NiJ9.eyJqdGkiOiJCXzZCbmJzZFFKSl9KbDdjamhWWExnIiwiZXhwIjoxODEzNDcxMTQyLCJpYXQiOjE3ODE5MzUxNDIsIm5iZiI6MTc4MTkzNTAyMiwib3JnIjoxLCJvbmx5Q2hhbm5lbHMiOlsic2xlLW1vZHVsZS1kZXZ0b29sczE1LXNwNy11cGRhdGVzLXg4Nl82NCJdfQ.Fh31OkfMxGHi1_iE2kTzBCYaxOMILCVgTiYP_MsPNiw HTTP/1.1" 200 -
172.16.3.5 - - [20/Jun/2026:07:59:25 +0200] "GET /rhn/systems/details/history/Pending.do?sid=1000010002& HTTP/1.1" 200 6907
172.16.3.7 - - [20/Jun/2026:07:59:26 +0200] "GET /rhn/manager/download/sle-module-devtools15-sp7-updates-x86_64/repodata/repomd.xml?eyJhbGciOiJIUzI1NiJ9.eyJqdGkiOiJCXzZCbmJzZFFKSl9KbDdjamhWWExnIiwiZXhwIjoxODEzNDcxMTQyLCJpYXQiOjE3ODE5MzUxNDIsIm5iZiI6MTc4MTkzNTAyMiwib3JnIjoxLCJvbmx5Q2hhbm5lbHMiOlsic2xlLW1vZHVsZS1kZXZ0b29sczE1LXNwNy11cGRhdGVzLXg4Nl82NCJdfQ.Fh31OkfMxGHi1_iE2kTzBCYaxOMILCVgTiYP_MsPNiw HTTP/1.1" 200 1987
172.16.3.5 - - [20/Jun/2026:07:59:26 +0200] "GET /img/favicon.ico?q=0.47076587116277613 HTTP/1.1" 200 1150
172.16.3.7 - - [20/Jun/2026:07:59:26 +0200] "HEAD /rhn/manager/download/sle-module-devtools15-sp7-updates-x86_64/repodata/repomd.xml.asc?eyJhbGciOiJIUzI1NiJ9.eyJqdGkiOiJCXzZCbmJzZFFKSl9KbDdjamhWWExnIiwiZXhwIjoxODEzNDcxMTQyLCJpYXQiOjE3ODE5MzUxNDIsIm5iZiI6MTc4MTkzNTAyMiwib3JnIjoxLCJvbmx5Q2hhbm5lbHMiOlsic2xlLW1vZHVsZS1kZXZ0b29sczE1LXNwNy11cGRhdGVzLXg4Nl82NCJdfQ.Fh31OkfMxGHi1_iE2kTzBCYaxOMILCVgTiYP_MsPNiw HTTP/1.1" 404 -
172.16.3.5 - - [20/Jun/2026:07:59:26 +0200] "POST /rhn/manager/frontend-log HTTP/1.1" 200 42
172.16.3.7 - - [20/Jun/2026:07:59:26 +0200] "HEAD /rhn/manager/download/sle-module-devtools15-sp7-updates-x86_64/repodata/ef2171c880b2ff863796bf3eb47bca72983e95fb2f20640873071c1e18d3cba5-primary.xml.gz?eyJhbGciOiJIUzI1NiJ9.eyJqdGkiOiJCXzZCbmJzZFFKSl9KbDdjamhWWExnIiwiZXhwIjoxODEzNDcxMTQyLCJpYXQiOjE3ODE5MzUxNDIsIm5iZiI6MTc4MTkzNTAyMiwib3JnIjoxLCJvbmx5Q2hhbm5lbHMiOlsic2xlLW1vZHVsZS1kZXZ0b29sczE1LXNwNy11cGRhdGVzLXg4Nl82NCJdfQ.Fh31OkfMxGHi1_iE2kTzBCYaxOMILCVgTiYP_MsPNiw HTTP/1.1" 200 -
172.16.3.5 - - [20/Jun/2026:07:59:26 +0200] "GET /rhn/websocket/notifications HTTP/1.1" 101 -
172.16.3.7 - - [20/Jun/2026:07:59:27 +0200] "GET /rhn/manager/download/sle-module-devtools15-sp7-updates-x86_64/repodata/ef2171c880b2ff863796bf3eb47bca72983e95fb2f20640873071c1e18d3cba5-primary.xml.gz?eyJhbGciOiJIUzI1NiJ9.eyJqdGkiOiJCXzZCbmJzZFFKSl9KbDdjamhWWExnIiwiZXhwIjoxODEzNDcxMTQyLCJpYXQiOjE3ODE5MzUxNDIsIm5iZiI6MTc4MTkzNTAyMiwib3JnIjoxLCJvbmx5Q2hhbm5lbHMiOlsic2xlLW1vZHVsZS1kZXZ0b29sczE1LXNwNy11cGRhdGVzLXg4Nl82NCJdfQ.Fh31OkfMxGHi1_iE2kTzBCYaxOMILCVgTiYP_MsPNiw HTTP/1.1" 200 290556
::1 - - [20/Jun/2026:07:59:27 +0200] "OPTIONS * HTTP/1.0" 200 - "-" "Apache/2.4.66 (Linux/SUSE) OpenSSL/3.5.0 mod_wsgi/5.0.2 Python/3.13 (internal dummy connection)"
172.16.3.7 - - [20/Jun/2026:07:59:27 +0200] "HEAD /rhn/manager/download/sle-module-devtools15-sp7-updates-x86_64/repodata/23e764f5ea20e8b6dcde826bec2feabda11effbbf653f24b06261e1cf2db36f3-susedata.xml.gz?eyJhbGciOiJIUzI1NiJ9.eyJqdGkiOiJCXzZCbmJzZFFKSl9KbDdjamhWWExnIiwiZXhwIjoxODEzNDcxMTQyLCJpYXQiOjE3ODE5MzUxNDIsIm5iZiI6MTc4MTkzNTAyMiwib3JnIjoxLCJvbmx5Q2hhbm5lbHMiOlsic2xlLW1vZHVsZS1kZXZ0b29sczE1LXNwNy11cGRhdGVzLXg4Nl82NCJdfQ.Fh31OkfMxGHi1_iE2kTzBCYaxOMILCVgTiYP_MsPNiw HTTP/1.1" 200 -
172.16.3.5 - - [20/Jun/2026:07:59:26 +0200] "GET /rhn/systems/details/history/Pending.do?sid=1000010002& HTTP/1.1" 200 6908
172.16.3.5 - - [20/Jun/2026:07:59:27 +0200] "GET /img/favicon.ico?q=0.5763896648823552 HTTP/1.1" 200 1150
172.16.3.7 - - [20/Jun/2026:07:59:27 +0200] "GET /rhn/manager/download/sle-module-devtools15-sp7-updates-x86_64/repodata/23e764f5ea20e8b6dcde826bec2feabda11effbbf653f24b06261e1cf2db36f3-susedata.xml.gz?eyJhbGciOiJIUzI1NiJ9.eyJqdGkiOiJCXzZCbmJzZFFKSl9KbDdjamhWWExnIiwiZXhwIjoxODEzNDcxMTQyLCJpYXQiOjE3ODE5MzUxNDIsIm5iZiI6MTc4MTkzNTAyMiwib3JnIjoxLCJvbmx5Q2hhbm5lbHMiOlsic2xlLW1vZHVsZS1kZXZ0b29sczE1LXNwNy11cGRhdGVzLXg4Nl82NCJdfQ.Fh31OkfMxGHi1_iE2kTzBCYaxOMILCVgTiYP_MsPNiw HTTP/1.1" 200 28212
172.16.3.5 - - [20/Jun/2026:07:59:27 +0200] "POST /rhn/manager/frontend-log HTTP/1.1" 200 42
172.16.3.7 - - [20/Jun/2026:07:59:27 +0200] "HEAD /rhn/manager/download/sle-module-devtools15-sp7-updates-x86_64/repodata/c66bc3ac660f3e896955153306171c4fb302f5ba33329f38cce190ff07d2b3df-updateinfo.xml.gz?eyJhbGciOiJIUzI1NiJ9.eyJqdGkiOiJCXzZCbmJzZFFKSl9KbDdjamhWWExnIiwiZXhwIjoxODEzNDcxMTQyLCJpYXQiOjE3ODE5MzUxNDIsIm5iZiI6MTc4MTkzNTAyMiwib3JnIjoxLCJvbmx5Q2hhbm5lbHMiOlsic2xlLW1vZHVsZS1kZXZ0b29sczE1LXNwNy11cGRhdGVzLXg4Nl82NCJdfQ.Fh31OkfMxGHi1_iE2kTzBCYaxOMILCVgTiYP_MsPNiw HTTP/1.1" 200 -
172.16.3.7 - - [20/Jun/2026:07:59:27 +0200] "GET /rhn/manager/download/sle-module-devtools15-sp7-updates-x86_64/repodata/c66bc3ac660f3e896955153306171c4fb302f5ba33329f38cce190ff07d2b3df-updateinfo.xml.gz?eyJhbGciOiJIUzI1NiJ9.eyJqdGkiOiJCXzZCbmJzZFFKSl9KbDdjamhWWExnIiwiZXhwIjoxODEzNDcxMTQyLCJpYXQiOjE3ODE5MzUxNDIsIm5iZiI6MTc4MTkzNTAyMiwib3JnIjoxLCJvbmx5Q2hhbm5lbHMiOlsic2xlLW1vZHVsZS1kZXZ0b29sczE1LXNwNy11cGRhdGVzLXg4Nl82NCJdfQ.Fh31OkfMxGHi1_iE2kTzBCYaxOMILCVgTiYP_MsPNiw HTTP/1.1" 200 267626
172.16.3.5 - - [20/Jun/2026:07:59:27 +0200] "GET /rhn/websocket/notifications HTTP/1.1" 101 -
172.16.3.7 - - [20/Jun/2026:07:59:27 +0200] "HEAD /rhn/manager/download/sle-module-python3-15-sp7-pool-x86_64/repodata/repomd.xml?eyJhbGciOiJIUzI1NiJ9.eyJqdGkiOiJhOXJMY0JRbWozVFU5a2xPeHBfRzBnIiwiZXhwIjoxODEzNDcxMTQyLCJpYXQiOjE3ODE5MzUxNDIsIm5iZiI6MTc4MTkzNTAyMiwib3JnIjoxLCJvbmx5Q2hhbm5lbHMiOlsic2xlLW1vZHVsZS1weXRob24zLTE1LXNwNy1wb29sLXg4Nl82NCJdfQ.FnENRwqOQkHya1IWbm4XYqCXDyr2tjuZffA0g2UKOvs HTTP/1.1" 200 -
172.16.3.5 - - [20/Jun/2026:07:59:27 +0200] "GET /rhn/systems/details/history/History.do?sid=1000010002& HTTP/1.1" 200 6822
172.16.3.7 - - [20/Jun/2026:07:59:28 +0200] "HEAD /rhn/manager/download/sle-module-python3-15-sp7-pool-x86_64/media.1/media?eyJhbGciOiJIUzI1NiJ9.eyJqdGkiOiJhOXJMY0JRbWozVFU5a2xPeHBfRzBnIiwiZXhwIjoxODEzNDcxMTQyLCJpYXQiOjE3ODE5MzUxNDIsIm5iZiI6MTc4MTkzNTAyMiwib3JnIjoxLCJvbmx5Q2hhbm5lbHMiOlsic2xlLW1vZHVsZS1weXRob24zLTE1LXNwNy1wb29sLXg4Nl82NCJdfQ.FnENRwqOQkHya1IWbm4XYqCXDyr2tjuZffA0g2UKOvs HTTP/1.1" 404 -
172.16.3.5 - - [20/Jun/2026:07:59:28 +0200] "GET /img/favicon.ico?q=0.6451625330904864 HTTP/1.1" 200 1150
::1 - - [20/Jun/2026:07:59:28 +0200] "OPTIONS * HTTP/1.0" 200 - "-" "Apache/2.4.66 (Linux/SUSE) OpenSSL/3.5.0 mod_wsgi/5.0.2 Python/3.13 (internal dummy connection)"
172.16.3.5 - - [20/Jun/2026:07:59:28 +0200] "POST /rhn/manager/frontend-log HTTP/1.1" 200 42
172.16.3.7 - - [20/Jun/2026:07:59:28 +0200] "HEAD /rhn/manager/download/sle-module-python3-15-sp7-pool-x86_64/repodata/repomd.xml?eyJhbGciOiJIUzI1NiJ9.eyJqdGkiOiJhOXJMY0JRbWozVFU5a2xPeHBfRzBnIiwiZXhwIjoxODEzNDcxMTQyLCJpYXQiOjE3ODE5MzUxNDIsIm5iZiI6MTc4MTkzNTAyMiwib3JnIjoxLCJvbmx5Q2hhbm5lbHMiOlsic2xlLW1vZHVsZS1weXRob24zLTE1LXNwNy1wb29sLXg4Nl82NCJdfQ.FnENRwqOQkHya1IWbm4XYqCXDyr2tjuZffA0g2UKOvs HTTP/1.1" 200 -
172.16.3.7 - - [20/Jun/2026:07:59:28 +0200] "GET /rhn/manager/download/sle-module-python3-15-sp7-pool-x86_64/repodata/repomd.xml?eyJhbGciOiJIUzI1NiJ9.eyJqdGkiOiJhOXJMY0JRbWozVFU5a2xPeHBfRzBnIiwiZXhwIjoxODEzNDcxMTQyLCJpYXQiOjE3ODE5MzUxNDIsIm5iZiI6MTc4MTkzNTAyMiwib3JnIjoxLCJvbmx5Q2hhbm5lbHMiOlsic2xlLW1vZHVsZS1weXRob24zLTE1LXNwNy1wb29sLXg4Nl82NCJdfQ.FnENRwqOQkHya1IWbm4XYqCXDyr2tjuZffA0g2UKOvs HTTP/1.1" 200 1605
172.16.3.7 - - [20/Jun/2026:07:59:28 +0200] "HEAD /rhn/manager/download/sle-module-python3-15-sp7-pool-x86_64/repodata/repomd.xml.asc?eyJhbGciOiJIUzI1NiJ9.eyJqdGkiOiJhOXJMY0JRbWozVFU5a2xPeHBfRzBnIiwiZXhwIjoxODEzNDcxMTQyLCJpYXQiOjE3ODE5MzUxNDIsIm5iZiI6MTc4MTkzNTAyMiwib3JnIjoxLCJvbmx5Q2hhbm5lbHMiOlsic2xlLW1vZHVsZS1weXRob24zLTE1LXNwNy1wb29sLXg4Nl82NCJdfQ.FnENRwqOQkHya1IWbm4XYqCXDyr2tjuZffA0g2UKOvs HTTP/1.1" 404 -
172.16.3.5 - - [20/Jun/2026:07:59:28 +0200] "GET /rhn/websocket/notifications HTTP/1.1" 101 -
172.16.3.7 - - [20/Jun/2026:07:59:28 +0200] "HEAD /rhn/manager/download/sle-module-python3-15-sp7-pool-x86_64/repodata/d4595f3dd4e0a3dc3d5428c5cd48a724357eac281979e9ebcb4ce6a6cc92b359-primary.xml.gz?eyJhbGciOiJIUzI1NiJ9.eyJqdGkiOiJhOXJMY0JRbWozVFU5a2xPeHBfRzBnIiwiZXhwIjoxODEzNDcxMTQyLCJpYXQiOjE3ODE5MzUxNDIsIm5iZiI6MTc4MTkzNTAyMiwib3JnIjoxLCJvbmx5Q2hhbm5lbHMiOlsic2xlLW1vZHVsZS1weXRob24zLTE1LXNwNy1wb29sLXg4Nl82NCJdfQ.FnENRwqOQkHya1IWbm4XYqCXDyr2tjuZffA0g2UKOvs HTTP/1.1" 200 -
172.16.3.7 - - [20/Jun/2026:07:59:28 +0200] "GET /rhn/manager/download/sle-module-python3-15-sp7-pool-x86_64/repodata/d4595f3dd4e0a3dc3d5428c5cd48a724357eac281979e9ebcb4ce6a6cc92b359-primary.xml.gz?eyJhbGciOiJIUzI1NiJ9.eyJqdGkiOiJhOXJMY0JRbWozVFU5a2xPeHBfRzBnIiwiZXhwIjoxODEzNDcxMTQyLCJpYXQiOjE3ODE5MzUxNDIsIm5iZiI6MTc4MTkzNTAyMiwib3JnIjoxLCJvbmx5Q2hhbm5lbHMiOlsic2xlLW1vZHVsZS1weXRob24zLTE1LXNwNy1wb29sLXg4Nl82NCJdfQ.FnENRwqOQkHya1IWbm4XYqCXDyr2tjuZffA0g2UKOvs HTTP/1.1" 200 167250
172.16.3.5 - - [20/Jun/2026:07:59:28 +0200] "GET /rhn/systems/details/history/Event.do?sid=1000010002&aid=12 HTTP/1.1" 200 7766
172.16.3.5 - - [20/Jun/2026:07:59:28 +0200] "GET /img/favicon.ico?q=0.9819327707972603 HTTP/1.1" 200 1150
172.16.3.7 - - [20/Jun/2026:07:59:28 +0200] "HEAD /rhn/manager/download/sle-module-python3-15-sp7-pool-x86_64/repodata/207127693479119bbb8a89795bfa6f51c36026c1640608b09060e450d1597d4c-susedata.xml.gz?eyJhbGciOiJIUzI1NiJ9.eyJqdGkiOiJhOXJMY0JRbWozVFU5a2xPeHBfRzBnIiwiZXhwIjoxODEzNDcxMTQyLCJpYXQiOjE3ODE5MzUxNDIsIm5iZiI6MTc4MTkzNTAyMiwib3JnIjoxLCJvbmx5Q2hhbm5lbHMiOlsic2xlLW1vZHVsZS1weXRob24zLTE1LXNwNy1wb29sLXg4Nl82NCJdfQ.FnENRwqOQkHya1IWbm4XYqCXDyr2tjuZffA0g2UKOvs HTTP/1.1" 200 -
172.16.3.5 - - [20/Jun/2026:07:59:28 +0200] "POST /rhn/manager/frontend-log HTTP/1.1" 200 42
172.16.3.7 - - [20/Jun/2026:07:59:29 +0200] "GET /rhn/manager/download/sle-module-python3-15-sp7-pool-x86_64/repodata/207127693479119bbb8a89795bfa6f51c36026c1640608b09060e450d1597d4c-susedata.xml.gz?eyJhbGciOiJIUzI1NiJ9.eyJqdGkiOiJhOXJMY0JRbWozVFU5a2xPeHBfRzBnIiwiZXhwIjoxODEzNDcxMTQyLCJpYXQiOjE3ODE5MzUxNDIsIm5iZiI6MTc4MTkzNTAyMiwib3JnIjoxLCJvbmx5Q2hhbm5lbHMiOlsic2xlLW1vZHVsZS1weXRob24zLTE1LXNwNy1wb29sLXg4Nl82NCJdfQ.FnENRwqOQkHya1IWbm4XYqCXDyr2tjuZffA0g2UKOvs HTTP/1.1" 200 29062
172.16.3.7 - - [20/Jun/2026:07:59:29 +0200] "HEAD /rhn/manager/download/sle-module-python3-15-sp7-updates-x86_64/repodata/repomd.xml?eyJhbGciOiJIUzI1NiJ9.eyJqdGkiOiJpRy05aEFHeldrcDJOQlVLMkVZREpBIiwiZXhwIjoxODEzNDcxMTQyLCJpYXQiOjE3ODE5MzUxNDIsIm5iZiI6MTc4MTkzNTAyMiwib3JnIjoxLCJvbmx5Q2hhbm5lbHMiOlsic2xlLW1vZHVsZS1weXRob24zLTE1LXNwNy11cGRhdGVzLXg4Nl82NCJdfQ.FA0ZvTLAfMUYz7PDJlJUNLdDA2rfOlnvp8smPBdire8 HTTP/1.1" 200 -
172.16.3.5 - - [20/Jun/2026:07:59:29 +0200] "GET /rhn/websocket/notifications HTTP/1.1" 101 -
172.16.3.7 - - [20/Jun/2026:07:59:29 +0200] "HEAD /rhn/manager/download/sle-module-python3-15-sp7-updates-x86_64/media.1/media?eyJhbGciOiJIUzI1NiJ9.eyJqdGkiOiJpRy05aEFHeldrcDJOQlVLMkVZREpBIiwiZXhwIjoxODEzNDcxMTQyLCJpYXQiOjE3ODE5MzUxNDIsIm5iZiI6MTc4MTkzNTAyMiwib3JnIjoxLCJvbmx5Q2hhbm5lbHMiOlsic2xlLW1vZHVsZS1weXRob24zLTE1LXNwNy11cGRhdGVzLXg4Nl82NCJdfQ.FA0ZvTLAfMUYz7PDJlJUNLdDA2rfOlnvp8smPBdire8 HTTP/1.1" 404 -
172.16.3.7 - - [20/Jun/2026:07:59:29 +0200] "HEAD /rhn/manager/download/sle-module-python3-15-sp7-updates-x86_64/repodata/repomd.xml?eyJhbGciOiJIUzI1NiJ9.eyJqdGkiOiJpRy05aEFHeldrcDJOQlVLMkVZREpBIiwiZXhwIjoxODEzNDcxMTQyLCJpYXQiOjE3ODE5MzUxNDIsIm5iZiI6MTc4MTkzNTAyMiwib3JnIjoxLCJvbmx5Q2hhbm5lbHMiOlsic2xlLW1vZHVsZS1weXRob24zLTE1LXNwNy11cGRhdGVzLXg4Nl82NCJdfQ.FA0ZvTLAfMUYz7PDJlJUNLdDA2rfOlnvp8smPBdire8 HTTP/1.1" 200 -
172.16.3.5 - - [20/Jun/2026:07:59:29 +0200] "GET /rhn/systems/details/history/Pending.do?sid=1000010002& HTTP/1.1" 200 6907
172.16.3.7 - - [20/Jun/2026:07:59:29 +0200] "GET /rhn/manager/download/sle-module-python3-15-sp7-updates-x86_64/repodata/repomd.xml?eyJhbGciOiJIUzI1NiJ9.eyJqdGkiOiJpRy05aEFHeldrcDJOQlVLMkVZREpBIiwiZXhwIjoxODEzNDcxMTQyLCJpYXQiOjE3ODE5MzUxNDIsIm5iZiI6MTc4MTkzNTAyMiwib3JnIjoxLCJvbmx5Q2hhbm5lbHMiOlsic2xlLW1vZHVsZS1weXRob24zLTE1LXNwNy11cGRhdGVzLXg4Nl82NCJdfQ.FA0ZvTLAfMUYz7PDJlJUNLdDA2rfOlnvp8smPBdire8 HTTP/1.1" 200 1987
172.16.3.5 - - [20/Jun/2026:07:59:29 +0200] "GET /img/favicon.ico?q=0.18503990273124982 HTTP/1.1" 200 1150
172.16.3.7 - - [20/Jun/2026:07:59:29 +0200] "HEAD /rhn/manager/download/sle-module-python3-15-sp7-updates-x86_64/repodata/repomd.xml.asc?eyJhbGciOiJIUzI1NiJ9.eyJqdGkiOiJpRy05aEFHeldrcDJOQlVLMkVZREpBIiwiZXhwIjoxODEzNDcxMTQyLCJpYXQiOjE3ODE5MzUxNDIsIm5iZiI6MTc4MTkzNTAyMiwib3JnIjoxLCJvbmx5Q2hhbm5lbHMiOlsic2xlLW1vZHVsZS1weXRob24zLTE1LXNwNy11cGRhdGVzLXg4Nl82NCJdfQ.FA0ZvTLAfMUYz7PDJlJUNLdDA2rfOlnvp8smPBdire8 HTTP/1.1" 404 -
172.16.3.5 - - [20/Jun/2026:07:59:29 +0200] "POST /rhn/manager/frontend-log HTTP/1.1" 200 42
172.16.3.7 - - [20/Jun/2026:07:59:29 +0200] "HEAD /rhn/manager/download/sle-module-python3-15-sp7-updates-x86_64/repodata/899367e3320c1749e2f3919860130cff8c3341418d5434d43ad1efd1c0597f9e-primary.xml.gz?eyJhbGciOiJIUzI1NiJ9.eyJqdGkiOiJpRy05aEFHeldrcDJOQlVLMkVZREpBIiwiZXhwIjoxODEzNDcxMTQyLCJpYXQiOjE3ODE5MzUxNDIsIm5iZiI6MTc4MTkzNTAyMiwib3JnIjoxLCJvbmx5Q2hhbm5lbHMiOlsic2xlLW1vZHVsZS1weXRob24zLTE1LXNwNy11cGRhdGVzLXg4Nl82NCJdfQ.FA0ZvTLAfMUYz7PDJlJUNLdDA2rfOlnvp8smPBdire8 HTTP/1.1" 200 -
172.16.3.5 - - [20/Jun/2026:07:59:29 +0200] "GET /rhn/websocket/notifications HTTP/1.1" 101 -
172.16.3.7 - - [20/Jun/2026:07:59:30 +0200] "GET /rhn/manager/download/sle-module-python3-15-sp7-updates-x86_64/repodata/899367e3320c1749e2f3919860130cff8c3341418d5434d43ad1efd1c0597f9e-primary.xml.gz?eyJhbGciOiJIUzI1NiJ9.eyJqdGkiOiJpRy05aEFHeldrcDJOQlVLMkVZREpBIiwiZXhwIjoxODEzNDcxMTQyLCJpYXQiOjE3ODE5MzUxNDIsIm5iZiI6MTc4MTkzNTAyMiwib3JnIjoxLCJvbmx5Q2hhbm5lbHMiOlsic2xlLW1vZHVsZS1weXRob24zLTE1LXNwNy11cGRhdGVzLXg4Nl82NCJdfQ.FA0ZvTLAfMUYz7PDJlJUNLdDA2rfOlnvp8smPBdire8 HTTP/1.1" 200 72337
172.16.3.7 - - [20/Jun/2026:07:59:30 +0200] "HEAD /rhn/manager/download/sle-module-python3-15-sp7-updates-x86_64/repodata/d68d9477823407cb899bc27d444bcd6ef6eef49a9f3340438406a94a65cb1bf2-susedata.xml.gz?eyJhbGciOiJIUzI1NiJ9.eyJqdGkiOiJpRy05aEFHeldrcDJOQlVLMkVZREpBIiwiZXhwIjoxODEzNDcxMTQyLCJpYXQiOjE3ODE5MzUxNDIsIm5iZiI6MTc4MTkzNTAyMiwib3JnIjoxLCJvbmx5Q2hhbm5lbHMiOlsic2xlLW1vZHVsZS1weXRob24zLTE1LXNwNy11cGRhdGVzLXg4Nl82NCJdfQ.FA0ZvTLAfMUYz7PDJlJUNLdDA2rfOlnvp8smPBdire8 HTTP/1.1" 200 -
172.16.3.5 - - [20/Jun/2026:07:59:17 +0200] "GET /rhn/websocket/notifications HTTP/1.1" 101 -
172.16.3.5 - - [20/Jun/2026:07:59:29 +0200] "GET /rhn/systems/details/history/Pending.do?sid=1000010002& HTTP/1.1" 200 6907
172.16.3.5 - - [20/Jun/2026:07:59:30 +0200] "GET /img/favicon.ico?q=0.6121737611378905 HTTP/1.1" 200 1150
172.16.3.5 - - [20/Jun/2026:07:59:04 +0200] "GET /rhn/websocket/notifications HTTP/1.1" 101 -
172.16.3.7 - - [20/Jun/2026:07:59:30 +0200] "GET /rhn/manager/download/sle-module-python3-15-sp7-updates-x86_64/repodata/d68d9477823407cb899bc27d444bcd6ef6eef49a9f3340438406a94a65cb1bf2-susedata.xml.gz?eyJhbGciOiJIUzI1NiJ9.eyJqdGkiOiJpRy05aEFHeldrcDJOQlVLMkVZREpBIiwiZXhwIjoxODEzNDcxMTQyLCJpYXQiOjE3ODE5MzUxNDIsIm5iZiI6MTc4MTkzNTAyMiwib3JnIjoxLCJvbmx5Q2hhbm5lbHMiOlsic2xlLW1vZHVsZS1weXRob24zLTE1LXNwNy11cGRhdGVzLXg4Nl82NCJdfQ.FA0ZvTLAfMUYz7PDJlJUNLdDA2rfOlnvp8smPBdire8 HTTP/1.1" 200 11914
172.16.3.7 - - [20/Jun/2026:07:59:30 +0200] "HEAD /rhn/manager/download/sle-module-python3-15-sp7-updates-x86_64/repodata/cd991a2c097b7d45cb1b4b66eb4932b37f9373bc7be330bfb7416e388512e0f4-updateinfo.xml.gz?eyJhbGciOiJIUzI1NiJ9.eyJqdGkiOiJpRy05aEFHeldrcDJOQlVLMkVZREpBIiwiZXhwIjoxODEzNDcxMTQyLCJpYXQiOjE3ODE5MzUxNDIsIm5iZiI6MTc4MTkzNTAyMiwib3JnIjoxLCJvbmx5Q2hhbm5lbHMiOlsic2xlLW1vZHVsZS1weXRob24zLTE1LXNwNy11cGRhdGVzLXg4Nl82NCJdfQ.FA0ZvTLAfMUYz7PDJlJUNLdDA2rfOlnvp8smPBdire8 HTTP/1.1" 200 -
172.16.3.5 - - [20/Jun/2026:07:59:30 +0200] "GET /rhn/manager/systems/list/all HTTP/1.1" 200 5366
172.16.3.5 - - [20/Jun/2026:07:59:17 +0200] "GET /rhn/websocket/notifications HTTP/1.1" 101 -
172.16.3.5 - - [20/Jun/2026:07:59:30 +0200] "POST /rhn/manager/frontend-log HTTP/1.1" 200 42
172.16.3.7 - - [20/Jun/2026:07:59:31 +0200] "GET /rhn/manager/download/sle-module-python3-15-sp7-updates-x86_64/repodata/cd991a2c097b7d45cb1b4b66eb4932b37f9373bc7be330bfb7416e388512e0f4-updateinfo.xml.gz?eyJhbGciOiJIUzI1NiJ9.eyJqdGkiOiJpRy05aEFHeldrcDJOQlVLMkVZREpBIiwiZXhwIjoxODEzNDcxMTQyLCJpYXQiOjE3ODE5MzUxNDIsIm5iZiI6MTc4MTkzNTAyMiwib3JnIjoxLCJvbmx5Q2hhbm5lbHMiOlsic2xlLW1vZHVsZS1weXRob24zLTE1LXNwNy11cGRhdGVzLXg4Nl82NCJdfQ.FA0ZvTLAfMUYz7PDJlJUNLdDA2rfOlnvp8smPBdire8 HTTP/1.1" 200 43894
172.16.3.5 - - [20/Jun/2026:07:59:30 +0200] "POST /rhn/manager/frontend-log HTTP/1.1" 200 42
172.16.3.5 - - [20/Jun/2026:07:59:31 +0200] "POST /rhn/manager/frontend-log HTTP/1.1" 200 42
172.16.3.5 - - [20/Jun/2026:07:59:30 +0200] "GET /rhn/systems/details/history/Pending.do?sid=1000010001& HTTP/1.1" 200 6916
172.16.3.5 - - [20/Jun/2026:07:59:24 +0200] "GET /rhn/websocket/notifications HTTP/1.1" 101 -
172.16.3.7 - - [20/Jun/2026:07:59:31 +0200] "HEAD /rhn/manager/download/sle-module-server-applications15-sp7-pool-x86_64/repodata/repomd.xml?eyJhbGciOiJIUzI1NiJ9.eyJqdGkiOiJxcy1vYVVYZjMyMm5yRE1jMEdSejRRIiwiZXhwIjoxODEzNDcxMTQyLCJpYXQiOjE3ODE5MzUxNDIsIm5iZiI6MTc4MTkzNTAyMiwib3JnIjoxLCJvbmx5Q2hhbm5lbHMiOlsic2xlLW1vZHVsZS1zZXJ2ZXItYXBwbGljYXRpb25zMTUtc3A3LXBvb2wteDg2XzY0Il19.lh5y0BXQ6GkdFyNI7qRsEpLv48mukyJu2ovB41C0UvY HTTP/1.1" 200 -
172.16.3.5 - - [20/Jun/2026:07:59:31 +0200] "POST /rhn/manager/frontend-log HTTP/1.1" 200 42
172.16.3.7 - - [20/Jun/2026:07:59:31 +0200] "HEAD /rhn/manager/download/sle-module-server-applications15-sp7-pool-x86_64/media.1/media?eyJhbGciOiJIUzI1NiJ9.eyJqdGkiOiJxcy1vYVVYZjMyMm5yRE1jMEdSejRRIiwiZXhwIjoxODEzNDcxMTQyLCJpYXQiOjE3ODE5MzUxNDIsIm5iZiI6MTc4MTkzNTAyMiwib3JnIjoxLCJvbmx5Q2hhbm5lbHMiOlsic2xlLW1vZHVsZS1zZXJ2ZXItYXBwbGljYXRpb25zMTUtc3A3LXBvb2wteDg2XzY0Il19.lh5y0BXQ6GkdFyNI7qRsEpLv48mukyJu2ovB41C0UvY HTTP/1.1" 404 -
172.16.3.5 - - [20/Jun/2026:07:59:31 +0200] "GET /rhn/manager/api/systems/list/all?p=1&ps=100&s=1&sc=server_name HTTP/1.1" 200 593
172.16.3.5 - - [20/Jun/2026:07:59:31 +0200] "POST /rhn/manager/frontend-log HTTP/1.1" 200 42
172.16.3.7 - - [20/Jun/2026:07:59:32 +0200] "HEAD /rhn/manager/download/sle-module-server-applications15-sp7-pool-x86_64/repodata/repomd.xml?eyJhbGciOiJIUzI1NiJ9.eyJqdGkiOiJxcy1vYVVYZjMyMm5yRE1jMEdSejRRIiwiZXhwIjoxODEzNDcxMTQyLCJpYXQiOjE3ODE5MzUxNDIsIm5iZiI6MTc4MTkzNTAyMiwib3JnIjoxLCJvbmx5Q2hhbm5lbHMiOlsic2xlLW1vZHVsZS1zZXJ2ZXItYXBwbGljYXRpb25zMTUtc3A3LXBvb2wteDg2XzY0Il19.lh5y0BXQ6GkdFyNI7qRsEpLv48mukyJu2ovB41C0UvY HTTP/1.1" 200 -
172.16.3.5 - - [20/Jun/2026:07:59:31 +0200] "POST /rhn/manager/api/sets/system_list HTTP/1.1" 200 27
172.16.3.7 - - [20/Jun/2026:07:59:32 +0200] "GET /rhn/manager/download/sle-module-server-applications15-sp7-pool-x86_64/repodata/repomd.xml?eyJhbGciOiJIUzI1NiJ9.eyJqdGkiOiJxcy1vYVVYZjMyMm5yRE1jMEdSejRRIiwiZXhwIjoxODEzNDcxMTQyLCJpYXQiOjE3ODE5MzUxNDIsIm5iZiI6MTc4MTkzNTAyMiwib3JnIjoxLCJvbmx5Q2hhbm5lbHMiOlsic2xlLW1vZHVsZS1zZXJ2ZXItYXBwbGljYXRpb25zMTUtc3A3LXBvb2wteDg2XzY0Il19.lh5y0BXQ6GkdFyNI7qRsEpLv48mukyJu2ovB41C0UvY HTTP/1.1" 200 1605
172.16.3.7 - - [20/Jun/2026:07:59:32 +0200] "HEAD /rhn/manager/download/sle-module-server-applications15-sp7-pool-x86_64/repodata/repomd.xml.asc?eyJhbGciOiJIUzI1NiJ9.eyJqdGkiOiJxcy1vYVVYZjMyMm5yRE1jMEdSejRRIiwiZXhwIjoxODEzNDcxMTQyLCJpYXQiOjE3ODE5MzUxNDIsIm5iZiI6MTc4MTkzNTAyMiwib3JnIjoxLCJvbmx5Q2hhbm5lbHMiOlsic2xlLW1vZHVsZS1zZXJ2ZXItYXBwbGljYXRpb25zMTUtc3A3LXBvb2wteDg2XzY0Il19.lh5y0BXQ6GkdFyNI7qRsEpLv48mukyJu2ovB41C0UvY HTTP/1.1" 404 -
172.16.3.7 - - [20/Jun/2026:07:59:33 +0200] "HEAD /rhn/manager/download/sle-module-server-applications15-sp7-pool-x86_64/repodata/e1f4b7953925ff7f0c609f4a845cd26a3a0a59a25d029bad0aa6cc9b2d5fd2d6-primary.xml.gz?eyJhbGciOiJIUzI1NiJ9.eyJqdGkiOiJxcy1vYVVYZjMyMm5yRE1jMEdSejRRIiwiZXhwIjoxODEzNDcxMTQyLCJpYXQiOjE3ODE5MzUxNDIsIm5iZiI6MTc4MTkzNTAyMiwib3JnIjoxLCJvbmx5Q2hhbm5lbHMiOlsic2xlLW1vZHVsZS1zZXJ2ZXItYXBwbGljYXRpb25zMTUtc3A3LXBvb2wteDg2XzY0Il19.lh5y0BXQ6GkdFyNI7qRsEpLv48mukyJu2ovB41C0UvY HTTP/1.1" 200 -
172.16.3.7 - - [20/Jun/2026:07:59:33 +0200] "GET /rhn/manager/download/sle-module-server-applications15-sp7-pool-x86_64/repodata/e1f4b7953925ff7f0c609f4a845cd26a3a0a59a25d029bad0aa6cc9b2d5fd2d6-primary.xml.gz?eyJhbGciOiJIUzI1NiJ9.eyJqdGkiOiJxcy1vYVVYZjMyMm5yRE1jMEdSejRRIiwiZXhwIjoxODEzNDcxMTQyLCJpYXQiOjE3ODE5MzUxNDIsIm5iZiI6MTc4MTkzNTAyMiwib3JnIjoxLCJvbmx5Q2hhbm5lbHMiOlsic2xlLW1vZHVsZS1zZXJ2ZXItYXBwbGljYXRpb25zMTUtc3A3LXBvb2wteDg2XzY0Il19.lh5y0BXQ6GkdFyNI7qRsEpLv48mukyJu2ovB41C0UvY HTTP/1.1" 200 321760
172.16.3.7 - - [20/Jun/2026:07:59:33 +0200] "HEAD /rhn/manager/download/sle-module-server-applications15-sp7-pool-x86_64/repodata/5d5502fe02fa290039177ac572d74970a680fc77194488e1740013d76abf906b-susedata.xml.gz?eyJhbGciOiJIUzI1NiJ9.eyJqdGkiOiJxcy1vYVVYZjMyMm5yRE1jMEdSejRRIiwiZXhwIjoxODEzNDcxMTQyLCJpYXQiOjE3ODE5MzUxNDIsIm5iZiI6MTc4MTkzNTAyMiwib3JnIjoxLCJvbmx5Q2hhbm5lbHMiOlsic2xlLW1vZHVsZS1zZXJ2ZXItYXBwbGljYXRpb25zMTUtc3A3LXBvb2wteDg2XzY0Il19.lh5y0BXQ6GkdFyNI7qRsEpLv48mukyJu2ovB41C0UvY HTTP/1.1" 200 -
172.16.3.7 - - [20/Jun/2026:07:59:33 +0200] "GET /rhn/manager/download/sle-module-server-applications15-sp7-pool-x86_64/repodata/5d5502fe02fa290039177ac572d74970a680fc77194488e1740013d76abf906b-susedata.xml.gz?eyJhbGciOiJIUzI1NiJ9.eyJqdGkiOiJxcy1vYVVYZjMyMm5yRE1jMEdSejRRIiwiZXhwIjoxODEzNDcxMTQyLCJpYXQiOjE3ODE5MzUxNDIsIm5iZiI6MTc4MTkzNTAyMiwib3JnIjoxLCJvbmx5Q2hhbm5lbHMiOlsic2xlLW1vZHVsZS1zZXJ2ZXItYXBwbGljYXRpb25zMTUtc3A3LXBvb2wteDg2XzY0Il19.lh5y0BXQ6GkdFyNI7qRsEpLv48mukyJu2ovB41C0UvY HTTP/1.1" 200 37870
172.16.3.7 - - [20/Jun/2026:07:59:34 +0200] "HEAD /rhn/manager/download/sle-module-server-applications15-sp7-updates-x86_64/repodata/repomd.xml?eyJhbGciOiJIUzI1NiJ9.eyJqdGkiOiJXLUhZMDlsTk1CWWo1UEFyNE9RclpBIiwiZXhwIjoxODEzNDcxMTQyLCJpYXQiOjE3ODE5MzUxNDIsIm5iZiI6MTc4MTkzNTAyMiwib3JnIjoxLCJvbmx5Q2hhbm5lbHMiOlsic2xlLW1vZHVsZS1zZXJ2ZXItYXBwbGljYXRpb25zMTUtc3A3LXVwZGF0ZXMteDg2XzY0Il19.bWHmsHT3mgw0cW1Kte4KcmxhBP-uCKt_AVTP-4ZxVk0 HTTP/1.1" 200 -
172.16.3.7 - - [20/Jun/2026:07:59:34 +0200] "HEAD /rhn/manager/download/sle-module-server-applications15-sp7-updates-x86_64/media.1/media?eyJhbGciOiJIUzI1NiJ9.eyJqdGkiOiJXLUhZMDlsTk1CWWo1UEFyNE9RclpBIiwiZXhwIjoxODEzNDcxMTQyLCJpYXQiOjE3ODE5MzUxNDIsIm5iZiI6MTc4MTkzNTAyMiwib3JnIjoxLCJvbmx5Q2hhbm5lbHMiOlsic2xlLW1vZHVsZS1zZXJ2ZXItYXBwbGljYXRpb25zMTUtc3A3LXVwZGF0ZXMteDg2XzY0Il19.bWHmsHT3mgw0cW1Kte4KcmxhBP-uCKt_AVTP-4ZxVk0 HTTP/1.1" 404 -
172.16.3.7 - - [20/Jun/2026:07:59:34 +0200] "HEAD /rhn/manager/download/sle-module-server-applications15-sp7-updates-x86_64/repodata/repomd.xml?eyJhbGciOiJIUzI1NiJ9.eyJqdGkiOiJXLUhZMDlsTk1CWWo1UEFyNE9RclpBIiwiZXhwIjoxODEzNDcxMTQyLCJpYXQiOjE3ODE5MzUxNDIsIm5iZiI6MTc4MTkzNTAyMiwib3JnIjoxLCJvbmx5Q2hhbm5lbHMiOlsic2xlLW1vZHVsZS1zZXJ2ZXItYXBwbGljYXRpb25zMTUtc3A3LXVwZGF0ZXMteDg2XzY0Il19.bWHmsHT3mgw0cW1Kte4KcmxhBP-uCKt_AVTP-4ZxVk0 HTTP/1.1" 200 -
172.16.3.7 - - [20/Jun/2026:07:59:34 +0200] "GET /rhn/manager/download/sle-module-server-applications15-sp7-updates-x86_64/repodata/repomd.xml?eyJhbGciOiJIUzI1NiJ9.eyJqdGkiOiJXLUhZMDlsTk1CWWo1UEFyNE9RclpBIiwiZXhwIjoxODEzNDcxMTQyLCJpYXQiOjE3ODE5MzUxNDIsIm5iZiI6MTc4MTkzNTAyMiwib3JnIjoxLCJvbmx5Q2hhbm5lbHMiOlsic2xlLW1vZHVsZS1zZXJ2ZXItYXBwbGljYXRpb25zMTUtc3A3LXVwZGF0ZXMteDg2XzY0Il19.bWHmsHT3mgw0cW1Kte4KcmxhBP-uCKt_AVTP-4ZxVk0 HTTP/1.1" 200 1987
172.16.3.7 - - [20/Jun/2026:07:59:34 +0200] "HEAD /rhn/manager/download/sle-module-server-applications15-sp7-updates-x86_64/repodata/repomd.xml.asc?eyJhbGciOiJIUzI1NiJ9.eyJqdGkiOiJXLUhZMDlsTk1CWWo1UEFyNE9RclpBIiwiZXhwIjoxODEzNDcxMTQyLCJpYXQiOjE3ODE5MzUxNDIsIm5iZiI6MTc4MTkzNTAyMiwib3JnIjoxLCJvbmx5Q2hhbm5lbHMiOlsic2xlLW1vZHVsZS1zZXJ2ZXItYXBwbGljYXRpb25zMTUtc3A3LXVwZGF0ZXMteDg2XzY0Il19.bWHmsHT3mgw0cW1Kte4KcmxhBP-uCKt_AVTP-4ZxVk0 HTTP/1.1" 404 -
172.16.3.5 - - [20/Jun/2026:07:59:21 +0200] "GET /rhn/websocket/notifications HTTP/1.1" 101 -
172.16.3.7 - - [20/Jun/2026:07:59:34 +0200] "HEAD /rhn/manager/download/sle-module-server-applications15-sp7-updates-x86_64/repodata/42db77d57fe67858bf4c3b3868e587800966919fd3fa11b4a37c336156d1dba2-primary.xml.gz?eyJhbGciOiJIUzI1NiJ9.eyJqdGkiOiJXLUhZMDlsTk1CWWo1UEFyNE9RclpBIiwiZXhwIjoxODEzNDcxMTQyLCJpYXQiOjE3ODE5MzUxNDIsIm5iZiI6MTc4MTkzNTAyMiwib3JnIjoxLCJvbmx5Q2hhbm5lbHMiOlsic2xlLW1vZHVsZS1zZXJ2ZXItYXBwbGljYXRpb25zMTUtc3A3LXVwZGF0ZXMteDg2XzY0Il19.bWHmsHT3mgw0cW1Kte4KcmxhBP-uCKt_AVTP-4ZxVk0 HTTP/1.1" 200 -
172.16.3.7 - - [20/Jun/2026:07:59:34 +0200] "GET /rhn/manager/download/sle-module-server-applications15-sp7-updates-x86_64/repodata/42db77d57fe67858bf4c3b3868e587800966919fd3fa11b4a37c336156d1dba2-primary.xml.gz?eyJhbGciOiJIUzI1NiJ9.eyJqdGkiOiJXLUhZMDlsTk1CWWo1UEFyNE9RclpBIiwiZXhwIjoxODEzNDcxMTQyLCJpYXQiOjE3ODE5MzUxNDIsIm5iZiI6MTc4MTkzNTAyMiwib3JnIjoxLCJvbmx5Q2hhbm5lbHMiOlsic2xlLW1vZHVsZS1zZXJ2ZXItYXBwbGljYXRpb25zMTUtc3A3LXVwZGF0ZXMteDg2XzY0Il19.bWHmsHT3mgw0cW1Kte4KcmxhBP-uCKt_AVTP-4ZxVk0 HTTP/1.1" 200 460000
172.16.3.5 - - [20/Jun/2026:07:59:34 +0200] "GET /rhn/manager/systems/list/all HTTP/1.1" 200 5371
172.16.3.7 - - [20/Jun/2026:07:59:35 +0200] "HEAD /rhn/manager/download/sle-module-server-applications15-sp7-updates-x86_64/repodata/1e936d26f8ab58c1393dcb2c418b6fa4d1ca34662972096e2cc1a73934b7d7cc-susedata.xml.gz?eyJhbGciOiJIUzI1NiJ9.eyJqdGkiOiJXLUhZMDlsTk1CWWo1UEFyNE9RclpBIiwiZXhwIjoxODEzNDcxMTQyLCJpYXQiOjE3ODE5MzUxNDIsIm5iZiI6MTc4MTkzNTAyMiwib3JnIjoxLCJvbmx5Q2hhbm5lbHMiOlsic2xlLW1vZHVsZS1zZXJ2ZXItYXBwbGljYXRpb25zMTUtc3A3LXVwZGF0ZXMteDg2XzY0Il19.bWHmsHT3mgw0cW1Kte4KcmxhBP-uCKt_AVTP-4ZxVk0 HTTP/1.1" 200 -
172.16.3.5 - - [20/Jun/2026:07:59:22 +0200] "GET /rhn/websocket/notifications HTTP/1.1" 101 -
::1 - - [20/Jun/2026:07:59:35 +0200] "OPTIONS * HTTP/1.0" 200 - "-" "Apache/2.4.66 (Linux/SUSE) OpenSSL/3.5.0 mod_wsgi/5.0.2 Python/3.13 (internal dummy connection)"
172.16.3.5 - - [20/Jun/2026:07:59:35 +0200] "POST /rhn/manager/frontend-log HTTP/1.1" 200 42
172.16.3.7 - - [20/Jun/2026:07:59:35 +0200] "GET /rhn/manager/download/sle-module-server-applications15-sp7-updates-x86_64/repodata/1e936d26f8ab58c1393dcb2c418b6fa4d1ca34662972096e2cc1a73934b7d7cc-susedata.xml.gz?eyJhbGciOiJIUzI1NiJ9.eyJqdGkiOiJXLUhZMDlsTk1CWWo1UEFyNE9RclpBIiwiZXhwIjoxODEzNDcxMTQyLCJpYXQiOjE3ODE5MzUxNDIsIm5iZiI6MTc4MTkzNTAyMiwib3JnIjoxLCJvbmx5Q2hhbm5lbHMiOlsic2xlLW1vZHVsZS1zZXJ2ZXItYXBwbGljYXRpb25zMTUtc3A3LXVwZGF0ZXMteDg2XzY0Il19.bWHmsHT3mgw0cW1Kte4KcmxhBP-uCKt_AVTP-4ZxVk0 HTTP/1.1" 200 44962
172.16.3.5 - - [20/Jun/2026:07:59:35 +0200] "POST /rhn/manager/frontend-log HTTP/1.1" 200 42
172.16.3.7 - - [20/Jun/2026:07:59:35 +0200] "HEAD /rhn/manager/download/sle-module-server-applications15-sp7-updates-x86_64/repodata/2eb62e68334d50e1953e6e886e655ab88fee24edc66abc208083b5a9c8d93a2e-updateinfo.xml.gz?eyJhbGciOiJIUzI1NiJ9.eyJqdGkiOiJXLUhZMDlsTk1CWWo1UEFyNE9RclpBIiwiZXhwIjoxODEzNDcxMTQyLCJpYXQiOjE3ODE5MzUxNDIsIm5iZiI6MTc4MTkzNTAyMiwib3JnIjoxLCJvbmx5Q2hhbm5lbHMiOlsic2xlLW1vZHVsZS1zZXJ2ZXItYXBwbGljYXRpb25zMTUtc3A3LXVwZGF0ZXMteDg2XzY0Il19.bWHmsHT3mgw0cW1Kte4KcmxhBP-uCKt_AVTP-4ZxVk0 HTTP/1.1" 200 -
172.16.3.7 - - [20/Jun/2026:07:59:35 +0200] "GET /rhn/manager/download/sle-module-server-applications15-sp7-updates-x86_64/repodata/2eb62e68334d50e1953e6e886e655ab88fee24edc66abc208083b5a9c8d93a2e-updateinfo.xml.gz?eyJhbGciOiJIUzI1NiJ9.eyJqdGkiOiJXLUhZMDlsTk1CWWo1UEFyNE9RclpBIiwiZXhwIjoxODEzNDcxMTQyLCJpYXQiOjE3ODE5MzUxNDIsIm5iZiI6MTc4MTkzNTAyMiwib3JnIjoxLCJvbmx5Q2hhbm5lbHMiOlsic2xlLW1vZHVsZS1zZXJ2ZXItYXBwbGljYXRpb25zMTUtc3A3LXVwZGF0ZXMteDg2XzY0Il19.bWHmsHT3mgw0cW1Kte4KcmxhBP-uCKt_AVTP-4ZxVk0 HTTP/1.1" 200 106855
172.16.3.5 - - [20/Jun/2026:07:59:35 +0200] "GET /rhn/manager/api/systems/list/all?p=1&ps=100&s=1&sc=server_name HTTP/1.1" 200 593
172.16.3.5 - - [20/Jun/2026:07:59:22 +0200] "GET /rhn/websocket/notifications HTTP/1.1" 101 -
172.16.3.7 - - [20/Jun/2026:07:59:35 +0200] "HEAD /rhn/manager/download/sle-module-systems-management-15-sp7-pool-x86_64/repodata/repomd.xml?eyJhbGciOiJIUzI1NiJ9.eyJqdGkiOiJIbF9MUE1IY3RmUGk2MDZSaVBPZVhRIiwiZXhwIjoxODEzNDcxMTQyLCJpYXQiOjE3ODE5MzUxNDIsIm5iZiI6MTc4MTkzNTAyMiwib3JnIjoxLCJvbmx5Q2hhbm5lbHMiOlsic2xlLW1vZHVsZS1zeXN0ZW1zLW1hbmFnZW1lbnQtMTUtc3A3LXBvb2wteDg2XzY0Il19.Oa5vEEAyLaTT94l625hkvFV340Uctzdh7cG6XoEpVW0 HTTP/1.1" 200 -
::1 - - [20/Jun/2026:07:59:36 +0200] "OPTIONS * HTTP/1.0" 200 - "-" "Apache/2.4.66 (Linux/SUSE) OpenSSL/3.5.0 mod_wsgi/5.0.2 Python/3.13 (internal dummy connection)"
172.16.3.7 - - [20/Jun/2026:07:59:36 +0200] "HEAD /rhn/manager/download/sle-module-systems-management-15-sp7-pool-x86_64/media.1/media?eyJhbGciOiJIUzI1NiJ9.eyJqdGkiOiJIbF9MUE1IY3RmUGk2MDZSaVBPZVhRIiwiZXhwIjoxODEzNDcxMTQyLCJpYXQiOjE3ODE5MzUxNDIsIm5iZiI6MTc4MTkzNTAyMiwib3JnIjoxLCJvbmx5Q2hhbm5lbHMiOlsic2xlLW1vZHVsZS1zeXN0ZW1zLW1hbmFnZW1lbnQtMTUtc3A3LXBvb2wteDg2XzY0Il19.Oa5vEEAyLaTT94l625hkvFV340Uctzdh7cG6XoEpVW0 HTTP/1.1" 404 -
172.16.3.5 - - [20/Jun/2026:07:59:35 +0200] "POST /rhn/manager/api/sets/system_list HTTP/1.1" 200 27
172.16.3.7 - - [20/Jun/2026:07:59:36 +0200] "HEAD /rhn/manager/download/sle-module-systems-management-15-sp7-pool-x86_64/repodata/repomd.xml?eyJhbGciOiJIUzI1NiJ9.eyJqdGkiOiJIbF9MUE1IY3RmUGk2MDZSaVBPZVhRIiwiZXhwIjoxODEzNDcxMTQyLCJpYXQiOjE3ODE5MzUxNDIsIm5iZiI6MTc4MTkzNTAyMiwib3JnIjoxLCJvbmx5Q2hhbm5lbHMiOlsic2xlLW1vZHVsZS1zeXN0ZW1zLW1hbmFnZW1lbnQtMTUtc3A3LXBvb2wteDg2XzY0Il19.Oa5vEEAyLaTT94l625hkvFV340Uctzdh7cG6XoEpVW0 HTTP/1.1" 200 -
172.16.3.5 - - [20/Jun/2026:07:59:11 +0200] "GET /rhn/websocket/notifications HTTP/1.1" 101 -
172.16.3.5 - - [20/Jun/2026:07:59:35 +0200] "GET /rhn/manager/systems/list/all HTTP/1.1" 200 5370
172.16.3.5 - - [20/Jun/2026:07:59:23 +0200] "GET /rhn/websocket/notifications HTTP/1.1" 101 -
172.16.3.7 - - [20/Jun/2026:07:59:36 +0200] "GET /rhn/manager/download/sle-module-systems-management-15-sp7-pool-x86_64/repodata/repomd.xml?eyJhbGciOiJIUzI1NiJ9.eyJqdGkiOiJIbF9MUE1IY3RmUGk2MDZSaVBPZVhRIiwiZXhwIjoxODEzNDcxMTQyLCJpYXQiOjE3ODE5MzUxNDIsIm5iZiI6MTc4MTkzNTAyMiwib3JnIjoxLCJvbmx5Q2hhbm5lbHMiOlsic2xlLW1vZHVsZS1zeXN0ZW1zLW1hbmFnZW1lbnQtMTUtc3A3LXBvb2wteDg2XzY0Il19.Oa5vEEAyLaTT94l625hkvFV340Uctzdh7cG6XoEpVW0 HTTP/1.1" 200 1605
172.16.3.5 - - [20/Jun/2026:07:59:36 +0200] "POST /rhn/manager/frontend-log HTTP/1.1" 200 42
172.16.3.7 - - [20/Jun/2026:07:59:36 +0200] "HEAD /rhn/manager/download/sle-module-systems-management-15-sp7-pool-x86_64/repodata/repomd.xml.asc?eyJhbGciOiJIUzI1NiJ9.eyJqdGkiOiJIbF9MUE1IY3RmUGk2MDZSaVBPZVhRIiwiZXhwIjoxODEzNDcxMTQyLCJpYXQiOjE3ODE5MzUxNDIsIm5iZiI6MTc4MTkzNTAyMiwib3JnIjoxLCJvbmx5Q2hhbm5lbHMiOlsic2xlLW1vZHVsZS1zeXN0ZW1zLW1hbmFnZW1lbnQtMTUtc3A3LXBvb2wteDg2XzY0Il19.Oa5vEEAyLaTT94l625hkvFV340Uctzdh7cG6XoEpVW0 HTTP/1.1" 404 -
::1 - - [20/Jun/2026:07:59:37 +0200] "OPTIONS * HTTP/1.0" 200 - "-" "Apache/2.4.66 (Linux/SUSE) OpenSSL/3.5.0 mod_wsgi/5.0.2 Python/3.13 (internal dummy connection)"
172.16.3.7 - - [20/Jun/2026:07:59:37 +0200] "HEAD /rhn/manager/download/sle-module-systems-management-15-sp7-pool-x86_64/repodata/96bf4d5b2e8fa0f56a8f76bbe8a39898b82f43be8ae701291f2776ee68a5ed9d-primary.xml.gz?eyJhbGciOiJIUzI1NiJ9.eyJqdGkiOiJIbF9MUE1IY3RmUGk2MDZSaVBPZVhRIiwiZXhwIjoxODEzNDcxMTQyLCJpYXQiOjE3ODE5MzUxNDIsIm5iZiI6MTc4MTkzNTAyMiwib3JnIjoxLCJvbmx5Q2hhbm5lbHMiOlsic2xlLW1vZHVsZS1zeXN0ZW1zLW1hbmFnZW1lbnQtMTUtc3A3LXBvb2wteDg2XzY0Il19.Oa5vEEAyLaTT94l625hkvFV340Uctzdh7cG6XoEpVW0 HTTP/1.1" 200 -
172.16.3.5 - - [20/Jun/2026:07:59:36 +0200] "POST /rhn/manager/frontend-log HTTP/1.1" 200 42
172.16.3.7 - - [20/Jun/2026:07:59:37 +0200] "GET /rhn/manager/download/sle-module-systems-management-15-sp7-pool-x86_64/repodata/96bf4d5b2e8fa0f56a8f76bbe8a39898b82f43be8ae701291f2776ee68a5ed9d-primary.xml.gz?eyJhbGciOiJIUzI1NiJ9.eyJqdGkiOiJIbF9MUE1IY3RmUGk2MDZSaVBPZVhRIiwiZXhwIjoxODEzNDcxMTQyLCJpYXQiOjE3ODE5MzUxNDIsIm5iZiI6MTc4MTkzNTAyMiwib3JnIjoxLCJvbmx5Q2hhbm5lbHMiOlsic2xlLW1vZHVsZS1zeXN0ZW1zLW1hbmFnZW1lbnQtMTUtc3A3LXBvb2wteDg2XzY0Il19.Oa5vEEAyLaTT94l625hkvFV340Uctzdh7cG6XoEpVW0 HTTP/1.1" 200 6163
172.16.3.5 - - [20/Jun/2026:07:59:37 +0200] "GET /rhn/manager/api/systems/list/all?p=1&ps=100&s=1&sc=server_name HTTP/1.1" 200 593
172.16.3.7 - - [20/Jun/2026:07:59:37 +0200] "HEAD /rhn/manager/download/sle-module-systems-management-15-sp7-pool-x86_64/repodata/bb7f49dd25548c564ab33e1defb1e5668f63a9b063798989e364da0386f6a8d2-susedata.xml.gz?eyJhbGciOiJIUzI1NiJ9.eyJqdGkiOiJIbF9MUE1IY3RmUGk2MDZSaVBPZVhRIiwiZXhwIjoxODEzNDcxMTQyLCJpYXQiOjE3ODE5MzUxNDIsIm5iZiI6MTc4MTkzNTAyMiwib3JnIjoxLCJvbmx5Q2hhbm5lbHMiOlsic2xlLW1vZHVsZS1zeXN0ZW1zLW1hbmFnZW1lbnQtMTUtc3A3LXBvb2wteDg2XzY0Il19.Oa5vEEAyLaTT94l625hkvFV340Uctzdh7cG6XoEpVW0 HTTP/1.1" 200 -
172.16.3.7 - - [20/Jun/2026:07:59:37 +0200] "GET /rhn/manager/download/sle-module-systems-management-15-sp7-pool-x86_64/repodata/bb7f49dd25548c564ab33e1defb1e5668f63a9b063798989e364da0386f6a8d2-susedata.xml.gz?eyJhbGciOiJIUzI1NiJ9.eyJqdGkiOiJIbF9MUE1IY3RmUGk2MDZSaVBPZVhRIiwiZXhwIjoxODEzNDcxMTQyLCJpYXQiOjE3ODE5MzUxNDIsIm5iZiI6MTc4MTkzNTAyMiwib3JnIjoxLCJvbmx5Q2hhbm5lbHMiOlsic2xlLW1vZHVsZS1zeXN0ZW1zLW1hbmFnZW1lbnQtMTUtc3A3LXBvb2wteDg2XzY0Il19.Oa5vEEAyLaTT94l625hkvFV340Uctzdh7cG6XoEpVW0 HTTP/1.1" 200 1137
172.16.3.5 - - [20/Jun/2026:07:59:36 +0200] "GET /rhn/systems/details/history/Pending.do?sid=1000010002& HTTP/1.1" 200 6908
172.16.3.5 - - [20/Jun/2026:07:59:30 +0200] "GET /rhn/websocket/notifications HTTP/1.1" 101 -
172.16.3.5 - - [20/Jun/2026:07:59:37 +0200] "POST /rhn/manager/api/sets/system_list HTTP/1.1" 200 27
172.16.3.7 - - [20/Jun/2026:07:59:37 +0200] "HEAD /rhn/manager/download/sle-module-systems-management-15-sp7-updates-x86_64/repodata/repomd.xml?eyJhbGciOiJIUzI1NiJ9.eyJqdGkiOiJiUEdXZElVYWdodTZlSUEwUEJnS2JRIiwiZXhwIjoxODEzNDcxMTQyLCJpYXQiOjE3ODE5MzUxNDIsIm5iZiI6MTc4MTkzNTAyMiwib3JnIjoxLCJvbmx5Q2hhbm5lbHMiOlsic2xlLW1vZHVsZS1zeXN0ZW1zLW1hbmFnZW1lbnQtMTUtc3A3LXVwZGF0ZXMteDg2XzY0Il19.mpU9ibtMNUKWmWoyqKPAbAdr6dNqtLKk5oc-pPqbEHg HTTP/1.1" 200 -
172.16.3.5 - - [20/Jun/2026:07:59:37 +0200] "POST /rhn/manager/frontend-log HTTP/1.1" 200 42
::1 - - [20/Jun/2026:07:59:38 +0200] "OPTIONS * HTTP/1.0" 200 - "-" "Apache/2.4.66 (Linux/SUSE) OpenSSL/3.5.0 mod_wsgi/5.0.2 Python/3.13 (internal dummy connection)"
172.16.3.7 - - [20/Jun/2026:07:59:38 +0200] "HEAD /rhn/manager/download/sle-module-systems-management-15-sp7-updates-x86_64/media.1/media?eyJhbGciOiJIUzI1NiJ9.eyJqdGkiOiJiUEdXZElVYWdodTZlSUEwUEJnS2JRIiwiZXhwIjoxODEzNDcxMTQyLCJpYXQiOjE3ODE5MzUxNDIsIm5iZiI6MTc4MTkzNTAyMiwib3JnIjoxLCJvbmx5Q2hhbm5lbHMiOlsic2xlLW1vZHVsZS1zeXN0ZW1zLW1hbmFnZW1lbnQtMTUtc3A3LXVwZGF0ZXMteDg2XzY0Il19.mpU9ibtMNUKWmWoyqKPAbAdr6dNqtLKk5oc-pPqbEHg HTTP/1.1" 404 -
172.16.3.5 - - [20/Jun/2026:07:59:37 +0200] "POST /rhn/manager/frontend-log HTTP/1.1" 200 42
172.16.3.7 - - [20/Jun/2026:07:59:38 +0200] "HEAD /rhn/manager/download/sle-module-systems-management-15-sp7-updates-x86_64/repodata/repomd.xml?eyJhbGciOiJIUzI1NiJ9.eyJqdGkiOiJiUEdXZElVYWdodTZlSUEwUEJnS2JRIiwiZXhwIjoxODEzNDcxMTQyLCJpYXQiOjE3ODE5MzUxNDIsIm5iZiI6MTc4MTkzNTAyMiwib3JnIjoxLCJvbmx5Q2hhbm5lbHMiOlsic2xlLW1vZHVsZS1zeXN0ZW1zLW1hbmFnZW1lbnQtMTUtc3A3LXVwZGF0ZXMteDg2XzY0Il19.mpU9ibtMNUKWmWoyqKPAbAdr6dNqtLKk5oc-pPqbEHg HTTP/1.1" 200 -
172.16.3.7 - - [20/Jun/2026:07:59:38 +0200] "GET /rhn/manager/download/sle-module-systems-management-15-sp7-updates-x86_64/repodata/repomd.xml?eyJhbGciOiJIUzI1NiJ9.eyJqdGkiOiJiUEdXZElVYWdodTZlSUEwUEJnS2JRIiwiZXhwIjoxODEzNDcxMTQyLCJpYXQiOjE3ODE5MzUxNDIsIm5iZiI6MTc4MTkzNTAyMiwib3JnIjoxLCJvbmx5Q2hhbm5lbHMiOlsic2xlLW1vZHVsZS1zeXN0ZW1zLW1hbmFnZW1lbnQtMTUtc3A3LXVwZGF0ZXMteDg2XzY0Il19.mpU9ibtMNUKWmWoyqKPAbAdr6dNqtLKk5oc-pPqbEHg HTTP/1.1" 200 1987
172.16.3.7 - - [20/Jun/2026:07:59:38 +0200] "HEAD /rhn/manager/download/sle-module-systems-management-15-sp7-updates-x86_64/repodata/repomd.xml.asc?eyJhbGciOiJIUzI1NiJ9.eyJqdGkiOiJiUEdXZElVYWdodTZlSUEwUEJnS2JRIiwiZXhwIjoxODEzNDcxMTQyLCJpYXQiOjE3ODE5MzUxNDIsIm5iZiI6MTc4MTkzNTAyMiwib3JnIjoxLCJvbmx5Q2hhbm5lbHMiOlsic2xlLW1vZHVsZS1zeXN0ZW1zLW1hbmFnZW1lbnQtMTUtc3A3LXVwZGF0ZXMteDg2XzY0Il19.mpU9ibtMNUKWmWoyqKPAbAdr6dNqtLKk5oc-pPqbEHg HTTP/1.1" 404 -
172.16.3.7 - - [20/Jun/2026:07:59:38 +0200] "HEAD /rhn/manager/download/sle-module-systems-management-15-sp7-updates-x86_64/repodata/a3739102115b2e609ec4ef611e29ae4801f0e4543261ba4bfee814feb1741f23-primary.xml.gz?eyJhbGciOiJIUzI1NiJ9.eyJqdGkiOiJiUEdXZElVYWdodTZlSUEwUEJnS2JRIiwiZXhwIjoxODEzNDcxMTQyLCJpYXQiOjE3ODE5MzUxNDIsIm5iZiI6MTc4MTkzNTAyMiwib3JnIjoxLCJvbmx5Q2hhbm5lbHMiOlsic2xlLW1vZHVsZS1zeXN0ZW1zLW1hbmFnZW1lbnQtMTUtc3A3LXVwZGF0ZXMteDg2XzY0Il19.mpU9ibtMNUKWmWoyqKPAbAdr6dNqtLKk5oc-pPqbEHg HTTP/1.1" 200 -
172.16.3.7 - - [20/Jun/2026:07:59:38 +0200] "GET /rhn/manager/download/sle-module-systems-management-15-sp7-updates-x86_64/repodata/a3739102115b2e609ec4ef611e29ae4801f0e4543261ba4bfee814feb1741f23-primary.xml.gz?eyJhbGciOiJIUzI1NiJ9.eyJqdGkiOiJiUEdXZElVYWdodTZlSUEwUEJnS2JRIiwiZXhwIjoxODEzNDcxMTQyLCJpYXQiOjE3ODE5MzUxNDIsIm5iZiI6MTc4MTkzNTAyMiwib3JnIjoxLCJvbmx5Q2hhbm5lbHMiOlsic2xlLW1vZHVsZS1zeXN0ZW1zLW1hbmFnZW1lbnQtMTUtc3A3LXVwZGF0ZXMteDg2XzY0Il19.mpU9ibtMNUKWmWoyqKPAbAdr6dNqtLKk5oc-pPqbEHg HTTP/1.1" 200 14454
172.16.3.7 - - [20/Jun/2026:07:59:38 +0200] "HEAD /rhn/manager/download/sle-module-systems-management-15-sp7-updates-x86_64/repodata/218c58f7eff7f094a0f35ef3ba1827b7c9dc8e4f8a65d96901ed1b548efdbe15-susedata.xml.gz?eyJhbGciOiJIUzI1NiJ9.eyJqdGkiOiJiUEdXZElVYWdodTZlSUEwUEJnS2JRIiwiZXhwIjoxODEzNDcxMTQyLCJpYXQiOjE3ODE5MzUxNDIsIm5iZiI6MTc4MTkzNTAyMiwib3JnIjoxLCJvbmx5Q2hhbm5lbHMiOlsic2xlLW1vZHVsZS1zeXN0ZW1zLW1hbmFnZW1lbnQtMTUtc3A3LXVwZGF0ZXMteDg2XzY0Il19.mpU9ibtMNUKWmWoyqKPAbAdr6dNqtLKk5oc-pPqbEHg HTTP/1.1" 200 -
172.16.3.7 - - [20/Jun/2026:07:59:38 +0200] "GET /rhn/manager/download/sle-module-systems-management-15-sp7-updates-x86_64/repodata/218c58f7eff7f094a0f35ef3ba1827b7c9dc8e4f8a65d96901ed1b548efdbe15-susedata.xml.gz?eyJhbGciOiJIUzI1NiJ9.eyJqdGkiOiJiUEdXZElVYWdodTZlSUEwUEJnS2JRIiwiZXhwIjoxODEzNDcxMTQyLCJpYXQiOjE3ODE5MzUxNDIsIm5iZiI6MTc4MTkzNTAyMiwib3JnIjoxLCJvbmx5Q2hhbm5lbHMiOlsic2xlLW1vZHVsZS1zeXN0ZW1zLW1hbmFnZW1lbnQtMTUtc3A3LXVwZGF0ZXMteDg2XzY0Il19.mpU9ibtMNUKWmWoyqKPAbAdr6dNqtLKk5oc-pPqbEHg HTTP/1.1" 200 2520
172.16.3.7 - - [20/Jun/2026:07:59:39 +0200] "HEAD /rhn/manager/download/sle-module-systems-management-15-sp7-updates-x86_64/repodata/be650039884ceb2967a4ab8a271c57750f465e8cc74d943a49c953a6da335f95-updateinfo.xml.gz?eyJhbGciOiJIUzI1NiJ9.eyJqdGkiOiJiUEdXZElVYWdodTZlSUEwUEJnS2JRIiwiZXhwIjoxODEzNDcxMTQyLCJpYXQiOjE3ODE5MzUxNDIsIm5iZiI6MTc4MTkzNTAyMiwib3JnIjoxLCJvbmx5Q2hhbm5lbHMiOlsic2xlLW1vZHVsZS1zeXN0ZW1zLW1hbmFnZW1lbnQtMTUtc3A3LXVwZGF0ZXMteDg2XzY0Il19.mpU9ibtMNUKWmWoyqKPAbAdr6dNqtLKk5oc-pPqbEHg HTTP/1.1" 200 -
