172.16.3.7 - - [15/Jun/2026:09:17:17 +0200] "HEAD /rhn/manager/download/sle-product-sles15-sp7-pool-x86_64/repodata/repomd.xml?eyJhbGciOiJIUzI1NiJ9.eyJqdGkiOiJBSzF2MTZsRk81aldQbzljNWpWRDBBIiwiZXhwIjoxODEzMDQzODAzLCJpYXQiOjE3ODE1MDc4MDMsIm5iZiI6MTc4MTUwNzY4Mywib3JnIjoxLCJvbmx5Q2hhbm5lbHMiOlsic2xlLXByb2R1Y3Qtc2xlczE1LXNwNy1wb29sLXg4Nl82NCJdfQ.OY2vguWziXKD3isT1ziQQuLJt0RXn7CBm3ZaYKrzz3M HTTP/1.1" 200 -
172.16.3.5 - - [15/Jun/2026:09:17:16 +0200] "GET /rhn/websocket/notifications HTTP/1.1" 101 -
172.16.3.7 - - [15/Jun/2026:09:17:17 +0200] "GET /rhn/manager/download/sle-product-sles15-sp7-pool-x86_64/repodata/repomd.xml?eyJhbGciOiJIUzI1NiJ9.eyJqdGkiOiJBSzF2MTZsRk81aldQbzljNWpWRDBBIiwiZXhwIjoxODEzMDQzODAzLCJpYXQiOjE3ODE1MDc4MDMsIm5iZiI6MTc4MTUwNzY4Mywib3JnIjoxLCJvbmx5Q2hhbm5lbHMiOlsic2xlLXByb2R1Y3Qtc2xlczE1LXNwNy1wb29sLXg4Nl82NCJdfQ.OY2vguWziXKD3isT1ziQQuLJt0RXn7CBm3ZaYKrzz3M HTTP/1.1" 200 1605
172.16.3.7 - - [15/Jun/2026:09:17:17 +0200] "HEAD /rhn/manager/download/sle-product-sles15-sp7-pool-x86_64/repodata/repomd.xml.asc?eyJhbGciOiJIUzI1NiJ9.eyJqdGkiOiJBSzF2MTZsRk81aldQbzljNWpWRDBBIiwiZXhwIjoxODEzMDQzODAzLCJpYXQiOjE3ODE1MDc4MDMsIm5iZiI6MTc4MTUwNzY4Mywib3JnIjoxLCJvbmx5Q2hhbm5lbHMiOlsic2xlLXByb2R1Y3Qtc2xlczE1LXNwNy1wb29sLXg4Nl82NCJdfQ.OY2vguWziXKD3isT1ziQQuLJt0RXn7CBm3ZaYKrzz3M HTTP/1.1" 404 -
172.16.3.7 - - [15/Jun/2026:09:17:17 +0200] "HEAD /rhn/manager/download/sle-product-sles15-sp7-pool-x86_64/repodata/0b609b5d84aef5f607b9bf9e9d0ae61c42f21059a376f29774936492276c4a40-primary.xml.gz?eyJhbGciOiJIUzI1NiJ9.eyJqdGkiOiJBSzF2MTZsRk81aldQbzljNWpWRDBBIiwiZXhwIjoxODEzMDQzODAzLCJpYXQiOjE3ODE1MDc4MDMsIm5iZiI6MTc4MTUwNzY4Mywib3JnIjoxLCJvbmx5Q2hhbm5lbHMiOlsic2xlLXByb2R1Y3Qtc2xlczE1LXNwNy1wb29sLXg4Nl82NCJdfQ.OY2vguWziXKD3isT1ziQQuLJt0RXn7CBm3ZaYKrzz3M HTTP/1.1" 200 -
172.16.3.7 - - [15/Jun/2026:09:17:17 +0200] "GET /rhn/manager/download/sle-product-sles15-sp7-pool-x86_64/repodata/0b609b5d84aef5f607b9bf9e9d0ae61c42f21059a376f29774936492276c4a40-primary.xml.gz?eyJhbGciOiJIUzI1NiJ9.eyJqdGkiOiJBSzF2MTZsRk81aldQbzljNWpWRDBBIiwiZXhwIjoxODEzMDQzODAzLCJpYXQiOjE3ODE1MDc4MDMsIm5iZiI6MTc4MTUwNzY4Mywib3JnIjoxLCJvbmx5Q2hhbm5lbHMiOlsic2xlLXByb2R1Y3Qtc2xlczE1LXNwNy1wb29sLXg4Nl82NCJdfQ.OY2vguWziXKD3isT1ziQQuLJt0RXn7CBm3ZaYKrzz3M HTTP/1.1" 200 51928
172.16.3.7 - - [15/Jun/2026:09:17:17 +0200] "HEAD /rhn/manager/download/sle-product-sles15-sp7-pool-x86_64/repodata/2e34934e751c235ac6406ea6b3b5e16e6dde0ad209c60d6e5ef3871a8a34ad7f-susedata.xml.gz?eyJhbGciOiJIUzI1NiJ9.eyJqdGkiOiJBSzF2MTZsRk81aldQbzljNWpWRDBBIiwiZXhwIjoxODEzMDQzODAzLCJpYXQiOjE3ODE1MDc4MDMsIm5iZiI6MTc4MTUwNzY4Mywib3JnIjoxLCJvbmx5Q2hhbm5lbHMiOlsic2xlLXByb2R1Y3Qtc2xlczE1LXNwNy1wb29sLXg4Nl82NCJdfQ.OY2vguWziXKD3isT1ziQQuLJt0RXn7CBm3ZaYKrzz3M HTTP/1.1" 200 -
172.16.3.7 - - [15/Jun/2026:09:17:17 +0200] "GET /rhn/manager/download/sle-product-sles15-sp7-pool-x86_64/repodata/2e34934e751c235ac6406ea6b3b5e16e6dde0ad209c60d6e5ef3871a8a34ad7f-susedata.xml.gz?eyJhbGciOiJIUzI1NiJ9.eyJqdGkiOiJBSzF2MTZsRk81aldQbzljNWpWRDBBIiwiZXhwIjoxODEzMDQzODAzLCJpYXQiOjE3ODE1MDc4MDMsIm5iZiI6MTc4MTUwNzY4Mywib3JnIjoxLCJvbmx5Q2hhbm5lbHMiOlsic2xlLXByb2R1Y3Qtc2xlczE1LXNwNy1wb29sLXg4Nl82NCJdfQ.OY2vguWziXKD3isT1ziQQuLJt0RXn7CBm3ZaYKrzz3M HTTP/1.1" 200 419
172.16.3.5 - - [15/Jun/2026:09:17:17 +0200] "GET /rhn/systems/details/Overview.do?sid=1000010001 HTTP/1.1" 200 7018
172.16.3.7 - - [15/Jun/2026:09:17:17 +0200] "HEAD /rhn/manager/download/sle-product-sles15-sp7-updates-x86_64/repodata/repomd.xml?eyJhbGciOiJIUzI1NiJ9.eyJqdGkiOiJvaDlzNldBMGRPdjQzcnl4bEtMMW13IiwiZXhwIjoxODEzMDQzODAzLCJpYXQiOjE3ODE1MDc4MDMsIm5iZiI6MTc4MTUwNzY4Mywib3JnIjoxLCJvbmx5Q2hhbm5lbHMiOlsic2xlLXByb2R1Y3Qtc2xlczE1LXNwNy11cGRhdGVzLXg4Nl82NCJdfQ.LPlBv0olfURKd4nnp8-caHI_T62MzZqEeYz_qQ4-hMs HTTP/1.1" 200 -
172.16.3.5 - - [15/Jun/2026:09:17:17 +0200] "GET /img/favicon.ico?q=0.4117405439326106 HTTP/1.1" 200 1150
172.16.3.7 - - [15/Jun/2026:09:17:18 +0200] "HEAD /rhn/manager/download/sle-product-sles15-sp7-updates-x86_64/media.1/media?eyJhbGciOiJIUzI1NiJ9.eyJqdGkiOiJvaDlzNldBMGRPdjQzcnl4bEtMMW13IiwiZXhwIjoxODEzMDQzODAzLCJpYXQiOjE3ODE1MDc4MDMsIm5iZiI6MTc4MTUwNzY4Mywib3JnIjoxLCJvbmx5Q2hhbm5lbHMiOlsic2xlLXByb2R1Y3Qtc2xlczE1LXNwNy11cGRhdGVzLXg4Nl82NCJdfQ.LPlBv0olfURKd4nnp8-caHI_T62MzZqEeYz_qQ4-hMs HTTP/1.1" 404 -
172.16.3.5 - - [15/Jun/2026:09:17:17 +0200] "POST /rhn/manager/frontend-log HTTP/1.1" 200 42
172.16.3.7 - - [15/Jun/2026:09:17:18 +0200] "HEAD /rhn/manager/download/sle-product-sles15-sp7-updates-x86_64/repodata/repomd.xml?eyJhbGciOiJIUzI1NiJ9.eyJqdGkiOiJvaDlzNldBMGRPdjQzcnl4bEtMMW13IiwiZXhwIjoxODEzMDQzODAzLCJpYXQiOjE3ODE1MDc4MDMsIm5iZiI6MTc4MTUwNzY4Mywib3JnIjoxLCJvbmx5Q2hhbm5lbHMiOlsic2xlLXByb2R1Y3Qtc2xlczE1LXNwNy11cGRhdGVzLXg4Nl82NCJdfQ.LPlBv0olfURKd4nnp8-caHI_T62MzZqEeYz_qQ4-hMs HTTP/1.1" 200 -
172.16.3.5 - - [15/Jun/2026:09:17:18 +0200] "GET /rhn/websocket/notifications HTTP/1.1" 101 -
172.16.3.7 - - [15/Jun/2026:09:17:18 +0200] "GET /rhn/manager/download/sle-product-sles15-sp7-updates-x86_64/repodata/repomd.xml?eyJhbGciOiJIUzI1NiJ9.eyJqdGkiOiJvaDlzNldBMGRPdjQzcnl4bEtMMW13IiwiZXhwIjoxODEzMDQzODAzLCJpYXQiOjE3ODE1MDc4MDMsIm5iZiI6MTc4MTUwNzY4Mywib3JnIjoxLCJvbmx5Q2hhbm5lbHMiOlsic2xlLXByb2R1Y3Qtc2xlczE1LXNwNy11cGRhdGVzLXg4Nl82NCJdfQ.LPlBv0olfURKd4nnp8-caHI_T62MzZqEeYz_qQ4-hMs HTTP/1.1" 200 1987
172.16.3.7 - - [15/Jun/2026:09:17:18 +0200] "HEAD /rhn/manager/download/sle-product-sles15-sp7-updates-x86_64/repodata/repomd.xml.asc?eyJhbGciOiJIUzI1NiJ9.eyJqdGkiOiJvaDlzNldBMGRPdjQzcnl4bEtMMW13IiwiZXhwIjoxODEzMDQzODAzLCJpYXQiOjE3ODE1MDc4MDMsIm5iZiI6MTc4MTUwNzY4Mywib3JnIjoxLCJvbmx5Q2hhbm5lbHMiOlsic2xlLXByb2R1Y3Qtc2xlczE1LXNwNy11cGRhdGVzLXg4Nl82NCJdfQ.LPlBv0olfURKd4nnp8-caHI_T62MzZqEeYz_qQ4-hMs HTTP/1.1" 404 -
172.16.3.5 - - [15/Jun/2026:09:17:18 +0200] "GET /rhn/systems/details/history/Pending.do?sid=1000010001& HTTP/1.1" 200 6228
172.16.3.7 - - [15/Jun/2026:09:17:18 +0200] "HEAD /rhn/manager/download/sle-product-sles15-sp7-updates-x86_64/repodata/72da8da32f1c9c1b5659b994a378d457fe0562865bb34d08948c15e9f9331e9c-primary.xml.gz?eyJhbGciOiJIUzI1NiJ9.eyJqdGkiOiJvaDlzNldBMGRPdjQzcnl4bEtMMW13IiwiZXhwIjoxODEzMDQzODAzLCJpYXQiOjE3ODE1MDc4MDMsIm5iZiI6MTc4MTUwNzY4Mywib3JnIjoxLCJvbmx5Q2hhbm5lbHMiOlsic2xlLXByb2R1Y3Qtc2xlczE1LXNwNy11cGRhdGVzLXg4Nl82NCJdfQ.LPlBv0olfURKd4nnp8-caHI_T62MzZqEeYz_qQ4-hMs HTTP/1.1" 200 -
172.16.3.5 - - [15/Jun/2026:09:17:18 +0200] "GET /img/favicon.ico?q=0.325208272579793 HTTP/1.1" 200 1150
172.16.3.7 - - [15/Jun/2026:09:17:18 +0200] "GET /rhn/manager/download/sle-product-sles15-sp7-updates-x86_64/repodata/72da8da32f1c9c1b5659b994a378d457fe0562865bb34d08948c15e9f9331e9c-primary.xml.gz?eyJhbGciOiJIUzI1NiJ9.eyJqdGkiOiJvaDlzNldBMGRPdjQzcnl4bEtMMW13IiwiZXhwIjoxODEzMDQzODAzLCJpYXQiOjE3ODE1MDc4MDMsIm5iZiI6MTc4MTUwNzY4Mywib3JnIjoxLCJvbmx5Q2hhbm5lbHMiOlsic2xlLXByb2R1Y3Qtc2xlczE1LXNwNy11cGRhdGVzLXg4Nl82NCJdfQ.LPlBv0olfURKd4nnp8-caHI_T62MzZqEeYz_qQ4-hMs HTTP/1.1" 200 51924
172.16.3.5 - - [15/Jun/2026:09:17:08 +0200] "GET /rhn/websocket/notifications HTTP/1.1" 101 -
172.16.3.5 - - [15/Jun/2026:09:17:18 +0200] "POST /rhn/manager/frontend-log HTTP/1.1" 200 42
172.16.3.7 - - [15/Jun/2026:09:17:18 +0200] "HEAD /rhn/manager/download/sle-product-sles15-sp7-updates-x86_64/repodata/70c5d735bea733091ae1e7ee0e0b9512a914214027367521262deb6cb4bedaa1-susedata.xml.gz?eyJhbGciOiJIUzI1NiJ9.eyJqdGkiOiJvaDlzNldBMGRPdjQzcnl4bEtMMW13IiwiZXhwIjoxODEzMDQzODAzLCJpYXQiOjE3ODE1MDc4MDMsIm5iZiI6MTc4MTUwNzY4Mywib3JnIjoxLCJvbmx5Q2hhbm5lbHMiOlsic2xlLXByb2R1Y3Qtc2xlczE1LXNwNy11cGRhdGVzLXg4Nl82NCJdfQ.LPlBv0olfURKd4nnp8-caHI_T62MzZqEeYz_qQ4-hMs HTTP/1.1" 200 -
172.16.3.5 - - [15/Jun/2026:09:17:18 +0200] "GET /rhn/websocket/notifications HTTP/1.1" 101 -
::1 - - [15/Jun/2026:09:17:19 +0200] "OPTIONS * HTTP/1.0" 200 - "-" "Apache/2.4.66 (Linux/SUSE) OpenSSL/3.5.0 mod_wsgi/5.0.2 Python/3.13 (internal dummy connection)"
172.16.3.7 - - [15/Jun/2026:09:17:19 +0200] "GET /rhn/manager/download/sle-product-sles15-sp7-updates-x86_64/repodata/70c5d735bea733091ae1e7ee0e0b9512a914214027367521262deb6cb4bedaa1-susedata.xml.gz?eyJhbGciOiJIUzI1NiJ9.eyJqdGkiOiJvaDlzNldBMGRPdjQzcnl4bEtMMW13IiwiZXhwIjoxODEzMDQzODAzLCJpYXQiOjE3ODE1MDc4MDMsIm5iZiI6MTc4MTUwNzY4Mywib3JnIjoxLCJvbmx5Q2hhbm5lbHMiOlsic2xlLXByb2R1Y3Qtc2xlczE1LXNwNy11cGRhdGVzLXg4Nl82NCJdfQ.LPlBv0olfURKd4nnp8-caHI_T62MzZqEeYz_qQ4-hMs HTTP/1.1" 200 500
172.16.3.5 - - [15/Jun/2026:09:17:18 +0200] "GET /rhn/manager/systems/list/all HTTP/1.1" 200 5365
172.16.3.5 - - [15/Jun/2026:09:17:19 +0200] "GET /img/favicon.ico?q=0.7849486050861416 HTTP/1.1" 200 1150
172.16.3.7 - - [15/Jun/2026:09:17:19 +0200] "HEAD /rhn/manager/download/sle-product-sles15-sp7-updates-x86_64/repodata/3efa5b9fae5214a5a8d6f4e73db34425ec3934b1d040183473d0d8865a0737d1-updateinfo.xml.gz?eyJhbGciOiJIUzI1NiJ9.eyJqdGkiOiJvaDlzNldBMGRPdjQzcnl4bEtMMW13IiwiZXhwIjoxODEzMDQzODAzLCJpYXQiOjE3ODE1MDc4MDMsIm5iZiI6MTc4MTUwNzY4Mywib3JnIjoxLCJvbmx5Q2hhbm5lbHMiOlsic2xlLXByb2R1Y3Qtc2xlczE1LXNwNy11cGRhdGVzLXg4Nl82NCJdfQ.LPlBv0olfURKd4nnp8-caHI_T62MzZqEeYz_qQ4-hMs HTTP/1.1" 200 -
172.16.3.5 - - [15/Jun/2026:09:17:19 +0200] "POST /rhn/manager/frontend-log HTTP/1.1" 200 42
172.16.3.7 - - [15/Jun/2026:09:17:19 +0200] "GET /rhn/manager/download/sle-product-sles15-sp7-updates-x86_64/repodata/3efa5b9fae5214a5a8d6f4e73db34425ec3934b1d040183473d0d8865a0737d1-updateinfo.xml.gz?eyJhbGciOiJIUzI1NiJ9.eyJqdGkiOiJvaDlzNldBMGRPdjQzcnl4bEtMMW13IiwiZXhwIjoxODEzMDQzODAzLCJpYXQiOjE3ODE1MDc4MDMsIm5iZiI6MTc4MTUwNzY4Mywib3JnIjoxLCJvbmx5Q2hhbm5lbHMiOlsic2xlLXByb2R1Y3Qtc2xlczE1LXNwNy11cGRhdGVzLXg4Nl82NCJdfQ.LPlBv0olfURKd4nnp8-caHI_T62MzZqEeYz_qQ4-hMs HTTP/1.1" 200 2086
172.16.3.5 - - [15/Jun/2026:09:17:18 +0200] "GET /rhn/systems/details/history/Pending.do?sid=1000010001& HTTP/1.1" 200 6228
172.16.3.5 - - [15/Jun/2026:09:17:19 +0200] "GET /img/favicon.ico?q=0.5564617711985492 HTTP/1.1" 200 1150
172.16.3.5 - - [15/Jun/2026:09:17:19 +0200] "GET /rhn/manager/api/systems/list/all?p=1&ps=100&s=1&sc=server_name HTTP/1.1" 200 812
172.16.3.5 - - [15/Jun/2026:09:17:19 +0200] "POST /rhn/manager/frontend-log HTTP/1.1" 200 42
172.16.3.7 - - [15/Jun/2026:09:17:19 +0200] "HEAD /rhn/manager/download/sles15-sp7-devel-uyuni-client-x86_64/repodata/repomd.xml?eyJhbGciOiJIUzI1NiJ9.eyJqdGkiOiJReE50azR5WEpDSHhHNndDOVYzV093IiwiZXhwIjoxODEzMDQzODAzLCJpYXQiOjE3ODE1MDc4MDMsIm5iZiI6MTc4MTUwNzY4Mywib3JnIjoxLCJvbmx5Q2hhbm5lbHMiOlsic2xlczE1LXNwNy1kZXZlbC11eXVuaS1jbGllbnQteDg2XzY0Il19.Cy6mhyz6gdLfc9vsuCh7u4LmR14ziyrcy1oMvee4_tc HTTP/1.1" 200 -
172.16.3.5 - - [15/Jun/2026:09:17:19 +0200] "GET /rhn/websocket/notifications HTTP/1.1" 101 -
172.16.3.5 - - [15/Jun/2026:09:17:19 +0200] "POST /rhn/manager/api/sets/system_list HTTP/1.1" 200 27
172.16.3.5 - - [15/Jun/2026:09:17:19 +0200] "GET /rhn/systems/details/history/History.do?sid=1000010001& HTTP/1.1" 200 6884
172.16.3.7 - - [15/Jun/2026:09:17:20 +0200] "HEAD /rhn/manager/download/sles15-sp7-devel-uyuni-client-x86_64/media.1/media?eyJhbGciOiJIUzI1NiJ9.eyJqdGkiOiJReE50azR5WEpDSHhHNndDOVYzV093IiwiZXhwIjoxODEzMDQzODAzLCJpYXQiOjE3ODE1MDc4MDMsIm5iZiI6MTc4MTUwNzY4Mywib3JnIjoxLCJvbmx5Q2hhbm5lbHMiOlsic2xlczE1LXNwNy1kZXZlbC11eXVuaS1jbGllbnQteDg2XzY0Il19.Cy6mhyz6gdLfc9vsuCh7u4LmR14ziyrcy1oMvee4_tc HTTP/1.1" 404 -
172.16.3.5 - - [15/Jun/2026:09:17:19 +0200] "GET /rhn/websocket/notifications HTTP/1.1" 101 -
172.16.3.5 - - [15/Jun/2026:09:17:20 +0200] "GET /img/favicon.ico?q=0.2004622108546339 HTTP/1.1" 200 1150
172.16.3.5 - - [15/Jun/2026:09:17:20 +0200] "POST /rhn/manager/frontend-log HTTP/1.1" 200 42
172.16.3.7 - - [15/Jun/2026:09:17:20 +0200] "HEAD /rhn/manager/download/sles15-sp7-devel-uyuni-client-x86_64/repodata/repomd.xml?eyJhbGciOiJIUzI1NiJ9.eyJqdGkiOiJReE50azR5WEpDSHhHNndDOVYzV093IiwiZXhwIjoxODEzMDQzODAzLCJpYXQiOjE3ODE1MDc4MDMsIm5iZiI6MTc4MTUwNzY4Mywib3JnIjoxLCJvbmx5Q2hhbm5lbHMiOlsic2xlczE1LXNwNy1kZXZlbC11eXVuaS1jbGllbnQteDg2XzY0Il19.Cy6mhyz6gdLfc9vsuCh7u4LmR14ziyrcy1oMvee4_tc HTTP/1.1" 200 -
172.16.3.5 - - [15/Jun/2026:09:17:10 +0200] "GET /rhn/websocket/notifications HTTP/1.1" 101 -
172.16.3.7 - - [15/Jun/2026:09:17:20 +0200] "GET /rhn/manager/download/sles15-sp7-devel-uyuni-client-x86_64/repodata/repomd.xml?eyJhbGciOiJIUzI1NiJ9.eyJqdGkiOiJReE50azR5WEpDSHhHNndDOVYzV093IiwiZXhwIjoxODEzMDQzODAzLCJpYXQiOjE3ODE1MDc4MDMsIm5iZiI6MTc4MTUwNzY4Mywib3JnIjoxLCJvbmx5Q2hhbm5lbHMiOlsic2xlczE1LXNwNy1kZXZlbC11eXVuaS1jbGllbnQteDg2XzY0Il19.Cy6mhyz6gdLfc9vsuCh7u4LmR14ziyrcy1oMvee4_tc HTTP/1.1" 200 1605
172.16.3.5 - - [15/Jun/2026:09:17:20 +0200] "GET /rhn/websocket/notifications HTTP/1.1" 101 -
172.16.3.7 - - [15/Jun/2026:09:17:21 +0200] "HEAD /rhn/manager/download/sles15-sp7-devel-uyuni-client-x86_64/repodata/repomd.xml.asc?eyJhbGciOiJIUzI1NiJ9.eyJqdGkiOiJReE50azR5WEpDSHhHNndDOVYzV093IiwiZXhwIjoxODEzMDQzODAzLCJpYXQiOjE3ODE1MDc4MDMsIm5iZiI6MTc4MTUwNzY4Mywib3JnIjoxLCJvbmx5Q2hhbm5lbHMiOlsic2xlczE1LXNwNy1kZXZlbC11eXVuaS1jbGllbnQteDg2XzY0Il19.Cy6mhyz6gdLfc9vsuCh7u4LmR14ziyrcy1oMvee4_tc HTTP/1.1" 404 -
172.16.3.5 - - [15/Jun/2026:09:17:20 +0200] "GET /rhn/systems/details/Overview.do?sid=1000010002 HTTP/1.1" 200 6824
172.16.3.5 - - [15/Jun/2026:09:17:20 +0200] "GET /rhn/manager/systems/list/all HTTP/1.1" 200 5366
172.16.3.5 - - [15/Jun/2026:09:17:21 +0200] "GET /img/favicon.ico?q=0.6769614272889611 HTTP/1.1" 200 1150
172.16.3.7 - - [15/Jun/2026:09:17:21 +0200] "HEAD /rhn/manager/download/sles15-sp7-devel-uyuni-client-x86_64/repodata/a64c435d815933c7d1b7553f9190f1299ade93fa4302950267e8ec24719d92eb-primary.xml.gz?eyJhbGciOiJIUzI1NiJ9.eyJqdGkiOiJReE50azR5WEpDSHhHNndDOVYzV093IiwiZXhwIjoxODEzMDQzODAzLCJpYXQiOjE3ODE1MDc4MDMsIm5iZiI6MTc4MTUwNzY4Mywib3JnIjoxLCJvbmx5Q2hhbm5lbHMiOlsic2xlczE1LXNwNy1kZXZlbC11eXVuaS1jbGllbnQteDg2XzY0Il19.Cy6mhyz6gdLfc9vsuCh7u4LmR14ziyrcy1oMvee4_tc HTTP/1.1" 200 -
172.16.3.5 - - [15/Jun/2026:09:17:21 +0200] "GET /img/favicon.ico?q=0.9381762858302396 HTTP/1.1" 200 1150
172.16.3.5 - - [15/Jun/2026:09:17:21 +0200] "POST /rhn/manager/frontend-log HTTP/1.1" 200 42
172.16.3.5 - - [15/Jun/2026:09:17:20 +0200] "GET /rhn/systems/details/history/Event.do?sid=1000010001&aid=8 HTTP/1.1" 200 7988
172.16.3.5 - - [15/Jun/2026:09:17:21 +0200] "POST /rhn/manager/frontend-log HTTP/1.1" 200 42
172.16.3.7 - - [15/Jun/2026:09:17:21 +0200] "GET /rhn/manager/download/sles15-sp7-devel-uyuni-client-x86_64/repodata/a64c435d815933c7d1b7553f9190f1299ade93fa4302950267e8ec24719d92eb-primary.xml.gz?eyJhbGciOiJIUzI1NiJ9.eyJqdGkiOiJReE50azR5WEpDSHhHNndDOVYzV093IiwiZXhwIjoxODEzMDQzODAzLCJpYXQiOjE3ODE1MDc4MDMsIm5iZiI6MTc4MTUwNzY4Mywib3JnIjoxLCJvbmx5Q2hhbm5lbHMiOlsic2xlczE1LXNwNy1kZXZlbC11eXVuaS1jbGllbnQteDg2XzY0Il19.Cy6mhyz6gdLfc9vsuCh7u4LmR14ziyrcy1oMvee4_tc HTTP/1.1" 200 16940
172.16.3.7 - - [15/Jun/2026:09:17:21 +0200] "HEAD /rhn/manager/download/sles15-sp7-devel-uyuni-client-x86_64/repodata/ccc21a8a77769029011bafa11f9109ff761bebd889c4eccbf7e0209393c48469-susedata.xml.gz?eyJhbGciOiJIUzI1NiJ9.eyJqdGkiOiJReE50azR5WEpDSHhHNndDOVYzV093IiwiZXhwIjoxODEzMDQzODAzLCJpYXQiOjE3ODE1MDc4MDMsIm5iZiI6MTc4MTUwNzY4Mywib3JnIjoxLCJvbmx5Q2hhbm5lbHMiOlsic2xlczE1LXNwNy1kZXZlbC11eXVuaS1jbGllbnQteDg2XzY0Il19.Cy6mhyz6gdLfc9vsuCh7u4LmR14ziyrcy1oMvee4_tc HTTP/1.1" 200 -
172.16.3.5 - - [15/Jun/2026:09:17:21 +0200] "GET /img/favicon.ico?q=0.8556674901335705 HTTP/1.1" 200 1150
172.16.3.5 - - [15/Jun/2026:09:17:21 +0200] "GET /rhn/websocket/notifications HTTP/1.1" 101 -
172.16.3.7 - - [15/Jun/2026:09:17:21 +0200] "GET /rhn/manager/download/sles15-sp7-devel-uyuni-client-x86_64/repodata/ccc21a8a77769029011bafa11f9109ff761bebd889c4eccbf7e0209393c48469-susedata.xml.gz?eyJhbGciOiJIUzI1NiJ9.eyJqdGkiOiJReE50azR5WEpDSHhHNndDOVYzV093IiwiZXhwIjoxODEzMDQzODAzLCJpYXQiOjE3ODE1MDc4MDMsIm5iZiI6MTc4MTUwNzY4Mywib3JnIjoxLCJvbmx5Q2hhbm5lbHMiOlsic2xlczE1LXNwNy1kZXZlbC11eXVuaS1jbGllbnQteDg2XzY0Il19.Cy6mhyz6gdLfc9vsuCh7u4LmR14ziyrcy1oMvee4_tc HTTP/1.1" 200 132
172.16.3.5 - - [15/Jun/2026:09:17:21 +0200] "GET /rhn/manager/api/systems/list/all?p=1&ps=100&s=1&sc=server_name HTTP/1.1" 200 812
172.16.3.5 - - [15/Jun/2026:09:17:21 +0200] "POST /rhn/manager/frontend-log HTTP/1.1" 200 42
172.16.3.5 - - [15/Jun/2026:09:17:21 +0200] "GET /rhn/systems/details/history/Pending.do?sid=1000010002& HTTP/1.1" 200 6903
172.16.3.5 - - [15/Jun/2026:09:17:21 +0200] "GET /img/favicon.ico?q=0.20396184314987298 HTTP/1.1" 200 1150
172.16.3.5 - - [15/Jun/2026:09:17:21 +0200] "POST /rhn/manager/api/sets/system_list HTTP/1.1" 200 27
172.16.3.5 - - [15/Jun/2026:09:17:21 +0200] "POST /rhn/manager/frontend-log HTTP/1.1" 200 42
172.16.3.5 - - [15/Jun/2026:09:17:21 +0200] "GET /rhn/websocket/notifications HTTP/1.1" 101 -
172.16.3.5 - - [15/Jun/2026:09:17:22 +0200] "GET /rhn/websocket/notifications HTTP/1.1" 101 -
172.16.3.5 - - [15/Jun/2026:09:17:21 +0200] "GET /rhn/websocket/notifications HTTP/1.1" 101 -
172.16.3.5 - - [15/Jun/2026:09:17:22 +0200] "GET /rhn/systems/details/history/Pending.do?sid=1000010001& HTTP/1.1" 200 6228
172.16.3.5 - - [15/Jun/2026:09:17:22 +0200] "GET /rhn/systems/details/history/Pending.do?sid=1000010002& HTTP/1.1" 200 6903
172.16.3.5 - - [15/Jun/2026:09:17:22 +0200] "GET /img/favicon.ico?q=0.36011696250756253 HTTP/1.1" 200 1150
172.16.3.5 - - [15/Jun/2026:09:17:22 +0200] "GET /img/favicon.ico?q=0.5842941935564983 HTTP/1.1" 200 1150
172.16.3.5 - - [15/Jun/2026:09:17:22 +0200] "POST /rhn/manager/frontend-log HTTP/1.1" 200 42
172.16.3.5 - - [15/Jun/2026:09:17:22 +0200] "POST /rhn/manager/frontend-log HTTP/1.1" 200 42
172.16.3.5 - - [15/Jun/2026:09:17:22 +0200] "GET /rhn/websocket/notifications HTTP/1.1" 101 -
172.16.3.5 - - [15/Jun/2026:09:17:22 +0200] "GET /rhn/websocket/notifications HTTP/1.1" 101 -
172.16.3.5 - - [15/Jun/2026:09:17:22 +0200] "GET /rhn/systems/details/Overview.do?sid=1000010003 HTTP/1.1" 200 6964
::1 - - [15/Jun/2026:09:17:23 +0200] "OPTIONS * HTTP/1.0" 200 - "-" "Apache/2.4.66 (Linux/SUSE) OpenSSL/3.5.0 mod_wsgi/5.0.2 Python/3.13 (internal dummy connection)"
172.16.3.5 - - [15/Jun/2026:09:17:23 +0200] "GET /img/favicon.ico?q=0.5788889208284724 HTTP/1.1" 200 1150
172.16.3.5 - - [15/Jun/2026:09:17:22 +0200] "GET /rhn/systems/details/history/History.do?sid=1000010002& HTTP/1.1" 200 6814
172.16.3.5 - - [15/Jun/2026:09:17:22 +0200] "GET /rhn/systems/details/history/Pending.do?sid=1000010001& HTTP/1.1" 200 6228
172.16.3.5 - - [15/Jun/2026:09:17:23 +0200] "POST /rhn/manager/frontend-log HTTP/1.1" 200 42
172.16.3.5 - - [15/Jun/2026:09:17:23 +0200] "GET /img/favicon.ico?q=0.9459754494667595 HTTP/1.1" 200 1150
172.16.3.5 - - [15/Jun/2026:09:17:23 +0200] "GET /img/favicon.ico?q=0.9264958814112951 HTTP/1.1" 200 1150
172.16.3.5 - - [15/Jun/2026:09:17:23 +0200] "POST /rhn/manager/frontend-log HTTP/1.1" 200 42
172.16.3.5 - - [15/Jun/2026:09:17:23 +0200] "POST /rhn/manager/frontend-log HTTP/1.1" 200 42
172.16.3.5 - - [15/Jun/2026:09:17:23 +0200] "GET /rhn/websocket/notifications HTTP/1.1" 101 -
172.16.3.5 - - [15/Jun/2026:09:17:23 +0200] "GET /rhn/websocket/notifications HTTP/1.1" 101 -
172.16.3.5 - - [15/Jun/2026:09:17:23 +0200] "GET /rhn/systems/details/history/Pending.do?sid=1000010003& HTTP/1.1" 200 6969
172.16.3.5 - - [15/Jun/2026:09:17:13 +0200] "GET /rhn/websocket/notifications HTTP/1.1" 101 -
172.16.3.5 - - [15/Jun/2026:09:17:23 +0200] "GET /rhn/websocket/notifications HTTP/1.1" 101 -
::1 - - [15/Jun/2026:09:17:24 +0200] "OPTIONS * HTTP/1.0" 200 - "-" "Apache/2.4.66 (Linux/SUSE) OpenSSL/3.5.0 mod_wsgi/5.0.2 Python/3.13 (internal dummy connection)"
172.16.3.5 - - [15/Jun/2026:09:17:24 +0200] "GET /img/favicon.ico?q=0.8847298602759397 HTTP/1.1" 200 1150
172.16.3.5 - - [15/Jun/2026:09:17:24 +0200] "POST /rhn/manager/frontend-log HTTP/1.1" 200 42
172.16.3.5 - - [15/Jun/2026:09:17:24 +0200] "GET /rhn/manager/systems/list/all HTTP/1.1" 200 5365
172.16.3.5 - - [15/Jun/2026:09:17:24 +0200] "GET /img/favicon.ico?q=0.32763973181891226 HTTP/1.1" 200 1150
172.16.3.5 - - [15/Jun/2026:09:17:23 +0200] "GET /rhn/systems/details/history/History.do?sid=1000010001& HTTP/1.1" 200 6884
172.16.3.5 - - [15/Jun/2026:09:17:24 +0200] "GET /rhn/systems/details/history/Event.do?sid=1000010002&aid=12 HTTP/1.1" 200 7759
172.16.3.5 - - [15/Jun/2026:09:17:24 +0200] "GET /img/favicon.ico?q=0.8986617971229353 HTTP/1.1" 200 1150
172.16.3.5 - - [15/Jun/2026:09:17:00 +0200] "GET /rhn/websocket/notifications HTTP/1.1" 101 -
172.16.3.5 - - [15/Jun/2026:09:17:24 +0200] "GET /img/favicon.ico?q=0.789871344937555 HTTP/1.1" 200 1150
172.16.3.5 - - [15/Jun/2026:09:17:24 +0200] "GET /rhn/websocket/notifications HTTP/1.1" 101 -
172.16.3.5 - - [15/Jun/2026:09:17:24 +0200] "POST /rhn/manager/frontend-log HTTP/1.1" 200 42
172.16.3.5 - - [15/Jun/2026:09:17:24 +0200] "POST /rhn/manager/frontend-log HTTP/1.1" 200 42
172.16.3.5 - - [15/Jun/2026:09:17:24 +0200] "POST /rhn/manager/frontend-log HTTP/1.1" 200 42
172.16.3.5 - - [15/Jun/2026:09:17:24 +0200] "GET /rhn/websocket/notifications HTTP/1.1" 101 -
172.16.3.5 - - [15/Jun/2026:09:17:24 +0200] "GET /rhn/manager/api/systems/list/all?p=1&ps=100&s=1&sc=server_name HTTP/1.1" 200 812
172.16.3.5 - - [15/Jun/2026:09:17:24 +0200] "GET /rhn/systems/details/history/Event.do?sid=1000010005&aid=25 HTTP/1.1" 200 6226
172.16.3.5 - - [15/Jun/2026:09:17:15 +0200] "GET /rhn/websocket/notifications HTTP/1.1" 101 -
172.16.3.5 - - [15/Jun/2026:09:17:25 +0200] "POST /rhn/manager/frontend-log HTTP/1.1" 200 42
172.16.3.5 - - [15/Jun/2026:09:17:25 +0200] "POST /rhn/manager/api/sets/system_list HTTP/1.1" 200 27
172.16.3.5 - - [15/Jun/2026:09:17:24 +0200] "GET /rhn/systems/details/history/Pending.do?sid=1000010003& HTTP/1.1" 200 6969
172.16.3.5 - - [15/Jun/2026:09:17:24 +0200] "GET /rhn/websocket/notifications HTTP/1.1" 101 -
172.16.3.5 - - [15/Jun/2026:09:17:25 +0200] "GET /img/favicon.ico?q=0.8818749988087203 HTTP/1.1" 200 1150
172.16.3.5 - - [15/Jun/2026:09:17:25 +0200] "POST /rhn/manager/frontend-log HTTP/1.1" 200 42
172.16.3.5 - - [15/Jun/2026:09:17:25 +0200] "POST /rhn/manager/frontend-log HTTP/1.1" 200 42
172.16.3.5 - - [15/Jun/2026:09:17:24 +0200] "GET /rhn/websocket/notifications HTTP/1.1" 101 -
172.16.3.5 - - [15/Jun/2026:09:17:25 +0200] "GET /rhn/systems/details/history/Event.do?sid=1000010001&aid=7 HTTP/1.1" 200 6168
172.16.3.5 - - [15/Jun/2026:09:17:26 +0200] "GET /rhn/websocket/notifications HTTP/1.1" 101 -
172.16.3.5 - - [15/Jun/2026:09:17:26 +0200] "GET /img/favicon.ico?q=0.4553199409074187 HTTP/1.1" 200 1150
172.16.3.5 - - [15/Jun/2026:09:17:25 +0200] "GET /rhn/systems/details/history/Pending.do?sid=1000010002& HTTP/1.1" 200 6208
172.16.3.5 - - [15/Jun/2026:09:17:26 +0200] "POST /rhn/manager/frontend-log HTTP/1.1" 200 42
172.16.3.5 - - [15/Jun/2026:09:17:26 +0200] "GET /img/favicon.ico?q=0.05934325344241864 HTTP/1.1" 200 1150
172.16.3.5 - - [15/Jun/2026:09:17:26 +0200] "POST /rhn/manager/frontend-log HTTP/1.1" 200 42
172.16.3.5 - - [15/Jun/2026:09:17:26 +0200] "GET /rhn/systems/details/history/History.do?sid=1000010003& HTTP/1.1" 200 6812
172.16.3.5 - - [15/Jun/2026:09:17:27 +0200] "GET /img/favicon.ico?q=0.5251321156036408 HTTP/1.1" 200 1150
172.16.3.5 - - [15/Jun/2026:09:17:26 +0200] "GET /rhn/websocket/notifications HTTP/1.1" 101 -
172.16.3.5 - - [15/Jun/2026:09:17:26 +0200] "GET /rhn/systems/details/Overview.do?sid=1000010004 HTTP/1.1" 200 6822
172.16.3.7 - - [15/Jun/2026:09:17:27 +0200] "HEAD /rhn/manager/download/sle-module-python3-15-sp7-pool-x86_64/getPackage/NULL/41088f393ce29becdfb2ec9a920f1293ed386c1bf6d517d01516d328e42f06e2/sle-module-python3-release-15.7-150700.28.1.x86_64.rpm?eyJhbGciOiJIUzI1NiJ9.eyJqdGkiOiJrYjd5cnF6WXhyQVBKNVJNOVV2eWhRIiwiZXhwIjoxODEzMDQzODAzLCJpYXQiOjE3ODE1MDc4MDMsIm5iZiI6MTc4MTUwNzY4Mywib3JnIjoxLCJvbmx5Q2hhbm5lbHMiOlsic2xlLW1vZHVsZS1weXRob24zLTE1LXNwNy1wb29sLXg4Nl82NCJdfQ.Yjhwq7pEWGVTBynMcyfdzPpeDCCPEHPlL0oRbZv5Btc HTTP/1.1" 200 -
172.16.3.5 - - [15/Jun/2026:09:17:27 +0200] "GET /img/favicon.ico?q=0.30492130366293313 HTTP/1.1" 200 1150
172.16.3.5 - - [15/Jun/2026:09:17:27 +0200] "POST /rhn/manager/frontend-log HTTP/1.1" 200 42
172.16.3.5 - - [15/Jun/2026:09:17:27 +0200] "POST /rhn/manager/frontend-log HTTP/1.1" 200 42
172.16.3.7 - - [15/Jun/2026:09:17:27 +0200] "GET /rhn/manager/download/sle-module-python3-15-sp7-pool-x86_64/getPackage/NULL/41088f393ce29becdfb2ec9a920f1293ed386c1bf6d517d01516d328e42f06e2/sle-module-python3-release-15.7-150700.28.1.x86_64.rpm?eyJhbGciOiJIUzI1NiJ9.eyJqdGkiOiJrYjd5cnF6WXhyQVBKNVJNOVV2eWhRIiwiZXhwIjoxODEzMDQzODAzLCJpYXQiOjE3ODE1MDc4MDMsIm5iZiI6MTc4MTUwNzY4Mywib3JnIjoxLCJvbmx5Q2hhbm5lbHMiOlsic2xlLW1vZHVsZS1weXRob24zLTE1LXNwNy1wb29sLXg4Nl82NCJdfQ.Yjhwq7pEWGVTBynMcyfdzPpeDCCPEHPlL0oRbZv5Btc HTTP/1.1" 200 8888
172.16.3.5 - - [15/Jun/2026:09:17:27 +0200] "GET /rhn/websocket/notifications HTTP/1.1" 101 -
172.16.3.5 - - [15/Jun/2026:09:17:27 +0200] "GET /rhn/systems/details/history/Pending.do?sid=1000010001& HTTP/1.1" 200 6228
172.16.3.5 - - [15/Jun/2026:09:17:26 +0200] "GET /rhn/systems/details/history/Pending.do?sid=1000010002& HTTP/1.1" 200 6208
172.16.3.5 - - [15/Jun/2026:09:17:27 +0200] "GET /rhn/websocket/notifications HTTP/1.1" 101 -
172.16.3.5 - - [15/Jun/2026:09:17:27 +0200] "GET /img/favicon.ico?q=0.08524423438625683 HTTP/1.1" 200 1150
172.16.3.7 - - [15/Jun/2026:09:17:27 +0200] "HEAD /rhn/manager/download/sle-module-systems-management-15-sp7-pool-x86_64/getPackage/NULL/74f499e46e243e03e2c42b455cca5a269464b6d16d2536b941040c85497644fd/sle-module-systems-management-release-15.7-150700.28.1.x86_64.rpm?eyJhbGciOiJIUzI1NiJ9.eyJqdGkiOiJwaGxzQWdkVlNkQld3cWpxYmtnczR3IiwiZXhwIjoxODEzMDQzODAzLCJpYXQiOjE3ODE1MDc4MDMsIm5iZiI6MTc4MTUwNzY4Mywib3JnIjoxLCJvbmx5Q2hhbm5lbHMiOlsic2xlLW1vZHVsZS1zeXN0ZW1zLW1hbmFnZW1lbnQtMTUtc3A3LXBvb2wteDg2XzY0Il19.6RewxhAdn8t8T5d-YLP1xBO6EjFGJbSZuewo3-_oVcU HTTP/1.1" 200 -
172.16.3.5 - - [15/Jun/2026:09:17:27 +0200] "GET /img/favicon.ico?q=0.40997217410673026 HTTP/1.1" 200 1150
172.16.3.5 - - [15/Jun/2026:09:17:27 +0200] "POST /rhn/manager/frontend-log HTTP/1.1" 200 42
172.16.3.5 - - [15/Jun/2026:09:17:28 +0200] "POST /rhn/manager/frontend-log HTTP/1.1" 200 42
172.16.3.7 - - [15/Jun/2026:09:17:28 +0200] "GET /rhn/manager/download/sle-module-systems-management-15-sp7-pool-x86_64/getPackage/NULL/74f499e46e243e03e2c42b455cca5a269464b6d16d2536b941040c85497644fd/sle-module-systems-management-release-15.7-150700.28.1.x86_64.rpm?eyJhbGciOiJIUzI1NiJ9.eyJqdGkiOiJwaGxzQWdkVlNkQld3cWpxYmtnczR3IiwiZXhwIjoxODEzMDQzODAzLCJpYXQiOjE3ODE1MDc4MDMsIm5iZiI6MTc4MTUwNzY4Mywib3JnIjoxLCJvbmx5Q2hhbm5lbHMiOlsic2xlLW1vZHVsZS1zeXN0ZW1zLW1hbmFnZW1lbnQtMTUtc3A3LXBvb2wteDg2XzY0Il19.6RewxhAdn8t8T5d-YLP1xBO6EjFGJbSZuewo3-_oVcU HTTP/1.1" 200 9092
172.16.3.5 - - [15/Jun/2026:09:17:28 +0200] "GET /rhn/websocket/notifications HTTP/1.1" 101 -
172.16.3.5 - - [15/Jun/2026:09:17:27 +0200] "GET /rhn/systems/details/history/Event.do?sid=1000010003&aid=19 HTTP/1.1" 200 6224
172.16.3.5 - - [15/Jun/2026:09:17:27 +0200] "GET /rhn/systems/details/history/Pending.do?sid=1000010004& HTTP/1.1" 200 6911
172.16.3.5 - - [15/Jun/2026:09:17:28 +0200] "GET /rhn/websocket/notifications HTTP/1.1" 101 -
172.16.3.5 - - [15/Jun/2026:09:17:28 +0200] "GET /img/favicon.ico?q=0.1543266169254186 HTTP/1.1" 200 1150
172.16.3.5 - - [15/Jun/2026:09:17:28 +0200] "GET /img/favicon.ico?q=0.4309306797253085 HTTP/1.1" 200 1150
172.16.3.5 - - [15/Jun/2026:09:17:28 +0200] "POST /rhn/manager/frontend-log HTTP/1.1" 200 42
172.16.3.5 - - [15/Jun/2026:09:17:28 +0200] "POST /rhn/manager/frontend-log HTTP/1.1" 200 42
172.16.3.5 - - [15/Jun/2026:09:17:28 +0200] "GET /rhn/systems/details/history/Pending.do?sid=1000010001& HTTP/1.1" 200 6228
172.16.3.5 - - [15/Jun/2026:09:17:29 +0200] "GET /img/favicon.ico?q=0.3586750520344306 HTTP/1.1" 200 1150
172.16.3.5 - - [15/Jun/2026:09:17:28 +0200] "GET /rhn/websocket/notifications HTTP/1.1" 101 -
172.16.3.5 - - [15/Jun/2026:09:17:29 +0200] "POST /rhn/manager/frontend-log HTTP/1.1" 200 42
172.16.3.5 - - [15/Jun/2026:09:17:28 +0200] "GET /rhn/systems/details/history/History.do?sid=1000010002& HTTP/1.1" 200 6878
172.16.3.5 - - [15/Jun/2026:09:17:29 +0200] "GET /img/favicon.ico?q=0.29857509639120694 HTTP/1.1" 200 1150
172.16.3.5 - - [15/Jun/2026:09:17:28 +0200] "GET /rhn/systems/details/history/Pending.do?sid=1000010004& HTTP/1.1" 200 6911
172.16.3.5 - - [15/Jun/2026:09:17:29 +0200] "GET /rhn/websocket/notifications HTTP/1.1" 101 -
172.16.3.5 - - [15/Jun/2026:09:17:29 +0200] "GET /img/favicon.ico?q=0.11879730159656032 HTTP/1.1" 200 1150
172.16.3.7 - - [15/Jun/2026:09:17:29 +0200] "HEAD /rhn/manager/download/sle-module-basesystem15-sp7-updates-x86_64/repodata/repomd.xml?eyJhbGciOiJIUzI1NiJ9.eyJqdGkiOiJNSEU3WDl3OHdjd3dBeldhcDNqa19nIiwiZXhwIjoxODEzMDQzODAzLCJpYXQiOjE3ODE1MDc4MDMsIm5iZiI6MTc4MTUwNzY4Mywib3JnIjoxLCJvbmx5Q2hhbm5lbHMiOlsic2xlLW1vZHVsZS1iYXNlc3lzdGVtMTUtc3A3LXVwZGF0ZXMteDg2XzY0Il19._qtmmfm8o-uQY0-RIDA1ozf-bVVcUTROsNb5Vu6BbPQ HTTP/1.1" 200 -
172.16.3.5 - - [15/Jun/2026:09:17:29 +0200] "POST /rhn/manager/frontend-log HTTP/1.1" 200 42
172.16.3.5 - - [15/Jun/2026:09:17:29 +0200] "POST /rhn/manager/frontend-log HTTP/1.1" 200 42
172.16.3.5 - - [15/Jun/2026:09:17:29 +0200] "GET /rhn/systems/details/history/History.do?sid=1000010001& HTTP/1.1" 200 6884
172.16.3.7 - - [15/Jun/2026:09:17:29 +0200] "HEAD /rhn/manager/download/sle-module-basesystem15-sp7-updates-x86_64/media.1/media?eyJhbGciOiJIUzI1NiJ9.eyJqdGkiOiJNSEU3WDl3OHdjd3dBeldhcDNqa19nIiwiZXhwIjoxODEzMDQzODAzLCJpYXQiOjE3ODE1MDc4MDMsIm5iZiI6MTc4MTUwNzY4Mywib3JnIjoxLCJvbmx5Q2hhbm5lbHMiOlsic2xlLW1vZHVsZS1iYXNlc3lzdGVtMTUtc3A3LXVwZGF0ZXMteDg2XzY0Il19._qtmmfm8o-uQY0-RIDA1ozf-bVVcUTROsNb5Vu6BbPQ HTTP/1.1" 404 -
172.16.3.5 - - [15/Jun/2026:09:17:30 +0200] "GET /img/favicon.ico?q=0.12080783724758459 HTTP/1.1" 200 1150
172.16.3.5 - - [15/Jun/2026:09:17:29 +0200] "GET /rhn/websocket/notifications HTTP/1.1" 101 -
172.16.3.7 - - [15/Jun/2026:09:17:30 +0200] "HEAD /rhn/manager/download/sle-module-basesystem15-sp7-updates-x86_64/repodata/repomd.xml?eyJhbGciOiJIUzI1NiJ9.eyJqdGkiOiJNSEU3WDl3OHdjd3dBeldhcDNqa19nIiwiZXhwIjoxODEzMDQzODAzLCJpYXQiOjE3ODE1MDc4MDMsIm5iZiI6MTc4MTUwNzY4Mywib3JnIjoxLCJvbmx5Q2hhbm5lbHMiOlsic2xlLW1vZHVsZS1iYXNlc3lzdGVtMTUtc3A3LXVwZGF0ZXMteDg2XzY0Il19._qtmmfm8o-uQY0-RIDA1ozf-bVVcUTROsNb5Vu6BbPQ HTTP/1.1" 200 -
172.16.3.5 - - [15/Jun/2026:09:17:30 +0200] "POST /rhn/manager/frontend-log HTTP/1.1" 200 42
172.16.3.5 - - [15/Jun/2026:09:17:29 +0200] "GET /rhn/websocket/notifications HTTP/1.1" 101 -
172.16.3.7 - - [15/Jun/2026:09:17:30 +0200] "GET /rhn/manager/download/sle-module-basesystem15-sp7-updates-x86_64/repodata/repomd.xml?eyJhbGciOiJIUzI1NiJ9.eyJqdGkiOiJNSEU3WDl3OHdjd3dBeldhcDNqa19nIiwiZXhwIjoxODEzMDQzODAzLCJpYXQiOjE3ODE1MDc4MDMsIm5iZiI6MTc4MTUwNzY4Mywib3JnIjoxLCJvbmx5Q2hhbm5lbHMiOlsic2xlLW1vZHVsZS1iYXNlc3lzdGVtMTUtc3A3LXVwZGF0ZXMteDg2XzY0Il19._qtmmfm8o-uQY0-RIDA1ozf-bVVcUTROsNb5Vu6BbPQ HTTP/1.1" 304 -
172.16.3.5 - - [15/Jun/2026:09:17:30 +0200] "GET /rhn/websocket/notifications HTTP/1.1" 101 -
172.16.3.7 - - [15/Jun/2026:09:17:30 +0200] "HEAD /rhn/manager/download/sle-module-basesystem15-sp7-updates-x86_64/repodata/repomd.xml.asc?eyJhbGciOiJIUzI1NiJ9.eyJqdGkiOiJNSEU3WDl3OHdjd3dBeldhcDNqa19nIiwiZXhwIjoxODEzMDQzODAzLCJpYXQiOjE3ODE1MDc4MDMsIm5iZiI6MTc4MTUwNzY4Mywib3JnIjoxLCJvbmx5Q2hhbm5lbHMiOlsic2xlLW1vZHVsZS1iYXNlc3lzdGVtMTUtc3A3LXVwZGF0ZXMteDg2XzY0Il19._qtmmfm8o-uQY0-RIDA1ozf-bVVcUTROsNb5Vu6BbPQ HTTP/1.1" 404 -
172.16.3.5 - - [15/Jun/2026:09:17:30 +0200] "GET /rhn/systems/details/history/History.do?sid=1000010004& HTTP/1.1" 200 6827
172.16.3.5 - - [15/Jun/2026:09:17:30 +0200] "GET /img/favicon.ico?q=0.10348192712476278 HTTP/1.1" 200 1150
172.16.3.5 - - [15/Jun/2026:09:17:30 +0200] "GET /rhn/systems/details/history/Event.do?sid=1000010002&aid=11 HTTP/1.1" 200 6157
172.16.3.5 - - [15/Jun/2026:09:17:30 +0200] "GET /img/favicon.ico?q=0.8222284545157413 HTTP/1.1" 200 1150
172.16.3.5 - - [15/Jun/2026:09:17:30 +0200] "POST /rhn/manager/frontend-log HTTP/1.1" 200 42
172.16.3.7 - - [15/Jun/2026:09:17:30 +0200] "HEAD /rhn/manager/download/sle-module-basesystem15-sp7-updates-x86_64/repodata/df866a4f798ef200a434b83552c47eb6c01b1d52e1df6a44d9ac3ade562edc09-primary.xml.gz?eyJhbGciOiJIUzI1NiJ9.eyJqdGkiOiJNSEU3WDl3OHdjd3dBeldhcDNqa19nIiwiZXhwIjoxODEzMDQzODAzLCJpYXQiOjE3ODE1MDc4MDMsIm5iZiI6MTc4MTUwNzY4Mywib3JnIjoxLCJvbmx5Q2hhbm5lbHMiOlsic2xlLW1vZHVsZS1iYXNlc3lzdGVtMTUtc3A3LXVwZGF0ZXMteDg2XzY0Il19._qtmmfm8o-uQY0-RIDA1ozf-bVVcUTROsNb5Vu6BbPQ HTTP/1.1" 200 -
172.16.3.5 - - [15/Jun/2026:09:17:30 +0200] "POST /rhn/manager/frontend-log HTTP/1.1" 200 42
172.16.3.7 - - [15/Jun/2026:09:17:31 +0200] "GET /rhn/manager/download/sle-module-basesystem15-sp7-updates-x86_64/repodata/df866a4f798ef200a434b83552c47eb6c01b1d52e1df6a44d9ac3ade562edc09-primary.xml.gz?eyJhbGciOiJIUzI1NiJ9.eyJqdGkiOiJNSEU3WDl3OHdjd3dBeldhcDNqa19nIiwiZXhwIjoxODEzMDQzODAzLCJpYXQiOjE3ODE1MDc4MDMsIm5iZiI6MTc4MTUwNzY4Mywib3JnIjoxLCJvbmx5Q2hhbm5lbHMiOlsic2xlLW1vZHVsZS1iYXNlc3lzdGVtMTUtc3A3LXVwZGF0ZXMteDg2XzY0Il19._qtmmfm8o-uQY0-RIDA1ozf-bVVcUTROsNb5Vu6BbPQ HTTP/1.1" 304 -
172.16.3.5 - - [15/Jun/2026:09:17:31 +0200] "GET /rhn/websocket/notifications HTTP/1.1" 101 -
172.16.3.5 - - [15/Jun/2026:09:17:30 +0200] "GET /rhn/systems/details/history/Event.do?sid=1000010001&aid=9 HTTP/1.1" 200 6181
172.16.3.5 - - [15/Jun/2026:09:17:31 +0200] "GET /rhn/websocket/notifications HTTP/1.1" 101 -
172.16.3.5 - - [15/Jun/2026:09:17:31 +0200] "GET /img/favicon.ico?q=0.2025924107617677 HTTP/1.1" 200 1150
172.16.3.7 - - [15/Jun/2026:09:17:31 +0200] "HEAD /rhn/manager/download/sle-module-basesystem15-sp7-updates-x86_64/repodata/4a3d75dda59d821dda77c933fe798cd5118f1b89fcf1d07a4146c2b0cb0cf10e-susedata.xml.gz?eyJhbGciOiJIUzI1NiJ9.eyJqdGkiOiJNSEU3WDl3OHdjd3dBeldhcDNqa19nIiwiZXhwIjoxODEzMDQzODAzLCJpYXQiOjE3ODE1MDc4MDMsIm5iZiI6MTc4MTUwNzY4Mywib3JnIjoxLCJvbmx5Q2hhbm5lbHMiOlsic2xlLW1vZHVsZS1iYXNlc3lzdGVtMTUtc3A3LXVwZGF0ZXMteDg2XzY0Il19._qtmmfm8o-uQY0-RIDA1ozf-bVVcUTROsNb5Vu6BbPQ HTTP/1.1" 200 -
172.16.3.5 - - [15/Jun/2026:09:17:31 +0200] "POST /rhn/manager/frontend-log HTTP/1.1" 200 42
172.16.3.7 - - [15/Jun/2026:09:17:32 +0200] "GET /rhn/manager/download/sle-module-basesystem15-sp7-updates-x86_64/repodata/4a3d75dda59d821dda77c933fe798cd5118f1b89fcf1d07a4146c2b0cb0cf10e-susedata.xml.gz?eyJhbGciOiJIUzI1NiJ9.eyJqdGkiOiJNSEU3WDl3OHdjd3dBeldhcDNqa19nIiwiZXhwIjoxODEzMDQzODAzLCJpYXQiOjE3ODE1MDc4MDMsIm5iZiI6MTc4MTUwNzY4Mywib3JnIjoxLCJvbmx5Q2hhbm5lbHMiOlsic2xlLW1vZHVsZS1iYXNlc3lzdGVtMTUtc3A3LXVwZGF0ZXMteDg2XzY0Il19._qtmmfm8o-uQY0-RIDA1ozf-bVVcUTROsNb5Vu6BbPQ HTTP/1.1" 304 -
172.16.3.7 - - [15/Jun/2026:09:17:32 +0200] "HEAD /rhn/manager/download/sle-module-basesystem15-sp7-updates-x86_64/repodata/b5fa74cabe744e86f2c7ab9471c88f0a288434b3a1819047e33e627a70d8e4e9-updateinfo.xml.gz?eyJhbGciOiJIUzI1NiJ9.eyJqdGkiOiJNSEU3WDl3OHdjd3dBeldhcDNqa19nIiwiZXhwIjoxODEzMDQzODAzLCJpYXQiOjE3ODE1MDc4MDMsIm5iZiI6MTc4MTUwNzY4Mywib3JnIjoxLCJvbmx5Q2hhbm5lbHMiOlsic2xlLW1vZHVsZS1iYXNlc3lzdGVtMTUtc3A3LXVwZGF0ZXMteDg2XzY0Il19._qtmmfm8o-uQY0-RIDA1ozf-bVVcUTROsNb5Vu6BbPQ HTTP/1.1" 200 -
172.16.3.5 - - [15/Jun/2026:09:17:31 +0200] "GET /rhn/systems/details/history/Pending.do?sid=1000010002& HTTP/1.1" 200 6213
172.16.3.5 - - [15/Jun/2026:09:17:31 +0200] "GET /rhn/systems/details/history/Event.do?sid=1000010004&aid=22 HTTP/1.1" 200 7964
172.16.3.5 - - [15/Jun/2026:09:17:32 +0200] "GET /img/favicon.ico?q=0.34299073100586175 HTTP/1.1" 200 1150
172.16.3.7 - - [15/Jun/2026:09:17:32 +0200] "GET /rhn/manager/download/sle-module-basesystem15-sp7-updates-x86_64/repodata/b5fa74cabe744e86f2c7ab9471c88f0a288434b3a1819047e33e627a70d8e4e9-updateinfo.xml.gz?eyJhbGciOiJIUzI1NiJ9.eyJqdGkiOiJNSEU3WDl3OHdjd3dBeldhcDNqa19nIiwiZXhwIjoxODEzMDQzODAzLCJpYXQiOjE3ODE1MDc4MDMsIm5iZiI6MTc4MTUwNzY4Mywib3JnIjoxLCJvbmx5Q2hhbm5lbHMiOlsic2xlLW1vZHVsZS1iYXNlc3lzdGVtMTUtc3A3LXVwZGF0ZXMteDg2XzY0Il19._qtmmfm8o-uQY0-RIDA1ozf-bVVcUTROsNb5Vu6BbPQ HTTP/1.1" 304 -
172.16.3.5 - - [15/Jun/2026:09:17:32 +0200] "GET /img/favicon.ico?q=0.22843423411938202 HTTP/1.1" 200 1150
172.16.3.5 - - [15/Jun/2026:09:17:32 +0200] "GET /rhn/websocket/notifications HTTP/1.1" 101 -
172.16.3.5 - - [15/Jun/2026:09:17:32 +0200] "POST /rhn/manager/frontend-log HTTP/1.1" 200 42
172.16.3.5 - - [15/Jun/2026:09:17:32 +0200] "POST /rhn/manager/frontend-log HTTP/1.1" 200 42
172.16.3.5 - - [15/Jun/2026:09:17:32 +0200] "GET /rhn/websocket/notifications HTTP/1.1" 101 -
172.16.3.7 - - [15/Jun/2026:09:17:33 +0200] "GET /pub/repositories/opensusetumbleweed/latest/0/bootstrap/venv-enabled-x86_64.txt HTTP/1.1" 304 -
172.16.3.5 - - [15/Jun/2026:09:17:32 +0200] "GET /rhn/systems/details/history/Pending.do?sid=1000010002& HTTP/1.1" 200 6213
172.16.3.5 - - [15/Jun/2026:09:17:33 +0200] "GET /img/favicon.ico?q=0.8319480720427065 HTTP/1.1" 200 1150
172.16.3.5 - - [15/Jun/2026:09:17:32 +0200] "POST /rhn/manager/api/auth/login HTTP/1.1" 200 42
172.16.3.5 - - [15/Jun/2026:09:17:33 +0200] "POST /rhn/manager/frontend-log HTTP/1.1" 200 42
172.16.3.5 - - [15/Jun/2026:09:17:33 +0200] "GET /rhn/systems/details/history/Pending.do?sid=1000010004& HTTP/1.1" 200 6911
172.16.3.5 - - [15/Jun/2026:09:17:34 +0200] "GET /img/favicon.ico?q=0.34747388444636684 HTTP/1.1" 200 1150
172.16.3.5 - - [15/Jun/2026:09:17:34 +0200] "GET /rhn/websocket/notifications HTTP/1.1" 101 -
172.16.3.5 - - [15/Jun/2026:09:17:34 +0200] "POST /rhn/manager/frontend-log HTTP/1.1" 200 42
172.16.3.5 - - [15/Jun/2026:09:17:34 +0200] "POST /rhn/manager/api/system/searchByName HTTP/1.1" 200 154
172.16.3.5 - - [15/Jun/2026:09:17:34 +0200] "GET /rhn/websocket/notifications HTTP/1.1" 101 -
172.16.3.5 - - [15/Jun/2026:09:17:34 +0200] "GET /rhn/systems/details/history/History.do?sid=1000010002& HTTP/1.1" 200 6873
172.16.3.5 - - [15/Jun/2026:09:17:34 +0200] "GET /img/favicon.ico?q=0.4942892774326103 HTTP/1.1" 200 1150
172.16.3.7 - - [15/Jun/2026:09:17:34 +0200] "HEAD /rhn/manager/download/sle-module-desktop-applications15-sp7-updates-x86_64/repodata/repomd.xml?eyJhbGciOiJIUzI1NiJ9.eyJqdGkiOiJCaXhidE14WnRmM2Iza1U1WlpoMGlRIiwiZXhwIjoxODEzMDQzODAzLCJpYXQiOjE3ODE1MDc4MDMsIm5iZiI6MTc4MTUwNzY4Mywib3JnIjoxLCJvbmx5Q2hhbm5lbHMiOlsic2xlLW1vZHVsZS1kZXNrdG9wLWFwcGxpY2F0aW9uczE1LXNwNy11cGRhdGVzLXg4Nl82NCJdfQ.DBi9y7coadTxsdgH9MwXFHKA7t3nW_hGlRNbV5SsH3M HTTP/1.1" 200 -
172.16.3.5 - - [15/Jun/2026:09:17:34 +0200] "GET /rhn/manager/api/auth/logout HTTP/1.1" 200 42
172.16.3.5 - - [15/Jun/2026:09:17:05 +0200] "GET /rhn/websocket/notifications HTTP/1.1" 101 -
172.16.3.5 - - [15/Jun/2026:09:17:34 +0200] "POST /rhn/manager/frontend-log HTTP/1.1" 200 42
172.16.3.7 - - [15/Jun/2026:09:17:34 +0200] "HEAD /rhn/manager/download/sle-module-desktop-applications15-sp7-updates-x86_64/media.1/media?eyJhbGciOiJIUzI1NiJ9.eyJqdGkiOiJCaXhidE14WnRmM2Iza1U1WlpoMGlRIiwiZXhwIjoxODEzMDQzODAzLCJpYXQiOjE3ODE1MDc4MDMsIm5iZiI6MTc4MTUwNzY4Mywib3JnIjoxLCJvbmx5Q2hhbm5lbHMiOlsic2xlLW1vZHVsZS1kZXNrdG9wLWFwcGxpY2F0aW9uczE1LXNwNy11cGRhdGVzLXg4Nl82NCJdfQ.DBi9y7coadTxsdgH9MwXFHKA7t3nW_hGlRNbV5SsH3M HTTP/1.1" 404 -
172.16.3.5 - - [15/Jun/2026:09:17:34 +0200] "GET /rhn/systems/details/history/Pending.do?sid=1000010004& HTTP/1.1" 200 6911
172.16.3.5 - - [15/Jun/2026:09:17:35 +0200] "GET /img/favicon.ico?q=0.6697369278073385 HTTP/1.1" 200 1150
172.16.3.7 - - [15/Jun/2026:09:17:35 +0200] "HEAD /rhn/manager/download/sle-module-desktop-applications15-sp7-updates-x86_64/repodata/repomd.xml?eyJhbGciOiJIUzI1NiJ9.eyJqdGkiOiJCaXhidE14WnRmM2Iza1U1WlpoMGlRIiwiZXhwIjoxODEzMDQzODAzLCJpYXQiOjE3ODE1MDc4MDMsIm5iZiI6MTc4MTUwNzY4Mywib3JnIjoxLCJvbmx5Q2hhbm5lbHMiOlsic2xlLW1vZHVsZS1kZXNrdG9wLWFwcGxpY2F0aW9uczE1LXNwNy11cGRhdGVzLXg4Nl82NCJdfQ.DBi9y7coadTxsdgH9MwXFHKA7t3nW_hGlRNbV5SsH3M HTTP/1.1" 200 -
172.16.3.5 - - [15/Jun/2026:09:17:34 +0200] "GET /rhn/websocket/notifications HTTP/1.1" 101 -
172.16.3.5 - - [15/Jun/2026:09:17:35 +0200] "POST /rhn/manager/frontend-log HTTP/1.1" 200 42
172.16.3.7 - - [15/Jun/2026:09:17:35 +0200] "GET /rhn/manager/download/sle-module-desktop-applications15-sp7-updates-x86_64/repodata/repomd.xml?eyJhbGciOiJIUzI1NiJ9.eyJqdGkiOiJCaXhidE14WnRmM2Iza1U1WlpoMGlRIiwiZXhwIjoxODEzMDQzODAzLCJpYXQiOjE3ODE1MDc4MDMsIm5iZiI6MTc4MTUwNzY4Mywib3JnIjoxLCJvbmx5Q2hhbm5lbHMiOlsic2xlLW1vZHVsZS1kZXNrdG9wLWFwcGxpY2F0aW9uczE1LXNwNy11cGRhdGVzLXg4Nl82NCJdfQ.DBi9y7coadTxsdgH9MwXFHKA7t3nW_hGlRNbV5SsH3M HTTP/1.1" 304 -
172.16.3.7 - - [15/Jun/2026:09:17:35 +0200] "HEAD /rhn/manager/download/sle-module-desktop-applications15-sp7-updates-x86_64/repodata/repomd.xml.asc?eyJhbGciOiJIUzI1NiJ9.eyJqdGkiOiJCaXhidE14WnRmM2Iza1U1WlpoMGlRIiwiZXhwIjoxODEzMDQzODAzLCJpYXQiOjE3ODE1MDc4MDMsIm5iZiI6MTc4MTUwNzY4Mywib3JnIjoxLCJvbmx5Q2hhbm5lbHMiOlsic2xlLW1vZHVsZS1kZXNrdG9wLWFwcGxpY2F0aW9uczE1LXNwNy11cGRhdGVzLXg4Nl82NCJdfQ.DBi9y7coadTxsdgH9MwXFHKA7t3nW_hGlRNbV5SsH3M HTTP/1.1" 404 -
172.16.3.5 - - [15/Jun/2026:09:17:35 +0200] "GET /rhn/systems/details/history/Event.do?sid=1000010002&aid=13 HTTP/1.1" 200 6173
172.16.3.5 - - [15/Jun/2026:09:17:35 +0200] "GET /img/favicon.ico?q=0.3278328667539444 HTTP/1.1" 200 1150
172.16.3.5 - - [15/Jun/2026:09:17:34 +0200] "GET /rhn/systems/details/Overview.do?sid=1000010001 HTTP/1.1" 200 7019
172.16.3.5 - - [15/Jun/2026:09:17:31 +0200] "GET /rhn/websocket/notifications HTTP/1.1" 101 -
172.16.3.7 - - [15/Jun/2026:09:17:35 +0200] "HEAD /rhn/manager/download/sle-module-desktop-applications15-sp7-updates-x86_64/repodata/9762cc881e01d3e14c6c4c783e606c2e969616c6ee4f0d6ecc0522f733e38c33-primary.xml.gz?eyJhbGciOiJIUzI1NiJ9.eyJqdGkiOiJCaXhidE14WnRmM2Iza1U1WlpoMGlRIiwiZXhwIjoxODEzMDQzODAzLCJpYXQiOjE3ODE1MDc4MDMsIm5iZiI6MTc4MTUwNzY4Mywib3JnIjoxLCJvbmx5Q2hhbm5lbHMiOlsic2xlLW1vZHVsZS1kZXNrdG9wLWFwcGxpY2F0aW9uczE1LXNwNy11cGRhdGVzLXg4Nl82NCJdfQ.DBi9y7coadTxsdgH9MwXFHKA7t3nW_hGlRNbV5SsH3M HTTP/1.1" 200 -
172.16.3.5 - - [15/Jun/2026:09:17:35 +0200] "POST /rhn/manager/frontend-log HTTP/1.1" 200 42
172.16.3.5 - - [15/Jun/2026:09:17:35 +0200] "POST /rhn/manager/frontend-log HTTP/1.1" 200 42
172.16.3.7 - - [15/Jun/2026:09:17:36 +0200] "GET /rhn/manager/download/sle-module-desktop-applications15-sp7-updates-x86_64/repodata/9762cc881e01d3e14c6c4c783e606c2e969616c6ee4f0d6ecc0522f733e38c33-primary.xml.gz?eyJhbGciOiJIUzI1NiJ9.eyJqdGkiOiJCaXhidE14WnRmM2Iza1U1WlpoMGlRIiwiZXhwIjoxODEzMDQzODAzLCJpYXQiOjE3ODE1MDc4MDMsIm5iZiI6MTc4MTUwNzY4Mywib3JnIjoxLCJvbmx5Q2hhbm5lbHMiOlsic2xlLW1vZHVsZS1kZXNrdG9wLWFwcGxpY2F0aW9uczE1LXNwNy11cGRhdGVzLXg4Nl82NCJdfQ.DBi9y7coadTxsdgH9MwXFHKA7t3nW_hGlRNbV5SsH3M HTTP/1.1" 304 -
172.16.3.5 - - [15/Jun/2026:09:17:36 +0200] "POST /rhn/manager/frontend-log HTTP/1.1" 200 42
172.16.3.7 - - [15/Jun/2026:09:17:36 +0200] "HEAD /rhn/manager/download/sle-module-desktop-applications15-sp7-updates-x86_64/repodata/e896ab92049a06592c0df51346e52a71e75f1c9d20ba972b66d5b765719f0bbd-susedata.xml.gz?eyJhbGciOiJIUzI1NiJ9.eyJqdGkiOiJCaXhidE14WnRmM2Iza1U1WlpoMGlRIiwiZXhwIjoxODEzMDQzODAzLCJpYXQiOjE3ODE1MDc4MDMsIm5iZiI6MTc4MTUwNzY4Mywib3JnIjoxLCJvbmx5Q2hhbm5lbHMiOlsic2xlLW1vZHVsZS1kZXNrdG9wLWFwcGxpY2F0aW9uczE1LXNwNy11cGRhdGVzLXg4Nl82NCJdfQ.DBi9y7coadTxsdgH9MwXFHKA7t3nW_hGlRNbV5SsH3M HTTP/1.1" 200 -
172.16.3.7 - - [15/Jun/2026:09:17:36 +0200] "GET /rhn/manager/download/sle-module-desktop-applications15-sp7-updates-x86_64/repodata/e896ab92049a06592c0df51346e52a71e75f1c9d20ba972b66d5b765719f0bbd-susedata.xml.gz?eyJhbGciOiJIUzI1NiJ9.eyJqdGkiOiJCaXhidE14WnRmM2Iza1U1WlpoMGlRIiwiZXhwIjoxODEzMDQzODAzLCJpYXQiOjE3ODE1MDc4MDMsIm5iZiI6MTc4MTUwNzY4Mywib3JnIjoxLCJvbmx5Q2hhbm5lbHMiOlsic2xlLW1vZHVsZS1kZXNrdG9wLWFwcGxpY2F0aW9uczE1LXNwNy11cGRhdGVzLXg4Nl82NCJdfQ.DBi9y7coadTxsdgH9MwXFHKA7t3nW_hGlRNbV5SsH3M HTTP/1.1" 304 -
172.16.3.7 - - [15/Jun/2026:09:17:36 +0200] "HEAD /rhn/manager/download/sle-module-desktop-applications15-sp7-updates-x86_64/repodata/4ec1e23667b4ffe3ee8f641f0603cd4dc5d18a30eba84fc8f304dd7bb0da4b5b-updateinfo.xml.gz?eyJhbGciOiJIUzI1NiJ9.eyJqdGkiOiJCaXhidE14WnRmM2Iza1U1WlpoMGlRIiwiZXhwIjoxODEzMDQzODAzLCJpYXQiOjE3ODE1MDc4MDMsIm5iZiI6MTc4MTUwNzY4Mywib3JnIjoxLCJvbmx5Q2hhbm5lbHMiOlsic2xlLW1vZHVsZS1kZXNrdG9wLWFwcGxpY2F0aW9uczE1LXNwNy11cGRhdGVzLXg4Nl82NCJdfQ.DBi9y7coadTxsdgH9MwXFHKA7t3nW_hGlRNbV5SsH3M HTTP/1.1" 200 -
172.16.3.7 - - [15/Jun/2026:09:17:36 +0200] "GET /rhn/manager/download/sle-module-desktop-applications15-sp7-updates-x86_64/repodata/4ec1e23667b4ffe3ee8f641f0603cd4dc5d18a30eba84fc8f304dd7bb0da4b5b-updateinfo.xml.gz?eyJhbGciOiJIUzI1NiJ9.eyJqdGkiOiJCaXhidE14WnRmM2Iza1U1WlpoMGlRIiwiZXhwIjoxODEzMDQzODAzLCJpYXQiOjE3ODE1MDc4MDMsIm5iZiI6MTc4MTUwNzY4Mywib3JnIjoxLCJvbmx5Q2hhbm5lbHMiOlsic2xlLW1vZHVsZS1kZXNrdG9wLWFwcGxpY2F0aW9uczE1LXNwNy11cGRhdGVzLXg4Nl82NCJdfQ.DBi9y7coadTxsdgH9MwXFHKA7t3nW_hGlRNbV5SsH3M HTTP/1.1" 304 -
172.16.3.5 - - [15/Jun/2026:09:17:36 +0200] "GET /rhn/systems/details/Overview.do?sid=1000010001& HTTP/1.1" 200 7019
172.16.3.5 - - [15/Jun/2026:09:17:36 +0200] "GET /img/favicon.ico?q=0.5959006467246584 HTTP/1.1" 200 1150
172.16.3.7 - - [15/Jun/2026:09:17:36 +0200] "HEAD /rhn/manager/download/sle-module-devtools15-sp7-updates-x86_64/repodata/repomd.xml?eyJhbGciOiJIUzI1NiJ9.eyJqdGkiOiJOVTNIWTQwSjN3cWZjbTBrTzNDd0RBIiwiZXhwIjoxODEzMDQzODAzLCJpYXQiOjE3ODE1MDc4MDMsIm5iZiI6MTc4MTUwNzY4Mywib3JnIjoxLCJvbmx5Q2hhbm5lbHMiOlsic2xlLW1vZHVsZS1kZXZ0b29sczE1LXNwNy11cGRhdGVzLXg4Nl82NCJdfQ.PphcySiWej5X0M58dqOfvHhpi7pn_Whj-YjTTNP4uAw HTTP/1.1" 200 -
172.16.3.5 - - [15/Jun/2026:09:17:36 +0200] "POST /rhn/manager/frontend-log HTTP/1.1" 200 42
172.16.3.7 - - [15/Jun/2026:09:17:37 +0200] "HEAD /rhn/manager/download/sle-module-devtools15-sp7-updates-x86_64/media.1/media?eyJhbGciOiJIUzI1NiJ9.eyJqdGkiOiJOVTNIWTQwSjN3cWZjbTBrTzNDd0RBIiwiZXhwIjoxODEzMDQzODAzLCJpYXQiOjE3ODE1MDc4MDMsIm5iZiI6MTc4MTUwNzY4Mywib3JnIjoxLCJvbmx5Q2hhbm5lbHMiOlsic2xlLW1vZHVsZS1kZXZ0b29sczE1LXNwNy11cGRhdGVzLXg4Nl82NCJdfQ.PphcySiWej5X0M58dqOfvHhpi7pn_Whj-YjTTNP4uAw HTTP/1.1" 404 -
172.16.3.7 - - [15/Jun/2026:09:17:37 +0200] "HEAD /rhn/manager/download/sle-module-devtools15-sp7-updates-x86_64/repodata/repomd.xml?eyJhbGciOiJIUzI1NiJ9.eyJqdGkiOiJOVTNIWTQwSjN3cWZjbTBrTzNDd0RBIiwiZXhwIjoxODEzMDQzODAzLCJpYXQiOjE3ODE1MDc4MDMsIm5iZiI6MTc4MTUwNzY4Mywib3JnIjoxLCJvbmx5Q2hhbm5lbHMiOlsic2xlLW1vZHVsZS1kZXZ0b29sczE1LXNwNy11cGRhdGVzLXg4Nl82NCJdfQ.PphcySiWej5X0M58dqOfvHhpi7pn_Whj-YjTTNP4uAw HTTP/1.1" 200 -
172.16.3.5 - - [15/Jun/2026:09:17:37 +0200] "GET /rhn/websocket/notifications HTTP/1.1" 101 -
172.16.3.7 - - [15/Jun/2026:09:17:37 +0200] "GET /rhn/manager/download/sle-module-devtools15-sp7-updates-x86_64/repodata/repomd.xml?eyJhbGciOiJIUzI1NiJ9.eyJqdGkiOiJOVTNIWTQwSjN3cWZjbTBrTzNDd0RBIiwiZXhwIjoxODEzMDQzODAzLCJpYXQiOjE3ODE1MDc4MDMsIm5iZiI6MTc4MTUwNzY4Mywib3JnIjoxLCJvbmx5Q2hhbm5lbHMiOlsic2xlLW1vZHVsZS1kZXZ0b29sczE1LXNwNy11cGRhdGVzLXg4Nl82NCJdfQ.PphcySiWej5X0M58dqOfvHhpi7pn_Whj-YjTTNP4uAw HTTP/1.1" 304 -
172.16.3.7 - - [15/Jun/2026:09:17:37 +0200] "HEAD /rhn/manager/download/sle-module-devtools15-sp7-updates-x86_64/repodata/repomd.xml.asc?eyJhbGciOiJIUzI1NiJ9.eyJqdGkiOiJOVTNIWTQwSjN3cWZjbTBrTzNDd0RBIiwiZXhwIjoxODEzMDQzODAzLCJpYXQiOjE3ODE1MDc4MDMsIm5iZiI6MTc4MTUwNzY4Mywib3JnIjoxLCJvbmx5Q2hhbm5lbHMiOlsic2xlLW1vZHVsZS1kZXZ0b29sczE1LXNwNy11cGRhdGVzLXg4Nl82NCJdfQ.PphcySiWej5X0M58dqOfvHhpi7pn_Whj-YjTTNP4uAw HTTP/1.1" 404 -
172.16.3.7 - - [15/Jun/2026:09:17:37 +0200] "HEAD /rhn/manager/download/sle-module-devtools15-sp7-updates-x86_64/repodata/23ead587fa4ab073d57d30be19946619c89fbfb63f3bfaa3c16edc0121f3f1a4-primary.xml.gz?eyJhbGciOiJIUzI1NiJ9.eyJqdGkiOiJOVTNIWTQwSjN3cWZjbTBrTzNDd0RBIiwiZXhwIjoxODEzMDQzODAzLCJpYXQiOjE3ODE1MDc4MDMsIm5iZiI6MTc4MTUwNzY4Mywib3JnIjoxLCJvbmx5Q2hhbm5lbHMiOlsic2xlLW1vZHVsZS1kZXZ0b29sczE1LXNwNy11cGRhdGVzLXg4Nl82NCJdfQ.PphcySiWej5X0M58dqOfvHhpi7pn_Whj-YjTTNP4uAw HTTP/1.1" 200 -
172.16.3.5 - - [15/Jun/2026:09:17:37 +0200] "GET /rhn/systems/details/Connection.do?sid=1000010001& HTTP/1.1" 200 6282
172.16.3.7 - - [15/Jun/2026:09:17:37 +0200] "GET /rhn/manager/download/sle-module-devtools15-sp7-updates-x86_64/repodata/23ead587fa4ab073d57d30be19946619c89fbfb63f3bfaa3c16edc0121f3f1a4-primary.xml.gz?eyJhbGciOiJIUzI1NiJ9.eyJqdGkiOiJOVTNIWTQwSjN3cWZjbTBrTzNDd0RBIiwiZXhwIjoxODEzMDQzODAzLCJpYXQiOjE3ODE1MDc4MDMsIm5iZiI6MTc4MTUwNzY4Mywib3JnIjoxLCJvbmx5Q2hhbm5lbHMiOlsic2xlLW1vZHVsZS1kZXZ0b29sczE1LXNwNy11cGRhdGVzLXg4Nl82NCJdfQ.PphcySiWej5X0M58dqOfvHhpi7pn_Whj-YjTTNP4uAw HTTP/1.1" 304 -
172.16.3.5 - - [15/Jun/2026:09:17:37 +0200] "GET /img/favicon.ico?q=0.4844048211857779 HTTP/1.1" 200 1150
172.16.3.7 - - [15/Jun/2026:09:17:37 +0200] "HEAD /rhn/manager/download/sle-module-devtools15-sp7-updates-x86_64/repodata/ff39792dff8b966a9fb17d7554215c54d19f2e70aad275a625cf12b21e857ac1-susedata.xml.gz?eyJhbGciOiJIUzI1NiJ9.eyJqdGkiOiJOVTNIWTQwSjN3cWZjbTBrTzNDd0RBIiwiZXhwIjoxODEzMDQzODAzLCJpYXQiOjE3ODE1MDc4MDMsIm5iZiI6MTc4MTUwNzY4Mywib3JnIjoxLCJvbmx5Q2hhbm5lbHMiOlsic2xlLW1vZHVsZS1kZXZ0b29sczE1LXNwNy11cGRhdGVzLXg4Nl82NCJdfQ.PphcySiWej5X0M58dqOfvHhpi7pn_Whj-YjTTNP4uAw HTTP/1.1" 200 -
172.16.3.5 - - [15/Jun/2026:09:17:37 +0200] "POST /rhn/manager/frontend-log HTTP/1.1" 200 42
172.16.3.7 - - [15/Jun/2026:09:17:37 +0200] "GET /rhn/manager/download/sle-module-devtools15-sp7-updates-x86_64/repodata/ff39792dff8b966a9fb17d7554215c54d19f2e70aad275a625cf12b21e857ac1-susedata.xml.gz?eyJhbGciOiJIUzI1NiJ9.eyJqdGkiOiJOVTNIWTQwSjN3cWZjbTBrTzNDd0RBIiwiZXhwIjoxODEzMDQzODAzLCJpYXQiOjE3ODE1MDc4MDMsIm5iZiI6MTc4MTUwNzY4Mywib3JnIjoxLCJvbmx5Q2hhbm5lbHMiOlsic2xlLW1vZHVsZS1kZXZ0b29sczE1LXNwNy11cGRhdGVzLXg4Nl82NCJdfQ.PphcySiWej5X0M58dqOfvHhpi7pn_Whj-YjTTNP4uAw HTTP/1.1" 304 -
172.16.3.7 - - [15/Jun/2026:09:17:38 +0200] "HEAD /rhn/manager/download/sle-module-devtools15-sp7-updates-x86_64/repodata/2fd3317db155b852429e436cda42dcb37832f4c7956a0c8aea7781dcfeca2486-updateinfo.xml.gz?eyJhbGciOiJIUzI1NiJ9.eyJqdGkiOiJOVTNIWTQwSjN3cWZjbTBrTzNDd0RBIiwiZXhwIjoxODEzMDQzODAzLCJpYXQiOjE3ODE1MDc4MDMsIm5iZiI6MTc4MTUwNzY4Mywib3JnIjoxLCJvbmx5Q2hhbm5lbHMiOlsic2xlLW1vZHVsZS1kZXZ0b29sczE1LXNwNy11cGRhdGVzLXg4Nl82NCJdfQ.PphcySiWej5X0M58dqOfvHhpi7pn_Whj-YjTTNP4uAw HTTP/1.1" 200 -
172.16.3.7 - - [15/Jun/2026:09:17:38 +0200] "GET /rhn/manager/download/sle-module-devtools15-sp7-updates-x86_64/repodata/2fd3317db155b852429e436cda42dcb37832f4c7956a0c8aea7781dcfeca2486-updateinfo.xml.gz?eyJhbGciOiJIUzI1NiJ9.eyJqdGkiOiJOVTNIWTQwSjN3cWZjbTBrTzNDd0RBIiwiZXhwIjoxODEzMDQzODAzLCJpYXQiOjE3ODE1MDc4MDMsIm5iZiI6MTc4MTUwNzY4Mywib3JnIjoxLCJvbmx5Q2hhbm5lbHMiOlsic2xlLW1vZHVsZS1kZXZ0b29sczE1LXNwNy11cGRhdGVzLXg4Nl82NCJdfQ.PphcySiWej5X0M58dqOfvHhpi7pn_Whj-YjTTNP4uAw HTTP/1.1" 304 -
172.16.3.5 - - [15/Jun/2026:09:17:10 +0200] "GET /rhn/websocket/notifications HTTP/1.1" 101 -
