172.16.3.7 - - [15/Jun/2026:09:17:02 +0200] "HEAD /rhn/manager/download/sle-module-desktop-applications15-sp7-updates-x86_64/media.1/media?eyJhbGciOiJIUzI1NiJ9.eyJqdGkiOiJCaXhidE14WnRmM2Iza1U1WlpoMGlRIiwiZXhwIjoxODEzMDQzODAzLCJpYXQiOjE3ODE1MDc4MDMsIm5iZiI6MTc4MTUwNzY4Mywib3JnIjoxLCJvbmx5Q2hhbm5lbHMiOlsic2xlLW1vZHVsZS1kZXNrdG9wLWFwcGxpY2F0aW9uczE1LXNwNy11cGRhdGVzLXg4Nl82NCJdfQ.DBi9y7coadTxsdgH9MwXFHKA7t3nW_hGlRNbV5SsH3M HTTP/1.1" 404 -
172.16.3.5 - - [15/Jun/2026:09:17:02 +0200] "-" 408 -
172.16.3.5 - - [15/Jun/2026:09:17:02 +0200] "-" 408 -
172.16.3.7 - - [15/Jun/2026:09:17:02 +0200] "HEAD /rhn/manager/download/sle-module-desktop-applications15-sp7-updates-x86_64/repodata/repomd.xml?eyJhbGciOiJIUzI1NiJ9.eyJqdGkiOiJCaXhidE14WnRmM2Iza1U1WlpoMGlRIiwiZXhwIjoxODEzMDQzODAzLCJpYXQiOjE3ODE1MDc4MDMsIm5iZiI6MTc4MTUwNzY4Mywib3JnIjoxLCJvbmx5Q2hhbm5lbHMiOlsic2xlLW1vZHVsZS1kZXNrdG9wLWFwcGxpY2F0aW9uczE1LXNwNy11cGRhdGVzLXg4Nl82NCJdfQ.DBi9y7coadTxsdgH9MwXFHKA7t3nW_hGlRNbV5SsH3M HTTP/1.1" 200 -
172.16.3.5 - - [15/Jun/2026:09:17:02 +0200] "-" 408 -
172.16.3.7 - - [15/Jun/2026:09:17:02 +0200] "GET /rhn/manager/download/sle-module-desktop-applications15-sp7-updates-x86_64/repodata/repomd.xml?eyJhbGciOiJIUzI1NiJ9.eyJqdGkiOiJCaXhidE14WnRmM2Iza1U1WlpoMGlRIiwiZXhwIjoxODEzMDQzODAzLCJpYXQiOjE3ODE1MDc4MDMsIm5iZiI6MTc4MTUwNzY4Mywib3JnIjoxLCJvbmx5Q2hhbm5lbHMiOlsic2xlLW1vZHVsZS1kZXNrdG9wLWFwcGxpY2F0aW9uczE1LXNwNy11cGRhdGVzLXg4Nl82NCJdfQ.DBi9y7coadTxsdgH9MwXFHKA7t3nW_hGlRNbV5SsH3M HTTP/1.1" 200 1987
172.16.3.7 - - [15/Jun/2026:09:17:02 +0200] "HEAD /rhn/manager/download/sle-module-desktop-applications15-sp7-updates-x86_64/repodata/repomd.xml.asc?eyJhbGciOiJIUzI1NiJ9.eyJqdGkiOiJCaXhidE14WnRmM2Iza1U1WlpoMGlRIiwiZXhwIjoxODEzMDQzODAzLCJpYXQiOjE3ODE1MDc4MDMsIm5iZiI6MTc4MTUwNzY4Mywib3JnIjoxLCJvbmx5Q2hhbm5lbHMiOlsic2xlLW1vZHVsZS1kZXNrdG9wLWFwcGxpY2F0aW9uczE1LXNwNy11cGRhdGVzLXg4Nl82NCJdfQ.DBi9y7coadTxsdgH9MwXFHKA7t3nW_hGlRNbV5SsH3M HTTP/1.1" 404 -
172.16.3.7 - - [15/Jun/2026:09:17:02 +0200] "HEAD /rhn/manager/download/sle-module-desktop-applications15-sp7-updates-x86_64/repodata/9762cc881e01d3e14c6c4c783e606c2e969616c6ee4f0d6ecc0522f733e38c33-primary.xml.gz?eyJhbGciOiJIUzI1NiJ9.eyJqdGkiOiJCaXhidE14WnRmM2Iza1U1WlpoMGlRIiwiZXhwIjoxODEzMDQzODAzLCJpYXQiOjE3ODE1MDc4MDMsIm5iZiI6MTc4MTUwNzY4Mywib3JnIjoxLCJvbmx5Q2hhbm5lbHMiOlsic2xlLW1vZHVsZS1kZXNrdG9wLWFwcGxpY2F0aW9uczE1LXNwNy11cGRhdGVzLXg4Nl82NCJdfQ.DBi9y7coadTxsdgH9MwXFHKA7t3nW_hGlRNbV5SsH3M HTTP/1.1" 200 -
172.16.3.7 - - [15/Jun/2026:09:17:03 +0200] "GET /rhn/manager/download/sle-module-desktop-applications15-sp7-updates-x86_64/repodata/9762cc881e01d3e14c6c4c783e606c2e969616c6ee4f0d6ecc0522f733e38c33-primary.xml.gz?eyJhbGciOiJIUzI1NiJ9.eyJqdGkiOiJCaXhidE14WnRmM2Iza1U1WlpoMGlRIiwiZXhwIjoxODEzMDQzODAzLCJpYXQiOjE3ODE1MDc4MDMsIm5iZiI6MTc4MTUwNzY4Mywib3JnIjoxLCJvbmx5Q2hhbm5lbHMiOlsic2xlLW1vZHVsZS1kZXNrdG9wLWFwcGxpY2F0aW9uczE1LXNwNy11cGRhdGVzLXg4Nl82NCJdfQ.DBi9y7coadTxsdgH9MwXFHKA7t3nW_hGlRNbV5SsH3M HTTP/1.1" 200 228840
172.16.3.7 - - [15/Jun/2026:09:17:03 +0200] "HEAD /rhn/manager/download/sle-module-desktop-applications15-sp7-updates-x86_64/repodata/e896ab92049a06592c0df51346e52a71e75f1c9d20ba972b66d5b765719f0bbd-susedata.xml.gz?eyJhbGciOiJIUzI1NiJ9.eyJqdGkiOiJCaXhidE14WnRmM2Iza1U1WlpoMGlRIiwiZXhwIjoxODEzMDQzODAzLCJpYXQiOjE3ODE1MDc4MDMsIm5iZiI6MTc4MTUwNzY4Mywib3JnIjoxLCJvbmx5Q2hhbm5lbHMiOlsic2xlLW1vZHVsZS1kZXNrdG9wLWFwcGxpY2F0aW9uczE1LXNwNy11cGRhdGVzLXg4Nl82NCJdfQ.DBi9y7coadTxsdgH9MwXFHKA7t3nW_hGlRNbV5SsH3M HTTP/1.1" 200 -
172.16.3.7 - - [15/Jun/2026:09:17:03 +0200] "GET /rhn/manager/download/sle-module-desktop-applications15-sp7-updates-x86_64/repodata/e896ab92049a06592c0df51346e52a71e75f1c9d20ba972b66d5b765719f0bbd-susedata.xml.gz?eyJhbGciOiJIUzI1NiJ9.eyJqdGkiOiJCaXhidE14WnRmM2Iza1U1WlpoMGlRIiwiZXhwIjoxODEzMDQzODAzLCJpYXQiOjE3ODE1MDc4MDMsIm5iZiI6MTc4MTUwNzY4Mywib3JnIjoxLCJvbmx5Q2hhbm5lbHMiOlsic2xlLW1vZHVsZS1kZXNrdG9wLWFwcGxpY2F0aW9uczE1LXNwNy11cGRhdGVzLXg4Nl82NCJdfQ.DBi9y7coadTxsdgH9MwXFHKA7t3nW_hGlRNbV5SsH3M HTTP/1.1" 200 24766
172.16.3.7 - - [15/Jun/2026:09:17:03 +0200] "HEAD /rhn/manager/download/sle-module-desktop-applications15-sp7-updates-x86_64/repodata/4ec1e23667b4ffe3ee8f641f0603cd4dc5d18a30eba84fc8f304dd7bb0da4b5b-updateinfo.xml.gz?eyJhbGciOiJIUzI1NiJ9.eyJqdGkiOiJCaXhidE14WnRmM2Iza1U1WlpoMGlRIiwiZXhwIjoxODEzMDQzODAzLCJpYXQiOjE3ODE1MDc4MDMsIm5iZiI6MTc4MTUwNzY4Mywib3JnIjoxLCJvbmx5Q2hhbm5lbHMiOlsic2xlLW1vZHVsZS1kZXNrdG9wLWFwcGxpY2F0aW9uczE1LXNwNy11cGRhdGVzLXg4Nl82NCJdfQ.DBi9y7coadTxsdgH9MwXFHKA7t3nW_hGlRNbV5SsH3M HTTP/1.1" 200 -
172.16.3.7 - - [15/Jun/2026:09:17:03 +0200] "GET /rhn/manager/download/sle-module-desktop-applications15-sp7-updates-x86_64/repodata/4ec1e23667b4ffe3ee8f641f0603cd4dc5d18a30eba84fc8f304dd7bb0da4b5b-updateinfo.xml.gz?eyJhbGciOiJIUzI1NiJ9.eyJqdGkiOiJCaXhidE14WnRmM2Iza1U1WlpoMGlRIiwiZXhwIjoxODEzMDQzODAzLCJpYXQiOjE3ODE1MDc4MDMsIm5iZiI6MTc4MTUwNzY4Mywib3JnIjoxLCJvbmx5Q2hhbm5lbHMiOlsic2xlLW1vZHVsZS1kZXNrdG9wLWFwcGxpY2F0aW9uczE1LXNwNy11cGRhdGVzLXg4Nl82NCJdfQ.DBi9y7coadTxsdgH9MwXFHKA7t3nW_hGlRNbV5SsH3M HTTP/1.1" 200 69195
172.16.3.7 - - [15/Jun/2026:09:17:03 +0200] "HEAD /rhn/manager/download/sle-module-devtools15-sp7-pool-x86_64/repodata/repomd.xml?eyJhbGciOiJIUzI1NiJ9.eyJqdGkiOiI5ZTlvTGRFVGtmVGQxMnZXX3hFZjhnIiwiZXhwIjoxODEzMDQzODAzLCJpYXQiOjE3ODE1MDc4MDMsIm5iZiI6MTc4MTUwNzY4Mywib3JnIjoxLCJvbmx5Q2hhbm5lbHMiOlsic2xlLW1vZHVsZS1kZXZ0b29sczE1LXNwNy1wb29sLXg4Nl82NCJdfQ._V-mmlAyeAqUWrAZsnl6wDuVOfHxDENSWIHNMGUYRXs HTTP/1.1" 200 -
172.16.3.7 - - [15/Jun/2026:09:17:03 +0200] "HEAD /rhn/manager/download/sle-module-devtools15-sp7-pool-x86_64/media.1/media?eyJhbGciOiJIUzI1NiJ9.eyJqdGkiOiI5ZTlvTGRFVGtmVGQxMnZXX3hFZjhnIiwiZXhwIjoxODEzMDQzODAzLCJpYXQiOjE3ODE1MDc4MDMsIm5iZiI6MTc4MTUwNzY4Mywib3JnIjoxLCJvbmx5Q2hhbm5lbHMiOlsic2xlLW1vZHVsZS1kZXZ0b29sczE1LXNwNy1wb29sLXg4Nl82NCJdfQ._V-mmlAyeAqUWrAZsnl6wDuVOfHxDENSWIHNMGUYRXs HTTP/1.1" 404 -
172.16.3.7 - - [15/Jun/2026:09:17:03 +0200] "HEAD /rhn/manager/download/sle-module-devtools15-sp7-pool-x86_64/repodata/repomd.xml?eyJhbGciOiJIUzI1NiJ9.eyJqdGkiOiI5ZTlvTGRFVGtmVGQxMnZXX3hFZjhnIiwiZXhwIjoxODEzMDQzODAzLCJpYXQiOjE3ODE1MDc4MDMsIm5iZiI6MTc4MTUwNzY4Mywib3JnIjoxLCJvbmx5Q2hhbm5lbHMiOlsic2xlLW1vZHVsZS1kZXZ0b29sczE1LXNwNy1wb29sLXg4Nl82NCJdfQ._V-mmlAyeAqUWrAZsnl6wDuVOfHxDENSWIHNMGUYRXs HTTP/1.1" 200 -
172.16.3.7 - - [15/Jun/2026:09:17:03 +0200] "GET /rhn/manager/download/sle-module-devtools15-sp7-pool-x86_64/repodata/repomd.xml?eyJhbGciOiJIUzI1NiJ9.eyJqdGkiOiI5ZTlvTGRFVGtmVGQxMnZXX3hFZjhnIiwiZXhwIjoxODEzMDQzODAzLCJpYXQiOjE3ODE1MDc4MDMsIm5iZiI6MTc4MTUwNzY4Mywib3JnIjoxLCJvbmx5Q2hhbm5lbHMiOlsic2xlLW1vZHVsZS1kZXZ0b29sczE1LXNwNy1wb29sLXg4Nl82NCJdfQ._V-mmlAyeAqUWrAZsnl6wDuVOfHxDENSWIHNMGUYRXs HTTP/1.1" 200 1605
172.16.3.7 - - [15/Jun/2026:09:17:04 +0200] "HEAD /rhn/manager/download/sle-module-devtools15-sp7-pool-x86_64/repodata/repomd.xml.asc?eyJhbGciOiJIUzI1NiJ9.eyJqdGkiOiI5ZTlvTGRFVGtmVGQxMnZXX3hFZjhnIiwiZXhwIjoxODEzMDQzODAzLCJpYXQiOjE3ODE1MDc4MDMsIm5iZiI6MTc4MTUwNzY4Mywib3JnIjoxLCJvbmx5Q2hhbm5lbHMiOlsic2xlLW1vZHVsZS1kZXZ0b29sczE1LXNwNy1wb29sLXg4Nl82NCJdfQ._V-mmlAyeAqUWrAZsnl6wDuVOfHxDENSWIHNMGUYRXs HTTP/1.1" 404 -
172.16.3.7 - - [15/Jun/2026:09:17:04 +0200] "HEAD /rhn/manager/download/sle-module-devtools15-sp7-pool-x86_64/repodata/bc8dd59de3ecd67d8a197237d8cfd16d09086bbd1745058ebd0c225cf8e4a152-primary.xml.gz?eyJhbGciOiJIUzI1NiJ9.eyJqdGkiOiI5ZTlvTGRFVGtmVGQxMnZXX3hFZjhnIiwiZXhwIjoxODEzMDQzODAzLCJpYXQiOjE3ODE1MDc4MDMsIm5iZiI6MTc4MTUwNzY4Mywib3JnIjoxLCJvbmx5Q2hhbm5lbHMiOlsic2xlLW1vZHVsZS1kZXZ0b29sczE1LXNwNy1wb29sLXg4Nl82NCJdfQ._V-mmlAyeAqUWrAZsnl6wDuVOfHxDENSWIHNMGUYRXs HTTP/1.1" 200 -
172.16.3.7 - - [15/Jun/2026:09:17:04 +0200] "GET /rhn/manager/download/sle-module-devtools15-sp7-pool-x86_64/repodata/bc8dd59de3ecd67d8a197237d8cfd16d09086bbd1745058ebd0c225cf8e4a152-primary.xml.gz?eyJhbGciOiJIUzI1NiJ9.eyJqdGkiOiI5ZTlvTGRFVGtmVGQxMnZXX3hFZjhnIiwiZXhwIjoxODEzMDQzODAzLCJpYXQiOjE3ODE1MDc4MDMsIm5iZiI6MTc4MTUwNzY4Mywib3JnIjoxLCJvbmx5Q2hhbm5lbHMiOlsic2xlLW1vZHVsZS1kZXZ0b29sczE1LXNwNy1wb29sLXg4Nl82NCJdfQ._V-mmlAyeAqUWrAZsnl6wDuVOfHxDENSWIHNMGUYRXs HTTP/1.1" 200 396803
172.16.3.7 - - [15/Jun/2026:09:17:04 +0200] "HEAD /rhn/manager/download/sle-module-devtools15-sp7-pool-x86_64/repodata/4cf644c8fb4668d416229e424463f767f04a36cf41632af0a071ba7b4946cde8-susedata.xml.gz?eyJhbGciOiJIUzI1NiJ9.eyJqdGkiOiI5ZTlvTGRFVGtmVGQxMnZXX3hFZjhnIiwiZXhwIjoxODEzMDQzODAzLCJpYXQiOjE3ODE1MDc4MDMsIm5iZiI6MTc4MTUwNzY4Mywib3JnIjoxLCJvbmx5Q2hhbm5lbHMiOlsic2xlLW1vZHVsZS1kZXZ0b29sczE1LXNwNy1wb29sLXg4Nl82NCJdfQ._V-mmlAyeAqUWrAZsnl6wDuVOfHxDENSWIHNMGUYRXs HTTP/1.1" 200 -
172.16.3.7 - - [15/Jun/2026:09:17:04 +0200] "GET /rhn/manager/download/sle-module-devtools15-sp7-pool-x86_64/repodata/4cf644c8fb4668d416229e424463f767f04a36cf41632af0a071ba7b4946cde8-susedata.xml.gz?eyJhbGciOiJIUzI1NiJ9.eyJqdGkiOiI5ZTlvTGRFVGtmVGQxMnZXX3hFZjhnIiwiZXhwIjoxODEzMDQzODAzLCJpYXQiOjE3ODE1MDc4MDMsIm5iZiI6MTc4MTUwNzY4Mywib3JnIjoxLCJvbmx5Q2hhbm5lbHMiOlsic2xlLW1vZHVsZS1kZXZ0b29sczE1LXNwNy1wb29sLXg4Nl82NCJdfQ._V-mmlAyeAqUWrAZsnl6wDuVOfHxDENSWIHNMGUYRXs HTTP/1.1" 200 44874
172.16.3.7 - - [15/Jun/2026:09:17:04 +0200] "HEAD /rhn/manager/download/sle-module-devtools15-sp7-updates-x86_64/repodata/repomd.xml?eyJhbGciOiJIUzI1NiJ9.eyJqdGkiOiJOVTNIWTQwSjN3cWZjbTBrTzNDd0RBIiwiZXhwIjoxODEzMDQzODAzLCJpYXQiOjE3ODE1MDc4MDMsIm5iZiI6MTc4MTUwNzY4Mywib3JnIjoxLCJvbmx5Q2hhbm5lbHMiOlsic2xlLW1vZHVsZS1kZXZ0b29sczE1LXNwNy11cGRhdGVzLXg4Nl82NCJdfQ.PphcySiWej5X0M58dqOfvHhpi7pn_Whj-YjTTNP4uAw HTTP/1.1" 200 -
172.16.3.7 - - [15/Jun/2026:09:17:04 +0200] "HEAD /rhn/manager/download/sle-module-devtools15-sp7-updates-x86_64/media.1/media?eyJhbGciOiJIUzI1NiJ9.eyJqdGkiOiJOVTNIWTQwSjN3cWZjbTBrTzNDd0RBIiwiZXhwIjoxODEzMDQzODAzLCJpYXQiOjE3ODE1MDc4MDMsIm5iZiI6MTc4MTUwNzY4Mywib3JnIjoxLCJvbmx5Q2hhbm5lbHMiOlsic2xlLW1vZHVsZS1kZXZ0b29sczE1LXNwNy11cGRhdGVzLXg4Nl82NCJdfQ.PphcySiWej5X0M58dqOfvHhpi7pn_Whj-YjTTNP4uAw HTTP/1.1" 404 -
172.16.3.7 - - [15/Jun/2026:09:17:05 +0200] "HEAD /rhn/manager/download/sle-module-devtools15-sp7-updates-x86_64/repodata/repomd.xml?eyJhbGciOiJIUzI1NiJ9.eyJqdGkiOiJOVTNIWTQwSjN3cWZjbTBrTzNDd0RBIiwiZXhwIjoxODEzMDQzODAzLCJpYXQiOjE3ODE1MDc4MDMsIm5iZiI6MTc4MTUwNzY4Mywib3JnIjoxLCJvbmx5Q2hhbm5lbHMiOlsic2xlLW1vZHVsZS1kZXZ0b29sczE1LXNwNy11cGRhdGVzLXg4Nl82NCJdfQ.PphcySiWej5X0M58dqOfvHhpi7pn_Whj-YjTTNP4uAw HTTP/1.1" 200 -
172.16.3.5 - - [15/Jun/2026:09:16:52 +0200] "GET /rhn/websocket/notifications HTTP/1.1" 101 -
172.16.3.7 - - [15/Jun/2026:09:17:05 +0200] "GET /rhn/manager/download/sle-module-devtools15-sp7-updates-x86_64/repodata/repomd.xml?eyJhbGciOiJIUzI1NiJ9.eyJqdGkiOiJOVTNIWTQwSjN3cWZjbTBrTzNDd0RBIiwiZXhwIjoxODEzMDQzODAzLCJpYXQiOjE3ODE1MDc4MDMsIm5iZiI6MTc4MTUwNzY4Mywib3JnIjoxLCJvbmx5Q2hhbm5lbHMiOlsic2xlLW1vZHVsZS1kZXZ0b29sczE1LXNwNy11cGRhdGVzLXg4Nl82NCJdfQ.PphcySiWej5X0M58dqOfvHhpi7pn_Whj-YjTTNP4uAw HTTP/1.1" 200 1987
::1 - - [15/Jun/2026:09:17:05 +0200] "OPTIONS * HTTP/1.0" 200 - "-" "Apache/2.4.66 (Linux/SUSE) OpenSSL/3.5.0 mod_wsgi/5.0.2 Python/3.13 (internal dummy connection)"
172.16.3.5 - - [15/Jun/2026:09:17:05 +0200] "GET /rhn/manager/systems/list/all HTTP/1.1" 200 5369
172.16.3.5 - - [15/Jun/2026:09:16:52 +0200] "GET /rhn/websocket/notifications HTTP/1.1" 101 -
172.16.3.7 - - [15/Jun/2026:09:17:05 +0200] "HEAD /rhn/manager/download/sle-module-devtools15-sp7-updates-x86_64/repodata/repomd.xml.asc?eyJhbGciOiJIUzI1NiJ9.eyJqdGkiOiJOVTNIWTQwSjN3cWZjbTBrTzNDd0RBIiwiZXhwIjoxODEzMDQzODAzLCJpYXQiOjE3ODE1MDc4MDMsIm5iZiI6MTc4MTUwNzY4Mywib3JnIjoxLCJvbmx5Q2hhbm5lbHMiOlsic2xlLW1vZHVsZS1kZXZ0b29sczE1LXNwNy11cGRhdGVzLXg4Nl82NCJdfQ.PphcySiWej5X0M58dqOfvHhpi7pn_Whj-YjTTNP4uAw HTTP/1.1" 404 -
172.16.3.5 - - [15/Jun/2026:09:17:05 +0200] "POST /rhn/manager/frontend-log HTTP/1.1" 200 42
172.16.3.7 - - [15/Jun/2026:09:17:05 +0200] "HEAD /rhn/manager/download/sle-module-devtools15-sp7-updates-x86_64/repodata/23ead587fa4ab073d57d30be19946619c89fbfb63f3bfaa3c16edc0121f3f1a4-primary.xml.gz?eyJhbGciOiJIUzI1NiJ9.eyJqdGkiOiJOVTNIWTQwSjN3cWZjbTBrTzNDd0RBIiwiZXhwIjoxODEzMDQzODAzLCJpYXQiOjE3ODE1MDc4MDMsIm5iZiI6MTc4MTUwNzY4Mywib3JnIjoxLCJvbmx5Q2hhbm5lbHMiOlsic2xlLW1vZHVsZS1kZXZ0b29sczE1LXNwNy11cGRhdGVzLXg4Nl82NCJdfQ.PphcySiWej5X0M58dqOfvHhpi7pn_Whj-YjTTNP4uAw HTTP/1.1" 200 -
172.16.3.5 - - [15/Jun/2026:09:17:05 +0200] "POST /rhn/manager/frontend-log HTTP/1.1" 200 42
172.16.3.7 - - [15/Jun/2026:09:17:05 +0200] "GET /rhn/manager/download/sle-module-devtools15-sp7-updates-x86_64/repodata/23ead587fa4ab073d57d30be19946619c89fbfb63f3bfaa3c16edc0121f3f1a4-primary.xml.gz?eyJhbGciOiJIUzI1NiJ9.eyJqdGkiOiJOVTNIWTQwSjN3cWZjbTBrTzNDd0RBIiwiZXhwIjoxODEzMDQzODAzLCJpYXQiOjE3ODE1MDc4MDMsIm5iZiI6MTc4MTUwNzY4Mywib3JnIjoxLCJvbmx5Q2hhbm5lbHMiOlsic2xlLW1vZHVsZS1kZXZ0b29sczE1LXNwNy11cGRhdGVzLXg4Nl82NCJdfQ.PphcySiWej5X0M58dqOfvHhpi7pn_Whj-YjTTNP4uAw HTTP/1.1" 200 288513
172.16.3.7 - - [15/Jun/2026:09:17:06 +0200] "HEAD /rhn/manager/download/sle-module-devtools15-sp7-updates-x86_64/repodata/ff39792dff8b966a9fb17d7554215c54d19f2e70aad275a625cf12b21e857ac1-susedata.xml.gz?eyJhbGciOiJIUzI1NiJ9.eyJqdGkiOiJOVTNIWTQwSjN3cWZjbTBrTzNDd0RBIiwiZXhwIjoxODEzMDQzODAzLCJpYXQiOjE3ODE1MDc4MDMsIm5iZiI6MTc4MTUwNzY4Mywib3JnIjoxLCJvbmx5Q2hhbm5lbHMiOlsic2xlLW1vZHVsZS1kZXZ0b29sczE1LXNwNy11cGRhdGVzLXg4Nl82NCJdfQ.PphcySiWej5X0M58dqOfvHhpi7pn_Whj-YjTTNP4uAw HTTP/1.1" 200 -
::1 - - [15/Jun/2026:09:17:06 +0200] "OPTIONS * HTTP/1.0" 200 - "-" "Apache/2.4.66 (Linux/SUSE) OpenSSL/3.5.0 mod_wsgi/5.0.2 Python/3.13 (internal dummy connection)"
172.16.3.5 - - [15/Jun/2026:09:17:05 +0200] "GET /rhn/manager/api/systems/list/all?p=1&ps=100&s=1&sc=server_name HTTP/1.1" 200 812
172.16.3.5 - - [15/Jun/2026:09:17:06 +0200] "POST /rhn/manager/api/sets/system_list HTTP/1.1" 200 27
172.16.3.7 - - [15/Jun/2026:09:17:06 +0200] "GET /rhn/manager/download/sle-module-devtools15-sp7-updates-x86_64/repodata/ff39792dff8b966a9fb17d7554215c54d19f2e70aad275a625cf12b21e857ac1-susedata.xml.gz?eyJhbGciOiJIUzI1NiJ9.eyJqdGkiOiJOVTNIWTQwSjN3cWZjbTBrTzNDd0RBIiwiZXhwIjoxODEzMDQzODAzLCJpYXQiOjE3ODE1MDc4MDMsIm5iZiI6MTc4MTUwNzY4Mywib3JnIjoxLCJvbmx5Q2hhbm5lbHMiOlsic2xlLW1vZHVsZS1kZXZ0b29sczE1LXNwNy11cGRhdGVzLXg4Nl82NCJdfQ.PphcySiWej5X0M58dqOfvHhpi7pn_Whj-YjTTNP4uAw HTTP/1.1" 200 28215
172.16.3.7 - - [15/Jun/2026:09:17:06 +0200] "HEAD /rhn/manager/download/sle-module-devtools15-sp7-updates-x86_64/repodata/2fd3317db155b852429e436cda42dcb37832f4c7956a0c8aea7781dcfeca2486-updateinfo.xml.gz?eyJhbGciOiJIUzI1NiJ9.eyJqdGkiOiJOVTNIWTQwSjN3cWZjbTBrTzNDd0RBIiwiZXhwIjoxODEzMDQzODAzLCJpYXQiOjE3ODE1MDc4MDMsIm5iZiI6MTc4MTUwNzY4Mywib3JnIjoxLCJvbmx5Q2hhbm5lbHMiOlsic2xlLW1vZHVsZS1kZXZ0b29sczE1LXNwNy11cGRhdGVzLXg4Nl82NCJdfQ.PphcySiWej5X0M58dqOfvHhpi7pn_Whj-YjTTNP4uAw HTTP/1.1" 200 -
172.16.3.7 - - [15/Jun/2026:09:17:06 +0200] "GET /rhn/manager/download/sle-module-devtools15-sp7-updates-x86_64/repodata/2fd3317db155b852429e436cda42dcb37832f4c7956a0c8aea7781dcfeca2486-updateinfo.xml.gz?eyJhbGciOiJIUzI1NiJ9.eyJqdGkiOiJOVTNIWTQwSjN3cWZjbTBrTzNDd0RBIiwiZXhwIjoxODEzMDQzODAzLCJpYXQiOjE3ODE1MDc4MDMsIm5iZiI6MTc4MTUwNzY4Mywib3JnIjoxLCJvbmx5Q2hhbm5lbHMiOlsic2xlLW1vZHVsZS1kZXZ0b29sczE1LXNwNy11cGRhdGVzLXg4Nl82NCJdfQ.PphcySiWej5X0M58dqOfvHhpi7pn_Whj-YjTTNP4uAw HTTP/1.1" 200 267572
::1 - - [15/Jun/2026:09:17:07 +0200] "OPTIONS * HTTP/1.0" 200 - "-" "Apache/2.4.66 (Linux/SUSE) OpenSSL/3.5.0 mod_wsgi/5.0.2 Python/3.13 (internal dummy connection)"
172.16.3.7 - - [15/Jun/2026:09:17:07 +0200] "HEAD /rhn/manager/download/sle-module-python3-15-sp7-pool-x86_64/repodata/repomd.xml?eyJhbGciOiJIUzI1NiJ9.eyJqdGkiOiJrYjd5cnF6WXhyQVBKNVJNOVV2eWhRIiwiZXhwIjoxODEzMDQzODAzLCJpYXQiOjE3ODE1MDc4MDMsIm5iZiI6MTc4MTUwNzY4Mywib3JnIjoxLCJvbmx5Q2hhbm5lbHMiOlsic2xlLW1vZHVsZS1weXRob24zLTE1LXNwNy1wb29sLXg4Nl82NCJdfQ.Yjhwq7pEWGVTBynMcyfdzPpeDCCPEHPlL0oRbZv5Btc HTTP/1.1" 200 -
172.16.3.7 - - [15/Jun/2026:09:17:07 +0200] "HEAD /rhn/manager/download/sle-module-python3-15-sp7-pool-x86_64/media.1/media?eyJhbGciOiJIUzI1NiJ9.eyJqdGkiOiJrYjd5cnF6WXhyQVBKNVJNOVV2eWhRIiwiZXhwIjoxODEzMDQzODAzLCJpYXQiOjE3ODE1MDc4MDMsIm5iZiI6MTc4MTUwNzY4Mywib3JnIjoxLCJvbmx5Q2hhbm5lbHMiOlsic2xlLW1vZHVsZS1weXRob24zLTE1LXNwNy1wb29sLXg4Nl82NCJdfQ.Yjhwq7pEWGVTBynMcyfdzPpeDCCPEHPlL0oRbZv5Btc HTTP/1.1" 404 -
172.16.3.7 - - [15/Jun/2026:09:17:07 +0200] "HEAD /rhn/manager/download/sle-module-python3-15-sp7-pool-x86_64/repodata/repomd.xml?eyJhbGciOiJIUzI1NiJ9.eyJqdGkiOiJrYjd5cnF6WXhyQVBKNVJNOVV2eWhRIiwiZXhwIjoxODEzMDQzODAzLCJpYXQiOjE3ODE1MDc4MDMsIm5iZiI6MTc4MTUwNzY4Mywib3JnIjoxLCJvbmx5Q2hhbm5lbHMiOlsic2xlLW1vZHVsZS1weXRob24zLTE1LXNwNy1wb29sLXg4Nl82NCJdfQ.Yjhwq7pEWGVTBynMcyfdzPpeDCCPEHPlL0oRbZv5Btc HTTP/1.1" 200 -
172.16.3.7 - - [15/Jun/2026:09:17:07 +0200] "GET /rhn/manager/download/sle-module-python3-15-sp7-pool-x86_64/repodata/repomd.xml?eyJhbGciOiJIUzI1NiJ9.eyJqdGkiOiJrYjd5cnF6WXhyQVBKNVJNOVV2eWhRIiwiZXhwIjoxODEzMDQzODAzLCJpYXQiOjE3ODE1MDc4MDMsIm5iZiI6MTc4MTUwNzY4Mywib3JnIjoxLCJvbmx5Q2hhbm5lbHMiOlsic2xlLW1vZHVsZS1weXRob24zLTE1LXNwNy1wb29sLXg4Nl82NCJdfQ.Yjhwq7pEWGVTBynMcyfdzPpeDCCPEHPlL0oRbZv5Btc HTTP/1.1" 200 1605
172.16.3.7 - - [15/Jun/2026:09:17:07 +0200] "HEAD /rhn/manager/download/sle-module-python3-15-sp7-pool-x86_64/repodata/repomd.xml.asc?eyJhbGciOiJIUzI1NiJ9.eyJqdGkiOiJrYjd5cnF6WXhyQVBKNVJNOVV2eWhRIiwiZXhwIjoxODEzMDQzODAzLCJpYXQiOjE3ODE1MDc4MDMsIm5iZiI6MTc4MTUwNzY4Mywib3JnIjoxLCJvbmx5Q2hhbm5lbHMiOlsic2xlLW1vZHVsZS1weXRob24zLTE1LXNwNy1wb29sLXg4Nl82NCJdfQ.Yjhwq7pEWGVTBynMcyfdzPpeDCCPEHPlL0oRbZv5Btc HTTP/1.1" 404 -
172.16.3.5 - - [15/Jun/2026:09:16:54 +0200] "GET /rhn/websocket/notifications HTTP/1.1" 101 -
172.16.3.7 - - [15/Jun/2026:09:17:07 +0200] "HEAD /rhn/manager/download/sle-module-python3-15-sp7-pool-x86_64/repodata/513e0129d2617fab179ba45ce3d3294e5c9c4793e5b28779a83031d05db48a2e-primary.xml.gz?eyJhbGciOiJIUzI1NiJ9.eyJqdGkiOiJrYjd5cnF6WXhyQVBKNVJNOVV2eWhRIiwiZXhwIjoxODEzMDQzODAzLCJpYXQiOjE3ODE1MDc4MDMsIm5iZiI6MTc4MTUwNzY4Mywib3JnIjoxLCJvbmx5Q2hhbm5lbHMiOlsic2xlLW1vZHVsZS1weXRob24zLTE1LXNwNy1wb29sLXg4Nl82NCJdfQ.Yjhwq7pEWGVTBynMcyfdzPpeDCCPEHPlL0oRbZv5Btc HTTP/1.1" 200 -
172.16.3.7 - - [15/Jun/2026:09:17:08 +0200] "GET /rhn/manager/download/sle-module-python3-15-sp7-pool-x86_64/repodata/513e0129d2617fab179ba45ce3d3294e5c9c4793e5b28779a83031d05db48a2e-primary.xml.gz?eyJhbGciOiJIUzI1NiJ9.eyJqdGkiOiJrYjd5cnF6WXhyQVBKNVJNOVV2eWhRIiwiZXhwIjoxODEzMDQzODAzLCJpYXQiOjE3ODE1MDc4MDMsIm5iZiI6MTc4MTUwNzY4Mywib3JnIjoxLCJvbmx5Q2hhbm5lbHMiOlsic2xlLW1vZHVsZS1weXRob24zLTE1LXNwNy1wb29sLXg4Nl82NCJdfQ.Yjhwq7pEWGVTBynMcyfdzPpeDCCPEHPlL0oRbZv5Btc HTTP/1.1" 200 167068
172.16.3.5 - - [15/Jun/2026:09:17:07 +0200] "GET /rhn/manager/systems/list/all HTTP/1.1" 200 5364
172.16.3.5 - - [15/Jun/2026:09:16:55 +0200] "GET /rhn/websocket/notifications HTTP/1.1" 101 -
172.16.3.7 - - [15/Jun/2026:09:17:08 +0200] "HEAD /rhn/manager/download/sle-module-python3-15-sp7-pool-x86_64/repodata/6cbccd8a0132763a2fc5db747d7ded7c70858fadad25393bdd1a643af1c7b944-susedata.xml.gz?eyJhbGciOiJIUzI1NiJ9.eyJqdGkiOiJrYjd5cnF6WXhyQVBKNVJNOVV2eWhRIiwiZXhwIjoxODEzMDQzODAzLCJpYXQiOjE3ODE1MDc4MDMsIm5iZiI6MTc4MTUwNzY4Mywib3JnIjoxLCJvbmx5Q2hhbm5lbHMiOlsic2xlLW1vZHVsZS1weXRob24zLTE1LXNwNy1wb29sLXg4Nl82NCJdfQ.Yjhwq7pEWGVTBynMcyfdzPpeDCCPEHPlL0oRbZv5Btc HTTP/1.1" 200 -
::1 - - [15/Jun/2026:09:17:08 +0200] "OPTIONS * HTTP/1.0" 200 - "-" "Apache/2.4.66 (Linux/SUSE) OpenSSL/3.5.0 mod_wsgi/5.0.2 Python/3.13 (internal dummy connection)"
172.16.3.5 - - [15/Jun/2026:09:17:08 +0200] "POST /rhn/manager/frontend-log HTTP/1.1" 200 42
172.16.3.7 - - [15/Jun/2026:09:17:08 +0200] "GET /rhn/manager/download/sle-module-python3-15-sp7-pool-x86_64/repodata/6cbccd8a0132763a2fc5db747d7ded7c70858fadad25393bdd1a643af1c7b944-susedata.xml.gz?eyJhbGciOiJIUzI1NiJ9.eyJqdGkiOiJrYjd5cnF6WXhyQVBKNVJNOVV2eWhRIiwiZXhwIjoxODEzMDQzODAzLCJpYXQiOjE3ODE1MDc4MDMsIm5iZiI6MTc4MTUwNzY4Mywib3JnIjoxLCJvbmx5Q2hhbm5lbHMiOlsic2xlLW1vZHVsZS1weXRob24zLTE1LXNwNy1wb29sLXg4Nl82NCJdfQ.Yjhwq7pEWGVTBynMcyfdzPpeDCCPEHPlL0oRbZv5Btc HTTP/1.1" 200 28998
172.16.3.5 - - [15/Jun/2026:09:17:08 +0200] "POST /rhn/manager/frontend-log HTTP/1.1" 200 42
172.16.3.7 - - [15/Jun/2026:09:17:08 +0200] "HEAD /rhn/manager/download/sle-module-python3-15-sp7-updates-x86_64/repodata/repomd.xml?eyJhbGciOiJIUzI1NiJ9.eyJqdGkiOiJMUFpXZjVJeDdtNkE0bGJnWlNBSi1nIiwiZXhwIjoxODEzMDQzODAzLCJpYXQiOjE3ODE1MDc4MDMsIm5iZiI6MTc4MTUwNzY4Mywib3JnIjoxLCJvbmx5Q2hhbm5lbHMiOlsic2xlLW1vZHVsZS1weXRob24zLTE1LXNwNy11cGRhdGVzLXg4Nl82NCJdfQ.oQrjoJ811FsViMYfdpc3BF9lcoP4_NIcbax8Y2t0MBo HTTP/1.1" 200 -
172.16.3.5 - - [15/Jun/2026:09:17:08 +0200] "GET /rhn/manager/api/systems/list/all?p=1&ps=100&s=1&sc=server_name HTTP/1.1" 200 812
172.16.3.7 - - [15/Jun/2026:09:17:08 +0200] "HEAD /rhn/manager/download/sle-module-python3-15-sp7-updates-x86_64/media.1/media?eyJhbGciOiJIUzI1NiJ9.eyJqdGkiOiJMUFpXZjVJeDdtNkE0bGJnWlNBSi1nIiwiZXhwIjoxODEzMDQzODAzLCJpYXQiOjE3ODE1MDc4MDMsIm5iZiI6MTc4MTUwNzY4Mywib3JnIjoxLCJvbmx5Q2hhbm5lbHMiOlsic2xlLW1vZHVsZS1weXRob24zLTE1LXNwNy11cGRhdGVzLXg4Nl82NCJdfQ.oQrjoJ811FsViMYfdpc3BF9lcoP4_NIcbax8Y2t0MBo HTTP/1.1" 404 -
172.16.3.5 - - [15/Jun/2026:09:17:08 +0200] "POST /rhn/manager/api/sets/system_list HTTP/1.1" 200 27
172.16.3.7 - - [15/Jun/2026:09:17:08 +0200] "HEAD /rhn/manager/download/sle-module-python3-15-sp7-updates-x86_64/repodata/repomd.xml?eyJhbGciOiJIUzI1NiJ9.eyJqdGkiOiJMUFpXZjVJeDdtNkE0bGJnWlNBSi1nIiwiZXhwIjoxODEzMDQzODAzLCJpYXQiOjE3ODE1MDc4MDMsIm5iZiI6MTc4MTUwNzY4Mywib3JnIjoxLCJvbmx5Q2hhbm5lbHMiOlsic2xlLW1vZHVsZS1weXRob24zLTE1LXNwNy11cGRhdGVzLXg4Nl82NCJdfQ.oQrjoJ811FsViMYfdpc3BF9lcoP4_NIcbax8Y2t0MBo HTTP/1.1" 200 -
172.16.3.7 - - [15/Jun/2026:09:17:09 +0200] "GET /rhn/manager/download/sle-module-python3-15-sp7-updates-x86_64/repodata/repomd.xml?eyJhbGciOiJIUzI1NiJ9.eyJqdGkiOiJMUFpXZjVJeDdtNkE0bGJnWlNBSi1nIiwiZXhwIjoxODEzMDQzODAzLCJpYXQiOjE3ODE1MDc4MDMsIm5iZiI6MTc4MTUwNzY4Mywib3JnIjoxLCJvbmx5Q2hhbm5lbHMiOlsic2xlLW1vZHVsZS1weXRob24zLTE1LXNwNy11cGRhdGVzLXg4Nl82NCJdfQ.oQrjoJ811FsViMYfdpc3BF9lcoP4_NIcbax8Y2t0MBo HTTP/1.1" 200 1987
172.16.3.7 - - [15/Jun/2026:09:17:09 +0200] "HEAD /rhn/manager/download/sle-module-python3-15-sp7-updates-x86_64/repodata/repomd.xml.asc?eyJhbGciOiJIUzI1NiJ9.eyJqdGkiOiJMUFpXZjVJeDdtNkE0bGJnWlNBSi1nIiwiZXhwIjoxODEzMDQzODAzLCJpYXQiOjE3ODE1MDc4MDMsIm5iZiI6MTc4MTUwNzY4Mywib3JnIjoxLCJvbmx5Q2hhbm5lbHMiOlsic2xlLW1vZHVsZS1weXRob24zLTE1LXNwNy11cGRhdGVzLXg4Nl82NCJdfQ.oQrjoJ811FsViMYfdpc3BF9lcoP4_NIcbax8Y2t0MBo HTTP/1.1" 404 -
172.16.3.7 - - [15/Jun/2026:09:17:09 +0200] "HEAD /rhn/manager/download/sle-module-python3-15-sp7-updates-x86_64/repodata/5f5456ec08886eb69d497cc44933c804691a4575693034d2e4ebd287995da87c-primary.xml.gz?eyJhbGciOiJIUzI1NiJ9.eyJqdGkiOiJMUFpXZjVJeDdtNkE0bGJnWlNBSi1nIiwiZXhwIjoxODEzMDQzODAzLCJpYXQiOjE3ODE1MDc4MDMsIm5iZiI6MTc4MTUwNzY4Mywib3JnIjoxLCJvbmx5Q2hhbm5lbHMiOlsic2xlLW1vZHVsZS1weXRob24zLTE1LXNwNy11cGRhdGVzLXg4Nl82NCJdfQ.oQrjoJ811FsViMYfdpc3BF9lcoP4_NIcbax8Y2t0MBo HTTP/1.1" 200 -
172.16.3.7 - - [15/Jun/2026:09:17:09 +0200] "GET /rhn/manager/download/sle-module-python3-15-sp7-updates-x86_64/repodata/5f5456ec08886eb69d497cc44933c804691a4575693034d2e4ebd287995da87c-primary.xml.gz?eyJhbGciOiJIUzI1NiJ9.eyJqdGkiOiJMUFpXZjVJeDdtNkE0bGJnWlNBSi1nIiwiZXhwIjoxODEzMDQzODAzLCJpYXQiOjE3ODE1MDc4MDMsIm5iZiI6MTc4MTUwNzY4Mywib3JnIjoxLCJvbmx5Q2hhbm5lbHMiOlsic2xlLW1vZHVsZS1weXRob24zLTE1LXNwNy11cGRhdGVzLXg4Nl82NCJdfQ.oQrjoJ811FsViMYfdpc3BF9lcoP4_NIcbax8Y2t0MBo HTTP/1.1" 200 72783
172.16.3.7 - - [15/Jun/2026:09:17:09 +0200] "HEAD /rhn/manager/download/sle-module-python3-15-sp7-updates-x86_64/repodata/6e26f0350ac47c114e66dad4c15c6d1e4bc091e4c3f40dc648cacd80fe2a8d7d-susedata.xml.gz?eyJhbGciOiJIUzI1NiJ9.eyJqdGkiOiJMUFpXZjVJeDdtNkE0bGJnWlNBSi1nIiwiZXhwIjoxODEzMDQzODAzLCJpYXQiOjE3ODE1MDc4MDMsIm5iZiI6MTc4MTUwNzY4Mywib3JnIjoxLCJvbmx5Q2hhbm5lbHMiOlsic2xlLW1vZHVsZS1weXRob24zLTE1LXNwNy11cGRhdGVzLXg4Nl82NCJdfQ.oQrjoJ811FsViMYfdpc3BF9lcoP4_NIcbax8Y2t0MBo HTTP/1.1" 200 -
172.16.3.7 - - [15/Jun/2026:09:17:09 +0200] "GET /rhn/manager/download/sle-module-python3-15-sp7-updates-x86_64/repodata/6e26f0350ac47c114e66dad4c15c6d1e4bc091e4c3f40dc648cacd80fe2a8d7d-susedata.xml.gz?eyJhbGciOiJIUzI1NiJ9.eyJqdGkiOiJMUFpXZjVJeDdtNkE0bGJnWlNBSi1nIiwiZXhwIjoxODEzMDQzODAzLCJpYXQiOjE3ODE1MDc4MDMsIm5iZiI6MTc4MTUwNzY4Mywib3JnIjoxLCJvbmx5Q2hhbm5lbHMiOlsic2xlLW1vZHVsZS1weXRob24zLTE1LXNwNy11cGRhdGVzLXg4Nl82NCJdfQ.oQrjoJ811FsViMYfdpc3BF9lcoP4_NIcbax8Y2t0MBo HTTP/1.1" 200 11899
172.16.3.7 - - [15/Jun/2026:09:17:09 +0200] "HEAD /rhn/manager/download/sle-module-python3-15-sp7-updates-x86_64/repodata/79d231f77788454e810df0e0a0ab6630248046be36012170e8fe080921534dc7-updateinfo.xml.gz?eyJhbGciOiJIUzI1NiJ9.eyJqdGkiOiJMUFpXZjVJeDdtNkE0bGJnWlNBSi1nIiwiZXhwIjoxODEzMDQzODAzLCJpYXQiOjE3ODE1MDc4MDMsIm5iZiI6MTc4MTUwNzY4Mywib3JnIjoxLCJvbmx5Q2hhbm5lbHMiOlsic2xlLW1vZHVsZS1weXRob24zLTE1LXNwNy11cGRhdGVzLXg4Nl82NCJdfQ.oQrjoJ811FsViMYfdpc3BF9lcoP4_NIcbax8Y2t0MBo HTTP/1.1" 200 -
172.16.3.5 - - [15/Jun/2026:09:16:56 +0200] "GET /rhn/websocket/notifications HTTP/1.1" 101 -
172.16.3.7 - - [15/Jun/2026:09:17:09 +0200] "GET /rhn/manager/download/sle-module-python3-15-sp7-updates-x86_64/repodata/79d231f77788454e810df0e0a0ab6630248046be36012170e8fe080921534dc7-updateinfo.xml.gz?eyJhbGciOiJIUzI1NiJ9.eyJqdGkiOiJMUFpXZjVJeDdtNkE0bGJnWlNBSi1nIiwiZXhwIjoxODEzMDQzODAzLCJpYXQiOjE3ODE1MDc4MDMsIm5iZiI6MTc4MTUwNzY4Mywib3JnIjoxLCJvbmx5Q2hhbm5lbHMiOlsic2xlLW1vZHVsZS1weXRob24zLTE1LXNwNy11cGRhdGVzLXg4Nl82NCJdfQ.oQrjoJ811FsViMYfdpc3BF9lcoP4_NIcbax8Y2t0MBo HTTP/1.1" 200 43890
172.16.3.5 - - [15/Jun/2026:09:17:09 +0200] "GET /rhn/manager/systems/list/all HTTP/1.1" 200 5366
172.16.3.5 - - [15/Jun/2026:09:16:56 +0200] "GET /rhn/websocket/notifications HTTP/1.1" 101 -
172.16.3.7 - - [15/Jun/2026:09:17:10 +0200] "HEAD /rhn/manager/download/sle-module-server-applications15-sp7-pool-x86_64/repodata/repomd.xml?eyJhbGciOiJIUzI1NiJ9.eyJqdGkiOiJXZzFiNFhBbHVEcm9takN0UE9pdS1RIiwiZXhwIjoxODEzMDQzODAzLCJpYXQiOjE3ODE1MDc4MDMsIm5iZiI6MTc4MTUwNzY4Mywib3JnIjoxLCJvbmx5Q2hhbm5lbHMiOlsic2xlLW1vZHVsZS1zZXJ2ZXItYXBwbGljYXRpb25zMTUtc3A3LXBvb2wteDg2XzY0Il19.XjIBY5PaiIcENvaUyCA1EAxl1TQHXgIAGgQHt4-TpdQ HTTP/1.1" 200 -
172.16.3.5 - - [15/Jun/2026:09:17:09 +0200] "POST /rhn/manager/frontend-log HTTP/1.1" 200 42
172.16.3.7 - - [15/Jun/2026:09:17:10 +0200] "HEAD /rhn/manager/download/sle-module-server-applications15-sp7-pool-x86_64/media.1/media?eyJhbGciOiJIUzI1NiJ9.eyJqdGkiOiJXZzFiNFhBbHVEcm9takN0UE9pdS1RIiwiZXhwIjoxODEzMDQzODAzLCJpYXQiOjE3ODE1MDc4MDMsIm5iZiI6MTc4MTUwNzY4Mywib3JnIjoxLCJvbmx5Q2hhbm5lbHMiOlsic2xlLW1vZHVsZS1zZXJ2ZXItYXBwbGljYXRpb25zMTUtc3A3LXBvb2wteDg2XzY0Il19.XjIBY5PaiIcENvaUyCA1EAxl1TQHXgIAGgQHt4-TpdQ HTTP/1.1" 404 -
172.16.3.5 - - [15/Jun/2026:09:17:10 +0200] "POST /rhn/manager/frontend-log HTTP/1.1" 200 42
172.16.3.7 - - [15/Jun/2026:09:17:10 +0200] "HEAD /rhn/manager/download/sle-module-server-applications15-sp7-pool-x86_64/repodata/repomd.xml?eyJhbGciOiJIUzI1NiJ9.eyJqdGkiOiJXZzFiNFhBbHVEcm9takN0UE9pdS1RIiwiZXhwIjoxODEzMDQzODAzLCJpYXQiOjE3ODE1MDc4MDMsIm5iZiI6MTc4MTUwNzY4Mywib3JnIjoxLCJvbmx5Q2hhbm5lbHMiOlsic2xlLW1vZHVsZS1zZXJ2ZXItYXBwbGljYXRpb25zMTUtc3A3LXBvb2wteDg2XzY0Il19.XjIBY5PaiIcENvaUyCA1EAxl1TQHXgIAGgQHt4-TpdQ HTTP/1.1" 200 -
172.16.3.7 - - [15/Jun/2026:09:17:10 +0200] "GET /rhn/manager/download/sle-module-server-applications15-sp7-pool-x86_64/repodata/repomd.xml?eyJhbGciOiJIUzI1NiJ9.eyJqdGkiOiJXZzFiNFhBbHVEcm9takN0UE9pdS1RIiwiZXhwIjoxODEzMDQzODAzLCJpYXQiOjE3ODE1MDc4MDMsIm5iZiI6MTc4MTUwNzY4Mywib3JnIjoxLCJvbmx5Q2hhbm5lbHMiOlsic2xlLW1vZHVsZS1zZXJ2ZXItYXBwbGljYXRpb25zMTUtc3A3LXBvb2wteDg2XzY0Il19.XjIBY5PaiIcENvaUyCA1EAxl1TQHXgIAGgQHt4-TpdQ HTTP/1.1" 200 1605
172.16.3.5 - - [15/Jun/2026:09:17:10 +0200] "GET /rhn/manager/api/systems/list/all?p=1&ps=100&s=1&sc=server_name HTTP/1.1" 200 812
172.16.3.5 - - [15/Jun/2026:09:17:00 +0200] "GET /rhn/websocket/notifications HTTP/1.1" 101 -
172.16.3.7 - - [15/Jun/2026:09:17:10 +0200] "HEAD /rhn/manager/download/sle-module-server-applications15-sp7-pool-x86_64/repodata/repomd.xml.asc?eyJhbGciOiJIUzI1NiJ9.eyJqdGkiOiJXZzFiNFhBbHVEcm9takN0UE9pdS1RIiwiZXhwIjoxODEzMDQzODAzLCJpYXQiOjE3ODE1MDc4MDMsIm5iZiI6MTc4MTUwNzY4Mywib3JnIjoxLCJvbmx5Q2hhbm5lbHMiOlsic2xlLW1vZHVsZS1zZXJ2ZXItYXBwbGljYXRpb25zMTUtc3A3LXBvb2wteDg2XzY0Il19.XjIBY5PaiIcENvaUyCA1EAxl1TQHXgIAGgQHt4-TpdQ HTTP/1.1" 404 -
172.16.3.5 - - [15/Jun/2026:09:17:10 +0200] "POST /rhn/manager/api/sets/system_list HTTP/1.1" 200 27
172.16.3.7 - - [15/Jun/2026:09:17:10 +0200] "HEAD /rhn/manager/download/sle-module-server-applications15-sp7-pool-x86_64/repodata/861bae467e473a43e37e45661e88221d11c597442881f65e81b6cbfe9fc096a7-primary.xml.gz?eyJhbGciOiJIUzI1NiJ9.eyJqdGkiOiJXZzFiNFhBbHVEcm9takN0UE9pdS1RIiwiZXhwIjoxODEzMDQzODAzLCJpYXQiOjE3ODE1MDc4MDMsIm5iZiI6MTc4MTUwNzY4Mywib3JnIjoxLCJvbmx5Q2hhbm5lbHMiOlsic2xlLW1vZHVsZS1zZXJ2ZXItYXBwbGljYXRpb25zMTUtc3A3LXBvb2wteDg2XzY0Il19.XjIBY5PaiIcENvaUyCA1EAxl1TQHXgIAGgQHt4-TpdQ HTTP/1.1" 200 -
172.16.3.5 - - [15/Jun/2026:09:17:10 +0200] "GET /rhn/manager/systems/list/all HTTP/1.1" 200 5369
172.16.3.5 - - [15/Jun/2026:09:17:10 +0200] "GET /img/favicon.ico?q=0.7841046008399553 HTTP/1.1" 200 1150
172.16.3.7 - - [15/Jun/2026:09:17:10 +0200] "GET /rhn/manager/download/sle-module-server-applications15-sp7-pool-x86_64/repodata/861bae467e473a43e37e45661e88221d11c597442881f65e81b6cbfe9fc096a7-primary.xml.gz?eyJhbGciOiJIUzI1NiJ9.eyJqdGkiOiJXZzFiNFhBbHVEcm9takN0UE9pdS1RIiwiZXhwIjoxODEzMDQzODAzLCJpYXQiOjE3ODE1MDc4MDMsIm5iZiI6MTc4MTUwNzY4Mywib3JnIjoxLCJvbmx5Q2hhbm5lbHMiOlsic2xlLW1vZHVsZS1zZXJ2ZXItYXBwbGljYXRpb25zMTUtc3A3LXBvb2wteDg2XzY0Il19.XjIBY5PaiIcENvaUyCA1EAxl1TQHXgIAGgQHt4-TpdQ HTTP/1.1" 200 320966
172.16.3.5 - - [15/Jun/2026:09:17:10 +0200] "POST /rhn/manager/frontend-log HTTP/1.1" 200 42
172.16.3.7 - - [15/Jun/2026:09:17:10 +0200] "HEAD /rhn/manager/download/sle-module-server-applications15-sp7-pool-x86_64/repodata/20b70b56590b7bf5c5d5f505c77a6e1523d29e84b91cd8c92a76429c2b40fac2-susedata.xml.gz?eyJhbGciOiJIUzI1NiJ9.eyJqdGkiOiJXZzFiNFhBbHVEcm9takN0UE9pdS1RIiwiZXhwIjoxODEzMDQzODAzLCJpYXQiOjE3ODE1MDc4MDMsIm5iZiI6MTc4MTUwNzY4Mywib3JnIjoxLCJvbmx5Q2hhbm5lbHMiOlsic2xlLW1vZHVsZS1zZXJ2ZXItYXBwbGljYXRpb25zMTUtc3A3LXBvb2wteDg2XzY0Il19.XjIBY5PaiIcENvaUyCA1EAxl1TQHXgIAGgQHt4-TpdQ HTTP/1.1" 200 -
172.16.3.7 - - [15/Jun/2026:09:17:11 +0200] "GET /rhn/manager/download/sle-module-server-applications15-sp7-pool-x86_64/repodata/20b70b56590b7bf5c5d5f505c77a6e1523d29e84b91cd8c92a76429c2b40fac2-susedata.xml.gz?eyJhbGciOiJIUzI1NiJ9.eyJqdGkiOiJXZzFiNFhBbHVEcm9takN0UE9pdS1RIiwiZXhwIjoxODEzMDQzODAzLCJpYXQiOjE3ODE1MDc4MDMsIm5iZiI6MTc4MTUwNzY4Mywib3JnIjoxLCJvbmx5Q2hhbm5lbHMiOlsic2xlLW1vZHVsZS1zZXJ2ZXItYXBwbGljYXRpb25zMTUtc3A3LXBvb2wteDg2XzY0Il19.XjIBY5PaiIcENvaUyCA1EAxl1TQHXgIAGgQHt4-TpdQ HTTP/1.1" 200 37948
::1 - - [15/Jun/2026:09:17:11 +0200] "OPTIONS * HTTP/1.0" 200 - "-" "Apache/2.4.66 (Linux/SUSE) OpenSSL/3.5.0 mod_wsgi/5.0.2 Python/3.13 (internal dummy connection)"
172.16.3.5 - - [15/Jun/2026:09:17:11 +0200] "GET /rhn/manager/api/systems/list/all?p=1&ps=100&s=1&sc=server_name HTTP/1.1" 200 812
172.16.3.7 - - [15/Jun/2026:09:17:11 +0200] "HEAD /rhn/manager/download/sle-module-server-applications15-sp7-updates-x86_64/repodata/repomd.xml?eyJhbGciOiJIUzI1NiJ9.eyJqdGkiOiJlSENLM3JZNVNieWNLLUk3TFRfRTBRIiwiZXhwIjoxODEzMDQzODAzLCJpYXQiOjE3ODE1MDc4MDMsIm5iZiI6MTc4MTUwNzY4Mywib3JnIjoxLCJvbmx5Q2hhbm5lbHMiOlsic2xlLW1vZHVsZS1zZXJ2ZXItYXBwbGljYXRpb25zMTUtc3A3LXVwZGF0ZXMteDg2XzY0Il19.5gzBbitRBXTVqGm8FHD_qs3iUqZPocAnr18bnurO2IU HTTP/1.1" 200 -
172.16.3.5 - - [15/Jun/2026:09:17:11 +0200] "POST /rhn/manager/api/sets/system_list HTTP/1.1" 200 27
172.16.3.7 - - [15/Jun/2026:09:17:11 +0200] "HEAD /rhn/manager/download/sle-module-server-applications15-sp7-updates-x86_64/media.1/media?eyJhbGciOiJIUzI1NiJ9.eyJqdGkiOiJlSENLM3JZNVNieWNLLUk3TFRfRTBRIiwiZXhwIjoxODEzMDQzODAzLCJpYXQiOjE3ODE1MDc4MDMsIm5iZiI6MTc4MTUwNzY4Mywib3JnIjoxLCJvbmx5Q2hhbm5lbHMiOlsic2xlLW1vZHVsZS1zZXJ2ZXItYXBwbGljYXRpb25zMTUtc3A3LXVwZGF0ZXMteDg2XzY0Il19.5gzBbitRBXTVqGm8FHD_qs3iUqZPocAnr18bnurO2IU HTTP/1.1" 404 -
172.16.3.7 - - [15/Jun/2026:09:17:11 +0200] "HEAD /rhn/manager/download/sle-module-server-applications15-sp7-updates-x86_64/repodata/repomd.xml?eyJhbGciOiJIUzI1NiJ9.eyJqdGkiOiJlSENLM3JZNVNieWNLLUk3TFRfRTBRIiwiZXhwIjoxODEzMDQzODAzLCJpYXQiOjE3ODE1MDc4MDMsIm5iZiI6MTc4MTUwNzY4Mywib3JnIjoxLCJvbmx5Q2hhbm5lbHMiOlsic2xlLW1vZHVsZS1zZXJ2ZXItYXBwbGljYXRpb25zMTUtc3A3LXVwZGF0ZXMteDg2XzY0Il19.5gzBbitRBXTVqGm8FHD_qs3iUqZPocAnr18bnurO2IU HTTP/1.1" 200 -
172.16.3.5 - - [15/Jun/2026:09:17:10 +0200] "GET /rhn/websocket/notifications HTTP/1.1" 101 -
172.16.3.7 - - [15/Jun/2026:09:17:12 +0200] "GET /rhn/manager/download/sle-module-server-applications15-sp7-updates-x86_64/repodata/repomd.xml?eyJhbGciOiJIUzI1NiJ9.eyJqdGkiOiJlSENLM3JZNVNieWNLLUk3TFRfRTBRIiwiZXhwIjoxODEzMDQzODAzLCJpYXQiOjE3ODE1MDc4MDMsIm5iZiI6MTc4MTUwNzY4Mywib3JnIjoxLCJvbmx5Q2hhbm5lbHMiOlsic2xlLW1vZHVsZS1zZXJ2ZXItYXBwbGljYXRpb25zMTUtc3A3LXVwZGF0ZXMteDg2XzY0Il19.5gzBbitRBXTVqGm8FHD_qs3iUqZPocAnr18bnurO2IU HTTP/1.1" 200 1987
172.16.3.5 - - [15/Jun/2026:09:17:11 +0200] "GET /rhn/systems/details/Overview.do?sid=1000010005 HTTP/1.1" 200 6613
172.16.3.5 - - [15/Jun/2026:09:17:12 +0200] "GET /img/favicon.ico?q=0.044422798495245 HTTP/1.1" 200 1150
172.16.3.5 - - [15/Jun/2026:09:17:12 +0200] "POST /rhn/manager/frontend-log HTTP/1.1" 200 42
172.16.3.5 - - [15/Jun/2026:09:16:59 +0200] "GET /rhn/websocket/notifications HTTP/1.1" 101 -
172.16.3.7 - - [15/Jun/2026:09:17:12 +0200] "HEAD /rhn/manager/download/sle-module-server-applications15-sp7-updates-x86_64/repodata/repomd.xml.asc?eyJhbGciOiJIUzI1NiJ9.eyJqdGkiOiJlSENLM3JZNVNieWNLLUk3TFRfRTBRIiwiZXhwIjoxODEzMDQzODAzLCJpYXQiOjE3ODE1MDc4MDMsIm5iZiI6MTc4MTUwNzY4Mywib3JnIjoxLCJvbmx5Q2hhbm5lbHMiOlsic2xlLW1vZHVsZS1zZXJ2ZXItYXBwbGljYXRpb25zMTUtc3A3LXVwZGF0ZXMteDg2XzY0Il19.5gzBbitRBXTVqGm8FHD_qs3iUqZPocAnr18bnurO2IU HTTP/1.1" 404 -
172.16.3.5 - - [15/Jun/2026:09:17:12 +0200] "GET /rhn/systems/details/history/Pending.do?sid=1000010005& HTTP/1.1" 200 6914
172.16.3.5 - - [15/Jun/2026:09:17:13 +0200] "GET /img/favicon.ico?q=0.9550304926971438 HTTP/1.1" 200 1150
172.16.3.7 - - [15/Jun/2026:09:17:12 +0200] "HEAD /rhn/manager/download/sle-module-server-applications15-sp7-updates-x86_64/repodata/22474830b9a190610c763f81f5a704d25c6adea25a0d8bdf44fa818c90450199-primary.xml.gz?eyJhbGciOiJIUzI1NiJ9.eyJqdGkiOiJlSENLM3JZNVNieWNLLUk3TFRfRTBRIiwiZXhwIjoxODEzMDQzODAzLCJpYXQiOjE3ODE1MDc4MDMsIm5iZiI6MTc4MTUwNzY4Mywib3JnIjoxLCJvbmx5Q2hhbm5lbHMiOlsic2xlLW1vZHVsZS1zZXJ2ZXItYXBwbGljYXRpb25zMTUtc3A3LXVwZGF0ZXMteDg2XzY0Il19.5gzBbitRBXTVqGm8FHD_qs3iUqZPocAnr18bnurO2IU HTTP/1.1" 200 -
172.16.3.5 - - [15/Jun/2026:09:17:13 +0200] "POST /rhn/manager/frontend-log HTTP/1.1" 200 42
172.16.3.5 - - [15/Jun/2026:09:17:12 +0200] "GET /rhn/manager/systems/list/all HTTP/1.1" 200 5365
172.16.3.5 - - [15/Jun/2026:09:16:59 +0200] "GET /rhn/websocket/notifications HTTP/1.1" 101 -
172.16.3.5 - - [15/Jun/2026:09:17:13 +0200] "POST /rhn/manager/frontend-log HTTP/1.1" 200 42
172.16.3.7 - - [15/Jun/2026:09:17:13 +0200] "GET /rhn/manager/download/sle-module-server-applications15-sp7-updates-x86_64/repodata/22474830b9a190610c763f81f5a704d25c6adea25a0d8bdf44fa818c90450199-primary.xml.gz?eyJhbGciOiJIUzI1NiJ9.eyJqdGkiOiJlSENLM3JZNVNieWNLLUk3TFRfRTBRIiwiZXhwIjoxODEzMDQzODAzLCJpYXQiOjE3ODE1MDc4MDMsIm5iZiI6MTc4MTUwNzY4Mywib3JnIjoxLCJvbmx5Q2hhbm5lbHMiOlsic2xlLW1vZHVsZS1zZXJ2ZXItYXBwbGljYXRpb25zMTUtc3A3LXVwZGF0ZXMteDg2XzY0Il19.5gzBbitRBXTVqGm8FHD_qs3iUqZPocAnr18bnurO2IU HTTP/1.1" 200 458954
172.16.3.5 - - [15/Jun/2026:09:17:13 +0200] "POST /rhn/manager/frontend-log HTTP/1.1" 200 42
172.16.3.7 - - [15/Jun/2026:09:17:13 +0200] "HEAD /rhn/manager/download/sle-module-server-applications15-sp7-updates-x86_64/repodata/1a80fc3c5267a1f53e46d776d49089fd001594ea2c3406c8e86afa9cb7f95417-susedata.xml.gz?eyJhbGciOiJIUzI1NiJ9.eyJqdGkiOiJlSENLM3JZNVNieWNLLUk3TFRfRTBRIiwiZXhwIjoxODEzMDQzODAzLCJpYXQiOjE3ODE1MDc4MDMsIm5iZiI6MTc4MTUwNzY4Mywib3JnIjoxLCJvbmx5Q2hhbm5lbHMiOlsic2xlLW1vZHVsZS1zZXJ2ZXItYXBwbGljYXRpb25zMTUtc3A3LXVwZGF0ZXMteDg2XzY0Il19.5gzBbitRBXTVqGm8FHD_qs3iUqZPocAnr18bnurO2IU HTTP/1.1" 200 -
172.16.3.7 - - [15/Jun/2026:09:17:13 +0200] "GET /rhn/manager/download/sle-module-server-applications15-sp7-updates-x86_64/repodata/1a80fc3c5267a1f53e46d776d49089fd001594ea2c3406c8e86afa9cb7f95417-susedata.xml.gz?eyJhbGciOiJIUzI1NiJ9.eyJqdGkiOiJlSENLM3JZNVNieWNLLUk3TFRfRTBRIiwiZXhwIjoxODEzMDQzODAzLCJpYXQiOjE3ODE1MDc4MDMsIm5iZiI6MTc4MTUwNzY4Mywib3JnIjoxLCJvbmx5Q2hhbm5lbHMiOlsic2xlLW1vZHVsZS1zZXJ2ZXItYXBwbGljYXRpb25zMTUtc3A3LXVwZGF0ZXMteDg2XzY0Il19.5gzBbitRBXTVqGm8FHD_qs3iUqZPocAnr18bnurO2IU HTTP/1.1" 200 45089
172.16.3.7 - - [15/Jun/2026:09:17:13 +0200] "HEAD /rhn/manager/download/sle-module-server-applications15-sp7-updates-x86_64/repodata/64778f539ba5ba11d9cb792332f76bf82c7674bee35dfc6262a57e4926d1c1de-updateinfo.xml.gz?eyJhbGciOiJIUzI1NiJ9.eyJqdGkiOiJlSENLM3JZNVNieWNLLUk3TFRfRTBRIiwiZXhwIjoxODEzMDQzODAzLCJpYXQiOjE3ODE1MDc4MDMsIm5iZiI6MTc4MTUwNzY4Mywib3JnIjoxLCJvbmx5Q2hhbm5lbHMiOlsic2xlLW1vZHVsZS1zZXJ2ZXItYXBwbGljYXRpb25zMTUtc3A3LXVwZGF0ZXMteDg2XzY0Il19.5gzBbitRBXTVqGm8FHD_qs3iUqZPocAnr18bnurO2IU HTTP/1.1" 200 -
172.16.3.5 - - [15/Jun/2026:09:17:13 +0200] "GET /rhn/systems/details/history/Pending.do?sid=1000010005& HTTP/1.1" 200 6914
172.16.3.5 - - [15/Jun/2026:09:17:13 +0200] "GET /rhn/manager/api/systems/list/all?p=1&ps=100&s=1&sc=server_name HTTP/1.1" 200 812
172.16.3.5 - - [15/Jun/2026:09:17:13 +0200] "GET /img/favicon.ico?q=0.2538199313509071 HTTP/1.1" 200 1150
172.16.3.7 - - [15/Jun/2026:09:17:14 +0200] "GET /rhn/manager/download/sle-module-server-applications15-sp7-updates-x86_64/repodata/64778f539ba5ba11d9cb792332f76bf82c7674bee35dfc6262a57e4926d1c1de-updateinfo.xml.gz?eyJhbGciOiJIUzI1NiJ9.eyJqdGkiOiJlSENLM3JZNVNieWNLLUk3TFRfRTBRIiwiZXhwIjoxODEzMDQzODAzLCJpYXQiOjE3ODE1MDc4MDMsIm5iZiI6MTc4MTUwNzY4Mywib3JnIjoxLCJvbmx5Q2hhbm5lbHMiOlsic2xlLW1vZHVsZS1zZXJ2ZXItYXBwbGljYXRpb25zMTUtc3A3LXVwZGF0ZXMteDg2XzY0Il19.5gzBbitRBXTVqGm8FHD_qs3iUqZPocAnr18bnurO2IU HTTP/1.1" 200 106842
172.16.3.5 - - [15/Jun/2026:09:17:13 +0200] "POST /rhn/manager/api/sets/system_list HTTP/1.1" 200 27
172.16.3.5 - - [15/Jun/2026:09:17:13 +0200] "POST /rhn/manager/frontend-log HTTP/1.1" 200 42
::1 - - [15/Jun/2026:09:17:14 +0200] "OPTIONS * HTTP/1.0" 200 - "-" "Apache/2.4.66 (Linux/SUSE) OpenSSL/3.5.0 mod_wsgi/5.0.2 Python/3.13 (internal dummy connection)"
172.16.3.5 - - [15/Jun/2026:09:17:14 +0200] "GET /rhn/websocket/notifications HTTP/1.1" 101 -
172.16.3.7 - - [15/Jun/2026:09:17:14 +0200] "HEAD /rhn/manager/download/sle-module-systems-management-15-sp7-pool-x86_64/repodata/repomd.xml?eyJhbGciOiJIUzI1NiJ9.eyJqdGkiOiJwaGxzQWdkVlNkQld3cWpxYmtnczR3IiwiZXhwIjoxODEzMDQzODAzLCJpYXQiOjE3ODE1MDc4MDMsIm5iZiI6MTc4MTUwNzY4Mywib3JnIjoxLCJvbmx5Q2hhbm5lbHMiOlsic2xlLW1vZHVsZS1zeXN0ZW1zLW1hbmFnZW1lbnQtMTUtc3A3LXBvb2wteDg2XzY0Il19.6RewxhAdn8t8T5d-YLP1xBO6EjFGJbSZuewo3-_oVcU HTTP/1.1" 200 -
172.16.3.7 - - [15/Jun/2026:09:17:14 +0200] "HEAD /rhn/manager/download/sle-module-systems-management-15-sp7-pool-x86_64/media.1/media?eyJhbGciOiJIUzI1NiJ9.eyJqdGkiOiJwaGxzQWdkVlNkQld3cWpxYmtnczR3IiwiZXhwIjoxODEzMDQzODAzLCJpYXQiOjE3ODE1MDc4MDMsIm5iZiI6MTc4MTUwNzY4Mywib3JnIjoxLCJvbmx5Q2hhbm5lbHMiOlsic2xlLW1vZHVsZS1zeXN0ZW1zLW1hbmFnZW1lbnQtMTUtc3A3LXBvb2wteDg2XzY0Il19.6RewxhAdn8t8T5d-YLP1xBO6EjFGJbSZuewo3-_oVcU HTTP/1.1" 404 -
172.16.3.5 - - [15/Jun/2026:09:17:14 +0200] "GET /rhn/systems/details/history/History.do?sid=1000010005& HTTP/1.1" 200 6750
172.16.3.5 - - [15/Jun/2026:09:17:14 +0200] "GET /img/favicon.ico?q=0.7895899444652076 HTTP/1.1" 200 1150
172.16.3.7 - - [15/Jun/2026:09:17:14 +0200] "HEAD /rhn/manager/download/sle-module-systems-management-15-sp7-pool-x86_64/repodata/repomd.xml?eyJhbGciOiJIUzI1NiJ9.eyJqdGkiOiJwaGxzQWdkVlNkQld3cWpxYmtnczR3IiwiZXhwIjoxODEzMDQzODAzLCJpYXQiOjE3ODE1MDc4MDMsIm5iZiI6MTc4MTUwNzY4Mywib3JnIjoxLCJvbmx5Q2hhbm5lbHMiOlsic2xlLW1vZHVsZS1zeXN0ZW1zLW1hbmFnZW1lbnQtMTUtc3A3LXBvb2wteDg2XzY0Il19.6RewxhAdn8t8T5d-YLP1xBO6EjFGJbSZuewo3-_oVcU HTTP/1.1" 200 -
172.16.3.5 - - [15/Jun/2026:09:17:14 +0200] "POST /rhn/manager/frontend-log HTTP/1.1" 200 42
172.16.3.7 - - [15/Jun/2026:09:17:14 +0200] "GET /rhn/manager/download/sle-module-systems-management-15-sp7-pool-x86_64/repodata/repomd.xml?eyJhbGciOiJIUzI1NiJ9.eyJqdGkiOiJwaGxzQWdkVlNkQld3cWpxYmtnczR3IiwiZXhwIjoxODEzMDQzODAzLCJpYXQiOjE3ODE1MDc4MDMsIm5iZiI6MTc4MTUwNzY4Mywib3JnIjoxLCJvbmx5Q2hhbm5lbHMiOlsic2xlLW1vZHVsZS1zeXN0ZW1zLW1hbmFnZW1lbnQtMTUtc3A3LXBvb2wteDg2XzY0Il19.6RewxhAdn8t8T5d-YLP1xBO6EjFGJbSZuewo3-_oVcU HTTP/1.1" 200 1605
172.16.3.5 - - [15/Jun/2026:09:17:14 +0200] "GET /rhn/websocket/notifications HTTP/1.1" 101 -
172.16.3.7 - - [15/Jun/2026:09:17:14 +0200] "HEAD /rhn/manager/download/sle-module-systems-management-15-sp7-pool-x86_64/repodata/repomd.xml.asc?eyJhbGciOiJIUzI1NiJ9.eyJqdGkiOiJwaGxzQWdkVlNkQld3cWpxYmtnczR3IiwiZXhwIjoxODEzMDQzODAzLCJpYXQiOjE3ODE1MDc4MDMsIm5iZiI6MTc4MTUwNzY4Mywib3JnIjoxLCJvbmx5Q2hhbm5lbHMiOlsic2xlLW1vZHVsZS1zeXN0ZW1zLW1hbmFnZW1lbnQtMTUtc3A3LXBvb2wteDg2XzY0Il19.6RewxhAdn8t8T5d-YLP1xBO6EjFGJbSZuewo3-_oVcU HTTP/1.1" 404 -
172.16.3.7 - - [15/Jun/2026:09:17:15 +0200] "HEAD /rhn/manager/download/sle-module-systems-management-15-sp7-pool-x86_64/repodata/c2f930c0d709cadb5532150f434fb8cf36c3eeaf8696271a1f397a4e75ff44b0-primary.xml.gz?eyJhbGciOiJIUzI1NiJ9.eyJqdGkiOiJwaGxzQWdkVlNkQld3cWpxYmtnczR3IiwiZXhwIjoxODEzMDQzODAzLCJpYXQiOjE3ODE1MDc4MDMsIm5iZiI6MTc4MTUwNzY4Mywib3JnIjoxLCJvbmx5Q2hhbm5lbHMiOlsic2xlLW1vZHVsZS1zeXN0ZW1zLW1hbmFnZW1lbnQtMTUtc3A3LXBvb2wteDg2XzY0Il19.6RewxhAdn8t8T5d-YLP1xBO6EjFGJbSZuewo3-_oVcU HTTP/1.1" 200 -
172.16.3.7 - - [15/Jun/2026:09:17:15 +0200] "GET /rhn/manager/download/sle-module-systems-management-15-sp7-pool-x86_64/repodata/c2f930c0d709cadb5532150f434fb8cf36c3eeaf8696271a1f397a4e75ff44b0-primary.xml.gz?eyJhbGciOiJIUzI1NiJ9.eyJqdGkiOiJwaGxzQWdkVlNkQld3cWpxYmtnczR3IiwiZXhwIjoxODEzMDQzODAzLCJpYXQiOjE3ODE1MDc4MDMsIm5iZiI6MTc4MTUwNzY4Mywib3JnIjoxLCJvbmx5Q2hhbm5lbHMiOlsic2xlLW1vZHVsZS1zeXN0ZW1zLW1hbmFnZW1lbnQtMTUtc3A3LXBvb2wteDg2XzY0Il19.6RewxhAdn8t8T5d-YLP1xBO6EjFGJbSZuewo3-_oVcU HTTP/1.1" 200 6163
172.16.3.5 - - [15/Jun/2026:09:17:14 +0200] "GET /rhn/systems/details/history/Event.do?sid=1000010005&aid=25 HTTP/1.1" 200 6226
172.16.3.5 - - [15/Jun/2026:09:17:15 +0200] "GET /img/favicon.ico?q=0.7076397109747131 HTTP/1.1" 200 1150
172.16.3.7 - - [15/Jun/2026:09:17:15 +0200] "HEAD /rhn/manager/download/sle-module-systems-management-15-sp7-pool-x86_64/repodata/bb7f49dd25548c564ab33e1defb1e5668f63a9b063798989e364da0386f6a8d2-susedata.xml.gz?eyJhbGciOiJIUzI1NiJ9.eyJqdGkiOiJwaGxzQWdkVlNkQld3cWpxYmtnczR3IiwiZXhwIjoxODEzMDQzODAzLCJpYXQiOjE3ODE1MDc4MDMsIm5iZiI6MTc4MTUwNzY4Mywib3JnIjoxLCJvbmx5Q2hhbm5lbHMiOlsic2xlLW1vZHVsZS1zeXN0ZW1zLW1hbmFnZW1lbnQtMTUtc3A3LXBvb2wteDg2XzY0Il19.6RewxhAdn8t8T5d-YLP1xBO6EjFGJbSZuewo3-_oVcU HTTP/1.1" 200 -
172.16.3.5 - - [15/Jun/2026:09:17:15 +0200] "POST /rhn/manager/frontend-log HTTP/1.1" 200 42
172.16.3.7 - - [15/Jun/2026:09:17:15 +0200] "GET /rhn/manager/download/sle-module-systems-management-15-sp7-pool-x86_64/repodata/bb7f49dd25548c564ab33e1defb1e5668f63a9b063798989e364da0386f6a8d2-susedata.xml.gz?eyJhbGciOiJIUzI1NiJ9.eyJqdGkiOiJwaGxzQWdkVlNkQld3cWpxYmtnczR3IiwiZXhwIjoxODEzMDQzODAzLCJpYXQiOjE3ODE1MDc4MDMsIm5iZiI6MTc4MTUwNzY4Mywib3JnIjoxLCJvbmx5Q2hhbm5lbHMiOlsic2xlLW1vZHVsZS1zeXN0ZW1zLW1hbmFnZW1lbnQtMTUtc3A3LXBvb2wteDg2XzY0Il19.6RewxhAdn8t8T5d-YLP1xBO6EjFGJbSZuewo3-_oVcU HTTP/1.1" 200 1137
172.16.3.7 - - [15/Jun/2026:09:17:15 +0200] "HEAD /rhn/manager/download/sle-module-systems-management-15-sp7-updates-x86_64/repodata/repomd.xml?eyJhbGciOiJIUzI1NiJ9.eyJqdGkiOiJOaXZWNDlHY3cxZGdSaHFtcEFhakR3IiwiZXhwIjoxODEzMDQzODAzLCJpYXQiOjE3ODE1MDc4MDMsIm5iZiI6MTc4MTUwNzY4Mywib3JnIjoxLCJvbmx5Q2hhbm5lbHMiOlsic2xlLW1vZHVsZS1zeXN0ZW1zLW1hbmFnZW1lbnQtMTUtc3A3LXVwZGF0ZXMteDg2XzY0Il19.E-a8qgmRNHzKgPZNgG3bKb2N9LsqJh-bN--MfvWqX7E HTTP/1.1" 200 -
172.16.3.7 - - [15/Jun/2026:09:17:15 +0200] "HEAD /rhn/manager/download/sle-module-systems-management-15-sp7-updates-x86_64/media.1/media?eyJhbGciOiJIUzI1NiJ9.eyJqdGkiOiJOaXZWNDlHY3cxZGdSaHFtcEFhakR3IiwiZXhwIjoxODEzMDQzODAzLCJpYXQiOjE3ODE1MDc4MDMsIm5iZiI6MTc4MTUwNzY4Mywib3JnIjoxLCJvbmx5Q2hhbm5lbHMiOlsic2xlLW1vZHVsZS1zeXN0ZW1zLW1hbmFnZW1lbnQtMTUtc3A3LXVwZGF0ZXMteDg2XzY0Il19.E-a8qgmRNHzKgPZNgG3bKb2N9LsqJh-bN--MfvWqX7E HTTP/1.1" 404 -
172.16.3.7 - - [15/Jun/2026:09:17:15 +0200] "HEAD /rhn/manager/download/sle-module-systems-management-15-sp7-updates-x86_64/repodata/repomd.xml?eyJhbGciOiJIUzI1NiJ9.eyJqdGkiOiJOaXZWNDlHY3cxZGdSaHFtcEFhakR3IiwiZXhwIjoxODEzMDQzODAzLCJpYXQiOjE3ODE1MDc4MDMsIm5iZiI6MTc4MTUwNzY4Mywib3JnIjoxLCJvbmx5Q2hhbm5lbHMiOlsic2xlLW1vZHVsZS1zeXN0ZW1zLW1hbmFnZW1lbnQtMTUtc3A3LXVwZGF0ZXMteDg2XzY0Il19.E-a8qgmRNHzKgPZNgG3bKb2N9LsqJh-bN--MfvWqX7E HTTP/1.1" 200 -
172.16.3.7 - - [15/Jun/2026:09:17:15 +0200] "GET /rhn/manager/download/sle-module-systems-management-15-sp7-updates-x86_64/repodata/repomd.xml?eyJhbGciOiJIUzI1NiJ9.eyJqdGkiOiJOaXZWNDlHY3cxZGdSaHFtcEFhakR3IiwiZXhwIjoxODEzMDQzODAzLCJpYXQiOjE3ODE1MDc4MDMsIm5iZiI6MTc4MTUwNzY4Mywib3JnIjoxLCJvbmx5Q2hhbm5lbHMiOlsic2xlLW1vZHVsZS1zeXN0ZW1zLW1hbmFnZW1lbnQtMTUtc3A3LXVwZGF0ZXMteDg2XzY0Il19.E-a8qgmRNHzKgPZNgG3bKb2N9LsqJh-bN--MfvWqX7E HTTP/1.1" 200 1987
172.16.3.5 - - [15/Jun/2026:09:17:06 +0200] "GET /rhn/websocket/notifications HTTP/1.1" 101 -
172.16.3.7 - - [15/Jun/2026:09:17:16 +0200] "HEAD /rhn/manager/download/sle-module-systems-management-15-sp7-updates-x86_64/repodata/repomd.xml.asc?eyJhbGciOiJIUzI1NiJ9.eyJqdGkiOiJOaXZWNDlHY3cxZGdSaHFtcEFhakR3IiwiZXhwIjoxODEzMDQzODAzLCJpYXQiOjE3ODE1MDc4MDMsIm5iZiI6MTc4MTUwNzY4Mywib3JnIjoxLCJvbmx5Q2hhbm5lbHMiOlsic2xlLW1vZHVsZS1zeXN0ZW1zLW1hbmFnZW1lbnQtMTUtc3A3LXVwZGF0ZXMteDg2XzY0Il19.E-a8qgmRNHzKgPZNgG3bKb2N9LsqJh-bN--MfvWqX7E HTTP/1.1" 404 -
172.16.3.7 - - [15/Jun/2026:09:17:16 +0200] "HEAD /rhn/manager/download/sle-module-systems-management-15-sp7-updates-x86_64/repodata/42160bc8e7f96bee7d8e159ce43d86258b47c48901e76dbe67028776c10aa2a9-primary.xml.gz?eyJhbGciOiJIUzI1NiJ9.eyJqdGkiOiJOaXZWNDlHY3cxZGdSaHFtcEFhakR3IiwiZXhwIjoxODEzMDQzODAzLCJpYXQiOjE3ODE1MDc4MDMsIm5iZiI6MTc4MTUwNzY4Mywib3JnIjoxLCJvbmx5Q2hhbm5lbHMiOlsic2xlLW1vZHVsZS1zeXN0ZW1zLW1hbmFnZW1lbnQtMTUtc3A3LXVwZGF0ZXMteDg2XzY0Il19.E-a8qgmRNHzKgPZNgG3bKb2N9LsqJh-bN--MfvWqX7E HTTP/1.1" 200 -
172.16.3.5 - - [15/Jun/2026:09:17:16 +0200] "GET /rhn/manager/systems/list/all HTTP/1.1" 200 5369
172.16.3.5 - - [15/Jun/2026:09:17:16 +0200] "GET /img/favicon.ico?q=0.3655963834927022 HTTP/1.1" 200 1150
172.16.3.7 - - [15/Jun/2026:09:17:16 +0200] "GET /rhn/manager/download/sle-module-systems-management-15-sp7-updates-x86_64/repodata/42160bc8e7f96bee7d8e159ce43d86258b47c48901e76dbe67028776c10aa2a9-primary.xml.gz?eyJhbGciOiJIUzI1NiJ9.eyJqdGkiOiJOaXZWNDlHY3cxZGdSaHFtcEFhakR3IiwiZXhwIjoxODEzMDQzODAzLCJpYXQiOjE3ODE1MDc4MDMsIm5iZiI6MTc4MTUwNzY4Mywib3JnIjoxLCJvbmx5Q2hhbm5lbHMiOlsic2xlLW1vZHVsZS1zeXN0ZW1zLW1hbmFnZW1lbnQtMTUtc3A3LXVwZGF0ZXMteDg2XzY0Il19.E-a8qgmRNHzKgPZNgG3bKb2N9LsqJh-bN--MfvWqX7E HTTP/1.1" 200 14445
172.16.3.7 - - [15/Jun/2026:09:17:16 +0200] "HEAD /rhn/manager/download/sle-module-systems-management-15-sp7-updates-x86_64/repodata/860a8ffd2e631d23d2e7e19d0bb2ec71704b82672341c7e80418b42f7f6aaea2-susedata.xml.gz?eyJhbGciOiJIUzI1NiJ9.eyJqdGkiOiJOaXZWNDlHY3cxZGdSaHFtcEFhakR3IiwiZXhwIjoxODEzMDQzODAzLCJpYXQiOjE3ODE1MDc4MDMsIm5iZiI6MTc4MTUwNzY4Mywib3JnIjoxLCJvbmx5Q2hhbm5lbHMiOlsic2xlLW1vZHVsZS1zeXN0ZW1zLW1hbmFnZW1lbnQtMTUtc3A3LXVwZGF0ZXMteDg2XzY0Il19.E-a8qgmRNHzKgPZNgG3bKb2N9LsqJh-bN--MfvWqX7E HTTP/1.1" 200 -
172.16.3.5 - - [15/Jun/2026:09:17:16 +0200] "POST /rhn/manager/frontend-log HTTP/1.1" 200 42
172.16.3.7 - - [15/Jun/2026:09:17:16 +0200] "GET /rhn/manager/download/sle-module-systems-management-15-sp7-updates-x86_64/repodata/860a8ffd2e631d23d2e7e19d0bb2ec71704b82672341c7e80418b42f7f6aaea2-susedata.xml.gz?eyJhbGciOiJIUzI1NiJ9.eyJqdGkiOiJOaXZWNDlHY3cxZGdSaHFtcEFhakR3IiwiZXhwIjoxODEzMDQzODAzLCJpYXQiOjE3ODE1MDc4MDMsIm5iZiI6MTc4MTUwNzY4Mywib3JnIjoxLCJvbmx5Q2hhbm5lbHMiOlsic2xlLW1vZHVsZS1zeXN0ZW1zLW1hbmFnZW1lbnQtMTUtc3A3LXVwZGF0ZXMteDg2XzY0Il19.E-a8qgmRNHzKgPZNgG3bKb2N9LsqJh-bN--MfvWqX7E HTTP/1.1" 200 2504
172.16.3.7 - - [15/Jun/2026:09:17:16 +0200] "HEAD /rhn/manager/download/sle-module-systems-management-15-sp7-updates-x86_64/repodata/159b0b7628730e10ea61b53fc3ad34224cd91092ea4305ad6292f5f35441d9fb-updateinfo.xml.gz?eyJhbGciOiJIUzI1NiJ9.eyJqdGkiOiJOaXZWNDlHY3cxZGdSaHFtcEFhakR3IiwiZXhwIjoxODEzMDQzODAzLCJpYXQiOjE3ODE1MDc4MDMsIm5iZiI6MTc4MTUwNzY4Mywib3JnIjoxLCJvbmx5Q2hhbm5lbHMiOlsic2xlLW1vZHVsZS1zeXN0ZW1zLW1hbmFnZW1lbnQtMTUtc3A3LXVwZGF0ZXMteDg2XzY0Il19.E-a8qgmRNHzKgPZNgG3bKb2N9LsqJh-bN--MfvWqX7E HTTP/1.1" 200 -
172.16.3.7 - - [15/Jun/2026:09:17:16 +0200] "GET /rhn/manager/download/sle-module-systems-management-15-sp7-updates-x86_64/repodata/159b0b7628730e10ea61b53fc3ad34224cd91092ea4305ad6292f5f35441d9fb-updateinfo.xml.gz?eyJhbGciOiJIUzI1NiJ9.eyJqdGkiOiJOaXZWNDlHY3cxZGdSaHFtcEFhakR3IiwiZXhwIjoxODEzMDQzODAzLCJpYXQiOjE3ODE1MDc4MDMsIm5iZiI6MTc4MTUwNzY4Mywib3JnIjoxLCJvbmx5Q2hhbm5lbHMiOlsic2xlLW1vZHVsZS1zeXN0ZW1zLW1hbmFnZW1lbnQtMTUtc3A3LXVwZGF0ZXMteDg2XzY0Il19.E-a8qgmRNHzKgPZNgG3bKb2N9LsqJh-bN--MfvWqX7E HTTP/1.1" 200 7069
172.16.3.5 - - [15/Jun/2026:09:17:16 +0200] "GET /rhn/manager/api/systems/list/all?p=1&ps=100&s=1&sc=server_name HTTP/1.1" 200 812
172.16.3.7 - - [15/Jun/2026:09:17:16 +0200] "HEAD /rhn/manager/download/sle-product-sles15-sp7-pool-x86_64/repodata/repomd.xml?eyJhbGciOiJIUzI1NiJ9.eyJqdGkiOiJBSzF2MTZsRk81aldQbzljNWpWRDBBIiwiZXhwIjoxODEzMDQzODAzLCJpYXQiOjE3ODE1MDc4MDMsIm5iZiI6MTc4MTUwNzY4Mywib3JnIjoxLCJvbmx5Q2hhbm5lbHMiOlsic2xlLXByb2R1Y3Qtc2xlczE1LXNwNy1wb29sLXg4Nl82NCJdfQ.OY2vguWziXKD3isT1ziQQuLJt0RXn7CBm3ZaYKrzz3M HTTP/1.1" 200 -
172.16.3.5 - - [15/Jun/2026:09:17:16 +0200] "POST /rhn/manager/api/sets/system_list HTTP/1.1" 200 27
172.16.3.7 - - [15/Jun/2026:09:17:16 +0200] "HEAD /rhn/manager/download/sle-product-sles15-sp7-pool-x86_64/media.1/media?eyJhbGciOiJIUzI1NiJ9.eyJqdGkiOiJBSzF2MTZsRk81aldQbzljNWpWRDBBIiwiZXhwIjoxODEzMDQzODAzLCJpYXQiOjE3ODE1MDc4MDMsIm5iZiI6MTc4MTUwNzY4Mywib3JnIjoxLCJvbmx5Q2hhbm5lbHMiOlsic2xlLXByb2R1Y3Qtc2xlczE1LXNwNy1wb29sLXg4Nl82NCJdfQ.OY2vguWziXKD3isT1ziQQuLJt0RXn7CBm3ZaYKrzz3M HTTP/1.1" 404 -
