172.16.3.7 - - [15/Jun/2026:09:18:58 +0200] "HEAD /rhn/manager/download/sle-module-basesystem15-sp7-updates-x86_64/getPackage/NULL/4edd65b8d585200a25bbe15ae05d61107ba2c33c701729b3a11cb437c84dc5cb/umoci-0.6.0-150000.3.20.1.x86_64.rpm?eyJhbGciOiJIUzI1NiJ9.eyJqdGkiOiJNSEU3WDl3OHdjd3dBeldhcDNqa19nIiwiZXhwIjoxODEzMDQzODAzLCJpYXQiOjE3ODE1MDc4MDMsIm5iZiI6MTc4MTUwNzY4Mywib3JnIjoxLCJvbmx5Q2hhbm5lbHMiOlsic2xlLW1vZHVsZS1iYXNlc3lzdGVtMTUtc3A3LXVwZGF0ZXMteDg2XzY0Il19._qtmmfm8o-uQY0-RIDA1ozf-bVVcUTROsNb5Vu6BbPQ HTTP/1.1" 200 -
172.16.3.7 - - [15/Jun/2026:09:18:58 +0200] "GET /rhn/manager/download/sle-module-basesystem15-sp7-updates-x86_64/getPackage/NULL/4edd65b8d585200a25bbe15ae05d61107ba2c33c701729b3a11cb437c84dc5cb/umoci-0.6.0-150000.3.20.1.x86_64.rpm?eyJhbGciOiJIUzI1NiJ9.eyJqdGkiOiJNSEU3WDl3OHdjd3dBeldhcDNqa19nIiwiZXhwIjoxODEzMDQzODAzLCJpYXQiOjE3ODE1MDc4MDMsIm5iZiI6MTc4MTUwNzY4Mywib3JnIjoxLCJvbmx5Q2hhbm5lbHMiOlsic2xlLW1vZHVsZS1iYXNlc3lzdGVtMTUtc3A3LXVwZGF0ZXMteDg2XzY0Il19._qtmmfm8o-uQY0-RIDA1ozf-bVVcUTROsNb5Vu6BbPQ HTTP/1.1" 200 2645884
172.16.3.7 - - [15/Jun/2026:09:18:58 +0200] "HEAD /rhn/manager/download/sle-module-basesystem15-sp7-updates-x86_64/getPackage/NULL/ec87aef1923f30623d213ea34ba059c404b724eb5abd517aa40a1fd8013771d9/kpartx-0.10.6+201+suse.9f189e79-150700.3.11.1.x86_64.rpm?eyJhbGciOiJIUzI1NiJ9.eyJqdGkiOiJNSEU3WDl3OHdjd3dBeldhcDNqa19nIiwiZXhwIjoxODEzMDQzODAzLCJpYXQiOjE3ODE1MDc4MDMsIm5iZiI6MTc4MTUwNzY4Mywib3JnIjoxLCJvbmx5Q2hhbm5lbHMiOlsic2xlLW1vZHVsZS1iYXNlc3lzdGVtMTUtc3A3LXVwZGF0ZXMteDg2XzY0Il19._qtmmfm8o-uQY0-RIDA1ozf-bVVcUTROsNb5Vu6BbPQ HTTP/1.1" 200 -
172.16.3.5 - - [15/Jun/2026:09:18:58 +0200] "GET /rhn/systems/details/Overview.do?sid=1000010005& HTTP/1.1" 200 6781
172.16.3.5 - - [15/Jun/2026:09:18:58 +0200] "GET /img/favicon.ico?q=0.3037853375684737 HTTP/1.1" 200 1150
172.16.3.7 - - [15/Jun/2026:09:18:58 +0200] "GET /rhn/manager/download/sle-module-basesystem15-sp7-updates-x86_64/getPackage/NULL/ec87aef1923f30623d213ea34ba059c404b724eb5abd517aa40a1fd8013771d9/kpartx-0.10.6+201+suse.9f189e79-150700.3.11.1.x86_64.rpm?eyJhbGciOiJIUzI1NiJ9.eyJqdGkiOiJNSEU3WDl3OHdjd3dBeldhcDNqa19nIiwiZXhwIjoxODEzMDQzODAzLCJpYXQiOjE3ODE1MDc4MDMsIm5iZiI6MTc4MTUwNzY4Mywib3JnIjoxLCJvbmx5Q2hhbm5lbHMiOlsic2xlLW1vZHVsZS1iYXNlc3lzdGVtMTUtc3A3LXVwZGF0ZXMteDg2XzY0Il19._qtmmfm8o-uQY0-RIDA1ozf-bVVcUTROsNb5Vu6BbPQ HTTP/1.1" 200 121548
172.16.3.7 - - [15/Jun/2026:09:18:58 +0200] "HEAD /rhn/manager/download/sle-module-basesystem15-sp7-updates-x86_64/getPackage/NULL/3cb208506f3300d24249fdbb1d22ff055afbebd11b96b563675d5494f7488bf2/libmediacheck6-6.5-150600.3.3.1.x86_64.rpm?eyJhbGciOiJIUzI1NiJ9.eyJqdGkiOiJNSEU3WDl3OHdjd3dBeldhcDNqa19nIiwiZXhwIjoxODEzMDQzODAzLCJpYXQiOjE3ODE1MDc4MDMsIm5iZiI6MTc4MTUwNzY4Mywib3JnIjoxLCJvbmx5Q2hhbm5lbHMiOlsic2xlLW1vZHVsZS1iYXNlc3lzdGVtMTUtc3A3LXVwZGF0ZXMteDg2XzY0Il19._qtmmfm8o-uQY0-RIDA1ozf-bVVcUTROsNb5Vu6BbPQ HTTP/1.1" 200 -
172.16.3.5 - - [15/Jun/2026:09:18:58 +0200] "POST /rhn/manager/frontend-log HTTP/1.1" 200 42
172.16.3.5 - - [15/Jun/2026:09:18:58 +0200] "GET /rhn/websocket/notifications HTTP/1.1" 101 -
172.16.3.7 - - [15/Jun/2026:09:18:58 +0200] "GET /rhn/manager/download/sle-module-basesystem15-sp7-updates-x86_64/getPackage/NULL/3cb208506f3300d24249fdbb1d22ff055afbebd11b96b563675d5494f7488bf2/libmediacheck6-6.5-150600.3.3.1.x86_64.rpm?eyJhbGciOiJIUzI1NiJ9.eyJqdGkiOiJNSEU3WDl3OHdjd3dBeldhcDNqa19nIiwiZXhwIjoxODEzMDQzODAzLCJpYXQiOjE3ODE1MDc4MDMsIm5iZiI6MTc4MTUwNzY4Mywib3JnIjoxLCJvbmx5Q2hhbm5lbHMiOlsic2xlLW1vZHVsZS1iYXNlc3lzdGVtMTUtc3A3LXVwZGF0ZXMteDg2XzY0Il19._qtmmfm8o-uQY0-RIDA1ozf-bVVcUTROsNb5Vu6BbPQ HTTP/1.1" 200 68068
172.16.3.7 - - [15/Jun/2026:09:18:59 +0200] "HEAD /rhn/manager/download/sle-module-basesystem15-sp7-updates-x86_64/getPackage/NULL/569c6ec8d1888b4c631b60abde1f85a8211bbacd973e8ecaefcb311c984dde7f/virtiofsd-1.12.0-150700.3.3.1.x86_64.rpm?eyJhbGciOiJIUzI1NiJ9.eyJqdGkiOiJNSEU3WDl3OHdjd3dBeldhcDNqa19nIiwiZXhwIjoxODEzMDQzODAzLCJpYXQiOjE3ODE1MDc4MDMsIm5iZiI6MTc4MTUwNzY4Mywib3JnIjoxLCJvbmx5Q2hhbm5lbHMiOlsic2xlLW1vZHVsZS1iYXNlc3lzdGVtMTUtc3A3LXVwZGF0ZXMteDg2XzY0Il19._qtmmfm8o-uQY0-RIDA1ozf-bVVcUTROsNb5Vu6BbPQ HTTP/1.1" 200 -
172.16.3.7 - - [15/Jun/2026:09:18:59 +0200] "GET /rhn/manager/download/sle-module-basesystem15-sp7-updates-x86_64/getPackage/NULL/569c6ec8d1888b4c631b60abde1f85a8211bbacd973e8ecaefcb311c984dde7f/virtiofsd-1.12.0-150700.3.3.1.x86_64.rpm?eyJhbGciOiJIUzI1NiJ9.eyJqdGkiOiJNSEU3WDl3OHdjd3dBeldhcDNqa19nIiwiZXhwIjoxODEzMDQzODAzLCJpYXQiOjE3ODE1MDc4MDMsIm5iZiI6MTc4MTUwNzY4Mywib3JnIjoxLCJvbmx5Q2hhbm5lbHMiOlsic2xlLW1vZHVsZS1iYXNlc3lzdGVtMTUtc3A3LXVwZGF0ZXMteDg2XzY0Il19._qtmmfm8o-uQY0-RIDA1ozf-bVVcUTROsNb5Vu6BbPQ HTTP/1.1" 200 986924
172.16.3.5 - - [15/Jun/2026:09:18:58 +0200] "GET /rhn/systems/details/Connection.do?sid=1000010005& HTTP/1.1" 200 6283
172.16.3.5 - - [15/Jun/2026:09:18:59 +0200] "GET /img/favicon.ico?q=0.12331977574033459 HTTP/1.1" 200 1150
172.16.3.7 - - [15/Jun/2026:09:18:59 +0200] "HEAD /rhn/manager/download/sle-module-basesystem15-sp7-updates-x86_64/getPackage/NULL/0b0c3ba14d7e8e192919f7a008aca5898850af93ea10ad092a03d1d896e8b198/liburing2-2.9-150700.10.3.1.x86_64.rpm?eyJhbGciOiJIUzI1NiJ9.eyJqdGkiOiJNSEU3WDl3OHdjd3dBeldhcDNqa19nIiwiZXhwIjoxODEzMDQzODAzLCJpYXQiOjE3ODE1MDc4MDMsIm5iZiI6MTc4MTUwNzY4Mywib3JnIjoxLCJvbmx5Q2hhbm5lbHMiOlsic2xlLW1vZHVsZS1iYXNlc3lzdGVtMTUtc3A3LXVwZGF0ZXMteDg2XzY0Il19._qtmmfm8o-uQY0-RIDA1ozf-bVVcUTROsNb5Vu6BbPQ HTTP/1.1" 200 -
172.16.3.5 - - [15/Jun/2026:09:18:59 +0200] "POST /rhn/manager/frontend-log HTTP/1.1" 200 42
172.16.3.7 - - [15/Jun/2026:09:18:59 +0200] "GET /rhn/manager/download/sle-module-basesystem15-sp7-updates-x86_64/getPackage/NULL/0b0c3ba14d7e8e192919f7a008aca5898850af93ea10ad092a03d1d896e8b198/liburing2-2.9-150700.10.3.1.x86_64.rpm?eyJhbGciOiJIUzI1NiJ9.eyJqdGkiOiJNSEU3WDl3OHdjd3dBeldhcDNqa19nIiwiZXhwIjoxODEzMDQzODAzLCJpYXQiOjE3ODE1MDc4MDMsIm5iZiI6MTc4MTUwNzY4Mywib3JnIjoxLCJvbmx5Q2hhbm5lbHMiOlsic2xlLW1vZHVsZS1iYXNlc3lzdGVtMTUtc3A3LXVwZGF0ZXMteDg2XzY0Il19._qtmmfm8o-uQY0-RIDA1ozf-bVVcUTROsNb5Vu6BbPQ HTTP/1.1" 200 41932
172.16.3.7 - - [15/Jun/2026:09:18:59 +0200] "HEAD /rhn/manager/download/sle-module-basesystem15-sp7-updates-x86_64/getPackage/NULL/aca9911f3cba0046dcf957da8ce01f2a93223621d3464c9d6f322a8d8cbbaa84/libfreebl3-3.112.3-150400.3.63.1.x86_64.rpm?eyJhbGciOiJIUzI1NiJ9.eyJqdGkiOiJNSEU3WDl3OHdjd3dBeldhcDNqa19nIiwiZXhwIjoxODEzMDQzODAzLCJpYXQiOjE3ODE1MDc4MDMsIm5iZiI6MTc4MTUwNzY4Mywib3JnIjoxLCJvbmx5Q2hhbm5lbHMiOlsic2xlLW1vZHVsZS1iYXNlc3lzdGVtMTUtc3A3LXVwZGF0ZXMteDg2XzY0Il19._qtmmfm8o-uQY0-RIDA1ozf-bVVcUTROsNb5Vu6BbPQ HTTP/1.1" 200 -
172.16.3.7 - - [15/Jun/2026:09:18:59 +0200] "GET /rhn/manager/download/sle-module-basesystem15-sp7-updates-x86_64/getPackage/NULL/aca9911f3cba0046dcf957da8ce01f2a93223621d3464c9d6f322a8d8cbbaa84/libfreebl3-3.112.3-150400.3.63.1.x86_64.rpm?eyJhbGciOiJIUzI1NiJ9.eyJqdGkiOiJNSEU3WDl3OHdjd3dBeldhcDNqa19nIiwiZXhwIjoxODEzMDQzODAzLCJpYXQiOjE3ODE1MDc4MDMsIm5iZiI6MTc4MTUwNzY4Mywib3JnIjoxLCJvbmx5Q2hhbm5lbHMiOlsic2xlLW1vZHVsZS1iYXNlc3lzdGVtMTUtc3A3LXVwZGF0ZXMteDg2XzY0Il19._qtmmfm8o-uQY0-RIDA1ozf-bVVcUTROsNb5Vu6BbPQ HTTP/1.1" 200 465804
172.16.3.7 - - [15/Jun/2026:09:18:59 +0200] "HEAD /rhn/manager/download/sle-module-basesystem15-sp7-updates-x86_64/getPackage/NULL/410c729d3c4f3756794d00dc1788cd42188d63edab97c6e4a4cd4473a45b153e/liblcms2-2-2.15-150600.3.3.2.x86_64.rpm?eyJhbGciOiJIUzI1NiJ9.eyJqdGkiOiJNSEU3WDl3OHdjd3dBeldhcDNqa19nIiwiZXhwIjoxODEzMDQzODAzLCJpYXQiOjE3ODE1MDc4MDMsIm5iZiI6MTc4MTUwNzY4Mywib3JnIjoxLCJvbmx5Q2hhbm5lbHMiOlsic2xlLW1vZHVsZS1iYXNlc3lzdGVtMTUtc3A3LXVwZGF0ZXMteDg2XzY0Il19._qtmmfm8o-uQY0-RIDA1ozf-bVVcUTROsNb5Vu6BbPQ HTTP/1.1" 200 -
172.16.3.7 - - [15/Jun/2026:09:18:59 +0200] "GET /rhn/manager/download/sle-module-basesystem15-sp7-updates-x86_64/getPackage/NULL/410c729d3c4f3756794d00dc1788cd42188d63edab97c6e4a4cd4473a45b153e/liblcms2-2-2.15-150600.3.3.2.x86_64.rpm?eyJhbGciOiJIUzI1NiJ9.eyJqdGkiOiJNSEU3WDl3OHdjd3dBeldhcDNqa19nIiwiZXhwIjoxODEzMDQzODAzLCJpYXQiOjE3ODE1MDc4MDMsIm5iZiI6MTc4MTUwNzY4Mywib3JnIjoxLCJvbmx5Q2hhbm5lbHMiOlsic2xlLW1vZHVsZS1iYXNlc3lzdGVtMTUtc3A3LXVwZGF0ZXMteDg2XzY0Il19._qtmmfm8o-uQY0-RIDA1ozf-bVVcUTROsNb5Vu6BbPQ HTTP/1.1" 200 155652
172.16.3.7 - - [15/Jun/2026:09:18:59 +0200] "HEAD /rhn/manager/download/sle-module-basesystem15-sp7-updates-x86_64/getPackage/NULL/ac404d0326844b5875c616f4ee5019002e3bd85be6f5c0d18dff1ad4d1e269a1/librdmacm1-54.0-150700.3.2.1.x86_64.rpm?eyJhbGciOiJIUzI1NiJ9.eyJqdGkiOiJNSEU3WDl3OHdjd3dBeldhcDNqa19nIiwiZXhwIjoxODEzMDQzODAzLCJpYXQiOjE3ODE1MDc4MDMsIm5iZiI6MTc4MTUwNzY4Mywib3JnIjoxLCJvbmx5Q2hhbm5lbHMiOlsic2xlLW1vZHVsZS1iYXNlc3lzdGVtMTUtc3A3LXVwZGF0ZXMteDg2XzY0Il19._qtmmfm8o-uQY0-RIDA1ozf-bVVcUTROsNb5Vu6BbPQ HTTP/1.1" 200 -
172.16.3.7 - - [15/Jun/2026:09:19:00 +0200] "GET /rhn/manager/download/sle-module-basesystem15-sp7-updates-x86_64/getPackage/NULL/ac404d0326844b5875c616f4ee5019002e3bd85be6f5c0d18dff1ad4d1e269a1/librdmacm1-54.0-150700.3.2.1.x86_64.rpm?eyJhbGciOiJIUzI1NiJ9.eyJqdGkiOiJNSEU3WDl3OHdjd3dBeldhcDNqa19nIiwiZXhwIjoxODEzMDQzODAzLCJpYXQiOjE3ODE1MDc4MDMsIm5iZiI6MTc4MTUwNzY4Mywib3JnIjoxLCJvbmx5Q2hhbm5lbHMiOlsic2xlLW1vZHVsZS1iYXNlc3lzdGVtMTUtc3A3LXVwZGF0ZXMteDg2XzY0Il19._qtmmfm8o-uQY0-RIDA1ozf-bVVcUTROsNb5Vu6BbPQ HTTP/1.1" 200 81328
172.16.3.7 - - [15/Jun/2026:09:19:00 +0200] "HEAD /rhn/manager/download/sle-module-basesystem15-sp7-updates-x86_64/getPackage/NULL/70b0553ecea387e1b15a102beb1ecc9bd089d515dc8981b49f405da3d5a3629e/libmpath0-0.10.6+201+suse.9f189e79-150700.3.11.1.x86_64.rpm?eyJhbGciOiJIUzI1NiJ9.eyJqdGkiOiJNSEU3WDl3OHdjd3dBeldhcDNqa19nIiwiZXhwIjoxODEzMDQzODAzLCJpYXQiOjE3ODE1MDc4MDMsIm5iZiI6MTc4MTUwNzY4Mywib3JnIjoxLCJvbmx5Q2hhbm5lbHMiOlsic2xlLW1vZHVsZS1iYXNlc3lzdGVtMTUtc3A3LXVwZGF0ZXMteDg2XzY0Il19._qtmmfm8o-uQY0-RIDA1ozf-bVVcUTROsNb5Vu6BbPQ HTTP/1.1" 200 -
172.16.3.5 - - [15/Jun/2026:09:18:59 +0200] "POST /rhn/manager/api/auth/login HTTP/1.1" 200 42
172.16.3.7 - - [15/Jun/2026:09:19:00 +0200] "GET /rhn/manager/download/sle-module-basesystem15-sp7-updates-x86_64/getPackage/NULL/70b0553ecea387e1b15a102beb1ecc9bd089d515dc8981b49f405da3d5a3629e/libmpath0-0.10.6+201+suse.9f189e79-150700.3.11.1.x86_64.rpm?eyJhbGciOiJIUzI1NiJ9.eyJqdGkiOiJNSEU3WDl3OHdjd3dBeldhcDNqa19nIiwiZXhwIjoxODEzMDQzODAzLCJpYXQiOjE3ODE1MDc4MDMsIm5iZiI6MTc4MTUwNzY4Mywib3JnIjoxLCJvbmx5Q2hhbm5lbHMiOlsic2xlLW1vZHVsZS1iYXNlc3lzdGVtMTUtc3A3LXVwZGF0ZXMteDg2XzY0Il19._qtmmfm8o-uQY0-RIDA1ozf-bVVcUTROsNb5Vu6BbPQ HTTP/1.1" 200 327336
172.16.3.7 - - [15/Jun/2026:09:19:00 +0200] "HEAD /rhn/manager/download/sle-module-basesystem15-sp7-updates-x86_64/getPackage/NULL/fe1f3f2cb89c96e65a94792434313e1cb154e7dfec863933937e73da69c1f273/multipath-tools-0.10.6+201+suse.9f189e79-150700.3.11.1.x86_64.rpm?eyJhbGciOiJIUzI1NiJ9.eyJqdGkiOiJNSEU3WDl3OHdjd3dBeldhcDNqa19nIiwiZXhwIjoxODEzMDQzODAzLCJpYXQiOjE3ODE1MDc4MDMsIm5iZiI6MTc4MTUwNzY4Mywib3JnIjoxLCJvbmx5Q2hhbm5lbHMiOlsic2xlLW1vZHVsZS1iYXNlc3lzdGVtMTUtc3A3LXVwZGF0ZXMteDg2XzY0Il19._qtmmfm8o-uQY0-RIDA1ozf-bVVcUTROsNb5Vu6BbPQ HTTP/1.1" 200 -
172.16.3.5 - - [15/Jun/2026:09:19:00 +0200] "POST /rhn/manager/api/system/searchByName HTTP/1.1" 200 150
172.16.3.7 - - [15/Jun/2026:09:19:00 +0200] "GET /rhn/manager/download/sle-module-basesystem15-sp7-updates-x86_64/getPackage/NULL/fe1f3f2cb89c96e65a94792434313e1cb154e7dfec863933937e73da69c1f273/multipath-tools-0.10.6+201+suse.9f189e79-150700.3.11.1.x86_64.rpm?eyJhbGciOiJIUzI1NiJ9.eyJqdGkiOiJNSEU3WDl3OHdjd3dBeldhcDNqa19nIiwiZXhwIjoxODEzMDQzODAzLCJpYXQiOjE3ODE1MDc4MDMsIm5iZiI6MTc4MTUwNzY4Mywib3JnIjoxLCJvbmx5Q2hhbm5lbHMiOlsic2xlLW1vZHVsZS1iYXNlc3lzdGVtMTUtc3A3LXVwZGF0ZXMteDg2XzY0Il19._qtmmfm8o-uQY0-RIDA1ozf-bVVcUTROsNb5Vu6BbPQ HTTP/1.1" 200 237092
172.16.3.5 - - [15/Jun/2026:09:19:00 +0200] "GET /rhn/manager/api/auth/logout HTTP/1.1" 200 42
172.16.3.7 - - [15/Jun/2026:09:19:00 +0200] "HEAD /rhn/manager/download/sle-module-basesystem15-sp7-updates-x86_64/getPackage/NULL/8e6807c8f2e54024192f700634585e1e9d3a0a7512930e8a3654ab680e9c989d/checkmedia-6.5-150600.3.3.1.x86_64.rpm?eyJhbGciOiJIUzI1NiJ9.eyJqdGkiOiJNSEU3WDl3OHdjd3dBeldhcDNqa19nIiwiZXhwIjoxODEzMDQzODAzLCJpYXQiOjE3ODE1MDc4MDMsIm5iZiI6MTc4MTUwNzY4Mywib3JnIjoxLCJvbmx5Q2hhbm5lbHMiOlsic2xlLW1vZHVsZS1iYXNlc3lzdGVtMTUtc3A3LXVwZGF0ZXMteDg2XzY0Il19._qtmmfm8o-uQY0-RIDA1ozf-bVVcUTROsNb5Vu6BbPQ HTTP/1.1" 200 -
172.16.3.5 - - [15/Jun/2026:09:18:58 +0200] "GET /rhn/websocket/notifications HTTP/1.1" 101 -
172.16.3.7 - - [15/Jun/2026:09:19:00 +0200] "GET /rhn/manager/download/sle-module-basesystem15-sp7-updates-x86_64/getPackage/NULL/8e6807c8f2e54024192f700634585e1e9d3a0a7512930e8a3654ab680e9c989d/checkmedia-6.5-150600.3.3.1.x86_64.rpm?eyJhbGciOiJIUzI1NiJ9.eyJqdGkiOiJNSEU3WDl3OHdjd3dBeldhcDNqa19nIiwiZXhwIjoxODEzMDQzODAzLCJpYXQiOjE3ODE1MDc4MDMsIm5iZiI6MTc4MTUwNzY4Mywib3JnIjoxLCJvbmx5Q2hhbm5lbHMiOlsic2xlLW1vZHVsZS1iYXNlc3lzdGVtMTUtc3A3LXVwZGF0ZXMteDg2XzY0Il19._qtmmfm8o-uQY0-RIDA1ozf-bVVcUTROsNb5Vu6BbPQ HTTP/1.1" 200 26944
172.16.3.7 - - [15/Jun/2026:09:19:00 +0200] "HEAD /rhn/manager/download/sle-module-basesystem15-sp7-updates-x86_64/getPackage/NULL/a75ef97813fd956c401467f91506493a4c1d8d439b9e690659446487725af2f0/qemu-vmsr-helper-9.2.4-150700.3.17.1.x86_64.rpm?eyJhbGciOiJIUzI1NiJ9.eyJqdGkiOiJNSEU3WDl3OHdjd3dBeldhcDNqa19nIiwiZXhwIjoxODEzMDQzODAzLCJpYXQiOjE3ODE1MDc4MDMsIm5iZiI6MTc4MTUwNzY4Mywib3JnIjoxLCJvbmx5Q2hhbm5lbHMiOlsic2xlLW1vZHVsZS1iYXNlc3lzdGVtMTUtc3A3LXVwZGF0ZXMteDg2XzY0Il19._qtmmfm8o-uQY0-RIDA1ozf-bVVcUTROsNb5Vu6BbPQ HTTP/1.1" 200 -
172.16.3.7 - - [15/Jun/2026:09:19:01 +0200] "GET /rhn/manager/download/sle-module-basesystem15-sp7-updates-x86_64/getPackage/NULL/a75ef97813fd956c401467f91506493a4c1d8d439b9e690659446487725af2f0/qemu-vmsr-helper-9.2.4-150700.3.17.1.x86_64.rpm?eyJhbGciOiJIUzI1NiJ9.eyJqdGkiOiJNSEU3WDl3OHdjd3dBeldhcDNqa19nIiwiZXhwIjoxODEzMDQzODAzLCJpYXQiOjE3ODE1MDc4MDMsIm5iZiI6MTc4MTUwNzY4Mywib3JnIjoxLCJvbmx5Q2hhbm5lbHMiOlsic2xlLW1vZHVsZS1iYXNlc3lzdGVtMTUtc3A3LXVwZGF0ZXMteDg2XzY0Il19._qtmmfm8o-uQY0-RIDA1ozf-bVVcUTROsNb5Vu6BbPQ HTTP/1.1" 200 625120
172.16.3.7 - - [15/Jun/2026:09:19:01 +0200] "HEAD /rhn/manager/download/sle-module-basesystem15-sp7-updates-x86_64/getPackage/NULL/3986e5b8b3b715ead9037f6ad6bd75a5676adc32163929413a247101709bffe7/qemu-img-9.2.4-150700.3.17.1.x86_64.rpm?eyJhbGciOiJIUzI1NiJ9.eyJqdGkiOiJNSEU3WDl3OHdjd3dBeldhcDNqa19nIiwiZXhwIjoxODEzMDQzODAzLCJpYXQiOjE3ODE1MDc4MDMsIm5iZiI6MTc4MTUwNzY4Mywib3JnIjoxLCJvbmx5Q2hhbm5lbHMiOlsic2xlLW1vZHVsZS1iYXNlc3lzdGVtMTUtc3A3LXVwZGF0ZXMteDg2XzY0Il19._qtmmfm8o-uQY0-RIDA1ozf-bVVcUTROsNb5Vu6BbPQ HTTP/1.1" 200 -
172.16.3.5 - - [15/Jun/2026:09:19:00 +0200] "GET /rhn/systems/details/Overview.do?sid=1000010000 HTTP/1.1" 200 6787
172.16.3.5 - - [15/Jun/2026:09:18:59 +0200] "GET /rhn/websocket/notifications HTTP/1.1" 101 -
172.16.3.7 - - [15/Jun/2026:09:19:01 +0200] "GET /rhn/manager/download/sle-module-basesystem15-sp7-updates-x86_64/getPackage/NULL/3986e5b8b3b715ead9037f6ad6bd75a5676adc32163929413a247101709bffe7/qemu-img-9.2.4-150700.3.17.1.x86_64.rpm?eyJhbGciOiJIUzI1NiJ9.eyJqdGkiOiJNSEU3WDl3OHdjd3dBeldhcDNqa19nIiwiZXhwIjoxODEzMDQzODAzLCJpYXQiOjE3ODE1MDc4MDMsIm5iZiI6MTc4MTUwNzY4Mywib3JnIjoxLCJvbmx5Q2hhbm5lbHMiOlsic2xlLW1vZHVsZS1iYXNlc3lzdGVtMTUtc3A3LXVwZGF0ZXMteDg2XzY0Il19._qtmmfm8o-uQY0-RIDA1ozf-bVVcUTROsNb5Vu6BbPQ HTTP/1.1" 200 2215268
172.16.3.5 - - [15/Jun/2026:09:19:01 +0200] "POST /rhn/manager/frontend-log HTTP/1.1" 200 42
172.16.3.7 - - [15/Jun/2026:09:19:01 +0200] "HEAD /rhn/manager/download/sle-module-basesystem15-sp7-updates-x86_64/getPackage/NULL/5a10d910563b561f161d3d8cc5442f4a63c0f527ad7d433fddf1e9c2c599f908/mozilla-nss-3.112.3-150400.3.63.1.x86_64.rpm?eyJhbGciOiJIUzI1NiJ9.eyJqdGkiOiJNSEU3WDl3OHdjd3dBeldhcDNqa19nIiwiZXhwIjoxODEzMDQzODAzLCJpYXQiOjE3ODE1MDc4MDMsIm5iZiI6MTc4MTUwNzY4Mywib3JnIjoxLCJvbmx5Q2hhbm5lbHMiOlsic2xlLW1vZHVsZS1iYXNlc3lzdGVtMTUtc3A3LXVwZGF0ZXMteDg2XzY0Il19._qtmmfm8o-uQY0-RIDA1ozf-bVVcUTROsNb5Vu6BbPQ HTTP/1.1" 200 -
172.16.3.5 - - [15/Jun/2026:09:19:01 +0200] "POST /rhn/manager/frontend-log HTTP/1.1" 200 42
172.16.3.7 - - [15/Jun/2026:09:19:01 +0200] "GET /rhn/manager/download/sle-module-basesystem15-sp7-updates-x86_64/getPackage/NULL/5a10d910563b561f161d3d8cc5442f4a63c0f527ad7d433fddf1e9c2c599f908/mozilla-nss-3.112.3-150400.3.63.1.x86_64.rpm?eyJhbGciOiJIUzI1NiJ9.eyJqdGkiOiJNSEU3WDl3OHdjd3dBeldhcDNqa19nIiwiZXhwIjoxODEzMDQzODAzLCJpYXQiOjE3ODE1MDc4MDMsIm5iZiI6MTc4MTUwNzY4Mywib3JnIjoxLCJvbmx5Q2hhbm5lbHMiOlsic2xlLW1vZHVsZS1iYXNlc3lzdGVtMTUtc3A3LXVwZGF0ZXMteDg2XzY0Il19._qtmmfm8o-uQY0-RIDA1ozf-bVVcUTROsNb5Vu6BbPQ HTTP/1.1" 200 831312
172.16.3.7 - - [15/Jun/2026:09:19:01 +0200] "HEAD /rhn/manager/download/sle-module-basesystem15-sp7-updates-x86_64/getPackage/NULL/14fe195c76cc25b7249b574d23e8921fc82639b02439bc21e3b37275d6b0997f/libsoftokn3-3.112.3-150400.3.63.1.x86_64.rpm?eyJhbGciOiJIUzI1NiJ9.eyJqdGkiOiJNSEU3WDl3OHdjd3dBeldhcDNqa19nIiwiZXhwIjoxODEzMDQzODAzLCJpYXQiOjE3ODE1MDc4MDMsIm5iZiI6MTc4MTUwNzY4Mywib3JnIjoxLCJvbmx5Q2hhbm5lbHMiOlsic2xlLW1vZHVsZS1iYXNlc3lzdGVtMTUtc3A3LXVwZGF0ZXMteDg2XzY0Il19._qtmmfm8o-uQY0-RIDA1ozf-bVVcUTROsNb5Vu6BbPQ HTTP/1.1" 200 -
172.16.3.7 - - [15/Jun/2026:09:19:01 +0200] "GET /rhn/manager/download/sle-module-basesystem15-sp7-updates-x86_64/getPackage/NULL/14fe195c76cc25b7249b574d23e8921fc82639b02439bc21e3b37275d6b0997f/libsoftokn3-3.112.3-150400.3.63.1.x86_64.rpm?eyJhbGciOiJIUzI1NiJ9.eyJqdGkiOiJNSEU3WDl3OHdjd3dBeldhcDNqa19nIiwiZXhwIjoxODEzMDQzODAzLCJpYXQiOjE3ODE1MDc4MDMsIm5iZiI6MTc4MTUwNzY4Mywib3JnIjoxLCJvbmx5Q2hhbm5lbHMiOlsic2xlLW1vZHVsZS1iYXNlc3lzdGVtMTUtc3A3LXVwZGF0ZXMteDg2XzY0Il19._qtmmfm8o-uQY0-RIDA1ozf-bVVcUTROsNb5Vu6BbPQ HTTP/1.1" 200 342592
172.16.3.7 - - [15/Jun/2026:09:19:01 +0200] "HEAD /rhn/manager/download/sle-module-basesystem15-sp7-updates-x86_64/getPackage/NULL/b92a8f9e71de3779d56cd48dca0078091d3f0c580fc65d8308fd1399e7d776ea/qemu-pr-helper-9.2.4-150700.3.17.1.x86_64.rpm?eyJhbGciOiJIUzI1NiJ9.eyJqdGkiOiJNSEU3WDl3OHdjd3dBeldhcDNqa19nIiwiZXhwIjoxODEzMDQzODAzLCJpYXQiOjE3ODE1MDc4MDMsIm5iZiI6MTc4MTUwNzY4Mywib3JnIjoxLCJvbmx5Q2hhbm5lbHMiOlsic2xlLW1vZHVsZS1iYXNlc3lzdGVtMTUtc3A3LXVwZGF0ZXMteDg2XzY0Il19._qtmmfm8o-uQY0-RIDA1ozf-bVVcUTROsNb5Vu6BbPQ HTTP/1.1" 200 -
172.16.3.5 - - [15/Jun/2026:09:19:01 +0200] "GET /rhn/systems/details/Overview.do?sid=1000010000& HTTP/1.1" 200 6787
172.16.3.7 - - [15/Jun/2026:09:19:01 +0200] "GET /rhn/manager/download/sle-module-basesystem15-sp7-updates-x86_64/getPackage/NULL/b92a8f9e71de3779d56cd48dca0078091d3f0c580fc65d8308fd1399e7d776ea/qemu-pr-helper-9.2.4-150700.3.17.1.x86_64.rpm?eyJhbGciOiJIUzI1NiJ9.eyJqdGkiOiJNSEU3WDl3OHdjd3dBeldhcDNqa19nIiwiZXhwIjoxODEzMDQzODAzLCJpYXQiOjE3ODE1MDc4MDMsIm5iZiI6MTc4MTUwNzY4Mywib3JnIjoxLCJvbmx5Q2hhbm5lbHMiOlsic2xlLW1vZHVsZS1iYXNlc3lzdGVtMTUtc3A3LXVwZGF0ZXMteDg2XzY0Il19._qtmmfm8o-uQY0-RIDA1ozf-bVVcUTROsNb5Vu6BbPQ HTTP/1.1" 200 634348
172.16.3.5 - - [15/Jun/2026:09:19:01 +0200] "GET /img/favicon.ico?q=0.10610790301139328 HTTP/1.1" 200 1150
172.16.3.5 - - [15/Jun/2026:09:19:02 +0200] "POST /rhn/manager/frontend-log HTTP/1.1" 200 42
172.16.3.7 - - [15/Jun/2026:09:19:02 +0200] "HEAD /rhn/manager/download/sle-module-basesystem15-sp7-updates-x86_64/getPackage/NULL/f30b141467f2136243af7ec3d632bc75330140354234cc716f93f7b597353a03/mozilla-nss-sysinit-3.112.3-150400.3.63.1.x86_64.rpm?eyJhbGciOiJIUzI1NiJ9.eyJqdGkiOiJNSEU3WDl3OHdjd3dBeldhcDNqa19nIiwiZXhwIjoxODEzMDQzODAzLCJpYXQiOjE3ODE1MDc4MDMsIm5iZiI6MTc4MTUwNzY4Mywib3JnIjoxLCJvbmx5Q2hhbm5lbHMiOlsic2xlLW1vZHVsZS1iYXNlc3lzdGVtMTUtc3A3LXVwZGF0ZXMteDg2XzY0Il19._qtmmfm8o-uQY0-RIDA1ozf-bVVcUTROsNb5Vu6BbPQ HTTP/1.1" 200 -
172.16.3.5 - - [15/Jun/2026:09:19:02 +0200] "GET /rhn/websocket/notifications HTTP/1.1" 101 -
172.16.3.7 - - [15/Jun/2026:09:19:02 +0200] "GET /rhn/manager/download/sle-module-basesystem15-sp7-updates-x86_64/getPackage/NULL/f30b141467f2136243af7ec3d632bc75330140354234cc716f93f7b597353a03/mozilla-nss-sysinit-3.112.3-150400.3.63.1.x86_64.rpm?eyJhbGciOiJIUzI1NiJ9.eyJqdGkiOiJNSEU3WDl3OHdjd3dBeldhcDNqa19nIiwiZXhwIjoxODEzMDQzODAzLCJpYXQiOjE3ODE1MDc4MDMsIm5iZiI6MTc4MTUwNzY4Mywib3JnIjoxLCJvbmx5Q2hhbm5lbHMiOlsic2xlLW1vZHVsZS1iYXNlc3lzdGVtMTUtc3A3LXVwZGF0ZXMteDg2XzY0Il19._qtmmfm8o-uQY0-RIDA1ozf-bVVcUTROsNb5Vu6BbPQ HTTP/1.1" 200 166324
172.16.3.7 - - [15/Jun/2026:09:19:02 +0200] "HEAD /rhn/manager/download/sle-module-basesystem15-sp7-updates-x86_64/getPackage/NULL/1f24620fdccc153ccf218e92d23cbe78097c1ca225f56db6865634bd89b5eebf/java-25-openjdk-headless-25.0.2.0-150700.15.7.1.x86_64.rpm?eyJhbGciOiJIUzI1NiJ9.eyJqdGkiOiJNSEU3WDl3OHdjd3dBeldhcDNqa19nIiwiZXhwIjoxODEzMDQzODAzLCJpYXQiOjE3ODE1MDc4MDMsIm5iZiI6MTc4MTUwNzY4Mywib3JnIjoxLCJvbmx5Q2hhbm5lbHMiOlsic2xlLW1vZHVsZS1iYXNlc3lzdGVtMTUtc3A3LXVwZGF0ZXMteDg2XzY0Il19._qtmmfm8o-uQY0-RIDA1ozf-bVVcUTROsNb5Vu6BbPQ HTTP/1.1" 200 -
172.16.3.7 - - [15/Jun/2026:09:19:02 +0200] "GET /rhn/manager/download/sle-module-basesystem15-sp7-updates-x86_64/getPackage/NULL/1f24620fdccc153ccf218e92d23cbe78097c1ca225f56db6865634bd89b5eebf/java-25-openjdk-headless-25.0.2.0-150700.15.7.1.x86_64.rpm?eyJhbGciOiJIUzI1NiJ9.eyJqdGkiOiJNSEU3WDl3OHdjd3dBeldhcDNqa19nIiwiZXhwIjoxODEzMDQzODAzLCJpYXQiOjE3ODE1MDc4MDMsIm5iZiI6MTc4MTUwNzY4Mywib3JnIjoxLCJvbmx5Q2hhbm5lbHMiOlsic2xlLW1vZHVsZS1iYXNlc3lzdGVtMTUtc3A3LXVwZGF0ZXMteDg2XzY0Il19._qtmmfm8o-uQY0-RIDA1ozf-bVVcUTROsNb5Vu6BbPQ HTTP/1.1" 200 54771864
172.16.3.5 - - [15/Jun/2026:09:19:02 +0200] "GET /rhn/systems/details/ProxyClients.do?sid=1000010000& HTTP/1.1" 200 8071
172.16.3.5 - - [15/Jun/2026:09:19:02 +0200] "GET /img/favicon.ico?q=0.9396628088251725 HTTP/1.1" 200 1150
172.16.3.5 - - [15/Jun/2026:09:19:02 +0200] "POST /rhn/manager/frontend-log HTTP/1.1" 200 42
172.16.3.5 - - [15/Jun/2026:09:19:01 +0200] "GET /rhn/websocket/notifications HTTP/1.1" 101 -
172.16.3.5 - - [15/Jun/2026:09:19:02 +0200] "GET /rhn/websocket/notifications HTTP/1.1" 101 -
::1 - - [15/Jun/2026:09:19:03 +0200] "OPTIONS * HTTP/1.0" 200 - "-" "Apache/2.4.66 (Linux/SUSE) OpenSSL/3.5.0 mod_wsgi/5.0.2 Python/3.13 (internal dummy connection)"
172.16.3.7 - - [15/Jun/2026:09:19:03 +0200] "HEAD /rhn/manager/download/sle-module-devtools15-sp7-pool-x86_64/getPackage/NULL/6897117f6b619a7cb05a423a64ba8a3ffa40a16576c2e84585781205c55d6f2e/kiwi-boot-descriptions-1.2.0-2.51.x86_64.rpm?eyJhbGciOiJIUzI1NiJ9.eyJqdGkiOiI5ZTlvTGRFVGtmVGQxMnZXX3hFZjhnIiwiZXhwIjoxODEzMDQzODAzLCJpYXQiOjE3ODE1MDc4MDMsIm5iZiI6MTc4MTUwNzY4Mywib3JnIjoxLCJvbmx5Q2hhbm5lbHMiOlsic2xlLW1vZHVsZS1kZXZ0b29sczE1LXNwNy1wb29sLXg4Nl82NCJdfQ._V-mmlAyeAqUWrAZsnl6wDuVOfHxDENSWIHNMGUYRXs HTTP/1.1" 200 -
172.16.3.7 - - [15/Jun/2026:09:19:03 +0200] "GET /rhn/manager/download/sle-module-devtools15-sp7-pool-x86_64/getPackage/NULL/6897117f6b619a7cb05a423a64ba8a3ffa40a16576c2e84585781205c55d6f2e/kiwi-boot-descriptions-1.2.0-2.51.x86_64.rpm?eyJhbGciOiJIUzI1NiJ9.eyJqdGkiOiI5ZTlvTGRFVGtmVGQxMnZXX3hFZjhnIiwiZXhwIjoxODEzMDQzODAzLCJpYXQiOjE3ODE1MDc4MDMsIm5iZiI6MTc4MTUwNzY4Mywib3JnIjoxLCJvbmx5Q2hhbm5lbHMiOlsic2xlLW1vZHVsZS1kZXZ0b29sczE1LXNwNy1wb29sLXg4Nl82NCJdfQ._V-mmlAyeAqUWrAZsnl6wDuVOfHxDENSWIHNMGUYRXs HTTP/1.1" 200 348928
172.16.3.7 - - [15/Jun/2026:09:19:03 +0200] "HEAD /rhn/manager/download/sle-module-devtools15-sp7-pool-x86_64/getPackage/NULL/6c26d47ddc7d3d11b1c20fe63aee583129bd751f3b3bafbee3c9f1906c8f055a/relaxngDatatype-2011.1-150200.10.4.4.noarch.rpm?eyJhbGciOiJIUzI1NiJ9.eyJqdGkiOiI5ZTlvTGRFVGtmVGQxMnZXX3hFZjhnIiwiZXhwIjoxODEzMDQzODAzLCJpYXQiOjE3ODE1MDc4MDMsIm5iZiI6MTc4MTUwNzY4Mywib3JnIjoxLCJvbmx5Q2hhbm5lbHMiOlsic2xlLW1vZHVsZS1kZXZ0b29sczE1LXNwNy1wb29sLXg4Nl82NCJdfQ._V-mmlAyeAqUWrAZsnl6wDuVOfHxDENSWIHNMGUYRXs HTTP/1.1" 200 -
172.16.3.7 - - [15/Jun/2026:09:19:04 +0200] "GET /rhn/manager/download/sle-module-devtools15-sp7-pool-x86_64/getPackage/NULL/6c26d47ddc7d3d11b1c20fe63aee583129bd751f3b3bafbee3c9f1906c8f055a/relaxngDatatype-2011.1-150200.10.4.4.noarch.rpm?eyJhbGciOiJIUzI1NiJ9.eyJqdGkiOiI5ZTlvTGRFVGtmVGQxMnZXX3hFZjhnIiwiZXhwIjoxODEzMDQzODAzLCJpYXQiOjE3ODE1MDc4MDMsIm5iZiI6MTc4MTUwNzY4Mywib3JnIjoxLCJvbmx5Q2hhbm5lbHMiOlsic2xlLW1vZHVsZS1kZXZ0b29sczE1LXNwNy1wb29sLXg4Nl82NCJdfQ._V-mmlAyeAqUWrAZsnl6wDuVOfHxDENSWIHNMGUYRXs HTTP/1.1" 200 22828
172.16.3.7 - - [15/Jun/2026:09:19:04 +0200] "HEAD /rhn/manager/download/sle-module-devtools15-sp7-updates-x86_64/getPackage/NULL/8c2d4ad159d3695d1e654d81d50d3a3db9443a7f57cf4c3947e5ac0d41071aa3/kiwi-man-pages-10.2.33-150600.14.10.2.x86_64.rpm?eyJhbGciOiJIUzI1NiJ9.eyJqdGkiOiJOVTNIWTQwSjN3cWZjbTBrTzNDd0RBIiwiZXhwIjoxODEzMDQzODAzLCJpYXQiOjE3ODE1MDc4MDMsIm5iZiI6MTc4MTUwNzY4Mywib3JnIjoxLCJvbmx5Q2hhbm5lbHMiOlsic2xlLW1vZHVsZS1kZXZ0b29sczE1LXNwNy11cGRhdGVzLXg4Nl82NCJdfQ.PphcySiWej5X0M58dqOfvHhpi7pn_Whj-YjTTNP4uAw HTTP/1.1" 200 -
172.16.3.7 - - [15/Jun/2026:09:19:04 +0200] "GET /rhn/manager/download/sle-module-devtools15-sp7-updates-x86_64/getPackage/NULL/8c2d4ad159d3695d1e654d81d50d3a3db9443a7f57cf4c3947e5ac0d41071aa3/kiwi-man-pages-10.2.33-150600.14.10.2.x86_64.rpm?eyJhbGciOiJIUzI1NiJ9.eyJqdGkiOiJOVTNIWTQwSjN3cWZjbTBrTzNDd0RBIiwiZXhwIjoxODEzMDQzODAzLCJpYXQiOjE3ODE1MDc4MDMsIm5iZiI6MTc4MTUwNzY4Mywib3JnIjoxLCJvbmx5Q2hhbm5lbHMiOlsic2xlLW1vZHVsZS1kZXZ0b29sczE1LXNwNy11cGRhdGVzLXg4Nl82NCJdfQ.PphcySiWej5X0M58dqOfvHhpi7pn_Whj-YjTTNP4uAw HTTP/1.1" 200 425488
172.16.3.7 - - [15/Jun/2026:09:19:04 +0200] "HEAD /rhn/manager/download/sle-module-devtools15-sp7-updates-x86_64/getPackage/NULL/a0bbcc4bfb33c66319647a8d0dde7d5a8c76d402839cf950c5adb1761f133268/appx-util-0.5-150600.13.3.2.x86_64.rpm?eyJhbGciOiJIUzI1NiJ9.eyJqdGkiOiJOVTNIWTQwSjN3cWZjbTBrTzNDd0RBIiwiZXhwIjoxODEzMDQzODAzLCJpYXQiOjE3ODE1MDc4MDMsIm5iZiI6MTc4MTUwNzY4Mywib3JnIjoxLCJvbmx5Q2hhbm5lbHMiOlsic2xlLW1vZHVsZS1kZXZ0b29sczE1LXNwNy11cGRhdGVzLXg4Nl82NCJdfQ.PphcySiWej5X0M58dqOfvHhpi7pn_Whj-YjTTNP4uAw HTTP/1.1" 200 -
::1 - - [15/Jun/2026:09:19:04 +0200] "OPTIONS * HTTP/1.0" 200 - "-" "Apache/2.4.66 (Linux/SUSE) OpenSSL/3.5.0 mod_wsgi/5.0.2 Python/3.13 (internal dummy connection)"
172.16.3.7 - - [15/Jun/2026:09:19:04 +0200] "GET /rhn/manager/download/sle-module-devtools15-sp7-updates-x86_64/getPackage/NULL/a0bbcc4bfb33c66319647a8d0dde7d5a8c76d402839cf950c5adb1761f133268/appx-util-0.5-150600.13.3.2.x86_64.rpm?eyJhbGciOiJIUzI1NiJ9.eyJqdGkiOiJOVTNIWTQwSjN3cWZjbTBrTzNDd0RBIiwiZXhwIjoxODEzMDQzODAzLCJpYXQiOjE3ODE1MDc4MDMsIm5iZiI6MTc4MTUwNzY4Mywib3JnIjoxLCJvbmx5Q2hhbm5lbHMiOlsic2xlLW1vZHVsZS1kZXZ0b29sczE1LXNwNy11cGRhdGVzLXg4Nl82NCJdfQ.PphcySiWej5X0M58dqOfvHhpi7pn_Whj-YjTTNP4uAw HTTP/1.1" 200 58484
172.16.3.7 - - [15/Jun/2026:09:19:04 +0200] "HEAD /rhn/manager/download/sle-module-devtools15-sp7-updates-x86_64/getPackage/NULL/3d5f65669e9439489ebe11e66005daced1b9f879ee5fc5cc8f27beffb74aa0bb/kiwi-systemdeps-core-10.2.33-150600.14.10.2.x86_64.rpm?eyJhbGciOiJIUzI1NiJ9.eyJqdGkiOiJOVTNIWTQwSjN3cWZjbTBrTzNDd0RBIiwiZXhwIjoxODEzMDQzODAzLCJpYXQiOjE3ODE1MDc4MDMsIm5iZiI6MTc4MTUwNzY4Mywib3JnIjoxLCJvbmx5Q2hhbm5lbHMiOlsic2xlLW1vZHVsZS1kZXZ0b29sczE1LXNwNy11cGRhdGVzLXg4Nl82NCJdfQ.PphcySiWej5X0M58dqOfvHhpi7pn_Whj-YjTTNP4uAw HTTP/1.1" 200 -
172.16.3.7 - - [15/Jun/2026:09:19:04 +0200] "GET /rhn/manager/download/sle-module-devtools15-sp7-updates-x86_64/getPackage/NULL/3d5f65669e9439489ebe11e66005daced1b9f879ee5fc5cc8f27beffb74aa0bb/kiwi-systemdeps-core-10.2.33-150600.14.10.2.x86_64.rpm?eyJhbGciOiJIUzI1NiJ9.eyJqdGkiOiJOVTNIWTQwSjN3cWZjbTBrTzNDd0RBIiwiZXhwIjoxODEzMDQzODAzLCJpYXQiOjE3ODE1MDc4MDMsIm5iZiI6MTc4MTUwNzY4Mywib3JnIjoxLCJvbmx5Q2hhbm5lbHMiOlsic2xlLW1vZHVsZS1kZXZ0b29sczE1LXNwNy11cGRhdGVzLXg4Nl82NCJdfQ.PphcySiWej5X0M58dqOfvHhpi7pn_Whj-YjTTNP4uAw HTTP/1.1" 200 406396
172.16.3.7 - - [15/Jun/2026:09:19:04 +0200] "HEAD /rhn/manager/download/sle-module-devtools15-sp7-updates-x86_64/getPackage/NULL/91ac6ac8828900b90c3964440631c571877447426f7db4082751b2cb607ba448/kiwi-systemdeps-containers-10.2.33-150600.14.10.2.x86_64.rpm?eyJhbGciOiJIUzI1NiJ9.eyJqdGkiOiJOVTNIWTQwSjN3cWZjbTBrTzNDd0RBIiwiZXhwIjoxODEzMDQzODAzLCJpYXQiOjE3ODE1MDc4MDMsIm5iZiI6MTc4MTUwNzY4Mywib3JnIjoxLCJvbmx5Q2hhbm5lbHMiOlsic2xlLW1vZHVsZS1kZXZ0b29sczE1LXNwNy11cGRhdGVzLXg4Nl82NCJdfQ.PphcySiWej5X0M58dqOfvHhpi7pn_Whj-YjTTNP4uAw HTTP/1.1" 200 -
172.16.3.7 - - [15/Jun/2026:09:19:04 +0200] "GET /rhn/manager/download/sle-module-devtools15-sp7-updates-x86_64/getPackage/NULL/91ac6ac8828900b90c3964440631c571877447426f7db4082751b2cb607ba448/kiwi-systemdeps-containers-10.2.33-150600.14.10.2.x86_64.rpm?eyJhbGciOiJIUzI1NiJ9.eyJqdGkiOiJOVTNIWTQwSjN3cWZjbTBrTzNDd0RBIiwiZXhwIjoxODEzMDQzODAzLCJpYXQiOjE3ODE1MDc4MDMsIm5iZiI6MTc4MTUwNzY4Mywib3JnIjoxLCJvbmx5Q2hhbm5lbHMiOlsic2xlLW1vZHVsZS1kZXZ0b29sczE1LXNwNy11cGRhdGVzLXg4Nl82NCJdfQ.PphcySiWej5X0M58dqOfvHhpi7pn_Whj-YjTTNP4uAw HTTP/1.1" 200 406344
172.16.3.7 - - [15/Jun/2026:09:19:04 +0200] "HEAD /rhn/manager/download/sle-module-devtools15-sp7-updates-x86_64/getPackage/NULL/7322490b3934bb781126e895bef0ad00373b68dd97a1f117d89dc4b26b6fefbf/kiwi-systemdeps-containers-wsl-10.2.33-150600.14.10.2.x86_64.rpm?eyJhbGciOiJIUzI1NiJ9.eyJqdGkiOiJOVTNIWTQwSjN3cWZjbTBrTzNDd0RBIiwiZXhwIjoxODEzMDQzODAzLCJpYXQiOjE3ODE1MDc4MDMsIm5iZiI6MTc4MTUwNzY4Mywib3JnIjoxLCJvbmx5Q2hhbm5lbHMiOlsic2xlLW1vZHVsZS1kZXZ0b29sczE1LXNwNy11cGRhdGVzLXg4Nl82NCJdfQ.PphcySiWej5X0M58dqOfvHhpi7pn_Whj-YjTTNP4uAw HTTP/1.1" 200 -
172.16.3.7 - - [15/Jun/2026:09:19:05 +0200] "GET /rhn/manager/download/sle-module-devtools15-sp7-updates-x86_64/getPackage/NULL/7322490b3934bb781126e895bef0ad00373b68dd97a1f117d89dc4b26b6fefbf/kiwi-systemdeps-containers-wsl-10.2.33-150600.14.10.2.x86_64.rpm?eyJhbGciOiJIUzI1NiJ9.eyJqdGkiOiJOVTNIWTQwSjN3cWZjbTBrTzNDd0RBIiwiZXhwIjoxODEzMDQzODAzLCJpYXQiOjE3ODE1MDc4MDMsIm5iZiI6MTc4MTUwNzY4Mywib3JnIjoxLCJvbmx5Q2hhbm5lbHMiOlsic2xlLW1vZHVsZS1kZXZ0b29sczE1LXNwNy11cGRhdGVzLXg4Nl82NCJdfQ.PphcySiWej5X0M58dqOfvHhpi7pn_Whj-YjTTNP4uAw HTTP/1.1" 200 406344
172.16.3.7 - - [15/Jun/2026:09:19:05 +0200] "HEAD /rhn/manager/download/sle-module-devtools15-sp7-updates-x86_64/getPackage/NULL/1f61e60acbb76f9b2182fb96549d048c8c75c5e0fa1a2a903695bbc5b0a42a7e/kiwi-systemdeps-bootloaders-10.2.33-150600.14.10.2.x86_64.rpm?eyJhbGciOiJIUzI1NiJ9.eyJqdGkiOiJOVTNIWTQwSjN3cWZjbTBrTzNDd0RBIiwiZXhwIjoxODEzMDQzODAzLCJpYXQiOjE3ODE1MDc4MDMsIm5iZiI6MTc4MTUwNzY4Mywib3JnIjoxLCJvbmx5Q2hhbm5lbHMiOlsic2xlLW1vZHVsZS1kZXZ0b29sczE1LXNwNy11cGRhdGVzLXg4Nl82NCJdfQ.PphcySiWej5X0M58dqOfvHhpi7pn_Whj-YjTTNP4uAw HTTP/1.1" 200 -
172.16.3.7 - - [15/Jun/2026:09:19:05 +0200] "GET /rhn/manager/download/sle-module-devtools15-sp7-updates-x86_64/getPackage/NULL/1f61e60acbb76f9b2182fb96549d048c8c75c5e0fa1a2a903695bbc5b0a42a7e/kiwi-systemdeps-bootloaders-10.2.33-150600.14.10.2.x86_64.rpm?eyJhbGciOiJIUzI1NiJ9.eyJqdGkiOiJOVTNIWTQwSjN3cWZjbTBrTzNDd0RBIiwiZXhwIjoxODEzMDQzODAzLCJpYXQiOjE3ODE1MDc4MDMsIm5iZiI6MTc4MTUwNzY4Mywib3JnIjoxLCJvbmx5Q2hhbm5lbHMiOlsic2xlLW1vZHVsZS1kZXZ0b29sczE1LXNwNy11cGRhdGVzLXg4Nl82NCJdfQ.PphcySiWej5X0M58dqOfvHhpi7pn_Whj-YjTTNP4uAw HTTP/1.1" 200 406280
172.16.3.7 - - [15/Jun/2026:09:19:05 +0200] "HEAD /rhn/manager/download/sle-module-python3-15-sp7-updates-x86_64/getPackage/NULL/dd10e37ea803e397c7d7cccac10c5a5904698067fa54e58513946c93c9853ee1/python311-docopt-0.6.2-150600.18.5.2.noarch.rpm?eyJhbGciOiJIUzI1NiJ9.eyJqdGkiOiJMUFpXZjVJeDdtNkE0bGJnWlNBSi1nIiwiZXhwIjoxODEzMDQzODAzLCJpYXQiOjE3ODE1MDc4MDMsIm5iZiI6MTc4MTUwNzY4Mywib3JnIjoxLCJvbmx5Q2hhbm5lbHMiOlsic2xlLW1vZHVsZS1weXRob24zLTE1LXNwNy11cGRhdGVzLXg4Nl82NCJdfQ.oQrjoJ811FsViMYfdpc3BF9lcoP4_NIcbax8Y2t0MBo HTTP/1.1" 200 -
172.16.3.7 - - [15/Jun/2026:09:19:05 +0200] "GET /rhn/manager/download/sle-module-python3-15-sp7-updates-x86_64/getPackage/NULL/dd10e37ea803e397c7d7cccac10c5a5904698067fa54e58513946c93c9853ee1/python311-docopt-0.6.2-150600.18.5.2.noarch.rpm?eyJhbGciOiJIUzI1NiJ9.eyJqdGkiOiJMUFpXZjVJeDdtNkE0bGJnWlNBSi1nIiwiZXhwIjoxODEzMDQzODAzLCJpYXQiOjE3ODE1MDc4MDMsIm5iZiI6MTc4MTUwNzY4Mywib3JnIjoxLCJvbmx5Q2hhbm5lbHMiOlsic2xlLW1vZHVsZS1weXRob24zLTE1LXNwNy11cGRhdGVzLXg4Nl82NCJdfQ.oQrjoJ811FsViMYfdpc3BF9lcoP4_NIcbax8Y2t0MBo HTTP/1.1" 200 41556
172.16.3.7 - - [15/Jun/2026:09:19:05 +0200] "HEAD /rhn/manager/download/sle-module-python3-15-sp7-updates-x86_64/getPackage/NULL/e5a591a8270d291e1371744440165fccb31398aee4740f8337b672b65bbc76ea/python311-solv-0.7.35-150700.11.5.2.x86_64.rpm?eyJhbGciOiJIUzI1NiJ9.eyJqdGkiOiJMUFpXZjVJeDdtNkE0bGJnWlNBSi1nIiwiZXhwIjoxODEzMDQzODAzLCJpYXQiOjE3ODE1MDc4MDMsIm5iZiI6MTc4MTUwNzY4Mywib3JnIjoxLCJvbmx5Q2hhbm5lbHMiOlsic2xlLW1vZHVsZS1weXRob24zLTE1LXNwNy11cGRhdGVzLXg4Nl82NCJdfQ.oQrjoJ811FsViMYfdpc3BF9lcoP4_NIcbax8Y2t0MBo HTTP/1.1" 200 -
172.16.3.7 - - [15/Jun/2026:09:19:05 +0200] "GET /rhn/manager/download/sle-module-python3-15-sp7-updates-x86_64/getPackage/NULL/e5a591a8270d291e1371744440165fccb31398aee4740f8337b672b65bbc76ea/python311-solv-0.7.35-150700.11.5.2.x86_64.rpm?eyJhbGciOiJIUzI1NiJ9.eyJqdGkiOiJMUFpXZjVJeDdtNkE0bGJnWlNBSi1nIiwiZXhwIjoxODEzMDQzODAzLCJpYXQiOjE3ODE1MDc4MDMsIm5iZiI6MTc4MTUwNzY4Mywib3JnIjoxLCJvbmx5Q2hhbm5lbHMiOlsic2xlLW1vZHVsZS1weXRob24zLTE1LXNwNy11cGRhdGVzLXg4Nl82NCJdfQ.oQrjoJ811FsViMYfdpc3BF9lcoP4_NIcbax8Y2t0MBo HTTP/1.1" 200 496212
172.16.3.7 - - [15/Jun/2026:09:19:05 +0200] "HEAD /rhn/manager/download/sle-module-python3-15-sp7-updates-x86_64/getPackage/NULL/b1e620ba6e3d8230a41ade06690793eafffb447c050312a744e4d0a0018e9a39/python311-cssselect-1.2.0-150400.12.6.2.noarch.rpm?eyJhbGciOiJIUzI1NiJ9.eyJqdGkiOiJMUFpXZjVJeDdtNkE0bGJnWlNBSi1nIiwiZXhwIjoxODEzMDQzODAzLCJpYXQiOjE3ODE1MDc4MDMsIm5iZiI6MTc4MTUwNzY4Mywib3JnIjoxLCJvbmx5Q2hhbm5lbHMiOlsic2xlLW1vZHVsZS1weXRob24zLTE1LXNwNy11cGRhdGVzLXg4Nl82NCJdfQ.oQrjoJ811FsViMYfdpc3BF9lcoP4_NIcbax8Y2t0MBo HTTP/1.1" 200 -
172.16.3.7 - - [15/Jun/2026:09:19:05 +0200] "GET /rhn/manager/download/sle-module-python3-15-sp7-updates-x86_64/getPackage/NULL/b1e620ba6e3d8230a41ade06690793eafffb447c050312a744e4d0a0018e9a39/python311-cssselect-1.2.0-150400.12.6.2.noarch.rpm?eyJhbGciOiJIUzI1NiJ9.eyJqdGkiOiJMUFpXZjVJeDdtNkE0bGJnWlNBSi1nIiwiZXhwIjoxODEzMDQzODAzLCJpYXQiOjE3ODE1MDc4MDMsIm5iZiI6MTc4MTUwNzY4Mywib3JnIjoxLCJvbmx5Q2hhbm5lbHMiOlsic2xlLW1vZHVsZS1weXRob24zLTE1LXNwNy11cGRhdGVzLXg4Nl82NCJdfQ.oQrjoJ811FsViMYfdpc3BF9lcoP4_NIcbax8Y2t0MBo HTTP/1.1" 200 57984
172.16.3.7 - - [15/Jun/2026:09:19:06 +0200] "HEAD /rhn/manager/download/sle-module-python3-15-sp7-updates-x86_64/getPackage/NULL/55193cf8fe8f8faa4f23e6fe32769636d80427ab25f7cb3b908cc5bdb998384e/python311-simplejson-3.19.1-150400.6.10.2.x86_64.rpm?eyJhbGciOiJIUzI1NiJ9.eyJqdGkiOiJMUFpXZjVJeDdtNkE0bGJnWlNBSi1nIiwiZXhwIjoxODEzMDQzODAzLCJpYXQiOjE3ODE1MDc4MDMsIm5iZiI6MTc4MTUwNzY4Mywib3JnIjoxLCJvbmx5Q2hhbm5lbHMiOlsic2xlLW1vZHVsZS1weXRob24zLTE1LXNwNy11cGRhdGVzLXg4Nl82NCJdfQ.oQrjoJ811FsViMYfdpc3BF9lcoP4_NIcbax8Y2t0MBo HTTP/1.1" 200 -
172.16.3.7 - - [15/Jun/2026:09:19:06 +0200] "GET /rhn/manager/download/sle-module-python3-15-sp7-updates-x86_64/getPackage/NULL/55193cf8fe8f8faa4f23e6fe32769636d80427ab25f7cb3b908cc5bdb998384e/python311-simplejson-3.19.1-150400.6.10.2.x86_64.rpm?eyJhbGciOiJIUzI1NiJ9.eyJqdGkiOiJMUFpXZjVJeDdtNkE0bGJnWlNBSi1nIiwiZXhwIjoxODEzMDQzODAzLCJpYXQiOjE3ODE1MDc4MDMsIm5iZiI6MTc4MTUwNzY4Mywib3JnIjoxLCJvbmx5Q2hhbm5lbHMiOlsic2xlLW1vZHVsZS1weXRob24zLTE1LXNwNy11cGRhdGVzLXg4Nl82NCJdfQ.oQrjoJ811FsViMYfdpc3BF9lcoP4_NIcbax8Y2t0MBo HTTP/1.1" 200 86992
172.16.3.7 - - [15/Jun/2026:09:19:07 +0200] "HEAD /rhn/manager/download/sle-module-python3-15-sp7-updates-x86_64/getPackage/NULL/9ae96f8575fcde875d02b93b5f77c7940dfee5c18fa928b01c517038d21d4b48/python311-xmltodict-0.13.0-150600.3.7.2.noarch.rpm?eyJhbGciOiJIUzI1NiJ9.eyJqdGkiOiJMUFpXZjVJeDdtNkE0bGJnWlNBSi1nIiwiZXhwIjoxODEzMDQzODAzLCJpYXQiOjE3ODE1MDc4MDMsIm5iZiI6MTc4MTUwNzY4Mywib3JnIjoxLCJvbmx5Q2hhbm5lbHMiOlsic2xlLW1vZHVsZS1weXRob24zLTE1LXNwNy11cGRhdGVzLXg4Nl82NCJdfQ.oQrjoJ811FsViMYfdpc3BF9lcoP4_NIcbax8Y2t0MBo HTTP/1.1" 200 -
172.16.3.7 - - [15/Jun/2026:09:19:07 +0200] "GET /rhn/manager/download/sle-module-python3-15-sp7-updates-x86_64/getPackage/NULL/9ae96f8575fcde875d02b93b5f77c7940dfee5c18fa928b01c517038d21d4b48/python311-xmltodict-0.13.0-150600.3.7.2.noarch.rpm?eyJhbGciOiJIUzI1NiJ9.eyJqdGkiOiJMUFpXZjVJeDdtNkE0bGJnWlNBSi1nIiwiZXhwIjoxODEzMDQzODAzLCJpYXQiOjE3ODE1MDc4MDMsIm5iZiI6MTc4MTUwNzY4Mywib3JnIjoxLCJvbmx5Q2hhbm5lbHMiOlsic2xlLW1vZHVsZS1weXRob24zLTE1LXNwNy11cGRhdGVzLXg4Nl82NCJdfQ.oQrjoJ811FsViMYfdpc3BF9lcoP4_NIcbax8Y2t0MBo HTTP/1.1" 200 28812
172.16.3.7 - - [15/Jun/2026:09:19:07 +0200] "HEAD /rhn/manager/download/sle-module-server-applications15-sp7-updates-x86_64/getPackage/NULL/352710a77fe619c5d591cb844c789c8a2497e1eef8956f08a057bc01e941f549/qemu-block-curl-9.2.4-150700.3.17.1.x86_64.rpm?eyJhbGciOiJIUzI1NiJ9.eyJqdGkiOiJlSENLM3JZNVNieWNLLUk3TFRfRTBRIiwiZXhwIjoxODEzMDQzODAzLCJpYXQiOjE3ODE1MDc4MDMsIm5iZiI6MTc4MTUwNzY4Mywib3JnIjoxLCJvbmx5Q2hhbm5lbHMiOlsic2xlLW1vZHVsZS1zZXJ2ZXItYXBwbGljYXRpb25zMTUtc3A3LXVwZGF0ZXMteDg2XzY0Il19.5gzBbitRBXTVqGm8FHD_qs3iUqZPocAnr18bnurO2IU HTTP/1.1" 200 -
172.16.3.7 - - [15/Jun/2026:09:19:07 +0200] "GET /rhn/manager/download/sle-module-server-applications15-sp7-updates-x86_64/getPackage/NULL/352710a77fe619c5d591cb844c789c8a2497e1eef8956f08a057bc01e941f549/qemu-block-curl-9.2.4-150700.3.17.1.x86_64.rpm?eyJhbGciOiJIUzI1NiJ9.eyJqdGkiOiJlSENLM3JZNVNieWNLLUk3TFRfRTBRIiwiZXhwIjoxODEzMDQzODAzLCJpYXQiOjE3ODE1MDc4MDMsIm5iZiI6MTc4MTUwNzY4Mywib3JnIjoxLCJvbmx5Q2hhbm5lbHMiOlsic2xlLW1vZHVsZS1zZXJ2ZXItYXBwbGljYXRpb25zMTUtc3A3LXVwZGF0ZXMteDg2XzY0Il19.5gzBbitRBXTVqGm8FHD_qs3iUqZPocAnr18bnurO2IU HTTP/1.1" 200 344188
172.16.3.7 - - [15/Jun/2026:09:19:07 +0200] "HEAD /rhn/manager/download/sle-module-basesystem15-sp7-pool-x86_64/getPackage/NULL/4a76efc70888ce5ef1b319a947eb2c3e1703b05583d2c08757342733da581462/librados2-16.2.13.66+g54799ee0666-150400.3.11.1.x86_64.rpm?eyJhbGciOiJIUzI1NiJ9.eyJqdGkiOiJmSVd4RjBhNmc0TjJXcmRrckkwRERBIiwiZXhwIjoxODEzMDQzODAzLCJpYXQiOjE3ODE1MDc4MDMsIm5iZiI6MTc4MTUwNzY4Mywib3JnIjoxLCJvbmx5Q2hhbm5lbHMiOlsic2xlLW1vZHVsZS1iYXNlc3lzdGVtMTUtc3A3LXBvb2wteDg2XzY0Il19.Ek8YbeJkeLWO2xz_EBYlMRbfuzXhbvnxpBo2ezMxhjw HTTP/1.1" 200 -
172.16.3.7 - - [15/Jun/2026:09:19:07 +0200] "GET /rhn/manager/download/sle-module-basesystem15-sp7-pool-x86_64/getPackage/NULL/4a76efc70888ce5ef1b319a947eb2c3e1703b05583d2c08757342733da581462/librados2-16.2.13.66+g54799ee0666-150400.3.11.1.x86_64.rpm?eyJhbGciOiJIUzI1NiJ9.eyJqdGkiOiJmSVd4RjBhNmc0TjJXcmRrckkwRERBIiwiZXhwIjoxODEzMDQzODAzLCJpYXQiOjE3ODE1MDc4MDMsIm5iZiI6MTc4MTUwNzY4Mywib3JnIjoxLCJvbmx5Q2hhbm5lbHMiOlsic2xlLW1vZHVsZS1iYXNlc3lzdGVtMTUtc3A3LXBvb2wteDg2XzY0Il19.Ek8YbeJkeLWO2xz_EBYlMRbfuzXhbvnxpBo2ezMxhjw HTTP/1.1" 200 3296588
172.16.3.7 - - [15/Jun/2026:09:19:07 +0200] "HEAD /rhn/manager/download/sle-module-basesystem15-sp7-pool-x86_64/getPackage/NULL/29a4efb68059ae7bfa4359a4ba4cd132301e6ce4b41ba5e404b953e923177175/xml-commons-resolver-1.2-150200.3.4.3.noarch.rpm?eyJhbGciOiJIUzI1NiJ9.eyJqdGkiOiJmSVd4RjBhNmc0TjJXcmRrckkwRERBIiwiZXhwIjoxODEzMDQzODAzLCJpYXQiOjE3ODE1MDc4MDMsIm5iZiI6MTc4MTUwNzY4Mywib3JnIjoxLCJvbmx5Q2hhbm5lbHMiOlsic2xlLW1vZHVsZS1iYXNlc3lzdGVtMTUtc3A3LXBvb2wteDg2XzY0Il19.Ek8YbeJkeLWO2xz_EBYlMRbfuzXhbvnxpBo2ezMxhjw HTTP/1.1" 200 -
172.16.3.7 - - [15/Jun/2026:09:19:08 +0200] "GET /rhn/manager/download/sle-module-basesystem15-sp7-pool-x86_64/getPackage/NULL/29a4efb68059ae7bfa4359a4ba4cd132301e6ce4b41ba5e404b953e923177175/xml-commons-resolver-1.2-150200.3.4.3.noarch.rpm?eyJhbGciOiJIUzI1NiJ9.eyJqdGkiOiJmSVd4RjBhNmc0TjJXcmRrckkwRERBIiwiZXhwIjoxODEzMDQzODAzLCJpYXQiOjE3ODE1MDc4MDMsIm5iZiI6MTc4MTUwNzY4Mywib3JnIjoxLCJvbmx5Q2hhbm5lbHMiOlsic2xlLW1vZHVsZS1iYXNlc3lzdGVtMTUtc3A3LXBvb2wteDg2XzY0Il19.Ek8YbeJkeLWO2xz_EBYlMRbfuzXhbvnxpBo2ezMxhjw HTTP/1.1" 200 113728
172.16.3.7 - - [15/Jun/2026:09:19:08 +0200] "HEAD /rhn/manager/download/sle-module-basesystem15-sp7-pool-x86_64/getPackage/NULL/66e9fd54f6c3f34ed2c7bec94a0a890b86410dfd4a32f9597361cf88d06b27ca/xml-commons-apis-1.4.01-150200.3.4.3.noarch.rpm?eyJhbGciOiJIUzI1NiJ9.eyJqdGkiOiJmSVd4RjBhNmc0TjJXcmRrckkwRERBIiwiZXhwIjoxODEzMDQzODAzLCJpYXQiOjE3ODE1MDc4MDMsIm5iZiI6MTc4MTUwNzY4Mywib3JnIjoxLCJvbmx5Q2hhbm5lbHMiOlsic2xlLW1vZHVsZS1iYXNlc3lzdGVtMTUtc3A3LXBvb2wteDg2XzY0Il19.Ek8YbeJkeLWO2xz_EBYlMRbfuzXhbvnxpBo2ezMxhjw HTTP/1.1" 200 -
172.16.3.5 - - [15/Jun/2026:09:18:17 +0200] "GET /rhn/websocket/notifications HTTP/1.1" 101 -
172.16.3.5 - - [15/Jun/2026:09:18:16 +0200] "GET /rhn/websocket/notifications HTTP/1.1" 101 -
172.16.3.7 - - [15/Jun/2026:09:19:08 +0200] "GET /rhn/manager/download/sle-module-basesystem15-sp7-pool-x86_64/getPackage/NULL/66e9fd54f6c3f34ed2c7bec94a0a890b86410dfd4a32f9597361cf88d06b27ca/xml-commons-apis-1.4.01-150200.3.4.3.noarch.rpm?eyJhbGciOiJIUzI1NiJ9.eyJqdGkiOiJmSVd4RjBhNmc0TjJXcmRrckkwRERBIiwiZXhwIjoxODEzMDQzODAzLCJpYXQiOjE3ODE1MDc4MDMsIm5iZiI6MTc4MTUwNzY4Mywib3JnIjoxLCJvbmx5Q2hhbm5lbHMiOlsic2xlLW1vZHVsZS1iYXNlc3lzdGVtMTUtc3A3LXBvb2wteDg2XzY0Il19.Ek8YbeJkeLWO2xz_EBYlMRbfuzXhbvnxpBo2ezMxhjw HTTP/1.1" 200 238432
172.16.3.7 - - [15/Jun/2026:09:19:08 +0200] "HEAD /rhn/manager/download/sle-module-basesystem15-sp7-pool-x86_64/getPackage/NULL/5e2ff037017f9ba5d5a2df46ce618e97a4e3ff8d25d48b9d118d6c864e628ff1/bea-stax-api-1.2.0-150200.11.3.1.noarch.rpm?eyJhbGciOiJIUzI1NiJ9.eyJqdGkiOiJmSVd4RjBhNmc0TjJXcmRrckkwRERBIiwiZXhwIjoxODEzMDQzODAzLCJpYXQiOjE3ODE1MDc4MDMsIm5iZiI6MTc4MTUwNzY4Mywib3JnIjoxLCJvbmx5Q2hhbm5lbHMiOlsic2xlLW1vZHVsZS1iYXNlc3lzdGVtMTUtc3A3LXBvb2wteDg2XzY0Il19.Ek8YbeJkeLWO2xz_EBYlMRbfuzXhbvnxpBo2ezMxhjw HTTP/1.1" 200 -
172.16.3.7 - - [15/Jun/2026:09:19:08 +0200] "GET /rhn/manager/download/sle-module-basesystem15-sp7-pool-x86_64/getPackage/NULL/5e2ff037017f9ba5d5a2df46ce618e97a4e3ff8d25d48b9d118d6c864e628ff1/bea-stax-api-1.2.0-150200.11.3.1.noarch.rpm?eyJhbGciOiJIUzI1NiJ9.eyJqdGkiOiJmSVd4RjBhNmc0TjJXcmRrckkwRERBIiwiZXhwIjoxODEzMDQzODAzLCJpYXQiOjE3ODE1MDc4MDMsIm5iZiI6MTc4MTUwNzY4Mywib3JnIjoxLCJvbmx5Q2hhbm5lbHMiOlsic2xlLW1vZHVsZS1iYXNlc3lzdGVtMTUtc3A3LXBvb2wteDg2XzY0Il19.Ek8YbeJkeLWO2xz_EBYlMRbfuzXhbvnxpBo2ezMxhjw HTTP/1.1" 200 33824
::1 - - [15/Jun/2026:09:19:08 +0200] "OPTIONS * HTTP/1.0" 200 - "-" "Apache/2.4.66 (Linux/SUSE) OpenSSL/3.5.0 mod_wsgi/5.0.2 Python/3.13 (internal dummy connection)"
172.16.3.7 - - [15/Jun/2026:09:19:08 +0200] "HEAD /rhn/manager/download/sle-module-basesystem15-sp7-pool-x86_64/getPackage/NULL/edb25543d35191d49b08d6194a0a33d502b59a8a299f2e0b40922bb04083be63/librbd1-16.2.13.66+g54799ee0666-150400.3.11.1.x86_64.rpm?eyJhbGciOiJIUzI1NiJ9.eyJqdGkiOiJmSVd4RjBhNmc0TjJXcmRrckkwRERBIiwiZXhwIjoxODEzMDQzODAzLCJpYXQiOjE3ODE1MDc4MDMsIm5iZiI6MTc4MTUwNzY4Mywib3JnIjoxLCJvbmx5Q2hhbm5lbHMiOlsic2xlLW1vZHVsZS1iYXNlc3lzdGVtMTUtc3A3LXBvb2wteDg2XzY0Il19.Ek8YbeJkeLWO2xz_EBYlMRbfuzXhbvnxpBo2ezMxhjw HTTP/1.1" 200 -
172.16.3.7 - - [15/Jun/2026:09:19:08 +0200] "GET /rhn/manager/download/sle-module-basesystem15-sp7-pool-x86_64/getPackage/NULL/edb25543d35191d49b08d6194a0a33d502b59a8a299f2e0b40922bb04083be63/librbd1-16.2.13.66+g54799ee0666-150400.3.11.1.x86_64.rpm?eyJhbGciOiJIUzI1NiJ9.eyJqdGkiOiJmSVd4RjBhNmc0TjJXcmRrckkwRERBIiwiZXhwIjoxODEzMDQzODAzLCJpYXQiOjE3ODE1MDc4MDMsIm5iZiI6MTc4MTUwNzY4Mywib3JnIjoxLCJvbmx5Q2hhbm5lbHMiOlsic2xlLW1vZHVsZS1iYXNlc3lzdGVtMTUtc3A3LXBvb2wteDg2XzY0Il19.Ek8YbeJkeLWO2xz_EBYlMRbfuzXhbvnxpBo2ezMxhjw HTTP/1.1" 200 3242352
172.16.3.7 - - [15/Jun/2026:09:19:08 +0200] "HEAD /rhn/manager/download/sle-module-basesystem15-sp7-pool-x86_64/getPackage/NULL/9bbe9e61a0ee4046875eb9c0648612187b32937b342396ac07a259c661f3ca0e/xalan-j2-2.7.3-150200.11.7.1.noarch.rpm?eyJhbGciOiJIUzI1NiJ9.eyJqdGkiOiJmSVd4RjBhNmc0TjJXcmRrckkwRERBIiwiZXhwIjoxODEzMDQzODAzLCJpYXQiOjE3ODE1MDc4MDMsIm5iZiI6MTc4MTUwNzY4Mywib3JnIjoxLCJvbmx5Q2hhbm5lbHMiOlsic2xlLW1vZHVsZS1iYXNlc3lzdGVtMTUtc3A3LXBvb2wteDg2XzY0Il19.Ek8YbeJkeLWO2xz_EBYlMRbfuzXhbvnxpBo2ezMxhjw HTTP/1.1" 200 -
172.16.3.7 - - [15/Jun/2026:09:19:08 +0200] "GET /rhn/manager/download/sle-module-basesystem15-sp7-pool-x86_64/getPackage/NULL/9bbe9e61a0ee4046875eb9c0648612187b32937b342396ac07a259c661f3ca0e/xalan-j2-2.7.3-150200.11.7.1.noarch.rpm?eyJhbGciOiJIUzI1NiJ9.eyJqdGkiOiJmSVd4RjBhNmc0TjJXcmRrckkwRERBIiwiZXhwIjoxODEzMDQzODAzLCJpYXQiOjE3ODE1MDc4MDMsIm5iZiI6MTc4MTUwNzY4Mywib3JnIjoxLCJvbmx5Q2hhbm5lbHMiOlsic2xlLW1vZHVsZS1iYXNlc3lzdGVtMTUtc3A3LXBvb2wteDg2XzY0Il19.Ek8YbeJkeLWO2xz_EBYlMRbfuzXhbvnxpBo2ezMxhjw HTTP/1.1" 200 1954448
172.16.3.7 - - [15/Jun/2026:09:19:08 +0200] "HEAD /rhn/manager/download/sle-module-basesystem15-sp7-pool-x86_64/getPackage/NULL/3403b83b0ede1da28d40182ec4bcae00564389adcc98a4b334e823a1cec00fdf/xerces-j2-2.12.2-150200.3.10.2.noarch.rpm?eyJhbGciOiJIUzI1NiJ9.eyJqdGkiOiJmSVd4RjBhNmc0TjJXcmRrckkwRERBIiwiZXhwIjoxODEzMDQzODAzLCJpYXQiOjE3ODE1MDc4MDMsIm5iZiI6MTc4MTUwNzY4Mywib3JnIjoxLCJvbmx5Q2hhbm5lbHMiOlsic2xlLW1vZHVsZS1iYXNlc3lzdGVtMTUtc3A3LXBvb2wteDg2XzY0Il19.Ek8YbeJkeLWO2xz_EBYlMRbfuzXhbvnxpBo2ezMxhjw HTTP/1.1" 200 -
172.16.3.7 - - [15/Jun/2026:09:19:09 +0200] "GET /rhn/manager/download/sle-module-basesystem15-sp7-pool-x86_64/getPackage/NULL/3403b83b0ede1da28d40182ec4bcae00564389adcc98a4b334e823a1cec00fdf/xerces-j2-2.12.2-150200.3.10.2.noarch.rpm?eyJhbGciOiJIUzI1NiJ9.eyJqdGkiOiJmSVd4RjBhNmc0TjJXcmRrckkwRERBIiwiZXhwIjoxODEzMDQzODAzLCJpYXQiOjE3ODE1MDc4MDMsIm5iZiI6MTc4MTUwNzY4Mywib3JnIjoxLCJvbmx5Q2hhbm5lbHMiOlsic2xlLW1vZHVsZS1iYXNlc3lzdGVtMTUtc3A3LXBvb2wteDg2XzY0Il19.Ek8YbeJkeLWO2xz_EBYlMRbfuzXhbvnxpBo2ezMxhjw HTTP/1.1" 200 1293728
172.16.3.7 - - [15/Jun/2026:09:19:09 +0200] "HEAD /rhn/manager/download/sle-module-basesystem15-sp7-pool-x86_64/getPackage/NULL/69c2adcf3e22a483d01dc809644db379b278c5c9d26390d6d77d2d7046cc59cf/bea-stax-1.2.0-150200.11.3.1.noarch.rpm?eyJhbGciOiJIUzI1NiJ9.eyJqdGkiOiJmSVd4RjBhNmc0TjJXcmRrckkwRERBIiwiZXhwIjoxODEzMDQzODAzLCJpYXQiOjE3ODE1MDc4MDMsIm5iZiI6MTc4MTUwNzY4Mywib3JnIjoxLCJvbmx5Q2hhbm5lbHMiOlsic2xlLW1vZHVsZS1iYXNlc3lzdGVtMTUtc3A3LXBvb2wteDg2XzY0Il19.Ek8YbeJkeLWO2xz_EBYlMRbfuzXhbvnxpBo2ezMxhjw HTTP/1.1" 200 -
172.16.3.7 - - [15/Jun/2026:09:19:09 +0200] "GET /rhn/manager/download/sle-module-basesystem15-sp7-pool-x86_64/getPackage/NULL/69c2adcf3e22a483d01dc809644db379b278c5c9d26390d6d77d2d7046cc59cf/bea-stax-1.2.0-150200.11.3.1.noarch.rpm?eyJhbGciOiJIUzI1NiJ9.eyJqdGkiOiJmSVd4RjBhNmc0TjJXcmRrckkwRERBIiwiZXhwIjoxODEzMDQzODAzLCJpYXQiOjE3ODE1MDc4MDMsIm5iZiI6MTc4MTUwNzY4Mywib3JnIjoxLCJvbmx5Q2hhbm5lbHMiOlsic2xlLW1vZHVsZS1iYXNlc3lzdGVtMTUtc3A3LXBvb2wteDg2XzY0Il19.Ek8YbeJkeLWO2xz_EBYlMRbfuzXhbvnxpBo2ezMxhjw HTTP/1.1" 200 190460
172.16.3.7 - - [15/Jun/2026:09:19:09 +0200] "HEAD /rhn/manager/download/sle-module-basesystem15-sp7-pool-x86_64/getPackage/NULL/aea6db92173e4435a577a9d45db2d92885793bace007a83b6cc9ebf7966ea089/saxon9-9.4.0.7-150200.12.4.3.noarch.rpm?eyJhbGciOiJIUzI1NiJ9.eyJqdGkiOiJmSVd4RjBhNmc0TjJXcmRrckkwRERBIiwiZXhwIjoxODEzMDQzODAzLCJpYXQiOjE3ODE1MDc4MDMsIm5iZiI6MTc4MTUwNzY4Mywib3JnIjoxLCJvbmx5Q2hhbm5lbHMiOlsic2xlLW1vZHVsZS1iYXNlc3lzdGVtMTUtc3A3LXBvb2wteDg2XzY0Il19.Ek8YbeJkeLWO2xz_EBYlMRbfuzXhbvnxpBo2ezMxhjw HTTP/1.1" 200 -
::1 - - [15/Jun/2026:09:19:09 +0200] "OPTIONS * HTTP/1.0" 200 - "-" "Apache/2.4.66 (Linux/SUSE) OpenSSL/3.5.0 mod_wsgi/5.0.2 Python/3.13 (internal dummy connection)"
172.16.3.7 - - [15/Jun/2026:09:19:09 +0200] "GET /rhn/manager/download/sle-module-basesystem15-sp7-pool-x86_64/getPackage/NULL/aea6db92173e4435a577a9d45db2d92885793bace007a83b6cc9ebf7966ea089/saxon9-9.4.0.7-150200.12.4.3.noarch.rpm?eyJhbGciOiJIUzI1NiJ9.eyJqdGkiOiJmSVd4RjBhNmc0TjJXcmRrckkwRERBIiwiZXhwIjoxODEzMDQzODAzLCJpYXQiOjE3ODE1MDc4MDMsIm5iZiI6MTc4MTUwNzY4Mywib3JnIjoxLCJvbmx5Q2hhbm5lbHMiOlsic2xlLW1vZHVsZS1iYXNlc3lzdGVtMTUtc3A3LXBvb2wteDg2XzY0Il19.Ek8YbeJkeLWO2xz_EBYlMRbfuzXhbvnxpBo2ezMxhjw HTTP/1.1" 200 2163388
172.16.3.7 - - [15/Jun/2026:09:19:09 +0200] "HEAD /rhn/manager/download/sle-module-python3-15-sp7-pool-x86_64/getPackage/NULL/c36d94e818cfbc4b59add7a2ec5773ba26bc25eedc8abb30460144dcf0b53439/python311-lxml-4.9.3-150400.8.8.1.x86_64.rpm?eyJhbGciOiJIUzI1NiJ9.eyJqdGkiOiJrYjd5cnF6WXhyQVBKNVJNOVV2eWhRIiwiZXhwIjoxODEzMDQzODAzLCJpYXQiOjE3ODE1MDc4MDMsIm5iZiI6MTc4MTUwNzY4Mywib3JnIjoxLCJvbmx5Q2hhbm5lbHMiOlsic2xlLW1vZHVsZS1weXRob24zLTE1LXNwNy1wb29sLXg4Nl82NCJdfQ.Yjhwq7pEWGVTBynMcyfdzPpeDCCPEHPlL0oRbZv5Btc HTTP/1.1" 200 -
172.16.3.7 - - [15/Jun/2026:09:19:09 +0200] "GET /rhn/manager/download/sle-module-python3-15-sp7-pool-x86_64/getPackage/NULL/c36d94e818cfbc4b59add7a2ec5773ba26bc25eedc8abb30460144dcf0b53439/python311-lxml-4.9.3-150400.8.8.1.x86_64.rpm?eyJhbGciOiJIUzI1NiJ9.eyJqdGkiOiJrYjd5cnF6WXhyQVBKNVJNOVV2eWhRIiwiZXhwIjoxODEzMDQzODAzLCJpYXQiOjE3ODE1MDc4MDMsIm5iZiI6MTc4MTUwNzY4Mywib3JnIjoxLCJvbmx5Q2hhbm5lbHMiOlsic2xlLW1vZHVsZS1weXRob24zLTE1LXNwNy1wb29sLXg4Nl82NCJdfQ.Yjhwq7pEWGVTBynMcyfdzPpeDCCPEHPlL0oRbZv5Btc HTTP/1.1" 200 3091228
172.16.3.7 - - [15/Jun/2026:09:19:09 +0200] "HEAD /rhn/manager/download/sle-module-server-applications15-sp7-updates-x86_64/getPackage/NULL/272bf49487399c4c2045b4dad49a8271111191879b00c441125c6f85d859e8c8/qemu-block-rbd-9.2.4-150700.3.17.1.x86_64.rpm?eyJhbGciOiJIUzI1NiJ9.eyJqdGkiOiJlSENLM3JZNVNieWNLLUk3TFRfRTBRIiwiZXhwIjoxODEzMDQzODAzLCJpYXQiOjE3ODE1MDc4MDMsIm5iZiI6MTc4MTUwNzY4Mywib3JnIjoxLCJvbmx5Q2hhbm5lbHMiOlsic2xlLW1vZHVsZS1zZXJ2ZXItYXBwbGljYXRpb25zMTUtc3A3LXVwZGF0ZXMteDg2XzY0Il19.5gzBbitRBXTVqGm8FHD_qs3iUqZPocAnr18bnurO2IU HTTP/1.1" 200 -
172.16.3.7 - - [15/Jun/2026:09:19:10 +0200] "GET /rhn/manager/download/sle-module-server-applications15-sp7-updates-x86_64/getPackage/NULL/272bf49487399c4c2045b4dad49a8271111191879b00c441125c6f85d859e8c8/qemu-block-rbd-9.2.4-150700.3.17.1.x86_64.rpm?eyJhbGciOiJIUzI1NiJ9.eyJqdGkiOiJlSENLM3JZNVNieWNLLUk3TFRfRTBRIiwiZXhwIjoxODEzMDQzODAzLCJpYXQiOjE3ODE1MDc4MDMsIm5iZiI6MTc4MTUwNzY4Mywib3JnIjoxLCJvbmx5Q2hhbm5lbHMiOlsic2xlLW1vZHVsZS1zZXJ2ZXItYXBwbGljYXRpb25zMTUtc3A3LXVwZGF0ZXMteDg2XzY0Il19.5gzBbitRBXTVqGm8FHD_qs3iUqZPocAnr18bnurO2IU HTTP/1.1" 200 347108
172.16.3.7 - - [15/Jun/2026:09:19:10 +0200] "HEAD /rhn/manager/download/sle-module-devtools15-sp7-pool-x86_64/getPackage/NULL/34cce15fc4f8fced1b574f038b9797d50907505ccead06033ac5189553c60c9b/isorelax-0.1-150200.11.4.4.noarch.rpm?eyJhbGciOiJIUzI1NiJ9.eyJqdGkiOiI5ZTlvTGRFVGtmVGQxMnZXX3hFZjhnIiwiZXhwIjoxODEzMDQzODAzLCJpYXQiOjE3ODE1MDc4MDMsIm5iZiI6MTc4MTUwNzY4Mywib3JnIjoxLCJvbmx5Q2hhbm5lbHMiOlsic2xlLW1vZHVsZS1kZXZ0b29sczE1LXNwNy1wb29sLXg4Nl82NCJdfQ._V-mmlAyeAqUWrAZsnl6wDuVOfHxDENSWIHNMGUYRXs HTTP/1.1" 200 -
172.16.3.7 - - [15/Jun/2026:09:19:10 +0200] "GET /rhn/manager/download/sle-module-devtools15-sp7-pool-x86_64/getPackage/NULL/34cce15fc4f8fced1b574f038b9797d50907505ccead06033ac5189553c60c9b/isorelax-0.1-150200.11.4.4.noarch.rpm?eyJhbGciOiJIUzI1NiJ9.eyJqdGkiOiI5ZTlvTGRFVGtmVGQxMnZXX3hFZjhnIiwiZXhwIjoxODEzMDQzODAzLCJpYXQiOjE3ODE1MDc4MDMsIm5iZiI6MTc4MTUwNzY4Mywib3JnIjoxLCJvbmx5Q2hhbm5lbHMiOlsic2xlLW1vZHVsZS1kZXZ0b29sczE1LXNwNy1wb29sLXg4Nl82NCJdfQ._V-mmlAyeAqUWrAZsnl6wDuVOfHxDENSWIHNMGUYRXs HTTP/1.1" 200 78700
