172.16.3.7 - - [15/Jun/2026:09:18:34 +0200] "HEAD /rhn/manager/download/sle-module-devtools15-sp7-pool-x86_64/repodata/repomd.xml.asc?eyJhbGciOiJIUzI1NiJ9.eyJqdGkiOiI5ZTlvTGRFVGtmVGQxMnZXX3hFZjhnIiwiZXhwIjoxODEzMDQzODAzLCJpYXQiOjE3ODE1MDc4MDMsIm5iZiI6MTc4MTUwNzY4Mywib3JnIjoxLCJvbmx5Q2hhbm5lbHMiOlsic2xlLW1vZHVsZS1kZXZ0b29sczE1LXNwNy1wb29sLXg4Nl82NCJdfQ._V-mmlAyeAqUWrAZsnl6wDuVOfHxDENSWIHNMGUYRXs HTTP/1.1" 404 -
172.16.3.7 - - [15/Jun/2026:09:18:34 +0200] "HEAD /rhn/manager/download/sle-module-devtools15-sp7-pool-x86_64/repodata/bc8dd59de3ecd67d8a197237d8cfd16d09086bbd1745058ebd0c225cf8e4a152-primary.xml.gz?eyJhbGciOiJIUzI1NiJ9.eyJqdGkiOiI5ZTlvTGRFVGtmVGQxMnZXX3hFZjhnIiwiZXhwIjoxODEzMDQzODAzLCJpYXQiOjE3ODE1MDc4MDMsIm5iZiI6MTc4MTUwNzY4Mywib3JnIjoxLCJvbmx5Q2hhbm5lbHMiOlsic2xlLW1vZHVsZS1kZXZ0b29sczE1LXNwNy1wb29sLXg4Nl82NCJdfQ._V-mmlAyeAqUWrAZsnl6wDuVOfHxDENSWIHNMGUYRXs HTTP/1.1" 200 -
172.16.3.7 - - [15/Jun/2026:09:18:34 +0200] "GET /rhn/manager/download/sle-module-devtools15-sp7-pool-x86_64/repodata/bc8dd59de3ecd67d8a197237d8cfd16d09086bbd1745058ebd0c225cf8e4a152-primary.xml.gz?eyJhbGciOiJIUzI1NiJ9.eyJqdGkiOiI5ZTlvTGRFVGtmVGQxMnZXX3hFZjhnIiwiZXhwIjoxODEzMDQzODAzLCJpYXQiOjE3ODE1MDc4MDMsIm5iZiI6MTc4MTUwNzY4Mywib3JnIjoxLCJvbmx5Q2hhbm5lbHMiOlsic2xlLW1vZHVsZS1kZXZ0b29sczE1LXNwNy1wb29sLXg4Nl82NCJdfQ._V-mmlAyeAqUWrAZsnl6wDuVOfHxDENSWIHNMGUYRXs HTTP/1.1" 304 -
172.16.3.7 - - [15/Jun/2026:09:18:35 +0200] "HEAD /rhn/manager/download/sle-module-devtools15-sp7-pool-x86_64/repodata/4cf644c8fb4668d416229e424463f767f04a36cf41632af0a071ba7b4946cde8-susedata.xml.gz?eyJhbGciOiJIUzI1NiJ9.eyJqdGkiOiI5ZTlvTGRFVGtmVGQxMnZXX3hFZjhnIiwiZXhwIjoxODEzMDQzODAzLCJpYXQiOjE3ODE1MDc4MDMsIm5iZiI6MTc4MTUwNzY4Mywib3JnIjoxLCJvbmx5Q2hhbm5lbHMiOlsic2xlLW1vZHVsZS1kZXZ0b29sczE1LXNwNy1wb29sLXg4Nl82NCJdfQ._V-mmlAyeAqUWrAZsnl6wDuVOfHxDENSWIHNMGUYRXs HTTP/1.1" 200 -
172.16.3.5 - - [15/Jun/2026:09:18:35 +0200] "-" 408 -
172.16.3.7 - - [15/Jun/2026:09:18:35 +0200] "GET /rhn/manager/download/sle-module-devtools15-sp7-pool-x86_64/repodata/4cf644c8fb4668d416229e424463f767f04a36cf41632af0a071ba7b4946cde8-susedata.xml.gz?eyJhbGciOiJIUzI1NiJ9.eyJqdGkiOiI5ZTlvTGRFVGtmVGQxMnZXX3hFZjhnIiwiZXhwIjoxODEzMDQzODAzLCJpYXQiOjE3ODE1MDc4MDMsIm5iZiI6MTc4MTUwNzY4Mywib3JnIjoxLCJvbmx5Q2hhbm5lbHMiOlsic2xlLW1vZHVsZS1kZXZ0b29sczE1LXNwNy1wb29sLXg4Nl82NCJdfQ._V-mmlAyeAqUWrAZsnl6wDuVOfHxDENSWIHNMGUYRXs HTTP/1.1" 304 -
::1 - - [15/Jun/2026:09:18:35 +0200] "OPTIONS * HTTP/1.0" 200 - "-" "Apache/2.4.66 (Linux/SUSE) OpenSSL/3.5.0 mod_wsgi/5.0.2 Python/3.13 (internal dummy connection)"
172.16.3.7 - - [15/Jun/2026:09:18:35 +0200] "HEAD /rhn/manager/download/sle-module-python3-15-sp7-pool-x86_64/repodata/repomd.xml?eyJhbGciOiJIUzI1NiJ9.eyJqdGkiOiJrYjd5cnF6WXhyQVBKNVJNOVV2eWhRIiwiZXhwIjoxODEzMDQzODAzLCJpYXQiOjE3ODE1MDc4MDMsIm5iZiI6MTc4MTUwNzY4Mywib3JnIjoxLCJvbmx5Q2hhbm5lbHMiOlsic2xlLW1vZHVsZS1weXRob24zLTE1LXNwNy1wb29sLXg4Nl82NCJdfQ.Yjhwq7pEWGVTBynMcyfdzPpeDCCPEHPlL0oRbZv5Btc HTTP/1.1" 200 -
172.16.3.7 - - [15/Jun/2026:09:18:35 +0200] "HEAD /rhn/manager/download/sle-module-python3-15-sp7-pool-x86_64/media.1/media?eyJhbGciOiJIUzI1NiJ9.eyJqdGkiOiJrYjd5cnF6WXhyQVBKNVJNOVV2eWhRIiwiZXhwIjoxODEzMDQzODAzLCJpYXQiOjE3ODE1MDc4MDMsIm5iZiI6MTc4MTUwNzY4Mywib3JnIjoxLCJvbmx5Q2hhbm5lbHMiOlsic2xlLW1vZHVsZS1weXRob24zLTE1LXNwNy1wb29sLXg4Nl82NCJdfQ.Yjhwq7pEWGVTBynMcyfdzPpeDCCPEHPlL0oRbZv5Btc HTTP/1.1" 404 -
172.16.3.7 - - [15/Jun/2026:09:18:35 +0200] "HEAD /rhn/manager/download/sle-module-python3-15-sp7-pool-x86_64/repodata/repomd.xml?eyJhbGciOiJIUzI1NiJ9.eyJqdGkiOiJrYjd5cnF6WXhyQVBKNVJNOVV2eWhRIiwiZXhwIjoxODEzMDQzODAzLCJpYXQiOjE3ODE1MDc4MDMsIm5iZiI6MTc4MTUwNzY4Mywib3JnIjoxLCJvbmx5Q2hhbm5lbHMiOlsic2xlLW1vZHVsZS1weXRob24zLTE1LXNwNy1wb29sLXg4Nl82NCJdfQ.Yjhwq7pEWGVTBynMcyfdzPpeDCCPEHPlL0oRbZv5Btc HTTP/1.1" 200 -
172.16.3.7 - - [15/Jun/2026:09:18:35 +0200] "GET /rhn/manager/download/sle-module-python3-15-sp7-pool-x86_64/repodata/repomd.xml?eyJhbGciOiJIUzI1NiJ9.eyJqdGkiOiJrYjd5cnF6WXhyQVBKNVJNOVV2eWhRIiwiZXhwIjoxODEzMDQzODAzLCJpYXQiOjE3ODE1MDc4MDMsIm5iZiI6MTc4MTUwNzY4Mywib3JnIjoxLCJvbmx5Q2hhbm5lbHMiOlsic2xlLW1vZHVsZS1weXRob24zLTE1LXNwNy1wb29sLXg4Nl82NCJdfQ.Yjhwq7pEWGVTBynMcyfdzPpeDCCPEHPlL0oRbZv5Btc HTTP/1.1" 304 -
172.16.3.7 - - [15/Jun/2026:09:18:35 +0200] "HEAD /rhn/manager/download/sle-module-python3-15-sp7-pool-x86_64/repodata/repomd.xml.asc?eyJhbGciOiJIUzI1NiJ9.eyJqdGkiOiJrYjd5cnF6WXhyQVBKNVJNOVV2eWhRIiwiZXhwIjoxODEzMDQzODAzLCJpYXQiOjE3ODE1MDc4MDMsIm5iZiI6MTc4MTUwNzY4Mywib3JnIjoxLCJvbmx5Q2hhbm5lbHMiOlsic2xlLW1vZHVsZS1weXRob24zLTE1LXNwNy1wb29sLXg4Nl82NCJdfQ.Yjhwq7pEWGVTBynMcyfdzPpeDCCPEHPlL0oRbZv5Btc HTTP/1.1" 404 -
172.16.3.7 - - [15/Jun/2026:09:18:35 +0200] "HEAD /rhn/manager/download/sle-module-python3-15-sp7-pool-x86_64/repodata/513e0129d2617fab179ba45ce3d3294e5c9c4793e5b28779a83031d05db48a2e-primary.xml.gz?eyJhbGciOiJIUzI1NiJ9.eyJqdGkiOiJrYjd5cnF6WXhyQVBKNVJNOVV2eWhRIiwiZXhwIjoxODEzMDQzODAzLCJpYXQiOjE3ODE1MDc4MDMsIm5iZiI6MTc4MTUwNzY4Mywib3JnIjoxLCJvbmx5Q2hhbm5lbHMiOlsic2xlLW1vZHVsZS1weXRob24zLTE1LXNwNy1wb29sLXg4Nl82NCJdfQ.Yjhwq7pEWGVTBynMcyfdzPpeDCCPEHPlL0oRbZv5Btc HTTP/1.1" 200 -
172.16.3.5 - - [15/Jun/2026:09:18:12 +0200] "GET /rhn/websocket/notifications HTTP/1.1" 101 -
172.16.3.7 - - [15/Jun/2026:09:18:36 +0200] "GET /rhn/manager/download/sle-module-python3-15-sp7-pool-x86_64/repodata/513e0129d2617fab179ba45ce3d3294e5c9c4793e5b28779a83031d05db48a2e-primary.xml.gz?eyJhbGciOiJIUzI1NiJ9.eyJqdGkiOiJrYjd5cnF6WXhyQVBKNVJNOVV2eWhRIiwiZXhwIjoxODEzMDQzODAzLCJpYXQiOjE3ODE1MDc4MDMsIm5iZiI6MTc4MTUwNzY4Mywib3JnIjoxLCJvbmx5Q2hhbm5lbHMiOlsic2xlLW1vZHVsZS1weXRob24zLTE1LXNwNy1wb29sLXg4Nl82NCJdfQ.Yjhwq7pEWGVTBynMcyfdzPpeDCCPEHPlL0oRbZv5Btc HTTP/1.1" 304 -
172.16.3.7 - - [15/Jun/2026:09:18:36 +0200] "HEAD /rhn/manager/download/sle-module-python3-15-sp7-pool-x86_64/repodata/6cbccd8a0132763a2fc5db747d7ded7c70858fadad25393bdd1a643af1c7b944-susedata.xml.gz?eyJhbGciOiJIUzI1NiJ9.eyJqdGkiOiJrYjd5cnF6WXhyQVBKNVJNOVV2eWhRIiwiZXhwIjoxODEzMDQzODAzLCJpYXQiOjE3ODE1MDc4MDMsIm5iZiI6MTc4MTUwNzY4Mywib3JnIjoxLCJvbmx5Q2hhbm5lbHMiOlsic2xlLW1vZHVsZS1weXRob24zLTE1LXNwNy1wb29sLXg4Nl82NCJdfQ.Yjhwq7pEWGVTBynMcyfdzPpeDCCPEHPlL0oRbZv5Btc HTTP/1.1" 200 -
172.16.3.7 - - [15/Jun/2026:09:18:36 +0200] "GET /rhn/manager/download/sle-module-python3-15-sp7-pool-x86_64/repodata/6cbccd8a0132763a2fc5db747d7ded7c70858fadad25393bdd1a643af1c7b944-susedata.xml.gz?eyJhbGciOiJIUzI1NiJ9.eyJqdGkiOiJrYjd5cnF6WXhyQVBKNVJNOVV2eWhRIiwiZXhwIjoxODEzMDQzODAzLCJpYXQiOjE3ODE1MDc4MDMsIm5iZiI6MTc4MTUwNzY4Mywib3JnIjoxLCJvbmx5Q2hhbm5lbHMiOlsic2xlLW1vZHVsZS1weXRob24zLTE1LXNwNy1wb29sLXg4Nl82NCJdfQ.Yjhwq7pEWGVTBynMcyfdzPpeDCCPEHPlL0oRbZv5Btc HTTP/1.1" 304 -
172.16.3.5 - - [15/Jun/2026:09:18:36 +0200] "GET /rhn/systems/details/history/Event.do?sid=1000010003&aid=18 HTTP/1.1" 200 6188
172.16.3.5 - - [15/Jun/2026:09:18:26 +0200] "GET /rhn/websocket/notifications HTTP/1.1" 101 -
::1 - - [15/Jun/2026:09:18:36 +0200] "OPTIONS * HTTP/1.0" 200 - "-" "Apache/2.4.66 (Linux/SUSE) OpenSSL/3.5.0 mod_wsgi/5.0.2 Python/3.13 (internal dummy connection)"
172.16.3.5 - - [15/Jun/2026:09:18:36 +0200] "POST /rhn/manager/frontend-log HTTP/1.1" 200 42
172.16.3.7 - - [15/Jun/2026:09:18:36 +0200] "HEAD /rhn/manager/download/sle-module-server-applications15-sp7-pool-x86_64/repodata/repomd.xml?eyJhbGciOiJIUzI1NiJ9.eyJqdGkiOiJXZzFiNFhBbHVEcm9takN0UE9pdS1RIiwiZXhwIjoxODEzMDQzODAzLCJpYXQiOjE3ODE1MDc4MDMsIm5iZiI6MTc4MTUwNzY4Mywib3JnIjoxLCJvbmx5Q2hhbm5lbHMiOlsic2xlLW1vZHVsZS1zZXJ2ZXItYXBwbGljYXRpb25zMTUtc3A3LXBvb2wteDg2XzY0Il19.XjIBY5PaiIcENvaUyCA1EAxl1TQHXgIAGgQHt4-TpdQ HTTP/1.1" 200 -
172.16.3.5 - - [15/Jun/2026:09:18:36 +0200] "POST /rhn/manager/frontend-log HTTP/1.1" 200 42
172.16.3.7 - - [15/Jun/2026:09:18:36 +0200] "HEAD /rhn/manager/download/sle-module-server-applications15-sp7-pool-x86_64/media.1/media?eyJhbGciOiJIUzI1NiJ9.eyJqdGkiOiJXZzFiNFhBbHVEcm9takN0UE9pdS1RIiwiZXhwIjoxODEzMDQzODAzLCJpYXQiOjE3ODE1MDc4MDMsIm5iZiI6MTc4MTUwNzY4Mywib3JnIjoxLCJvbmx5Q2hhbm5lbHMiOlsic2xlLW1vZHVsZS1zZXJ2ZXItYXBwbGljYXRpb25zMTUtc3A3LXBvb2wteDg2XzY0Il19.XjIBY5PaiIcENvaUyCA1EAxl1TQHXgIAGgQHt4-TpdQ HTTP/1.1" 404 -
172.16.3.7 - - [15/Jun/2026:09:18:36 +0200] "HEAD /rhn/manager/download/sle-module-server-applications15-sp7-pool-x86_64/repodata/repomd.xml?eyJhbGciOiJIUzI1NiJ9.eyJqdGkiOiJXZzFiNFhBbHVEcm9takN0UE9pdS1RIiwiZXhwIjoxODEzMDQzODAzLCJpYXQiOjE3ODE1MDc4MDMsIm5iZiI6MTc4MTUwNzY4Mywib3JnIjoxLCJvbmx5Q2hhbm5lbHMiOlsic2xlLW1vZHVsZS1zZXJ2ZXItYXBwbGljYXRpb25zMTUtc3A3LXBvb2wteDg2XzY0Il19.XjIBY5PaiIcENvaUyCA1EAxl1TQHXgIAGgQHt4-TpdQ HTTP/1.1" 200 -
172.16.3.7 - - [15/Jun/2026:09:18:36 +0200] "GET /rhn/manager/download/sle-module-server-applications15-sp7-pool-x86_64/repodata/repomd.xml?eyJhbGciOiJIUzI1NiJ9.eyJqdGkiOiJXZzFiNFhBbHVEcm9takN0UE9pdS1RIiwiZXhwIjoxODEzMDQzODAzLCJpYXQiOjE3ODE1MDc4MDMsIm5iZiI6MTc4MTUwNzY4Mywib3JnIjoxLCJvbmx5Q2hhbm5lbHMiOlsic2xlLW1vZHVsZS1zZXJ2ZXItYXBwbGljYXRpb25zMTUtc3A3LXBvb2wteDg2XzY0Il19.XjIBY5PaiIcENvaUyCA1EAxl1TQHXgIAGgQHt4-TpdQ HTTP/1.1" 304 -
172.16.3.7 - - [15/Jun/2026:09:18:36 +0200] "HEAD /rhn/manager/download/sle-module-server-applications15-sp7-pool-x86_64/repodata/repomd.xml.asc?eyJhbGciOiJIUzI1NiJ9.eyJqdGkiOiJXZzFiNFhBbHVEcm9takN0UE9pdS1RIiwiZXhwIjoxODEzMDQzODAzLCJpYXQiOjE3ODE1MDc4MDMsIm5iZiI6MTc4MTUwNzY4Mywib3JnIjoxLCJvbmx5Q2hhbm5lbHMiOlsic2xlLW1vZHVsZS1zZXJ2ZXItYXBwbGljYXRpb25zMTUtc3A3LXBvb2wteDg2XzY0Il19.XjIBY5PaiIcENvaUyCA1EAxl1TQHXgIAGgQHt4-TpdQ HTTP/1.1" 404 -
172.16.3.7 - - [15/Jun/2026:09:18:37 +0200] "HEAD /rhn/manager/download/sle-module-server-applications15-sp7-pool-x86_64/repodata/861bae467e473a43e37e45661e88221d11c597442881f65e81b6cbfe9fc096a7-primary.xml.gz?eyJhbGciOiJIUzI1NiJ9.eyJqdGkiOiJXZzFiNFhBbHVEcm9takN0UE9pdS1RIiwiZXhwIjoxODEzMDQzODAzLCJpYXQiOjE3ODE1MDc4MDMsIm5iZiI6MTc4MTUwNzY4Mywib3JnIjoxLCJvbmx5Q2hhbm5lbHMiOlsic2xlLW1vZHVsZS1zZXJ2ZXItYXBwbGljYXRpb25zMTUtc3A3LXBvb2wteDg2XzY0Il19.XjIBY5PaiIcENvaUyCA1EAxl1TQHXgIAGgQHt4-TpdQ HTTP/1.1" 200 -
172.16.3.7 - - [15/Jun/2026:09:18:37 +0200] "GET /rhn/manager/download/sle-module-server-applications15-sp7-pool-x86_64/repodata/861bae467e473a43e37e45661e88221d11c597442881f65e81b6cbfe9fc096a7-primary.xml.gz?eyJhbGciOiJIUzI1NiJ9.eyJqdGkiOiJXZzFiNFhBbHVEcm9takN0UE9pdS1RIiwiZXhwIjoxODEzMDQzODAzLCJpYXQiOjE3ODE1MDc4MDMsIm5iZiI6MTc4MTUwNzY4Mywib3JnIjoxLCJvbmx5Q2hhbm5lbHMiOlsic2xlLW1vZHVsZS1zZXJ2ZXItYXBwbGljYXRpb25zMTUtc3A3LXBvb2wteDg2XzY0Il19.XjIBY5PaiIcENvaUyCA1EAxl1TQHXgIAGgQHt4-TpdQ HTTP/1.1" 304 -
172.16.3.7 - - [15/Jun/2026:09:18:37 +0200] "HEAD /rhn/manager/download/sle-module-server-applications15-sp7-pool-x86_64/repodata/20b70b56590b7bf5c5d5f505c77a6e1523d29e84b91cd8c92a76429c2b40fac2-susedata.xml.gz?eyJhbGciOiJIUzI1NiJ9.eyJqdGkiOiJXZzFiNFhBbHVEcm9takN0UE9pdS1RIiwiZXhwIjoxODEzMDQzODAzLCJpYXQiOjE3ODE1MDc4MDMsIm5iZiI6MTc4MTUwNzY4Mywib3JnIjoxLCJvbmx5Q2hhbm5lbHMiOlsic2xlLW1vZHVsZS1zZXJ2ZXItYXBwbGljYXRpb25zMTUtc3A3LXBvb2wteDg2XzY0Il19.XjIBY5PaiIcENvaUyCA1EAxl1TQHXgIAGgQHt4-TpdQ HTTP/1.1" 200 -
::1 - - [15/Jun/2026:09:18:37 +0200] "OPTIONS * HTTP/1.0" 200 - "-" "Apache/2.4.66 (Linux/SUSE) OpenSSL/3.5.0 mod_wsgi/5.0.2 Python/3.13 (internal dummy connection)"
172.16.3.7 - - [15/Jun/2026:09:18:37 +0200] "GET /rhn/manager/download/sle-module-server-applications15-sp7-pool-x86_64/repodata/20b70b56590b7bf5c5d5f505c77a6e1523d29e84b91cd8c92a76429c2b40fac2-susedata.xml.gz?eyJhbGciOiJIUzI1NiJ9.eyJqdGkiOiJXZzFiNFhBbHVEcm9takN0UE9pdS1RIiwiZXhwIjoxODEzMDQzODAzLCJpYXQiOjE3ODE1MDc4MDMsIm5iZiI6MTc4MTUwNzY4Mywib3JnIjoxLCJvbmx5Q2hhbm5lbHMiOlsic2xlLW1vZHVsZS1zZXJ2ZXItYXBwbGljYXRpb25zMTUtc3A3LXBvb2wteDg2XzY0Il19.XjIBY5PaiIcENvaUyCA1EAxl1TQHXgIAGgQHt4-TpdQ HTTP/1.1" 304 -
172.16.3.7 - - [15/Jun/2026:09:18:37 +0200] "HEAD /rhn/manager/download/sle-module-systems-management-15-sp7-pool-x86_64/repodata/repomd.xml?eyJhbGciOiJIUzI1NiJ9.eyJqdGkiOiJwaGxzQWdkVlNkQld3cWpxYmtnczR3IiwiZXhwIjoxODEzMDQzODAzLCJpYXQiOjE3ODE1MDc4MDMsIm5iZiI6MTc4MTUwNzY4Mywib3JnIjoxLCJvbmx5Q2hhbm5lbHMiOlsic2xlLW1vZHVsZS1zeXN0ZW1zLW1hbmFnZW1lbnQtMTUtc3A3LXBvb2wteDg2XzY0Il19.6RewxhAdn8t8T5d-YLP1xBO6EjFGJbSZuewo3-_oVcU HTTP/1.1" 200 -
172.16.3.7 - - [15/Jun/2026:09:18:37 +0200] "HEAD /rhn/manager/download/sle-module-systems-management-15-sp7-pool-x86_64/media.1/media?eyJhbGciOiJIUzI1NiJ9.eyJqdGkiOiJwaGxzQWdkVlNkQld3cWpxYmtnczR3IiwiZXhwIjoxODEzMDQzODAzLCJpYXQiOjE3ODE1MDc4MDMsIm5iZiI6MTc4MTUwNzY4Mywib3JnIjoxLCJvbmx5Q2hhbm5lbHMiOlsic2xlLW1vZHVsZS1zeXN0ZW1zLW1hbmFnZW1lbnQtMTUtc3A3LXBvb2wteDg2XzY0Il19.6RewxhAdn8t8T5d-YLP1xBO6EjFGJbSZuewo3-_oVcU HTTP/1.1" 404 -
172.16.3.7 - - [15/Jun/2026:09:18:37 +0200] "HEAD /rhn/manager/download/sle-module-systems-management-15-sp7-pool-x86_64/repodata/repomd.xml?eyJhbGciOiJIUzI1NiJ9.eyJqdGkiOiJwaGxzQWdkVlNkQld3cWpxYmtnczR3IiwiZXhwIjoxODEzMDQzODAzLCJpYXQiOjE3ODE1MDc4MDMsIm5iZiI6MTc4MTUwNzY4Mywib3JnIjoxLCJvbmx5Q2hhbm5lbHMiOlsic2xlLW1vZHVsZS1zeXN0ZW1zLW1hbmFnZW1lbnQtMTUtc3A3LXBvb2wteDg2XzY0Il19.6RewxhAdn8t8T5d-YLP1xBO6EjFGJbSZuewo3-_oVcU HTTP/1.1" 200 -
172.16.3.7 - - [15/Jun/2026:09:18:37 +0200] "GET /rhn/manager/download/sle-module-systems-management-15-sp7-pool-x86_64/repodata/repomd.xml?eyJhbGciOiJIUzI1NiJ9.eyJqdGkiOiJwaGxzQWdkVlNkQld3cWpxYmtnczR3IiwiZXhwIjoxODEzMDQzODAzLCJpYXQiOjE3ODE1MDc4MDMsIm5iZiI6MTc4MTUwNzY4Mywib3JnIjoxLCJvbmx5Q2hhbm5lbHMiOlsic2xlLW1vZHVsZS1zeXN0ZW1zLW1hbmFnZW1lbnQtMTUtc3A3LXBvb2wteDg2XzY0Il19.6RewxhAdn8t8T5d-YLP1xBO6EjFGJbSZuewo3-_oVcU HTTP/1.1" 304 -
172.16.3.7 - - [15/Jun/2026:09:18:38 +0200] "HEAD /rhn/manager/download/sle-module-systems-management-15-sp7-pool-x86_64/repodata/repomd.xml.asc?eyJhbGciOiJIUzI1NiJ9.eyJqdGkiOiJwaGxzQWdkVlNkQld3cWpxYmtnczR3IiwiZXhwIjoxODEzMDQzODAzLCJpYXQiOjE3ODE1MDc4MDMsIm5iZiI6MTc4MTUwNzY4Mywib3JnIjoxLCJvbmx5Q2hhbm5lbHMiOlsic2xlLW1vZHVsZS1zeXN0ZW1zLW1hbmFnZW1lbnQtMTUtc3A3LXBvb2wteDg2XzY0Il19.6RewxhAdn8t8T5d-YLP1xBO6EjFGJbSZuewo3-_oVcU HTTP/1.1" 404 -
172.16.3.7 - - [15/Jun/2026:09:18:38 +0200] "HEAD /rhn/manager/download/sle-module-systems-management-15-sp7-pool-x86_64/repodata/c2f930c0d709cadb5532150f434fb8cf36c3eeaf8696271a1f397a4e75ff44b0-primary.xml.gz?eyJhbGciOiJIUzI1NiJ9.eyJqdGkiOiJwaGxzQWdkVlNkQld3cWpxYmtnczR3IiwiZXhwIjoxODEzMDQzODAzLCJpYXQiOjE3ODE1MDc4MDMsIm5iZiI6MTc4MTUwNzY4Mywib3JnIjoxLCJvbmx5Q2hhbm5lbHMiOlsic2xlLW1vZHVsZS1zeXN0ZW1zLW1hbmFnZW1lbnQtMTUtc3A3LXBvb2wteDg2XzY0Il19.6RewxhAdn8t8T5d-YLP1xBO6EjFGJbSZuewo3-_oVcU HTTP/1.1" 200 -
172.16.3.7 - - [15/Jun/2026:09:18:38 +0200] "GET /rhn/manager/download/sle-module-systems-management-15-sp7-pool-x86_64/repodata/c2f930c0d709cadb5532150f434fb8cf36c3eeaf8696271a1f397a4e75ff44b0-primary.xml.gz?eyJhbGciOiJIUzI1NiJ9.eyJqdGkiOiJwaGxzQWdkVlNkQld3cWpxYmtnczR3IiwiZXhwIjoxODEzMDQzODAzLCJpYXQiOjE3ODE1MDc4MDMsIm5iZiI6MTc4MTUwNzY4Mywib3JnIjoxLCJvbmx5Q2hhbm5lbHMiOlsic2xlLW1vZHVsZS1zeXN0ZW1zLW1hbmFnZW1lbnQtMTUtc3A3LXBvb2wteDg2XzY0Il19.6RewxhAdn8t8T5d-YLP1xBO6EjFGJbSZuewo3-_oVcU HTTP/1.1" 304 -
172.16.3.7 - - [15/Jun/2026:09:18:38 +0200] "HEAD /rhn/manager/download/sle-module-systems-management-15-sp7-pool-x86_64/repodata/bb7f49dd25548c564ab33e1defb1e5668f63a9b063798989e364da0386f6a8d2-susedata.xml.gz?eyJhbGciOiJIUzI1NiJ9.eyJqdGkiOiJwaGxzQWdkVlNkQld3cWpxYmtnczR3IiwiZXhwIjoxODEzMDQzODAzLCJpYXQiOjE3ODE1MDc4MDMsIm5iZiI6MTc4MTUwNzY4Mywib3JnIjoxLCJvbmx5Q2hhbm5lbHMiOlsic2xlLW1vZHVsZS1zeXN0ZW1zLW1hbmFnZW1lbnQtMTUtc3A3LXBvb2wteDg2XzY0Il19.6RewxhAdn8t8T5d-YLP1xBO6EjFGJbSZuewo3-_oVcU HTTP/1.1" 200 -
172.16.3.7 - - [15/Jun/2026:09:18:38 +0200] "GET /rhn/manager/download/sle-module-systems-management-15-sp7-pool-x86_64/repodata/bb7f49dd25548c564ab33e1defb1e5668f63a9b063798989e364da0386f6a8d2-susedata.xml.gz?eyJhbGciOiJIUzI1NiJ9.eyJqdGkiOiJwaGxzQWdkVlNkQld3cWpxYmtnczR3IiwiZXhwIjoxODEzMDQzODAzLCJpYXQiOjE3ODE1MDc4MDMsIm5iZiI6MTc4MTUwNzY4Mywib3JnIjoxLCJvbmx5Q2hhbm5lbHMiOlsic2xlLW1vZHVsZS1zeXN0ZW1zLW1hbmFnZW1lbnQtMTUtc3A3LXBvb2wteDg2XzY0Il19.6RewxhAdn8t8T5d-YLP1xBO6EjFGJbSZuewo3-_oVcU HTTP/1.1" 304 -
172.16.3.7 - - [15/Jun/2026:09:18:38 +0200] "HEAD /rhn/manager/download/sle-product-sles15-sp7-pool-x86_64/repodata/repomd.xml?eyJhbGciOiJIUzI1NiJ9.eyJqdGkiOiJBSzF2MTZsRk81aldQbzljNWpWRDBBIiwiZXhwIjoxODEzMDQzODAzLCJpYXQiOjE3ODE1MDc4MDMsIm5iZiI6MTc4MTUwNzY4Mywib3JnIjoxLCJvbmx5Q2hhbm5lbHMiOlsic2xlLXByb2R1Y3Qtc2xlczE1LXNwNy1wb29sLXg4Nl82NCJdfQ.OY2vguWziXKD3isT1ziQQuLJt0RXn7CBm3ZaYKrzz3M HTTP/1.1" 200 -
172.16.3.7 - - [15/Jun/2026:09:18:38 +0200] "HEAD /rhn/manager/download/sle-product-sles15-sp7-pool-x86_64/media.1/media?eyJhbGciOiJIUzI1NiJ9.eyJqdGkiOiJBSzF2MTZsRk81aldQbzljNWpWRDBBIiwiZXhwIjoxODEzMDQzODAzLCJpYXQiOjE3ODE1MDc4MDMsIm5iZiI6MTc4MTUwNzY4Mywib3JnIjoxLCJvbmx5Q2hhbm5lbHMiOlsic2xlLXByb2R1Y3Qtc2xlczE1LXNwNy1wb29sLXg4Nl82NCJdfQ.OY2vguWziXKD3isT1ziQQuLJt0RXn7CBm3ZaYKrzz3M HTTP/1.1" 404 -
172.16.3.7 - - [15/Jun/2026:09:18:38 +0200] "HEAD /rhn/manager/download/sle-product-sles15-sp7-pool-x86_64/repodata/repomd.xml?eyJhbGciOiJIUzI1NiJ9.eyJqdGkiOiJBSzF2MTZsRk81aldQbzljNWpWRDBBIiwiZXhwIjoxODEzMDQzODAzLCJpYXQiOjE3ODE1MDc4MDMsIm5iZiI6MTc4MTUwNzY4Mywib3JnIjoxLCJvbmx5Q2hhbm5lbHMiOlsic2xlLXByb2R1Y3Qtc2xlczE1LXNwNy1wb29sLXg4Nl82NCJdfQ.OY2vguWziXKD3isT1ziQQuLJt0RXn7CBm3ZaYKrzz3M HTTP/1.1" 200 -
172.16.3.7 - - [15/Jun/2026:09:18:38 +0200] "HEAD /rhn/manager/download/sle-product-sles15-sp7-pool-x86_64/repodata/repomd.xml.asc?eyJhbGciOiJIUzI1NiJ9.eyJqdGkiOiJBSzF2MTZsRk81aldQbzljNWpWRDBBIiwiZXhwIjoxODEzMDQzODAzLCJpYXQiOjE3ODE1MDc4MDMsIm5iZiI6MTc4MTUwNzY4Mywib3JnIjoxLCJvbmx5Q2hhbm5lbHMiOlsic2xlLXByb2R1Y3Qtc2xlczE1LXNwNy1wb29sLXg4Nl82NCJdfQ.OY2vguWziXKD3isT1ziQQuLJt0RXn7CBm3ZaYKrzz3M HTTP/1.1" 404 -
172.16.3.7 - - [15/Jun/2026:09:18:39 +0200] "HEAD /rhn/manager/download/sle-product-sles15-sp7-pool-x86_64/repodata/0b609b5d84aef5f607b9bf9e9d0ae61c42f21059a376f29774936492276c4a40-primary.xml.gz?eyJhbGciOiJIUzI1NiJ9.eyJqdGkiOiJBSzF2MTZsRk81aldQbzljNWpWRDBBIiwiZXhwIjoxODEzMDQzODAzLCJpYXQiOjE3ODE1MDc4MDMsIm5iZiI6MTc4MTUwNzY4Mywib3JnIjoxLCJvbmx5Q2hhbm5lbHMiOlsic2xlLXByb2R1Y3Qtc2xlczE1LXNwNy1wb29sLXg4Nl82NCJdfQ.OY2vguWziXKD3isT1ziQQuLJt0RXn7CBm3ZaYKrzz3M HTTP/1.1" 200 -
172.16.3.7 - - [15/Jun/2026:09:18:39 +0200] "HEAD /rhn/manager/download/sle-product-sles15-sp7-pool-x86_64/repodata/2e34934e751c235ac6406ea6b3b5e16e6dde0ad209c60d6e5ef3871a8a34ad7f-susedata.xml.gz?eyJhbGciOiJIUzI1NiJ9.eyJqdGkiOiJBSzF2MTZsRk81aldQbzljNWpWRDBBIiwiZXhwIjoxODEzMDQzODAzLCJpYXQiOjE3ODE1MDc4MDMsIm5iZiI6MTc4MTUwNzY4Mywib3JnIjoxLCJvbmx5Q2hhbm5lbHMiOlsic2xlLXByb2R1Y3Qtc2xlczE1LXNwNy1wb29sLXg4Nl82NCJdfQ.OY2vguWziXKD3isT1ziQQuLJt0RXn7CBm3ZaYKrzz3M HTTP/1.1" 200 -
172.16.3.7 - - [15/Jun/2026:09:18:39 +0200] "HEAD /rhn/manager/download/sles15-sp7-devel-uyuni-client-x86_64/repodata/repomd.xml?eyJhbGciOiJIUzI1NiJ9.eyJqdGkiOiJReE50azR5WEpDSHhHNndDOVYzV093IiwiZXhwIjoxODEzMDQzODAzLCJpYXQiOjE3ODE1MDc4MDMsIm5iZiI6MTc4MTUwNzY4Mywib3JnIjoxLCJvbmx5Q2hhbm5lbHMiOlsic2xlczE1LXNwNy1kZXZlbC11eXVuaS1jbGllbnQteDg2XzY0Il19.Cy6mhyz6gdLfc9vsuCh7u4LmR14ziyrcy1oMvee4_tc HTTP/1.1" 200 -
::1 - - [15/Jun/2026:09:18:39 +0200] "OPTIONS * HTTP/1.0" 200 - "-" "Apache/2.4.66 (Linux/SUSE) OpenSSL/3.5.0 mod_wsgi/5.0.2 Python/3.13 (internal dummy connection)"
172.16.3.7 - - [15/Jun/2026:09:18:39 +0200] "HEAD /rhn/manager/download/sles15-sp7-devel-uyuni-client-x86_64/media.1/media?eyJhbGciOiJIUzI1NiJ9.eyJqdGkiOiJReE50azR5WEpDSHhHNndDOVYzV093IiwiZXhwIjoxODEzMDQzODAzLCJpYXQiOjE3ODE1MDc4MDMsIm5iZiI6MTc4MTUwNzY4Mywib3JnIjoxLCJvbmx5Q2hhbm5lbHMiOlsic2xlczE1LXNwNy1kZXZlbC11eXVuaS1jbGllbnQteDg2XzY0Il19.Cy6mhyz6gdLfc9vsuCh7u4LmR14ziyrcy1oMvee4_tc HTTP/1.1" 404 -
172.16.3.7 - - [15/Jun/2026:09:18:39 +0200] "HEAD /rhn/manager/download/sles15-sp7-devel-uyuni-client-x86_64/repodata/repomd.xml?eyJhbGciOiJIUzI1NiJ9.eyJqdGkiOiJReE50azR5WEpDSHhHNndDOVYzV093IiwiZXhwIjoxODEzMDQzODAzLCJpYXQiOjE3ODE1MDc4MDMsIm5iZiI6MTc4MTUwNzY4Mywib3JnIjoxLCJvbmx5Q2hhbm5lbHMiOlsic2xlczE1LXNwNy1kZXZlbC11eXVuaS1jbGllbnQteDg2XzY0Il19.Cy6mhyz6gdLfc9vsuCh7u4LmR14ziyrcy1oMvee4_tc HTTP/1.1" 200 -
172.16.3.7 - - [15/Jun/2026:09:18:40 +0200] "GET /rhn/manager/download/sles15-sp7-devel-uyuni-client-x86_64/repodata/repomd.xml?eyJhbGciOiJIUzI1NiJ9.eyJqdGkiOiJReE50azR5WEpDSHhHNndDOVYzV093IiwiZXhwIjoxODEzMDQzODAzLCJpYXQiOjE3ODE1MDc4MDMsIm5iZiI6MTc4MTUwNzY4Mywib3JnIjoxLCJvbmx5Q2hhbm5lbHMiOlsic2xlczE1LXNwNy1kZXZlbC11eXVuaS1jbGllbnQteDg2XzY0Il19.Cy6mhyz6gdLfc9vsuCh7u4LmR14ziyrcy1oMvee4_tc HTTP/1.1" 304 -
172.16.3.7 - - [15/Jun/2026:09:18:40 +0200] "HEAD /rhn/manager/download/sles15-sp7-devel-uyuni-client-x86_64/repodata/repomd.xml.asc?eyJhbGciOiJIUzI1NiJ9.eyJqdGkiOiJReE50azR5WEpDSHhHNndDOVYzV093IiwiZXhwIjoxODEzMDQzODAzLCJpYXQiOjE3ODE1MDc4MDMsIm5iZiI6MTc4MTUwNzY4Mywib3JnIjoxLCJvbmx5Q2hhbm5lbHMiOlsic2xlczE1LXNwNy1kZXZlbC11eXVuaS1jbGllbnQteDg2XzY0Il19.Cy6mhyz6gdLfc9vsuCh7u4LmR14ziyrcy1oMvee4_tc HTTP/1.1" 404 -
172.16.3.5 - - [15/Jun/2026:09:18:24 +0200] "GET /rhn/websocket/notifications HTTP/1.1" 101 -
172.16.3.7 - - [15/Jun/2026:09:18:41 +0200] "HEAD /rhn/manager/download/sles15-sp7-devel-uyuni-client-x86_64/repodata/a64c435d815933c7d1b7553f9190f1299ade93fa4302950267e8ec24719d92eb-primary.xml.gz?eyJhbGciOiJIUzI1NiJ9.eyJqdGkiOiJReE50azR5WEpDSHhHNndDOVYzV093IiwiZXhwIjoxODEzMDQzODAzLCJpYXQiOjE3ODE1MDc4MDMsIm5iZiI6MTc4MTUwNzY4Mywib3JnIjoxLCJvbmx5Q2hhbm5lbHMiOlsic2xlczE1LXNwNy1kZXZlbC11eXVuaS1jbGllbnQteDg2XzY0Il19.Cy6mhyz6gdLfc9vsuCh7u4LmR14ziyrcy1oMvee4_tc HTTP/1.1" 200 -
172.16.3.7 - - [15/Jun/2026:09:18:41 +0200] "GET /rhn/manager/download/sles15-sp7-devel-uyuni-client-x86_64/repodata/a64c435d815933c7d1b7553f9190f1299ade93fa4302950267e8ec24719d92eb-primary.xml.gz?eyJhbGciOiJIUzI1NiJ9.eyJqdGkiOiJReE50azR5WEpDSHhHNndDOVYzV093IiwiZXhwIjoxODEzMDQzODAzLCJpYXQiOjE3ODE1MDc4MDMsIm5iZiI6MTc4MTUwNzY4Mywib3JnIjoxLCJvbmx5Q2hhbm5lbHMiOlsic2xlczE1LXNwNy1kZXZlbC11eXVuaS1jbGllbnQteDg2XzY0Il19.Cy6mhyz6gdLfc9vsuCh7u4LmR14ziyrcy1oMvee4_tc HTTP/1.1" 304 -
172.16.3.7 - - [15/Jun/2026:09:18:41 +0200] "HEAD /rhn/manager/download/sles15-sp7-devel-uyuni-client-x86_64/repodata/ccc21a8a77769029011bafa11f9109ff761bebd889c4eccbf7e0209393c48469-susedata.xml.gz?eyJhbGciOiJIUzI1NiJ9.eyJqdGkiOiJReE50azR5WEpDSHhHNndDOVYzV093IiwiZXhwIjoxODEzMDQzODAzLCJpYXQiOjE3ODE1MDc4MDMsIm5iZiI6MTc4MTUwNzY4Mywib3JnIjoxLCJvbmx5Q2hhbm5lbHMiOlsic2xlczE1LXNwNy1kZXZlbC11eXVuaS1jbGllbnQteDg2XzY0Il19.Cy6mhyz6gdLfc9vsuCh7u4LmR14ziyrcy1oMvee4_tc HTTP/1.1" 200 -
172.16.3.7 - - [15/Jun/2026:09:18:41 +0200] "GET /rhn/manager/download/sles15-sp7-devel-uyuni-client-x86_64/repodata/ccc21a8a77769029011bafa11f9109ff761bebd889c4eccbf7e0209393c48469-susedata.xml.gz?eyJhbGciOiJIUzI1NiJ9.eyJqdGkiOiJReE50azR5WEpDSHhHNndDOVYzV093IiwiZXhwIjoxODEzMDQzODAzLCJpYXQiOjE3ODE1MDc4MDMsIm5iZiI6MTc4MTUwNzY4Mywib3JnIjoxLCJvbmx5Q2hhbm5lbHMiOlsic2xlczE1LXNwNy1kZXZlbC11eXVuaS1jbGllbnQteDg2XzY0Il19.Cy6mhyz6gdLfc9vsuCh7u4LmR14ziyrcy1oMvee4_tc HTTP/1.1" 304 -
172.16.3.5 - - [15/Jun/2026:09:18:41 +0200] "GET /rhn/systems/details/history/Event.do?sid=1000010005&aid=24 HTTP/1.1" 200 6174
172.16.3.5 - - [15/Jun/2026:09:18:25 +0200] "GET /rhn/websocket/notifications HTTP/1.1" 101 -
172.16.3.5 - - [15/Jun/2026:09:18:41 +0200] "POST /rhn/manager/frontend-log HTTP/1.1" 200 42
172.16.3.5 - - [15/Jun/2026:09:18:41 +0200] "POST /rhn/manager/frontend-log HTTP/1.1" 200 42
::1 - - [15/Jun/2026:09:18:43 +0200] "OPTIONS * HTTP/1.0" 200 - "-" "Apache/2.4.66 (Linux/SUSE) OpenSSL/3.5.0 mod_wsgi/5.0.2 Python/3.13 (internal dummy connection)"
172.16.3.7 - - [15/Jun/2026:09:18:43 +0200] "HEAD /rhn/manager/download/sle-module-basesystem15-sp7-pool-x86_64/getPackage/NULL/e5b6e78440a67d6987c31a70a11621cf17272df6435466bd8fcd31958f0dd7f6/libsha1detectcoll1-1.0.3-2.18.x86_64.rpm?eyJhbGciOiJIUzI1NiJ9.eyJqdGkiOiJmSVd4RjBhNmc0TjJXcmRrckkwRERBIiwiZXhwIjoxODEzMDQzODAzLCJpYXQiOjE3ODE1MDc4MDMsIm5iZiI6MTc4MTUwNzY4Mywib3JnIjoxLCJvbmx5Q2hhbm5lbHMiOlsic2xlLW1vZHVsZS1iYXNlc3lzdGVtMTUtc3A3LXBvb2wteDg2XzY0Il19.Ek8YbeJkeLWO2xz_EBYlMRbfuzXhbvnxpBo2ezMxhjw HTTP/1.1" 200 -
172.16.3.7 - - [15/Jun/2026:09:18:43 +0200] "GET /rhn/manager/download/sle-module-basesystem15-sp7-pool-x86_64/getPackage/NULL/e5b6e78440a67d6987c31a70a11621cf17272df6435466bd8fcd31958f0dd7f6/libsha1detectcoll1-1.0.3-2.18.x86_64.rpm?eyJhbGciOiJIUzI1NiJ9.eyJqdGkiOiJmSVd4RjBhNmc0TjJXcmRrckkwRERBIiwiZXhwIjoxODEzMDQzODAzLCJpYXQiOjE3ODE1MDc4MDMsIm5iZiI6MTc4MTUwNzY4Mywib3JnIjoxLCJvbmx5Q2hhbm5lbHMiOlsic2xlLW1vZHVsZS1iYXNlc3lzdGVtMTUtc3A3LXBvb2wteDg2XzY0Il19.Ek8YbeJkeLWO2xz_EBYlMRbfuzXhbvnxpBo2ezMxhjw HTTP/1.1" 200 23728
172.16.3.7 - - [15/Jun/2026:09:18:43 +0200] "HEAD /rhn/manager/download/sle-module-basesystem15-sp7-updates-x86_64/getPackage/NULL/c93916b0da569c1dee83dde8b268c9fea33e4fc4b0f68f8924ca7adaabf35143/git-core-2.51.0-150600.3.15.1.x86_64.rpm?eyJhbGciOiJIUzI1NiJ9.eyJqdGkiOiJNSEU3WDl3OHdjd3dBeldhcDNqa19nIiwiZXhwIjoxODEzMDQzODAzLCJpYXQiOjE3ODE1MDc4MDMsIm5iZiI6MTc4MTUwNzY4Mywib3JnIjoxLCJvbmx5Q2hhbm5lbHMiOlsic2xlLW1vZHVsZS1iYXNlc3lzdGVtMTUtc3A3LXVwZGF0ZXMteDg2XzY0Il19._qtmmfm8o-uQY0-RIDA1ozf-bVVcUTROsNb5Vu6BbPQ HTTP/1.1" 200 -
172.16.3.7 - - [15/Jun/2026:09:18:43 +0200] "GET /rhn/manager/download/sle-module-basesystem15-sp7-updates-x86_64/getPackage/NULL/c93916b0da569c1dee83dde8b268c9fea33e4fc4b0f68f8924ca7adaabf35143/git-core-2.51.0-150600.3.15.1.x86_64.rpm?eyJhbGciOiJIUzI1NiJ9.eyJqdGkiOiJNSEU3WDl3OHdjd3dBeldhcDNqa19nIiwiZXhwIjoxODEzMDQzODAzLCJpYXQiOjE3ODE1MDc4MDMsIm5iZiI6MTc4MTUwNzY4Mywib3JnIjoxLCJvbmx5Q2hhbm5lbHMiOlsic2xlLW1vZHVsZS1iYXNlc3lzdGVtMTUtc3A3LXVwZGF0ZXMteDg2XzY0Il19._qtmmfm8o-uQY0-RIDA1ozf-bVVcUTROsNb5Vu6BbPQ HTTP/1.1" 200 6307528
172.16.3.7 - - [15/Jun/2026:09:18:51 +0200] "HEAD /rhn/manager/download/sle-module-basesystem15-sp7-pool-x86_64/getPackage/NULL/fcccb0d936a1f5b827f15036fa204a76bff5376d78b8e63d0ec3b1b36fb9743c/skopeo-1.14.4-150300.11.22.1.x86_64.rpm?eyJhbGciOiJIUzI1NiJ9.eyJqdGkiOiJmSVd4RjBhNmc0TjJXcmRrckkwRERBIiwiZXhwIjoxODEzMDQzODAzLCJpYXQiOjE3ODE1MDc4MDMsIm5iZiI6MTc4MTUwNzY4Mywib3JnIjoxLCJvbmx5Q2hhbm5lbHMiOlsic2xlLW1vZHVsZS1iYXNlc3lzdGVtMTUtc3A3LXBvb2wteDg2XzY0Il19.Ek8YbeJkeLWO2xz_EBYlMRbfuzXhbvnxpBo2ezMxhjw HTTP/1.1" 200 -
172.16.3.7 - - [15/Jun/2026:09:18:51 +0200] "GET /rhn/manager/download/sle-module-basesystem15-sp7-pool-x86_64/getPackage/NULL/fcccb0d936a1f5b827f15036fa204a76bff5376d78b8e63d0ec3b1b36fb9743c/skopeo-1.14.4-150300.11.22.1.x86_64.rpm?eyJhbGciOiJIUzI1NiJ9.eyJqdGkiOiJmSVd4RjBhNmc0TjJXcmRrckkwRERBIiwiZXhwIjoxODEzMDQzODAzLCJpYXQiOjE3ODE1MDc4MDMsIm5iZiI6MTc4MTUwNzY4Mywib3JnIjoxLCJvbmx5Q2hhbm5lbHMiOlsic2xlLW1vZHVsZS1iYXNlc3lzdGVtMTUtc3A3LXBvb2wteDg2XzY0Il19.Ek8YbeJkeLWO2xz_EBYlMRbfuzXhbvnxpBo2ezMxhjw HTTP/1.1" 200 8250600
172.16.3.7 - - [15/Jun/2026:09:18:51 +0200] "HEAD /rhn/manager/download/sle-module-basesystem15-sp7-pool-x86_64/getPackage/NULL/f5440f198ab6c4fb585654dcdb919f8bcc369548547521f9927f090196c3c448/libisofs6-1.5.6-150600.1.5.x86_64.rpm?eyJhbGciOiJIUzI1NiJ9.eyJqdGkiOiJmSVd4RjBhNmc0TjJXcmRrckkwRERBIiwiZXhwIjoxODEzMDQzODAzLCJpYXQiOjE3ODE1MDc4MDMsIm5iZiI6MTc4MTUwNzY4Mywib3JnIjoxLCJvbmx5Q2hhbm5lbHMiOlsic2xlLW1vZHVsZS1iYXNlc3lzdGVtMTUtc3A3LXBvb2wteDg2XzY0Il19.Ek8YbeJkeLWO2xz_EBYlMRbfuzXhbvnxpBo2ezMxhjw HTTP/1.1" 200 -
172.16.3.7 - - [15/Jun/2026:09:18:51 +0200] "GET /rhn/manager/download/sle-module-basesystem15-sp7-pool-x86_64/getPackage/NULL/f5440f198ab6c4fb585654dcdb919f8bcc369548547521f9927f090196c3c448/libisofs6-1.5.6-150600.1.5.x86_64.rpm?eyJhbGciOiJIUzI1NiJ9.eyJqdGkiOiJmSVd4RjBhNmc0TjJXcmRrckkwRERBIiwiZXhwIjoxODEzMDQzODAzLCJpYXQiOjE3ODE1MDc4MDMsIm5iZiI6MTc4MTUwNzY4Mywib3JnIjoxLCJvbmx5Q2hhbm5lbHMiOlsic2xlLW1vZHVsZS1iYXNlc3lzdGVtMTUtc3A3LXBvb2wteDg2XzY0Il19.Ek8YbeJkeLWO2xz_EBYlMRbfuzXhbvnxpBo2ezMxhjw HTTP/1.1" 200 211408
172.16.3.7 - - [15/Jun/2026:09:18:51 +0200] "HEAD /rhn/manager/download/sle-module-basesystem15-sp7-pool-x86_64/getPackage/NULL/fc01987c103deba82c90f938ce7db2707ceb1d9eca7f66698064ece67caa00a9/libsgutils2-1_48-2-1.48+11.56e7b2f-150600.3.3.11.x86_64.rpm?eyJhbGciOiJIUzI1NiJ9.eyJqdGkiOiJmSVd4RjBhNmc0TjJXcmRrckkwRERBIiwiZXhwIjoxODEzMDQzODAzLCJpYXQiOjE3ODE1MDc4MDMsIm5iZiI6MTc4MTUwNzY4Mywib3JnIjoxLCJvbmx5Q2hhbm5lbHMiOlsic2xlLW1vZHVsZS1iYXNlc3lzdGVtMTUtc3A3LXBvb2wteDg2XzY0Il19.Ek8YbeJkeLWO2xz_EBYlMRbfuzXhbvnxpBo2ezMxhjw HTTP/1.1" 200 -
172.16.3.7 - - [15/Jun/2026:09:18:51 +0200] "GET /rhn/manager/download/sle-module-basesystem15-sp7-pool-x86_64/getPackage/NULL/fc01987c103deba82c90f938ce7db2707ceb1d9eca7f66698064ece67caa00a9/libsgutils2-1_48-2-1.48+11.56e7b2f-150600.3.3.11.x86_64.rpm?eyJhbGciOiJIUzI1NiJ9.eyJqdGkiOiJmSVd4RjBhNmc0TjJXcmRrckkwRERBIiwiZXhwIjoxODEzMDQzODAzLCJpYXQiOjE3ODE1MDc4MDMsIm5iZiI6MTc4MTUwNzY4Mywib3JnIjoxLCJvbmx5Q2hhbm5lbHMiOlsic2xlLW1vZHVsZS1iYXNlc3lzdGVtMTUtc3A3LXBvb2wteDg2XzY0Il19.Ek8YbeJkeLWO2xz_EBYlMRbfuzXhbvnxpBo2ezMxhjw HTTP/1.1" 200 137308
172.16.3.7 - - [15/Jun/2026:09:18:52 +0200] "HEAD /rhn/manager/download/sle-module-basesystem15-sp7-pool-x86_64/getPackage/NULL/c655279f82cffa816ae0b77e0bae92b1898629989d8a4c41508fed806a811f2f/libjpeg8-8.2.2-150600.22.5.x86_64.rpm?eyJhbGciOiJIUzI1NiJ9.eyJqdGkiOiJmSVd4RjBhNmc0TjJXcmRrckkwRERBIiwiZXhwIjoxODEzMDQzODAzLCJpYXQiOjE3ODE1MDc4MDMsIm5iZiI6MTc4MTUwNzY4Mywib3JnIjoxLCJvbmx5Q2hhbm5lbHMiOlsic2xlLW1vZHVsZS1iYXNlc3lzdGVtMTUtc3A3LXBvb2wteDg2XzY0Il19.Ek8YbeJkeLWO2xz_EBYlMRbfuzXhbvnxpBo2ezMxhjw HTTP/1.1" 200 -
172.16.3.7 - - [15/Jun/2026:09:18:52 +0200] "GET /rhn/manager/download/sle-module-basesystem15-sp7-pool-x86_64/getPackage/NULL/c655279f82cffa816ae0b77e0bae92b1898629989d8a4c41508fed806a811f2f/libjpeg8-8.2.2-150600.22.5.x86_64.rpm?eyJhbGciOiJIUzI1NiJ9.eyJqdGkiOiJmSVd4RjBhNmc0TjJXcmRrckkwRERBIiwiZXhwIjoxODEzMDQzODAzLCJpYXQiOjE3ODE1MDc4MDMsIm5iZiI6MTc4MTUwNzY4Mywib3JnIjoxLCJvbmx5Q2hhbm5lbHMiOlsic2xlLW1vZHVsZS1iYXNlc3lzdGVtMTUtc3A3LXBvb2wteDg2XzY0Il19.Ek8YbeJkeLWO2xz_EBYlMRbfuzXhbvnxpBo2ezMxhjw HTTP/1.1" 200 185180
172.16.3.5 - - [15/Jun/2026:09:18:42 +0200] "GET /rhn/websocket/notifications HTTP/1.1" 101 -
172.16.3.7 - - [15/Jun/2026:09:18:52 +0200] "HEAD /rhn/manager/download/sle-module-basesystem15-sp7-pool-x86_64/getPackage/NULL/855fc920896aad9208b9ab5781dc5f4146219c57afb0d7908f84ef54594725a4/libfmt8-8.0.1-150400.1.8.x86_64.rpm?eyJhbGciOiJIUzI1NiJ9.eyJqdGkiOiJmSVd4RjBhNmc0TjJXcmRrckkwRERBIiwiZXhwIjoxODEzMDQzODAzLCJpYXQiOjE3ODE1MDc4MDMsIm5iZiI6MTc4MTUwNzY4Mywib3JnIjoxLCJvbmx5Q2hhbm5lbHMiOlsic2xlLW1vZHVsZS1iYXNlc3lzdGVtMTUtc3A3LXBvb2wteDg2XzY0Il19.Ek8YbeJkeLWO2xz_EBYlMRbfuzXhbvnxpBo2ezMxhjw HTTP/1.1" 200 -
172.16.3.7 - - [15/Jun/2026:09:18:52 +0200] "GET /rhn/manager/download/sle-module-basesystem15-sp7-pool-x86_64/getPackage/NULL/855fc920896aad9208b9ab5781dc5f4146219c57afb0d7908f84ef54594725a4/libfmt8-8.0.1-150400.1.8.x86_64.rpm?eyJhbGciOiJIUzI1NiJ9.eyJqdGkiOiJmSVd4RjBhNmc0TjJXcmRrckkwRERBIiwiZXhwIjoxODEzMDQzODAzLCJpYXQiOjE3ODE1MDc4MDMsIm5iZiI6MTc4MTUwNzY4Mywib3JnIjoxLCJvbmx5Q2hhbm5lbHMiOlsic2xlLW1vZHVsZS1iYXNlc3lzdGVtMTUtc3A3LXBvb2wteDg2XzY0Il19.Ek8YbeJkeLWO2xz_EBYlMRbfuzXhbvnxpBo2ezMxhjw HTTP/1.1" 200 77312
172.16.3.5 - - [15/Jun/2026:09:18:52 +0200] "GET /rhn/systems/details/history/Pending.do?sid=1000010005& HTTP/1.1" 200 6228
172.16.3.7 - - [15/Jun/2026:09:18:52 +0200] "HEAD /rhn/manager/download/sle-module-basesystem15-sp7-pool-x86_64/getPackage/NULL/6becc1117ada1d22244a01a36729a6a1da4d4b5e74e59738dc06cf00e1a4a1e6/libburn4-1.5.6-150600.1.6.x86_64.rpm?eyJhbGciOiJIUzI1NiJ9.eyJqdGkiOiJmSVd4RjBhNmc0TjJXcmRrckkwRERBIiwiZXhwIjoxODEzMDQzODAzLCJpYXQiOjE3ODE1MDc4MDMsIm5iZiI6MTc4MTUwNzY4Mywib3JnIjoxLCJvbmx5Q2hhbm5lbHMiOlsic2xlLW1vZHVsZS1iYXNlc3lzdGVtMTUtc3A3LXBvb2wteDg2XzY0Il19.Ek8YbeJkeLWO2xz_EBYlMRbfuzXhbvnxpBo2ezMxhjw HTTP/1.1" 200 -
172.16.3.5 - - [15/Jun/2026:09:18:52 +0200] "GET /img/favicon.ico?q=0.942596225791975 HTTP/1.1" 200 1150
172.16.3.7 - - [15/Jun/2026:09:18:52 +0200] "GET /rhn/manager/download/sle-module-basesystem15-sp7-pool-x86_64/getPackage/NULL/6becc1117ada1d22244a01a36729a6a1da4d4b5e74e59738dc06cf00e1a4a1e6/libburn4-1.5.6-150600.1.6.x86_64.rpm?eyJhbGciOiJIUzI1NiJ9.eyJqdGkiOiJmSVd4RjBhNmc0TjJXcmRrckkwRERBIiwiZXhwIjoxODEzMDQzODAzLCJpYXQiOjE3ODE1MDc4MDMsIm5iZiI6MTc4MTUwNzY4Mywib3JnIjoxLCJvbmx5Q2hhbm5lbHMiOlsic2xlLW1vZHVsZS1iYXNlc3lzdGVtMTUtc3A3LXBvb2wteDg2XzY0Il19.Ek8YbeJkeLWO2xz_EBYlMRbfuzXhbvnxpBo2ezMxhjw HTTP/1.1" 200 147276
172.16.3.5 - - [15/Jun/2026:09:18:52 +0200] "POST /rhn/manager/frontend-log HTTP/1.1" 200 42
172.16.3.5 - - [15/Jun/2026:09:18:52 +0200] "GET /rhn/websocket/notifications HTTP/1.1" 101 -
172.16.3.5 - - [15/Jun/2026:09:18:36 +0200] "GET /rhn/websocket/notifications HTTP/1.1" 101 -
172.16.3.7 - - [15/Jun/2026:09:18:52 +0200] "HEAD /rhn/manager/download/sle-module-basesystem15-sp7-pool-x86_64/getPackage/NULL/d3d4a456ce1f649fbfce13d17f6d8fc78336395a60a319290cefcdc2705fbf58/squashfs-4.6.1-150300.3.3.1.x86_64.rpm?eyJhbGciOiJIUzI1NiJ9.eyJqdGkiOiJmSVd4RjBhNmc0TjJXcmRrckkwRERBIiwiZXhwIjoxODEzMDQzODAzLCJpYXQiOjE3ODE1MDc4MDMsIm5iZiI6MTc4MTUwNzY4Mywib3JnIjoxLCJvbmx5Q2hhbm5lbHMiOlsic2xlLW1vZHVsZS1iYXNlc3lzdGVtMTUtc3A3LXBvb2wteDg2XzY0Il19.Ek8YbeJkeLWO2xz_EBYlMRbfuzXhbvnxpBo2ezMxhjw HTTP/1.1" 200 -
172.16.3.5 - - [15/Jun/2026:09:18:52 +0200] "GET /rhn/systems/details/history/Pending.do?sid=1000010005& HTTP/1.1" 200 6228
172.16.3.7 - - [15/Jun/2026:09:18:53 +0200] "GET /rhn/manager/download/sle-module-basesystem15-sp7-pool-x86_64/getPackage/NULL/d3d4a456ce1f649fbfce13d17f6d8fc78336395a60a319290cefcdc2705fbf58/squashfs-4.6.1-150300.3.3.1.x86_64.rpm?eyJhbGciOiJIUzI1NiJ9.eyJqdGkiOiJmSVd4RjBhNmc0TjJXcmRrckkwRERBIiwiZXhwIjoxODEzMDQzODAzLCJpYXQiOjE3ODE1MDc4MDMsIm5iZiI6MTc4MTUwNzY4Mywib3JnIjoxLCJvbmx5Q2hhbm5lbHMiOlsic2xlLW1vZHVsZS1iYXNlc3lzdGVtMTUtc3A3LXBvb2wteDg2XzY0Il19.Ek8YbeJkeLWO2xz_EBYlMRbfuzXhbvnxpBo2ezMxhjw HTTP/1.1" 200 217748
172.16.3.5 - - [15/Jun/2026:09:18:53 +0200] "GET /img/favicon.ico?q=0.28077215034415937 HTTP/1.1" 200 1150
172.16.3.7 - - [15/Jun/2026:09:18:53 +0200] "HEAD /rhn/manager/download/sle-module-basesystem15-sp7-pool-x86_64/getPackage/NULL/d980a48dc49dfb5d29c53c0f97e5a63057d39705c18d38eef97499c9084c70dd/javapackages-filesystem-6.3.4-150200.3.15.1.x86_64.rpm?eyJhbGciOiJIUzI1NiJ9.eyJqdGkiOiJmSVd4RjBhNmc0TjJXcmRrckkwRERBIiwiZXhwIjoxODEzMDQzODAzLCJpYXQiOjE3ODE1MDc4MDMsIm5iZiI6MTc4MTUwNzY4Mywib3JnIjoxLCJvbmx5Q2hhbm5lbHMiOlsic2xlLW1vZHVsZS1iYXNlc3lzdGVtMTUtc3A3LXBvb2wteDg2XzY0Il19.Ek8YbeJkeLWO2xz_EBYlMRbfuzXhbvnxpBo2ezMxhjw HTTP/1.1" 200 -
172.16.3.5 - - [15/Jun/2026:09:18:53 +0200] "GET /rhn/websocket/notifications HTTP/1.1" 101 -
172.16.3.7 - - [15/Jun/2026:09:18:53 +0200] "GET /rhn/manager/download/sle-module-basesystem15-sp7-pool-x86_64/getPackage/NULL/d980a48dc49dfb5d29c53c0f97e5a63057d39705c18d38eef97499c9084c70dd/javapackages-filesystem-6.3.4-150200.3.15.1.x86_64.rpm?eyJhbGciOiJIUzI1NiJ9.eyJqdGkiOiJmSVd4RjBhNmc0TjJXcmRrckkwRERBIiwiZXhwIjoxODEzMDQzODAzLCJpYXQiOjE3ODE1MDc4MDMsIm5iZiI6MTc4MTUwNzY4Mywib3JnIjoxLCJvbmx5Q2hhbm5lbHMiOlsic2xlLW1vZHVsZS1iYXNlc3lzdGVtMTUtc3A3LXBvb2wteDg2XzY0Il19.Ek8YbeJkeLWO2xz_EBYlMRbfuzXhbvnxpBo2ezMxhjw HTTP/1.1" 200 25216
172.16.3.5 - - [15/Jun/2026:09:18:53 +0200] "POST /rhn/manager/frontend-log HTTP/1.1" 200 42
172.16.3.7 - - [15/Jun/2026:09:18:54 +0200] "HEAD /rhn/manager/download/sle-module-basesystem15-sp7-pool-x86_64/getPackage/NULL/3727133161470ebc4495f345f5057f13b4d9a4f70f3d3375d4d8b15d041936cd/mtools-4.0.43-150600.1.6.x86_64.rpm?eyJhbGciOiJIUzI1NiJ9.eyJqdGkiOiJmSVd4RjBhNmc0TjJXcmRrckkwRERBIiwiZXhwIjoxODEzMDQzODAzLCJpYXQiOjE3ODE1MDc4MDMsIm5iZiI6MTc4MTUwNzY4Mywib3JnIjoxLCJvbmx5Q2hhbm5lbHMiOlsic2xlLW1vZHVsZS1iYXNlc3lzdGVtMTUtc3A3LXBvb2wteDg2XzY0Il19.Ek8YbeJkeLWO2xz_EBYlMRbfuzXhbvnxpBo2ezMxhjw HTTP/1.1" 200 -
172.16.3.5 - - [15/Jun/2026:09:18:53 +0200] "GET /rhn/systems/details/history/History.do?sid=1000010005& HTTP/1.1" 200 6890
172.16.3.5 - - [15/Jun/2026:09:18:54 +0200] "GET /img/favicon.ico?q=0.6988644168778181 HTTP/1.1" 200 1150
172.16.3.7 - - [15/Jun/2026:09:18:54 +0200] "GET /rhn/manager/download/sle-module-basesystem15-sp7-pool-x86_64/getPackage/NULL/3727133161470ebc4495f345f5057f13b4d9a4f70f3d3375d4d8b15d041936cd/mtools-4.0.43-150600.1.6.x86_64.rpm?eyJhbGciOiJIUzI1NiJ9.eyJqdGkiOiJmSVd4RjBhNmc0TjJXcmRrckkwRERBIiwiZXhwIjoxODEzMDQzODAzLCJpYXQiOjE3ODE1MDc4MDMsIm5iZiI6MTc4MTUwNzY4Mywib3JnIjoxLCJvbmx5Q2hhbm5lbHMiOlsic2xlLW1vZHVsZS1iYXNlc3lzdGVtMTUtc3A3LXBvb2wteDg2XzY0Il19.Ek8YbeJkeLWO2xz_EBYlMRbfuzXhbvnxpBo2ezMxhjw HTTP/1.1" 200 229064
172.16.3.5 - - [15/Jun/2026:09:18:52 +0200] "GET /rhn/systems/details/history/Event.do?sid=1000010003&aid=18 HTTP/1.1" 200 6188
172.16.3.5 - - [15/Jun/2026:09:18:36 +0200] "GET /rhn/websocket/notifications HTTP/1.1" 101 -
172.16.3.5 - - [15/Jun/2026:09:18:54 +0200] "POST /rhn/manager/frontend-log HTTP/1.1" 200 42
172.16.3.7 - - [15/Jun/2026:09:18:54 +0200] "HEAD /rhn/manager/download/sle-module-basesystem15-sp7-pool-x86_64/getPackage/NULL/1e5934494118ae929445f87f1d485ad83d820437f390ec8e834ff0f95e3f3a8d/libpcsclite1-1.9.4-150400.3.2.1.x86_64.rpm?eyJhbGciOiJIUzI1NiJ9.eyJqdGkiOiJmSVd4RjBhNmc0TjJXcmRrckkwRERBIiwiZXhwIjoxODEzMDQzODAzLCJpYXQiOjE3ODE1MDc4MDMsIm5iZiI6MTc4MTUwNzY4Mywib3JnIjoxLCJvbmx5Q2hhbm5lbHMiOlsic2xlLW1vZHVsZS1iYXNlc3lzdGVtMTUtc3A3LXBvb2wteDg2XzY0Il19.Ek8YbeJkeLWO2xz_EBYlMRbfuzXhbvnxpBo2ezMxhjw HTTP/1.1" 200 -
172.16.3.5 - - [15/Jun/2026:09:18:54 +0200] "POST /rhn/manager/frontend-log HTTP/1.1" 200 42
172.16.3.5 - - [15/Jun/2026:09:18:54 +0200] "POST /rhn/manager/frontend-log HTTP/1.1" 200 42
172.16.3.7 - - [15/Jun/2026:09:18:55 +0200] "GET /rhn/manager/download/sle-module-basesystem15-sp7-pool-x86_64/getPackage/NULL/1e5934494118ae929445f87f1d485ad83d820437f390ec8e834ff0f95e3f3a8d/libpcsclite1-1.9.4-150400.3.2.1.x86_64.rpm?eyJhbGciOiJIUzI1NiJ9.eyJqdGkiOiJmSVd4RjBhNmc0TjJXcmRrckkwRERBIiwiZXhwIjoxODEzMDQzODAzLCJpYXQiOjE3ODE1MDc4MDMsIm5iZiI6MTc4MTUwNzY4Mywib3JnIjoxLCJvbmx5Q2hhbm5lbHMiOlsic2xlLW1vZHVsZS1iYXNlc3lzdGVtMTUtc3A3LXBvb2wteDg2XzY0Il19.Ek8YbeJkeLWO2xz_EBYlMRbfuzXhbvnxpBo2ezMxhjw HTTP/1.1" 200 33024
172.16.3.5 - - [15/Jun/2026:09:18:54 +0200] "GET /rhn/systems/details/history/Event.do?sid=1000010005&aid=27 HTTP/1.1" 200 6186
172.16.3.7 - - [15/Jun/2026:09:18:55 +0200] "HEAD /rhn/manager/download/sle-module-basesystem15-sp7-pool-x86_64/getPackage/NULL/3d9c0dff6e47be0c931e720959eff43a9dabe4e0011ae0fb6122bceade805668/pcsc-lite-1.9.4-150400.3.2.1.x86_64.rpm?eyJhbGciOiJIUzI1NiJ9.eyJqdGkiOiJmSVd4RjBhNmc0TjJXcmRrckkwRERBIiwiZXhwIjoxODEzMDQzODAzLCJpYXQiOjE3ODE1MDc4MDMsIm5iZiI6MTc4MTUwNzY4Mywib3JnIjoxLCJvbmx5Q2hhbm5lbHMiOlsic2xlLW1vZHVsZS1iYXNlc3lzdGVtMTUtc3A3LXBvb2wteDg2XzY0Il19.Ek8YbeJkeLWO2xz_EBYlMRbfuzXhbvnxpBo2ezMxhjw HTTP/1.1" 200 -
172.16.3.5 - - [15/Jun/2026:09:18:55 +0200] "GET /img/favicon.ico?q=0.1763496129471943 HTTP/1.1" 200 1150
172.16.3.7 - - [15/Jun/2026:09:18:55 +0200] "GET /rhn/manager/download/sle-module-basesystem15-sp7-pool-x86_64/getPackage/NULL/3d9c0dff6e47be0c931e720959eff43a9dabe4e0011ae0fb6122bceade805668/pcsc-lite-1.9.4-150400.3.2.1.x86_64.rpm?eyJhbGciOiJIUzI1NiJ9.eyJqdGkiOiJmSVd4RjBhNmc0TjJXcmRrckkwRERBIiwiZXhwIjoxODEzMDQzODAzLCJpYXQiOjE3ODE1MDc4MDMsIm5iZiI6MTc4MTUwNzY4Mywib3JnIjoxLCJvbmx5Q2hhbm5lbHMiOlsic2xlLW1vZHVsZS1iYXNlc3lzdGVtMTUtc3A3LXBvb2wteDg2XzY0Il19.Ek8YbeJkeLWO2xz_EBYlMRbfuzXhbvnxpBo2ezMxhjw HTTP/1.1" 200 83588
172.16.3.5 - - [15/Jun/2026:09:18:55 +0200] "POST /rhn/manager/frontend-log HTTP/1.1" 200 42
172.16.3.7 - - [15/Jun/2026:09:18:55 +0200] "HEAD /rhn/manager/download/sle-module-basesystem15-sp7-pool-x86_64/getPackage/NULL/5f70afff969ae9d34982bf920c536d8b586a7d1b96f89708a60e4b4d2d018354/liblttng-ust0-2.12.0-1.30.x86_64.rpm?eyJhbGciOiJIUzI1NiJ9.eyJqdGkiOiJmSVd4RjBhNmc0TjJXcmRrckkwRERBIiwiZXhwIjoxODEzMDQzODAzLCJpYXQiOjE3ODE1MDc4MDMsIm5iZiI6MTc4MTUwNzY4Mywib3JnIjoxLCJvbmx5Q2hhbm5lbHMiOlsic2xlLW1vZHVsZS1iYXNlc3lzdGVtMTUtc3A3LXBvb2wteDg2XzY0Il19.Ek8YbeJkeLWO2xz_EBYlMRbfuzXhbvnxpBo2ezMxhjw HTTP/1.1" 200 -
172.16.3.7 - - [15/Jun/2026:09:18:55 +0200] "GET /rhn/manager/download/sle-module-basesystem15-sp7-pool-x86_64/getPackage/NULL/5f70afff969ae9d34982bf920c536d8b586a7d1b96f89708a60e4b4d2d018354/liblttng-ust0-2.12.0-1.30.x86_64.rpm?eyJhbGciOiJIUzI1NiJ9.eyJqdGkiOiJmSVd4RjBhNmc0TjJXcmRrckkwRERBIiwiZXhwIjoxODEzMDQzODAzLCJpYXQiOjE3ODE1MDc4MDMsIm5iZiI6MTc4MTUwNzY4Mywib3JnIjoxLCJvbmx5Q2hhbm5lbHMiOlsic2xlLW1vZHVsZS1iYXNlc3lzdGVtMTUtc3A3LXBvb2wteDg2XzY0Il19.Ek8YbeJkeLWO2xz_EBYlMRbfuzXhbvnxpBo2ezMxhjw HTTP/1.1" 200 192940
172.16.3.7 - - [15/Jun/2026:09:18:55 +0200] "HEAD /rhn/manager/download/sle-module-basesystem15-sp7-pool-x86_64/getPackage/NULL/cd529db3e49b8587d38fdf519415d4983a0c78769615e6126f58f3ee2ba42a5b/libasound2-1.2.10-150600.2.3.x86_64.rpm?eyJhbGciOiJIUzI1NiJ9.eyJqdGkiOiJmSVd4RjBhNmc0TjJXcmRrckkwRERBIiwiZXhwIjoxODEzMDQzODAzLCJpYXQiOjE3ODE1MDc4MDMsIm5iZiI6MTc4MTUwNzY4Mywib3JnIjoxLCJvbmx5Q2hhbm5lbHMiOlsic2xlLW1vZHVsZS1iYXNlc3lzdGVtMTUtc3A3LXBvb2wteDg2XzY0Il19.Ek8YbeJkeLWO2xz_EBYlMRbfuzXhbvnxpBo2ezMxhjw HTTP/1.1" 200 -
172.16.3.7 - - [15/Jun/2026:09:18:56 +0200] "GET /rhn/manager/download/sle-module-basesystem15-sp7-pool-x86_64/getPackage/NULL/cd529db3e49b8587d38fdf519415d4983a0c78769615e6126f58f3ee2ba42a5b/libasound2-1.2.10-150600.2.3.x86_64.rpm?eyJhbGciOiJIUzI1NiJ9.eyJqdGkiOiJmSVd4RjBhNmc0TjJXcmRrckkwRERBIiwiZXhwIjoxODEzMDQzODAzLCJpYXQiOjE3ODE1MDc4MDMsIm5iZiI6MTc4MTUwNzY4Mywib3JnIjoxLCJvbmx5Q2hhbm5lbHMiOlsic2xlLW1vZHVsZS1iYXNlc3lzdGVtMTUtc3A3LXBvb2wteDg2XzY0Il19.Ek8YbeJkeLWO2xz_EBYlMRbfuzXhbvnxpBo2ezMxhjw HTTP/1.1" 200 460420
172.16.3.7 - - [15/Jun/2026:09:18:56 +0200] "HEAD /rhn/manager/download/sle-module-basesystem15-sp7-pool-x86_64/getPackage/NULL/862df2244f23f3ef1941a66227caf097d6066a0e8469018745a0b9cceadd3f9e/xkeyboard-config-2.42-150700.1.1.noarch.rpm?eyJhbGciOiJIUzI1NiJ9.eyJqdGkiOiJmSVd4RjBhNmc0TjJXcmRrckkwRERBIiwiZXhwIjoxODEzMDQzODAzLCJpYXQiOjE3ODE1MDc4MDMsIm5iZiI6MTc4MTUwNzY4Mywib3JnIjoxLCJvbmx5Q2hhbm5lbHMiOlsic2xlLW1vZHVsZS1iYXNlc3lzdGVtMTUtc3A3LXBvb2wteDg2XzY0Il19.Ek8YbeJkeLWO2xz_EBYlMRbfuzXhbvnxpBo2ezMxhjw HTTP/1.1" 200 -
172.16.3.7 - - [15/Jun/2026:09:18:56 +0200] "GET /rhn/manager/download/sle-module-basesystem15-sp7-pool-x86_64/getPackage/NULL/862df2244f23f3ef1941a66227caf097d6066a0e8469018745a0b9cceadd3f9e/xkeyboard-config-2.42-150700.1.1.noarch.rpm?eyJhbGciOiJIUzI1NiJ9.eyJqdGkiOiJmSVd4RjBhNmc0TjJXcmRrckkwRERBIiwiZXhwIjoxODEzMDQzODAzLCJpYXQiOjE3ODE1MDc4MDMsIm5iZiI6MTc4MTUwNzY4Mywib3JnIjoxLCJvbmx5Q2hhbm5lbHMiOlsic2xlLW1vZHVsZS1iYXNlc3lzdGVtMTUtc3A3LXBvb2wteDg2XzY0Il19.Ek8YbeJkeLWO2xz_EBYlMRbfuzXhbvnxpBo2ezMxhjw HTTP/1.1" 200 430192
172.16.3.7 - - [15/Jun/2026:09:18:56 +0200] "HEAD /rhn/manager/download/sle-module-basesystem15-sp7-pool-x86_64/getPackage/NULL/4e65625cd30e305210b1efe8f5cd584c305ceca98e2d805bb9cc0a66e5d7a170/skopeo-zsh-completion-1.14.4-150300.11.22.1.noarch.rpm?eyJhbGciOiJIUzI1NiJ9.eyJqdGkiOiJmSVd4RjBhNmc0TjJXcmRrckkwRERBIiwiZXhwIjoxODEzMDQzODAzLCJpYXQiOjE3ODE1MDc4MDMsIm5iZiI6MTc4MTUwNzY4Mywib3JnIjoxLCJvbmx5Q2hhbm5lbHMiOlsic2xlLW1vZHVsZS1iYXNlc3lzdGVtMTUtc3A3LXBvb2wteDg2XzY0Il19.Ek8YbeJkeLWO2xz_EBYlMRbfuzXhbvnxpBo2ezMxhjw HTTP/1.1" 200 -
172.16.3.7 - - [15/Jun/2026:09:18:56 +0200] "GET /rhn/manager/download/sle-module-basesystem15-sp7-pool-x86_64/getPackage/NULL/4e65625cd30e305210b1efe8f5cd584c305ceca98e2d805bb9cc0a66e5d7a170/skopeo-zsh-completion-1.14.4-150300.11.22.1.noarch.rpm?eyJhbGciOiJIUzI1NiJ9.eyJqdGkiOiJmSVd4RjBhNmc0TjJXcmRrckkwRERBIiwiZXhwIjoxODEzMDQzODAzLCJpYXQiOjE3ODE1MDc4MDMsIm5iZiI6MTc4MTUwNzY4Mywib3JnIjoxLCJvbmx5Q2hhbm5lbHMiOlsic2xlLW1vZHVsZS1iYXNlc3lzdGVtMTUtc3A3LXBvb2wteDg2XzY0Il19.Ek8YbeJkeLWO2xz_EBYlMRbfuzXhbvnxpBo2ezMxhjw HTTP/1.1" 200 52672
172.16.3.5 - - [15/Jun/2026:09:18:55 +0200] "POST /rhn/manager/api/auth/login HTTP/1.1" 200 42
172.16.3.7 - - [15/Jun/2026:09:18:56 +0200] "HEAD /rhn/manager/download/sle-module-basesystem15-sp7-pool-x86_64/getPackage/NULL/00875c6eb07e76f347a9f8589543f99092163c4b80a4c5160af5c209e1705bf3/sg3_utils-1.48+11.56e7b2f-150600.3.3.11.x86_64.rpm?eyJhbGciOiJIUzI1NiJ9.eyJqdGkiOiJmSVd4RjBhNmc0TjJXcmRrckkwRERBIiwiZXhwIjoxODEzMDQzODAzLCJpYXQiOjE3ODE1MDc4MDMsIm5iZiI6MTc4MTUwNzY4Mywib3JnIjoxLCJvbmx5Q2hhbm5lbHMiOlsic2xlLW1vZHVsZS1iYXNlc3lzdGVtMTUtc3A3LXBvb2wteDg2XzY0Il19.Ek8YbeJkeLWO2xz_EBYlMRbfuzXhbvnxpBo2ezMxhjw HTTP/1.1" 200 -
172.16.3.7 - - [15/Jun/2026:09:18:57 +0200] "GET /rhn/manager/download/sle-module-basesystem15-sp7-pool-x86_64/getPackage/NULL/00875c6eb07e76f347a9f8589543f99092163c4b80a4c5160af5c209e1705bf3/sg3_utils-1.48+11.56e7b2f-150600.3.3.11.x86_64.rpm?eyJhbGciOiJIUzI1NiJ9.eyJqdGkiOiJmSVd4RjBhNmc0TjJXcmRrckkwRERBIiwiZXhwIjoxODEzMDQzODAzLCJpYXQiOjE3ODE1MDc4MDMsIm5iZiI6MTc4MTUwNzY4Mywib3JnIjoxLCJvbmx5Q2hhbm5lbHMiOlsic2xlLW1vZHVsZS1iYXNlc3lzdGVtMTUtc3A3LXBvb2wteDg2XzY0Il19.Ek8YbeJkeLWO2xz_EBYlMRbfuzXhbvnxpBo2ezMxhjw HTTP/1.1" 200 1037292
172.16.3.5 - - [15/Jun/2026:09:18:56 +0200] "POST /rhn/manager/api/system/searchByName HTTP/1.1" 200 156
172.16.3.7 - - [15/Jun/2026:09:18:57 +0200] "HEAD /rhn/manager/download/sle-module-basesystem15-sp7-pool-x86_64/getPackage/NULL/e8b9c1d1949edf3caaf86ca1d50c611a1e22586a4fa8234e40f79ac52332039c/libisoburn1-1.5.6-150600.1.6.x86_64.rpm?eyJhbGciOiJIUzI1NiJ9.eyJqdGkiOiJmSVd4RjBhNmc0TjJXcmRrckkwRERBIiwiZXhwIjoxODEzMDQzODAzLCJpYXQiOjE3ODE1MDc4MDMsIm5iZiI6MTc4MTUwNzY4Mywib3JnIjoxLCJvbmx5Q2hhbm5lbHMiOlsic2xlLW1vZHVsZS1iYXNlc3lzdGVtMTUtc3A3LXBvb2wteDg2XzY0Il19.Ek8YbeJkeLWO2xz_EBYlMRbfuzXhbvnxpBo2ezMxhjw HTTP/1.1" 200 -
172.16.3.5 - - [15/Jun/2026:09:18:57 +0200] "GET /rhn/manager/api/auth/logout HTTP/1.1" 200 42
172.16.3.7 - - [15/Jun/2026:09:18:57 +0200] "GET /rhn/manager/download/sle-module-basesystem15-sp7-pool-x86_64/getPackage/NULL/e8b9c1d1949edf3caaf86ca1d50c611a1e22586a4fa8234e40f79ac52332039c/libisoburn1-1.5.6-150600.1.6.x86_64.rpm?eyJhbGciOiJIUzI1NiJ9.eyJqdGkiOiJmSVd4RjBhNmc0TjJXcmRrckkwRERBIiwiZXhwIjoxODEzMDQzODAzLCJpYXQiOjE3ODE1MDc4MDMsIm5iZiI6MTc4MTUwNzY4Mywib3JnIjoxLCJvbmx5Q2hhbm5lbHMiOlsic2xlLW1vZHVsZS1iYXNlc3lzdGVtMTUtc3A3LXBvb2wteDg2XzY0Il19.Ek8YbeJkeLWO2xz_EBYlMRbfuzXhbvnxpBo2ezMxhjw HTTP/1.1" 200 398212
172.16.3.5 - - [15/Jun/2026:09:18:41 +0200] "GET /rhn/websocket/notifications HTTP/1.1" 101 -
172.16.3.7 - - [15/Jun/2026:09:18:57 +0200] "HEAD /rhn/manager/download/sle-module-basesystem15-sp7-pool-x86_64/getPackage/NULL/07abaa531b0b0c4de28e2341e44ae8b71f34b4b4f997fa736d6b3910e758b243/javapackages-tools-6.3.4-150200.3.15.1.x86_64.rpm?eyJhbGciOiJIUzI1NiJ9.eyJqdGkiOiJmSVd4RjBhNmc0TjJXcmRrckkwRERBIiwiZXhwIjoxODEzMDQzODAzLCJpYXQiOjE3ODE1MDc4MDMsIm5iZiI6MTc4MTUwNzY4Mywib3JnIjoxLCJvbmx5Q2hhbm5lbHMiOlsic2xlLW1vZHVsZS1iYXNlc3lzdGVtMTUtc3A3LXBvb2wteDg2XzY0Il19.Ek8YbeJkeLWO2xz_EBYlMRbfuzXhbvnxpBo2ezMxhjw HTTP/1.1" 200 -
172.16.3.7 - - [15/Jun/2026:09:18:57 +0200] "GET /rhn/manager/download/sle-module-basesystem15-sp7-pool-x86_64/getPackage/NULL/07abaa531b0b0c4de28e2341e44ae8b71f34b4b4f997fa736d6b3910e758b243/javapackages-tools-6.3.4-150200.3.15.1.x86_64.rpm?eyJhbGciOiJIUzI1NiJ9.eyJqdGkiOiJmSVd4RjBhNmc0TjJXcmRrckkwRERBIiwiZXhwIjoxODEzMDQzODAzLCJpYXQiOjE3ODE1MDc4MDMsIm5iZiI6MTc4MTUwNzY4Mywib3JnIjoxLCJvbmx5Q2hhbm5lbHMiOlsic2xlLW1vZHVsZS1iYXNlc3lzdGVtMTUtc3A3LXBvb2wteDg2XzY0Il19.Ek8YbeJkeLWO2xz_EBYlMRbfuzXhbvnxpBo2ezMxhjw HTTP/1.1" 200 44828
172.16.3.7 - - [15/Jun/2026:09:18:57 +0200] "HEAD /rhn/manager/download/sle-module-basesystem15-sp7-pool-x86_64/getPackage/NULL/c26dc3f61181a851b9765347c1acddb3075e4ff675f7dedd9f2422433b3b73e5/xkeyboard-config-lang-2.42-150700.1.1.noarch.rpm?eyJhbGciOiJIUzI1NiJ9.eyJqdGkiOiJmSVd4RjBhNmc0TjJXcmRrckkwRERBIiwiZXhwIjoxODEzMDQzODAzLCJpYXQiOjE3ODE1MDc4MDMsIm5iZiI6MTc4MTUwNzY4Mywib3JnIjoxLCJvbmx5Q2hhbm5lbHMiOlsic2xlLW1vZHVsZS1iYXNlc3lzdGVtMTUtc3A3LXBvb2wteDg2XzY0Il19.Ek8YbeJkeLWO2xz_EBYlMRbfuzXhbvnxpBo2ezMxhjw HTTP/1.1" 200 -
172.16.3.7 - - [15/Jun/2026:09:18:57 +0200] "GET /rhn/manager/download/sle-module-basesystem15-sp7-pool-x86_64/getPackage/NULL/c26dc3f61181a851b9765347c1acddb3075e4ff675f7dedd9f2422433b3b73e5/xkeyboard-config-lang-2.42-150700.1.1.noarch.rpm?eyJhbGciOiJIUzI1NiJ9.eyJqdGkiOiJmSVd4RjBhNmc0TjJXcmRrckkwRERBIiwiZXhwIjoxODEzMDQzODAzLCJpYXQiOjE3ODE1MDc4MDMsIm5iZiI6MTc4MTUwNzY4Mywib3JnIjoxLCJvbmx5Q2hhbm5lbHMiOlsic2xlLW1vZHVsZS1iYXNlc3lzdGVtMTUtc3A3LXBvb2wteDg2XzY0Il19.Ek8YbeJkeLWO2xz_EBYlMRbfuzXhbvnxpBo2ezMxhjw HTTP/1.1" 200 421748
172.16.3.7 - - [15/Jun/2026:09:18:57 +0200] "HEAD /rhn/manager/download/sle-module-basesystem15-sp7-pool-x86_64/getPackage/NULL/aeb895d4f8173ba7e0da6e9b4e57b49d6cb90dd57572d1b958665fe9ad6ce859/libxkbcommon0-1.5.0-150600.3.3.1.x86_64.rpm?eyJhbGciOiJIUzI1NiJ9.eyJqdGkiOiJmSVd4RjBhNmc0TjJXcmRrckkwRERBIiwiZXhwIjoxODEzMDQzODAzLCJpYXQiOjE3ODE1MDc4MDMsIm5iZiI6MTc4MTUwNzY4Mywib3JnIjoxLCJvbmx5Q2hhbm5lbHMiOlsic2xlLW1vZHVsZS1iYXNlc3lzdGVtMTUtc3A3LXBvb2wteDg2XzY0Il19.Ek8YbeJkeLWO2xz_EBYlMRbfuzXhbvnxpBo2ezMxhjw HTTP/1.1" 200 -
172.16.3.5 - - [15/Jun/2026:09:18:57 +0200] "GET /rhn/systems/details/Overview.do?sid=1000010005 HTTP/1.1" 200 6781
172.16.3.5 - - [15/Jun/2026:09:18:55 +0200] "GET /rhn/websocket/notifications HTTP/1.1" 101 -
172.16.3.5 - - [15/Jun/2026:09:18:57 +0200] "POST /rhn/manager/frontend-log HTTP/1.1" 200 42
172.16.3.7 - - [15/Jun/2026:09:18:57 +0200] "GET /rhn/manager/download/sle-module-basesystem15-sp7-pool-x86_64/getPackage/NULL/aeb895d4f8173ba7e0da6e9b4e57b49d6cb90dd57572d1b958665fe9ad6ce859/libxkbcommon0-1.5.0-150600.3.3.1.x86_64.rpm?eyJhbGciOiJIUzI1NiJ9.eyJqdGkiOiJmSVd4RjBhNmc0TjJXcmRrckkwRERBIiwiZXhwIjoxODEzMDQzODAzLCJpYXQiOjE3ODE1MDc4MDMsIm5iZiI6MTc4MTUwNzY4Mywib3JnIjoxLCJvbmx5Q2hhbm5lbHMiOlsic2xlLW1vZHVsZS1iYXNlc3lzdGVtMTUtc3A3LXBvb2wteDg2XzY0Il19.Ek8YbeJkeLWO2xz_EBYlMRbfuzXhbvnxpBo2ezMxhjw HTTP/1.1" 200 122068
172.16.3.7 - - [15/Jun/2026:09:18:58 +0200] "HEAD /rhn/manager/download/sle-module-basesystem15-sp7-pool-x86_64/getPackage/NULL/b8eba9e9deb667e95fb25b50b0e98df1ac01e8b4a891a79e509f3c22057d80fa/xorriso-1.5.6-150600.1.6.x86_64.rpm?eyJhbGciOiJIUzI1NiJ9.eyJqdGkiOiJmSVd4RjBhNmc0TjJXcmRrckkwRERBIiwiZXhwIjoxODEzMDQzODAzLCJpYXQiOjE3ODE1MDc4MDMsIm5iZiI6MTc4MTUwNzY4Mywib3JnIjoxLCJvbmx5Q2hhbm5lbHMiOlsic2xlLW1vZHVsZS1iYXNlc3lzdGVtMTUtc3A3LXBvb2wteDg2XzY0Il19.Ek8YbeJkeLWO2xz_EBYlMRbfuzXhbvnxpBo2ezMxhjw HTTP/1.1" 200 -
172.16.3.5 - - [15/Jun/2026:09:18:58 +0200] "POST /rhn/manager/frontend-log HTTP/1.1" 200 42
172.16.3.7 - - [15/Jun/2026:09:18:58 +0200] "GET /rhn/manager/download/sle-module-basesystem15-sp7-pool-x86_64/getPackage/NULL/b8eba9e9deb667e95fb25b50b0e98df1ac01e8b4a891a79e509f3c22057d80fa/xorriso-1.5.6-150600.1.6.x86_64.rpm?eyJhbGciOiJIUzI1NiJ9.eyJqdGkiOiJmSVd4RjBhNmc0TjJXcmRrckkwRERBIiwiZXhwIjoxODEzMDQzODAzLCJpYXQiOjE3ODE1MDc4MDMsIm5iZiI6MTc4MTUwNzY4Mywib3JnIjoxLCJvbmx5Q2hhbm5lbHMiOlsic2xlLW1vZHVsZS1iYXNlc3lzdGVtMTUtc3A3LXBvb2wteDg2XzY0Il19.Ek8YbeJkeLWO2xz_EBYlMRbfuzXhbvnxpBo2ezMxhjw HTTP/1.1" 200 357704
