172.16.3.7 - - [13/Jun/2026:11:58:18 +0200] "HEAD /rhn/manager/download/sle-module-desktop-applications15-sp7-updates-x86_64/media.1/media?eyJhbGciOiJIUzI1NiJ9.eyJqdGkiOiJwNlN6UUJPNFprS2hKblhNc2UwZ2ZnIiwiZXhwIjoxODEyODgwNjgzLCJpYXQiOjE3ODEzNDQ2ODMsIm5iZiI6MTc4MTM0NDU2Mywib3JnIjoxLCJvbmx5Q2hhbm5lbHMiOlsic2xlLW1vZHVsZS1kZXNrdG9wLWFwcGxpY2F0aW9uczE1LXNwNy11cGRhdGVzLXg4Nl82NCJdfQ.z2xK8ABusYJKyCprSFsOda9C_TPoZNoPH4VULe4iM3U HTTP/1.1" 404 -
172.16.3.5 - - [13/Jun/2026:11:58:18 +0200] "POST /rhn/manager/api/sets/system_list HTTP/1.1" 200 27
172.16.3.5 - - [13/Jun/2026:11:58:18 +0200] "GET /rhn/systems/details/history/Event.do?sid=1000010002&aid=11 HTTP/1.1" 200 7754
172.16.3.7 - - [13/Jun/2026:11:58:19 +0200] "HEAD /rhn/manager/download/sle-module-desktop-applications15-sp7-updates-x86_64/repodata/repomd.xml?eyJhbGciOiJIUzI1NiJ9.eyJqdGkiOiJwNlN6UUJPNFprS2hKblhNc2UwZ2ZnIiwiZXhwIjoxODEyODgwNjgzLCJpYXQiOjE3ODEzNDQ2ODMsIm5iZiI6MTc4MTM0NDU2Mywib3JnIjoxLCJvbmx5Q2hhbm5lbHMiOlsic2xlLW1vZHVsZS1kZXNrdG9wLWFwcGxpY2F0aW9uczE1LXNwNy11cGRhdGVzLXg4Nl82NCJdfQ.z2xK8ABusYJKyCprSFsOda9C_TPoZNoPH4VULe4iM3U HTTP/1.1" 200 -
172.16.3.5 - - [13/Jun/2026:11:58:18 +0200] "GET /rhn/systems/details/history/Pending.do?sid=1000010003& HTTP/1.1" 200 6911
172.16.3.7 - - [13/Jun/2026:11:58:19 +0200] "GET /rhn/manager/download/sle-module-desktop-applications15-sp7-updates-x86_64/repodata/repomd.xml?eyJhbGciOiJIUzI1NiJ9.eyJqdGkiOiJwNlN6UUJPNFprS2hKblhNc2UwZ2ZnIiwiZXhwIjoxODEyODgwNjgzLCJpYXQiOjE3ODEzNDQ2ODMsIm5iZiI6MTc4MTM0NDU2Mywib3JnIjoxLCJvbmx5Q2hhbm5lbHMiOlsic2xlLW1vZHVsZS1kZXNrdG9wLWFwcGxpY2F0aW9uczE1LXNwNy11cGRhdGVzLXg4Nl82NCJdfQ.z2xK8ABusYJKyCprSFsOda9C_TPoZNoPH4VULe4iM3U HTTP/1.1" 200 1987
172.16.3.5 - - [13/Jun/2026:11:58:19 +0200] "GET /img/favicon.ico?q=0.8812866674905355 HTTP/1.1" 200 1150
172.16.3.5 - - [13/Jun/2026:11:58:19 +0200] "GET /img/favicon.ico?q=0.996300962446865 HTTP/1.1" 200 1150
172.16.3.7 - - [13/Jun/2026:11:58:19 +0200] "HEAD /rhn/manager/download/sle-module-desktop-applications15-sp7-updates-x86_64/repodata/repomd.xml.asc?eyJhbGciOiJIUzI1NiJ9.eyJqdGkiOiJwNlN6UUJPNFprS2hKblhNc2UwZ2ZnIiwiZXhwIjoxODEyODgwNjgzLCJpYXQiOjE3ODEzNDQ2ODMsIm5iZiI6MTc4MTM0NDU2Mywib3JnIjoxLCJvbmx5Q2hhbm5lbHMiOlsic2xlLW1vZHVsZS1kZXNrdG9wLWFwcGxpY2F0aW9uczE1LXNwNy11cGRhdGVzLXg4Nl82NCJdfQ.z2xK8ABusYJKyCprSFsOda9C_TPoZNoPH4VULe4iM3U HTTP/1.1" 404 -
172.16.3.5 - - [13/Jun/2026:11:58:19 +0200] "POST /rhn/manager/frontend-log HTTP/1.1" 200 42
172.16.3.5 - - [13/Jun/2026:11:58:19 +0200] "POST /rhn/manager/frontend-log HTTP/1.1" 200 42
172.16.3.7 - - [13/Jun/2026:11:58:19 +0200] "HEAD /rhn/manager/download/sle-module-desktop-applications15-sp7-updates-x86_64/repodata/18ab0b244d3bf9bae3ca1001d5f8fd1132dbf578cab89ffcbce6df78421b9123-primary.xml.gz?eyJhbGciOiJIUzI1NiJ9.eyJqdGkiOiJwNlN6UUJPNFprS2hKblhNc2UwZ2ZnIiwiZXhwIjoxODEyODgwNjgzLCJpYXQiOjE3ODEzNDQ2ODMsIm5iZiI6MTc4MTM0NDU2Mywib3JnIjoxLCJvbmx5Q2hhbm5lbHMiOlsic2xlLW1vZHVsZS1kZXNrdG9wLWFwcGxpY2F0aW9uczE1LXNwNy11cGRhdGVzLXg4Nl82NCJdfQ.z2xK8ABusYJKyCprSFsOda9C_TPoZNoPH4VULe4iM3U HTTP/1.1" 200 -
172.16.3.7 - - [13/Jun/2026:11:58:19 +0200] "GET /rhn/manager/download/sle-module-desktop-applications15-sp7-updates-x86_64/repodata/18ab0b244d3bf9bae3ca1001d5f8fd1132dbf578cab89ffcbce6df78421b9123-primary.xml.gz?eyJhbGciOiJIUzI1NiJ9.eyJqdGkiOiJwNlN6UUJPNFprS2hKblhNc2UwZ2ZnIiwiZXhwIjoxODEyODgwNjgzLCJpYXQiOjE3ODEzNDQ2ODMsIm5iZiI6MTc4MTM0NDU2Mywib3JnIjoxLCJvbmx5Q2hhbm5lbHMiOlsic2xlLW1vZHVsZS1kZXNrdG9wLWFwcGxpY2F0aW9uczE1LXNwNy11cGRhdGVzLXg4Nl82NCJdfQ.z2xK8ABusYJKyCprSFsOda9C_TPoZNoPH4VULe4iM3U HTTP/1.1" 200 220105
172.16.3.5 - - [13/Jun/2026:11:58:19 +0200] "GET /rhn/websocket/notifications HTTP/1.1" 101 -
172.16.3.7 - - [13/Jun/2026:11:58:20 +0200] "HEAD /rhn/manager/download/sle-module-desktop-applications15-sp7-updates-x86_64/repodata/24dec17f523373f3eaff74c4c165feeb358fc2f74c11308724b795f086ed7d64-susedata.xml.gz?eyJhbGciOiJIUzI1NiJ9.eyJqdGkiOiJwNlN6UUJPNFprS2hKblhNc2UwZ2ZnIiwiZXhwIjoxODEyODgwNjgzLCJpYXQiOjE3ODEzNDQ2ODMsIm5iZiI6MTc4MTM0NDU2Mywib3JnIjoxLCJvbmx5Q2hhbm5lbHMiOlsic2xlLW1vZHVsZS1kZXNrdG9wLWFwcGxpY2F0aW9uczE1LXNwNy11cGRhdGVzLXg4Nl82NCJdfQ.z2xK8ABusYJKyCprSFsOda9C_TPoZNoPH4VULe4iM3U HTTP/1.1" 200 -
172.16.3.5 - - [13/Jun/2026:11:58:19 +0200] "GET /rhn/systems/details/history/Pending.do?sid=1000010002& HTTP/1.1" 200 6901
172.16.3.5 - - [13/Jun/2026:11:58:20 +0200] "GET /img/favicon.ico?q=0.36710088851489553 HTTP/1.1" 200 1150
172.16.3.7 - - [13/Jun/2026:11:58:20 +0200] "GET /rhn/manager/download/sle-module-desktop-applications15-sp7-updates-x86_64/repodata/24dec17f523373f3eaff74c4c165feeb358fc2f74c11308724b795f086ed7d64-susedata.xml.gz?eyJhbGciOiJIUzI1NiJ9.eyJqdGkiOiJwNlN6UUJPNFprS2hKblhNc2UwZ2ZnIiwiZXhwIjoxODEyODgwNjgzLCJpYXQiOjE3ODEzNDQ2ODMsIm5iZiI6MTc4MTM0NDU2Mywib3JnIjoxLCJvbmx5Q2hhbm5lbHMiOlsic2xlLW1vZHVsZS1kZXNrdG9wLWFwcGxpY2F0aW9uczE1LXNwNy11cGRhdGVzLXg4Nl82NCJdfQ.z2xK8ABusYJKyCprSFsOda9C_TPoZNoPH4VULe4iM3U HTTP/1.1" 200 24732
172.16.3.5 - - [13/Jun/2026:11:58:10 +0200] "GET /rhn/websocket/notifications HTTP/1.1" 101 -
172.16.3.5 - - [13/Jun/2026:11:58:20 +0200] "POST /rhn/manager/frontend-log HTTP/1.1" 200 42
172.16.3.7 - - [13/Jun/2026:11:58:20 +0200] "HEAD /rhn/manager/download/sle-module-desktop-applications15-sp7-updates-x86_64/repodata/441f086dd7d5c5690de7d369a57e1ccdfc459a6062d601faa68391a90d05d2e5-updateinfo.xml.gz?eyJhbGciOiJIUzI1NiJ9.eyJqdGkiOiJwNlN6UUJPNFprS2hKblhNc2UwZ2ZnIiwiZXhwIjoxODEyODgwNjgzLCJpYXQiOjE3ODEzNDQ2ODMsIm5iZiI6MTc4MTM0NDU2Mywib3JnIjoxLCJvbmx5Q2hhbm5lbHMiOlsic2xlLW1vZHVsZS1kZXNrdG9wLWFwcGxpY2F0aW9uczE1LXNwNy11cGRhdGVzLXg4Nl82NCJdfQ.z2xK8ABusYJKyCprSFsOda9C_TPoZNoPH4VULe4iM3U HTTP/1.1" 200 -
172.16.3.7 - - [13/Jun/2026:11:58:21 +0200] "GET /rhn/manager/download/sle-module-desktop-applications15-sp7-updates-x86_64/repodata/441f086dd7d5c5690de7d369a57e1ccdfc459a6062d601faa68391a90d05d2e5-updateinfo.xml.gz?eyJhbGciOiJIUzI1NiJ9.eyJqdGkiOiJwNlN6UUJPNFprS2hKblhNc2UwZ2ZnIiwiZXhwIjoxODEyODgwNjgzLCJpYXQiOjE3ODEzNDQ2ODMsIm5iZiI6MTc4MTM0NDU2Mywib3JnIjoxLCJvbmx5Q2hhbm5lbHMiOlsic2xlLW1vZHVsZS1kZXNrdG9wLWFwcGxpY2F0aW9uczE1LXNwNy11cGRhdGVzLXg4Nl82NCJdfQ.z2xK8ABusYJKyCprSFsOda9C_TPoZNoPH4VULe4iM3U HTTP/1.1" 200 69224
172.16.3.5 - - [13/Jun/2026:11:58:20 +0200] "GET /rhn/manager/systems/list/all HTTP/1.1" 200 5370
172.16.3.5 - - [13/Jun/2026:11:58:21 +0200] "GET /img/favicon.ico?q=0.20695560635690546 HTTP/1.1" 200 1150
172.16.3.5 - - [13/Jun/2026:11:58:21 +0200] "POST /rhn/manager/frontend-log HTTP/1.1" 200 42
172.16.3.5 - - [13/Jun/2026:11:58:20 +0200] "GET /rhn/systems/details/history/Pending.do?sid=1000010002& HTTP/1.1" 200 6902
172.16.3.5 - - [13/Jun/2026:11:58:21 +0200] "GET /img/favicon.ico?q=0.791672280909958 HTTP/1.1" 200 1150
172.16.3.5 - - [13/Jun/2026:11:58:21 +0200] "POST /rhn/manager/frontend-log HTTP/1.1" 200 42
172.16.3.7 - - [13/Jun/2026:11:58:21 +0200] "HEAD /rhn/manager/download/sle-module-devtools15-sp7-pool-x86_64/repodata/repomd.xml?eyJhbGciOiJIUzI1NiJ9.eyJqdGkiOiJEWThBdjh0NHdERjN1NzJmUGhXY2dBIiwiZXhwIjoxODEyODgwNjgzLCJpYXQiOjE3ODEzNDQ2ODMsIm5iZiI6MTc4MTM0NDU2Mywib3JnIjoxLCJvbmx5Q2hhbm5lbHMiOlsic2xlLW1vZHVsZS1kZXZ0b29sczE1LXNwNy1wb29sLXg4Nl82NCJdfQ.VUOHeQbpDYNsCkF0eXZetgDBsj0nmmKGNHH8a2PVZ00 HTTP/1.1" 200 -
172.16.3.7 - - [13/Jun/2026:11:58:21 +0200] "HEAD /rhn/manager/download/sle-module-devtools15-sp7-pool-x86_64/media.1/media?eyJhbGciOiJIUzI1NiJ9.eyJqdGkiOiJEWThBdjh0NHdERjN1NzJmUGhXY2dBIiwiZXhwIjoxODEyODgwNjgzLCJpYXQiOjE3ODEzNDQ2ODMsIm5iZiI6MTc4MTM0NDU2Mywib3JnIjoxLCJvbmx5Q2hhbm5lbHMiOlsic2xlLW1vZHVsZS1kZXZ0b29sczE1LXNwNy1wb29sLXg4Nl82NCJdfQ.VUOHeQbpDYNsCkF0eXZetgDBsj0nmmKGNHH8a2PVZ00 HTTP/1.1" 404 -
172.16.3.5 - - [13/Jun/2026:11:58:21 +0200] "GET /rhn/manager/api/systems/list/all?p=1&ps=100&s=1&sc=server_name HTTP/1.1" 200 658
172.16.3.5 - - [13/Jun/2026:11:58:22 +0200] "POST /rhn/manager/api/sets/system_list HTTP/1.1" 200 27
172.16.3.7 - - [13/Jun/2026:11:58:22 +0200] "HEAD /rhn/manager/download/sle-module-devtools15-sp7-pool-x86_64/repodata/repomd.xml?eyJhbGciOiJIUzI1NiJ9.eyJqdGkiOiJEWThBdjh0NHdERjN1NzJmUGhXY2dBIiwiZXhwIjoxODEyODgwNjgzLCJpYXQiOjE3ODEzNDQ2ODMsIm5iZiI6MTc4MTM0NDU2Mywib3JnIjoxLCJvbmx5Q2hhbm5lbHMiOlsic2xlLW1vZHVsZS1kZXZ0b29sczE1LXNwNy1wb29sLXg4Nl82NCJdfQ.VUOHeQbpDYNsCkF0eXZetgDBsj0nmmKGNHH8a2PVZ00 HTTP/1.1" 200 -
172.16.3.5 - - [13/Jun/2026:11:58:21 +0200] "GET /rhn/websocket/notifications HTTP/1.1" 101 -
172.16.3.7 - - [13/Jun/2026:11:58:22 +0200] "GET /rhn/manager/download/sle-module-devtools15-sp7-pool-x86_64/repodata/repomd.xml?eyJhbGciOiJIUzI1NiJ9.eyJqdGkiOiJEWThBdjh0NHdERjN1NzJmUGhXY2dBIiwiZXhwIjoxODEyODgwNjgzLCJpYXQiOjE3ODEzNDQ2ODMsIm5iZiI6MTc4MTM0NDU2Mywib3JnIjoxLCJvbmx5Q2hhbm5lbHMiOlsic2xlLW1vZHVsZS1kZXZ0b29sczE1LXNwNy1wb29sLXg4Nl82NCJdfQ.VUOHeQbpDYNsCkF0eXZetgDBsj0nmmKGNHH8a2PVZ00 HTTP/1.1" 200 1605
172.16.3.7 - - [13/Jun/2026:11:58:22 +0200] "HEAD /rhn/manager/download/sle-module-devtools15-sp7-pool-x86_64/repodata/repomd.xml.asc?eyJhbGciOiJIUzI1NiJ9.eyJqdGkiOiJEWThBdjh0NHdERjN1NzJmUGhXY2dBIiwiZXhwIjoxODEyODgwNjgzLCJpYXQiOjE3ODEzNDQ2ODMsIm5iZiI6MTc4MTM0NDU2Mywib3JnIjoxLCJvbmx5Q2hhbm5lbHMiOlsic2xlLW1vZHVsZS1kZXZ0b29sczE1LXNwNy1wb29sLXg4Nl82NCJdfQ.VUOHeQbpDYNsCkF0eXZetgDBsj0nmmKGNHH8a2PVZ00 HTTP/1.1" 404 -
172.16.3.7 - - [13/Jun/2026:11:58:23 +0200] "HEAD /rhn/manager/download/sle-module-devtools15-sp7-pool-x86_64/repodata/e347390957776685a624a69809f3550ee0f776025f9f73feaf9b400bcad1d969-primary.xml.gz?eyJhbGciOiJIUzI1NiJ9.eyJqdGkiOiJEWThBdjh0NHdERjN1NzJmUGhXY2dBIiwiZXhwIjoxODEyODgwNjgzLCJpYXQiOjE3ODEzNDQ2ODMsIm5iZiI6MTc4MTM0NDU2Mywib3JnIjoxLCJvbmx5Q2hhbm5lbHMiOlsic2xlLW1vZHVsZS1kZXZ0b29sczE1LXNwNy1wb29sLXg4Nl82NCJdfQ.VUOHeQbpDYNsCkF0eXZetgDBsj0nmmKGNHH8a2PVZ00 HTTP/1.1" 200 -
172.16.3.7 - - [13/Jun/2026:11:58:23 +0200] "GET /rhn/manager/download/sle-module-devtools15-sp7-pool-x86_64/repodata/e347390957776685a624a69809f3550ee0f776025f9f73feaf9b400bcad1d969-primary.xml.gz?eyJhbGciOiJIUzI1NiJ9.eyJqdGkiOiJEWThBdjh0NHdERjN1NzJmUGhXY2dBIiwiZXhwIjoxODEyODgwNjgzLCJpYXQiOjE3ODEzNDQ2ODMsIm5iZiI6MTc4MTM0NDU2Mywib3JnIjoxLCJvbmx5Q2hhbm5lbHMiOlsic2xlLW1vZHVsZS1kZXZ0b29sczE1LXNwNy1wb29sLXg4Nl82NCJdfQ.VUOHeQbpDYNsCkF0eXZetgDBsj0nmmKGNHH8a2PVZ00 HTTP/1.1" 200 399464
172.16.3.7 - - [13/Jun/2026:11:58:23 +0200] "HEAD /rhn/manager/download/sle-module-devtools15-sp7-pool-x86_64/repodata/22d4fe698b36b89c7ffcfe2605644cc257308745627985babe3d07c19b056bdb-susedata.xml.gz?eyJhbGciOiJIUzI1NiJ9.eyJqdGkiOiJEWThBdjh0NHdERjN1NzJmUGhXY2dBIiwiZXhwIjoxODEyODgwNjgzLCJpYXQiOjE3ODEzNDQ2ODMsIm5iZiI6MTc4MTM0NDU2Mywib3JnIjoxLCJvbmx5Q2hhbm5lbHMiOlsic2xlLW1vZHVsZS1kZXZ0b29sczE1LXNwNy1wb29sLXg4Nl82NCJdfQ.VUOHeQbpDYNsCkF0eXZetgDBsj0nmmKGNHH8a2PVZ00 HTTP/1.1" 200 -
172.16.3.5 - - [13/Jun/2026:11:58:22 +0200] "GET /rhn/systems/details/Overview.do?sid=1000010001 HTTP/1.1" 200 6890
172.16.3.5 - - [13/Jun/2026:11:58:23 +0200] "GET /img/favicon.ico?q=0.6567106992483737 HTTP/1.1" 200 1150
172.16.3.7 - - [13/Jun/2026:11:58:23 +0200] "GET /rhn/manager/download/sle-module-devtools15-sp7-pool-x86_64/repodata/22d4fe698b36b89c7ffcfe2605644cc257308745627985babe3d07c19b056bdb-susedata.xml.gz?eyJhbGciOiJIUzI1NiJ9.eyJqdGkiOiJEWThBdjh0NHdERjN1NzJmUGhXY2dBIiwiZXhwIjoxODEyODgwNjgzLCJpYXQiOjE3ODEzNDQ2ODMsIm5iZiI6MTc4MTM0NDU2Mywib3JnIjoxLCJvbmx5Q2hhbm5lbHMiOlsic2xlLW1vZHVsZS1kZXZ0b29sczE1LXNwNy1wb29sLXg4Nl82NCJdfQ.VUOHeQbpDYNsCkF0eXZetgDBsj0nmmKGNHH8a2PVZ00 HTTP/1.1" 200 44903
172.16.3.5 - - [13/Jun/2026:11:58:23 +0200] "POST /rhn/manager/frontend-log HTTP/1.1" 200 42
172.16.3.7 - - [13/Jun/2026:11:58:23 +0200] "HEAD /rhn/manager/download/sle-module-devtools15-sp7-updates-x86_64/repodata/repomd.xml?eyJhbGciOiJIUzI1NiJ9.eyJqdGkiOiJiUGtNTXpQekl2N1lmS2dxaE5OWmxRIiwiZXhwIjoxODEyODgwNjgzLCJpYXQiOjE3ODEzNDQ2ODMsIm5iZiI6MTc4MTM0NDU2Mywib3JnIjoxLCJvbmx5Q2hhbm5lbHMiOlsic2xlLW1vZHVsZS1kZXZ0b29sczE1LXNwNy11cGRhdGVzLXg4Nl82NCJdfQ.p1F5fmzjMszLTy08ujsCqn219uRcDfFB87F2INthMa8 HTTP/1.1" 200 -
172.16.3.7 - - [13/Jun/2026:11:58:23 +0200] "HEAD /rhn/manager/download/sle-module-devtools15-sp7-updates-x86_64/media.1/media?eyJhbGciOiJIUzI1NiJ9.eyJqdGkiOiJiUGtNTXpQekl2N1lmS2dxaE5OWmxRIiwiZXhwIjoxODEyODgwNjgzLCJpYXQiOjE3ODEzNDQ2ODMsIm5iZiI6MTc4MTM0NDU2Mywib3JnIjoxLCJvbmx5Q2hhbm5lbHMiOlsic2xlLW1vZHVsZS1kZXZ0b29sczE1LXNwNy11cGRhdGVzLXg4Nl82NCJdfQ.p1F5fmzjMszLTy08ujsCqn219uRcDfFB87F2INthMa8 HTTP/1.1" 404 -
172.16.3.7 - - [13/Jun/2026:11:58:23 +0200] "HEAD /rhn/manager/download/sle-module-devtools15-sp7-updates-x86_64/repodata/repomd.xml?eyJhbGciOiJIUzI1NiJ9.eyJqdGkiOiJiUGtNTXpQekl2N1lmS2dxaE5OWmxRIiwiZXhwIjoxODEyODgwNjgzLCJpYXQiOjE3ODEzNDQ2ODMsIm5iZiI6MTc4MTM0NDU2Mywib3JnIjoxLCJvbmx5Q2hhbm5lbHMiOlsic2xlLW1vZHVsZS1kZXZ0b29sczE1LXNwNy11cGRhdGVzLXg4Nl82NCJdfQ.p1F5fmzjMszLTy08ujsCqn219uRcDfFB87F2INthMa8 HTTP/1.1" 200 -
172.16.3.5 - - [13/Jun/2026:11:58:23 +0200] "GET /rhn/websocket/notifications HTTP/1.1" 101 -
172.16.3.7 - - [13/Jun/2026:11:58:23 +0200] "GET /rhn/manager/download/sle-module-devtools15-sp7-updates-x86_64/repodata/repomd.xml?eyJhbGciOiJIUzI1NiJ9.eyJqdGkiOiJiUGtNTXpQekl2N1lmS2dxaE5OWmxRIiwiZXhwIjoxODEyODgwNjgzLCJpYXQiOjE3ODEzNDQ2ODMsIm5iZiI6MTc4MTM0NDU2Mywib3JnIjoxLCJvbmx5Q2hhbm5lbHMiOlsic2xlLW1vZHVsZS1kZXZ0b29sczE1LXNwNy11cGRhdGVzLXg4Nl82NCJdfQ.p1F5fmzjMszLTy08ujsCqn219uRcDfFB87F2INthMa8 HTTP/1.1" 200 1987
172.16.3.7 - - [13/Jun/2026:11:58:24 +0200] "HEAD /rhn/manager/download/sle-module-devtools15-sp7-updates-x86_64/repodata/repomd.xml.asc?eyJhbGciOiJIUzI1NiJ9.eyJqdGkiOiJiUGtNTXpQekl2N1lmS2dxaE5OWmxRIiwiZXhwIjoxODEyODgwNjgzLCJpYXQiOjE3ODEzNDQ2ODMsIm5iZiI6MTc4MTM0NDU2Mywib3JnIjoxLCJvbmx5Q2hhbm5lbHMiOlsic2xlLW1vZHVsZS1kZXZ0b29sczE1LXNwNy11cGRhdGVzLXg4Nl82NCJdfQ.p1F5fmzjMszLTy08ujsCqn219uRcDfFB87F2INthMa8 HTTP/1.1" 404 -
172.16.3.7 - - [13/Jun/2026:11:58:24 +0200] "HEAD /rhn/manager/download/sle-module-devtools15-sp7-updates-x86_64/repodata/5dc11757de4a294bed3333be1c832f04c6f0a13c61ff2d7123de449bbfb076b0-primary.xml.gz?eyJhbGciOiJIUzI1NiJ9.eyJqdGkiOiJiUGtNTXpQekl2N1lmS2dxaE5OWmxRIiwiZXhwIjoxODEyODgwNjgzLCJpYXQiOjE3ODEzNDQ2ODMsIm5iZiI6MTc4MTM0NDU2Mywib3JnIjoxLCJvbmx5Q2hhbm5lbHMiOlsic2xlLW1vZHVsZS1kZXZ0b29sczE1LXNwNy11cGRhdGVzLXg4Nl82NCJdfQ.p1F5fmzjMszLTy08ujsCqn219uRcDfFB87F2INthMa8 HTTP/1.1" 200 -
172.16.3.5 - - [13/Jun/2026:11:58:23 +0200] "GET /rhn/systems/details/history/Pending.do?sid=1000010001& HTTP/1.1" 200 6913
172.16.3.5 - - [13/Jun/2026:11:58:24 +0200] "GET /img/favicon.ico?q=0.24917611626169567 HTTP/1.1" 200 1150
172.16.3.7 - - [13/Jun/2026:11:58:24 +0200] "GET /rhn/manager/download/sle-module-devtools15-sp7-updates-x86_64/repodata/5dc11757de4a294bed3333be1c832f04c6f0a13c61ff2d7123de449bbfb076b0-primary.xml.gz?eyJhbGciOiJIUzI1NiJ9.eyJqdGkiOiJiUGtNTXpQekl2N1lmS2dxaE5OWmxRIiwiZXhwIjoxODEyODgwNjgzLCJpYXQiOjE3ODEzNDQ2ODMsIm5iZiI6MTc4MTM0NDU2Mywib3JnIjoxLCJvbmx5Q2hhbm5lbHMiOlsic2xlLW1vZHVsZS1kZXZ0b29sczE1LXNwNy11cGRhdGVzLXg4Nl82NCJdfQ.p1F5fmzjMszLTy08ujsCqn219uRcDfFB87F2INthMa8 HTTP/1.1" 200 292830
172.16.3.5 - - [13/Jun/2026:11:58:24 +0200] "POST /rhn/manager/frontend-log HTTP/1.1" 200 42
172.16.3.7 - - [13/Jun/2026:11:58:24 +0200] "HEAD /rhn/manager/download/sle-module-devtools15-sp7-updates-x86_64/repodata/2ce6ce95e4322dd78531f15ed290a24bdb1169526f6ad751b909f0348a9ceb3d-susedata.xml.gz?eyJhbGciOiJIUzI1NiJ9.eyJqdGkiOiJiUGtNTXpQekl2N1lmS2dxaE5OWmxRIiwiZXhwIjoxODEyODgwNjgzLCJpYXQiOjE3ODEzNDQ2ODMsIm5iZiI6MTc4MTM0NDU2Mywib3JnIjoxLCJvbmx5Q2hhbm5lbHMiOlsic2xlLW1vZHVsZS1kZXZ0b29sczE1LXNwNy11cGRhdGVzLXg4Nl82NCJdfQ.p1F5fmzjMszLTy08ujsCqn219uRcDfFB87F2INthMa8 HTTP/1.1" 200 -
172.16.3.7 - - [13/Jun/2026:11:58:24 +0200] "GET /rhn/manager/download/sle-module-devtools15-sp7-updates-x86_64/repodata/2ce6ce95e4322dd78531f15ed290a24bdb1169526f6ad751b909f0348a9ceb3d-susedata.xml.gz?eyJhbGciOiJIUzI1NiJ9.eyJqdGkiOiJiUGtNTXpQekl2N1lmS2dxaE5OWmxRIiwiZXhwIjoxODEyODgwNjgzLCJpYXQiOjE3ODEzNDQ2ODMsIm5iZiI6MTc4MTM0NDU2Mywib3JnIjoxLCJvbmx5Q2hhbm5lbHMiOlsic2xlLW1vZHVsZS1kZXZ0b29sczE1LXNwNy11cGRhdGVzLXg4Nl82NCJdfQ.p1F5fmzjMszLTy08ujsCqn219uRcDfFB87F2INthMa8 HTTP/1.1" 200 28188
172.16.3.5 - - [13/Jun/2026:11:58:24 +0200] "GET /rhn/websocket/notifications HTTP/1.1" 101 -
172.16.3.7 - - [13/Jun/2026:11:58:24 +0200] "HEAD /rhn/manager/download/sle-module-devtools15-sp7-updates-x86_64/repodata/216de011464f24eed10add13809434f5e2c5c33c81ff3e40d3d235d1a918bab1-updateinfo.xml.gz?eyJhbGciOiJIUzI1NiJ9.eyJqdGkiOiJiUGtNTXpQekl2N1lmS2dxaE5OWmxRIiwiZXhwIjoxODEyODgwNjgzLCJpYXQiOjE3ODEzNDQ2ODMsIm5iZiI6MTc4MTM0NDU2Mywib3JnIjoxLCJvbmx5Q2hhbm5lbHMiOlsic2xlLW1vZHVsZS1kZXZ0b29sczE1LXNwNy11cGRhdGVzLXg4Nl82NCJdfQ.p1F5fmzjMszLTy08ujsCqn219uRcDfFB87F2INthMa8 HTTP/1.1" 200 -
172.16.3.7 - - [13/Jun/2026:11:58:24 +0200] "GET /rhn/manager/download/sle-module-devtools15-sp7-updates-x86_64/repodata/216de011464f24eed10add13809434f5e2c5c33c81ff3e40d3d235d1a918bab1-updateinfo.xml.gz?eyJhbGciOiJIUzI1NiJ9.eyJqdGkiOiJiUGtNTXpQekl2N1lmS2dxaE5OWmxRIiwiZXhwIjoxODEyODgwNjgzLCJpYXQiOjE3ODEzNDQ2ODMsIm5iZiI6MTc4MTM0NDU2Mywib3JnIjoxLCJvbmx5Q2hhbm5lbHMiOlsic2xlLW1vZHVsZS1kZXZ0b29sczE1LXNwNy11cGRhdGVzLXg4Nl82NCJdfQ.p1F5fmzjMszLTy08ujsCqn219uRcDfFB87F2INthMa8 HTTP/1.1" 200 267633
172.16.3.5 - - [13/Jun/2026:11:57:10 +0200] "POST /rhn/manager/api/systems/bootstrap-ssh HTTP/1.1" 200 53
172.16.3.5 - - [13/Jun/2026:11:58:24 +0200] "GET /rhn/systems/details/history/Pending.do?sid=1000010001& HTTP/1.1" 200 6913
172.16.3.5 - - [13/Jun/2026:11:58:25 +0200] "GET /img/favicon.ico?q=0.1901080492046998 HTTP/1.1" 200 1150
172.16.3.7 - - [13/Jun/2026:11:58:25 +0200] "HEAD /rhn/manager/download/sle-module-python3-15-sp7-pool-x86_64/repodata/repomd.xml?eyJhbGciOiJIUzI1NiJ9.eyJqdGkiOiJDYTB4UEpHNXBZNnNxdXZYYWlySFBnIiwiZXhwIjoxODEyODgwNjgzLCJpYXQiOjE3ODEzNDQ2ODMsIm5iZiI6MTc4MTM0NDU2Mywib3JnIjoxLCJvbmx5Q2hhbm5lbHMiOlsic2xlLW1vZHVsZS1weXRob24zLTE1LXNwNy1wb29sLXg4Nl82NCJdfQ.wFPIyBQYjhA-D5Av3B0OsC3H2m151ekHdDUmAkRoYEY HTTP/1.1" 200 -
172.16.3.5 - - [13/Jun/2026:11:58:25 +0200] "POST /rhn/manager/frontend-log HTTP/1.1" 200 42
172.16.3.7 - - [13/Jun/2026:11:58:25 +0200] "HEAD /rhn/manager/download/sle-module-python3-15-sp7-pool-x86_64/media.1/media?eyJhbGciOiJIUzI1NiJ9.eyJqdGkiOiJDYTB4UEpHNXBZNnNxdXZYYWlySFBnIiwiZXhwIjoxODEyODgwNjgzLCJpYXQiOjE3ODEzNDQ2ODMsIm5iZiI6MTc4MTM0NDU2Mywib3JnIjoxLCJvbmx5Q2hhbm5lbHMiOlsic2xlLW1vZHVsZS1weXRob24zLTE1LXNwNy1wb29sLXg4Nl82NCJdfQ.wFPIyBQYjhA-D5Av3B0OsC3H2m151ekHdDUmAkRoYEY HTTP/1.1" 404 -
172.16.3.7 - - [13/Jun/2026:11:58:25 +0200] "HEAD /rhn/manager/download/sle-module-python3-15-sp7-pool-x86_64/repodata/repomd.xml?eyJhbGciOiJIUzI1NiJ9.eyJqdGkiOiJDYTB4UEpHNXBZNnNxdXZYYWlySFBnIiwiZXhwIjoxODEyODgwNjgzLCJpYXQiOjE3ODEzNDQ2ODMsIm5iZiI6MTc4MTM0NDU2Mywib3JnIjoxLCJvbmx5Q2hhbm5lbHMiOlsic2xlLW1vZHVsZS1weXRob24zLTE1LXNwNy1wb29sLXg4Nl82NCJdfQ.wFPIyBQYjhA-D5Av3B0OsC3H2m151ekHdDUmAkRoYEY HTTP/1.1" 200 -
172.16.3.5 - - [13/Jun/2026:11:58:25 +0200] "GET /rhn/websocket/notifications HTTP/1.1" 101 -
172.16.3.5 - - [13/Jun/2026:11:57:06 +0200] "GET /rhn/websocket/notifications HTTP/1.1" 101 -
172.16.3.7 - - [13/Jun/2026:11:58:25 +0200] "GET /rhn/manager/download/sle-module-python3-15-sp7-pool-x86_64/repodata/repomd.xml?eyJhbGciOiJIUzI1NiJ9.eyJqdGkiOiJDYTB4UEpHNXBZNnNxdXZYYWlySFBnIiwiZXhwIjoxODEyODgwNjgzLCJpYXQiOjE3ODEzNDQ2ODMsIm5iZiI6MTc4MTM0NDU2Mywib3JnIjoxLCJvbmx5Q2hhbm5lbHMiOlsic2xlLW1vZHVsZS1weXRob24zLTE1LXNwNy1wb29sLXg4Nl82NCJdfQ.wFPIyBQYjhA-D5Av3B0OsC3H2m151ekHdDUmAkRoYEY HTTP/1.1" 200 1605
172.16.3.5 - - [13/Jun/2026:11:58:01 +0200] "GET /rhn/websocket/notifications HTTP/1.1" 101 -
172.16.3.7 - - [13/Jun/2026:11:58:25 +0200] "HEAD /rhn/manager/download/sle-module-python3-15-sp7-pool-x86_64/repodata/repomd.xml.asc?eyJhbGciOiJIUzI1NiJ9.eyJqdGkiOiJDYTB4UEpHNXBZNnNxdXZYYWlySFBnIiwiZXhwIjoxODEyODgwNjgzLCJpYXQiOjE3ODEzNDQ2ODMsIm5iZiI6MTc4MTM0NDU2Mywib3JnIjoxLCJvbmx5Q2hhbm5lbHMiOlsic2xlLW1vZHVsZS1weXRob24zLTE1LXNwNy1wb29sLXg4Nl82NCJdfQ.wFPIyBQYjhA-D5Av3B0OsC3H2m151ekHdDUmAkRoYEY HTTP/1.1" 404 -
172.16.3.5 - - [13/Jun/2026:11:58:25 +0200] "GET /rhn/manager/systems/list/all HTTP/1.1" 200 5368
172.16.3.5 - - [13/Jun/2026:11:58:25 +0200] "GET /rhn/systems/details/history/History.do?sid=1000010001& HTTP/1.1" 200 6828
172.16.3.5 - - [13/Jun/2026:11:58:25 +0200] "GET /img/favicon.ico?q=0.14700294620074272 HTTP/1.1" 200 1150
172.16.3.7 - - [13/Jun/2026:11:58:25 +0200] "HEAD /rhn/manager/download/sle-module-python3-15-sp7-pool-x86_64/repodata/0b57037eb075802142f042f81b61d5a94f621bcf88a3b542e081531ebcac5fb6-primary.xml.gz?eyJhbGciOiJIUzI1NiJ9.eyJqdGkiOiJDYTB4UEpHNXBZNnNxdXZYYWlySFBnIiwiZXhwIjoxODEyODgwNjgzLCJpYXQiOjE3ODEzNDQ2ODMsIm5iZiI6MTc4MTM0NDU2Mywib3JnIjoxLCJvbmx5Q2hhbm5lbHMiOlsic2xlLW1vZHVsZS1weXRob24zLTE1LXNwNy1wb29sLXg4Nl82NCJdfQ.wFPIyBQYjhA-D5Av3B0OsC3H2m151ekHdDUmAkRoYEY HTTP/1.1" 200 -
172.16.3.5 - - [13/Jun/2026:11:58:25 +0200] "GET /javascript/manager/vendors-node_modules_react-select_dist_Select-dbb12e54_esm_js-node_modules_react-select_dist_-b2533e.d82e847f2e0f5674837e.js HTTP/1.1" 200 28509
172.16.3.5 - - [13/Jun/2026:11:58:25 +0200] "GET /img/favicon.ico?q=0.6098357384421511 HTTP/1.1" 200 1150
172.16.3.5 - - [13/Jun/2026:11:58:25 +0200] "GET /css/html_src_manager_systems_all-list_renderer_tsx-html_src_components_input_check_Check_module_s-a4b116.815aea15856c4ac5edcb.css HTTP/1.1" 200 881
172.16.3.5 - - [13/Jun/2026:11:58:25 +0200] "POST /rhn/manager/frontend-log HTTP/1.1" 200 42
172.16.3.5 - - [13/Jun/2026:11:58:25 +0200] "POST /rhn/manager/frontend-log HTTP/1.1" 200 42
172.16.3.5 - - [13/Jun/2026:11:58:26 +0200] "GET /javascript/manager/vendors-node_modules_lodash_isEqual_js-node_modules_react-select-async-paginate_es_index_js-n-40869b.8676b435862035b33ea7.js HTTP/1.1" 200 11354
172.16.3.5 - - [13/Jun/2026:11:58:26 +0200] "GET /javascript/manager/vendors-node_modules_lodash_lodash_js.0aeae5c177841c941817.js HTTP/1.1" 200 24916
172.16.3.5 - - [13/Jun/2026:11:58:26 +0200] "GET /javascript/manager/html_src_components_input_text_Text_tsx.cd1ea078792c9a39ff44.js HTTP/1.1" 200 4829
172.16.3.5 - - [13/Jun/2026:11:58:26 +0200] "GET /javascript/manager/html_src_components_input_index_ts.0e8c85527116160a8c37.js HTTP/1.1" 200 6778
172.16.3.5 - - [13/Jun/2026:11:58:26 +0200] "GET /javascript/manager/html_src_components_table_TableDataHandler_tsx.222feee81dfdb7ee7245.js HTTP/1.1" 200 6226
172.16.3.5 - - [13/Jun/2026:11:58:26 +0200] "GET /javascript/manager/html_src_components_table_Table_tsx-html_src_components_table_TableFilter_tsx.a1d5b5393669c1627214.js HTTP/1.1" 200 3789
172.16.3.5 - - [13/Jun/2026:11:58:26 +0200] "GET /javascript/manager/html_src_components_systems_tsx-html_src_manager_systems_list-filter_tsx-node_modules_lodash_-3cab21.916636a954b89a47154b.js HTTP/1.1" 200 4184
172.16.3.5 - - [13/Jun/2026:11:58:26 +0200] "GET /javascript/manager/html_src_manager_systems_all-list_renderer_tsx-html_src_components_input_check_Check_module_s-a4b116.815aea15856c4ac5edcb.js HTTP/1.1" 200 2266
172.16.3.5 - - [13/Jun/2026:11:58:25 +0200] "GET /rhn/systems/details/history/Pending.do?sid=1000010003& HTTP/1.1" 200 6911
172.16.3.5 - - [13/Jun/2026:11:58:19 +0200] "GET /rhn/websocket/notifications HTTP/1.1" 101 -
172.16.3.7 - - [13/Jun/2026:11:58:26 +0200] "GET /rhn/manager/download/sle-module-python3-15-sp7-pool-x86_64/repodata/0b57037eb075802142f042f81b61d5a94f621bcf88a3b542e081531ebcac5fb6-primary.xml.gz?eyJhbGciOiJIUzI1NiJ9.eyJqdGkiOiJDYTB4UEpHNXBZNnNxdXZYYWlySFBnIiwiZXhwIjoxODEyODgwNjgzLCJpYXQiOjE3ODEzNDQ2ODMsIm5iZiI6MTc4MTM0NDU2Mywib3JnIjoxLCJvbmx5Q2hhbm5lbHMiOlsic2xlLW1vZHVsZS1weXRob24zLTE1LXNwNy1wb29sLXg4Nl82NCJdfQ.wFPIyBQYjhA-D5Av3B0OsC3H2m151ekHdDUmAkRoYEY HTTP/1.1" 200 167565
172.16.3.5 - - [13/Jun/2026:11:58:26 +0200] "POST /rhn/manager/frontend-log HTTP/1.1" 200 42
172.16.3.7 - - [13/Jun/2026:11:58:26 +0200] "HEAD /rhn/manager/download/sle-module-python3-15-sp7-pool-x86_64/repodata/2f815691702a411920c15d86be112f70ccca72c60b7b980d8a305d9e1fa6818d-susedata.xml.gz?eyJhbGciOiJIUzI1NiJ9.eyJqdGkiOiJDYTB4UEpHNXBZNnNxdXZYYWlySFBnIiwiZXhwIjoxODEyODgwNjgzLCJpYXQiOjE3ODEzNDQ2ODMsIm5iZiI6MTc4MTM0NDU2Mywib3JnIjoxLCJvbmx5Q2hhbm5lbHMiOlsic2xlLW1vZHVsZS1weXRob24zLTE1LXNwNy1wb29sLXg4Nl82NCJdfQ.wFPIyBQYjhA-D5Av3B0OsC3H2m151ekHdDUmAkRoYEY HTTP/1.1" 200 -
172.16.3.5 - - [13/Jun/2026:11:58:26 +0200] "POST /rhn/manager/frontend-log HTTP/1.1" 200 42
172.16.3.7 - - [13/Jun/2026:11:58:26 +0200] "GET /rhn/manager/download/sle-module-python3-15-sp7-pool-x86_64/repodata/2f815691702a411920c15d86be112f70ccca72c60b7b980d8a305d9e1fa6818d-susedata.xml.gz?eyJhbGciOiJIUzI1NiJ9.eyJqdGkiOiJDYTB4UEpHNXBZNnNxdXZYYWlySFBnIiwiZXhwIjoxODEyODgwNjgzLCJpYXQiOjE3ODEzNDQ2ODMsIm5iZiI6MTc4MTM0NDU2Mywib3JnIjoxLCJvbmx5Q2hhbm5lbHMiOlsic2xlLW1vZHVsZS1weXRob24zLTE1LXNwNy1wb29sLXg4Nl82NCJdfQ.wFPIyBQYjhA-D5Av3B0OsC3H2m151ekHdDUmAkRoYEY HTTP/1.1" 200 29077
172.16.3.5 - - [13/Jun/2026:11:58:26 +0200] "GET /rhn/systems/details/history/Event.do?sid=1000010001&aid=8 HTTP/1.1" 200 7970
172.16.3.5 - - [13/Jun/2026:11:58:26 +0200] "GET /rhn/manager/api/systems/list/all?p=1&ps=100&s=1&sc=server_name HTTP/1.1" 200 658
172.16.3.5 - - [13/Jun/2026:11:58:27 +0200] "GET /img/favicon.ico?q=0.30535029004453973 HTTP/1.1" 200 1150
172.16.3.5 - - [13/Jun/2026:11:58:26 +0200] "POST /rhn/manager/api/sets/system_list HTTP/1.1" 200 27
172.16.3.7 - - [13/Jun/2026:11:58:27 +0200] "HEAD /rhn/manager/download/sle-module-python3-15-sp7-updates-x86_64/repodata/repomd.xml?eyJhbGciOiJIUzI1NiJ9.eyJqdGkiOiJ5WDg0NEJPM2s2cTZIc0V3TWlGbkxnIiwiZXhwIjoxODEyODgwNjgzLCJpYXQiOjE3ODEzNDQ2ODMsIm5iZiI6MTc4MTM0NDU2Mywib3JnIjoxLCJvbmx5Q2hhbm5lbHMiOlsic2xlLW1vZHVsZS1weXRob24zLTE1LXNwNy11cGRhdGVzLXg4Nl82NCJdfQ.5JbZUmObrU8fHxvIHkji_KULoMzPkE-ehEiJmMRM1us HTTP/1.1" 200 -
172.16.3.5 - - [13/Jun/2026:11:58:27 +0200] "POST /rhn/manager/frontend-log HTTP/1.1" 200 42
172.16.3.7 - - [13/Jun/2026:11:58:27 +0200] "HEAD /rhn/manager/download/sle-module-python3-15-sp7-updates-x86_64/media.1/media?eyJhbGciOiJIUzI1NiJ9.eyJqdGkiOiJ5WDg0NEJPM2s2cTZIc0V3TWlGbkxnIiwiZXhwIjoxODEyODgwNjgzLCJpYXQiOjE3ODEzNDQ2ODMsIm5iZiI6MTc4MTM0NDU2Mywib3JnIjoxLCJvbmx5Q2hhbm5lbHMiOlsic2xlLW1vZHVsZS1weXRob24zLTE1LXNwNy11cGRhdGVzLXg4Nl82NCJdfQ.5JbZUmObrU8fHxvIHkji_KULoMzPkE-ehEiJmMRM1us HTTP/1.1" 404 -
172.16.3.7 - - [13/Jun/2026:11:58:27 +0200] "HEAD /rhn/manager/download/sle-module-python3-15-sp7-updates-x86_64/repodata/repomd.xml?eyJhbGciOiJIUzI1NiJ9.eyJqdGkiOiJ5WDg0NEJPM2s2cTZIc0V3TWlGbkxnIiwiZXhwIjoxODEyODgwNjgzLCJpYXQiOjE3ODEzNDQ2ODMsIm5iZiI6MTc4MTM0NDU2Mywib3JnIjoxLCJvbmx5Q2hhbm5lbHMiOlsic2xlLW1vZHVsZS1weXRob24zLTE1LXNwNy11cGRhdGVzLXg4Nl82NCJdfQ.5JbZUmObrU8fHxvIHkji_KULoMzPkE-ehEiJmMRM1us HTTP/1.1" 200 -
172.16.3.5 - - [13/Jun/2026:11:58:27 +0200] "GET /rhn/websocket/notifications HTTP/1.1" 101 -
172.16.3.7 - - [13/Jun/2026:11:58:27 +0200] "GET /rhn/manager/download/sle-module-python3-15-sp7-updates-x86_64/repodata/repomd.xml?eyJhbGciOiJIUzI1NiJ9.eyJqdGkiOiJ5WDg0NEJPM2s2cTZIc0V3TWlGbkxnIiwiZXhwIjoxODEyODgwNjgzLCJpYXQiOjE3ODEzNDQ2ODMsIm5iZiI6MTc4MTM0NDU2Mywib3JnIjoxLCJvbmx5Q2hhbm5lbHMiOlsic2xlLW1vZHVsZS1weXRob24zLTE1LXNwNy11cGRhdGVzLXg4Nl82NCJdfQ.5JbZUmObrU8fHxvIHkji_KULoMzPkE-ehEiJmMRM1us HTTP/1.1" 200 1987
172.16.3.7 - - [13/Jun/2026:11:58:27 +0200] "HEAD /rhn/manager/download/sle-module-python3-15-sp7-updates-x86_64/repodata/repomd.xml.asc?eyJhbGciOiJIUzI1NiJ9.eyJqdGkiOiJ5WDg0NEJPM2s2cTZIc0V3TWlGbkxnIiwiZXhwIjoxODEyODgwNjgzLCJpYXQiOjE3ODEzNDQ2ODMsIm5iZiI6MTc4MTM0NDU2Mywib3JnIjoxLCJvbmx5Q2hhbm5lbHMiOlsic2xlLW1vZHVsZS1weXRob24zLTE1LXNwNy11cGRhdGVzLXg4Nl82NCJdfQ.5JbZUmObrU8fHxvIHkji_KULoMzPkE-ehEiJmMRM1us HTTP/1.1" 404 -
172.16.3.5 - - [13/Jun/2026:11:58:02 +0200] "GET /rhn/websocket/notifications HTTP/1.1" 101 -
172.16.3.5 - - [13/Jun/2026:11:58:27 +0200] "GET /rhn/systems/details/history/Pending.do?sid=1000010001& HTTP/1.1" 200 6912
172.16.3.7 - - [13/Jun/2026:11:58:27 +0200] "HEAD /rhn/manager/download/sle-module-python3-15-sp7-updates-x86_64/repodata/344b8d16024a637b57a335e04d25bf6984f65231f5fb891bde6f41c871f31a64-primary.xml.gz?eyJhbGciOiJIUzI1NiJ9.eyJqdGkiOiJ5WDg0NEJPM2s2cTZIc0V3TWlGbkxnIiwiZXhwIjoxODEyODgwNjgzLCJpYXQiOjE3ODEzNDQ2ODMsIm5iZiI6MTc4MTM0NDU2Mywib3JnIjoxLCJvbmx5Q2hhbm5lbHMiOlsic2xlLW1vZHVsZS1weXRob24zLTE1LXNwNy11cGRhdGVzLXg4Nl82NCJdfQ.5JbZUmObrU8fHxvIHkji_KULoMzPkE-ehEiJmMRM1us HTTP/1.1" 200 -
172.16.3.5 - - [13/Jun/2026:11:58:27 +0200] "GET /img/favicon.ico?q=0.30204807370683195 HTTP/1.1" 200 1150
172.16.3.5 - - [13/Jun/2026:11:58:27 +0200] "POST /rhn/manager/frontend-log HTTP/1.1" 200 42
172.16.3.7 - - [13/Jun/2026:11:58:27 +0200] "GET /rhn/manager/download/sle-module-python3-15-sp7-updates-x86_64/repodata/344b8d16024a637b57a335e04d25bf6984f65231f5fb891bde6f41c871f31a64-primary.xml.gz?eyJhbGciOiJIUzI1NiJ9.eyJqdGkiOiJ5WDg0NEJPM2s2cTZIc0V3TWlGbkxnIiwiZXhwIjoxODEyODgwNjgzLCJpYXQiOjE3ODEzNDQ2ODMsIm5iZiI6MTc4MTM0NDU2Mywib3JnIjoxLCJvbmx5Q2hhbm5lbHMiOlsic2xlLW1vZHVsZS1weXRob24zLTE1LXNwNy11cGRhdGVzLXg4Nl82NCJdfQ.5JbZUmObrU8fHxvIHkji_KULoMzPkE-ehEiJmMRM1us HTTP/1.1" 200 72570
172.16.3.5 - - [13/Jun/2026:11:58:27 +0200] "GET /rhn/websocket/notifications HTTP/1.1" 101 -
172.16.3.7 - - [13/Jun/2026:11:58:28 +0200] "HEAD /rhn/manager/download/sle-module-python3-15-sp7-updates-x86_64/repodata/a18103683222eefec7578dc300c7dbed6e1e380b3d65c8220d695ba19166fc12-susedata.xml.gz?eyJhbGciOiJIUzI1NiJ9.eyJqdGkiOiJ5WDg0NEJPM2s2cTZIc0V3TWlGbkxnIiwiZXhwIjoxODEyODgwNjgzLCJpYXQiOjE3ODEzNDQ2ODMsIm5iZiI6MTc4MTM0NDU2Mywib3JnIjoxLCJvbmx5Q2hhbm5lbHMiOlsic2xlLW1vZHVsZS1weXRob24zLTE1LXNwNy11cGRhdGVzLXg4Nl82NCJdfQ.5JbZUmObrU8fHxvIHkji_KULoMzPkE-ehEiJmMRM1us HTTP/1.1" 200 -
172.16.3.5 - - [13/Jun/2026:11:58:27 +0200] "GET /rhn/systems/details/history/Pending.do?sid=1000010002& HTTP/1.1" 200 6902
172.16.3.5 - - [13/Jun/2026:11:58:21 +0200] "GET /rhn/websocket/notifications HTTP/1.1" 101 -
172.16.3.7 - - [13/Jun/2026:11:58:28 +0200] "GET /rhn/manager/download/sle-module-python3-15-sp7-updates-x86_64/repodata/a18103683222eefec7578dc300c7dbed6e1e380b3d65c8220d695ba19166fc12-susedata.xml.gz?eyJhbGciOiJIUzI1NiJ9.eyJqdGkiOiJ5WDg0NEJPM2s2cTZIc0V3TWlGbkxnIiwiZXhwIjoxODEyODgwNjgzLCJpYXQiOjE3ODEzNDQ2ODMsIm5iZiI6MTc4MTM0NDU2Mywib3JnIjoxLCJvbmx5Q2hhbm5lbHMiOlsic2xlLW1vZHVsZS1weXRob24zLTE1LXNwNy11cGRhdGVzLXg4Nl82NCJdfQ.5JbZUmObrU8fHxvIHkji_KULoMzPkE-ehEiJmMRM1us HTTP/1.1" 200 11922
172.16.3.5 - - [13/Jun/2026:11:58:28 +0200] "POST /rhn/manager/frontend-log HTTP/1.1" 200 42
172.16.3.5 - - [13/Jun/2026:11:58:28 +0200] "GET /rhn/systems/details/history/Pending.do?sid=1000010001& HTTP/1.1" 200 6912
172.16.3.7 - - [13/Jun/2026:11:58:28 +0200] "HEAD /rhn/manager/download/sle-module-python3-15-sp7-updates-x86_64/repodata/59da779f3761d9a623e9e3ae11efb9df3c16e5c5db673a37d16d6e6b331e07ae-updateinfo.xml.gz?eyJhbGciOiJIUzI1NiJ9.eyJqdGkiOiJ5WDg0NEJPM2s2cTZIc0V3TWlGbkxnIiwiZXhwIjoxODEyODgwNjgzLCJpYXQiOjE3ODEzNDQ2ODMsIm5iZiI6MTc4MTM0NDU2Mywib3JnIjoxLCJvbmx5Q2hhbm5lbHMiOlsic2xlLW1vZHVsZS1weXRob24zLTE1LXNwNy11cGRhdGVzLXg4Nl82NCJdfQ.5JbZUmObrU8fHxvIHkji_KULoMzPkE-ehEiJmMRM1us HTTP/1.1" 200 -
172.16.3.5 - - [13/Jun/2026:11:58:28 +0200] "GET /img/favicon.ico?q=0.07760573117704705 HTTP/1.1" 200 1150
172.16.3.5 - - [13/Jun/2026:11:58:28 +0200] "POST /rhn/manager/frontend-log HTTP/1.1" 200 42
172.16.3.7 - - [13/Jun/2026:11:58:28 +0200] "GET /rhn/manager/download/sle-module-python3-15-sp7-updates-x86_64/repodata/59da779f3761d9a623e9e3ae11efb9df3c16e5c5db673a37d16d6e6b331e07ae-updateinfo.xml.gz?eyJhbGciOiJIUzI1NiJ9.eyJqdGkiOiJ5WDg0NEJPM2s2cTZIc0V3TWlGbkxnIiwiZXhwIjoxODEyODgwNjgzLCJpYXQiOjE3ODEzNDQ2ODMsIm5iZiI6MTc4MTM0NDU2Mywib3JnIjoxLCJvbmx5Q2hhbm5lbHMiOlsic2xlLW1vZHVsZS1weXRob24zLTE1LXNwNy11cGRhdGVzLXg4Nl82NCJdfQ.5JbZUmObrU8fHxvIHkji_KULoMzPkE-ehEiJmMRM1us HTTP/1.1" 200 43904
172.16.3.5 - - [13/Jun/2026:11:58:28 +0200] "POST /rhn/manager/frontend-log HTTP/1.1" 200 42
172.16.3.7 - - [13/Jun/2026:11:58:28 +0200] "HEAD /rhn/manager/download/sle-module-server-applications15-sp7-pool-x86_64/repodata/repomd.xml?eyJhbGciOiJIUzI1NiJ9.eyJqdGkiOiI2MEZsM0oyZkt0SjREUG1mMjlTY2pRIiwiZXhwIjoxODEyODgwNjgzLCJpYXQiOjE3ODEzNDQ2ODMsIm5iZiI6MTc4MTM0NDU2Mywib3JnIjoxLCJvbmx5Q2hhbm5lbHMiOlsic2xlLW1vZHVsZS1zZXJ2ZXItYXBwbGljYXRpb25zMTUtc3A3LXBvb2wteDg2XzY0Il19.ZikP0EVHqta2yFgVHLh5m2Mzet6HNfnGUxuO68utDOI HTTP/1.1" 200 -
172.16.3.7 - - [13/Jun/2026:11:58:28 +0200] "HEAD /rhn/manager/download/sle-module-server-applications15-sp7-pool-x86_64/media.1/media?eyJhbGciOiJIUzI1NiJ9.eyJqdGkiOiI2MEZsM0oyZkt0SjREUG1mMjlTY2pRIiwiZXhwIjoxODEyODgwNjgzLCJpYXQiOjE3ODEzNDQ2ODMsIm5iZiI6MTc4MTM0NDU2Mywib3JnIjoxLCJvbmx5Q2hhbm5lbHMiOlsic2xlLW1vZHVsZS1zZXJ2ZXItYXBwbGljYXRpb25zMTUtc3A3LXBvb2wteDg2XzY0Il19.ZikP0EVHqta2yFgVHLh5m2Mzet6HNfnGUxuO68utDOI HTTP/1.1" 404 -
172.16.3.7 - - [13/Jun/2026:11:58:28 +0200] "HEAD /rhn/manager/download/sle-module-server-applications15-sp7-pool-x86_64/repodata/repomd.xml?eyJhbGciOiJIUzI1NiJ9.eyJqdGkiOiI2MEZsM0oyZkt0SjREUG1mMjlTY2pRIiwiZXhwIjoxODEyODgwNjgzLCJpYXQiOjE3ODEzNDQ2ODMsIm5iZiI6MTc4MTM0NDU2Mywib3JnIjoxLCJvbmx5Q2hhbm5lbHMiOlsic2xlLW1vZHVsZS1zZXJ2ZXItYXBwbGljYXRpb25zMTUtc3A3LXBvb2wteDg2XzY0Il19.ZikP0EVHqta2yFgVHLh5m2Mzet6HNfnGUxuO68utDOI HTTP/1.1" 200 -
172.16.3.7 - - [13/Jun/2026:11:58:29 +0200] "GET /rhn/manager/download/sle-module-server-applications15-sp7-pool-x86_64/repodata/repomd.xml?eyJhbGciOiJIUzI1NiJ9.eyJqdGkiOiI2MEZsM0oyZkt0SjREUG1mMjlTY2pRIiwiZXhwIjoxODEyODgwNjgzLCJpYXQiOjE3ODEzNDQ2ODMsIm5iZiI6MTc4MTM0NDU2Mywib3JnIjoxLCJvbmx5Q2hhbm5lbHMiOlsic2xlLW1vZHVsZS1zZXJ2ZXItYXBwbGljYXRpb25zMTUtc3A3LXBvb2wteDg2XzY0Il19.ZikP0EVHqta2yFgVHLh5m2Mzet6HNfnGUxuO68utDOI HTTP/1.1" 200 1605
172.16.3.7 - - [13/Jun/2026:11:58:29 +0200] "HEAD /rhn/manager/download/sle-module-server-applications15-sp7-pool-x86_64/repodata/repomd.xml.asc?eyJhbGciOiJIUzI1NiJ9.eyJqdGkiOiI2MEZsM0oyZkt0SjREUG1mMjlTY2pRIiwiZXhwIjoxODEyODgwNjgzLCJpYXQiOjE3ODEzNDQ2ODMsIm5iZiI6MTc4MTM0NDU2Mywib3JnIjoxLCJvbmx5Q2hhbm5lbHMiOlsic2xlLW1vZHVsZS1zZXJ2ZXItYXBwbGljYXRpb25zMTUtc3A3LXBvb2wteDg2XzY0Il19.ZikP0EVHqta2yFgVHLh5m2Mzet6HNfnGUxuO68utDOI HTTP/1.1" 404 -
172.16.3.7 - - [13/Jun/2026:11:58:29 +0200] "HEAD /rhn/manager/download/sle-module-server-applications15-sp7-pool-x86_64/repodata/417b273801e60d4449888c268aa20b2cdc599c068a25e6241c633b69caa3ef58-primary.xml.gz?eyJhbGciOiJIUzI1NiJ9.eyJqdGkiOiI2MEZsM0oyZkt0SjREUG1mMjlTY2pRIiwiZXhwIjoxODEyODgwNjgzLCJpYXQiOjE3ODEzNDQ2ODMsIm5iZiI6MTc4MTM0NDU2Mywib3JnIjoxLCJvbmx5Q2hhbm5lbHMiOlsic2xlLW1vZHVsZS1zZXJ2ZXItYXBwbGljYXRpb25zMTUtc3A3LXBvb2wteDg2XzY0Il19.ZikP0EVHqta2yFgVHLh5m2Mzet6HNfnGUxuO68utDOI HTTP/1.1" 200 -
172.16.3.7 - - [13/Jun/2026:11:58:29 +0200] "GET /rhn/manager/download/sle-module-server-applications15-sp7-pool-x86_64/repodata/417b273801e60d4449888c268aa20b2cdc599c068a25e6241c633b69caa3ef58-primary.xml.gz?eyJhbGciOiJIUzI1NiJ9.eyJqdGkiOiI2MEZsM0oyZkt0SjREUG1mMjlTY2pRIiwiZXhwIjoxODEyODgwNjgzLCJpYXQiOjE3ODEzNDQ2ODMsIm5iZiI6MTc4MTM0NDU2Mywib3JnIjoxLCJvbmx5Q2hhbm5lbHMiOlsic2xlLW1vZHVsZS1zZXJ2ZXItYXBwbGljYXRpb25zMTUtc3A3LXBvb2wteDg2XzY0Il19.ZikP0EVHqta2yFgVHLh5m2Mzet6HNfnGUxuO68utDOI HTTP/1.1" 200 321397
172.16.3.7 - - [13/Jun/2026:11:58:29 +0200] "GET /pub/repositories/opensusetumbleweed/latest/0/bootstrap/venv-enabled-x86_64.txt HTTP/1.1" 304 -
172.16.3.7 - - [13/Jun/2026:11:58:29 +0200] "HEAD /rhn/manager/download/sle-module-server-applications15-sp7-pool-x86_64/repodata/19d95890006f06df9e922d2765465e2aff879a22aebec430090f1bee330f7dcd-susedata.xml.gz?eyJhbGciOiJIUzI1NiJ9.eyJqdGkiOiI2MEZsM0oyZkt0SjREUG1mMjlTY2pRIiwiZXhwIjoxODEyODgwNjgzLCJpYXQiOjE3ODEzNDQ2ODMsIm5iZiI6MTc4MTM0NDU2Mywib3JnIjoxLCJvbmx5Q2hhbm5lbHMiOlsic2xlLW1vZHVsZS1zZXJ2ZXItYXBwbGljYXRpb25zMTUtc3A3LXBvb2wteDg2XzY0Il19.ZikP0EVHqta2yFgVHLh5m2Mzet6HNfnGUxuO68utDOI HTTP/1.1" 200 -
172.16.3.7 - - [13/Jun/2026:11:58:29 +0200] "GET /rhn/manager/download/sle-module-server-applications15-sp7-pool-x86_64/repodata/19d95890006f06df9e922d2765465e2aff879a22aebec430090f1bee330f7dcd-susedata.xml.gz?eyJhbGciOiJIUzI1NiJ9.eyJqdGkiOiI2MEZsM0oyZkt0SjREUG1mMjlTY2pRIiwiZXhwIjoxODEyODgwNjgzLCJpYXQiOjE3ODEzNDQ2ODMsIm5iZiI6MTc4MTM0NDU2Mywib3JnIjoxLCJvbmx5Q2hhbm5lbHMiOlsic2xlLW1vZHVsZS1zZXJ2ZXItYXBwbGljYXRpb25zMTUtc3A3LXBvb2wteDg2XzY0Il19.ZikP0EVHqta2yFgVHLh5m2Mzet6HNfnGUxuO68utDOI HTTP/1.1" 200 37913
172.16.3.7 - - [13/Jun/2026:11:58:29 +0200] "HEAD /rhn/manager/download/sle-module-server-applications15-sp7-updates-x86_64/repodata/repomd.xml?eyJhbGciOiJIUzI1NiJ9.eyJqdGkiOiI3VFJXOUVyYzR3Sl83Q1lBamRmdXlnIiwiZXhwIjoxODEyODgwNjgzLCJpYXQiOjE3ODEzNDQ2ODMsIm5iZiI6MTc4MTM0NDU2Mywib3JnIjoxLCJvbmx5Q2hhbm5lbHMiOlsic2xlLW1vZHVsZS1zZXJ2ZXItYXBwbGljYXRpb25zMTUtc3A3LXVwZGF0ZXMteDg2XzY0Il19.gG52MOXhmkt8smv8quYwmNzv-bMRhofQrGoCQEdL_Wc HTTP/1.1" 200 -
172.16.3.7 - - [13/Jun/2026:11:58:29 +0200] "HEAD /rhn/manager/download/sle-module-server-applications15-sp7-updates-x86_64/media.1/media?eyJhbGciOiJIUzI1NiJ9.eyJqdGkiOiI3VFJXOUVyYzR3Sl83Q1lBamRmdXlnIiwiZXhwIjoxODEyODgwNjgzLCJpYXQiOjE3ODEzNDQ2ODMsIm5iZiI6MTc4MTM0NDU2Mywib3JnIjoxLCJvbmx5Q2hhbm5lbHMiOlsic2xlLW1vZHVsZS1zZXJ2ZXItYXBwbGljYXRpb25zMTUtc3A3LXVwZGF0ZXMteDg2XzY0Il19.gG52MOXhmkt8smv8quYwmNzv-bMRhofQrGoCQEdL_Wc HTTP/1.1" 404 -
172.16.3.7 - - [13/Jun/2026:11:58:30 +0200] "HEAD /rhn/manager/download/sle-module-server-applications15-sp7-updates-x86_64/repodata/repomd.xml?eyJhbGciOiJIUzI1NiJ9.eyJqdGkiOiI3VFJXOUVyYzR3Sl83Q1lBamRmdXlnIiwiZXhwIjoxODEyODgwNjgzLCJpYXQiOjE3ODEzNDQ2ODMsIm5iZiI6MTc4MTM0NDU2Mywib3JnIjoxLCJvbmx5Q2hhbm5lbHMiOlsic2xlLW1vZHVsZS1zZXJ2ZXItYXBwbGljYXRpb25zMTUtc3A3LXVwZGF0ZXMteDg2XzY0Il19.gG52MOXhmkt8smv8quYwmNzv-bMRhofQrGoCQEdL_Wc HTTP/1.1" 200 -
172.16.3.7 - - [13/Jun/2026:11:58:30 +0200] "GET /rhn/manager/download/sle-module-server-applications15-sp7-updates-x86_64/repodata/repomd.xml?eyJhbGciOiJIUzI1NiJ9.eyJqdGkiOiI3VFJXOUVyYzR3Sl83Q1lBamRmdXlnIiwiZXhwIjoxODEyODgwNjgzLCJpYXQiOjE3ODEzNDQ2ODMsIm5iZiI6MTc4MTM0NDU2Mywib3JnIjoxLCJvbmx5Q2hhbm5lbHMiOlsic2xlLW1vZHVsZS1zZXJ2ZXItYXBwbGljYXRpb25zMTUtc3A3LXVwZGF0ZXMteDg2XzY0Il19.gG52MOXhmkt8smv8quYwmNzv-bMRhofQrGoCQEdL_Wc HTTP/1.1" 200 1987
172.16.3.7 - - [13/Jun/2026:11:58:30 +0200] "HEAD /rhn/manager/download/sle-module-server-applications15-sp7-updates-x86_64/repodata/repomd.xml.asc?eyJhbGciOiJIUzI1NiJ9.eyJqdGkiOiI3VFJXOUVyYzR3Sl83Q1lBamRmdXlnIiwiZXhwIjoxODEyODgwNjgzLCJpYXQiOjE3ODEzNDQ2ODMsIm5iZiI6MTc4MTM0NDU2Mywib3JnIjoxLCJvbmx5Q2hhbm5lbHMiOlsic2xlLW1vZHVsZS1zZXJ2ZXItYXBwbGljYXRpb25zMTUtc3A3LXVwZGF0ZXMteDg2XzY0Il19.gG52MOXhmkt8smv8quYwmNzv-bMRhofQrGoCQEdL_Wc HTTP/1.1" 404 -
172.16.3.7 - - [13/Jun/2026:11:58:30 +0200] "HEAD /rhn/manager/download/sle-module-server-applications15-sp7-updates-x86_64/repodata/211d7a40af0dc8d705c67843eac0327bdfc931839033815d770159aa64935c6e-primary.xml.gz?eyJhbGciOiJIUzI1NiJ9.eyJqdGkiOiI3VFJXOUVyYzR3Sl83Q1lBamRmdXlnIiwiZXhwIjoxODEyODgwNjgzLCJpYXQiOjE3ODEzNDQ2ODMsIm5iZiI6MTc4MTM0NDU2Mywib3JnIjoxLCJvbmx5Q2hhbm5lbHMiOlsic2xlLW1vZHVsZS1zZXJ2ZXItYXBwbGljYXRpb25zMTUtc3A3LXVwZGF0ZXMteDg2XzY0Il19.gG52MOXhmkt8smv8quYwmNzv-bMRhofQrGoCQEdL_Wc HTTP/1.1" 200 -
172.16.3.7 - - [13/Jun/2026:11:58:30 +0200] "GET /rhn/manager/download/sle-module-server-applications15-sp7-updates-x86_64/repodata/211d7a40af0dc8d705c67843eac0327bdfc931839033815d770159aa64935c6e-primary.xml.gz?eyJhbGciOiJIUzI1NiJ9.eyJqdGkiOiI3VFJXOUVyYzR3Sl83Q1lBamRmdXlnIiwiZXhwIjoxODEyODgwNjgzLCJpYXQiOjE3ODEzNDQ2ODMsIm5iZiI6MTc4MTM0NDU2Mywib3JnIjoxLCJvbmx5Q2hhbm5lbHMiOlsic2xlLW1vZHVsZS1zZXJ2ZXItYXBwbGljYXRpb25zMTUtc3A3LXVwZGF0ZXMteDg2XzY0Il19.gG52MOXhmkt8smv8quYwmNzv-bMRhofQrGoCQEdL_Wc HTTP/1.1" 200 457185
172.16.3.7 - - [13/Jun/2026:11:58:30 +0200] "HEAD /rhn/manager/download/sle-module-server-applications15-sp7-updates-x86_64/repodata/787f0d01ed9dfe073c075ec5c12a46a709a4b244d69a67aa1353d55d748f96ae-susedata.xml.gz?eyJhbGciOiJIUzI1NiJ9.eyJqdGkiOiI3VFJXOUVyYzR3Sl83Q1lBamRmdXlnIiwiZXhwIjoxODEyODgwNjgzLCJpYXQiOjE3ODEzNDQ2ODMsIm5iZiI6MTc4MTM0NDU2Mywib3JnIjoxLCJvbmx5Q2hhbm5lbHMiOlsic2xlLW1vZHVsZS1zZXJ2ZXItYXBwbGljYXRpb25zMTUtc3A3LXVwZGF0ZXMteDg2XzY0Il19.gG52MOXhmkt8smv8quYwmNzv-bMRhofQrGoCQEdL_Wc HTTP/1.1" 200 -
172.16.3.7 - - [13/Jun/2026:11:58:30 +0200] "GET /rhn/manager/download/sle-module-server-applications15-sp7-updates-x86_64/repodata/787f0d01ed9dfe073c075ec5c12a46a709a4b244d69a67aa1353d55d748f96ae-susedata.xml.gz?eyJhbGciOiJIUzI1NiJ9.eyJqdGkiOiI3VFJXOUVyYzR3Sl83Q1lBamRmdXlnIiwiZXhwIjoxODEyODgwNjgzLCJpYXQiOjE3ODEzNDQ2ODMsIm5iZiI6MTc4MTM0NDU2Mywib3JnIjoxLCJvbmx5Q2hhbm5lbHMiOlsic2xlLW1vZHVsZS1zZXJ2ZXItYXBwbGljYXRpb25zMTUtc3A3LXVwZGF0ZXMteDg2XzY0Il19.gG52MOXhmkt8smv8quYwmNzv-bMRhofQrGoCQEdL_Wc HTTP/1.1" 200 44953
172.16.3.7 - - [13/Jun/2026:11:58:30 +0200] "HEAD /rhn/manager/download/sle-module-server-applications15-sp7-updates-x86_64/repodata/6e11f968434b70f080b79d04ec2b509383851445557f2afdbfc87927e6964dc3-updateinfo.xml.gz?eyJhbGciOiJIUzI1NiJ9.eyJqdGkiOiI3VFJXOUVyYzR3Sl83Q1lBamRmdXlnIiwiZXhwIjoxODEyODgwNjgzLCJpYXQiOjE3ODEzNDQ2ODMsIm5iZiI6MTc4MTM0NDU2Mywib3JnIjoxLCJvbmx5Q2hhbm5lbHMiOlsic2xlLW1vZHVsZS1zZXJ2ZXItYXBwbGljYXRpb25zMTUtc3A3LXVwZGF0ZXMteDg2XzY0Il19.gG52MOXhmkt8smv8quYwmNzv-bMRhofQrGoCQEdL_Wc HTTP/1.1" 200 -
172.16.3.7 - - [13/Jun/2026:11:58:30 +0200] "GET /rhn/manager/download/sle-module-server-applications15-sp7-updates-x86_64/repodata/6e11f968434b70f080b79d04ec2b509383851445557f2afdbfc87927e6964dc3-updateinfo.xml.gz?eyJhbGciOiJIUzI1NiJ9.eyJqdGkiOiI3VFJXOUVyYzR3Sl83Q1lBamRmdXlnIiwiZXhwIjoxODEyODgwNjgzLCJpYXQiOjE3ODEzNDQ2ODMsIm5iZiI6MTc4MTM0NDU2Mywib3JnIjoxLCJvbmx5Q2hhbm5lbHMiOlsic2xlLW1vZHVsZS1zZXJ2ZXItYXBwbGljYXRpb25zMTUtc3A3LXVwZGF0ZXMteDg2XzY0Il19.gG52MOXhmkt8smv8quYwmNzv-bMRhofQrGoCQEdL_Wc HTTP/1.1" 200 106843
172.16.3.7 - - [13/Jun/2026:11:58:31 +0200] "HEAD /rhn/manager/download/sle-module-systems-management-15-sp7-pool-x86_64/repodata/repomd.xml?eyJhbGciOiJIUzI1NiJ9.eyJqdGkiOiJPMTdjYlJ1aHpsQW52cDR2NmoxVEFRIiwiZXhwIjoxODEyODgwNjgzLCJpYXQiOjE3ODEzNDQ2ODMsIm5iZiI6MTc4MTM0NDU2Mywib3JnIjoxLCJvbmx5Q2hhbm5lbHMiOlsic2xlLW1vZHVsZS1zeXN0ZW1zLW1hbmFnZW1lbnQtMTUtc3A3LXBvb2wteDg2XzY0Il19.iYwkaqtOzq-lrxNTk4ji-RVGiJ6CQuNkqg1JEZk9Cl8 HTTP/1.1" 200 -
172.16.3.7 - - [13/Jun/2026:11:58:31 +0200] "HEAD /rhn/manager/download/sle-module-systems-management-15-sp7-pool-x86_64/media.1/media?eyJhbGciOiJIUzI1NiJ9.eyJqdGkiOiJPMTdjYlJ1aHpsQW52cDR2NmoxVEFRIiwiZXhwIjoxODEyODgwNjgzLCJpYXQiOjE3ODEzNDQ2ODMsIm5iZiI6MTc4MTM0NDU2Mywib3JnIjoxLCJvbmx5Q2hhbm5lbHMiOlsic2xlLW1vZHVsZS1zeXN0ZW1zLW1hbmFnZW1lbnQtMTUtc3A3LXBvb2wteDg2XzY0Il19.iYwkaqtOzq-lrxNTk4ji-RVGiJ6CQuNkqg1JEZk9Cl8 HTTP/1.1" 404 -
172.16.3.7 - - [13/Jun/2026:11:58:31 +0200] "HEAD /rhn/manager/download/sle-module-systems-management-15-sp7-pool-x86_64/repodata/repomd.xml?eyJhbGciOiJIUzI1NiJ9.eyJqdGkiOiJPMTdjYlJ1aHpsQW52cDR2NmoxVEFRIiwiZXhwIjoxODEyODgwNjgzLCJpYXQiOjE3ODEzNDQ2ODMsIm5iZiI6MTc4MTM0NDU2Mywib3JnIjoxLCJvbmx5Q2hhbm5lbHMiOlsic2xlLW1vZHVsZS1zeXN0ZW1zLW1hbmFnZW1lbnQtMTUtc3A3LXBvb2wteDg2XzY0Il19.iYwkaqtOzq-lrxNTk4ji-RVGiJ6CQuNkqg1JEZk9Cl8 HTTP/1.1" 200 -
172.16.3.7 - - [13/Jun/2026:11:58:31 +0200] "GET /rhn/manager/download/sle-module-systems-management-15-sp7-pool-x86_64/repodata/repomd.xml?eyJhbGciOiJIUzI1NiJ9.eyJqdGkiOiJPMTdjYlJ1aHpsQW52cDR2NmoxVEFRIiwiZXhwIjoxODEyODgwNjgzLCJpYXQiOjE3ODEzNDQ2ODMsIm5iZiI6MTc4MTM0NDU2Mywib3JnIjoxLCJvbmx5Q2hhbm5lbHMiOlsic2xlLW1vZHVsZS1zeXN0ZW1zLW1hbmFnZW1lbnQtMTUtc3A3LXBvb2wteDg2XzY0Il19.iYwkaqtOzq-lrxNTk4ji-RVGiJ6CQuNkqg1JEZk9Cl8 HTTP/1.1" 200 1605
172.16.3.5 - - [13/Jun/2026:11:58:18 +0200] "GET /rhn/websocket/notifications HTTP/1.1" 101 -
172.16.3.7 - - [13/Jun/2026:11:58:31 +0200] "HEAD /rhn/manager/download/sle-module-systems-management-15-sp7-pool-x86_64/repodata/repomd.xml.asc?eyJhbGciOiJIUzI1NiJ9.eyJqdGkiOiJPMTdjYlJ1aHpsQW52cDR2NmoxVEFRIiwiZXhwIjoxODEyODgwNjgzLCJpYXQiOjE3ODEzNDQ2ODMsIm5iZiI6MTc4MTM0NDU2Mywib3JnIjoxLCJvbmx5Q2hhbm5lbHMiOlsic2xlLW1vZHVsZS1zeXN0ZW1zLW1hbmFnZW1lbnQtMTUtc3A3LXBvb2wteDg2XzY0Il19.iYwkaqtOzq-lrxNTk4ji-RVGiJ6CQuNkqg1JEZk9Cl8 HTTP/1.1" 404 -
172.16.3.7 - - [13/Jun/2026:11:58:31 +0200] "HEAD /rhn/manager/download/sle-module-systems-management-15-sp7-pool-x86_64/repodata/956302480928d149703d35a008b0b288c633bf3b4db697eeeef350b0e0fed5a7-primary.xml.gz?eyJhbGciOiJIUzI1NiJ9.eyJqdGkiOiJPMTdjYlJ1aHpsQW52cDR2NmoxVEFRIiwiZXhwIjoxODEyODgwNjgzLCJpYXQiOjE3ODEzNDQ2ODMsIm5iZiI6MTc4MTM0NDU2Mywib3JnIjoxLCJvbmx5Q2hhbm5lbHMiOlsic2xlLW1vZHVsZS1zeXN0ZW1zLW1hbmFnZW1lbnQtMTUtc3A3LXBvb2wteDg2XzY0Il19.iYwkaqtOzq-lrxNTk4ji-RVGiJ6CQuNkqg1JEZk9Cl8 HTTP/1.1" 200 -
172.16.3.5 - - [13/Jun/2026:11:58:31 +0200] "GET /rhn/manager/systems/list/all HTTP/1.1" 200 5369
172.16.3.5 - - [13/Jun/2026:11:58:18 +0200] "GET /rhn/websocket/notifications HTTP/1.1" 101 -
172.16.3.7 - - [13/Jun/2026:11:58:31 +0200] "GET /rhn/manager/download/sle-module-systems-management-15-sp7-pool-x86_64/repodata/956302480928d149703d35a008b0b288c633bf3b4db697eeeef350b0e0fed5a7-primary.xml.gz?eyJhbGciOiJIUzI1NiJ9.eyJqdGkiOiJPMTdjYlJ1aHpsQW52cDR2NmoxVEFRIiwiZXhwIjoxODEyODgwNjgzLCJpYXQiOjE3ODEzNDQ2ODMsIm5iZiI6MTc4MTM0NDU2Mywib3JnIjoxLCJvbmx5Q2hhbm5lbHMiOlsic2xlLW1vZHVsZS1zeXN0ZW1zLW1hbmFnZW1lbnQtMTUtc3A3LXBvb2wteDg2XzY0Il19.iYwkaqtOzq-lrxNTk4ji-RVGiJ6CQuNkqg1JEZk9Cl8 HTTP/1.1" 200 6165
172.16.3.5 - - [13/Jun/2026:11:58:31 +0200] "POST /rhn/manager/frontend-log HTTP/1.1" 200 42
172.16.3.7 - - [13/Jun/2026:11:58:31 +0200] "HEAD /rhn/manager/download/sle-module-systems-management-15-sp7-pool-x86_64/repodata/bb7f49dd25548c564ab33e1defb1e5668f63a9b063798989e364da0386f6a8d2-susedata.xml.gz?eyJhbGciOiJIUzI1NiJ9.eyJqdGkiOiJPMTdjYlJ1aHpsQW52cDR2NmoxVEFRIiwiZXhwIjoxODEyODgwNjgzLCJpYXQiOjE3ODEzNDQ2ODMsIm5iZiI6MTc4MTM0NDU2Mywib3JnIjoxLCJvbmx5Q2hhbm5lbHMiOlsic2xlLW1vZHVsZS1zeXN0ZW1zLW1hbmFnZW1lbnQtMTUtc3A3LXBvb2wteDg2XzY0Il19.iYwkaqtOzq-lrxNTk4ji-RVGiJ6CQuNkqg1JEZk9Cl8 HTTP/1.1" 200 -
172.16.3.7 - - [13/Jun/2026:11:58:32 +0200] "GET /rhn/manager/download/sle-module-systems-management-15-sp7-pool-x86_64/repodata/bb7f49dd25548c564ab33e1defb1e5668f63a9b063798989e364da0386f6a8d2-susedata.xml.gz?eyJhbGciOiJIUzI1NiJ9.eyJqdGkiOiJPMTdjYlJ1aHpsQW52cDR2NmoxVEFRIiwiZXhwIjoxODEyODgwNjgzLCJpYXQiOjE3ODEzNDQ2ODMsIm5iZiI6MTc4MTM0NDU2Mywib3JnIjoxLCJvbmx5Q2hhbm5lbHMiOlsic2xlLW1vZHVsZS1zeXN0ZW1zLW1hbmFnZW1lbnQtMTUtc3A3LXBvb2wteDg2XzY0Il19.iYwkaqtOzq-lrxNTk4ji-RVGiJ6CQuNkqg1JEZk9Cl8 HTTP/1.1" 200 1137
172.16.3.5 - - [13/Jun/2026:11:58:31 +0200] "POST /rhn/manager/frontend-log HTTP/1.1" 200 42
172.16.3.7 - - [13/Jun/2026:11:58:32 +0200] "HEAD /rhn/manager/download/sle-module-systems-management-15-sp7-updates-x86_64/repodata/repomd.xml?eyJhbGciOiJIUzI1NiJ9.eyJqdGkiOiJQVzhOaldSdWJxUGZXbk9zTG8tWUZ3IiwiZXhwIjoxODEyODgwNjgzLCJpYXQiOjE3ODEzNDQ2ODMsIm5iZiI6MTc4MTM0NDU2Mywib3JnIjoxLCJvbmx5Q2hhbm5lbHMiOlsic2xlLW1vZHVsZS1zeXN0ZW1zLW1hbmFnZW1lbnQtMTUtc3A3LXVwZGF0ZXMteDg2XzY0Il19.2ZvWPeL3D3O-h2ILrrg7dKGJKED6zQZgnRP8kqFX6LQ HTTP/1.1" 200 -
172.16.3.7 - - [13/Jun/2026:11:58:32 +0200] "HEAD /rhn/manager/download/sle-module-systems-management-15-sp7-updates-x86_64/media.1/media?eyJhbGciOiJIUzI1NiJ9.eyJqdGkiOiJQVzhOaldSdWJxUGZXbk9zTG8tWUZ3IiwiZXhwIjoxODEyODgwNjgzLCJpYXQiOjE3ODEzNDQ2ODMsIm5iZiI6MTc4MTM0NDU2Mywib3JnIjoxLCJvbmx5Q2hhbm5lbHMiOlsic2xlLW1vZHVsZS1zeXN0ZW1zLW1hbmFnZW1lbnQtMTUtc3A3LXVwZGF0ZXMteDg2XzY0Il19.2ZvWPeL3D3O-h2ILrrg7dKGJKED6zQZgnRP8kqFX6LQ HTTP/1.1" 404 -
172.16.3.5 - - [13/Jun/2026:11:58:32 +0200] "GET /rhn/manager/api/systems/list/all?p=1&ps=100&s=1&sc=server_name HTTP/1.1" 200 658
172.16.3.7 - - [13/Jun/2026:11:58:32 +0200] "HEAD /rhn/manager/download/sle-module-systems-management-15-sp7-updates-x86_64/repodata/repomd.xml?eyJhbGciOiJIUzI1NiJ9.eyJqdGkiOiJQVzhOaldSdWJxUGZXbk9zTG8tWUZ3IiwiZXhwIjoxODEyODgwNjgzLCJpYXQiOjE3ODEzNDQ2ODMsIm5iZiI6MTc4MTM0NDU2Mywib3JnIjoxLCJvbmx5Q2hhbm5lbHMiOlsic2xlLW1vZHVsZS1zeXN0ZW1zLW1hbmFnZW1lbnQtMTUtc3A3LXVwZGF0ZXMteDg2XzY0Il19.2ZvWPeL3D3O-h2ILrrg7dKGJKED6zQZgnRP8kqFX6LQ HTTP/1.1" 200 -
172.16.3.5 - - [13/Jun/2026:11:58:32 +0200] "POST /rhn/manager/api/sets/system_list HTTP/1.1" 200 27
172.16.3.7 - - [13/Jun/2026:11:58:32 +0200] "GET /rhn/manager/download/sle-module-systems-management-15-sp7-updates-x86_64/repodata/repomd.xml?eyJhbGciOiJIUzI1NiJ9.eyJqdGkiOiJQVzhOaldSdWJxUGZXbk9zTG8tWUZ3IiwiZXhwIjoxODEyODgwNjgzLCJpYXQiOjE3ODEzNDQ2ODMsIm5iZiI6MTc4MTM0NDU2Mywib3JnIjoxLCJvbmx5Q2hhbm5lbHMiOlsic2xlLW1vZHVsZS1zeXN0ZW1zLW1hbmFnZW1lbnQtMTUtc3A3LXVwZGF0ZXMteDg2XzY0Il19.2ZvWPeL3D3O-h2ILrrg7dKGJKED6zQZgnRP8kqFX6LQ HTTP/1.1" 200 1987
172.16.3.7 - - [13/Jun/2026:11:58:32 +0200] "HEAD /rhn/manager/download/sle-module-systems-management-15-sp7-updates-x86_64/repodata/repomd.xml.asc?eyJhbGciOiJIUzI1NiJ9.eyJqdGkiOiJQVzhOaldSdWJxUGZXbk9zTG8tWUZ3IiwiZXhwIjoxODEyODgwNjgzLCJpYXQiOjE3ODEzNDQ2ODMsIm5iZiI6MTc4MTM0NDU2Mywib3JnIjoxLCJvbmx5Q2hhbm5lbHMiOlsic2xlLW1vZHVsZS1zeXN0ZW1zLW1hbmFnZW1lbnQtMTUtc3A3LXVwZGF0ZXMteDg2XzY0Il19.2ZvWPeL3D3O-h2ILrrg7dKGJKED6zQZgnRP8kqFX6LQ HTTP/1.1" 404 -
172.16.3.7 - - [13/Jun/2026:11:58:32 +0200] "HEAD /rhn/manager/download/sle-module-systems-management-15-sp7-updates-x86_64/repodata/c5f80234cc8ed9df530f3d5b8af16d4e8f8fc37c097fcb919418dfa6f143315b-primary.xml.gz?eyJhbGciOiJIUzI1NiJ9.eyJqdGkiOiJQVzhOaldSdWJxUGZXbk9zTG8tWUZ3IiwiZXhwIjoxODEyODgwNjgzLCJpYXQiOjE3ODEzNDQ2ODMsIm5iZiI6MTc4MTM0NDU2Mywib3JnIjoxLCJvbmx5Q2hhbm5lbHMiOlsic2xlLW1vZHVsZS1zeXN0ZW1zLW1hbmFnZW1lbnQtMTUtc3A3LXVwZGF0ZXMteDg2XzY0Il19.2ZvWPeL3D3O-h2ILrrg7dKGJKED6zQZgnRP8kqFX6LQ HTTP/1.1" 200 -
172.16.3.7 - - [13/Jun/2026:11:58:32 +0200] "GET /rhn/manager/download/sle-module-systems-management-15-sp7-updates-x86_64/repodata/c5f80234cc8ed9df530f3d5b8af16d4e8f8fc37c097fcb919418dfa6f143315b-primary.xml.gz?eyJhbGciOiJIUzI1NiJ9.eyJqdGkiOiJQVzhOaldSdWJxUGZXbk9zTG8tWUZ3IiwiZXhwIjoxODEyODgwNjgzLCJpYXQiOjE3ODEzNDQ2ODMsIm5iZiI6MTc4MTM0NDU2Mywib3JnIjoxLCJvbmx5Q2hhbm5lbHMiOlsic2xlLW1vZHVsZS1zeXN0ZW1zLW1hbmFnZW1lbnQtMTUtc3A3LXVwZGF0ZXMteDg2XzY0Il19.2ZvWPeL3D3O-h2ILrrg7dKGJKED6zQZgnRP8kqFX6LQ HTTP/1.1" 200 14459
172.16.3.7 - - [13/Jun/2026:11:58:32 +0200] "HEAD /rhn/manager/download/sle-module-systems-management-15-sp7-updates-x86_64/repodata/860a8ffd2e631d23d2e7e19d0bb2ec71704b82672341c7e80418b42f7f6aaea2-susedata.xml.gz?eyJhbGciOiJIUzI1NiJ9.eyJqdGkiOiJQVzhOaldSdWJxUGZXbk9zTG8tWUZ3IiwiZXhwIjoxODEyODgwNjgzLCJpYXQiOjE3ODEzNDQ2ODMsIm5iZiI6MTc4MTM0NDU2Mywib3JnIjoxLCJvbmx5Q2hhbm5lbHMiOlsic2xlLW1vZHVsZS1zeXN0ZW1zLW1hbmFnZW1lbnQtMTUtc3A3LXVwZGF0ZXMteDg2XzY0Il19.2ZvWPeL3D3O-h2ILrrg7dKGJKED6zQZgnRP8kqFX6LQ HTTP/1.1" 200 -
