172.16.3.7 - - [13/Jun/2026:11:59:33 +0200] "HEAD /rhn/manager/download/sle-module-python3-15-sp7-updates-x86_64/media.1/media?eyJhbGciOiJIUzI1NiJ9.eyJqdGkiOiJ5WDg0NEJPM2s2cTZIc0V3TWlGbkxnIiwiZXhwIjoxODEyODgwNjgzLCJpYXQiOjE3ODEzNDQ2ODMsIm5iZiI6MTc4MTM0NDU2Mywib3JnIjoxLCJvbmx5Q2hhbm5lbHMiOlsic2xlLW1vZHVsZS1weXRob24zLTE1LXNwNy11cGRhdGVzLXg4Nl82NCJdfQ.5JbZUmObrU8fHxvIHkji_KULoMzPkE-ehEiJmMRM1us HTTP/1.1" 404 -
172.16.3.5 - - [13/Jun/2026:11:59:33 +0200] "GET /rhn/systems/details/history/Event.do?sid=1000010004&aid=21 HTTP/1.1" 200 8073
::1 - - [13/Jun/2026:11:59:34 +0200] "OPTIONS * HTTP/1.0" 200 - "-" "Apache/2.4.66 (Linux/SUSE) OpenSSL/3.5.0 mod_wsgi/5.0.2 Python/3.13 (internal dummy connection)"
172.16.3.7 - - [13/Jun/2026:11:59:34 +0200] "HEAD /rhn/manager/download/sle-module-python3-15-sp7-updates-x86_64/repodata/repomd.xml?eyJhbGciOiJIUzI1NiJ9.eyJqdGkiOiJ5WDg0NEJPM2s2cTZIc0V3TWlGbkxnIiwiZXhwIjoxODEyODgwNjgzLCJpYXQiOjE3ODEzNDQ2ODMsIm5iZiI6MTc4MTM0NDU2Mywib3JnIjoxLCJvbmx5Q2hhbm5lbHMiOlsic2xlLW1vZHVsZS1weXRob24zLTE1LXNwNy11cGRhdGVzLXg4Nl82NCJdfQ.5JbZUmObrU8fHxvIHkji_KULoMzPkE-ehEiJmMRM1us HTTP/1.1" 200 -
172.16.3.5 - - [13/Jun/2026:11:59:34 +0200] "GET /img/favicon.ico?q=0.29273521579455897 HTTP/1.1" 200 1150
172.16.3.5 - - [13/Jun/2026:11:59:34 +0200] "POST /rhn/manager/frontend-log HTTP/1.1" 200 42
172.16.3.5 - - [13/Jun/2026:11:59:33 +0200] "GET /rhn/systems/details/Overview.do?sid=1000010002 HTTP/1.1" 200 6958
172.16.3.5 - - [13/Jun/2026:11:59:29 +0200] "GET /rhn/websocket/notifications HTTP/1.1" 101 -
172.16.3.7 - - [13/Jun/2026:11:59:34 +0200] "GET /rhn/manager/download/sle-module-python3-15-sp7-updates-x86_64/repodata/repomd.xml?eyJhbGciOiJIUzI1NiJ9.eyJqdGkiOiJ5WDg0NEJPM2s2cTZIc0V3TWlGbkxnIiwiZXhwIjoxODEyODgwNjgzLCJpYXQiOjE3ODEzNDQ2ODMsIm5iZiI6MTc4MTM0NDU2Mywib3JnIjoxLCJvbmx5Q2hhbm5lbHMiOlsic2xlLW1vZHVsZS1weXRob24zLTE1LXNwNy11cGRhdGVzLXg4Nl82NCJdfQ.5JbZUmObrU8fHxvIHkji_KULoMzPkE-ehEiJmMRM1us HTTP/1.1" 304 -
172.16.3.5 - - [13/Jun/2026:11:59:34 +0200] "POST /rhn/manager/frontend-log HTTP/1.1" 200 42
172.16.3.7 - - [13/Jun/2026:11:59:34 +0200] "HEAD /rhn/manager/download/sle-module-python3-15-sp7-updates-x86_64/repodata/repomd.xml.asc?eyJhbGciOiJIUzI1NiJ9.eyJqdGkiOiJ5WDg0NEJPM2s2cTZIc0V3TWlGbkxnIiwiZXhwIjoxODEyODgwNjgzLCJpYXQiOjE3ODEzNDQ2ODMsIm5iZiI6MTc4MTM0NDU2Mywib3JnIjoxLCJvbmx5Q2hhbm5lbHMiOlsic2xlLW1vZHVsZS1weXRob24zLTE1LXNwNy11cGRhdGVzLXg4Nl82NCJdfQ.5JbZUmObrU8fHxvIHkji_KULoMzPkE-ehEiJmMRM1us HTTP/1.1" 404 -
172.16.3.5 - - [13/Jun/2026:11:59:34 +0200] "GET /rhn/websocket/notifications HTTP/1.1" 101 -
172.16.3.5 - - [13/Jun/2026:11:59:34 +0200] "POST /rhn/manager/frontend-log HTTP/1.1" 200 42
172.16.3.7 - - [13/Jun/2026:11:59:34 +0200] "HEAD /rhn/manager/download/sle-module-python3-15-sp7-updates-x86_64/repodata/344b8d16024a637b57a335e04d25bf6984f65231f5fb891bde6f41c871f31a64-primary.xml.gz?eyJhbGciOiJIUzI1NiJ9.eyJqdGkiOiJ5WDg0NEJPM2s2cTZIc0V3TWlGbkxnIiwiZXhwIjoxODEyODgwNjgzLCJpYXQiOjE3ODEzNDQ2ODMsIm5iZiI6MTc4MTM0NDU2Mywib3JnIjoxLCJvbmx5Q2hhbm5lbHMiOlsic2xlLW1vZHVsZS1weXRob24zLTE1LXNwNy11cGRhdGVzLXg4Nl82NCJdfQ.5JbZUmObrU8fHxvIHkji_KULoMzPkE-ehEiJmMRM1us HTTP/1.1" 200 -
172.16.3.5 - - [13/Jun/2026:11:59:34 +0200] "GET /rhn/systems/details/history/Pending.do?sid=1000010004& HTTP/1.1" 200 6219
172.16.3.7 - - [13/Jun/2026:11:59:35 +0200] "GET /rhn/manager/download/sle-module-python3-15-sp7-updates-x86_64/repodata/344b8d16024a637b57a335e04d25bf6984f65231f5fb891bde6f41c871f31a64-primary.xml.gz?eyJhbGciOiJIUzI1NiJ9.eyJqdGkiOiJ5WDg0NEJPM2s2cTZIc0V3TWlGbkxnIiwiZXhwIjoxODEyODgwNjgzLCJpYXQiOjE3ODEzNDQ2ODMsIm5iZiI6MTc4MTM0NDU2Mywib3JnIjoxLCJvbmx5Q2hhbm5lbHMiOlsic2xlLW1vZHVsZS1weXRob24zLTE1LXNwNy11cGRhdGVzLXg4Nl82NCJdfQ.5JbZUmObrU8fHxvIHkji_KULoMzPkE-ehEiJmMRM1us HTTP/1.1" 304 -
172.16.3.5 - - [13/Jun/2026:11:59:35 +0200] "GET /img/favicon.ico?q=0.19412872796246716 HTTP/1.1" 200 1150
::1 - - [13/Jun/2026:11:59:35 +0200] "OPTIONS * HTTP/1.0" 200 - "-" "Apache/2.4.66 (Linux/SUSE) OpenSSL/3.5.0 mod_wsgi/5.0.2 Python/3.13 (internal dummy connection)"
172.16.3.5 - - [13/Jun/2026:11:59:34 +0200] "GET /rhn/systems/details/packages/Packages.do?sid=1000010002& HTTP/1.1" 200 6088
172.16.3.7 - - [13/Jun/2026:11:59:35 +0200] "HEAD /rhn/manager/download/sle-module-python3-15-sp7-updates-x86_64/repodata/a18103683222eefec7578dc300c7dbed6e1e380b3d65c8220d695ba19166fc12-susedata.xml.gz?eyJhbGciOiJIUzI1NiJ9.eyJqdGkiOiJ5WDg0NEJPM2s2cTZIc0V3TWlGbkxnIiwiZXhwIjoxODEyODgwNjgzLCJpYXQiOjE3ODEzNDQ2ODMsIm5iZiI6MTc4MTM0NDU2Mywib3JnIjoxLCJvbmx5Q2hhbm5lbHMiOlsic2xlLW1vZHVsZS1weXRob24zLTE1LXNwNy11cGRhdGVzLXg4Nl82NCJdfQ.5JbZUmObrU8fHxvIHkji_KULoMzPkE-ehEiJmMRM1us HTTP/1.1" 200 -
172.16.3.5 - - [13/Jun/2026:11:59:35 +0200] "GET /img/favicon.ico?q=0.5668941149170246 HTTP/1.1" 200 1150
172.16.3.5 - - [13/Jun/2026:11:59:35 +0200] "POST /rhn/manager/frontend-log HTTP/1.1" 200 42
172.16.3.7 - - [13/Jun/2026:11:59:35 +0200] "GET /rhn/manager/download/sle-module-python3-15-sp7-updates-x86_64/repodata/a18103683222eefec7578dc300c7dbed6e1e380b3d65c8220d695ba19166fc12-susedata.xml.gz?eyJhbGciOiJIUzI1NiJ9.eyJqdGkiOiJ5WDg0NEJPM2s2cTZIc0V3TWlGbkxnIiwiZXhwIjoxODEyODgwNjgzLCJpYXQiOjE3ODEzNDQ2ODMsIm5iZiI6MTc4MTM0NDU2Mywib3JnIjoxLCJvbmx5Q2hhbm5lbHMiOlsic2xlLW1vZHVsZS1weXRob24zLTE1LXNwNy11cGRhdGVzLXg4Nl82NCJdfQ.5JbZUmObrU8fHxvIHkji_KULoMzPkE-ehEiJmMRM1us HTTP/1.1" 304 -
172.16.3.5 - - [13/Jun/2026:11:59:35 +0200] "GET /rhn/websocket/notifications HTTP/1.1" 101 -
172.16.3.5 - - [13/Jun/2026:11:59:35 +0200] "POST /rhn/manager/frontend-log HTTP/1.1" 200 42
172.16.3.7 - - [13/Jun/2026:11:59:35 +0200] "HEAD /rhn/manager/download/sle-module-python3-15-sp7-updates-x86_64/repodata/59da779f3761d9a623e9e3ae11efb9df3c16e5c5db673a37d16d6e6b331e07ae-updateinfo.xml.gz?eyJhbGciOiJIUzI1NiJ9.eyJqdGkiOiJ5WDg0NEJPM2s2cTZIc0V3TWlGbkxnIiwiZXhwIjoxODEyODgwNjgzLCJpYXQiOjE3ODEzNDQ2ODMsIm5iZiI6MTc4MTM0NDU2Mywib3JnIjoxLCJvbmx5Q2hhbm5lbHMiOlsic2xlLW1vZHVsZS1weXRob24zLTE1LXNwNy11cGRhdGVzLXg4Nl82NCJdfQ.5JbZUmObrU8fHxvIHkji_KULoMzPkE-ehEiJmMRM1us HTTP/1.1" 200 -
172.16.3.5 - - [13/Jun/2026:11:59:35 +0200] "GET /rhn/systems/details/history/Pending.do?sid=1000010004& HTTP/1.1" 200 6219
172.16.3.7 - - [13/Jun/2026:11:59:35 +0200] "GET /rhn/manager/download/sle-module-python3-15-sp7-updates-x86_64/repodata/59da779f3761d9a623e9e3ae11efb9df3c16e5c5db673a37d16d6e6b331e07ae-updateinfo.xml.gz?eyJhbGciOiJIUzI1NiJ9.eyJqdGkiOiJ5WDg0NEJPM2s2cTZIc0V3TWlGbkxnIiwiZXhwIjoxODEyODgwNjgzLCJpYXQiOjE3ODEzNDQ2ODMsIm5iZiI6MTc4MTM0NDU2Mywib3JnIjoxLCJvbmx5Q2hhbm5lbHMiOlsic2xlLW1vZHVsZS1weXRob24zLTE1LXNwNy11cGRhdGVzLXg4Nl82NCJdfQ.5JbZUmObrU8fHxvIHkji_KULoMzPkE-ehEiJmMRM1us HTTP/1.1" 304 -
172.16.3.5 - - [13/Jun/2026:11:59:35 +0200] "GET /img/favicon.ico?q=0.7565800980256838 HTTP/1.1" 200 1150
172.16.3.5 - - [13/Jun/2026:11:59:35 +0200] "GET /rhn/systems/details/SystemChannels.do?sid=1000010002& HTTP/1.1" 200 5866
172.16.3.5 - - [13/Jun/2026:11:59:35 +0200] "POST /rhn/manager/frontend-log HTTP/1.1" 200 42
172.16.3.7 - - [13/Jun/2026:11:59:36 +0200] "HEAD /rhn/manager/download/sle-module-server-applications15-sp7-updates-x86_64/repodata/repomd.xml?eyJhbGciOiJIUzI1NiJ9.eyJqdGkiOiI3VFJXOUVyYzR3Sl83Q1lBamRmdXlnIiwiZXhwIjoxODEyODgwNjgzLCJpYXQiOjE3ODEzNDQ2ODMsIm5iZiI6MTc4MTM0NDU2Mywib3JnIjoxLCJvbmx5Q2hhbm5lbHMiOlsic2xlLW1vZHVsZS1zZXJ2ZXItYXBwbGljYXRpb25zMTUtc3A3LXVwZGF0ZXMteDg2XzY0Il19.gG52MOXhmkt8smv8quYwmNzv-bMRhofQrGoCQEdL_Wc HTTP/1.1" 200 -
172.16.3.5 - - [13/Jun/2026:11:59:36 +0200] "GET /img/favicon.ico?q=0.03102008106784404 HTTP/1.1" 200 1150
172.16.3.5 - - [13/Jun/2026:11:59:36 +0200] "GET /javascript/manager/html_src_components_action-schedule_tsx.118292a2975e0928a9ec.js HTTP/1.1" 200 3381
172.16.3.5 - - [13/Jun/2026:11:59:36 +0200] "GET /css/html_src_components_input_select_withCustomComponents_tsx-html_src_manager_systems_subscribe--101ff7.e2afb475bce17e52bd16.css HTTP/1.1" 200 238
172.16.3.5 - - [13/Jun/2026:11:59:36 +0200] "GET /javascript/manager/html_src_components_input_select_withCustomComponents_tsx-html_src_manager_systems_subscribe--101ff7.e2afb475bce17e52bd16.js HTTP/1.1" 200 7975
172.16.3.5 - - [13/Jun/2026:11:59:35 +0200] "GET /rhn/websocket/notifications HTTP/1.1" 101 -
172.16.3.5 - - [13/Jun/2026:11:59:36 +0200] "POST /rhn/manager/frontend-log HTTP/1.1" 200 42
172.16.3.7 - - [13/Jun/2026:11:59:36 +0200] "HEAD /rhn/manager/download/sle-module-server-applications15-sp7-updates-x86_64/media.1/media?eyJhbGciOiJIUzI1NiJ9.eyJqdGkiOiI3VFJXOUVyYzR3Sl83Q1lBamRmdXlnIiwiZXhwIjoxODEyODgwNjgzLCJpYXQiOjE3ODEzNDQ2ODMsIm5iZiI6MTc4MTM0NDU2Mywib3JnIjoxLCJvbmx5Q2hhbm5lbHMiOlsic2xlLW1vZHVsZS1zZXJ2ZXItYXBwbGljYXRpb25zMTUtc3A3LXVwZGF0ZXMteDg2XzY0Il19.gG52MOXhmkt8smv8quYwmNzv-bMRhofQrGoCQEdL_Wc HTTP/1.1" 404 -
172.16.3.5 - - [13/Jun/2026:11:59:36 +0200] "GET /rhn/manager/api/systems/1000010002/channels HTTP/1.1" 200 253
172.16.3.5 - - [13/Jun/2026:11:59:36 +0200] "GET /rhn/manager/api/systems/1000010002/channels-available-base HTTP/1.1" 200 169
172.16.3.7 - - [13/Jun/2026:11:59:36 +0200] "HEAD /rhn/manager/download/sle-module-server-applications15-sp7-updates-x86_64/repodata/repomd.xml?eyJhbGciOiJIUzI1NiJ9.eyJqdGkiOiI3VFJXOUVyYzR3Sl83Q1lBamRmdXlnIiwiZXhwIjoxODEyODgwNjgzLCJpYXQiOjE3ODEzNDQ2ODMsIm5iZiI6MTc4MTM0NDU2Mywib3JnIjoxLCJvbmx5Q2hhbm5lbHMiOlsic2xlLW1vZHVsZS1zZXJ2ZXItYXBwbGljYXRpb25zMTUtc3A3LXVwZGF0ZXMteDg2XzY0Il19.gG52MOXhmkt8smv8quYwmNzv-bMRhofQrGoCQEdL_Wc HTTP/1.1" 200 -
172.16.3.5 - - [13/Jun/2026:11:59:36 +0200] "GET /rhn/manager/api/systems/1000010002/channels/128/accessible-children?oldBaseChannelId=128 HTTP/1.1" 200 201
172.16.3.5 - - [13/Jun/2026:11:59:36 +0200] "GET /rhn/systems/details/history/History.do?sid=1000010004& HTTP/1.1" 200 6966
172.16.3.7 - - [13/Jun/2026:11:59:36 +0200] "GET /rhn/manager/download/sle-module-server-applications15-sp7-updates-x86_64/repodata/repomd.xml?eyJhbGciOiJIUzI1NiJ9.eyJqdGkiOiI3VFJXOUVyYzR3Sl83Q1lBamRmdXlnIiwiZXhwIjoxODEyODgwNjgzLCJpYXQiOjE3ODEzNDQ2ODMsIm5iZiI6MTc4MTM0NDU2Mywib3JnIjoxLCJvbmx5Q2hhbm5lbHMiOlsic2xlLW1vZHVsZS1zZXJ2ZXItYXBwbGljYXRpb25zMTUtc3A3LXVwZGF0ZXMteDg2XzY0Il19.gG52MOXhmkt8smv8quYwmNzv-bMRhofQrGoCQEdL_Wc HTTP/1.1" 304 -
172.16.3.5 - - [13/Jun/2026:11:59:36 +0200] "GET /img/favicon.ico?q=0.10920696520754891 HTTP/1.1" 200 1150
172.16.3.5 - - [13/Jun/2026:11:59:36 +0200] "POST /rhn/manager/api/admin/mandatoryChannels HTTP/1.1" 200 67
172.16.3.7 - - [13/Jun/2026:11:59:36 +0200] "HEAD /rhn/manager/download/sle-module-server-applications15-sp7-updates-x86_64/repodata/repomd.xml.asc?eyJhbGciOiJIUzI1NiJ9.eyJqdGkiOiI3VFJXOUVyYzR3Sl83Q1lBamRmdXlnIiwiZXhwIjoxODEyODgwNjgzLCJpYXQiOjE3ODEzNDQ2ODMsIm5iZiI6MTc4MTM0NDU2Mywib3JnIjoxLCJvbmx5Q2hhbm5lbHMiOlsic2xlLW1vZHVsZS1zZXJ2ZXItYXBwbGljYXRpb25zMTUtc3A3LXVwZGF0ZXMteDg2XzY0Il19.gG52MOXhmkt8smv8quYwmNzv-bMRhofQrGoCQEdL_Wc HTTP/1.1" 404 -
172.16.3.5 - - [13/Jun/2026:11:59:36 +0200] "POST /rhn/manager/frontend-log HTTP/1.1" 200 42
172.16.3.7 - - [13/Jun/2026:11:59:37 +0200] "HEAD /rhn/manager/download/sle-module-server-applications15-sp7-updates-x86_64/repodata/211d7a40af0dc8d705c67843eac0327bdfc931839033815d770159aa64935c6e-primary.xml.gz?eyJhbGciOiJIUzI1NiJ9.eyJqdGkiOiI3VFJXOUVyYzR3Sl83Q1lBamRmdXlnIiwiZXhwIjoxODEyODgwNjgzLCJpYXQiOjE3ODEzNDQ2ODMsIm5iZiI6MTc4MTM0NDU2Mywib3JnIjoxLCJvbmx5Q2hhbm5lbHMiOlsic2xlLW1vZHVsZS1zZXJ2ZXItYXBwbGljYXRpb25zMTUtc3A3LXVwZGF0ZXMteDg2XzY0Il19.gG52MOXhmkt8smv8quYwmNzv-bMRhofQrGoCQEdL_Wc HTTP/1.1" 200 -
172.16.3.5 - - [13/Jun/2026:11:59:36 +0200] "POST /rhn/manager/api/maintenance/upcoming-windows HTTP/1.1" 200 52
172.16.3.5 - - [13/Jun/2026:11:59:36 +0200] "GET /rhn/websocket/notifications HTTP/1.1" 101 -
172.16.3.7 - - [13/Jun/2026:11:59:37 +0200] "GET /rhn/manager/download/sle-module-server-applications15-sp7-updates-x86_64/repodata/211d7a40af0dc8d705c67843eac0327bdfc931839033815d770159aa64935c6e-primary.xml.gz?eyJhbGciOiJIUzI1NiJ9.eyJqdGkiOiI3VFJXOUVyYzR3Sl83Q1lBamRmdXlnIiwiZXhwIjoxODEyODgwNjgzLCJpYXQiOjE3ODEzNDQ2ODMsIm5iZiI6MTc4MTM0NDU2Mywib3JnIjoxLCJvbmx5Q2hhbm5lbHMiOlsic2xlLW1vZHVsZS1zZXJ2ZXItYXBwbGljYXRpb25zMTUtc3A3LXVwZGF0ZXMteDg2XzY0Il19.gG52MOXhmkt8smv8quYwmNzv-bMRhofQrGoCQEdL_Wc HTTP/1.1" 304 -
172.16.3.5 - - [13/Jun/2026:11:59:35 +0200] "POST /rhn/manager/api/auth/login HTTP/1.1" 200 42
172.16.3.5 - - [13/Jun/2026:11:59:37 +0200] "POST /rhn/manager/api/systems/1000010002/channels HTTP/1.1" 200 52
172.16.3.7 - - [13/Jun/2026:11:59:37 +0200] "HEAD /rhn/manager/download/sle-module-server-applications15-sp7-updates-x86_64/repodata/787f0d01ed9dfe073c075ec5c12a46a709a4b244d69a67aa1353d55d748f96ae-susedata.xml.gz?eyJhbGciOiJIUzI1NiJ9.eyJqdGkiOiI3VFJXOUVyYzR3Sl83Q1lBamRmdXlnIiwiZXhwIjoxODEyODgwNjgzLCJpYXQiOjE3ODEzNDQ2ODMsIm5iZiI6MTc4MTM0NDU2Mywib3JnIjoxLCJvbmx5Q2hhbm5lbHMiOlsic2xlLW1vZHVsZS1zZXJ2ZXItYXBwbGljYXRpb25zMTUtc3A3LXVwZGF0ZXMteDg2XzY0Il19.gG52MOXhmkt8smv8quYwmNzv-bMRhofQrGoCQEdL_Wc HTTP/1.1" 200 -
172.16.3.5 - - [13/Jun/2026:11:59:37 +0200] "GET /rhn/systems/details/history/Event.do?sid=1000010004&aid=20 HTTP/1.1" 200 6194
172.16.3.5 - - [13/Jun/2026:11:59:37 +0200] "GET /img/favicon.ico?q=0.4502332094146311 HTTP/1.1" 200 1150
172.16.3.5 - - [13/Jun/2026:11:59:37 +0200] "POST /rhn/manager/api/system/searchByName HTTP/1.1" 200 152
172.16.3.5 - - [13/Jun/2026:11:59:36 +0200] "GET /rhn/websocket/notifications HTTP/1.1" 101 -
172.16.3.7 - - [13/Jun/2026:11:59:37 +0200] "GET /rhn/manager/download/sle-module-server-applications15-sp7-updates-x86_64/repodata/787f0d01ed9dfe073c075ec5c12a46a709a4b244d69a67aa1353d55d748f96ae-susedata.xml.gz?eyJhbGciOiJIUzI1NiJ9.eyJqdGkiOiI3VFJXOUVyYzR3Sl83Q1lBamRmdXlnIiwiZXhwIjoxODEyODgwNjgzLCJpYXQiOjE3ODEzNDQ2ODMsIm5iZiI6MTc4MTM0NDU2Mywib3JnIjoxLCJvbmx5Q2hhbm5lbHMiOlsic2xlLW1vZHVsZS1zZXJ2ZXItYXBwbGljYXRpb25zMTUtc3A3LXVwZGF0ZXMteDg2XzY0Il19.gG52MOXhmkt8smv8quYwmNzv-bMRhofQrGoCQEdL_Wc HTTP/1.1" 304 -
172.16.3.5 - - [13/Jun/2026:11:59:37 +0200] "POST /rhn/manager/frontend-log HTTP/1.1" 200 42
172.16.3.7 - - [13/Jun/2026:11:59:37 +0200] "HEAD /rhn/manager/download/sle-module-server-applications15-sp7-updates-x86_64/repodata/6e11f968434b70f080b79d04ec2b509383851445557f2afdbfc87927e6964dc3-updateinfo.xml.gz?eyJhbGciOiJIUzI1NiJ9.eyJqdGkiOiI3VFJXOUVyYzR3Sl83Q1lBamRmdXlnIiwiZXhwIjoxODEyODgwNjgzLCJpYXQiOjE3ODEzNDQ2ODMsIm5iZiI6MTc4MTM0NDU2Mywib3JnIjoxLCJvbmx5Q2hhbm5lbHMiOlsic2xlLW1vZHVsZS1zZXJ2ZXItYXBwbGljYXRpb25zMTUtc3A3LXVwZGF0ZXMteDg2XzY0Il19.gG52MOXhmkt8smv8quYwmNzv-bMRhofQrGoCQEdL_Wc HTTP/1.1" 200 -
172.16.3.5 - - [13/Jun/2026:11:59:37 +0200] "GET /rhn/manager/api/auth/logout HTTP/1.1" 200 42
172.16.3.5 - - [13/Jun/2026:11:59:08 +0200] "GET /rhn/websocket/notifications HTTP/1.1" 101 -
172.16.3.7 - - [13/Jun/2026:11:59:38 +0200] "GET /rhn/manager/download/sle-module-server-applications15-sp7-updates-x86_64/repodata/6e11f968434b70f080b79d04ec2b509383851445557f2afdbfc87927e6964dc3-updateinfo.xml.gz?eyJhbGciOiJIUzI1NiJ9.eyJqdGkiOiI3VFJXOUVyYzR3Sl83Q1lBamRmdXlnIiwiZXhwIjoxODEyODgwNjgzLCJpYXQiOjE3ODEzNDQ2ODMsIm5iZiI6MTc4MTM0NDU2Mywib3JnIjoxLCJvbmx5Q2hhbm5lbHMiOlsic2xlLW1vZHVsZS1zZXJ2ZXItYXBwbGljYXRpb25zMTUtc3A3LXVwZGF0ZXMteDg2XzY0Il19.gG52MOXhmkt8smv8quYwmNzv-bMRhofQrGoCQEdL_Wc HTTP/1.1" 304 -
172.16.3.5 - - [13/Jun/2026:11:59:37 +0200] "GET /rhn/systems/details/history/Pending.do?sid=1000010002& HTTP/1.1" 200 6910
172.16.3.5 - - [13/Jun/2026:11:59:38 +0200] "GET /img/favicon.ico?q=0.7226496627247878 HTTP/1.1" 200 1150
172.16.3.7 - - [13/Jun/2026:11:59:38 +0200] "HEAD /rhn/manager/download/sle-module-systems-management-15-sp7-updates-x86_64/repodata/repomd.xml?eyJhbGciOiJIUzI1NiJ9.eyJqdGkiOiJQVzhOaldSdWJxUGZXbk9zTG8tWUZ3IiwiZXhwIjoxODEyODgwNjgzLCJpYXQiOjE3ODEzNDQ2ODMsIm5iZiI6MTc4MTM0NDU2Mywib3JnIjoxLCJvbmx5Q2hhbm5lbHMiOlsic2xlLW1vZHVsZS1zeXN0ZW1zLW1hbmFnZW1lbnQtMTUtc3A3LXVwZGF0ZXMteDg2XzY0Il19.2ZvWPeL3D3O-h2ILrrg7dKGJKED6zQZgnRP8kqFX6LQ HTTP/1.1" 200 -
172.16.3.5 - - [13/Jun/2026:11:59:38 +0200] "POST /rhn/manager/frontend-log HTTP/1.1" 200 42
172.16.3.7 - - [13/Jun/2026:11:59:38 +0200] "HEAD /rhn/manager/download/sle-module-systems-management-15-sp7-updates-x86_64/media.1/media?eyJhbGciOiJIUzI1NiJ9.eyJqdGkiOiJQVzhOaldSdWJxUGZXbk9zTG8tWUZ3IiwiZXhwIjoxODEyODgwNjgzLCJpYXQiOjE3ODEzNDQ2ODMsIm5iZiI6MTc4MTM0NDU2Mywib3JnIjoxLCJvbmx5Q2hhbm5lbHMiOlsic2xlLW1vZHVsZS1zeXN0ZW1zLW1hbmFnZW1lbnQtMTUtc3A3LXVwZGF0ZXMteDg2XzY0Il19.2ZvWPeL3D3O-h2ILrrg7dKGJKED6zQZgnRP8kqFX6LQ HTTP/1.1" 404 -
172.16.3.5 - - [13/Jun/2026:11:59:38 +0200] "GET /rhn/systems/details/Overview.do?sid=1000010003 HTTP/1.1" 200 7048
172.16.3.5 - - [13/Jun/2026:11:59:24 +0200] "GET /rhn/websocket/notifications HTTP/1.1" 101 -
172.16.3.7 - - [13/Jun/2026:11:59:39 +0200] "HEAD /rhn/manager/download/sle-module-systems-management-15-sp7-updates-x86_64/repodata/repomd.xml?eyJhbGciOiJIUzI1NiJ9.eyJqdGkiOiJQVzhOaldSdWJxUGZXbk9zTG8tWUZ3IiwiZXhwIjoxODEyODgwNjgzLCJpYXQiOjE3ODEzNDQ2ODMsIm5iZiI6MTc4MTM0NDU2Mywib3JnIjoxLCJvbmx5Q2hhbm5lbHMiOlsic2xlLW1vZHVsZS1zeXN0ZW1zLW1hbmFnZW1lbnQtMTUtc3A3LXVwZGF0ZXMteDg2XzY0Il19.2ZvWPeL3D3O-h2ILrrg7dKGJKED6zQZgnRP8kqFX6LQ HTTP/1.1" 200 -
172.16.3.5 - - [13/Jun/2026:11:59:39 +0200] "POST /rhn/manager/frontend-log HTTP/1.1" 200 42
172.16.3.5 - - [13/Jun/2026:11:59:38 +0200] "GET /rhn/systems/details/history/Pending.do?sid=1000010002& HTTP/1.1" 200 6910
172.16.3.5 - - [13/Jun/2026:11:59:29 +0200] "GET /rhn/websocket/notifications HTTP/1.1" 101 -
172.16.3.7 - - [13/Jun/2026:11:59:39 +0200] "GET /rhn/manager/download/sle-module-systems-management-15-sp7-updates-x86_64/repodata/repomd.xml?eyJhbGciOiJIUzI1NiJ9.eyJqdGkiOiJQVzhOaldSdWJxUGZXbk9zTG8tWUZ3IiwiZXhwIjoxODEyODgwNjgzLCJpYXQiOjE3ODEzNDQ2ODMsIm5iZiI6MTc4MTM0NDU2Mywib3JnIjoxLCJvbmx5Q2hhbm5lbHMiOlsic2xlLW1vZHVsZS1zeXN0ZW1zLW1hbmFnZW1lbnQtMTUtc3A3LXVwZGF0ZXMteDg2XzY0Il19.2ZvWPeL3D3O-h2ILrrg7dKGJKED6zQZgnRP8kqFX6LQ HTTP/1.1" 304 -
172.16.3.5 - - [13/Jun/2026:11:59:39 +0200] "POST /rhn/manager/frontend-log HTTP/1.1" 200 42
172.16.3.5 - - [13/Jun/2026:11:59:39 +0200] "GET /img/favicon.ico?q=0.27156446759320274 HTTP/1.1" 200 1150
172.16.3.7 - - [13/Jun/2026:11:59:39 +0200] "HEAD /rhn/manager/download/sle-module-systems-management-15-sp7-updates-x86_64/repodata/repomd.xml.asc?eyJhbGciOiJIUzI1NiJ9.eyJqdGkiOiJQVzhOaldSdWJxUGZXbk9zTG8tWUZ3IiwiZXhwIjoxODEyODgwNjgzLCJpYXQiOjE3ODEzNDQ2ODMsIm5iZiI6MTc4MTM0NDU2Mywib3JnIjoxLCJvbmx5Q2hhbm5lbHMiOlsic2xlLW1vZHVsZS1zeXN0ZW1zLW1hbmFnZW1lbnQtMTUtc3A3LXVwZGF0ZXMteDg2XzY0Il19.2ZvWPeL3D3O-h2ILrrg7dKGJKED6zQZgnRP8kqFX6LQ HTTP/1.1" 404 -
172.16.3.7 - - [13/Jun/2026:11:59:40 +0200] "HEAD /rhn/manager/download/sle-module-systems-management-15-sp7-updates-x86_64/repodata/c5f80234cc8ed9df530f3d5b8af16d4e8f8fc37c097fcb919418dfa6f143315b-primary.xml.gz?eyJhbGciOiJIUzI1NiJ9.eyJqdGkiOiJQVzhOaldSdWJxUGZXbk9zTG8tWUZ3IiwiZXhwIjoxODEyODgwNjgzLCJpYXQiOjE3ODEzNDQ2ODMsIm5iZiI6MTc4MTM0NDU2Mywib3JnIjoxLCJvbmx5Q2hhbm5lbHMiOlsic2xlLW1vZHVsZS1zeXN0ZW1zLW1hbmFnZW1lbnQtMTUtc3A3LXVwZGF0ZXMteDg2XzY0Il19.2ZvWPeL3D3O-h2ILrrg7dKGJKED6zQZgnRP8kqFX6LQ HTTP/1.1" 200 -
172.16.3.5 - - [13/Jun/2026:11:59:39 +0200] "POST /rhn/manager/frontend-log HTTP/1.1" 200 42
172.16.3.5 - - [13/Jun/2026:11:59:39 +0200] "GET /rhn/systems/details/Overview.do?sid=1000010003& HTTP/1.1" 200 7048
172.16.3.7 - - [13/Jun/2026:11:59:40 +0200] "GET /rhn/manager/download/sle-module-systems-management-15-sp7-updates-x86_64/repodata/c5f80234cc8ed9df530f3d5b8af16d4e8f8fc37c097fcb919418dfa6f143315b-primary.xml.gz?eyJhbGciOiJIUzI1NiJ9.eyJqdGkiOiJQVzhOaldSdWJxUGZXbk9zTG8tWUZ3IiwiZXhwIjoxODEyODgwNjgzLCJpYXQiOjE3ODEzNDQ2ODMsIm5iZiI6MTc4MTM0NDU2Mywib3JnIjoxLCJvbmx5Q2hhbm5lbHMiOlsic2xlLW1vZHVsZS1zeXN0ZW1zLW1hbmFnZW1lbnQtMTUtc3A3LXVwZGF0ZXMteDg2XzY0Il19.2ZvWPeL3D3O-h2ILrrg7dKGJKED6zQZgnRP8kqFX6LQ HTTP/1.1" 304 -
172.16.3.5 - - [13/Jun/2026:11:59:39 +0200] "GET /rhn/systems/details/history/History.do?sid=1000010005& HTTP/1.1" 200 6892
172.16.3.5 - - [13/Jun/2026:11:59:40 +0200] "GET /img/favicon.ico?q=0.11224828828329014 HTTP/1.1" 200 1150
172.16.3.5 - - [13/Jun/2026:11:59:40 +0200] "GET /img/favicon.ico?q=0.9264567408292412 HTTP/1.1" 200 1150
172.16.3.7 - - [13/Jun/2026:11:59:40 +0200] "HEAD /rhn/manager/download/sle-module-systems-management-15-sp7-updates-x86_64/repodata/860a8ffd2e631d23d2e7e19d0bb2ec71704b82672341c7e80418b42f7f6aaea2-susedata.xml.gz?eyJhbGciOiJIUzI1NiJ9.eyJqdGkiOiJQVzhOaldSdWJxUGZXbk9zTG8tWUZ3IiwiZXhwIjoxODEyODgwNjgzLCJpYXQiOjE3ODEzNDQ2ODMsIm5iZiI6MTc4MTM0NDU2Mywib3JnIjoxLCJvbmx5Q2hhbm5lbHMiOlsic2xlLW1vZHVsZS1zeXN0ZW1zLW1hbmFnZW1lbnQtMTUtc3A3LXVwZGF0ZXMteDg2XzY0Il19.2ZvWPeL3D3O-h2ILrrg7dKGJKED6zQZgnRP8kqFX6LQ HTTP/1.1" 200 -
172.16.3.5 - - [13/Jun/2026:11:59:40 +0200] "POST /rhn/manager/frontend-log HTTP/1.1" 200 42
172.16.3.7 - - [13/Jun/2026:11:59:41 +0200] "GET /rhn/manager/download/sle-module-systems-management-15-sp7-updates-x86_64/repodata/860a8ffd2e631d23d2e7e19d0bb2ec71704b82672341c7e80418b42f7f6aaea2-susedata.xml.gz?eyJhbGciOiJIUzI1NiJ9.eyJqdGkiOiJQVzhOaldSdWJxUGZXbk9zTG8tWUZ3IiwiZXhwIjoxODEyODgwNjgzLCJpYXQiOjE3ODEzNDQ2ODMsIm5iZiI6MTc4MTM0NDU2Mywib3JnIjoxLCJvbmx5Q2hhbm5lbHMiOlsic2xlLW1vZHVsZS1zeXN0ZW1zLW1hbmFnZW1lbnQtMTUtc3A3LXVwZGF0ZXMteDg2XzY0Il19.2ZvWPeL3D3O-h2ILrrg7dKGJKED6zQZgnRP8kqFX6LQ HTTP/1.1" 304 -
172.16.3.5 - - [13/Jun/2026:11:59:40 +0200] "GET /rhn/websocket/notifications HTTP/1.1" 101 -
172.16.3.5 - - [13/Jun/2026:11:59:41 +0200] "GET /rhn/websocket/notifications HTTP/1.1" 101 -
172.16.3.5 - - [13/Jun/2026:11:59:40 +0200] "POST /rhn/manager/frontend-log HTTP/1.1" 200 42
172.16.3.7 - - [13/Jun/2026:11:59:41 +0200] "HEAD /rhn/manager/download/sle-module-systems-management-15-sp7-updates-x86_64/repodata/b9619586831c66202e68ece5c2abaa0132c1d7bd151995b722f5a3c1f0b314ea-updateinfo.xml.gz?eyJhbGciOiJIUzI1NiJ9.eyJqdGkiOiJQVzhOaldSdWJxUGZXbk9zTG8tWUZ3IiwiZXhwIjoxODEyODgwNjgzLCJpYXQiOjE3ODEzNDQ2ODMsIm5iZiI6MTc4MTM0NDU2Mywib3JnIjoxLCJvbmx5Q2hhbm5lbHMiOlsic2xlLW1vZHVsZS1zeXN0ZW1zLW1hbmFnZW1lbnQtMTUtc3A3LXVwZGF0ZXMteDg2XzY0Il19.2ZvWPeL3D3O-h2ILrrg7dKGJKED6zQZgnRP8kqFX6LQ HTTP/1.1" 200 -
172.16.3.5 - - [13/Jun/2026:11:59:41 +0200] "GET /rhn/systems/details/Connection.do?sid=1000010003& HTTP/1.1" 200 6280
172.16.3.5 - - [13/Jun/2026:11:59:32 +0200] "GET /rhn/websocket/notifications HTTP/1.1" 101 -
172.16.3.7 - - [13/Jun/2026:11:59:41 +0200] "GET /rhn/manager/download/sle-module-systems-management-15-sp7-updates-x86_64/repodata/b9619586831c66202e68ece5c2abaa0132c1d7bd151995b722f5a3c1f0b314ea-updateinfo.xml.gz?eyJhbGciOiJIUzI1NiJ9.eyJqdGkiOiJQVzhOaldSdWJxUGZXbk9zTG8tWUZ3IiwiZXhwIjoxODEyODgwNjgzLCJpYXQiOjE3ODEzNDQ2ODMsIm5iZiI6MTc4MTM0NDU2Mywib3JnIjoxLCJvbmx5Q2hhbm5lbHMiOlsic2xlLW1vZHVsZS1zeXN0ZW1zLW1hbmFnZW1lbnQtMTUtc3A3LXVwZGF0ZXMteDg2XzY0Il19.2ZvWPeL3D3O-h2ILrrg7dKGJKED6zQZgnRP8kqFX6LQ HTTP/1.1" 304 -
172.16.3.5 - - [13/Jun/2026:11:59:41 +0200] "GET /img/favicon.ico?q=0.5522057835192962 HTTP/1.1" 200 1150
172.16.3.5 - - [13/Jun/2026:11:59:41 +0200] "GET /rhn/systems/details/history/Event.do?sid=1000010005&aid=25 HTTP/1.1" 200 6195
172.16.3.5 - - [13/Jun/2026:11:59:41 +0200] "POST /rhn/manager/frontend-log HTTP/1.1" 200 42
172.16.3.7 - - [13/Jun/2026:11:59:41 +0200] "HEAD /rhn/manager/download/sle-product-sles15-sp7-updates-x86_64/repodata/repomd.xml?eyJhbGciOiJIUzI1NiJ9.eyJqdGkiOiJQTlJMQTJibEVrZjFIdVp6eEVMeWZ3IiwiZXhwIjoxODEyODgwNjgzLCJpYXQiOjE3ODEzNDQ2ODMsIm5iZiI6MTc4MTM0NDU2Mywib3JnIjoxLCJvbmx5Q2hhbm5lbHMiOlsic2xlLXByb2R1Y3Qtc2xlczE1LXNwNy11cGRhdGVzLXg4Nl82NCJdfQ.fpJIq-dGO-JVaTR5RTd1pCO6RseOfQYQ_ktbaQDBq5g HTTP/1.1" 200 -
172.16.3.5 - - [13/Jun/2026:11:59:42 +0200] "GET /img/favicon.ico?q=0.5776305994189864 HTTP/1.1" 200 1150
172.16.3.5 - - [13/Jun/2026:11:59:41 +0200] "POST /rhn/manager/frontend-log HTTP/1.1" 200 42
172.16.3.7 - - [13/Jun/2026:11:59:42 +0200] "HEAD /rhn/manager/download/sle-product-sles15-sp7-updates-x86_64/media.1/media?eyJhbGciOiJIUzI1NiJ9.eyJqdGkiOiJQTlJMQTJibEVrZjFIdVp6eEVMeWZ3IiwiZXhwIjoxODEyODgwNjgzLCJpYXQiOjE3ODEzNDQ2ODMsIm5iZiI6MTc4MTM0NDU2Mywib3JnIjoxLCJvbmx5Q2hhbm5lbHMiOlsic2xlLXByb2R1Y3Qtc2xlczE1LXNwNy11cGRhdGVzLXg4Nl82NCJdfQ.fpJIq-dGO-JVaTR5RTd1pCO6RseOfQYQ_ktbaQDBq5g HTTP/1.1" 404 -
172.16.3.5 - - [13/Jun/2026:11:59:41 +0200] "GET /rhn/systems/details/history/History.do?sid=1000010001& HTTP/1.1" 200 6944
172.16.3.5 - - [13/Jun/2026:11:59:42 +0200] "GET /img/favicon.ico?q=0.9806782727698788 HTTP/1.1" 200 1150
172.16.3.7 - - [13/Jun/2026:11:59:42 +0200] "HEAD /rhn/manager/download/sle-product-sles15-sp7-updates-x86_64/repodata/repomd.xml?eyJhbGciOiJIUzI1NiJ9.eyJqdGkiOiJQTlJMQTJibEVrZjFIdVp6eEVMeWZ3IiwiZXhwIjoxODEyODgwNjgzLCJpYXQiOjE3ODEzNDQ2ODMsIm5iZiI6MTc4MTM0NDU2Mywib3JnIjoxLCJvbmx5Q2hhbm5lbHMiOlsic2xlLXByb2R1Y3Qtc2xlczE1LXNwNy11cGRhdGVzLXg4Nl82NCJdfQ.fpJIq-dGO-JVaTR5RTd1pCO6RseOfQYQ_ktbaQDBq5g HTTP/1.1" 200 -
172.16.3.5 - - [13/Jun/2026:11:59:42 +0200] "POST /rhn/manager/frontend-log HTTP/1.1" 200 42
172.16.3.7 - - [13/Jun/2026:11:59:42 +0200] "GET /rhn/manager/download/sle-product-sles15-sp7-updates-x86_64/repodata/repomd.xml?eyJhbGciOiJIUzI1NiJ9.eyJqdGkiOiJQTlJMQTJibEVrZjFIdVp6eEVMeWZ3IiwiZXhwIjoxODEyODgwNjgzLCJpYXQiOjE3ODEzNDQ2ODMsIm5iZiI6MTc4MTM0NDU2Mywib3JnIjoxLCJvbmx5Q2hhbm5lbHMiOlsic2xlLXByb2R1Y3Qtc2xlczE1LXNwNy11cGRhdGVzLXg4Nl82NCJdfQ.fpJIq-dGO-JVaTR5RTd1pCO6RseOfQYQ_ktbaQDBq5g HTTP/1.1" 304 -
172.16.3.7 - - [13/Jun/2026:11:59:42 +0200] "HEAD /rhn/manager/download/sle-product-sles15-sp7-updates-x86_64/repodata/repomd.xml.asc?eyJhbGciOiJIUzI1NiJ9.eyJqdGkiOiJQTlJMQTJibEVrZjFIdVp6eEVMeWZ3IiwiZXhwIjoxODEyODgwNjgzLCJpYXQiOjE3ODEzNDQ2ODMsIm5iZiI6MTc4MTM0NDU2Mywib3JnIjoxLCJvbmx5Q2hhbm5lbHMiOlsic2xlLXByb2R1Y3Qtc2xlczE1LXNwNy11cGRhdGVzLXg4Nl82NCJdfQ.fpJIq-dGO-JVaTR5RTd1pCO6RseOfQYQ_ktbaQDBq5g HTTP/1.1" 404 -
172.16.3.7 - - [13/Jun/2026:11:59:42 +0200] "HEAD /rhn/manager/download/sle-product-sles15-sp7-updates-x86_64/repodata/72da8da32f1c9c1b5659b994a378d457fe0562865bb34d08948c15e9f9331e9c-primary.xml.gz?eyJhbGciOiJIUzI1NiJ9.eyJqdGkiOiJQTlJMQTJibEVrZjFIdVp6eEVMeWZ3IiwiZXhwIjoxODEyODgwNjgzLCJpYXQiOjE3ODEzNDQ2ODMsIm5iZiI6MTc4MTM0NDU2Mywib3JnIjoxLCJvbmx5Q2hhbm5lbHMiOlsic2xlLXByb2R1Y3Qtc2xlczE1LXNwNy11cGRhdGVzLXg4Nl82NCJdfQ.fpJIq-dGO-JVaTR5RTd1pCO6RseOfQYQ_ktbaQDBq5g HTTP/1.1" 200 -
172.16.3.5 - - [13/Jun/2026:11:59:42 +0200] "GET /rhn/websocket/notifications HTTP/1.1" 101 -
172.16.3.7 - - [13/Jun/2026:11:59:43 +0200] "GET /rhn/manager/download/sle-product-sles15-sp7-updates-x86_64/repodata/72da8da32f1c9c1b5659b994a378d457fe0562865bb34d08948c15e9f9331e9c-primary.xml.gz?eyJhbGciOiJIUzI1NiJ9.eyJqdGkiOiJQTlJMQTJibEVrZjFIdVp6eEVMeWZ3IiwiZXhwIjoxODEyODgwNjgzLCJpYXQiOjE3ODEzNDQ2ODMsIm5iZiI6MTc4MTM0NDU2Mywib3JnIjoxLCJvbmx5Q2hhbm5lbHMiOlsic2xlLXByb2R1Y3Qtc2xlczE1LXNwNy11cGRhdGVzLXg4Nl82NCJdfQ.fpJIq-dGO-JVaTR5RTd1pCO6RseOfQYQ_ktbaQDBq5g HTTP/1.1" 304 -
172.16.3.7 - - [13/Jun/2026:11:59:43 +0200] "HEAD /rhn/manager/download/sle-product-sles15-sp7-updates-x86_64/repodata/70c5d735bea733091ae1e7ee0e0b9512a914214027367521262deb6cb4bedaa1-susedata.xml.gz?eyJhbGciOiJIUzI1NiJ9.eyJqdGkiOiJQTlJMQTJibEVrZjFIdVp6eEVMeWZ3IiwiZXhwIjoxODEyODgwNjgzLCJpYXQiOjE3ODEzNDQ2ODMsIm5iZiI6MTc4MTM0NDU2Mywib3JnIjoxLCJvbmx5Q2hhbm5lbHMiOlsic2xlLXByb2R1Y3Qtc2xlczE1LXNwNy11cGRhdGVzLXg4Nl82NCJdfQ.fpJIq-dGO-JVaTR5RTd1pCO6RseOfQYQ_ktbaQDBq5g HTTP/1.1" 200 -
172.16.3.5 - - [13/Jun/2026:11:59:42 +0200] "POST /rhn/manager/api/auth/login HTTP/1.1" 200 42
172.16.3.7 - - [13/Jun/2026:11:59:43 +0200] "GET /rhn/manager/download/sle-product-sles15-sp7-updates-x86_64/repodata/70c5d735bea733091ae1e7ee0e0b9512a914214027367521262deb6cb4bedaa1-susedata.xml.gz?eyJhbGciOiJIUzI1NiJ9.eyJqdGkiOiJQTlJMQTJibEVrZjFIdVp6eEVMeWZ3IiwiZXhwIjoxODEyODgwNjgzLCJpYXQiOjE3ODEzNDQ2ODMsIm5iZiI6MTc4MTM0NDU2Mywib3JnIjoxLCJvbmx5Q2hhbm5lbHMiOlsic2xlLXByb2R1Y3Qtc2xlczE1LXNwNy11cGRhdGVzLXg4Nl82NCJdfQ.fpJIq-dGO-JVaTR5RTd1pCO6RseOfQYQ_ktbaQDBq5g HTTP/1.1" 304 -
172.16.3.5 - - [13/Jun/2026:11:59:42 +0200] "GET /rhn/systems/details/history/Event.do?sid=1000010001&aid=29 HTTP/1.1" 200 6192
172.16.3.7 - - [13/Jun/2026:11:59:43 +0200] "HEAD /rhn/manager/download/sle-product-sles15-sp7-updates-x86_64/repodata/3efa5b9fae5214a5a8d6f4e73db34425ec3934b1d040183473d0d8865a0737d1-updateinfo.xml.gz?eyJhbGciOiJIUzI1NiJ9.eyJqdGkiOiJQTlJMQTJibEVrZjFIdVp6eEVMeWZ3IiwiZXhwIjoxODEyODgwNjgzLCJpYXQiOjE3ODEzNDQ2ODMsIm5iZiI6MTc4MTM0NDU2Mywib3JnIjoxLCJvbmx5Q2hhbm5lbHMiOlsic2xlLXByb2R1Y3Qtc2xlczE1LXNwNy11cGRhdGVzLXg4Nl82NCJdfQ.fpJIq-dGO-JVaTR5RTd1pCO6RseOfQYQ_ktbaQDBq5g HTTP/1.1" 200 -
172.16.3.5 - - [13/Jun/2026:11:59:43 +0200] "POST /rhn/manager/api/system/searchByName HTTP/1.1" 200 151
172.16.3.5 - - [13/Jun/2026:11:59:43 +0200] "GET /img/favicon.ico?q=0.8087664121088577 HTTP/1.1" 200 1150
172.16.3.7 - - [13/Jun/2026:11:59:43 +0200] "GET /rhn/manager/download/sle-product-sles15-sp7-updates-x86_64/repodata/3efa5b9fae5214a5a8d6f4e73db34425ec3934b1d040183473d0d8865a0737d1-updateinfo.xml.gz?eyJhbGciOiJIUzI1NiJ9.eyJqdGkiOiJQTlJMQTJibEVrZjFIdVp6eEVMeWZ3IiwiZXhwIjoxODEyODgwNjgzLCJpYXQiOjE3ODEzNDQ2ODMsIm5iZiI6MTc4MTM0NDU2Mywib3JnIjoxLCJvbmx5Q2hhbm5lbHMiOlsic2xlLXByb2R1Y3Qtc2xlczE1LXNwNy11cGRhdGVzLXg4Nl82NCJdfQ.fpJIq-dGO-JVaTR5RTd1pCO6RseOfQYQ_ktbaQDBq5g HTTP/1.1" 304 -
172.16.3.5 - - [13/Jun/2026:11:59:43 +0200] "POST /rhn/manager/frontend-log HTTP/1.1" 200 42
172.16.3.5 - - [13/Jun/2026:11:59:43 +0200] "GET /rhn/manager/api/auth/logout HTTP/1.1" 200 42
172.16.3.5 - - [13/Jun/2026:11:59:39 +0200] "GET /rhn/websocket/notifications HTTP/1.1" 101 -
172.16.3.7 - - [13/Jun/2026:11:59:43 +0200] "HEAD /rhn/manager/download/devel-build-host-channel/repodata/repomd.xml?eyJhbGciOiJIUzI1NiJ9.eyJqdGkiOiI0YkxnV1liM091dnROdUNFbEwwVlB3IiwiZXhwIjoxODEyODgwNjgzLCJpYXQiOjE3ODEzNDQ2ODMsIm5iZiI6MTc4MTM0NDU2Mywib3JnIjoxLCJvbmx5Q2hhbm5lbHMiOlsiZGV2ZWwtYnVpbGQtaG9zdC1jaGFubmVsIl19.tBL3mMH_v9Fy2XqZex09Zhxe35RT-z4RLprsIBa7rpY HTTP/1.1" 200 -
172.16.3.7 - - [13/Jun/2026:11:59:43 +0200] "HEAD /rhn/manager/download/devel-build-host-channel/media.1/media?eyJhbGciOiJIUzI1NiJ9.eyJqdGkiOiI0YkxnV1liM091dnROdUNFbEwwVlB3IiwiZXhwIjoxODEyODgwNjgzLCJpYXQiOjE3ODEzNDQ2ODMsIm5iZiI6MTc4MTM0NDU2Mywib3JnIjoxLCJvbmx5Q2hhbm5lbHMiOlsiZGV2ZWwtYnVpbGQtaG9zdC1jaGFubmVsIl19.tBL3mMH_v9Fy2XqZex09Zhxe35RT-z4RLprsIBa7rpY HTTP/1.1" 404 -
172.16.3.7 - - [13/Jun/2026:11:59:43 +0200] "HEAD /rhn/manager/download/devel-build-host-channel/repodata/repomd.xml?eyJhbGciOiJIUzI1NiJ9.eyJqdGkiOiI0YkxnV1liM091dnROdUNFbEwwVlB3IiwiZXhwIjoxODEyODgwNjgzLCJpYXQiOjE3ODEzNDQ2ODMsIm5iZiI6MTc4MTM0NDU2Mywib3JnIjoxLCJvbmx5Q2hhbm5lbHMiOlsiZGV2ZWwtYnVpbGQtaG9zdC1jaGFubmVsIl19.tBL3mMH_v9Fy2XqZex09Zhxe35RT-z4RLprsIBa7rpY HTTP/1.1" 200 -
172.16.3.7 - - [13/Jun/2026:11:59:43 +0200] "GET /rhn/manager/download/devel-build-host-channel/repodata/repomd.xml?eyJhbGciOiJIUzI1NiJ9.eyJqdGkiOiI0YkxnV1liM091dnROdUNFbEwwVlB3IiwiZXhwIjoxODEyODgwNjgzLCJpYXQiOjE3ODEzNDQ2ODMsIm5iZiI6MTc4MTM0NDU2Mywib3JnIjoxLCJvbmx5Q2hhbm5lbHMiOlsiZGV2ZWwtYnVpbGQtaG9zdC1jaGFubmVsIl19.tBL3mMH_v9Fy2XqZex09Zhxe35RT-z4RLprsIBa7rpY HTTP/1.1" 304 -
172.16.3.7 - - [13/Jun/2026:11:59:44 +0200] "HEAD /rhn/manager/download/devel-build-host-channel/repodata/repomd.xml.asc?eyJhbGciOiJIUzI1NiJ9.eyJqdGkiOiI0YkxnV1liM091dnROdUNFbEwwVlB3IiwiZXhwIjoxODEyODgwNjgzLCJpYXQiOjE3ODEzNDQ2ODMsIm5iZiI6MTc4MTM0NDU2Mywib3JnIjoxLCJvbmx5Q2hhbm5lbHMiOlsiZGV2ZWwtYnVpbGQtaG9zdC1jaGFubmVsIl19.tBL3mMH_v9Fy2XqZex09Zhxe35RT-z4RLprsIBa7rpY HTTP/1.1" 404 -
172.16.3.5 - - [13/Jun/2026:11:59:43 +0200] "GET /rhn/systems/details/Overview.do?sid=1000010000 HTTP/1.1" 200 6784
172.16.3.5 - - [13/Jun/2026:11:59:41 +0200] "GET /rhn/websocket/notifications HTTP/1.1" 101 -
172.16.3.7 - - [13/Jun/2026:11:59:44 +0200] "HEAD /rhn/manager/download/devel-build-host-channel/repodata/875509c761a3722da339c5ee2f6132a4e96edf348452055869171c759d4dbb4d-primary.xml.gz?eyJhbGciOiJIUzI1NiJ9.eyJqdGkiOiI0YkxnV1liM091dnROdUNFbEwwVlB3IiwiZXhwIjoxODEyODgwNjgzLCJpYXQiOjE3ODEzNDQ2ODMsIm5iZiI6MTc4MTM0NDU2Mywib3JnIjoxLCJvbmx5Q2hhbm5lbHMiOlsiZGV2ZWwtYnVpbGQtaG9zdC1jaGFubmVsIl19.tBL3mMH_v9Fy2XqZex09Zhxe35RT-z4RLprsIBa7rpY HTTP/1.1" 200 -
172.16.3.5 - - [13/Jun/2026:11:59:44 +0200] "POST /rhn/manager/frontend-log HTTP/1.1" 200 42
172.16.3.7 - - [13/Jun/2026:11:59:44 +0200] "GET /rhn/manager/download/devel-build-host-channel/repodata/875509c761a3722da339c5ee2f6132a4e96edf348452055869171c759d4dbb4d-primary.xml.gz?eyJhbGciOiJIUzI1NiJ9.eyJqdGkiOiI0YkxnV1liM091dnROdUNFbEwwVlB3IiwiZXhwIjoxODEyODgwNjgzLCJpYXQiOjE3ODEzNDQ2ODMsIm5iZiI6MTc4MTM0NDU2Mywib3JnIjoxLCJvbmx5Q2hhbm5lbHMiOlsiZGV2ZWwtYnVpbGQtaG9zdC1jaGFubmVsIl19.tBL3mMH_v9Fy2XqZex09Zhxe35RT-z4RLprsIBa7rpY HTTP/1.1" 304 -
172.16.3.7 - - [13/Jun/2026:11:59:44 +0200] "HEAD /rhn/manager/download/devel-build-host-channel/repodata/a777311d33ef3076297641add5000cb14dfede03ab0ca18aed7ac1348c3e29eb-susedata.xml.gz?eyJhbGciOiJIUzI1NiJ9.eyJqdGkiOiI0YkxnV1liM091dnROdUNFbEwwVlB3IiwiZXhwIjoxODEyODgwNjgzLCJpYXQiOjE3ODEzNDQ2ODMsIm5iZiI6MTc4MTM0NDU2Mywib3JnIjoxLCJvbmx5Q2hhbm5lbHMiOlsiZGV2ZWwtYnVpbGQtaG9zdC1jaGFubmVsIl19.tBL3mMH_v9Fy2XqZex09Zhxe35RT-z4RLprsIBa7rpY HTTP/1.1" 200 -
172.16.3.7 - - [13/Jun/2026:11:59:44 +0200] "GET /rhn/manager/download/devel-build-host-channel/repodata/a777311d33ef3076297641add5000cb14dfede03ab0ca18aed7ac1348c3e29eb-susedata.xml.gz?eyJhbGciOiJIUzI1NiJ9.eyJqdGkiOiI0YkxnV1liM091dnROdUNFbEwwVlB3IiwiZXhwIjoxODEyODgwNjgzLCJpYXQiOjE3ODEzNDQ2ODMsIm5iZiI6MTc4MTM0NDU2Mywib3JnIjoxLCJvbmx5Q2hhbm5lbHMiOlsiZGV2ZWwtYnVpbGQtaG9zdC1jaGFubmVsIl19.tBL3mMH_v9Fy2XqZex09Zhxe35RT-z4RLprsIBa7rpY HTTP/1.1" 304 -
172.16.3.5 - - [13/Jun/2026:11:59:44 +0200] "POST /rhn/manager/frontend-log HTTP/1.1" 200 42
172.16.3.7 - - [13/Jun/2026:11:59:44 +0200] "HEAD /rhn/manager/download/sle-module-basesystem15-sp7-pool-x86_64/repodata/repomd.xml?eyJhbGciOiJIUzI1NiJ9.eyJqdGkiOiJJS0dId0w4OEsxdWxCc2dMYkxEZHJBIiwiZXhwIjoxODEyODgwNjgzLCJpYXQiOjE3ODEzNDQ2ODMsIm5iZiI6MTc4MTM0NDU2Mywib3JnIjoxLCJvbmx5Q2hhbm5lbHMiOlsic2xlLW1vZHVsZS1iYXNlc3lzdGVtMTUtc3A3LXBvb2wteDg2XzY0Il19.YIJgu3CwZ3lryG_Bj9s36xRo19CatcC6qdBqohg8wzg HTTP/1.1" 200 -
172.16.3.7 - - [13/Jun/2026:11:59:44 +0200] "HEAD /rhn/manager/download/sle-module-basesystem15-sp7-pool-x86_64/media.1/media?eyJhbGciOiJIUzI1NiJ9.eyJqdGkiOiJJS0dId0w4OEsxdWxCc2dMYkxEZHJBIiwiZXhwIjoxODEyODgwNjgzLCJpYXQiOjE3ODEzNDQ2ODMsIm5iZiI6MTc4MTM0NDU2Mywib3JnIjoxLCJvbmx5Q2hhbm5lbHMiOlsic2xlLW1vZHVsZS1iYXNlc3lzdGVtMTUtc3A3LXBvb2wteDg2XzY0Il19.YIJgu3CwZ3lryG_Bj9s36xRo19CatcC6qdBqohg8wzg HTTP/1.1" 404 -
172.16.3.7 - - [13/Jun/2026:11:59:45 +0200] "HEAD /rhn/manager/download/sle-module-basesystem15-sp7-pool-x86_64/repodata/repomd.xml?eyJhbGciOiJIUzI1NiJ9.eyJqdGkiOiJJS0dId0w4OEsxdWxCc2dMYkxEZHJBIiwiZXhwIjoxODEyODgwNjgzLCJpYXQiOjE3ODEzNDQ2ODMsIm5iZiI6MTc4MTM0NDU2Mywib3JnIjoxLCJvbmx5Q2hhbm5lbHMiOlsic2xlLW1vZHVsZS1iYXNlc3lzdGVtMTUtc3A3LXBvb2wteDg2XzY0Il19.YIJgu3CwZ3lryG_Bj9s36xRo19CatcC6qdBqohg8wzg HTTP/1.1" 200 -
172.16.3.7 - - [13/Jun/2026:11:59:45 +0200] "GET /rhn/manager/download/sle-module-basesystem15-sp7-pool-x86_64/repodata/repomd.xml?eyJhbGciOiJIUzI1NiJ9.eyJqdGkiOiJJS0dId0w4OEsxdWxCc2dMYkxEZHJBIiwiZXhwIjoxODEyODgwNjgzLCJpYXQiOjE3ODEzNDQ2ODMsIm5iZiI6MTc4MTM0NDU2Mywib3JnIjoxLCJvbmx5Q2hhbm5lbHMiOlsic2xlLW1vZHVsZS1iYXNlc3lzdGVtMTUtc3A3LXBvb2wteDg2XzY0Il19.YIJgu3CwZ3lryG_Bj9s36xRo19CatcC6qdBqohg8wzg HTTP/1.1" 304 -
172.16.3.5 - - [13/Jun/2026:11:59:44 +0200] "GET /rhn/systems/details/Overview.do?sid=1000010000& HTTP/1.1" 200 6784
172.16.3.5 - - [13/Jun/2026:11:59:45 +0200] "GET /img/favicon.ico?q=0.5414625255320016 HTTP/1.1" 200 1150
172.16.3.7 - - [13/Jun/2026:11:59:45 +0200] "HEAD /rhn/manager/download/sle-module-basesystem15-sp7-pool-x86_64/repodata/repomd.xml.asc?eyJhbGciOiJIUzI1NiJ9.eyJqdGkiOiJJS0dId0w4OEsxdWxCc2dMYkxEZHJBIiwiZXhwIjoxODEyODgwNjgzLCJpYXQiOjE3ODEzNDQ2ODMsIm5iZiI6MTc4MTM0NDU2Mywib3JnIjoxLCJvbmx5Q2hhbm5lbHMiOlsic2xlLW1vZHVsZS1iYXNlc3lzdGVtMTUtc3A3LXBvb2wteDg2XzY0Il19.YIJgu3CwZ3lryG_Bj9s36xRo19CatcC6qdBqohg8wzg HTTP/1.1" 404 -
172.16.3.5 - - [13/Jun/2026:11:59:45 +0200] "POST /rhn/manager/frontend-log HTTP/1.1" 200 42
172.16.3.5 - - [13/Jun/2026:11:59:44 +0200] "POST /rhn/manager/api/auth/login HTTP/1.1" 200 42
172.16.3.7 - - [13/Jun/2026:11:59:45 +0200] "HEAD /rhn/manager/download/sle-module-basesystem15-sp7-pool-x86_64/repodata/4b6594ef21a7afa113a2bce84c7100bd6d4f36e326750213be676ce009986c5b-primary.xml.gz?eyJhbGciOiJIUzI1NiJ9.eyJqdGkiOiJJS0dId0w4OEsxdWxCc2dMYkxEZHJBIiwiZXhwIjoxODEyODgwNjgzLCJpYXQiOjE3ODEzNDQ2ODMsIm5iZiI6MTc4MTM0NDU2Mywib3JnIjoxLCJvbmx5Q2hhbm5lbHMiOlsic2xlLW1vZHVsZS1iYXNlc3lzdGVtMTUtc3A3LXBvb2wteDg2XzY0Il19.YIJgu3CwZ3lryG_Bj9s36xRo19CatcC6qdBqohg8wzg HTTP/1.1" 200 -
172.16.3.7 - - [13/Jun/2026:11:59:45 +0200] "GET /rhn/manager/download/sle-module-basesystem15-sp7-pool-x86_64/repodata/4b6594ef21a7afa113a2bce84c7100bd6d4f36e326750213be676ce009986c5b-primary.xml.gz?eyJhbGciOiJIUzI1NiJ9.eyJqdGkiOiJJS0dId0w4OEsxdWxCc2dMYkxEZHJBIiwiZXhwIjoxODEyODgwNjgzLCJpYXQiOjE3ODEzNDQ2ODMsIm5iZiI6MTc4MTM0NDU2Mywib3JnIjoxLCJvbmx5Q2hhbm5lbHMiOlsic2xlLW1vZHVsZS1iYXNlc3lzdGVtMTUtc3A3LXBvb2wteDg2XzY0Il19.YIJgu3CwZ3lryG_Bj9s36xRo19CatcC6qdBqohg8wzg HTTP/1.1" 304 -
172.16.3.5 - - [13/Jun/2026:11:59:45 +0200] "GET /rhn/websocket/notifications HTTP/1.1" 101 -
172.16.3.5 - - [13/Jun/2026:11:59:45 +0200] "POST /rhn/manager/api/system/searchByName HTTP/1.1" 200 154
172.16.3.7 - - [13/Jun/2026:11:59:45 +0200] "HEAD /rhn/manager/download/sle-module-basesystem15-sp7-pool-x86_64/repodata/7dd096ad33d013df6f2cfe4470aa77c689f78c4a26fcaf94b265cc2ebafd6677-susedata.xml.gz?eyJhbGciOiJIUzI1NiJ9.eyJqdGkiOiJJS0dId0w4OEsxdWxCc2dMYkxEZHJBIiwiZXhwIjoxODEyODgwNjgzLCJpYXQiOjE3ODEzNDQ2ODMsIm5iZiI6MTc4MTM0NDU2Mywib3JnIjoxLCJvbmx5Q2hhbm5lbHMiOlsic2xlLW1vZHVsZS1iYXNlc3lzdGVtMTUtc3A3LXBvb2wteDg2XzY0Il19.YIJgu3CwZ3lryG_Bj9s36xRo19CatcC6qdBqohg8wzg HTTP/1.1" 200 -
172.16.3.5 - - [13/Jun/2026:11:59:45 +0200] "GET /rhn/manager/api/auth/logout HTTP/1.1" 200 42
172.16.3.5 - - [13/Jun/2026:11:59:31 +0200] "GET /rhn/websocket/notifications HTTP/1.1" 101 -
172.16.3.5 - - [13/Jun/2026:11:59:34 +0200] "GET /rhn/websocket/notifications HTTP/1.1" 101 -
172.16.3.7 - - [13/Jun/2026:11:59:46 +0200] "GET /rhn/manager/download/sle-module-basesystem15-sp7-pool-x86_64/repodata/7dd096ad33d013df6f2cfe4470aa77c689f78c4a26fcaf94b265cc2ebafd6677-susedata.xml.gz?eyJhbGciOiJIUzI1NiJ9.eyJqdGkiOiJJS0dId0w4OEsxdWxCc2dMYkxEZHJBIiwiZXhwIjoxODEyODgwNjgzLCJpYXQiOjE3ODEzNDQ2ODMsIm5iZiI6MTc4MTM0NDU2Mywib3JnIjoxLCJvbmx5Q2hhbm5lbHMiOlsic2xlLW1vZHVsZS1iYXNlc3lzdGVtMTUtc3A3LXBvb2wteDg2XzY0Il19.YIJgu3CwZ3lryG_Bj9s36xRo19CatcC6qdBqohg8wzg HTTP/1.1" 304 -
172.16.3.5 - - [13/Jun/2026:11:59:46 +0200] "-" 408 -
172.16.3.5 - - [13/Jun/2026:11:59:45 +0200] "GET /rhn/systems/details/ProxyClients.do?sid=1000010000& HTTP/1.1" 200 8072
172.16.3.5 - - [13/Jun/2026:11:59:46 +0200] "-" 408 -
172.16.3.5 - - [13/Jun/2026:11:59:46 +0200] "GET /img/favicon.ico?q=0.4613584198446289 HTTP/1.1" 200 1150
172.16.3.5 - - [13/Jun/2026:11:59:45 +0200] "GET /rhn/systems/details/Overview.do?sid=1000010001 HTTP/1.1" 200 7022
172.16.3.5 - - [13/Jun/2026:11:59:43 +0200] "GET /rhn/websocket/notifications HTTP/1.1" 101 -
172.16.3.5 - - [13/Jun/2026:11:59:45 +0200] "GET /rhn/systems/details/history/Pending.do?sid=1000010002& HTTP/1.1" 200 6216
172.16.3.5 - - [13/Jun/2026:11:59:39 +0200] "GET /rhn/websocket/notifications HTTP/1.1" 101 -
172.16.3.5 - - [13/Jun/2026:11:59:46 +0200] "POST /rhn/manager/frontend-log HTTP/1.1" 200 42
172.16.3.5 - - [13/Jun/2026:11:59:46 +0200] "POST /rhn/manager/frontend-log HTTP/1.1" 200 42
172.16.3.5 - - [13/Jun/2026:11:59:46 +0200] "POST /rhn/manager/frontend-log HTTP/1.1" 200 42
172.16.3.7 - - [13/Jun/2026:11:59:46 +0200] "HEAD /rhn/manager/download/sle-module-desktop-applications15-sp7-pool-x86_64/repodata/repomd.xml?eyJhbGciOiJIUzI1NiJ9.eyJqdGkiOiJaZWMxMzh5WmYwU1FtUWFLazNYbEpBIiwiZXhwIjoxODEyODgwNjgzLCJpYXQiOjE3ODEzNDQ2ODMsIm5iZiI6MTc4MTM0NDU2Mywib3JnIjoxLCJvbmx5Q2hhbm5lbHMiOlsic2xlLW1vZHVsZS1kZXNrdG9wLWFwcGxpY2F0aW9uczE1LXNwNy1wb29sLXg4Nl82NCJdfQ.bgyXM8_AibepVt3kZjOeydQsh3tHV9Az4iAh3Kl-wjY HTTP/1.1" 200 -
172.16.3.5 - - [13/Jun/2026:11:59:46 +0200] "POST /rhn/manager/frontend-log HTTP/1.1" 200 42
172.16.3.5 - - [13/Jun/2026:11:59:14 +0200] "GET /rhn/websocket/notifications HTTP/1.1" 101 -
172.16.3.7 - - [13/Jun/2026:11:59:47 +0200] "HEAD /rhn/manager/download/sle-module-desktop-applications15-sp7-pool-x86_64/media.1/media?eyJhbGciOiJIUzI1NiJ9.eyJqdGkiOiJaZWMxMzh5WmYwU1FtUWFLazNYbEpBIiwiZXhwIjoxODEyODgwNjgzLCJpYXQiOjE3ODEzNDQ2ODMsIm5iZiI6MTc4MTM0NDU2Mywib3JnIjoxLCJvbmx5Q2hhbm5lbHMiOlsic2xlLW1vZHVsZS1kZXNrdG9wLWFwcGxpY2F0aW9uczE1LXNwNy1wb29sLXg4Nl82NCJdfQ.bgyXM8_AibepVt3kZjOeydQsh3tHV9Az4iAh3Kl-wjY HTTP/1.1" 404 -
::1 - - [13/Jun/2026:11:59:47 +0200] "OPTIONS * HTTP/1.0" 200 - "-" "Apache/2.4.66 (Linux/SUSE) OpenSSL/3.5.0 mod_wsgi/5.0.2 Python/3.13 (internal dummy connection)"
172.16.3.5 - - [13/Jun/2026:11:59:46 +0200] "POST /rhn/manager/frontend-log HTTP/1.1" 200 42
172.16.3.7 - - [13/Jun/2026:11:59:47 +0200] "HEAD /rhn/manager/download/sle-module-desktop-applications15-sp7-pool-x86_64/repodata/repomd.xml?eyJhbGciOiJIUzI1NiJ9.eyJqdGkiOiJaZWMxMzh5WmYwU1FtUWFLazNYbEpBIiwiZXhwIjoxODEyODgwNjgzLCJpYXQiOjE3ODEzNDQ2ODMsIm5iZiI6MTc4MTM0NDU2Mywib3JnIjoxLCJvbmx5Q2hhbm5lbHMiOlsic2xlLW1vZHVsZS1kZXNrdG9wLWFwcGxpY2F0aW9uczE1LXNwNy1wb29sLXg4Nl82NCJdfQ.bgyXM8_AibepVt3kZjOeydQsh3tHV9Az4iAh3Kl-wjY HTTP/1.1" 200 -
172.16.3.5 - - [13/Jun/2026:11:59:44 +0200] "GET /rhn/websocket/notifications HTTP/1.1" 101 -
172.16.3.5 - - [13/Jun/2026:11:59:46 +0200] "GET /rhn/websocket/notifications HTTP/1.1" 101 -
172.16.3.7 - - [13/Jun/2026:11:59:47 +0200] "GET /rhn/manager/download/sle-module-desktop-applications15-sp7-pool-x86_64/repodata/repomd.xml?eyJhbGciOiJIUzI1NiJ9.eyJqdGkiOiJaZWMxMzh5WmYwU1FtUWFLazNYbEpBIiwiZXhwIjoxODEyODgwNjgzLCJpYXQiOjE3ODEzNDQ2ODMsIm5iZiI6MTc4MTM0NDU2Mywib3JnIjoxLCJvbmx5Q2hhbm5lbHMiOlsic2xlLW1vZHVsZS1kZXNrdG9wLWFwcGxpY2F0aW9uczE1LXNwNy1wb29sLXg4Nl82NCJdfQ.bgyXM8_AibepVt3kZjOeydQsh3tHV9Az4iAh3Kl-wjY HTTP/1.1" 304 -
172.16.3.5 - - [13/Jun/2026:11:59:47 +0200] "GET /rhn/systems/details/history/Event.do?sid=1000010004&aid=20 HTTP/1.1" 200 6194
172.16.3.5 - - [13/Jun/2026:11:59:37 +0200] "GET /rhn/websocket/notifications HTTP/1.1" 101 -
172.16.3.5 - - [13/Jun/2026:11:59:47 +0200] "POST /rhn/manager/frontend-log HTTP/1.1" 200 42
172.16.3.7 - - [13/Jun/2026:11:59:47 +0200] "HEAD /rhn/manager/download/sle-module-desktop-applications15-sp7-pool-x86_64/repodata/repomd.xml.asc?eyJhbGciOiJIUzI1NiJ9.eyJqdGkiOiJaZWMxMzh5WmYwU1FtUWFLazNYbEpBIiwiZXhwIjoxODEyODgwNjgzLCJpYXQiOjE3ODEzNDQ2ODMsIm5iZiI6MTc4MTM0NDU2Mywib3JnIjoxLCJvbmx5Q2hhbm5lbHMiOlsic2xlLW1vZHVsZS1kZXNrdG9wLWFwcGxpY2F0aW9uczE1LXNwNy1wb29sLXg4Nl82NCJdfQ.bgyXM8_AibepVt3kZjOeydQsh3tHV9Az4iAh3Kl-wjY HTTP/1.1" 404 -
172.16.3.5 - - [13/Jun/2026:11:59:47 +0200] "GET /rhn/systems/details/history/Pending.do?sid=1000010001& HTTP/1.1" 200 6227
172.16.3.5 - - [13/Jun/2026:11:59:48 +0200] "GET /img/favicon.ico?q=0.9149407146507165 HTTP/1.1" 200 1150
172.16.3.5 - - [13/Jun/2026:11:59:47 +0200] "POST /rhn/manager/frontend-log HTTP/1.1" 200 42
::1 - - [13/Jun/2026:11:59:48 +0200] "OPTIONS * HTTP/1.0" 200 - "-" "Apache/2.4.66 (Linux/SUSE) OpenSSL/3.5.0 mod_wsgi/5.0.2 Python/3.13 (internal dummy connection)"
172.16.3.5 - - [13/Jun/2026:11:59:48 +0200] "POST /rhn/manager/frontend-log HTTP/1.1" 429 17
172.16.3.5 - - [13/Jun/2026:11:59:48 +0200] "GET /rhn/websocket/notifications HTTP/1.1" 101 -
172.16.3.7 - - [13/Jun/2026:11:59:48 +0200] "HEAD /rhn/manager/download/sle-module-desktop-applications15-sp7-pool-x86_64/repodata/5e5e315a5063f5425606f32af4952b75d1089f26f38f447e446bff042c9f92c3-primary.xml.gz?eyJhbGciOiJIUzI1NiJ9.eyJqdGkiOiJaZWMxMzh5WmYwU1FtUWFLazNYbEpBIiwiZXhwIjoxODEyODgwNjgzLCJpYXQiOjE3ODEzNDQ2ODMsIm5iZiI6MTc4MTM0NDU2Mywib3JnIjoxLCJvbmx5Q2hhbm5lbHMiOlsic2xlLW1vZHVsZS1kZXNrdG9wLWFwcGxpY2F0aW9uczE1LXNwNy1wb29sLXg4Nl82NCJdfQ.bgyXM8_AibepVt3kZjOeydQsh3tHV9Az4iAh3Kl-wjY HTTP/1.1" 200 -
172.16.3.7 - - [13/Jun/2026:11:59:48 +0200] "GET /rhn/manager/download/sle-module-desktop-applications15-sp7-pool-x86_64/repodata/5e5e315a5063f5425606f32af4952b75d1089f26f38f447e446bff042c9f92c3-primary.xml.gz?eyJhbGciOiJIUzI1NiJ9.eyJqdGkiOiJaZWMxMzh5WmYwU1FtUWFLazNYbEpBIiwiZXhwIjoxODEyODgwNjgzLCJpYXQiOjE3ODEzNDQ2ODMsIm5iZiI6MTc4MTM0NDU2Mywib3JnIjoxLCJvbmx5Q2hhbm5lbHMiOlsic2xlLW1vZHVsZS1kZXNrdG9wLWFwcGxpY2F0aW9uczE1LXNwNy1wb29sLXg4Nl82NCJdfQ.bgyXM8_AibepVt3kZjOeydQsh3tHV9Az4iAh3Kl-wjY HTTP/1.1" 304 -
172.16.3.5 - - [13/Jun/2026:11:59:48 +0200] "GET /rhn/systems/details/history/History.do?sid=1000010001& HTTP/1.1" 200 6945
172.16.3.5 - - [13/Jun/2026:11:59:48 +0200] "GET /img/favicon.ico?q=0.5003095143190838 HTTP/1.1" 200 1150
172.16.3.7 - - [13/Jun/2026:11:59:48 +0200] "HEAD /rhn/manager/download/sle-module-desktop-applications15-sp7-pool-x86_64/repodata/1b47ff25520457e9f8b7767e94977d878d6af0e4abb709c334a23a44d2123bd0-susedata.xml.gz?eyJhbGciOiJIUzI1NiJ9.eyJqdGkiOiJaZWMxMzh5WmYwU1FtUWFLazNYbEpBIiwiZXhwIjoxODEyODgwNjgzLCJpYXQiOjE3ODEzNDQ2ODMsIm5iZiI6MTc4MTM0NDU2Mywib3JnIjoxLCJvbmx5Q2hhbm5lbHMiOlsic2xlLW1vZHVsZS1kZXNrdG9wLWFwcGxpY2F0aW9uczE1LXNwNy1wb29sLXg4Nl82NCJdfQ.bgyXM8_AibepVt3kZjOeydQsh3tHV9Az4iAh3Kl-wjY HTTP/1.1" 200 -
172.16.3.5 - - [13/Jun/2026:11:59:48 +0200] "POST /rhn/manager/frontend-log HTTP/1.1" 429 17
172.16.3.7 - - [13/Jun/2026:11:59:48 +0200] "GET /rhn/manager/download/sle-module-desktop-applications15-sp7-pool-x86_64/repodata/1b47ff25520457e9f8b7767e94977d878d6af0e4abb709c334a23a44d2123bd0-susedata.xml.gz?eyJhbGciOiJIUzI1NiJ9.eyJqdGkiOiJaZWMxMzh5WmYwU1FtUWFLazNYbEpBIiwiZXhwIjoxODEyODgwNjgzLCJpYXQiOjE3ODEzNDQ2ODMsIm5iZiI6MTc4MTM0NDU2Mywib3JnIjoxLCJvbmx5Q2hhbm5lbHMiOlsic2xlLW1vZHVsZS1kZXNrdG9wLWFwcGxpY2F0aW9uczE1LXNwNy1wb29sLXg4Nl82NCJdfQ.bgyXM8_AibepVt3kZjOeydQsh3tHV9Az4iAh3Kl-wjY HTTP/1.1" 304 -
::1 - - [13/Jun/2026:11:59:49 +0200] "OPTIONS * HTTP/1.0" 200 - "-" "Apache/2.4.66 (Linux/SUSE) OpenSSL/3.5.0 mod_wsgi/5.0.2 Python/3.13 (internal dummy connection)"
172.16.3.7 - - [13/Jun/2026:11:59:50 +0200] "HEAD /rhn/manager/download/sle-module-devtools15-sp7-pool-x86_64/repodata/repomd.xml?eyJhbGciOiJIUzI1NiJ9.eyJqdGkiOiJEWThBdjh0NHdERjN1NzJmUGhXY2dBIiwiZXhwIjoxODEyODgwNjgzLCJpYXQiOjE3ODEzNDQ2ODMsIm5iZiI6MTc4MTM0NDU2Mywib3JnIjoxLCJvbmx5Q2hhbm5lbHMiOlsic2xlLW1vZHVsZS1kZXZ0b29sczE1LXNwNy1wb29sLXg4Nl82NCJdfQ.VUOHeQbpDYNsCkF0eXZetgDBsj0nmmKGNHH8a2PVZ00 HTTP/1.1" 200 -
172.16.3.7 - - [13/Jun/2026:11:59:50 +0200] "HEAD /rhn/manager/download/sle-module-devtools15-sp7-pool-x86_64/media.1/media?eyJhbGciOiJIUzI1NiJ9.eyJqdGkiOiJEWThBdjh0NHdERjN1NzJmUGhXY2dBIiwiZXhwIjoxODEyODgwNjgzLCJpYXQiOjE3ODEzNDQ2ODMsIm5iZiI6MTc4MTM0NDU2Mywib3JnIjoxLCJvbmx5Q2hhbm5lbHMiOlsic2xlLW1vZHVsZS1kZXZ0b29sczE1LXNwNy1wb29sLXg4Nl82NCJdfQ.VUOHeQbpDYNsCkF0eXZetgDBsj0nmmKGNHH8a2PVZ00 HTTP/1.1" 404 -
172.16.3.7 - - [13/Jun/2026:11:59:50 +0200] "HEAD /rhn/manager/download/sle-module-devtools15-sp7-pool-x86_64/repodata/repomd.xml?eyJhbGciOiJIUzI1NiJ9.eyJqdGkiOiJEWThBdjh0NHdERjN1NzJmUGhXY2dBIiwiZXhwIjoxODEyODgwNjgzLCJpYXQiOjE3ODEzNDQ2ODMsIm5iZiI6MTc4MTM0NDU2Mywib3JnIjoxLCJvbmx5Q2hhbm5lbHMiOlsic2xlLW1vZHVsZS1kZXZ0b29sczE1LXNwNy1wb29sLXg4Nl82NCJdfQ.VUOHeQbpDYNsCkF0eXZetgDBsj0nmmKGNHH8a2PVZ00 HTTP/1.1" 200 -
::1 - - [13/Jun/2026:11:59:50 +0200] "OPTIONS * HTTP/1.0" 200 - "-" "Apache/2.4.66 (Linux/SUSE) OpenSSL/3.5.0 mod_wsgi/5.0.2 Python/3.13 (internal dummy connection)"
172.16.3.7 - - [13/Jun/2026:11:59:50 +0200] "GET /rhn/manager/download/sle-module-devtools15-sp7-pool-x86_64/repodata/repomd.xml?eyJhbGciOiJIUzI1NiJ9.eyJqdGkiOiJEWThBdjh0NHdERjN1NzJmUGhXY2dBIiwiZXhwIjoxODEyODgwNjgzLCJpYXQiOjE3ODEzNDQ2ODMsIm5iZiI6MTc4MTM0NDU2Mywib3JnIjoxLCJvbmx5Q2hhbm5lbHMiOlsic2xlLW1vZHVsZS1kZXZ0b29sczE1LXNwNy1wb29sLXg4Nl82NCJdfQ.VUOHeQbpDYNsCkF0eXZetgDBsj0nmmKGNHH8a2PVZ00 HTTP/1.1" 304 -
172.16.3.7 - - [13/Jun/2026:11:59:50 +0200] "HEAD /rhn/manager/download/sle-module-devtools15-sp7-pool-x86_64/repodata/repomd.xml.asc?eyJhbGciOiJIUzI1NiJ9.eyJqdGkiOiJEWThBdjh0NHdERjN1NzJmUGhXY2dBIiwiZXhwIjoxODEyODgwNjgzLCJpYXQiOjE3ODEzNDQ2ODMsIm5iZiI6MTc4MTM0NDU2Mywib3JnIjoxLCJvbmx5Q2hhbm5lbHMiOlsic2xlLW1vZHVsZS1kZXZ0b29sczE1LXNwNy1wb29sLXg4Nl82NCJdfQ.VUOHeQbpDYNsCkF0eXZetgDBsj0nmmKGNHH8a2PVZ00 HTTP/1.1" 404 -
172.16.3.7 - - [13/Jun/2026:11:59:50 +0200] "HEAD /rhn/manager/download/sle-module-devtools15-sp7-pool-x86_64/repodata/e347390957776685a624a69809f3550ee0f776025f9f73feaf9b400bcad1d969-primary.xml.gz?eyJhbGciOiJIUzI1NiJ9.eyJqdGkiOiJEWThBdjh0NHdERjN1NzJmUGhXY2dBIiwiZXhwIjoxODEyODgwNjgzLCJpYXQiOjE3ODEzNDQ2ODMsIm5iZiI6MTc4MTM0NDU2Mywib3JnIjoxLCJvbmx5Q2hhbm5lbHMiOlsic2xlLW1vZHVsZS1kZXZ0b29sczE1LXNwNy1wb29sLXg4Nl82NCJdfQ.VUOHeQbpDYNsCkF0eXZetgDBsj0nmmKGNHH8a2PVZ00 HTTP/1.1" 200 -
172.16.3.7 - - [13/Jun/2026:11:59:50 +0200] "GET /rhn/manager/download/sle-module-devtools15-sp7-pool-x86_64/repodata/e347390957776685a624a69809f3550ee0f776025f9f73feaf9b400bcad1d969-primary.xml.gz?eyJhbGciOiJIUzI1NiJ9.eyJqdGkiOiJEWThBdjh0NHdERjN1NzJmUGhXY2dBIiwiZXhwIjoxODEyODgwNjgzLCJpYXQiOjE3ODEzNDQ2ODMsIm5iZiI6MTc4MTM0NDU2Mywib3JnIjoxLCJvbmx5Q2hhbm5lbHMiOlsic2xlLW1vZHVsZS1kZXZ0b29sczE1LXNwNy1wb29sLXg4Nl82NCJdfQ.VUOHeQbpDYNsCkF0eXZetgDBsj0nmmKGNHH8a2PVZ00 HTTP/1.1" 304 -
172.16.3.7 - - [13/Jun/2026:11:59:50 +0200] "HEAD /rhn/manager/download/sle-module-devtools15-sp7-pool-x86_64/repodata/22d4fe698b36b89c7ffcfe2605644cc257308745627985babe3d07c19b056bdb-susedata.xml.gz?eyJhbGciOiJIUzI1NiJ9.eyJqdGkiOiJEWThBdjh0NHdERjN1NzJmUGhXY2dBIiwiZXhwIjoxODEyODgwNjgzLCJpYXQiOjE3ODEzNDQ2ODMsIm5iZiI6MTc4MTM0NDU2Mywib3JnIjoxLCJvbmx5Q2hhbm5lbHMiOlsic2xlLW1vZHVsZS1kZXZ0b29sczE1LXNwNy1wb29sLXg4Nl82NCJdfQ.VUOHeQbpDYNsCkF0eXZetgDBsj0nmmKGNHH8a2PVZ00 HTTP/1.1" 200 -
172.16.3.7 - - [13/Jun/2026:11:59:50 +0200] "GET /rhn/manager/download/sle-module-devtools15-sp7-pool-x86_64/repodata/22d4fe698b36b89c7ffcfe2605644cc257308745627985babe3d07c19b056bdb-susedata.xml.gz?eyJhbGciOiJIUzI1NiJ9.eyJqdGkiOiJEWThBdjh0NHdERjN1NzJmUGhXY2dBIiwiZXhwIjoxODEyODgwNjgzLCJpYXQiOjE3ODEzNDQ2ODMsIm5iZiI6MTc4MTM0NDU2Mywib3JnIjoxLCJvbmx5Q2hhbm5lbHMiOlsic2xlLW1vZHVsZS1kZXZ0b29sczE1LXNwNy1wb29sLXg4Nl82NCJdfQ.VUOHeQbpDYNsCkF0eXZetgDBsj0nmmKGNHH8a2PVZ00 HTTP/1.1" 304 -
172.16.3.7 - - [13/Jun/2026:11:59:51 +0200] "HEAD /rhn/manager/download/sle-module-python3-15-sp7-pool-x86_64/repodata/repomd.xml?eyJhbGciOiJIUzI1NiJ9.eyJqdGkiOiJDYTB4UEpHNXBZNnNxdXZYYWlySFBnIiwiZXhwIjoxODEyODgwNjgzLCJpYXQiOjE3ODEzNDQ2ODMsIm5iZiI6MTc4MTM0NDU2Mywib3JnIjoxLCJvbmx5Q2hhbm5lbHMiOlsic2xlLW1vZHVsZS1weXRob24zLTE1LXNwNy1wb29sLXg4Nl82NCJdfQ.wFPIyBQYjhA-D5Av3B0OsC3H2m151ekHdDUmAkRoYEY HTTP/1.1" 200 -
