172.16.3.7 - - [30/May/2026:00:25:02 +0200] "GET /rhn/manager/download/sle-module-basesystem15-sp7-updates-x86_64/repodata/6e13e260aacf40d64100bfb13227d481d07158d5a55cae6030770579e5a433f2-updateinfo.xml.gz?eyJhbGciOiJIUzI1NiJ9.eyJqdGkiOiI2X0VqanJrTUFpLTJ1MlJNRkJzQnB3IiwiZXhwIjoxODExNjI5NDMyLCJpYXQiOjE3ODAwOTM0MzIsIm5iZiI6MTc4MDA5MzMxMiwib3JnIjoxLCJvbmx5Q2hhbm5lbHMiOlsic2xlLW1vZHVsZS1iYXNlc3lzdGVtMTUtc3A3LXVwZGF0ZXMteDg2XzY0Il19.sypuDTb6dzBHn0UVoD4D5F3ny6wCP0PiD58zeCDp8CM HTTP/1.1" 304 -
172.16.3.5 - - [30/May/2026:00:25:01 +0200] "GET /rhn/websocket/notifications HTTP/1.1" 101 -
172.16.3.5 - - [30/May/2026:00:25:01 +0200] "GET /rhn/systems/details/history/Pending.do?sid=1000010003& HTTP/1.1" 200 6911
172.16.3.5 - - [30/May/2026:00:24:48 +0200] "GET /rhn/websocket/notifications HTTP/1.1" 101 -
172.16.3.7 - - [30/May/2026:00:25:02 +0200] "HEAD /rhn/manager/download/fake-rpm-suse-channel/repodata/repomd.xml?eyJhbGciOiJIUzI1NiJ9.eyJqdGkiOiJET2FpNHpKMGt0QVZnNk5xUkdPTS1RIiwiZXhwIjoxODExNjI5NDM2LCJpYXQiOjE3ODAwOTM0MzYsIm5iZiI6MTc4MDA5MzMxNiwib3JnIjoxLCJvbmx5Q2hhbm5lbHMiOlsiZmFrZS1ycG0tc3VzZS1jaGFubmVsIl19.Fa1ydUTy3qjHWk1E8dPoIUAMB7OVSlmRQ93KIjLOdSo HTTP/1.1" 200 -
172.16.3.7 - - [30/May/2026:00:25:02 +0200] "HEAD /rhn/manager/download/fake-rpm-suse-channel/media.1/media?eyJhbGciOiJIUzI1NiJ9.eyJqdGkiOiJET2FpNHpKMGt0QVZnNk5xUkdPTS1RIiwiZXhwIjoxODExNjI5NDM2LCJpYXQiOjE3ODAwOTM0MzYsIm5iZiI6MTc4MDA5MzMxNiwib3JnIjoxLCJvbmx5Q2hhbm5lbHMiOlsiZmFrZS1ycG0tc3VzZS1jaGFubmVsIl19.Fa1ydUTy3qjHWk1E8dPoIUAMB7OVSlmRQ93KIjLOdSo HTTP/1.1" 404 -
172.16.3.7 - - [30/May/2026:00:25:02 +0200] "HEAD /rhn/manager/download/fake-rpm-suse-channel/repodata/repomd.xml?eyJhbGciOiJIUzI1NiJ9.eyJqdGkiOiJET2FpNHpKMGt0QVZnNk5xUkdPTS1RIiwiZXhwIjoxODExNjI5NDM2LCJpYXQiOjE3ODAwOTM0MzYsIm5iZiI6MTc4MDA5MzMxNiwib3JnIjoxLCJvbmx5Q2hhbm5lbHMiOlsiZmFrZS1ycG0tc3VzZS1jaGFubmVsIl19.Fa1ydUTy3qjHWk1E8dPoIUAMB7OVSlmRQ93KIjLOdSo HTTP/1.1" 200 -
172.16.3.7 - - [30/May/2026:00:25:02 +0200] "GET /rhn/manager/download/fake-rpm-suse-channel/repodata/repomd.xml?eyJhbGciOiJIUzI1NiJ9.eyJqdGkiOiJET2FpNHpKMGt0QVZnNk5xUkdPTS1RIiwiZXhwIjoxODExNjI5NDM2LCJpYXQiOjE3ODAwOTM0MzYsIm5iZiI6MTc4MDA5MzMxNiwib3JnIjoxLCJvbmx5Q2hhbm5lbHMiOlsiZmFrZS1ycG0tc3VzZS1jaGFubmVsIl19.Fa1ydUTy3qjHWk1E8dPoIUAMB7OVSlmRQ93KIjLOdSo HTTP/1.1" 304 -
172.16.3.5 - - [30/May/2026:00:25:02 +0200] "POST /rhn/manager/frontend-log HTTP/1.1" 200 42
172.16.3.5 - - [30/May/2026:00:25:02 +0200] "POST /rhn/manager/frontend-log HTTP/1.1" 200 42
172.16.3.5 - - [30/May/2026:00:25:00 +0200] "POST /rhn/manager/api/auth/login HTTP/1.1" 200 42
172.16.3.7 - - [30/May/2026:00:25:02 +0200] "HEAD /rhn/manager/download/fake-rpm-suse-channel/repodata/repomd.xml.asc?eyJhbGciOiJIUzI1NiJ9.eyJqdGkiOiJET2FpNHpKMGt0QVZnNk5xUkdPTS1RIiwiZXhwIjoxODExNjI5NDM2LCJpYXQiOjE3ODAwOTM0MzYsIm5iZiI6MTc4MDA5MzMxNiwib3JnIjoxLCJvbmx5Q2hhbm5lbHMiOlsiZmFrZS1ycG0tc3VzZS1jaGFubmVsIl19.Fa1ydUTy3qjHWk1E8dPoIUAMB7OVSlmRQ93KIjLOdSo HTTP/1.1" 404 -
172.16.3.7 - - [30/May/2026:00:25:03 +0200] "HEAD /rhn/manager/download/fake-rpm-suse-channel/repodata/dc05f5de20ec5cddf1d7088e65da1230df4c6b4c33bb2dcb088c704c21957179247db0b20270248610807cc531a5cc8e11613b4e1b71498666968b18f97f6feb-primary.xml.gz?eyJhbGciOiJIUzI1NiJ9.eyJqdGkiOiJET2FpNHpKMGt0QVZnNk5xUkdPTS1RIiwiZXhwIjoxODExNjI5NDM2LCJpYXQiOjE3ODAwOTM0MzYsIm5iZiI6MTc4MDA5MzMxNiwib3JnIjoxLCJvbmx5Q2hhbm5lbHMiOlsiZmFrZS1ycG0tc3VzZS1jaGFubmVsIl19.Fa1ydUTy3qjHWk1E8dPoIUAMB7OVSlmRQ93KIjLOdSo HTTP/1.1" 200 -
172.16.3.7 - - [30/May/2026:00:25:03 +0200] "GET /rhn/manager/download/fake-rpm-suse-channel/repodata/dc05f5de20ec5cddf1d7088e65da1230df4c6b4c33bb2dcb088c704c21957179247db0b20270248610807cc531a5cc8e11613b4e1b71498666968b18f97f6feb-primary.xml.gz?eyJhbGciOiJIUzI1NiJ9.eyJqdGkiOiJET2FpNHpKMGt0QVZnNk5xUkdPTS1RIiwiZXhwIjoxODExNjI5NDM2LCJpYXQiOjE3ODAwOTM0MzYsIm5iZiI6MTc4MDA5MzMxNiwib3JnIjoxLCJvbmx5Q2hhbm5lbHMiOlsiZmFrZS1ycG0tc3VzZS1jaGFubmVsIl19.Fa1ydUTy3qjHWk1E8dPoIUAMB7OVSlmRQ93KIjLOdSo HTTP/1.1" 304 -
172.16.3.5 - - [30/May/2026:00:25:02 +0200] "POST /rhn/manager/api/system/searchByName HTTP/1.1" 200 155
172.16.3.7 - - [30/May/2026:00:25:03 +0200] "HEAD /rhn/manager/download/fake-rpm-suse-channel/repodata/967523dc5726124030e80fb689fa51ce5488d2ac8712bba0620f3ffc36327e732d46cf562cdfb846af7c837ef2954c30cd95d648799cecc00140260e96bc9a58-susedata.xml.gz?eyJhbGciOiJIUzI1NiJ9.eyJqdGkiOiJET2FpNHpKMGt0QVZnNk5xUkdPTS1RIiwiZXhwIjoxODExNjI5NDM2LCJpYXQiOjE3ODAwOTM0MzYsIm5iZiI6MTc4MDA5MzMxNiwib3JnIjoxLCJvbmx5Q2hhbm5lbHMiOlsiZmFrZS1ycG0tc3VzZS1jaGFubmVsIl19.Fa1ydUTy3qjHWk1E8dPoIUAMB7OVSlmRQ93KIjLOdSo HTTP/1.1" 200 -
172.16.3.7 - - [30/May/2026:00:25:03 +0200] "GET /rhn/manager/download/fake-rpm-suse-channel/repodata/967523dc5726124030e80fb689fa51ce5488d2ac8712bba0620f3ffc36327e732d46cf562cdfb846af7c837ef2954c30cd95d648799cecc00140260e96bc9a58-susedata.xml.gz?eyJhbGciOiJIUzI1NiJ9.eyJqdGkiOiJET2FpNHpKMGt0QVZnNk5xUkdPTS1RIiwiZXhwIjoxODExNjI5NDM2LCJpYXQiOjE3ODAwOTM0MzYsIm5iZiI6MTc4MDA5MzMxNiwib3JnIjoxLCJvbmx5Q2hhbm5lbHMiOlsiZmFrZS1ycG0tc3VzZS1jaGFubmVsIl19.Fa1ydUTy3qjHWk1E8dPoIUAMB7OVSlmRQ93KIjLOdSo HTTP/1.1" 304 -
172.16.3.7 - - [30/May/2026:00:25:03 +0200] "HEAD /rhn/manager/download/fake-rpm-suse-channel/repodata/70adfefc57f070836ee7675a2e6e9e0c188cde99b10e097c14523e7deefaece4f41d690634e1c891c9eb77a5cacb27415bd8491336f588e15e7c942eb2e68c29-updateinfo.xml.gz?eyJhbGciOiJIUzI1NiJ9.eyJqdGkiOiJET2FpNHpKMGt0QVZnNk5xUkdPTS1RIiwiZXhwIjoxODExNjI5NDM2LCJpYXQiOjE3ODAwOTM0MzYsIm5iZiI6MTc4MDA5MzMxNiwib3JnIjoxLCJvbmx5Q2hhbm5lbHMiOlsiZmFrZS1ycG0tc3VzZS1jaGFubmVsIl19.Fa1ydUTy3qjHWk1E8dPoIUAMB7OVSlmRQ93KIjLOdSo HTTP/1.1" 200 -
172.16.3.5 - - [30/May/2026:00:25:03 +0200] "GET /rhn/manager/api/auth/logout HTTP/1.1" 200 42
172.16.3.5 - - [30/May/2026:00:24:57 +0200] "GET /rhn/websocket/notifications HTTP/1.1" 101 -
172.16.3.7 - - [30/May/2026:00:25:03 +0200] "GET /rhn/manager/download/fake-rpm-suse-channel/repodata/70adfefc57f070836ee7675a2e6e9e0c188cde99b10e097c14523e7deefaece4f41d690634e1c891c9eb77a5cacb27415bd8491336f588e15e7c942eb2e68c29-updateinfo.xml.gz?eyJhbGciOiJIUzI1NiJ9.eyJqdGkiOiJET2FpNHpKMGt0QVZnNk5xUkdPTS1RIiwiZXhwIjoxODExNjI5NDM2LCJpYXQiOjE3ODAwOTM0MzYsIm5iZiI6MTc4MDA5MzMxNiwib3JnIjoxLCJvbmx5Q2hhbm5lbHMiOlsiZmFrZS1ycG0tc3VzZS1jaGFubmVsIl19.Fa1ydUTy3qjHWk1E8dPoIUAMB7OVSlmRQ93KIjLOdSo HTTP/1.1" 304 -
172.16.3.7 - - [30/May/2026:00:25:03 +0200] "HEAD /rhn/manager/download/opensuse_tumbleweed-uyuni-client-devel-x86_64/repodata/repomd.xml?eyJhbGciOiJIUzI1NiJ9.eyJqdGkiOiJrcmhLUWJpLVpMLV9QUV9GNW1IQk9BIiwiZXhwIjoxODExNjI5NDM2LCJpYXQiOjE3ODAwOTM0MzYsIm5iZiI6MTc4MDA5MzMxNiwib3JnIjoxLCJvbmx5Q2hhbm5lbHMiOlsib3BlbnN1c2VfdHVtYmxld2VlZC11eXVuaS1jbGllbnQtZGV2ZWwteDg2XzY0Il19.2wBlgTd_jjj-ljYUUVTxpPHDbrKFimYtZIPU_1FIkgg HTTP/1.1" 200 -
172.16.3.7 - - [30/May/2026:00:25:03 +0200] "HEAD /rhn/manager/download/opensuse_tumbleweed-uyuni-client-devel-x86_64/media.1/media?eyJhbGciOiJIUzI1NiJ9.eyJqdGkiOiJrcmhLUWJpLVpMLV9QUV9GNW1IQk9BIiwiZXhwIjoxODExNjI5NDM2LCJpYXQiOjE3ODAwOTM0MzYsIm5iZiI6MTc4MDA5MzMxNiwib3JnIjoxLCJvbmx5Q2hhbm5lbHMiOlsib3BlbnN1c2VfdHVtYmxld2VlZC11eXVuaS1jbGllbnQtZGV2ZWwteDg2XzY0Il19.2wBlgTd_jjj-ljYUUVTxpPHDbrKFimYtZIPU_1FIkgg HTTP/1.1" 404 -
172.16.3.7 - - [30/May/2026:00:25:03 +0200] "HEAD /rhn/manager/download/opensuse_tumbleweed-uyuni-client-devel-x86_64/repodata/repomd.xml?eyJhbGciOiJIUzI1NiJ9.eyJqdGkiOiJrcmhLUWJpLVpMLV9QUV9GNW1IQk9BIiwiZXhwIjoxODExNjI5NDM2LCJpYXQiOjE3ODAwOTM0MzYsIm5iZiI6MTc4MDA5MzMxNiwib3JnIjoxLCJvbmx5Q2hhbm5lbHMiOlsib3BlbnN1c2VfdHVtYmxld2VlZC11eXVuaS1jbGllbnQtZGV2ZWwteDg2XzY0Il19.2wBlgTd_jjj-ljYUUVTxpPHDbrKFimYtZIPU_1FIkgg HTTP/1.1" 200 -
172.16.3.5 - - [30/May/2026:00:25:01 +0200] "GET /rhn/systems/details/Overview.do?sid=1000010000& HTTP/1.1" 200 6797
172.16.3.7 - - [30/May/2026:00:25:03 +0200] "GET /rhn/manager/download/opensuse_tumbleweed-uyuni-client-devel-x86_64/repodata/repomd.xml?eyJhbGciOiJIUzI1NiJ9.eyJqdGkiOiJrcmhLUWJpLVpMLV9QUV9GNW1IQk9BIiwiZXhwIjoxODExNjI5NDM2LCJpYXQiOjE3ODAwOTM0MzYsIm5iZiI6MTc4MDA5MzMxNiwib3JnIjoxLCJvbmx5Q2hhbm5lbHMiOlsib3BlbnN1c2VfdHVtYmxld2VlZC11eXVuaS1jbGllbnQtZGV2ZWwteDg2XzY0Il19.2wBlgTd_jjj-ljYUUVTxpPHDbrKFimYtZIPU_1FIkgg HTTP/1.1" 304 -
172.16.3.5 - - [30/May/2026:00:25:03 +0200] "GET /img/favicon.ico?q=0.024229272665836632 HTTP/1.1" 200 1150
172.16.3.7 - - [30/May/2026:00:25:03 +0200] "HEAD /rhn/manager/download/opensuse_tumbleweed-uyuni-client-devel-x86_64/repodata/repomd.xml.asc?eyJhbGciOiJIUzI1NiJ9.eyJqdGkiOiJrcmhLUWJpLVpMLV9QUV9GNW1IQk9BIiwiZXhwIjoxODExNjI5NDM2LCJpYXQiOjE3ODAwOTM0MzYsIm5iZiI6MTc4MDA5MzMxNiwib3JnIjoxLCJvbmx5Q2hhbm5lbHMiOlsib3BlbnN1c2VfdHVtYmxld2VlZC11eXVuaS1jbGllbnQtZGV2ZWwteDg2XzY0Il19.2wBlgTd_jjj-ljYUUVTxpPHDbrKFimYtZIPU_1FIkgg HTTP/1.1" 404 -
172.16.3.7 - - [30/May/2026:00:25:04 +0200] "HEAD /rhn/manager/download/opensuse_tumbleweed-uyuni-client-devel-x86_64/repodata/279850f3c2ddaee56455e32633aeccfffeac6d2d2dd4fdec5f4decff5fa720d610c149a08b09d1d467708b79e57896cdb22e0a1126a0879a9114a8300b5b46cd-primary.xml.gz?eyJhbGciOiJIUzI1NiJ9.eyJqdGkiOiJrcmhLUWJpLVpMLV9QUV9GNW1IQk9BIiwiZXhwIjoxODExNjI5NDM2LCJpYXQiOjE3ODAwOTM0MzYsIm5iZiI6MTc4MDA5MzMxNiwib3JnIjoxLCJvbmx5Q2hhbm5lbHMiOlsib3BlbnN1c2VfdHVtYmxld2VlZC11eXVuaS1jbGllbnQtZGV2ZWwteDg2XzY0Il19.2wBlgTd_jjj-ljYUUVTxpPHDbrKFimYtZIPU_1FIkgg HTTP/1.1" 200 -
172.16.3.5 - - [30/May/2026:00:25:03 +0200] "GET /rhn/websocket/notifications HTTP/1.1" 101 -
172.16.3.5 - - [30/May/2026:00:25:03 +0200] "POST /rhn/manager/frontend-log HTTP/1.1" 200 42
172.16.3.7 - - [30/May/2026:00:25:04 +0200] "GET /rhn/manager/download/opensuse_tumbleweed-uyuni-client-devel-x86_64/repodata/279850f3c2ddaee56455e32633aeccfffeac6d2d2dd4fdec5f4decff5fa720d610c149a08b09d1d467708b79e57896cdb22e0a1126a0879a9114a8300b5b46cd-primary.xml.gz?eyJhbGciOiJIUzI1NiJ9.eyJqdGkiOiJrcmhLUWJpLVpMLV9QUV9GNW1IQk9BIiwiZXhwIjoxODExNjI5NDM2LCJpYXQiOjE3ODAwOTM0MzYsIm5iZiI6MTc4MDA5MzMxNiwib3JnIjoxLCJvbmx5Q2hhbm5lbHMiOlsib3BlbnN1c2VfdHVtYmxld2VlZC11eXVuaS1jbGllbnQtZGV2ZWwteDg2XzY0Il19.2wBlgTd_jjj-ljYUUVTxpPHDbrKFimYtZIPU_1FIkgg HTTP/1.1" 304 -
172.16.3.7 - - [30/May/2026:00:25:04 +0200] "HEAD /rhn/manager/download/opensuse_tumbleweed-uyuni-client-devel-x86_64/repodata/720db58c9b64176900d20f1ec5e085d98a676f5075351af10d82045ab58cc0ec48710d98e7b076cb48e45770f36621326b7f0a3da3978f80d7389c43296912b3-susedata.xml.gz?eyJhbGciOiJIUzI1NiJ9.eyJqdGkiOiJrcmhLUWJpLVpMLV9QUV9GNW1IQk9BIiwiZXhwIjoxODExNjI5NDM2LCJpYXQiOjE3ODAwOTM0MzYsIm5iZiI6MTc4MDA5MzMxNiwib3JnIjoxLCJvbmx5Q2hhbm5lbHMiOlsib3BlbnN1c2VfdHVtYmxld2VlZC11eXVuaS1jbGllbnQtZGV2ZWwteDg2XzY0Il19.2wBlgTd_jjj-ljYUUVTxpPHDbrKFimYtZIPU_1FIkgg HTTP/1.1" 200 -
172.16.3.7 - - [30/May/2026:00:25:04 +0200] "HEAD /rhn/manager/download/sle-module-desktop-applications15-sp7-updates-x86_64/repodata/repomd.xml?eyJhbGciOiJIUzI1NiJ9.eyJqdGkiOiJTX1g0Nl9vV0tWLVF2OVR1U011dm13IiwiZXhwIjoxODExNjI5NDMyLCJpYXQiOjE3ODAwOTM0MzIsIm5iZiI6MTc4MDA5MzMxMiwib3JnIjoxLCJvbmx5Q2hhbm5lbHMiOlsic2xlLW1vZHVsZS1kZXNrdG9wLWFwcGxpY2F0aW9uczE1LXNwNy11cGRhdGVzLXg4Nl82NCJdfQ.XoCIS6ZB8fq8yumWjxBbPn2Cad3LqS9rbgagfxJEBRU HTTP/1.1" 200 -
172.16.3.7 - - [30/May/2026:00:25:04 +0200] "GET /rhn/manager/download/opensuse_tumbleweed-uyuni-client-devel-x86_64/repodata/720db58c9b64176900d20f1ec5e085d98a676f5075351af10d82045ab58cc0ec48710d98e7b076cb48e45770f36621326b7f0a3da3978f80d7389c43296912b3-susedata.xml.gz?eyJhbGciOiJIUzI1NiJ9.eyJqdGkiOiJrcmhLUWJpLVpMLV9QUV9GNW1IQk9BIiwiZXhwIjoxODExNjI5NDM2LCJpYXQiOjE3ODAwOTM0MzYsIm5iZiI6MTc4MDA5MzMxNiwib3JnIjoxLCJvbmx5Q2hhbm5lbHMiOlsib3BlbnN1c2VfdHVtYmxld2VlZC11eXVuaS1jbGllbnQtZGV2ZWwteDg2XzY0Il19.2wBlgTd_jjj-ljYUUVTxpPHDbrKFimYtZIPU_1FIkgg HTTP/1.1" 304 -
172.16.3.7 - - [30/May/2026:00:25:04 +0200] "HEAD /rhn/manager/download/sle-module-desktop-applications15-sp7-updates-x86_64/media.1/media?eyJhbGciOiJIUzI1NiJ9.eyJqdGkiOiJTX1g0Nl9vV0tWLVF2OVR1U011dm13IiwiZXhwIjoxODExNjI5NDMyLCJpYXQiOjE3ODAwOTM0MzIsIm5iZiI6MTc4MDA5MzMxMiwib3JnIjoxLCJvbmx5Q2hhbm5lbHMiOlsic2xlLW1vZHVsZS1kZXNrdG9wLWFwcGxpY2F0aW9uczE1LXNwNy11cGRhdGVzLXg4Nl82NCJdfQ.XoCIS6ZB8fq8yumWjxBbPn2Cad3LqS9rbgagfxJEBRU HTTP/1.1" 404 -
172.16.3.7 - - [30/May/2026:00:25:04 +0200] "HEAD /rhn/manager/download/sle-module-desktop-applications15-sp7-updates-x86_64/repodata/repomd.xml?eyJhbGciOiJIUzI1NiJ9.eyJqdGkiOiJTX1g0Nl9vV0tWLVF2OVR1U011dm13IiwiZXhwIjoxODExNjI5NDMyLCJpYXQiOjE3ODAwOTM0MzIsIm5iZiI6MTc4MDA5MzMxMiwib3JnIjoxLCJvbmx5Q2hhbm5lbHMiOlsic2xlLW1vZHVsZS1kZXNrdG9wLWFwcGxpY2F0aW9uczE1LXNwNy11cGRhdGVzLXg4Nl82NCJdfQ.XoCIS6ZB8fq8yumWjxBbPn2Cad3LqS9rbgagfxJEBRU HTTP/1.1" 200 -
172.16.3.5 - - [30/May/2026:00:24:51 +0200] "GET /rhn/websocket/notifications HTTP/1.1" 101 -
172.16.3.7 - - [30/May/2026:00:25:04 +0200] "HEAD /rhn/manager/download/opensuse_tumbleweed-x86_64/repodata/repomd.xml?eyJhbGciOiJIUzI1NiJ9.eyJqdGkiOiJOeDNheXdtN1ZWUTZuMVZQNmhoVDdnIiwiZXhwIjoxODExNjI5NDM2LCJpYXQiOjE3ODAwOTM0MzYsIm5iZiI6MTc4MDA5MzMxNiwib3JnIjoxLCJvbmx5Q2hhbm5lbHMiOlsib3BlbnN1c2VfdHVtYmxld2VlZC14ODZfNjQiXX0.ULjWPSCIyS1akL5eaW1UgCHkRewx_S5FXOUc2TV-6Eo HTTP/1.1" 200 -
172.16.3.7 - - [30/May/2026:00:25:04 +0200] "GET /rhn/manager/download/sle-module-desktop-applications15-sp7-updates-x86_64/repodata/repomd.xml?eyJhbGciOiJIUzI1NiJ9.eyJqdGkiOiJTX1g0Nl9vV0tWLVF2OVR1U011dm13IiwiZXhwIjoxODExNjI5NDMyLCJpYXQiOjE3ODAwOTM0MzIsIm5iZiI6MTc4MDA5MzMxMiwib3JnIjoxLCJvbmx5Q2hhbm5lbHMiOlsic2xlLW1vZHVsZS1kZXNrdG9wLWFwcGxpY2F0aW9uczE1LXNwNy11cGRhdGVzLXg4Nl82NCJdfQ.XoCIS6ZB8fq8yumWjxBbPn2Cad3LqS9rbgagfxJEBRU HTTP/1.1" 304 -
172.16.3.7 - - [30/May/2026:00:25:04 +0200] "HEAD /rhn/manager/download/sle-module-desktop-applications15-sp7-updates-x86_64/repodata/repomd.xml.asc?eyJhbGciOiJIUzI1NiJ9.eyJqdGkiOiJTX1g0Nl9vV0tWLVF2OVR1U011dm13IiwiZXhwIjoxODExNjI5NDMyLCJpYXQiOjE3ODAwOTM0MzIsIm5iZiI6MTc4MDA5MzMxMiwib3JnIjoxLCJvbmx5Q2hhbm5lbHMiOlsic2xlLW1vZHVsZS1kZXNrdG9wLWFwcGxpY2F0aW9uczE1LXNwNy11cGRhdGVzLXg4Nl82NCJdfQ.XoCIS6ZB8fq8yumWjxBbPn2Cad3LqS9rbgagfxJEBRU HTTP/1.1" 404 -
172.16.3.7 - - [30/May/2026:00:25:04 +0200] "HEAD /rhn/manager/download/sle-module-desktop-applications15-sp7-updates-x86_64/repodata/27a05923b9e708b63945b9da6ebdf2f8a77232fb3c379143b244b8e8996f10c7-primary.xml.gz?eyJhbGciOiJIUzI1NiJ9.eyJqdGkiOiJTX1g0Nl9vV0tWLVF2OVR1U011dm13IiwiZXhwIjoxODExNjI5NDMyLCJpYXQiOjE3ODAwOTM0MzIsIm5iZiI6MTc4MDA5MzMxMiwib3JnIjoxLCJvbmx5Q2hhbm5lbHMiOlsic2xlLW1vZHVsZS1kZXNrdG9wLWFwcGxpY2F0aW9uczE1LXNwNy11cGRhdGVzLXg4Nl82NCJdfQ.XoCIS6ZB8fq8yumWjxBbPn2Cad3LqS9rbgagfxJEBRU HTTP/1.1" 200 -
172.16.3.7 - - [30/May/2026:00:25:04 +0200] "HEAD /rhn/manager/download/opensuse_tumbleweed-x86_64/media.1/media?eyJhbGciOiJIUzI1NiJ9.eyJqdGkiOiJOeDNheXdtN1ZWUTZuMVZQNmhoVDdnIiwiZXhwIjoxODExNjI5NDM2LCJpYXQiOjE3ODAwOTM0MzYsIm5iZiI6MTc4MDA5MzMxNiwib3JnIjoxLCJvbmx5Q2hhbm5lbHMiOlsib3BlbnN1c2VfdHVtYmxld2VlZC14ODZfNjQiXX0.ULjWPSCIyS1akL5eaW1UgCHkRewx_S5FXOUc2TV-6Eo HTTP/1.1" 404 -
172.16.3.5 - - [30/May/2026:00:25:03 +0200] "GET /rhn/systems/details/Overview.do?sid=1000010001 HTTP/1.1" 200 7020
172.16.3.5 - - [30/May/2026:00:25:00 +0200] "GET /rhn/websocket/notifications HTTP/1.1" 101 -
172.16.3.7 - - [30/May/2026:00:25:04 +0200] "GET /rhn/manager/download/sle-module-desktop-applications15-sp7-updates-x86_64/repodata/27a05923b9e708b63945b9da6ebdf2f8a77232fb3c379143b244b8e8996f10c7-primary.xml.gz?eyJhbGciOiJIUzI1NiJ9.eyJqdGkiOiJTX1g0Nl9vV0tWLVF2OVR1U011dm13IiwiZXhwIjoxODExNjI5NDMyLCJpYXQiOjE3ODAwOTM0MzIsIm5iZiI6MTc4MDA5MzMxMiwib3JnIjoxLCJvbmx5Q2hhbm5lbHMiOlsic2xlLW1vZHVsZS1kZXNrdG9wLWFwcGxpY2F0aW9uczE1LXNwNy11cGRhdGVzLXg4Nl82NCJdfQ.XoCIS6ZB8fq8yumWjxBbPn2Cad3LqS9rbgagfxJEBRU HTTP/1.1" 304 -
172.16.3.7 - - [30/May/2026:00:25:04 +0200] "HEAD /rhn/manager/download/opensuse_tumbleweed-x86_64/repodata/repomd.xml?eyJhbGciOiJIUzI1NiJ9.eyJqdGkiOiJOeDNheXdtN1ZWUTZuMVZQNmhoVDdnIiwiZXhwIjoxODExNjI5NDM2LCJpYXQiOjE3ODAwOTM0MzYsIm5iZiI6MTc4MDA5MzMxNiwib3JnIjoxLCJvbmx5Q2hhbm5lbHMiOlsib3BlbnN1c2VfdHVtYmxld2VlZC14ODZfNjQiXX0.ULjWPSCIyS1akL5eaW1UgCHkRewx_S5FXOUc2TV-6Eo HTTP/1.1" 200 -
172.16.3.7 - - [30/May/2026:00:25:04 +0200] "HEAD /rhn/manager/download/sle-module-desktop-applications15-sp7-updates-x86_64/repodata/2f2e3b0adedd73fde6cd2c2ddda5c292db0f96c186ccb5b47b59c8ec7e956bbe-susedata.xml.gz?eyJhbGciOiJIUzI1NiJ9.eyJqdGkiOiJTX1g0Nl9vV0tWLVF2OVR1U011dm13IiwiZXhwIjoxODExNjI5NDMyLCJpYXQiOjE3ODAwOTM0MzIsIm5iZiI6MTc4MDA5MzMxMiwib3JnIjoxLCJvbmx5Q2hhbm5lbHMiOlsic2xlLW1vZHVsZS1kZXNrdG9wLWFwcGxpY2F0aW9uczE1LXNwNy11cGRhdGVzLXg4Nl82NCJdfQ.XoCIS6ZB8fq8yumWjxBbPn2Cad3LqS9rbgagfxJEBRU HTTP/1.1" 200 -
172.16.3.7 - - [30/May/2026:00:25:04 +0200] "GET /rhn/manager/download/opensuse_tumbleweed-x86_64/repodata/repomd.xml?eyJhbGciOiJIUzI1NiJ9.eyJqdGkiOiJOeDNheXdtN1ZWUTZuMVZQNmhoVDdnIiwiZXhwIjoxODExNjI5NDM2LCJpYXQiOjE3ODAwOTM0MzYsIm5iZiI6MTc4MDA5MzMxNiwib3JnIjoxLCJvbmx5Q2hhbm5lbHMiOlsib3BlbnN1c2VfdHVtYmxld2VlZC14ODZfNjQiXX0.ULjWPSCIyS1akL5eaW1UgCHkRewx_S5FXOUc2TV-6Eo HTTP/1.1" 304 -
172.16.3.7 - - [30/May/2026:00:25:04 +0200] "GET /rhn/manager/download/sle-module-desktop-applications15-sp7-updates-x86_64/repodata/2f2e3b0adedd73fde6cd2c2ddda5c292db0f96c186ccb5b47b59c8ec7e956bbe-susedata.xml.gz?eyJhbGciOiJIUzI1NiJ9.eyJqdGkiOiJTX1g0Nl9vV0tWLVF2OVR1U011dm13IiwiZXhwIjoxODExNjI5NDMyLCJpYXQiOjE3ODAwOTM0MzIsIm5iZiI6MTc4MDA5MzMxMiwib3JnIjoxLCJvbmx5Q2hhbm5lbHMiOlsic2xlLW1vZHVsZS1kZXNrdG9wLWFwcGxpY2F0aW9uczE1LXNwNy11cGRhdGVzLXg4Nl82NCJdfQ.XoCIS6ZB8fq8yumWjxBbPn2Cad3LqS9rbgagfxJEBRU HTTP/1.1" 304 -
172.16.3.7 - - [30/May/2026:00:25:04 +0200] "HEAD /rhn/manager/download/opensuse_tumbleweed-x86_64/repodata/repomd.xml.asc?eyJhbGciOiJIUzI1NiJ9.eyJqdGkiOiJOeDNheXdtN1ZWUTZuMVZQNmhoVDdnIiwiZXhwIjoxODExNjI5NDM2LCJpYXQiOjE3ODAwOTM0MzYsIm5iZiI6MTc4MDA5MzMxNiwib3JnIjoxLCJvbmx5Q2hhbm5lbHMiOlsib3BlbnN1c2VfdHVtYmxld2VlZC14ODZfNjQiXX0.ULjWPSCIyS1akL5eaW1UgCHkRewx_S5FXOUc2TV-6Eo HTTP/1.1" 404 -
172.16.3.5 - - [30/May/2026:00:25:04 +0200] "POST /rhn/manager/frontend-log HTTP/1.1" 200 42
172.16.3.7 - - [30/May/2026:00:25:04 +0200] "HEAD /rhn/manager/download/sle-module-desktop-applications15-sp7-updates-x86_64/repodata/2bf0093253a65e5391afb51f65f32fbd6c7acd8df5af581f6d69da08745ca452-updateinfo.xml.gz?eyJhbGciOiJIUzI1NiJ9.eyJqdGkiOiJTX1g0Nl9vV0tWLVF2OVR1U011dm13IiwiZXhwIjoxODExNjI5NDMyLCJpYXQiOjE3ODAwOTM0MzIsIm5iZiI6MTc4MDA5MzMxMiwib3JnIjoxLCJvbmx5Q2hhbm5lbHMiOlsic2xlLW1vZHVsZS1kZXNrdG9wLWFwcGxpY2F0aW9uczE1LXNwNy11cGRhdGVzLXg4Nl82NCJdfQ.XoCIS6ZB8fq8yumWjxBbPn2Cad3LqS9rbgagfxJEBRU HTTP/1.1" 200 -
172.16.3.7 - - [30/May/2026:00:25:04 +0200] "HEAD /rhn/manager/download/opensuse_tumbleweed-x86_64/repodata/714fcf5a1dc824730fef7998f10194255f215bc69f33cf6bd17249f20c2f884bdf456bd1f4046511e7f5dda4dd28d6f72e5373dd916d44748604d4bbb0fdf74d-primary.xml.gz?eyJhbGciOiJIUzI1NiJ9.eyJqdGkiOiJOeDNheXdtN1ZWUTZuMVZQNmhoVDdnIiwiZXhwIjoxODExNjI5NDM2LCJpYXQiOjE3ODAwOTM0MzYsIm5iZiI6MTc4MDA5MzMxNiwib3JnIjoxLCJvbmx5Q2hhbm5lbHMiOlsib3BlbnN1c2VfdHVtYmxld2VlZC14ODZfNjQiXX0.ULjWPSCIyS1akL5eaW1UgCHkRewx_S5FXOUc2TV-6Eo HTTP/1.1" 200 -
172.16.3.7 - - [30/May/2026:00:25:04 +0200] "GET /rhn/manager/download/sle-module-desktop-applications15-sp7-updates-x86_64/repodata/2bf0093253a65e5391afb51f65f32fbd6c7acd8df5af581f6d69da08745ca452-updateinfo.xml.gz?eyJhbGciOiJIUzI1NiJ9.eyJqdGkiOiJTX1g0Nl9vV0tWLVF2OVR1U011dm13IiwiZXhwIjoxODExNjI5NDMyLCJpYXQiOjE3ODAwOTM0MzIsIm5iZiI6MTc4MDA5MzMxMiwib3JnIjoxLCJvbmx5Q2hhbm5lbHMiOlsic2xlLW1vZHVsZS1kZXNrdG9wLWFwcGxpY2F0aW9uczE1LXNwNy11cGRhdGVzLXg4Nl82NCJdfQ.XoCIS6ZB8fq8yumWjxBbPn2Cad3LqS9rbgagfxJEBRU HTTP/1.1" 304 -
172.16.3.7 - - [30/May/2026:00:25:05 +0200] "GET /rhn/manager/download/opensuse_tumbleweed-x86_64/repodata/714fcf5a1dc824730fef7998f10194255f215bc69f33cf6bd17249f20c2f884bdf456bd1f4046511e7f5dda4dd28d6f72e5373dd916d44748604d4bbb0fdf74d-primary.xml.gz?eyJhbGciOiJIUzI1NiJ9.eyJqdGkiOiJOeDNheXdtN1ZWUTZuMVZQNmhoVDdnIiwiZXhwIjoxODExNjI5NDM2LCJpYXQiOjE3ODAwOTM0MzYsIm5iZiI6MTc4MDA5MzMxNiwib3JnIjoxLCJvbmx5Q2hhbm5lbHMiOlsib3BlbnN1c2VfdHVtYmxld2VlZC14ODZfNjQiXX0.ULjWPSCIyS1akL5eaW1UgCHkRewx_S5FXOUc2TV-6Eo HTTP/1.1" 304 -
172.16.3.5 - - [30/May/2026:00:25:04 +0200] "POST /rhn/manager/frontend-log HTTP/1.1" 200 42
172.16.3.7 - - [30/May/2026:00:25:05 +0200] "HEAD /rhn/manager/download/sle-module-devtools15-sp7-updates-x86_64/repodata/repomd.xml?eyJhbGciOiJIUzI1NiJ9.eyJqdGkiOiJjS0MxMWUwSnd2MlllRnlLNXJGSkVnIiwiZXhwIjoxODExNjI5NDMyLCJpYXQiOjE3ODAwOTM0MzIsIm5iZiI6MTc4MDA5MzMxMiwib3JnIjoxLCJvbmx5Q2hhbm5lbHMiOlsic2xlLW1vZHVsZS1kZXZ0b29sczE1LXNwNy11cGRhdGVzLXg4Nl82NCJdfQ.Ct4z3YR8UAhkxTrxzZVOcduS4clf6smprtd3-PdgBfU HTTP/1.1" 200 -
172.16.3.7 - - [30/May/2026:00:25:05 +0200] "HEAD /rhn/manager/download/opensuse_tumbleweed-x86_64/repodata/408ce57e8a39aa873b263f868578d19518a40688eacdd7b0a2c07a5e8a01c5e39df8b80b8ff99d4473235c4ff57df1cd2d22188f28ca76ee957eff99c86baaa2-susedata.xml.gz?eyJhbGciOiJIUzI1NiJ9.eyJqdGkiOiJOeDNheXdtN1ZWUTZuMVZQNmhoVDdnIiwiZXhwIjoxODExNjI5NDM2LCJpYXQiOjE3ODAwOTM0MzYsIm5iZiI6MTc4MDA5MzMxNiwib3JnIjoxLCJvbmx5Q2hhbm5lbHMiOlsib3BlbnN1c2VfdHVtYmxld2VlZC14ODZfNjQiXX0.ULjWPSCIyS1akL5eaW1UgCHkRewx_S5FXOUc2TV-6Eo HTTP/1.1" 200 -
172.16.3.5 - - [30/May/2026:00:25:04 +0200] "GET /rhn/systems/details/history/Pending.do?sid=1000010004& HTTP/1.1" 200 6214
172.16.3.5 - - [30/May/2026:00:24:51 +0200] "GET /rhn/websocket/notifications HTTP/1.1" 101 -
172.16.3.7 - - [30/May/2026:00:25:05 +0200] "GET /rhn/manager/download/opensuse_tumbleweed-x86_64/repodata/408ce57e8a39aa873b263f868578d19518a40688eacdd7b0a2c07a5e8a01c5e39df8b80b8ff99d4473235c4ff57df1cd2d22188f28ca76ee957eff99c86baaa2-susedata.xml.gz?eyJhbGciOiJIUzI1NiJ9.eyJqdGkiOiJOeDNheXdtN1ZWUTZuMVZQNmhoVDdnIiwiZXhwIjoxODExNjI5NDM2LCJpYXQiOjE3ODAwOTM0MzYsIm5iZiI6MTc4MDA5MzMxNiwib3JnIjoxLCJvbmx5Q2hhbm5lbHMiOlsib3BlbnN1c2VfdHVtYmxld2VlZC14ODZfNjQiXX0.ULjWPSCIyS1akL5eaW1UgCHkRewx_S5FXOUc2TV-6Eo HTTP/1.1" 304 -
172.16.3.7 - - [30/May/2026:00:25:05 +0200] "HEAD /rhn/manager/download/sle-module-devtools15-sp7-updates-x86_64/media.1/media?eyJhbGciOiJIUzI1NiJ9.eyJqdGkiOiJjS0MxMWUwSnd2MlllRnlLNXJGSkVnIiwiZXhwIjoxODExNjI5NDMyLCJpYXQiOjE3ODAwOTM0MzIsIm5iZiI6MTc4MDA5MzMxMiwib3JnIjoxLCJvbmx5Q2hhbm5lbHMiOlsic2xlLW1vZHVsZS1kZXZ0b29sczE1LXNwNy11cGRhdGVzLXg4Nl82NCJdfQ.Ct4z3YR8UAhkxTrxzZVOcduS4clf6smprtd3-PdgBfU HTTP/1.1" 404 -
172.16.3.5 - - [30/May/2026:00:24:51 +0200] "GET /rhn/websocket/notifications HTTP/1.1" 101 -
172.16.3.7 - - [30/May/2026:00:25:05 +0200] "HEAD /rhn/manager/download/sle-module-devtools15-sp7-updates-x86_64/repodata/repomd.xml?eyJhbGciOiJIUzI1NiJ9.eyJqdGkiOiJjS0MxMWUwSnd2MlllRnlLNXJGSkVnIiwiZXhwIjoxODExNjI5NDMyLCJpYXQiOjE3ODAwOTM0MzIsIm5iZiI6MTc4MDA5MzMxMiwib3JnIjoxLCJvbmx5Q2hhbm5lbHMiOlsic2xlLW1vZHVsZS1kZXZ0b29sczE1LXNwNy11cGRhdGVzLXg4Nl82NCJdfQ.Ct4z3YR8UAhkxTrxzZVOcduS4clf6smprtd3-PdgBfU HTTP/1.1" 200 -
172.16.3.7 - - [30/May/2026:00:25:05 +0200] "GET /rhn/manager/download/sle-module-devtools15-sp7-updates-x86_64/repodata/repomd.xml?eyJhbGciOiJIUzI1NiJ9.eyJqdGkiOiJjS0MxMWUwSnd2MlllRnlLNXJGSkVnIiwiZXhwIjoxODExNjI5NDMyLCJpYXQiOjE3ODAwOTM0MzIsIm5iZiI6MTc4MDA5MzMxMiwib3JnIjoxLCJvbmx5Q2hhbm5lbHMiOlsic2xlLW1vZHVsZS1kZXZ0b29sczE1LXNwNy11cGRhdGVzLXg4Nl82NCJdfQ.Ct4z3YR8UAhkxTrxzZVOcduS4clf6smprtd3-PdgBfU HTTP/1.1" 304 -
172.16.3.5 - - [30/May/2026:00:25:05 +0200] "POST /rhn/manager/frontend-log HTTP/1.1" 200 42
172.16.3.7 - - [30/May/2026:00:25:05 +0200] "HEAD /rhn/manager/download/sle-module-devtools15-sp7-updates-x86_64/repodata/repomd.xml.asc?eyJhbGciOiJIUzI1NiJ9.eyJqdGkiOiJjS0MxMWUwSnd2MlllRnlLNXJGSkVnIiwiZXhwIjoxODExNjI5NDMyLCJpYXQiOjE3ODAwOTM0MzIsIm5iZiI6MTc4MDA5MzMxMiwib3JnIjoxLCJvbmx5Q2hhbm5lbHMiOlsic2xlLW1vZHVsZS1kZXZ0b29sczE1LXNwNy11cGRhdGVzLXg4Nl82NCJdfQ.Ct4z3YR8UAhkxTrxzZVOcduS4clf6smprtd3-PdgBfU HTTP/1.1" 404 -
172.16.3.5 - - [30/May/2026:00:25:05 +0200] "POST /rhn/manager/frontend-log HTTP/1.1" 200 42
172.16.3.5 - - [30/May/2026:00:25:03 +0200] "GET /rhn/systems/details/ProxyClients.do?sid=1000010000& HTTP/1.1" 200 8072
172.16.3.7 - - [30/May/2026:00:25:05 +0200] "HEAD /rhn/manager/download/sle-module-devtools15-sp7-updates-x86_64/repodata/d7b3d252711cf99730dd1fba01df98b7df4a6d873097fb4e29032a58ee3fe851-primary.xml.gz?eyJhbGciOiJIUzI1NiJ9.eyJqdGkiOiJjS0MxMWUwSnd2MlllRnlLNXJGSkVnIiwiZXhwIjoxODExNjI5NDMyLCJpYXQiOjE3ODAwOTM0MzIsIm5iZiI6MTc4MDA5MzMxMiwib3JnIjoxLCJvbmx5Q2hhbm5lbHMiOlsic2xlLW1vZHVsZS1kZXZ0b29sczE1LXNwNy11cGRhdGVzLXg4Nl82NCJdfQ.Ct4z3YR8UAhkxTrxzZVOcduS4clf6smprtd3-PdgBfU HTTP/1.1" 200 -
172.16.3.7 - - [30/May/2026:00:25:05 +0200] "GET /rhn/manager/download/sle-module-devtools15-sp7-updates-x86_64/repodata/d7b3d252711cf99730dd1fba01df98b7df4a6d873097fb4e29032a58ee3fe851-primary.xml.gz?eyJhbGciOiJIUzI1NiJ9.eyJqdGkiOiJjS0MxMWUwSnd2MlllRnlLNXJGSkVnIiwiZXhwIjoxODExNjI5NDMyLCJpYXQiOjE3ODAwOTM0MzIsIm5iZiI6MTc4MDA5MzMxMiwib3JnIjoxLCJvbmx5Q2hhbm5lbHMiOlsic2xlLW1vZHVsZS1kZXZ0b29sczE1LXNwNy11cGRhdGVzLXg4Nl82NCJdfQ.Ct4z3YR8UAhkxTrxzZVOcduS4clf6smprtd3-PdgBfU HTTP/1.1" 304 -
172.16.3.5 - - [30/May/2026:00:25:05 +0200] "GET /rhn/manager/systems/list/all HTTP/1.1" 200 5366
172.16.3.5 - - [30/May/2026:00:24:51 +0200] "GET /rhn/websocket/notifications HTTP/1.1" 101 -
172.16.3.5 - - [30/May/2026:00:25:05 +0200] "GET /img/favicon.ico?q=0.4439642473382662 HTTP/1.1" 200 1150
172.16.3.7 - - [30/May/2026:00:25:05 +0200] "HEAD /rhn/manager/download/sle-module-devtools15-sp7-updates-x86_64/repodata/ab3a62100a1f90a316c571e33debccf0bdc39bb559808080c6d1a630b98cd19f-susedata.xml.gz?eyJhbGciOiJIUzI1NiJ9.eyJqdGkiOiJjS0MxMWUwSnd2MlllRnlLNXJGSkVnIiwiZXhwIjoxODExNjI5NDMyLCJpYXQiOjE3ODAwOTM0MzIsIm5iZiI6MTc4MDA5MzMxMiwib3JnIjoxLCJvbmx5Q2hhbm5lbHMiOlsic2xlLW1vZHVsZS1kZXZ0b29sczE1LXNwNy11cGRhdGVzLXg4Nl82NCJdfQ.Ct4z3YR8UAhkxTrxzZVOcduS4clf6smprtd3-PdgBfU HTTP/1.1" 200 -
172.16.3.7 - - [30/May/2026:00:25:05 +0200] "GET /rhn/manager/download/sle-module-devtools15-sp7-updates-x86_64/repodata/ab3a62100a1f90a316c571e33debccf0bdc39bb559808080c6d1a630b98cd19f-susedata.xml.gz?eyJhbGciOiJIUzI1NiJ9.eyJqdGkiOiJjS0MxMWUwSnd2MlllRnlLNXJGSkVnIiwiZXhwIjoxODExNjI5NDMyLCJpYXQiOjE3ODAwOTM0MzIsIm5iZiI6MTc4MDA5MzMxMiwib3JnIjoxLCJvbmx5Q2hhbm5lbHMiOlsic2xlLW1vZHVsZS1kZXZ0b29sczE1LXNwNy11cGRhdGVzLXg4Nl82NCJdfQ.Ct4z3YR8UAhkxTrxzZVOcduS4clf6smprtd3-PdgBfU HTTP/1.1" 304 -
172.16.3.5 - - [30/May/2026:00:25:05 +0200] "POST /rhn/manager/frontend-log HTTP/1.1" 200 42
172.16.3.5 - - [30/May/2026:00:25:05 +0200] "POST /rhn/manager/frontend-log HTTP/1.1" 200 42
172.16.3.7 - - [30/May/2026:00:25:06 +0200] "HEAD /rhn/manager/download/sle-module-devtools15-sp7-updates-x86_64/repodata/5703525b291e7fe0768e15a106c7215d91dc49853950cca60668e84cdb9daf35-updateinfo.xml.gz?eyJhbGciOiJIUzI1NiJ9.eyJqdGkiOiJjS0MxMWUwSnd2MlllRnlLNXJGSkVnIiwiZXhwIjoxODExNjI5NDMyLCJpYXQiOjE3ODAwOTM0MzIsIm5iZiI6MTc4MDA5MzMxMiwib3JnIjoxLCJvbmx5Q2hhbm5lbHMiOlsic2xlLW1vZHVsZS1kZXZ0b29sczE1LXNwNy11cGRhdGVzLXg4Nl82NCJdfQ.Ct4z3YR8UAhkxTrxzZVOcduS4clf6smprtd3-PdgBfU HTTP/1.1" 200 -
172.16.3.5 - - [30/May/2026:00:25:04 +0200] "GET /rhn/systems/details/packages/Packages.do?sid=1000010001& HTTP/1.1" 200 6093
172.16.3.5 - - [30/May/2026:00:25:06 +0200] "GET /img/favicon.ico?q=0.6707051561590149 HTTP/1.1" 200 1150
172.16.3.7 - - [30/May/2026:00:25:06 +0200] "GET /rhn/manager/download/sle-module-devtools15-sp7-updates-x86_64/repodata/5703525b291e7fe0768e15a106c7215d91dc49853950cca60668e84cdb9daf35-updateinfo.xml.gz?eyJhbGciOiJIUzI1NiJ9.eyJqdGkiOiJjS0MxMWUwSnd2MlllRnlLNXJGSkVnIiwiZXhwIjoxODExNjI5NDMyLCJpYXQiOjE3ODAwOTM0MzIsIm5iZiI6MTc4MDA5MzMxMiwib3JnIjoxLCJvbmx5Q2hhbm5lbHMiOlsic2xlLW1vZHVsZS1kZXZ0b29sczE1LXNwNy11cGRhdGVzLXg4Nl82NCJdfQ.Ct4z3YR8UAhkxTrxzZVOcduS4clf6smprtd3-PdgBfU HTTP/1.1" 304 -
172.16.3.5 - - [30/May/2026:00:25:06 +0200] "POST /rhn/manager/frontend-log HTTP/1.1" 200 42
172.16.3.5 - - [30/May/2026:00:25:06 +0200] "POST /rhn/manager/frontend-log HTTP/1.1" 200 42
172.16.3.7 - - [30/May/2026:00:25:06 +0200] "HEAD /rhn/manager/download/sle-module-python3-15-sp7-updates-x86_64/repodata/repomd.xml?eyJhbGciOiJIUzI1NiJ9.eyJqdGkiOiJ2SFVpX3ZvVTlLYTlCaXNUbkxxb3NRIiwiZXhwIjoxODExNjI5NDMyLCJpYXQiOjE3ODAwOTM0MzIsIm5iZiI6MTc4MDA5MzMxMiwib3JnIjoxLCJvbmx5Q2hhbm5lbHMiOlsic2xlLW1vZHVsZS1weXRob24zLTE1LXNwNy11cGRhdGVzLXg4Nl82NCJdfQ.mijwaUg4BMfoUxdRC_kthH33GFn-9Kc-yDiXASed9EM HTTP/1.1" 200 -
172.16.3.7 - - [30/May/2026:00:25:06 +0200] "HEAD /rhn/manager/download/sle-module-python3-15-sp7-updates-x86_64/media.1/media?eyJhbGciOiJIUzI1NiJ9.eyJqdGkiOiJ2SFVpX3ZvVTlLYTlCaXNUbkxxb3NRIiwiZXhwIjoxODExNjI5NDMyLCJpYXQiOjE3ODAwOTM0MzIsIm5iZiI6MTc4MDA5MzMxMiwib3JnIjoxLCJvbmx5Q2hhbm5lbHMiOlsic2xlLW1vZHVsZS1weXRob24zLTE1LXNwNy11cGRhdGVzLXg4Nl82NCJdfQ.mijwaUg4BMfoUxdRC_kthH33GFn-9Kc-yDiXASed9EM HTTP/1.1" 404 -
172.16.3.7 - - [30/May/2026:00:25:06 +0200] "HEAD /rhn/manager/download/sle-module-python3-15-sp7-updates-x86_64/repodata/repomd.xml?eyJhbGciOiJIUzI1NiJ9.eyJqdGkiOiJ2SFVpX3ZvVTlLYTlCaXNUbkxxb3NRIiwiZXhwIjoxODExNjI5NDMyLCJpYXQiOjE3ODAwOTM0MzIsIm5iZiI6MTc4MDA5MzMxMiwib3JnIjoxLCJvbmx5Q2hhbm5lbHMiOlsic2xlLW1vZHVsZS1weXRob24zLTE1LXNwNy11cGRhdGVzLXg4Nl82NCJdfQ.mijwaUg4BMfoUxdRC_kthH33GFn-9Kc-yDiXASed9EM HTTP/1.1" 200 -
172.16.3.7 - - [30/May/2026:00:25:06 +0200] "GET /rhn/manager/download/sle-module-python3-15-sp7-updates-x86_64/repodata/repomd.xml?eyJhbGciOiJIUzI1NiJ9.eyJqdGkiOiJ2SFVpX3ZvVTlLYTlCaXNUbkxxb3NRIiwiZXhwIjoxODExNjI5NDMyLCJpYXQiOjE3ODAwOTM0MzIsIm5iZiI6MTc4MDA5MzMxMiwib3JnIjoxLCJvbmx5Q2hhbm5lbHMiOlsic2xlLW1vZHVsZS1weXRob24zLTE1LXNwNy11cGRhdGVzLXg4Nl82NCJdfQ.mijwaUg4BMfoUxdRC_kthH33GFn-9Kc-yDiXASed9EM HTTP/1.1" 304 -
172.16.3.7 - - [30/May/2026:00:25:06 +0200] "HEAD /rhn/manager/download/sle-module-python3-15-sp7-updates-x86_64/repodata/repomd.xml.asc?eyJhbGciOiJIUzI1NiJ9.eyJqdGkiOiJ2SFVpX3ZvVTlLYTlCaXNUbkxxb3NRIiwiZXhwIjoxODExNjI5NDMyLCJpYXQiOjE3ODAwOTM0MzIsIm5iZiI6MTc4MDA5MzMxMiwib3JnIjoxLCJvbmx5Q2hhbm5lbHMiOlsic2xlLW1vZHVsZS1weXRob24zLTE1LXNwNy11cGRhdGVzLXg4Nl82NCJdfQ.mijwaUg4BMfoUxdRC_kthH33GFn-9Kc-yDiXASed9EM HTTP/1.1" 404 -
172.16.3.7 - - [30/May/2026:00:25:06 +0200] "HEAD /rhn/manager/download/sle-module-python3-15-sp7-updates-x86_64/repodata/6905d92d73ec2683a2e213dbd4c1a341b38cd7bf6a90908d83af06f6338de561-primary.xml.gz?eyJhbGciOiJIUzI1NiJ9.eyJqdGkiOiJ2SFVpX3ZvVTlLYTlCaXNUbkxxb3NRIiwiZXhwIjoxODExNjI5NDMyLCJpYXQiOjE3ODAwOTM0MzIsIm5iZiI6MTc4MDA5MzMxMiwib3JnIjoxLCJvbmx5Q2hhbm5lbHMiOlsic2xlLW1vZHVsZS1weXRob24zLTE1LXNwNy11cGRhdGVzLXg4Nl82NCJdfQ.mijwaUg4BMfoUxdRC_kthH33GFn-9Kc-yDiXASed9EM HTTP/1.1" 200 -
172.16.3.5 - - [30/May/2026:00:25:06 +0200] "GET /rhn/manager/api/systems/list/all?p=1&ps=100&s=1&sc=server_name HTTP/1.1" 200 842
172.16.3.7 - - [30/May/2026:00:25:06 +0200] "GET /rhn/manager/download/sle-module-python3-15-sp7-updates-x86_64/repodata/6905d92d73ec2683a2e213dbd4c1a341b38cd7bf6a90908d83af06f6338de561-primary.xml.gz?eyJhbGciOiJIUzI1NiJ9.eyJqdGkiOiJ2SFVpX3ZvVTlLYTlCaXNUbkxxb3NRIiwiZXhwIjoxODExNjI5NDMyLCJpYXQiOjE3ODAwOTM0MzIsIm5iZiI6MTc4MDA5MzMxMiwib3JnIjoxLCJvbmx5Q2hhbm5lbHMiOlsic2xlLW1vZHVsZS1weXRob24zLTE1LXNwNy11cGRhdGVzLXg4Nl82NCJdfQ.mijwaUg4BMfoUxdRC_kthH33GFn-9Kc-yDiXASed9EM HTTP/1.1" 304 -
172.16.3.7 - - [30/May/2026:00:25:06 +0200] "HEAD /rhn/manager/download/sle-module-python3-15-sp7-updates-x86_64/repodata/bb6fbf35f7ea87fc9dc06561c169a9e377880bbb0d217f67ad4c322466ee38d9-susedata.xml.gz?eyJhbGciOiJIUzI1NiJ9.eyJqdGkiOiJ2SFVpX3ZvVTlLYTlCaXNUbkxxb3NRIiwiZXhwIjoxODExNjI5NDMyLCJpYXQiOjE3ODAwOTM0MzIsIm5iZiI6MTc4MDA5MzMxMiwib3JnIjoxLCJvbmx5Q2hhbm5lbHMiOlsic2xlLW1vZHVsZS1weXRob24zLTE1LXNwNy11cGRhdGVzLXg4Nl82NCJdfQ.mijwaUg4BMfoUxdRC_kthH33GFn-9Kc-yDiXASed9EM HTTP/1.1" 200 -
172.16.3.7 - - [30/May/2026:00:25:07 +0200] "GET /rhn/manager/download/sle-module-python3-15-sp7-updates-x86_64/repodata/bb6fbf35f7ea87fc9dc06561c169a9e377880bbb0d217f67ad4c322466ee38d9-susedata.xml.gz?eyJhbGciOiJIUzI1NiJ9.eyJqdGkiOiJ2SFVpX3ZvVTlLYTlCaXNUbkxxb3NRIiwiZXhwIjoxODExNjI5NDMyLCJpYXQiOjE3ODAwOTM0MzIsIm5iZiI6MTc4MDA5MzMxMiwib3JnIjoxLCJvbmx5Q2hhbm5lbHMiOlsic2xlLW1vZHVsZS1weXRob24zLTE1LXNwNy11cGRhdGVzLXg4Nl82NCJdfQ.mijwaUg4BMfoUxdRC_kthH33GFn-9Kc-yDiXASed9EM HTTP/1.1" 304 -
172.16.3.7 - - [30/May/2026:00:25:07 +0200] "HEAD /rhn/manager/download/sle-module-python3-15-sp7-updates-x86_64/repodata/4b629740f1f472efba5b0d035b9632d27adadd0994a62d1ac911fb52f024f9fc-updateinfo.xml.gz?eyJhbGciOiJIUzI1NiJ9.eyJqdGkiOiJ2SFVpX3ZvVTlLYTlCaXNUbkxxb3NRIiwiZXhwIjoxODExNjI5NDMyLCJpYXQiOjE3ODAwOTM0MzIsIm5iZiI6MTc4MDA5MzMxMiwib3JnIjoxLCJvbmx5Q2hhbm5lbHMiOlsic2xlLW1vZHVsZS1weXRob24zLTE1LXNwNy11cGRhdGVzLXg4Nl82NCJdfQ.mijwaUg4BMfoUxdRC_kthH33GFn-9Kc-yDiXASed9EM HTTP/1.1" 200 -
172.16.3.5 - - [30/May/2026:00:25:06 +0200] "GET /rhn/websocket/notifications HTTP/1.1" 101 -
172.16.3.7 - - [30/May/2026:00:25:07 +0200] "GET /rhn/manager/download/sle-module-python3-15-sp7-updates-x86_64/repodata/4b629740f1f472efba5b0d035b9632d27adadd0994a62d1ac911fb52f024f9fc-updateinfo.xml.gz?eyJhbGciOiJIUzI1NiJ9.eyJqdGkiOiJ2SFVpX3ZvVTlLYTlCaXNUbkxxb3NRIiwiZXhwIjoxODExNjI5NDMyLCJpYXQiOjE3ODAwOTM0MzIsIm5iZiI6MTc4MDA5MzMxMiwib3JnIjoxLCJvbmx5Q2hhbm5lbHMiOlsic2xlLW1vZHVsZS1weXRob24zLTE1LXNwNy11cGRhdGVzLXg4Nl82NCJdfQ.mijwaUg4BMfoUxdRC_kthH33GFn-9Kc-yDiXASed9EM HTTP/1.1" 304 -
172.16.3.5 - - [30/May/2026:00:25:06 +0200] "POST /rhn/manager/api/sets/system_list HTTP/1.1" 200 27
172.16.3.7 - - [30/May/2026:00:25:07 +0200] "HEAD /rhn/manager/download/sle-module-server-applications15-sp7-updates-x86_64/repodata/repomd.xml?eyJhbGciOiJIUzI1NiJ9.eyJqdGkiOiJPODBxeHFFRVhDSmNqbVExRnpOaHJnIiwiZXhwIjoxODExNjI5NDMyLCJpYXQiOjE3ODAwOTM0MzIsIm5iZiI6MTc4MDA5MzMxMiwib3JnIjoxLCJvbmx5Q2hhbm5lbHMiOlsic2xlLW1vZHVsZS1zZXJ2ZXItYXBwbGljYXRpb25zMTUtc3A3LXVwZGF0ZXMteDg2XzY0Il19.MVHkYjRdCIEJUJvI4Gyrs3HKsbqEAwQMaTj6THKr4NA HTTP/1.1" 200 -
172.16.3.7 - - [30/May/2026:00:25:07 +0200] "HEAD /rhn/manager/download/sle-module-server-applications15-sp7-updates-x86_64/media.1/media?eyJhbGciOiJIUzI1NiJ9.eyJqdGkiOiJPODBxeHFFRVhDSmNqbVExRnpOaHJnIiwiZXhwIjoxODExNjI5NDMyLCJpYXQiOjE3ODAwOTM0MzIsIm5iZiI6MTc4MDA5MzMxMiwib3JnIjoxLCJvbmx5Q2hhbm5lbHMiOlsic2xlLW1vZHVsZS1zZXJ2ZXItYXBwbGljYXRpb25zMTUtc3A3LXVwZGF0ZXMteDg2XzY0Il19.MVHkYjRdCIEJUJvI4Gyrs3HKsbqEAwQMaTj6THKr4NA HTTP/1.1" 404 -
172.16.3.7 - - [30/May/2026:00:25:07 +0200] "HEAD /rhn/manager/download/sle-module-server-applications15-sp7-updates-x86_64/repodata/repomd.xml?eyJhbGciOiJIUzI1NiJ9.eyJqdGkiOiJPODBxeHFFRVhDSmNqbVExRnpOaHJnIiwiZXhwIjoxODExNjI5NDMyLCJpYXQiOjE3ODAwOTM0MzIsIm5iZiI6MTc4MDA5MzMxMiwib3JnIjoxLCJvbmx5Q2hhbm5lbHMiOlsic2xlLW1vZHVsZS1zZXJ2ZXItYXBwbGljYXRpb25zMTUtc3A3LXVwZGF0ZXMteDg2XzY0Il19.MVHkYjRdCIEJUJvI4Gyrs3HKsbqEAwQMaTj6THKr4NA HTTP/1.1" 200 -
172.16.3.7 - - [30/May/2026:00:25:07 +0200] "GET /rhn/manager/download/sle-module-server-applications15-sp7-updates-x86_64/repodata/repomd.xml?eyJhbGciOiJIUzI1NiJ9.eyJqdGkiOiJPODBxeHFFRVhDSmNqbVExRnpOaHJnIiwiZXhwIjoxODExNjI5NDMyLCJpYXQiOjE3ODAwOTM0MzIsIm5iZiI6MTc4MDA5MzMxMiwib3JnIjoxLCJvbmx5Q2hhbm5lbHMiOlsic2xlLW1vZHVsZS1zZXJ2ZXItYXBwbGljYXRpb25zMTUtc3A3LXVwZGF0ZXMteDg2XzY0Il19.MVHkYjRdCIEJUJvI4Gyrs3HKsbqEAwQMaTj6THKr4NA HTTP/1.1" 304 -
172.16.3.7 - - [30/May/2026:00:25:07 +0200] "HEAD /rhn/manager/download/sle-module-server-applications15-sp7-updates-x86_64/repodata/repomd.xml.asc?eyJhbGciOiJIUzI1NiJ9.eyJqdGkiOiJPODBxeHFFRVhDSmNqbVExRnpOaHJnIiwiZXhwIjoxODExNjI5NDMyLCJpYXQiOjE3ODAwOTM0MzIsIm5iZiI6MTc4MDA5MzMxMiwib3JnIjoxLCJvbmx5Q2hhbm5lbHMiOlsic2xlLW1vZHVsZS1zZXJ2ZXItYXBwbGljYXRpb25zMTUtc3A3LXVwZGF0ZXMteDg2XzY0Il19.MVHkYjRdCIEJUJvI4Gyrs3HKsbqEAwQMaTj6THKr4NA HTTP/1.1" 404 -
172.16.3.7 - - [30/May/2026:00:25:07 +0200] "GET /pub/repositories/opensusetumbleweed/latest/0/bootstrap/venv-enabled-x86_64.txt HTTP/1.1" 304 -
172.16.3.7 - - [30/May/2026:00:25:07 +0200] "HEAD /rhn/manager/download/sle-module-server-applications15-sp7-updates-x86_64/repodata/6f5f941db19c6ebc6ff0e788a605f7440a804ab21f1d2072de3baac06320a686-primary.xml.gz?eyJhbGciOiJIUzI1NiJ9.eyJqdGkiOiJPODBxeHFFRVhDSmNqbVExRnpOaHJnIiwiZXhwIjoxODExNjI5NDMyLCJpYXQiOjE3ODAwOTM0MzIsIm5iZiI6MTc4MDA5MzMxMiwib3JnIjoxLCJvbmx5Q2hhbm5lbHMiOlsic2xlLW1vZHVsZS1zZXJ2ZXItYXBwbGljYXRpb25zMTUtc3A3LXVwZGF0ZXMteDg2XzY0Il19.MVHkYjRdCIEJUJvI4Gyrs3HKsbqEAwQMaTj6THKr4NA HTTP/1.1" 200 -
172.16.3.5 - - [30/May/2026:00:25:06 +0200] "GET /rhn/systems/details/SystemChannels.do?sid=1000010001& HTTP/1.1" 200 5873
172.16.3.7 - - [30/May/2026:00:25:07 +0200] "GET /rhn/manager/download/sle-module-server-applications15-sp7-updates-x86_64/repodata/6f5f941db19c6ebc6ff0e788a605f7440a804ab21f1d2072de3baac06320a686-primary.xml.gz?eyJhbGciOiJIUzI1NiJ9.eyJqdGkiOiJPODBxeHFFRVhDSmNqbVExRnpOaHJnIiwiZXhwIjoxODExNjI5NDMyLCJpYXQiOjE3ODAwOTM0MzIsIm5iZiI6MTc4MDA5MzMxMiwib3JnIjoxLCJvbmx5Q2hhbm5lbHMiOlsic2xlLW1vZHVsZS1zZXJ2ZXItYXBwbGljYXRpb25zMTUtc3A3LXVwZGF0ZXMteDg2XzY0Il19.MVHkYjRdCIEJUJvI4Gyrs3HKsbqEAwQMaTj6THKr4NA HTTP/1.1" 304 -
172.16.3.5 - - [30/May/2026:00:25:07 +0200] "GET /img/favicon.ico?q=0.005811939899042162 HTTP/1.1" 200 1150
172.16.3.5 - - [30/May/2026:00:25:07 +0200] "GET /javascript/manager/html_src_components_action-schedule_tsx.118292a2975e0928a9ec.js HTTP/1.1" 200 3381
172.16.3.5 - - [30/May/2026:00:25:07 +0200] "GET /css/html_src_components_input_select_withCustomComponents_tsx-html_src_manager_systems_subscribe--101ff7.e2afb475bce17e52bd16.css HTTP/1.1" 200 238
172.16.3.5 - - [30/May/2026:00:25:07 +0200] "GET /javascript/manager/html_src_components_input_select_withCustomComponents_tsx-html_src_manager_systems_subscribe--101ff7.e2afb475bce17e52bd16.js HTTP/1.1" 200 7975
172.16.3.7 - - [30/May/2026:00:25:07 +0200] "HEAD /rhn/manager/download/sle-module-server-applications15-sp7-updates-x86_64/repodata/bc813ebeb89d878b59ba047ff6a2d916d9abe337a7c936b1905fde8b071f2a2d-susedata.xml.gz?eyJhbGciOiJIUzI1NiJ9.eyJqdGkiOiJPODBxeHFFRVhDSmNqbVExRnpOaHJnIiwiZXhwIjoxODExNjI5NDMyLCJpYXQiOjE3ODAwOTM0MzIsIm5iZiI6MTc4MDA5MzMxMiwib3JnIjoxLCJvbmx5Q2hhbm5lbHMiOlsic2xlLW1vZHVsZS1zZXJ2ZXItYXBwbGljYXRpb25zMTUtc3A3LXVwZGF0ZXMteDg2XzY0Il19.MVHkYjRdCIEJUJvI4Gyrs3HKsbqEAwQMaTj6THKr4NA HTTP/1.1" 200 -
172.16.3.7 - - [30/May/2026:00:25:07 +0200] "GET /rhn/manager/download/sle-module-server-applications15-sp7-updates-x86_64/repodata/bc813ebeb89d878b59ba047ff6a2d916d9abe337a7c936b1905fde8b071f2a2d-susedata.xml.gz?eyJhbGciOiJIUzI1NiJ9.eyJqdGkiOiJPODBxeHFFRVhDSmNqbVExRnpOaHJnIiwiZXhwIjoxODExNjI5NDMyLCJpYXQiOjE3ODAwOTM0MzIsIm5iZiI6MTc4MDA5MzMxMiwib3JnIjoxLCJvbmx5Q2hhbm5lbHMiOlsic2xlLW1vZHVsZS1zZXJ2ZXItYXBwbGljYXRpb25zMTUtc3A3LXVwZGF0ZXMteDg2XzY0Il19.MVHkYjRdCIEJUJvI4Gyrs3HKsbqEAwQMaTj6THKr4NA HTTP/1.1" 304 -
172.16.3.5 - - [30/May/2026:00:25:07 +0200] "POST /rhn/manager/frontend-log HTTP/1.1" 200 42
172.16.3.5 - - [30/May/2026:00:25:07 +0200] "GET /rhn/manager/api/systems/1000010001/channels-available-base HTTP/1.1" 200 293
172.16.3.7 - - [30/May/2026:00:25:07 +0200] "HEAD /rhn/manager/download/sle-module-server-applications15-sp7-updates-x86_64/repodata/91c6e35dfea0ead11b81ccd58a043af57a8ccbe30473781378a8b8303d5e6f7a-updateinfo.xml.gz?eyJhbGciOiJIUzI1NiJ9.eyJqdGkiOiJPODBxeHFFRVhDSmNqbVExRnpOaHJnIiwiZXhwIjoxODExNjI5NDMyLCJpYXQiOjE3ODAwOTM0MzIsIm5iZiI6MTc4MDA5MzMxMiwib3JnIjoxLCJvbmx5Q2hhbm5lbHMiOlsic2xlLW1vZHVsZS1zZXJ2ZXItYXBwbGljYXRpb25zMTUtc3A3LXVwZGF0ZXMteDg2XzY0Il19.MVHkYjRdCIEJUJvI4Gyrs3HKsbqEAwQMaTj6THKr4NA HTTP/1.1" 200 -
172.16.3.7 - - [30/May/2026:00:25:07 +0200] "GET /rhn/manager/download/sle-module-server-applications15-sp7-updates-x86_64/repodata/91c6e35dfea0ead11b81ccd58a043af57a8ccbe30473781378a8b8303d5e6f7a-updateinfo.xml.gz?eyJhbGciOiJIUzI1NiJ9.eyJqdGkiOiJPODBxeHFFRVhDSmNqbVExRnpOaHJnIiwiZXhwIjoxODExNjI5NDMyLCJpYXQiOjE3ODAwOTM0MzIsIm5iZiI6MTc4MDA5MzMxMiwib3JnIjoxLCJvbmx5Q2hhbm5lbHMiOlsic2xlLW1vZHVsZS1zZXJ2ZXItYXBwbGljYXRpb25zMTUtc3A3LXVwZGF0ZXMteDg2XzY0Il19.MVHkYjRdCIEJUJvI4Gyrs3HKsbqEAwQMaTj6THKr4NA HTTP/1.1" 304 -
172.16.3.5 - - [30/May/2026:00:25:07 +0200] "GET /rhn/manager/api/systems/1000010001/channels HTTP/1.1" 200 250
172.16.3.7 - - [30/May/2026:00:25:08 +0200] "HEAD /rhn/manager/download/sle-module-systems-management-15-sp7-updates-x86_64/repodata/repomd.xml?eyJhbGciOiJIUzI1NiJ9.eyJqdGkiOiJueGpaNjJWOXo3T0Y3SG1HT0RDeEN3IiwiZXhwIjoxODExNjI5NDMyLCJpYXQiOjE3ODAwOTM0MzIsIm5iZiI6MTc4MDA5MzMxMiwib3JnIjoxLCJvbmx5Q2hhbm5lbHMiOlsic2xlLW1vZHVsZS1zeXN0ZW1zLW1hbmFnZW1lbnQtMTUtc3A3LXVwZGF0ZXMteDg2XzY0Il19.olMGYmvf7pQ7qBHNUTqK6Zdt00SiQO7922qtDR5q4D0 HTTP/1.1" 200 -
172.16.3.7 - - [30/May/2026:00:25:08 +0200] "HEAD /rhn/manager/download/sle-module-systems-management-15-sp7-updates-x86_64/media.1/media?eyJhbGciOiJIUzI1NiJ9.eyJqdGkiOiJueGpaNjJWOXo3T0Y3SG1HT0RDeEN3IiwiZXhwIjoxODExNjI5NDMyLCJpYXQiOjE3ODAwOTM0MzIsIm5iZiI6MTc4MDA5MzMxMiwib3JnIjoxLCJvbmx5Q2hhbm5lbHMiOlsic2xlLW1vZHVsZS1zeXN0ZW1zLW1hbmFnZW1lbnQtMTUtc3A3LXVwZGF0ZXMteDg2XzY0Il19.olMGYmvf7pQ7qBHNUTqK6Zdt00SiQO7922qtDR5q4D0 HTTP/1.1" 404 -
172.16.3.5 - - [30/May/2026:00:25:07 +0200] "GET /rhn/manager/api/systems/1000010001/channels/129/accessible-children?oldBaseChannelId=129 HTTP/1.1" 200 202
172.16.3.7 - - [30/May/2026:00:25:08 +0200] "HEAD /rhn/manager/download/sle-module-systems-management-15-sp7-updates-x86_64/repodata/repomd.xml?eyJhbGciOiJIUzI1NiJ9.eyJqdGkiOiJueGpaNjJWOXo3T0Y3SG1HT0RDeEN3IiwiZXhwIjoxODExNjI5NDMyLCJpYXQiOjE3ODAwOTM0MzIsIm5iZiI6MTc4MDA5MzMxMiwib3JnIjoxLCJvbmx5Q2hhbm5lbHMiOlsic2xlLW1vZHVsZS1zeXN0ZW1zLW1hbmFnZW1lbnQtMTUtc3A3LXVwZGF0ZXMteDg2XzY0Il19.olMGYmvf7pQ7qBHNUTqK6Zdt00SiQO7922qtDR5q4D0 HTTP/1.1" 200 -
172.16.3.7 - - [30/May/2026:00:25:08 +0200] "GET /rhn/manager/download/sle-module-systems-management-15-sp7-updates-x86_64/repodata/repomd.xml?eyJhbGciOiJIUzI1NiJ9.eyJqdGkiOiJueGpaNjJWOXo3T0Y3SG1HT0RDeEN3IiwiZXhwIjoxODExNjI5NDMyLCJpYXQiOjE3ODAwOTM0MzIsIm5iZiI6MTc4MDA5MzMxMiwib3JnIjoxLCJvbmx5Q2hhbm5lbHMiOlsic2xlLW1vZHVsZS1zeXN0ZW1zLW1hbmFnZW1lbnQtMTUtc3A3LXVwZGF0ZXMteDg2XzY0Il19.olMGYmvf7pQ7qBHNUTqK6Zdt00SiQO7922qtDR5q4D0 HTTP/1.1" 304 -
172.16.3.7 - - [30/May/2026:00:25:08 +0200] "HEAD /rhn/manager/download/sle-module-systems-management-15-sp7-updates-x86_64/repodata/repomd.xml.asc?eyJhbGciOiJIUzI1NiJ9.eyJqdGkiOiJueGpaNjJWOXo3T0Y3SG1HT0RDeEN3IiwiZXhwIjoxODExNjI5NDMyLCJpYXQiOjE3ODAwOTM0MzIsIm5iZiI6MTc4MDA5MzMxMiwib3JnIjoxLCJvbmx5Q2hhbm5lbHMiOlsic2xlLW1vZHVsZS1zeXN0ZW1zLW1hbmFnZW1lbnQtMTUtc3A3LXVwZGF0ZXMteDg2XzY0Il19.olMGYmvf7pQ7qBHNUTqK6Zdt00SiQO7922qtDR5q4D0 HTTP/1.1" 404 -
172.16.3.7 - - [30/May/2026:00:25:08 +0200] "HEAD /rhn/manager/download/sle-module-systems-management-15-sp7-updates-x86_64/repodata/512e9ead4af2ea817d8531d075dc79a8100cdec0b82686e7406f48b26788744c-primary.xml.gz?eyJhbGciOiJIUzI1NiJ9.eyJqdGkiOiJueGpaNjJWOXo3T0Y3SG1HT0RDeEN3IiwiZXhwIjoxODExNjI5NDMyLCJpYXQiOjE3ODAwOTM0MzIsIm5iZiI6MTc4MDA5MzMxMiwib3JnIjoxLCJvbmx5Q2hhbm5lbHMiOlsic2xlLW1vZHVsZS1zeXN0ZW1zLW1hbmFnZW1lbnQtMTUtc3A3LXVwZGF0ZXMteDg2XzY0Il19.olMGYmvf7pQ7qBHNUTqK6Zdt00SiQO7922qtDR5q4D0 HTTP/1.1" 200 -
172.16.3.5 - - [30/May/2026:00:25:08 +0200] "POST /rhn/manager/api/admin/mandatoryChannels HTTP/1.1" 200 67
172.16.3.7 - - [30/May/2026:00:25:08 +0200] "GET /rhn/manager/download/sle-module-systems-management-15-sp7-updates-x86_64/repodata/512e9ead4af2ea817d8531d075dc79a8100cdec0b82686e7406f48b26788744c-primary.xml.gz?eyJhbGciOiJIUzI1NiJ9.eyJqdGkiOiJueGpaNjJWOXo3T0Y3SG1HT0RDeEN3IiwiZXhwIjoxODExNjI5NDMyLCJpYXQiOjE3ODAwOTM0MzIsIm5iZiI6MTc4MDA5MzMxMiwib3JnIjoxLCJvbmx5Q2hhbm5lbHMiOlsic2xlLW1vZHVsZS1zeXN0ZW1zLW1hbmFnZW1lbnQtMTUtc3A3LXVwZGF0ZXMteDg2XzY0Il19.olMGYmvf7pQ7qBHNUTqK6Zdt00SiQO7922qtDR5q4D0 HTTP/1.1" 304 -
172.16.3.7 - - [30/May/2026:00:25:08 +0200] "HEAD /rhn/manager/download/sle-module-systems-management-15-sp7-updates-x86_64/repodata/860a8ffd2e631d23d2e7e19d0bb2ec71704b82672341c7e80418b42f7f6aaea2-susedata.xml.gz?eyJhbGciOiJIUzI1NiJ9.eyJqdGkiOiJueGpaNjJWOXo3T0Y3SG1HT0RDeEN3IiwiZXhwIjoxODExNjI5NDMyLCJpYXQiOjE3ODAwOTM0MzIsIm5iZiI6MTc4MDA5MzMxMiwib3JnIjoxLCJvbmx5Q2hhbm5lbHMiOlsic2xlLW1vZHVsZS1zeXN0ZW1zLW1hbmFnZW1lbnQtMTUtc3A3LXVwZGF0ZXMteDg2XzY0Il19.olMGYmvf7pQ7qBHNUTqK6Zdt00SiQO7922qtDR5q4D0 HTTP/1.1" 200 -
172.16.3.5 - - [30/May/2026:00:25:06 +0200] "POST /rhn/manager/api/auth/login HTTP/1.1" 200 42
172.16.3.7 - - [30/May/2026:00:25:08 +0200] "GET /rhn/manager/download/sle-module-systems-management-15-sp7-updates-x86_64/repodata/860a8ffd2e631d23d2e7e19d0bb2ec71704b82672341c7e80418b42f7f6aaea2-susedata.xml.gz?eyJhbGciOiJIUzI1NiJ9.eyJqdGkiOiJueGpaNjJWOXo3T0Y3SG1HT0RDeEN3IiwiZXhwIjoxODExNjI5NDMyLCJpYXQiOjE3ODAwOTM0MzIsIm5iZiI6MTc4MDA5MzMxMiwib3JnIjoxLCJvbmx5Q2hhbm5lbHMiOlsic2xlLW1vZHVsZS1zeXN0ZW1zLW1hbmFnZW1lbnQtMTUtc3A3LXVwZGF0ZXMteDg2XzY0Il19.olMGYmvf7pQ7qBHNUTqK6Zdt00SiQO7922qtDR5q4D0 HTTP/1.1" 304 -
172.16.3.7 - - [30/May/2026:00:25:08 +0200] "HEAD /rhn/manager/download/sle-module-systems-management-15-sp7-updates-x86_64/repodata/9dfaf9156deb94c8c65e2dc419030579abf7af78a8fa983eee27c9f2a14478c7-updateinfo.xml.gz?eyJhbGciOiJIUzI1NiJ9.eyJqdGkiOiJueGpaNjJWOXo3T0Y3SG1HT0RDeEN3IiwiZXhwIjoxODExNjI5NDMyLCJpYXQiOjE3ODAwOTM0MzIsIm5iZiI6MTc4MDA5MzMxMiwib3JnIjoxLCJvbmx5Q2hhbm5lbHMiOlsic2xlLW1vZHVsZS1zeXN0ZW1zLW1hbmFnZW1lbnQtMTUtc3A3LXVwZGF0ZXMteDg2XzY0Il19.olMGYmvf7pQ7qBHNUTqK6Zdt00SiQO7922qtDR5q4D0 HTTP/1.1" 200 -
172.16.3.5 - - [30/May/2026:00:25:08 +0200] "POST /rhn/manager/api/maintenance/upcoming-windows HTTP/1.1" 200 52
172.16.3.7 - - [30/May/2026:00:25:08 +0200] "GET /rhn/manager/download/sle-module-systems-management-15-sp7-updates-x86_64/repodata/9dfaf9156deb94c8c65e2dc419030579abf7af78a8fa983eee27c9f2a14478c7-updateinfo.xml.gz?eyJhbGciOiJIUzI1NiJ9.eyJqdGkiOiJueGpaNjJWOXo3T0Y3SG1HT0RDeEN3IiwiZXhwIjoxODExNjI5NDMyLCJpYXQiOjE3ODAwOTM0MzIsIm5iZiI6MTc4MDA5MzMxMiwib3JnIjoxLCJvbmx5Q2hhbm5lbHMiOlsic2xlLW1vZHVsZS1zeXN0ZW1zLW1hbmFnZW1lbnQtMTUtc3A3LXVwZGF0ZXMteDg2XzY0Il19.olMGYmvf7pQ7qBHNUTqK6Zdt00SiQO7922qtDR5q4D0 HTTP/1.1" 304 -
172.16.3.7 - - [30/May/2026:00:25:08 +0200] "HEAD /rhn/manager/download/sle-product-sles15-sp7-updates-x86_64/repodata/repomd.xml?eyJhbGciOiJIUzI1NiJ9.eyJqdGkiOiJhQXNZeUlJbjBqQmVQVzJCdGU1ZmNnIiwiZXhwIjoxODExNjI5NDMyLCJpYXQiOjE3ODAwOTM0MzIsIm5iZiI6MTc4MDA5MzMxMiwib3JnIjoxLCJvbmx5Q2hhbm5lbHMiOlsic2xlLXByb2R1Y3Qtc2xlczE1LXNwNy11cGRhdGVzLXg4Nl82NCJdfQ.teEGzhzCqoGHcZegWXCZ3kwEm2f6Qh_SPt13HD5Ysqs HTTP/1.1" 200 -
172.16.3.5 - - [30/May/2026:00:25:08 +0200] "POST /rhn/manager/api/system/searchByName HTTP/1.1" 200 148
172.16.3.7 - - [30/May/2026:00:25:08 +0200] "HEAD /rhn/manager/download/sle-product-sles15-sp7-updates-x86_64/media.1/media?eyJhbGciOiJIUzI1NiJ9.eyJqdGkiOiJhQXNZeUlJbjBqQmVQVzJCdGU1ZmNnIiwiZXhwIjoxODExNjI5NDMyLCJpYXQiOjE3ODAwOTM0MzIsIm5iZiI6MTc4MDA5MzMxMiwib3JnIjoxLCJvbmx5Q2hhbm5lbHMiOlsic2xlLXByb2R1Y3Qtc2xlczE1LXNwNy11cGRhdGVzLXg4Nl82NCJdfQ.teEGzhzCqoGHcZegWXCZ3kwEm2f6Qh_SPt13HD5Ysqs HTTP/1.1" 404 -
172.16.3.7 - - [30/May/2026:00:25:09 +0200] "HEAD /rhn/manager/download/sle-product-sles15-sp7-updates-x86_64/repodata/repomd.xml?eyJhbGciOiJIUzI1NiJ9.eyJqdGkiOiJhQXNZeUlJbjBqQmVQVzJCdGU1ZmNnIiwiZXhwIjoxODExNjI5NDMyLCJpYXQiOjE3ODAwOTM0MzIsIm5iZiI6MTc4MDA5MzMxMiwib3JnIjoxLCJvbmx5Q2hhbm5lbHMiOlsic2xlLXByb2R1Y3Qtc2xlczE1LXNwNy11cGRhdGVzLXg4Nl82NCJdfQ.teEGzhzCqoGHcZegWXCZ3kwEm2f6Qh_SPt13HD5Ysqs HTTP/1.1" 200 -
172.16.3.5 - - [30/May/2026:00:25:08 +0200] "POST /rhn/manager/api/systems/1000010001/channels HTTP/1.1" 200 52
172.16.3.7 - - [30/May/2026:00:25:09 +0200] "GET /rhn/manager/download/sle-product-sles15-sp7-updates-x86_64/repodata/repomd.xml?eyJhbGciOiJIUzI1NiJ9.eyJqdGkiOiJhQXNZeUlJbjBqQmVQVzJCdGU1ZmNnIiwiZXhwIjoxODExNjI5NDMyLCJpYXQiOjE3ODAwOTM0MzIsIm5iZiI6MTc4MDA5MzMxMiwib3JnIjoxLCJvbmx5Q2hhbm5lbHMiOlsic2xlLXByb2R1Y3Qtc2xlczE1LXNwNy11cGRhdGVzLXg4Nl82NCJdfQ.teEGzhzCqoGHcZegWXCZ3kwEm2f6Qh_SPt13HD5Ysqs HTTP/1.1" 304 -
172.16.3.5 - - [30/May/2026:00:25:08 +0200] "GET /rhn/manager/api/auth/logout HTTP/1.1" 200 42
172.16.3.5 - - [30/May/2026:00:25:01 +0200] "GET /rhn/websocket/notifications HTTP/1.1" 101 -
172.16.3.7 - - [30/May/2026:00:25:09 +0200] "HEAD /rhn/manager/download/sle-product-sles15-sp7-updates-x86_64/repodata/repomd.xml.asc?eyJhbGciOiJIUzI1NiJ9.eyJqdGkiOiJhQXNZeUlJbjBqQmVQVzJCdGU1ZmNnIiwiZXhwIjoxODExNjI5NDMyLCJpYXQiOjE3ODAwOTM0MzIsIm5iZiI6MTc4MDA5MzMxMiwib3JnIjoxLCJvbmx5Q2hhbm5lbHMiOlsic2xlLXByb2R1Y3Qtc2xlczE1LXNwNy11cGRhdGVzLXg4Nl82NCJdfQ.teEGzhzCqoGHcZegWXCZ3kwEm2f6Qh_SPt13HD5Ysqs HTTP/1.1" 404 -
172.16.3.7 - - [30/May/2026:00:25:09 +0200] "HEAD /rhn/manager/download/sle-product-sles15-sp7-updates-x86_64/repodata/86c3b269b81bb391f309bffa155fe6b984bd614e39288d551923b87bbbdd6a91-primary.xml.gz?eyJhbGciOiJIUzI1NiJ9.eyJqdGkiOiJhQXNZeUlJbjBqQmVQVzJCdGU1ZmNnIiwiZXhwIjoxODExNjI5NDMyLCJpYXQiOjE3ODAwOTM0MzIsIm5iZiI6MTc4MDA5MzMxMiwib3JnIjoxLCJvbmx5Q2hhbm5lbHMiOlsic2xlLXByb2R1Y3Qtc2xlczE1LXNwNy11cGRhdGVzLXg4Nl82NCJdfQ.teEGzhzCqoGHcZegWXCZ3kwEm2f6Qh_SPt13HD5Ysqs HTTP/1.1" 200 -
172.16.3.7 - - [30/May/2026:00:25:09 +0200] "GET /rhn/manager/download/sle-product-sles15-sp7-updates-x86_64/repodata/86c3b269b81bb391f309bffa155fe6b984bd614e39288d551923b87bbbdd6a91-primary.xml.gz?eyJhbGciOiJIUzI1NiJ9.eyJqdGkiOiJhQXNZeUlJbjBqQmVQVzJCdGU1ZmNnIiwiZXhwIjoxODExNjI5NDMyLCJpYXQiOjE3ODAwOTM0MzIsIm5iZiI6MTc4MDA5MzMxMiwib3JnIjoxLCJvbmx5Q2hhbm5lbHMiOlsic2xlLXByb2R1Y3Qtc2xlczE1LXNwNy11cGRhdGVzLXg4Nl82NCJdfQ.teEGzhzCqoGHcZegWXCZ3kwEm2f6Qh_SPt13HD5Ysqs HTTP/1.1" 304 -
172.16.3.5 - - [30/May/2026:00:25:07 +0200] "GET /rhn/websocket/notifications HTTP/1.1" 101 -
172.16.3.7 - - [30/May/2026:00:25:09 +0200] "HEAD /rhn/manager/download/sle-product-sles15-sp7-updates-x86_64/repodata/70c5d735bea733091ae1e7ee0e0b9512a914214027367521262deb6cb4bedaa1-susedata.xml.gz?eyJhbGciOiJIUzI1NiJ9.eyJqdGkiOiJhQXNZeUlJbjBqQmVQVzJCdGU1ZmNnIiwiZXhwIjoxODExNjI5NDMyLCJpYXQiOjE3ODAwOTM0MzIsIm5iZiI6MTc4MDA5MzMxMiwib3JnIjoxLCJvbmx5Q2hhbm5lbHMiOlsic2xlLXByb2R1Y3Qtc2xlczE1LXNwNy11cGRhdGVzLXg4Nl82NCJdfQ.teEGzhzCqoGHcZegWXCZ3kwEm2f6Qh_SPt13HD5Ysqs HTTP/1.1" 200 -
172.16.3.7 - - [30/May/2026:00:25:09 +0200] "GET /rhn/manager/download/sle-product-sles15-sp7-updates-x86_64/repodata/70c5d735bea733091ae1e7ee0e0b9512a914214027367521262deb6cb4bedaa1-susedata.xml.gz?eyJhbGciOiJIUzI1NiJ9.eyJqdGkiOiJhQXNZeUlJbjBqQmVQVzJCdGU1ZmNnIiwiZXhwIjoxODExNjI5NDMyLCJpYXQiOjE3ODAwOTM0MzIsIm5iZiI6MTc4MDA5MzMxMiwib3JnIjoxLCJvbmx5Q2hhbm5lbHMiOlsic2xlLXByb2R1Y3Qtc2xlczE1LXNwNy11cGRhdGVzLXg4Nl82NCJdfQ.teEGzhzCqoGHcZegWXCZ3kwEm2f6Qh_SPt13HD5Ysqs HTTP/1.1" 304 -
172.16.3.7 - - [30/May/2026:00:25:09 +0200] "HEAD /rhn/manager/download/sle-product-sles15-sp7-updates-x86_64/repodata/3efa5b9fae5214a5a8d6f4e73db34425ec3934b1d040183473d0d8865a0737d1-updateinfo.xml.gz?eyJhbGciOiJIUzI1NiJ9.eyJqdGkiOiJhQXNZeUlJbjBqQmVQVzJCdGU1ZmNnIiwiZXhwIjoxODExNjI5NDMyLCJpYXQiOjE3ODAwOTM0MzIsIm5iZiI6MTc4MDA5MzMxMiwib3JnIjoxLCJvbmx5Q2hhbm5lbHMiOlsic2xlLXByb2R1Y3Qtc2xlczE1LXNwNy11cGRhdGVzLXg4Nl82NCJdfQ.teEGzhzCqoGHcZegWXCZ3kwEm2f6Qh_SPt13HD5Ysqs HTTP/1.1" 200 -
