172.16.3.5 - - [30/May/2026:00:25:22 +0200] "GET /img/favicon.ico?q=0.04064919697943292 HTTP/1.1" 200 1150
172.16.3.5 - - [30/May/2026:00:25:22 +0200] "POST /rhn/manager/frontend-log HTTP/1.1" 200 42
172.16.3.5 - - [30/May/2026:00:25:22 +0200] "GET /rhn/websocket/notifications HTTP/1.1" 101 -
172.16.3.5 - - [30/May/2026:00:25:22 +0200] "GET /rhn/systems/details/history/Pending.do?sid=1000010005& HTTP/1.1" 200 6219
172.16.3.5 - - [30/May/2026:00:25:22 +0200] "GET /img/favicon.ico?q=0.977653788449228 HTTP/1.1" 200 1150
172.16.3.5 - - [30/May/2026:00:25:22 +0200] "POST /rhn/manager/frontend-log HTTP/1.1" 200 42
172.16.3.5 - - [30/May/2026:00:25:22 +0200] "GET /rhn/websocket/notifications HTTP/1.1" 101 -
172.16.3.5 - - [30/May/2026:00:25:23 +0200] "GET /rhn/systems/details/history/History.do?sid=1000010005& HTTP/1.1" 200 6886
172.16.3.5 - - [30/May/2026:00:25:23 +0200] "GET /img/favicon.ico?q=0.4799187681573721 HTTP/1.1" 200 1150
172.16.3.5 - - [30/May/2026:00:25:23 +0200] "GET /rhn/websocket/notifications HTTP/1.1" 101 -
172.16.3.5 - - [30/May/2026:00:25:23 +0200] "POST /rhn/manager/frontend-log HTTP/1.1" 200 42
172.16.3.5 - - [30/May/2026:00:25:23 +0200] "GET /rhn/systems/details/history/Event.do?sid=1000010005&aid=24 HTTP/1.1" 200 6192
172.16.3.5 - - [30/May/2026:00:25:24 +0200] "GET /img/favicon.ico?q=0.217611703495161 HTTP/1.1" 200 1150
172.16.3.5 - - [30/May/2026:00:25:24 +0200] "POST /rhn/manager/frontend-log HTTP/1.1" 200 42
172.16.3.7 - - [30/May/2026:00:25:25 +0200] "HEAD /rhn/manager/download/sle-module-basesystem15-sp7-pool-x86_64/getPackage/NULL/f5440f198ab6c4fb585654dcdb919f8bcc369548547521f9927f090196c3c448/libisofs6-1.5.6-150600.1.5.x86_64.rpm?eyJhbGciOiJIUzI1NiJ9.eyJqdGkiOiJkRjFlWWQ2TXMyV2piQzBIS0F2WndBIiwiZXhwIjoxODExNjI5NDMyLCJpYXQiOjE3ODAwOTM0MzIsIm5iZiI6MTc4MDA5MzMxMiwib3JnIjoxLCJvbmx5Q2hhbm5lbHMiOlsic2xlLW1vZHVsZS1iYXNlc3lzdGVtMTUtc3A3LXBvb2wteDg2XzY0Il19.uCQSjG035HA9N_dxryo9dlV24vR7TEouwc21TJznMf8 HTTP/1.1" 200 -
172.16.3.7 - - [30/May/2026:00:25:25 +0200] "GET /rhn/manager/download/sle-module-basesystem15-sp7-pool-x86_64/getPackage/NULL/f5440f198ab6c4fb585654dcdb919f8bcc369548547521f9927f090196c3c448/libisofs6-1.5.6-150600.1.5.x86_64.rpm?eyJhbGciOiJIUzI1NiJ9.eyJqdGkiOiJkRjFlWWQ2TXMyV2piQzBIS0F2WndBIiwiZXhwIjoxODExNjI5NDMyLCJpYXQiOjE3ODAwOTM0MzIsIm5iZiI6MTc4MDA5MzMxMiwib3JnIjoxLCJvbmx5Q2hhbm5lbHMiOlsic2xlLW1vZHVsZS1iYXNlc3lzdGVtMTUtc3A3LXBvb2wteDg2XzY0Il19.uCQSjG035HA9N_dxryo9dlV24vR7TEouwc21TJznMf8 HTTP/1.1" 200 211408
172.16.3.7 - - [30/May/2026:00:25:25 +0200] "HEAD /rhn/manager/download/sle-module-basesystem15-sp7-pool-x86_64/getPackage/NULL/fc01987c103deba82c90f938ce7db2707ceb1d9eca7f66698064ece67caa00a9/libsgutils2-1_48-2-1.48+11.56e7b2f-150600.3.3.11.x86_64.rpm?eyJhbGciOiJIUzI1NiJ9.eyJqdGkiOiJkRjFlWWQ2TXMyV2piQzBIS0F2WndBIiwiZXhwIjoxODExNjI5NDMyLCJpYXQiOjE3ODAwOTM0MzIsIm5iZiI6MTc4MDA5MzMxMiwib3JnIjoxLCJvbmx5Q2hhbm5lbHMiOlsic2xlLW1vZHVsZS1iYXNlc3lzdGVtMTUtc3A3LXBvb2wteDg2XzY0Il19.uCQSjG035HA9N_dxryo9dlV24vR7TEouwc21TJznMf8 HTTP/1.1" 200 -
172.16.3.7 - - [30/May/2026:00:25:26 +0200] "GET /rhn/manager/download/sle-module-basesystem15-sp7-pool-x86_64/getPackage/NULL/fc01987c103deba82c90f938ce7db2707ceb1d9eca7f66698064ece67caa00a9/libsgutils2-1_48-2-1.48+11.56e7b2f-150600.3.3.11.x86_64.rpm?eyJhbGciOiJIUzI1NiJ9.eyJqdGkiOiJkRjFlWWQ2TXMyV2piQzBIS0F2WndBIiwiZXhwIjoxODExNjI5NDMyLCJpYXQiOjE3ODAwOTM0MzIsIm5iZiI6MTc4MDA5MzMxMiwib3JnIjoxLCJvbmx5Q2hhbm5lbHMiOlsic2xlLW1vZHVsZS1iYXNlc3lzdGVtMTUtc3A3LXBvb2wteDg2XzY0Il19.uCQSjG035HA9N_dxryo9dlV24vR7TEouwc21TJznMf8 HTTP/1.1" 200 137308
172.16.3.7 - - [30/May/2026:00:25:26 +0200] "HEAD /rhn/manager/download/sle-module-basesystem15-sp7-pool-x86_64/getPackage/NULL/fcccb0d936a1f5b827f15036fa204a76bff5376d78b8e63d0ec3b1b36fb9743c/skopeo-1.14.4-150300.11.22.1.x86_64.rpm?eyJhbGciOiJIUzI1NiJ9.eyJqdGkiOiJkRjFlWWQ2TXMyV2piQzBIS0F2WndBIiwiZXhwIjoxODExNjI5NDMyLCJpYXQiOjE3ODAwOTM0MzIsIm5iZiI6MTc4MDA5MzMxMiwib3JnIjoxLCJvbmx5Q2hhbm5lbHMiOlsic2xlLW1vZHVsZS1iYXNlc3lzdGVtMTUtc3A3LXBvb2wteDg2XzY0Il19.uCQSjG035HA9N_dxryo9dlV24vR7TEouwc21TJznMf8 HTTP/1.1" 200 -
172.16.3.7 - - [30/May/2026:00:25:26 +0200] "GET /rhn/manager/download/sle-module-basesystem15-sp7-pool-x86_64/getPackage/NULL/fcccb0d936a1f5b827f15036fa204a76bff5376d78b8e63d0ec3b1b36fb9743c/skopeo-1.14.4-150300.11.22.1.x86_64.rpm?eyJhbGciOiJIUzI1NiJ9.eyJqdGkiOiJkRjFlWWQ2TXMyV2piQzBIS0F2WndBIiwiZXhwIjoxODExNjI5NDMyLCJpYXQiOjE3ODAwOTM0MzIsIm5iZiI6MTc4MDA5MzMxMiwib3JnIjoxLCJvbmx5Q2hhbm5lbHMiOlsic2xlLW1vZHVsZS1iYXNlc3lzdGVtMTUtc3A3LXBvb2wteDg2XzY0Il19.uCQSjG035HA9N_dxryo9dlV24vR7TEouwc21TJznMf8 HTTP/1.1" 200 8250600
172.16.3.7 - - [30/May/2026:00:25:26 +0200] "HEAD /rhn/manager/download/sle-module-basesystem15-sp7-pool-x86_64/getPackage/NULL/c655279f82cffa816ae0b77e0bae92b1898629989d8a4c41508fed806a811f2f/libjpeg8-8.2.2-150600.22.5.x86_64.rpm?eyJhbGciOiJIUzI1NiJ9.eyJqdGkiOiJkRjFlWWQ2TXMyV2piQzBIS0F2WndBIiwiZXhwIjoxODExNjI5NDMyLCJpYXQiOjE3ODAwOTM0MzIsIm5iZiI6MTc4MDA5MzMxMiwib3JnIjoxLCJvbmx5Q2hhbm5lbHMiOlsic2xlLW1vZHVsZS1iYXNlc3lzdGVtMTUtc3A3LXBvb2wteDg2XzY0Il19.uCQSjG035HA9N_dxryo9dlV24vR7TEouwc21TJznMf8 HTTP/1.1" 200 -
172.16.3.5 - - [30/May/2026:00:25:16 +0200] "GET /rhn/websocket/notifications HTTP/1.1" 101 -
172.16.3.7 - - [30/May/2026:00:25:26 +0200] "GET /rhn/manager/download/sle-module-basesystem15-sp7-pool-x86_64/getPackage/NULL/c655279f82cffa816ae0b77e0bae92b1898629989d8a4c41508fed806a811f2f/libjpeg8-8.2.2-150600.22.5.x86_64.rpm?eyJhbGciOiJIUzI1NiJ9.eyJqdGkiOiJkRjFlWWQ2TXMyV2piQzBIS0F2WndBIiwiZXhwIjoxODExNjI5NDMyLCJpYXQiOjE3ODAwOTM0MzIsIm5iZiI6MTc4MDA5MzMxMiwib3JnIjoxLCJvbmx5Q2hhbm5lbHMiOlsic2xlLW1vZHVsZS1iYXNlc3lzdGVtMTUtc3A3LXBvb2wteDg2XzY0Il19.uCQSjG035HA9N_dxryo9dlV24vR7TEouwc21TJznMf8 HTTP/1.1" 200 185180
172.16.3.7 - - [30/May/2026:00:25:26 +0200] "HEAD /rhn/manager/download/sle-module-basesystem15-sp7-pool-x86_64/getPackage/NULL/855fc920896aad9208b9ab5781dc5f4146219c57afb0d7908f84ef54594725a4/libfmt8-8.0.1-150400.1.8.x86_64.rpm?eyJhbGciOiJIUzI1NiJ9.eyJqdGkiOiJkRjFlWWQ2TXMyV2piQzBIS0F2WndBIiwiZXhwIjoxODExNjI5NDMyLCJpYXQiOjE3ODAwOTM0MzIsIm5iZiI6MTc4MDA5MzMxMiwib3JnIjoxLCJvbmx5Q2hhbm5lbHMiOlsic2xlLW1vZHVsZS1iYXNlc3lzdGVtMTUtc3A3LXBvb2wteDg2XzY0Il19.uCQSjG035HA9N_dxryo9dlV24vR7TEouwc21TJznMf8 HTTP/1.1" 200 -
172.16.3.5 - - [30/May/2026:00:25:26 +0200] "GET /rhn/systems/details/history/History.do?sid=1000010003& HTTP/1.1" 200 6979
172.16.3.7 - - [30/May/2026:00:25:26 +0200] "GET /rhn/manager/download/sle-module-basesystem15-sp7-pool-x86_64/getPackage/NULL/855fc920896aad9208b9ab5781dc5f4146219c57afb0d7908f84ef54594725a4/libfmt8-8.0.1-150400.1.8.x86_64.rpm?eyJhbGciOiJIUzI1NiJ9.eyJqdGkiOiJkRjFlWWQ2TXMyV2piQzBIS0F2WndBIiwiZXhwIjoxODExNjI5NDMyLCJpYXQiOjE3ODAwOTM0MzIsIm5iZiI6MTc4MDA5MzMxMiwib3JnIjoxLCJvbmx5Q2hhbm5lbHMiOlsic2xlLW1vZHVsZS1iYXNlc3lzdGVtMTUtc3A3LXBvb2wteDg2XzY0Il19.uCQSjG035HA9N_dxryo9dlV24vR7TEouwc21TJznMf8 HTTP/1.1" 200 77312
172.16.3.5 - - [30/May/2026:00:25:26 +0200] "GET /img/favicon.ico?q=0.3454805251710146 HTTP/1.1" 200 1150
172.16.3.7 - - [30/May/2026:00:25:26 +0200] "HEAD /rhn/manager/download/sle-module-basesystem15-sp7-pool-x86_64/getPackage/NULL/6becc1117ada1d22244a01a36729a6a1da4d4b5e74e59738dc06cf00e1a4a1e6/libburn4-1.5.6-150600.1.6.x86_64.rpm?eyJhbGciOiJIUzI1NiJ9.eyJqdGkiOiJkRjFlWWQ2TXMyV2piQzBIS0F2WndBIiwiZXhwIjoxODExNjI5NDMyLCJpYXQiOjE3ODAwOTM0MzIsIm5iZiI6MTc4MDA5MzMxMiwib3JnIjoxLCJvbmx5Q2hhbm5lbHMiOlsic2xlLW1vZHVsZS1iYXNlc3lzdGVtMTUtc3A3LXBvb2wteDg2XzY0Il19.uCQSjG035HA9N_dxryo9dlV24vR7TEouwc21TJznMf8 HTTP/1.1" 200 -
172.16.3.5 - - [30/May/2026:00:25:10 +0200] "GET /rhn/websocket/notifications HTTP/1.1" 101 -
172.16.3.7 - - [30/May/2026:00:25:27 +0200] "GET /rhn/manager/download/sle-module-basesystem15-sp7-pool-x86_64/getPackage/NULL/6becc1117ada1d22244a01a36729a6a1da4d4b5e74e59738dc06cf00e1a4a1e6/libburn4-1.5.6-150600.1.6.x86_64.rpm?eyJhbGciOiJIUzI1NiJ9.eyJqdGkiOiJkRjFlWWQ2TXMyV2piQzBIS0F2WndBIiwiZXhwIjoxODExNjI5NDMyLCJpYXQiOjE3ODAwOTM0MzIsIm5iZiI6MTc4MDA5MzMxMiwib3JnIjoxLCJvbmx5Q2hhbm5lbHMiOlsic2xlLW1vZHVsZS1iYXNlc3lzdGVtMTUtc3A3LXBvb2wteDg2XzY0Il19.uCQSjG035HA9N_dxryo9dlV24vR7TEouwc21TJznMf8 HTTP/1.1" 200 147276
172.16.3.7 - - [30/May/2026:00:25:27 +0200] "HEAD /rhn/manager/download/sle-module-basesystem15-sp7-pool-x86_64/getPackage/NULL/d3d4a456ce1f649fbfce13d17f6d8fc78336395a60a319290cefcdc2705fbf58/squashfs-4.6.1-150300.3.3.1.x86_64.rpm?eyJhbGciOiJIUzI1NiJ9.eyJqdGkiOiJkRjFlWWQ2TXMyV2piQzBIS0F2WndBIiwiZXhwIjoxODExNjI5NDMyLCJpYXQiOjE3ODAwOTM0MzIsIm5iZiI6MTc4MDA5MzMxMiwib3JnIjoxLCJvbmx5Q2hhbm5lbHMiOlsic2xlLW1vZHVsZS1iYXNlc3lzdGVtMTUtc3A3LXBvb2wteDg2XzY0Il19.uCQSjG035HA9N_dxryo9dlV24vR7TEouwc21TJznMf8 HTTP/1.1" 200 -
172.16.3.7 - - [30/May/2026:00:25:27 +0200] "GET /rhn/manager/download/sle-module-basesystem15-sp7-pool-x86_64/getPackage/NULL/d3d4a456ce1f649fbfce13d17f6d8fc78336395a60a319290cefcdc2705fbf58/squashfs-4.6.1-150300.3.3.1.x86_64.rpm?eyJhbGciOiJIUzI1NiJ9.eyJqdGkiOiJkRjFlWWQ2TXMyV2piQzBIS0F2WndBIiwiZXhwIjoxODExNjI5NDMyLCJpYXQiOjE3ODAwOTM0MzIsIm5iZiI6MTc4MDA5MzMxMiwib3JnIjoxLCJvbmx5Q2hhbm5lbHMiOlsic2xlLW1vZHVsZS1iYXNlc3lzdGVtMTUtc3A3LXBvb2wteDg2XzY0Il19.uCQSjG035HA9N_dxryo9dlV24vR7TEouwc21TJznMf8 HTTP/1.1" 200 217748
172.16.3.5 - - [30/May/2026:00:25:26 +0200] "POST /rhn/manager/frontend-log HTTP/1.1" 200 42
172.16.3.5 - - [30/May/2026:00:25:26 +0200] "GET /rhn/websocket/notifications HTTP/1.1" 101 -
172.16.3.7 - - [30/May/2026:00:25:27 +0200] "HEAD /rhn/manager/download/sle-module-basesystem15-sp7-pool-x86_64/getPackage/NULL/d980a48dc49dfb5d29c53c0f97e5a63057d39705c18d38eef97499c9084c70dd/javapackages-filesystem-6.3.4-150200.3.15.1.x86_64.rpm?eyJhbGciOiJIUzI1NiJ9.eyJqdGkiOiJkRjFlWWQ2TXMyV2piQzBIS0F2WndBIiwiZXhwIjoxODExNjI5NDMyLCJpYXQiOjE3ODAwOTM0MzIsIm5iZiI6MTc4MDA5MzMxMiwib3JnIjoxLCJvbmx5Q2hhbm5lbHMiOlsic2xlLW1vZHVsZS1iYXNlc3lzdGVtMTUtc3A3LXBvb2wteDg2XzY0Il19.uCQSjG035HA9N_dxryo9dlV24vR7TEouwc21TJznMf8 HTTP/1.1" 200 -
172.16.3.7 - - [30/May/2026:00:25:27 +0200] "GET /rhn/manager/download/sle-module-basesystem15-sp7-pool-x86_64/getPackage/NULL/d980a48dc49dfb5d29c53c0f97e5a63057d39705c18d38eef97499c9084c70dd/javapackages-filesystem-6.3.4-150200.3.15.1.x86_64.rpm?eyJhbGciOiJIUzI1NiJ9.eyJqdGkiOiJkRjFlWWQ2TXMyV2piQzBIS0F2WndBIiwiZXhwIjoxODExNjI5NDMyLCJpYXQiOjE3ODAwOTM0MzIsIm5iZiI6MTc4MDA5MzMxMiwib3JnIjoxLCJvbmx5Q2hhbm5lbHMiOlsic2xlLW1vZHVsZS1iYXNlc3lzdGVtMTUtc3A3LXBvb2wteDg2XzY0Il19.uCQSjG035HA9N_dxryo9dlV24vR7TEouwc21TJznMf8 HTTP/1.1" 200 25216
172.16.3.7 - - [30/May/2026:00:25:27 +0200] "HEAD /rhn/manager/download/sle-module-basesystem15-sp7-pool-x86_64/getPackage/NULL/3727133161470ebc4495f345f5057f13b4d9a4f70f3d3375d4d8b15d041936cd/mtools-4.0.43-150600.1.6.x86_64.rpm?eyJhbGciOiJIUzI1NiJ9.eyJqdGkiOiJkRjFlWWQ2TXMyV2piQzBIS0F2WndBIiwiZXhwIjoxODExNjI5NDMyLCJpYXQiOjE3ODAwOTM0MzIsIm5iZiI6MTc4MDA5MzMxMiwib3JnIjoxLCJvbmx5Q2hhbm5lbHMiOlsic2xlLW1vZHVsZS1iYXNlc3lzdGVtMTUtc3A3LXBvb2wteDg2XzY0Il19.uCQSjG035HA9N_dxryo9dlV24vR7TEouwc21TJznMf8 HTTP/1.1" 200 -
172.16.3.7 - - [30/May/2026:00:25:27 +0200] "GET /rhn/manager/download/sle-module-basesystem15-sp7-pool-x86_64/getPackage/NULL/3727133161470ebc4495f345f5057f13b4d9a4f70f3d3375d4d8b15d041936cd/mtools-4.0.43-150600.1.6.x86_64.rpm?eyJhbGciOiJIUzI1NiJ9.eyJqdGkiOiJkRjFlWWQ2TXMyV2piQzBIS0F2WndBIiwiZXhwIjoxODExNjI5NDMyLCJpYXQiOjE3ODAwOTM0MzIsIm5iZiI6MTc4MDA5MzMxMiwib3JnIjoxLCJvbmx5Q2hhbm5lbHMiOlsic2xlLW1vZHVsZS1iYXNlc3lzdGVtMTUtc3A3LXBvb2wteDg2XzY0Il19.uCQSjG035HA9N_dxryo9dlV24vR7TEouwc21TJznMf8 HTTP/1.1" 200 229064
172.16.3.7 - - [30/May/2026:00:25:27 +0200] "HEAD /rhn/manager/download/sle-module-basesystem15-sp7-pool-x86_64/getPackage/NULL/1e5934494118ae929445f87f1d485ad83d820437f390ec8e834ff0f95e3f3a8d/libpcsclite1-1.9.4-150400.3.2.1.x86_64.rpm?eyJhbGciOiJIUzI1NiJ9.eyJqdGkiOiJkRjFlWWQ2TXMyV2piQzBIS0F2WndBIiwiZXhwIjoxODExNjI5NDMyLCJpYXQiOjE3ODAwOTM0MzIsIm5iZiI6MTc4MDA5MzMxMiwib3JnIjoxLCJvbmx5Q2hhbm5lbHMiOlsic2xlLW1vZHVsZS1iYXNlc3lzdGVtMTUtc3A3LXBvb2wteDg2XzY0Il19.uCQSjG035HA9N_dxryo9dlV24vR7TEouwc21TJznMf8 HTTP/1.1" 200 -
172.16.3.7 - - [30/May/2026:00:25:27 +0200] "GET /rhn/manager/download/sle-module-basesystem15-sp7-pool-x86_64/getPackage/NULL/1e5934494118ae929445f87f1d485ad83d820437f390ec8e834ff0f95e3f3a8d/libpcsclite1-1.9.4-150400.3.2.1.x86_64.rpm?eyJhbGciOiJIUzI1NiJ9.eyJqdGkiOiJkRjFlWWQ2TXMyV2piQzBIS0F2WndBIiwiZXhwIjoxODExNjI5NDMyLCJpYXQiOjE3ODAwOTM0MzIsIm5iZiI6MTc4MDA5MzMxMiwib3JnIjoxLCJvbmx5Q2hhbm5lbHMiOlsic2xlLW1vZHVsZS1iYXNlc3lzdGVtMTUtc3A3LXBvb2wteDg2XzY0Il19.uCQSjG035HA9N_dxryo9dlV24vR7TEouwc21TJznMf8 HTTP/1.1" 200 33024
172.16.3.5 - - [30/May/2026:00:25:18 +0200] "GET /rhn/websocket/notifications HTTP/1.1" 101 -
::1 - - [30/May/2026:00:25:28 +0200] "OPTIONS * HTTP/1.0" 200 - "-" "Apache/2.4.66 (Linux/SUSE) OpenSSL/3.1.4 mod_wsgi/4.7.1 Python/3.6 (internal dummy connection)"
172.16.3.7 - - [30/May/2026:00:25:28 +0200] "HEAD /rhn/manager/download/sle-module-basesystem15-sp7-pool-x86_64/getPackage/NULL/3d9c0dff6e47be0c931e720959eff43a9dabe4e0011ae0fb6122bceade805668/pcsc-lite-1.9.4-150400.3.2.1.x86_64.rpm?eyJhbGciOiJIUzI1NiJ9.eyJqdGkiOiJkRjFlWWQ2TXMyV2piQzBIS0F2WndBIiwiZXhwIjoxODExNjI5NDMyLCJpYXQiOjE3ODAwOTM0MzIsIm5iZiI6MTc4MDA5MzMxMiwib3JnIjoxLCJvbmx5Q2hhbm5lbHMiOlsic2xlLW1vZHVsZS1iYXNlc3lzdGVtMTUtc3A3LXBvb2wteDg2XzY0Il19.uCQSjG035HA9N_dxryo9dlV24vR7TEouwc21TJznMf8 HTTP/1.1" 200 -
172.16.3.7 - - [30/May/2026:00:25:28 +0200] "GET /rhn/manager/download/sle-module-basesystem15-sp7-pool-x86_64/getPackage/NULL/3d9c0dff6e47be0c931e720959eff43a9dabe4e0011ae0fb6122bceade805668/pcsc-lite-1.9.4-150400.3.2.1.x86_64.rpm?eyJhbGciOiJIUzI1NiJ9.eyJqdGkiOiJkRjFlWWQ2TXMyV2piQzBIS0F2WndBIiwiZXhwIjoxODExNjI5NDMyLCJpYXQiOjE3ODAwOTM0MzIsIm5iZiI6MTc4MDA5MzMxMiwib3JnIjoxLCJvbmx5Q2hhbm5lbHMiOlsic2xlLW1vZHVsZS1iYXNlc3lzdGVtMTUtc3A3LXBvb2wteDg2XzY0Il19.uCQSjG035HA9N_dxryo9dlV24vR7TEouwc21TJznMf8 HTTP/1.1" 200 83588
172.16.3.7 - - [30/May/2026:00:25:28 +0200] "HEAD /rhn/manager/download/sle-module-basesystem15-sp7-pool-x86_64/getPackage/NULL/5f70afff969ae9d34982bf920c536d8b586a7d1b96f89708a60e4b4d2d018354/liblttng-ust0-2.12.0-1.30.x86_64.rpm?eyJhbGciOiJIUzI1NiJ9.eyJqdGkiOiJkRjFlWWQ2TXMyV2piQzBIS0F2WndBIiwiZXhwIjoxODExNjI5NDMyLCJpYXQiOjE3ODAwOTM0MzIsIm5iZiI6MTc4MDA5MzMxMiwib3JnIjoxLCJvbmx5Q2hhbm5lbHMiOlsic2xlLW1vZHVsZS1iYXNlc3lzdGVtMTUtc3A3LXBvb2wteDg2XzY0Il19.uCQSjG035HA9N_dxryo9dlV24vR7TEouwc21TJznMf8 HTTP/1.1" 200 -
172.16.3.5 - - [30/May/2026:00:25:27 +0200] "GET /rhn/systems/details/history/Event.do?sid=1000010002&aid=30 HTTP/1.1" 200 6184
172.16.3.5 - - [30/May/2026:00:25:17 +0200] "GET /rhn/websocket/notifications HTTP/1.1" 101 -
172.16.3.7 - - [30/May/2026:00:25:28 +0200] "GET /rhn/manager/download/sle-module-basesystem15-sp7-pool-x86_64/getPackage/NULL/5f70afff969ae9d34982bf920c536d8b586a7d1b96f89708a60e4b4d2d018354/liblttng-ust0-2.12.0-1.30.x86_64.rpm?eyJhbGciOiJIUzI1NiJ9.eyJqdGkiOiJkRjFlWWQ2TXMyV2piQzBIS0F2WndBIiwiZXhwIjoxODExNjI5NDMyLCJpYXQiOjE3ODAwOTM0MzIsIm5iZiI6MTc4MDA5MzMxMiwib3JnIjoxLCJvbmx5Q2hhbm5lbHMiOlsic2xlLW1vZHVsZS1iYXNlc3lzdGVtMTUtc3A3LXBvb2wteDg2XzY0Il19.uCQSjG035HA9N_dxryo9dlV24vR7TEouwc21TJznMf8 HTTP/1.1" 200 192940
172.16.3.7 - - [30/May/2026:00:25:28 +0200] "HEAD /rhn/manager/download/sle-module-basesystem15-sp7-pool-x86_64/getPackage/NULL/cd529db3e49b8587d38fdf519415d4983a0c78769615e6126f58f3ee2ba42a5b/libasound2-1.2.10-150600.2.3.x86_64.rpm?eyJhbGciOiJIUzI1NiJ9.eyJqdGkiOiJkRjFlWWQ2TXMyV2piQzBIS0F2WndBIiwiZXhwIjoxODExNjI5NDMyLCJpYXQiOjE3ODAwOTM0MzIsIm5iZiI6MTc4MDA5MzMxMiwib3JnIjoxLCJvbmx5Q2hhbm5lbHMiOlsic2xlLW1vZHVsZS1iYXNlc3lzdGVtMTUtc3A3LXBvb2wteDg2XzY0Il19.uCQSjG035HA9N_dxryo9dlV24vR7TEouwc21TJznMf8 HTTP/1.1" 200 -
172.16.3.7 - - [30/May/2026:00:25:28 +0200] "GET /rhn/manager/download/sle-module-basesystem15-sp7-pool-x86_64/getPackage/NULL/cd529db3e49b8587d38fdf519415d4983a0c78769615e6126f58f3ee2ba42a5b/libasound2-1.2.10-150600.2.3.x86_64.rpm?eyJhbGciOiJIUzI1NiJ9.eyJqdGkiOiJkRjFlWWQ2TXMyV2piQzBIS0F2WndBIiwiZXhwIjoxODExNjI5NDMyLCJpYXQiOjE3ODAwOTM0MzIsIm5iZiI6MTc4MDA5MzMxMiwib3JnIjoxLCJvbmx5Q2hhbm5lbHMiOlsic2xlLW1vZHVsZS1iYXNlc3lzdGVtMTUtc3A3LXBvb2wteDg2XzY0Il19.uCQSjG035HA9N_dxryo9dlV24vR7TEouwc21TJznMf8 HTTP/1.1" 200 460420
172.16.3.5 - - [30/May/2026:00:25:27 +0200] "GET /rhn/systems/details/history/Event.do?sid=1000010003&aid=17 HTTP/1.1" 200 6189
172.16.3.5 - - [30/May/2026:00:25:28 +0200] "POST /rhn/manager/frontend-log HTTP/1.1" 200 42
172.16.3.7 - - [30/May/2026:00:25:28 +0200] "HEAD /rhn/manager/download/sle-module-basesystem15-sp7-pool-x86_64/getPackage/NULL/862df2244f23f3ef1941a66227caf097d6066a0e8469018745a0b9cceadd3f9e/xkeyboard-config-2.42-150700.1.1.noarch.rpm?eyJhbGciOiJIUzI1NiJ9.eyJqdGkiOiJkRjFlWWQ2TXMyV2piQzBIS0F2WndBIiwiZXhwIjoxODExNjI5NDMyLCJpYXQiOjE3ODAwOTM0MzIsIm5iZiI6MTc4MDA5MzMxMiwib3JnIjoxLCJvbmx5Q2hhbm5lbHMiOlsic2xlLW1vZHVsZS1iYXNlc3lzdGVtMTUtc3A3LXBvb2wteDg2XzY0Il19.uCQSjG035HA9N_dxryo9dlV24vR7TEouwc21TJznMf8 HTTP/1.1" 200 -
172.16.3.5 - - [30/May/2026:00:25:28 +0200] "GET /img/favicon.ico?q=0.47004395962189705 HTTP/1.1" 200 1150
172.16.3.7 - - [30/May/2026:00:25:28 +0200] "GET /rhn/manager/download/sle-module-basesystem15-sp7-pool-x86_64/getPackage/NULL/862df2244f23f3ef1941a66227caf097d6066a0e8469018745a0b9cceadd3f9e/xkeyboard-config-2.42-150700.1.1.noarch.rpm?eyJhbGciOiJIUzI1NiJ9.eyJqdGkiOiJkRjFlWWQ2TXMyV2piQzBIS0F2WndBIiwiZXhwIjoxODExNjI5NDMyLCJpYXQiOjE3ODAwOTM0MzIsIm5iZiI6MTc4MDA5MzMxMiwib3JnIjoxLCJvbmx5Q2hhbm5lbHMiOlsic2xlLW1vZHVsZS1iYXNlc3lzdGVtMTUtc3A3LXBvb2wteDg2XzY0Il19.uCQSjG035HA9N_dxryo9dlV24vR7TEouwc21TJznMf8 HTTP/1.1" 200 430192
172.16.3.5 - - [30/May/2026:00:25:27 +0200] "GET /rhn/systems/details/history/History.do?sid=1000010001& HTTP/1.1" 200 6938
172.16.3.5 - - [30/May/2026:00:25:25 +0200] "POST /rhn/manager/api/auth/login HTTP/1.1" 200 42
172.16.3.5 - - [30/May/2026:00:25:28 +0200] "POST /rhn/manager/frontend-log HTTP/1.1" 200 42
172.16.3.7 - - [30/May/2026:00:25:28 +0200] "HEAD /rhn/manager/download/sle-module-basesystem15-sp7-pool-x86_64/getPackage/NULL/00875c6eb07e76f347a9f8589543f99092163c4b80a4c5160af5c209e1705bf3/sg3_utils-1.48+11.56e7b2f-150600.3.3.11.x86_64.rpm?eyJhbGciOiJIUzI1NiJ9.eyJqdGkiOiJkRjFlWWQ2TXMyV2piQzBIS0F2WndBIiwiZXhwIjoxODExNjI5NDMyLCJpYXQiOjE3ODAwOTM0MzIsIm5iZiI6MTc4MDA5MzMxMiwib3JnIjoxLCJvbmx5Q2hhbm5lbHMiOlsic2xlLW1vZHVsZS1iYXNlc3lzdGVtMTUtc3A3LXBvb2wteDg2XzY0Il19.uCQSjG035HA9N_dxryo9dlV24vR7TEouwc21TJznMf8 HTTP/1.1" 200 -
172.16.3.5 - - [30/May/2026:00:25:29 +0200] "GET /img/favicon.ico?q=0.8188349730779163 HTTP/1.1" 200 1150
172.16.3.5 - - [30/May/2026:00:25:29 +0200] "-" 408 -
172.16.3.5 - - [30/May/2026:00:25:28 +0200] "POST /rhn/manager/frontend-log HTTP/1.1" 200 42
172.16.3.7 - - [30/May/2026:00:25:29 +0200] "GET /rhn/manager/download/sle-module-basesystem15-sp7-pool-x86_64/getPackage/NULL/00875c6eb07e76f347a9f8589543f99092163c4b80a4c5160af5c209e1705bf3/sg3_utils-1.48+11.56e7b2f-150600.3.3.11.x86_64.rpm?eyJhbGciOiJIUzI1NiJ9.eyJqdGkiOiJkRjFlWWQ2TXMyV2piQzBIS0F2WndBIiwiZXhwIjoxODExNjI5NDMyLCJpYXQiOjE3ODAwOTM0MzIsIm5iZiI6MTc4MDA5MzMxMiwib3JnIjoxLCJvbmx5Q2hhbm5lbHMiOlsic2xlLW1vZHVsZS1iYXNlc3lzdGVtMTUtc3A3LXBvb2wteDg2XzY0Il19.uCQSjG035HA9N_dxryo9dlV24vR7TEouwc21TJznMf8 HTTP/1.1" 200 1037292
172.16.3.5 - - [30/May/2026:00:25:29 +0200] "POST /rhn/manager/frontend-log HTTP/1.1" 200 42
172.16.3.5 - - [30/May/2026:00:25:29 +0200] "POST /rhn/manager/api/system/searchByName HTTP/1.1" 200 152
172.16.3.7 - - [30/May/2026:00:25:29 +0200] "HEAD /rhn/manager/download/sle-module-basesystem15-sp7-pool-x86_64/getPackage/NULL/4e65625cd30e305210b1efe8f5cd584c305ceca98e2d805bb9cc0a66e5d7a170/skopeo-zsh-completion-1.14.4-150300.11.22.1.noarch.rpm?eyJhbGciOiJIUzI1NiJ9.eyJqdGkiOiJkRjFlWWQ2TXMyV2piQzBIS0F2WndBIiwiZXhwIjoxODExNjI5NDMyLCJpYXQiOjE3ODAwOTM0MzIsIm5iZiI6MTc4MDA5MzMxMiwib3JnIjoxLCJvbmx5Q2hhbm5lbHMiOlsic2xlLW1vZHVsZS1iYXNlc3lzdGVtMTUtc3A3LXBvb2wteDg2XzY0Il19.uCQSjG035HA9N_dxryo9dlV24vR7TEouwc21TJznMf8 HTTP/1.1" 200 -
172.16.3.7 - - [30/May/2026:00:25:29 +0200] "GET /rhn/manager/download/sle-module-basesystem15-sp7-pool-x86_64/getPackage/NULL/4e65625cd30e305210b1efe8f5cd584c305ceca98e2d805bb9cc0a66e5d7a170/skopeo-zsh-completion-1.14.4-150300.11.22.1.noarch.rpm?eyJhbGciOiJIUzI1NiJ9.eyJqdGkiOiJkRjFlWWQ2TXMyV2piQzBIS0F2WndBIiwiZXhwIjoxODExNjI5NDMyLCJpYXQiOjE3ODAwOTM0MzIsIm5iZiI6MTc4MDA5MzMxMiwib3JnIjoxLCJvbmx5Q2hhbm5lbHMiOlsic2xlLW1vZHVsZS1iYXNlc3lzdGVtMTUtc3A3LXBvb2wteDg2XzY0Il19.uCQSjG035HA9N_dxryo9dlV24vR7TEouwc21TJznMf8 HTTP/1.1" 200 52672
172.16.3.7 - - [30/May/2026:00:25:29 +0200] "HEAD /rhn/manager/download/sle-module-basesystem15-sp7-pool-x86_64/getPackage/NULL/e8b9c1d1949edf3caaf86ca1d50c611a1e22586a4fa8234e40f79ac52332039c/libisoburn1-1.5.6-150600.1.6.x86_64.rpm?eyJhbGciOiJIUzI1NiJ9.eyJqdGkiOiJkRjFlWWQ2TXMyV2piQzBIS0F2WndBIiwiZXhwIjoxODExNjI5NDMyLCJpYXQiOjE3ODAwOTM0MzIsIm5iZiI6MTc4MDA5MzMxMiwib3JnIjoxLCJvbmx5Q2hhbm5lbHMiOlsic2xlLW1vZHVsZS1iYXNlc3lzdGVtMTUtc3A3LXBvb2wteDg2XzY0Il19.uCQSjG035HA9N_dxryo9dlV24vR7TEouwc21TJznMf8 HTTP/1.1" 200 -
172.16.3.5 - - [30/May/2026:00:25:29 +0200] "GET /rhn/websocket/notifications HTTP/1.1" 101 -
172.16.3.7 - - [30/May/2026:00:25:29 +0200] "GET /rhn/manager/download/sle-module-basesystem15-sp7-pool-x86_64/getPackage/NULL/e8b9c1d1949edf3caaf86ca1d50c611a1e22586a4fa8234e40f79ac52332039c/libisoburn1-1.5.6-150600.1.6.x86_64.rpm?eyJhbGciOiJIUzI1NiJ9.eyJqdGkiOiJkRjFlWWQ2TXMyV2piQzBIS0F2WndBIiwiZXhwIjoxODExNjI5NDMyLCJpYXQiOjE3ODAwOTM0MzIsIm5iZiI6MTc4MDA5MzMxMiwib3JnIjoxLCJvbmx5Q2hhbm5lbHMiOlsic2xlLW1vZHVsZS1iYXNlc3lzdGVtMTUtc3A3LXBvb2wteDg2XzY0Il19.uCQSjG035HA9N_dxryo9dlV24vR7TEouwc21TJznMf8 HTTP/1.1" 200 398212
172.16.3.5 - - [30/May/2026:00:25:29 +0200] "GET /rhn/manager/api/auth/logout HTTP/1.1" 200 42
172.16.3.7 - - [30/May/2026:00:25:29 +0200] "HEAD /rhn/manager/download/sle-module-basesystem15-sp7-pool-x86_64/getPackage/NULL/07abaa531b0b0c4de28e2341e44ae8b71f34b4b4f997fa736d6b3910e758b243/javapackages-tools-6.3.4-150200.3.15.1.x86_64.rpm?eyJhbGciOiJIUzI1NiJ9.eyJqdGkiOiJkRjFlWWQ2TXMyV2piQzBIS0F2WndBIiwiZXhwIjoxODExNjI5NDMyLCJpYXQiOjE3ODAwOTM0MzIsIm5iZiI6MTc4MDA5MzMxMiwib3JnIjoxLCJvbmx5Q2hhbm5lbHMiOlsic2xlLW1vZHVsZS1iYXNlc3lzdGVtMTUtc3A3LXBvb2wteDg2XzY0Il19.uCQSjG035HA9N_dxryo9dlV24vR7TEouwc21TJznMf8 HTTP/1.1" 200 -
172.16.3.5 - - [30/May/2026:00:25:05 +0200] "GET /rhn/websocket/notifications HTTP/1.1" 101 -
172.16.3.7 - - [30/May/2026:00:25:29 +0200] "GET /rhn/manager/download/sle-module-basesystem15-sp7-pool-x86_64/getPackage/NULL/07abaa531b0b0c4de28e2341e44ae8b71f34b4b4f997fa736d6b3910e758b243/javapackages-tools-6.3.4-150200.3.15.1.x86_64.rpm?eyJhbGciOiJIUzI1NiJ9.eyJqdGkiOiJkRjFlWWQ2TXMyV2piQzBIS0F2WndBIiwiZXhwIjoxODExNjI5NDMyLCJpYXQiOjE3ODAwOTM0MzIsIm5iZiI6MTc4MDA5MzMxMiwib3JnIjoxLCJvbmx5Q2hhbm5lbHMiOlsic2xlLW1vZHVsZS1iYXNlc3lzdGVtMTUtc3A3LXBvb2wteDg2XzY0Il19.uCQSjG035HA9N_dxryo9dlV24vR7TEouwc21TJznMf8 HTTP/1.1" 200 44828
172.16.3.7 - - [30/May/2026:00:25:29 +0200] "HEAD /rhn/manager/download/sle-module-basesystem15-sp7-pool-x86_64/getPackage/NULL/c26dc3f61181a851b9765347c1acddb3075e4ff675f7dedd9f2422433b3b73e5/xkeyboard-config-lang-2.42-150700.1.1.noarch.rpm?eyJhbGciOiJIUzI1NiJ9.eyJqdGkiOiJkRjFlWWQ2TXMyV2piQzBIS0F2WndBIiwiZXhwIjoxODExNjI5NDMyLCJpYXQiOjE3ODAwOTM0MzIsIm5iZiI6MTc4MDA5MzMxMiwib3JnIjoxLCJvbmx5Q2hhbm5lbHMiOlsic2xlLW1vZHVsZS1iYXNlc3lzdGVtMTUtc3A3LXBvb2wteDg2XzY0Il19.uCQSjG035HA9N_dxryo9dlV24vR7TEouwc21TJznMf8 HTTP/1.1" 200 -
172.16.3.7 - - [30/May/2026:00:25:29 +0200] "GET /rhn/manager/download/sle-module-basesystem15-sp7-pool-x86_64/getPackage/NULL/c26dc3f61181a851b9765347c1acddb3075e4ff675f7dedd9f2422433b3b73e5/xkeyboard-config-lang-2.42-150700.1.1.noarch.rpm?eyJhbGciOiJIUzI1NiJ9.eyJqdGkiOiJkRjFlWWQ2TXMyV2piQzBIS0F2WndBIiwiZXhwIjoxODExNjI5NDMyLCJpYXQiOjE3ODAwOTM0MzIsIm5iZiI6MTc4MDA5MzMxMiwib3JnIjoxLCJvbmx5Q2hhbm5lbHMiOlsic2xlLW1vZHVsZS1iYXNlc3lzdGVtMTUtc3A3LXBvb2wteDg2XzY0Il19.uCQSjG035HA9N_dxryo9dlV24vR7TEouwc21TJznMf8 HTTP/1.1" 200 421748
172.16.3.7 - - [30/May/2026:00:25:29 +0200] "HEAD /rhn/manager/download/sle-module-basesystem15-sp7-pool-x86_64/getPackage/NULL/aeb895d4f8173ba7e0da6e9b4e57b49d6cb90dd57572d1b958665fe9ad6ce859/libxkbcommon0-1.5.0-150600.3.3.1.x86_64.rpm?eyJhbGciOiJIUzI1NiJ9.eyJqdGkiOiJkRjFlWWQ2TXMyV2piQzBIS0F2WndBIiwiZXhwIjoxODExNjI5NDMyLCJpYXQiOjE3ODAwOTM0MzIsIm5iZiI6MTc4MDA5MzMxMiwib3JnIjoxLCJvbmx5Q2hhbm5lbHMiOlsic2xlLW1vZHVsZS1iYXNlc3lzdGVtMTUtc3A3LXBvb2wteDg2XzY0Il19.uCQSjG035HA9N_dxryo9dlV24vR7TEouwc21TJznMf8 HTTP/1.1" 200 -
172.16.3.7 - - [30/May/2026:00:25:29 +0200] "GET /rhn/manager/download/sle-module-basesystem15-sp7-pool-x86_64/getPackage/NULL/aeb895d4f8173ba7e0da6e9b4e57b49d6cb90dd57572d1b958665fe9ad6ce859/libxkbcommon0-1.5.0-150600.3.3.1.x86_64.rpm?eyJhbGciOiJIUzI1NiJ9.eyJqdGkiOiJkRjFlWWQ2TXMyV2piQzBIS0F2WndBIiwiZXhwIjoxODExNjI5NDMyLCJpYXQiOjE3ODAwOTM0MzIsIm5iZiI6MTc4MDA5MzMxMiwib3JnIjoxLCJvbmx5Q2hhbm5lbHMiOlsic2xlLW1vZHVsZS1iYXNlc3lzdGVtMTUtc3A3LXBvb2wteDg2XzY0Il19.uCQSjG035HA9N_dxryo9dlV24vR7TEouwc21TJznMf8 HTTP/1.1" 200 122068
172.16.3.7 - - [30/May/2026:00:25:29 +0200] "HEAD /rhn/manager/download/sle-module-basesystem15-sp7-pool-x86_64/getPackage/NULL/b8eba9e9deb667e95fb25b50b0e98df1ac01e8b4a891a79e509f3c22057d80fa/xorriso-1.5.6-150600.1.6.x86_64.rpm?eyJhbGciOiJIUzI1NiJ9.eyJqdGkiOiJkRjFlWWQ2TXMyV2piQzBIS0F2WndBIiwiZXhwIjoxODExNjI5NDMyLCJpYXQiOjE3ODAwOTM0MzIsIm5iZiI6MTc4MDA5MzMxMiwib3JnIjoxLCJvbmx5Q2hhbm5lbHMiOlsic2xlLW1vZHVsZS1iYXNlc3lzdGVtMTUtc3A3LXBvb2wteDg2XzY0Il19.uCQSjG035HA9N_dxryo9dlV24vR7TEouwc21TJznMf8 HTTP/1.1" 200 -
172.16.3.5 - - [30/May/2026:00:25:29 +0200] "GET /rhn/systems/details/history/Event.do?sid=1000010001&aid=29 HTTP/1.1" 200 6188
172.16.3.7 - - [30/May/2026:00:25:29 +0200] "GET /rhn/manager/download/sle-module-basesystem15-sp7-pool-x86_64/getPackage/NULL/b8eba9e9deb667e95fb25b50b0e98df1ac01e8b4a891a79e509f3c22057d80fa/xorriso-1.5.6-150600.1.6.x86_64.rpm?eyJhbGciOiJIUzI1NiJ9.eyJqdGkiOiJkRjFlWWQ2TXMyV2piQzBIS0F2WndBIiwiZXhwIjoxODExNjI5NDMyLCJpYXQiOjE3ODAwOTM0MzIsIm5iZiI6MTc4MDA5MzMxMiwib3JnIjoxLCJvbmx5Q2hhbm5lbHMiOlsic2xlLW1vZHVsZS1iYXNlc3lzdGVtMTUtc3A3LXBvb2wteDg2XzY0Il19.uCQSjG035HA9N_dxryo9dlV24vR7TEouwc21TJznMf8 HTTP/1.1" 200 357704
172.16.3.5 - - [30/May/2026:00:25:30 +0200] "GET /img/favicon.ico?q=0.5253839310606631 HTTP/1.1" 200 1150
172.16.3.7 - - [30/May/2026:00:25:30 +0200] "HEAD /rhn/manager/download/sle-module-basesystem15-sp7-updates-x86_64/getPackage/NULL/4edd65b8d585200a25bbe15ae05d61107ba2c33c701729b3a11cb437c84dc5cb/umoci-0.6.0-150000.3.20.1.x86_64.rpm?eyJhbGciOiJIUzI1NiJ9.eyJqdGkiOiI2X0VqanJrTUFpLTJ1MlJNRkJzQnB3IiwiZXhwIjoxODExNjI5NDMyLCJpYXQiOjE3ODAwOTM0MzIsIm5iZiI6MTc4MDA5MzMxMiwib3JnIjoxLCJvbmx5Q2hhbm5lbHMiOlsic2xlLW1vZHVsZS1iYXNlc3lzdGVtMTUtc3A3LXVwZGF0ZXMteDg2XzY0Il19.sypuDTb6dzBHn0UVoD4D5F3ny6wCP0PiD58zeCDp8CM HTTP/1.1" 200 -
172.16.3.5 - - [30/May/2026:00:25:30 +0200] "POST /rhn/manager/frontend-log HTTP/1.1" 200 42
172.16.3.7 - - [30/May/2026:00:25:30 +0200] "GET /rhn/manager/download/sle-module-basesystem15-sp7-updates-x86_64/getPackage/NULL/4edd65b8d585200a25bbe15ae05d61107ba2c33c701729b3a11cb437c84dc5cb/umoci-0.6.0-150000.3.20.1.x86_64.rpm?eyJhbGciOiJIUzI1NiJ9.eyJqdGkiOiI2X0VqanJrTUFpLTJ1MlJNRkJzQnB3IiwiZXhwIjoxODExNjI5NDMyLCJpYXQiOjE3ODAwOTM0MzIsIm5iZiI6MTc4MDA5MzMxMiwib3JnIjoxLCJvbmx5Q2hhbm5lbHMiOlsic2xlLW1vZHVsZS1iYXNlc3lzdGVtMTUtc3A3LXVwZGF0ZXMteDg2XzY0Il19.sypuDTb6dzBHn0UVoD4D5F3ny6wCP0PiD58zeCDp8CM HTTP/1.1" 200 2645884
172.16.3.7 - - [30/May/2026:00:25:30 +0200] "HEAD /rhn/manager/download/sle-module-basesystem15-sp7-updates-x86_64/getPackage/NULL/ec87aef1923f30623d213ea34ba059c404b724eb5abd517aa40a1fd8013771d9/kpartx-0.10.6+201+suse.9f189e79-150700.3.11.1.x86_64.rpm?eyJhbGciOiJIUzI1NiJ9.eyJqdGkiOiI2X0VqanJrTUFpLTJ1MlJNRkJzQnB3IiwiZXhwIjoxODExNjI5NDMyLCJpYXQiOjE3ODAwOTM0MzIsIm5iZiI6MTc4MDA5MzMxMiwib3JnIjoxLCJvbmx5Q2hhbm5lbHMiOlsic2xlLW1vZHVsZS1iYXNlc3lzdGVtMTUtc3A3LXVwZGF0ZXMteDg2XzY0Il19.sypuDTb6dzBHn0UVoD4D5F3ny6wCP0PiD58zeCDp8CM HTTP/1.1" 200 -
172.16.3.5 - - [30/May/2026:00:25:29 +0200] "GET /rhn/systems/details/Overview.do?sid=1000010004 HTTP/1.1" 200 7052
172.16.3.5 - - [30/May/2026:00:25:20 +0200] "GET /rhn/websocket/notifications HTTP/1.1" 101 -
172.16.3.7 - - [30/May/2026:00:25:30 +0200] "GET /rhn/manager/download/sle-module-basesystem15-sp7-updates-x86_64/getPackage/NULL/ec87aef1923f30623d213ea34ba059c404b724eb5abd517aa40a1fd8013771d9/kpartx-0.10.6+201+suse.9f189e79-150700.3.11.1.x86_64.rpm?eyJhbGciOiJIUzI1NiJ9.eyJqdGkiOiI2X0VqanJrTUFpLTJ1MlJNRkJzQnB3IiwiZXhwIjoxODExNjI5NDMyLCJpYXQiOjE3ODAwOTM0MzIsIm5iZiI6MTc4MDA5MzMxMiwib3JnIjoxLCJvbmx5Q2hhbm5lbHMiOlsic2xlLW1vZHVsZS1iYXNlc3lzdGVtMTUtc3A3LXVwZGF0ZXMteDg2XzY0Il19.sypuDTb6dzBHn0UVoD4D5F3ny6wCP0PiD58zeCDp8CM HTTP/1.1" 200 121548
172.16.3.7 - - [30/May/2026:00:25:30 +0200] "HEAD /rhn/manager/download/sle-module-basesystem15-sp7-updates-x86_64/getPackage/NULL/3cb208506f3300d24249fdbb1d22ff055afbebd11b96b563675d5494f7488bf2/libmediacheck6-6.5-150600.3.3.1.x86_64.rpm?eyJhbGciOiJIUzI1NiJ9.eyJqdGkiOiI2X0VqanJrTUFpLTJ1MlJNRkJzQnB3IiwiZXhwIjoxODExNjI5NDMyLCJpYXQiOjE3ODAwOTM0MzIsIm5iZiI6MTc4MDA5MzMxMiwib3JnIjoxLCJvbmx5Q2hhbm5lbHMiOlsic2xlLW1vZHVsZS1iYXNlc3lzdGVtMTUtc3A3LXVwZGF0ZXMteDg2XzY0Il19.sypuDTb6dzBHn0UVoD4D5F3ny6wCP0PiD58zeCDp8CM HTTP/1.1" 200 -
172.16.3.7 - - [30/May/2026:00:25:30 +0200] "GET /rhn/manager/download/sle-module-basesystem15-sp7-updates-x86_64/getPackage/NULL/3cb208506f3300d24249fdbb1d22ff055afbebd11b96b563675d5494f7488bf2/libmediacheck6-6.5-150600.3.3.1.x86_64.rpm?eyJhbGciOiJIUzI1NiJ9.eyJqdGkiOiI2X0VqanJrTUFpLTJ1MlJNRkJzQnB3IiwiZXhwIjoxODExNjI5NDMyLCJpYXQiOjE3ODAwOTM0MzIsIm5iZiI6MTc4MDA5MzMxMiwib3JnIjoxLCJvbmx5Q2hhbm5lbHMiOlsic2xlLW1vZHVsZS1iYXNlc3lzdGVtMTUtc3A3LXVwZGF0ZXMteDg2XzY0Il19.sypuDTb6dzBHn0UVoD4D5F3ny6wCP0PiD58zeCDp8CM HTTP/1.1" 200 68068
172.16.3.5 - - [30/May/2026:00:25:30 +0200] "POST /rhn/manager/frontend-log HTTP/1.1" 200 42
172.16.3.7 - - [30/May/2026:00:25:30 +0200] "HEAD /rhn/manager/download/sle-module-basesystem15-sp7-updates-x86_64/getPackage/NULL/569c6ec8d1888b4c631b60abde1f85a8211bbacd973e8ecaefcb311c984dde7f/virtiofsd-1.12.0-150700.3.3.1.x86_64.rpm?eyJhbGciOiJIUzI1NiJ9.eyJqdGkiOiI2X0VqanJrTUFpLTJ1MlJNRkJzQnB3IiwiZXhwIjoxODExNjI5NDMyLCJpYXQiOjE3ODAwOTM0MzIsIm5iZiI6MTc4MDA5MzMxMiwib3JnIjoxLCJvbmx5Q2hhbm5lbHMiOlsic2xlLW1vZHVsZS1iYXNlc3lzdGVtMTUtc3A3LXVwZGF0ZXMteDg2XzY0Il19.sypuDTb6dzBHn0UVoD4D5F3ny6wCP0PiD58zeCDp8CM HTTP/1.1" 200 -
172.16.3.7 - - [30/May/2026:00:25:30 +0200] "GET /rhn/manager/download/sle-module-basesystem15-sp7-updates-x86_64/getPackage/NULL/569c6ec8d1888b4c631b60abde1f85a8211bbacd973e8ecaefcb311c984dde7f/virtiofsd-1.12.0-150700.3.3.1.x86_64.rpm?eyJhbGciOiJIUzI1NiJ9.eyJqdGkiOiI2X0VqanJrTUFpLTJ1MlJNRkJzQnB3IiwiZXhwIjoxODExNjI5NDMyLCJpYXQiOjE3ODAwOTM0MzIsIm5iZiI6MTc4MDA5MzMxMiwib3JnIjoxLCJvbmx5Q2hhbm5lbHMiOlsic2xlLW1vZHVsZS1iYXNlc3lzdGVtMTUtc3A3LXVwZGF0ZXMteDg2XzY0Il19.sypuDTb6dzBHn0UVoD4D5F3ny6wCP0PiD58zeCDp8CM HTTP/1.1" 200 986924
172.16.3.7 - - [30/May/2026:00:25:30 +0200] "HEAD /rhn/manager/download/sle-module-basesystem15-sp7-updates-x86_64/getPackage/NULL/0b0c3ba14d7e8e192919f7a008aca5898850af93ea10ad092a03d1d896e8b198/liburing2-2.9-150700.10.3.1.x86_64.rpm?eyJhbGciOiJIUzI1NiJ9.eyJqdGkiOiI2X0VqanJrTUFpLTJ1MlJNRkJzQnB3IiwiZXhwIjoxODExNjI5NDMyLCJpYXQiOjE3ODAwOTM0MzIsIm5iZiI6MTc4MDA5MzMxMiwib3JnIjoxLCJvbmx5Q2hhbm5lbHMiOlsic2xlLW1vZHVsZS1iYXNlc3lzdGVtMTUtc3A3LXVwZGF0ZXMteDg2XzY0Il19.sypuDTb6dzBHn0UVoD4D5F3ny6wCP0PiD58zeCDp8CM HTTP/1.1" 200 -
172.16.3.7 - - [30/May/2026:00:25:30 +0200] "GET /rhn/manager/download/sle-module-basesystem15-sp7-updates-x86_64/getPackage/NULL/0b0c3ba14d7e8e192919f7a008aca5898850af93ea10ad092a03d1d896e8b198/liburing2-2.9-150700.10.3.1.x86_64.rpm?eyJhbGciOiJIUzI1NiJ9.eyJqdGkiOiI2X0VqanJrTUFpLTJ1MlJNRkJzQnB3IiwiZXhwIjoxODExNjI5NDMyLCJpYXQiOjE3ODAwOTM0MzIsIm5iZiI6MTc4MDA5MzMxMiwib3JnIjoxLCJvbmx5Q2hhbm5lbHMiOlsic2xlLW1vZHVsZS1iYXNlc3lzdGVtMTUtc3A3LXVwZGF0ZXMteDg2XzY0Il19.sypuDTb6dzBHn0UVoD4D5F3ny6wCP0PiD58zeCDp8CM HTTP/1.1" 200 41932
172.16.3.5 - - [30/May/2026:00:25:30 +0200] "POST /rhn/manager/frontend-log HTTP/1.1" 200 42
172.16.3.7 - - [30/May/2026:00:25:30 +0200] "HEAD /rhn/manager/download/sle-module-basesystem15-sp7-updates-x86_64/getPackage/NULL/aca9911f3cba0046dcf957da8ce01f2a93223621d3464c9d6f322a8d8cbbaa84/libfreebl3-3.112.3-150400.3.63.1.x86_64.rpm?eyJhbGciOiJIUzI1NiJ9.eyJqdGkiOiI2X0VqanJrTUFpLTJ1MlJNRkJzQnB3IiwiZXhwIjoxODExNjI5NDMyLCJpYXQiOjE3ODAwOTM0MzIsIm5iZiI6MTc4MDA5MzMxMiwib3JnIjoxLCJvbmx5Q2hhbm5lbHMiOlsic2xlLW1vZHVsZS1iYXNlc3lzdGVtMTUtc3A3LXVwZGF0ZXMteDg2XzY0Il19.sypuDTb6dzBHn0UVoD4D5F3ny6wCP0PiD58zeCDp8CM HTTP/1.1" 200 -
172.16.3.7 - - [30/May/2026:00:25:30 +0200] "GET /rhn/manager/download/sle-module-basesystem15-sp7-updates-x86_64/getPackage/NULL/aca9911f3cba0046dcf957da8ce01f2a93223621d3464c9d6f322a8d8cbbaa84/libfreebl3-3.112.3-150400.3.63.1.x86_64.rpm?eyJhbGciOiJIUzI1NiJ9.eyJqdGkiOiI2X0VqanJrTUFpLTJ1MlJNRkJzQnB3IiwiZXhwIjoxODExNjI5NDMyLCJpYXQiOjE3ODAwOTM0MzIsIm5iZiI6MTc4MDA5MzMxMiwib3JnIjoxLCJvbmx5Q2hhbm5lbHMiOlsic2xlLW1vZHVsZS1iYXNlc3lzdGVtMTUtc3A3LXVwZGF0ZXMteDg2XzY0Il19.sypuDTb6dzBHn0UVoD4D5F3ny6wCP0PiD58zeCDp8CM HTTP/1.1" 200 465804
172.16.3.5 - - [30/May/2026:00:25:30 +0200] "GET /rhn/websocket/notifications HTTP/1.1" 101 -
172.16.3.7 - - [30/May/2026:00:25:30 +0200] "HEAD /rhn/manager/download/sle-module-basesystem15-sp7-updates-x86_64/getPackage/NULL/410c729d3c4f3756794d00dc1788cd42188d63edab97c6e4a4cd4473a45b153e/liblcms2-2-2.15-150600.3.3.2.x86_64.rpm?eyJhbGciOiJIUzI1NiJ9.eyJqdGkiOiI2X0VqanJrTUFpLTJ1MlJNRkJzQnB3IiwiZXhwIjoxODExNjI5NDMyLCJpYXQiOjE3ODAwOTM0MzIsIm5iZiI6MTc4MDA5MzMxMiwib3JnIjoxLCJvbmx5Q2hhbm5lbHMiOlsic2xlLW1vZHVsZS1iYXNlc3lzdGVtMTUtc3A3LXVwZGF0ZXMteDg2XzY0Il19.sypuDTb6dzBHn0UVoD4D5F3ny6wCP0PiD58zeCDp8CM HTTP/1.1" 200 -
172.16.3.7 - - [30/May/2026:00:25:30 +0200] "GET /rhn/manager/download/sle-module-basesystem15-sp7-updates-x86_64/getPackage/NULL/410c729d3c4f3756794d00dc1788cd42188d63edab97c6e4a4cd4473a45b153e/liblcms2-2-2.15-150600.3.3.2.x86_64.rpm?eyJhbGciOiJIUzI1NiJ9.eyJqdGkiOiI2X0VqanJrTUFpLTJ1MlJNRkJzQnB3IiwiZXhwIjoxODExNjI5NDMyLCJpYXQiOjE3ODAwOTM0MzIsIm5iZiI6MTc4MDA5MzMxMiwib3JnIjoxLCJvbmx5Q2hhbm5lbHMiOlsic2xlLW1vZHVsZS1iYXNlc3lzdGVtMTUtc3A3LXVwZGF0ZXMteDg2XzY0Il19.sypuDTb6dzBHn0UVoD4D5F3ny6wCP0PiD58zeCDp8CM HTTP/1.1" 200 155652
172.16.3.7 - - [30/May/2026:00:25:30 +0200] "HEAD /rhn/manager/download/sle-module-basesystem15-sp7-updates-x86_64/getPackage/NULL/ac404d0326844b5875c616f4ee5019002e3bd85be6f5c0d18dff1ad4d1e269a1/librdmacm1-54.0-150700.3.2.1.x86_64.rpm?eyJhbGciOiJIUzI1NiJ9.eyJqdGkiOiI2X0VqanJrTUFpLTJ1MlJNRkJzQnB3IiwiZXhwIjoxODExNjI5NDMyLCJpYXQiOjE3ODAwOTM0MzIsIm5iZiI6MTc4MDA5MzMxMiwib3JnIjoxLCJvbmx5Q2hhbm5lbHMiOlsic2xlLW1vZHVsZS1iYXNlc3lzdGVtMTUtc3A3LXVwZGF0ZXMteDg2XzY0Il19.sypuDTb6dzBHn0UVoD4D5F3ny6wCP0PiD58zeCDp8CM HTTP/1.1" 200 -
172.16.3.7 - - [30/May/2026:00:25:30 +0200] "GET /rhn/manager/download/sle-module-basesystem15-sp7-updates-x86_64/getPackage/NULL/ac404d0326844b5875c616f4ee5019002e3bd85be6f5c0d18dff1ad4d1e269a1/librdmacm1-54.0-150700.3.2.1.x86_64.rpm?eyJhbGciOiJIUzI1NiJ9.eyJqdGkiOiI2X0VqanJrTUFpLTJ1MlJNRkJzQnB3IiwiZXhwIjoxODExNjI5NDMyLCJpYXQiOjE3ODAwOTM0MzIsIm5iZiI6MTc4MDA5MzMxMiwib3JnIjoxLCJvbmx5Q2hhbm5lbHMiOlsic2xlLW1vZHVsZS1iYXNlc3lzdGVtMTUtc3A3LXVwZGF0ZXMteDg2XzY0Il19.sypuDTb6dzBHn0UVoD4D5F3ny6wCP0PiD58zeCDp8CM HTTP/1.1" 200 81328
172.16.3.7 - - [30/May/2026:00:25:30 +0200] "HEAD /rhn/manager/download/sle-module-basesystem15-sp7-updates-x86_64/getPackage/NULL/70b0553ecea387e1b15a102beb1ecc9bd089d515dc8981b49f405da3d5a3629e/libmpath0-0.10.6+201+suse.9f189e79-150700.3.11.1.x86_64.rpm?eyJhbGciOiJIUzI1NiJ9.eyJqdGkiOiI2X0VqanJrTUFpLTJ1MlJNRkJzQnB3IiwiZXhwIjoxODExNjI5NDMyLCJpYXQiOjE3ODAwOTM0MzIsIm5iZiI6MTc4MDA5MzMxMiwib3JnIjoxLCJvbmx5Q2hhbm5lbHMiOlsic2xlLW1vZHVsZS1iYXNlc3lzdGVtMTUtc3A3LXVwZGF0ZXMteDg2XzY0Il19.sypuDTb6dzBHn0UVoD4D5F3ny6wCP0PiD58zeCDp8CM HTTP/1.1" 200 -
172.16.3.7 - - [30/May/2026:00:25:30 +0200] "GET /rhn/manager/download/sle-module-basesystem15-sp7-updates-x86_64/getPackage/NULL/70b0553ecea387e1b15a102beb1ecc9bd089d515dc8981b49f405da3d5a3629e/libmpath0-0.10.6+201+suse.9f189e79-150700.3.11.1.x86_64.rpm?eyJhbGciOiJIUzI1NiJ9.eyJqdGkiOiI2X0VqanJrTUFpLTJ1MlJNRkJzQnB3IiwiZXhwIjoxODExNjI5NDMyLCJpYXQiOjE3ODAwOTM0MzIsIm5iZiI6MTc4MDA5MzMxMiwib3JnIjoxLCJvbmx5Q2hhbm5lbHMiOlsic2xlLW1vZHVsZS1iYXNlc3lzdGVtMTUtc3A3LXVwZGF0ZXMteDg2XzY0Il19.sypuDTb6dzBHn0UVoD4D5F3ny6wCP0PiD58zeCDp8CM HTTP/1.1" 200 327336
172.16.3.7 - - [30/May/2026:00:25:30 +0200] "HEAD /rhn/manager/download/sle-module-basesystem15-sp7-updates-x86_64/getPackage/NULL/fe1f3f2cb89c96e65a94792434313e1cb154e7dfec863933937e73da69c1f273/multipath-tools-0.10.6+201+suse.9f189e79-150700.3.11.1.x86_64.rpm?eyJhbGciOiJIUzI1NiJ9.eyJqdGkiOiI2X0VqanJrTUFpLTJ1MlJNRkJzQnB3IiwiZXhwIjoxODExNjI5NDMyLCJpYXQiOjE3ODAwOTM0MzIsIm5iZiI6MTc4MDA5MzMxMiwib3JnIjoxLCJvbmx5Q2hhbm5lbHMiOlsic2xlLW1vZHVsZS1iYXNlc3lzdGVtMTUtc3A3LXVwZGF0ZXMteDg2XzY0Il19.sypuDTb6dzBHn0UVoD4D5F3ny6wCP0PiD58zeCDp8CM HTTP/1.1" 200 -
172.16.3.7 - - [30/May/2026:00:25:31 +0200] "GET /rhn/manager/download/sle-module-basesystem15-sp7-updates-x86_64/getPackage/NULL/fe1f3f2cb89c96e65a94792434313e1cb154e7dfec863933937e73da69c1f273/multipath-tools-0.10.6+201+suse.9f189e79-150700.3.11.1.x86_64.rpm?eyJhbGciOiJIUzI1NiJ9.eyJqdGkiOiI2X0VqanJrTUFpLTJ1MlJNRkJzQnB3IiwiZXhwIjoxODExNjI5NDMyLCJpYXQiOjE3ODAwOTM0MzIsIm5iZiI6MTc4MDA5MzMxMiwib3JnIjoxLCJvbmx5Q2hhbm5lbHMiOlsic2xlLW1vZHVsZS1iYXNlc3lzdGVtMTUtc3A3LXVwZGF0ZXMteDg2XzY0Il19.sypuDTb6dzBHn0UVoD4D5F3ny6wCP0PiD58zeCDp8CM HTTP/1.1" 200 237092
172.16.3.7 - - [30/May/2026:00:25:31 +0200] "HEAD /rhn/manager/download/sle-module-basesystem15-sp7-updates-x86_64/getPackage/NULL/8e6807c8f2e54024192f700634585e1e9d3a0a7512930e8a3654ab680e9c989d/checkmedia-6.5-150600.3.3.1.x86_64.rpm?eyJhbGciOiJIUzI1NiJ9.eyJqdGkiOiI2X0VqanJrTUFpLTJ1MlJNRkJzQnB3IiwiZXhwIjoxODExNjI5NDMyLCJpYXQiOjE3ODAwOTM0MzIsIm5iZiI6MTc4MDA5MzMxMiwib3JnIjoxLCJvbmx5Q2hhbm5lbHMiOlsic2xlLW1vZHVsZS1iYXNlc3lzdGVtMTUtc3A3LXVwZGF0ZXMteDg2XzY0Il19.sypuDTb6dzBHn0UVoD4D5F3ny6wCP0PiD58zeCDp8CM HTTP/1.1" 200 -
172.16.3.7 - - [30/May/2026:00:25:31 +0200] "GET /rhn/manager/download/sle-module-basesystem15-sp7-updates-x86_64/getPackage/NULL/8e6807c8f2e54024192f700634585e1e9d3a0a7512930e8a3654ab680e9c989d/checkmedia-6.5-150600.3.3.1.x86_64.rpm?eyJhbGciOiJIUzI1NiJ9.eyJqdGkiOiI2X0VqanJrTUFpLTJ1MlJNRkJzQnB3IiwiZXhwIjoxODExNjI5NDMyLCJpYXQiOjE3ODAwOTM0MzIsIm5iZiI6MTc4MDA5MzMxMiwib3JnIjoxLCJvbmx5Q2hhbm5lbHMiOlsic2xlLW1vZHVsZS1iYXNlc3lzdGVtMTUtc3A3LXVwZGF0ZXMteDg2XzY0Il19.sypuDTb6dzBHn0UVoD4D5F3ny6wCP0PiD58zeCDp8CM HTTP/1.1" 200 26944
172.16.3.7 - - [30/May/2026:00:25:31 +0200] "HEAD /rhn/manager/download/sle-module-basesystem15-sp7-updates-x86_64/getPackage/NULL/a75ef97813fd956c401467f91506493a4c1d8d439b9e690659446487725af2f0/qemu-vmsr-helper-9.2.4-150700.3.17.1.x86_64.rpm?eyJhbGciOiJIUzI1NiJ9.eyJqdGkiOiI2X0VqanJrTUFpLTJ1MlJNRkJzQnB3IiwiZXhwIjoxODExNjI5NDMyLCJpYXQiOjE3ODAwOTM0MzIsIm5iZiI6MTc4MDA5MzMxMiwib3JnIjoxLCJvbmx5Q2hhbm5lbHMiOlsic2xlLW1vZHVsZS1iYXNlc3lzdGVtMTUtc3A3LXVwZGF0ZXMteDg2XzY0Il19.sypuDTb6dzBHn0UVoD4D5F3ny6wCP0PiD58zeCDp8CM HTTP/1.1" 200 -
::1 - - [30/May/2026:00:25:31 +0200] "OPTIONS * HTTP/1.0" 200 - "-" "Apache/2.4.66 (Linux/SUSE) OpenSSL/3.1.4 mod_wsgi/4.7.1 Python/3.6 (internal dummy connection)"
172.16.3.5 - - [30/May/2026:00:25:30 +0200] "GET /rhn/systems/details/Overview.do?sid=1000010004& HTTP/1.1" 200 7052
172.16.3.7 - - [30/May/2026:00:25:31 +0200] "GET /rhn/manager/download/sle-module-basesystem15-sp7-updates-x86_64/getPackage/NULL/a75ef97813fd956c401467f91506493a4c1d8d439b9e690659446487725af2f0/qemu-vmsr-helper-9.2.4-150700.3.17.1.x86_64.rpm?eyJhbGciOiJIUzI1NiJ9.eyJqdGkiOiI2X0VqanJrTUFpLTJ1MlJNRkJzQnB3IiwiZXhwIjoxODExNjI5NDMyLCJpYXQiOjE3ODAwOTM0MzIsIm5iZiI6MTc4MDA5MzMxMiwib3JnIjoxLCJvbmx5Q2hhbm5lbHMiOlsic2xlLW1vZHVsZS1iYXNlc3lzdGVtMTUtc3A3LXVwZGF0ZXMteDg2XzY0Il19.sypuDTb6dzBHn0UVoD4D5F3ny6wCP0PiD58zeCDp8CM HTTP/1.1" 200 625120
172.16.3.7 - - [30/May/2026:00:25:31 +0200] "HEAD /rhn/manager/download/sle-module-basesystem15-sp7-updates-x86_64/getPackage/NULL/3986e5b8b3b715ead9037f6ad6bd75a5676adc32163929413a247101709bffe7/qemu-img-9.2.4-150700.3.17.1.x86_64.rpm?eyJhbGciOiJIUzI1NiJ9.eyJqdGkiOiI2X0VqanJrTUFpLTJ1MlJNRkJzQnB3IiwiZXhwIjoxODExNjI5NDMyLCJpYXQiOjE3ODAwOTM0MzIsIm5iZiI6MTc4MDA5MzMxMiwib3JnIjoxLCJvbmx5Q2hhbm5lbHMiOlsic2xlLW1vZHVsZS1iYXNlc3lzdGVtMTUtc3A3LXVwZGF0ZXMteDg2XzY0Il19.sypuDTb6dzBHn0UVoD4D5F3ny6wCP0PiD58zeCDp8CM HTTP/1.1" 200 -
172.16.3.5 - - [30/May/2026:00:25:31 +0200] "GET /img/favicon.ico?q=0.5828346862781977 HTTP/1.1" 200 1150
172.16.3.7 - - [30/May/2026:00:25:31 +0200] "GET /rhn/manager/download/sle-module-basesystem15-sp7-updates-x86_64/getPackage/NULL/3986e5b8b3b715ead9037f6ad6bd75a5676adc32163929413a247101709bffe7/qemu-img-9.2.4-150700.3.17.1.x86_64.rpm?eyJhbGciOiJIUzI1NiJ9.eyJqdGkiOiI2X0VqanJrTUFpLTJ1MlJNRkJzQnB3IiwiZXhwIjoxODExNjI5NDMyLCJpYXQiOjE3ODAwOTM0MzIsIm5iZiI6MTc4MDA5MzMxMiwib3JnIjoxLCJvbmx5Q2hhbm5lbHMiOlsic2xlLW1vZHVsZS1iYXNlc3lzdGVtMTUtc3A3LXVwZGF0ZXMteDg2XzY0Il19.sypuDTb6dzBHn0UVoD4D5F3ny6wCP0PiD58zeCDp8CM HTTP/1.1" 200 2215268
172.16.3.7 - - [30/May/2026:00:25:31 +0200] "HEAD /rhn/manager/download/sle-module-basesystem15-sp7-updates-x86_64/getPackage/NULL/5a10d910563b561f161d3d8cc5442f4a63c0f527ad7d433fddf1e9c2c599f908/mozilla-nss-3.112.3-150400.3.63.1.x86_64.rpm?eyJhbGciOiJIUzI1NiJ9.eyJqdGkiOiI2X0VqanJrTUFpLTJ1MlJNRkJzQnB3IiwiZXhwIjoxODExNjI5NDMyLCJpYXQiOjE3ODAwOTM0MzIsIm5iZiI6MTc4MDA5MzMxMiwib3JnIjoxLCJvbmx5Q2hhbm5lbHMiOlsic2xlLW1vZHVsZS1iYXNlc3lzdGVtMTUtc3A3LXVwZGF0ZXMteDg2XzY0Il19.sypuDTb6dzBHn0UVoD4D5F3ny6wCP0PiD58zeCDp8CM HTTP/1.1" 200 -
172.16.3.5 - - [30/May/2026:00:25:31 +0200] "POST /rhn/manager/frontend-log HTTP/1.1" 200 42
172.16.3.5 - - [30/May/2026:00:25:31 +0200] "GET /rhn/websocket/notifications HTTP/1.1" 101 -
172.16.3.7 - - [30/May/2026:00:25:31 +0200] "GET /rhn/manager/download/sle-module-basesystem15-sp7-updates-x86_64/getPackage/NULL/5a10d910563b561f161d3d8cc5442f4a63c0f527ad7d433fddf1e9c2c599f908/mozilla-nss-3.112.3-150400.3.63.1.x86_64.rpm?eyJhbGciOiJIUzI1NiJ9.eyJqdGkiOiI2X0VqanJrTUFpLTJ1MlJNRkJzQnB3IiwiZXhwIjoxODExNjI5NDMyLCJpYXQiOjE3ODAwOTM0MzIsIm5iZiI6MTc4MDA5MzMxMiwib3JnIjoxLCJvbmx5Q2hhbm5lbHMiOlsic2xlLW1vZHVsZS1iYXNlc3lzdGVtMTUtc3A3LXVwZGF0ZXMteDg2XzY0Il19.sypuDTb6dzBHn0UVoD4D5F3ny6wCP0PiD58zeCDp8CM HTTP/1.1" 200 831312
172.16.3.7 - - [30/May/2026:00:25:31 +0200] "HEAD /rhn/manager/download/sle-module-basesystem15-sp7-updates-x86_64/getPackage/NULL/14fe195c76cc25b7249b574d23e8921fc82639b02439bc21e3b37275d6b0997f/libsoftokn3-3.112.3-150400.3.63.1.x86_64.rpm?eyJhbGciOiJIUzI1NiJ9.eyJqdGkiOiI2X0VqanJrTUFpLTJ1MlJNRkJzQnB3IiwiZXhwIjoxODExNjI5NDMyLCJpYXQiOjE3ODAwOTM0MzIsIm5iZiI6MTc4MDA5MzMxMiwib3JnIjoxLCJvbmx5Q2hhbm5lbHMiOlsic2xlLW1vZHVsZS1iYXNlc3lzdGVtMTUtc3A3LXVwZGF0ZXMteDg2XzY0Il19.sypuDTb6dzBHn0UVoD4D5F3ny6wCP0PiD58zeCDp8CM HTTP/1.1" 200 -
172.16.3.5 - - [30/May/2026:00:25:30 +0200] "POST /rhn/manager/api/auth/login HTTP/1.1" 200 42
172.16.3.7 - - [30/May/2026:00:25:31 +0200] "GET /rhn/manager/download/sle-module-basesystem15-sp7-updates-x86_64/getPackage/NULL/14fe195c76cc25b7249b574d23e8921fc82639b02439bc21e3b37275d6b0997f/libsoftokn3-3.112.3-150400.3.63.1.x86_64.rpm?eyJhbGciOiJIUzI1NiJ9.eyJqdGkiOiI2X0VqanJrTUFpLTJ1MlJNRkJzQnB3IiwiZXhwIjoxODExNjI5NDMyLCJpYXQiOjE3ODAwOTM0MzIsIm5iZiI6MTc4MDA5MzMxMiwib3JnIjoxLCJvbmx5Q2hhbm5lbHMiOlsic2xlLW1vZHVsZS1iYXNlc3lzdGVtMTUtc3A3LXVwZGF0ZXMteDg2XzY0Il19.sypuDTb6dzBHn0UVoD4D5F3ny6wCP0PiD58zeCDp8CM HTTP/1.1" 200 342592
172.16.3.7 - - [30/May/2026:00:25:31 +0200] "HEAD /rhn/manager/download/sle-module-basesystem15-sp7-updates-x86_64/getPackage/NULL/b92a8f9e71de3779d56cd48dca0078091d3f0c580fc65d8308fd1399e7d776ea/qemu-pr-helper-9.2.4-150700.3.17.1.x86_64.rpm?eyJhbGciOiJIUzI1NiJ9.eyJqdGkiOiI2X0VqanJrTUFpLTJ1MlJNRkJzQnB3IiwiZXhwIjoxODExNjI5NDMyLCJpYXQiOjE3ODAwOTM0MzIsIm5iZiI6MTc4MDA5MzMxMiwib3JnIjoxLCJvbmx5Q2hhbm5lbHMiOlsic2xlLW1vZHVsZS1iYXNlc3lzdGVtMTUtc3A3LXVwZGF0ZXMteDg2XzY0Il19.sypuDTb6dzBHn0UVoD4D5F3ny6wCP0PiD58zeCDp8CM HTTP/1.1" 200 -
172.16.3.7 - - [30/May/2026:00:25:31 +0200] "GET /rhn/manager/download/sle-module-basesystem15-sp7-updates-x86_64/getPackage/NULL/b92a8f9e71de3779d56cd48dca0078091d3f0c580fc65d8308fd1399e7d776ea/qemu-pr-helper-9.2.4-150700.3.17.1.x86_64.rpm?eyJhbGciOiJIUzI1NiJ9.eyJqdGkiOiI2X0VqanJrTUFpLTJ1MlJNRkJzQnB3IiwiZXhwIjoxODExNjI5NDMyLCJpYXQiOjE3ODAwOTM0MzIsIm5iZiI6MTc4MDA5MzMxMiwib3JnIjoxLCJvbmx5Q2hhbm5lbHMiOlsic2xlLW1vZHVsZS1iYXNlc3lzdGVtMTUtc3A3LXVwZGF0ZXMteDg2XzY0Il19.sypuDTb6dzBHn0UVoD4D5F3ny6wCP0PiD58zeCDp8CM HTTP/1.1" 200 634348
172.16.3.5 - - [30/May/2026:00:25:31 +0200] "GET /rhn/systems/details/Connection.do?sid=1000010004& HTTP/1.1" 200 6278
172.16.3.5 - - [30/May/2026:00:25:31 +0200] "POST /rhn/manager/api/system/searchByName HTTP/1.1" 200 156
172.16.3.7 - - [30/May/2026:00:25:31 +0200] "HEAD /rhn/manager/download/sle-module-basesystem15-sp7-updates-x86_64/getPackage/NULL/f30b141467f2136243af7ec3d632bc75330140354234cc716f93f7b597353a03/mozilla-nss-sysinit-3.112.3-150400.3.63.1.x86_64.rpm?eyJhbGciOiJIUzI1NiJ9.eyJqdGkiOiI2X0VqanJrTUFpLTJ1MlJNRkJzQnB3IiwiZXhwIjoxODExNjI5NDMyLCJpYXQiOjE3ODAwOTM0MzIsIm5iZiI6MTc4MDA5MzMxMiwib3JnIjoxLCJvbmx5Q2hhbm5lbHMiOlsic2xlLW1vZHVsZS1iYXNlc3lzdGVtMTUtc3A3LXVwZGF0ZXMteDg2XzY0Il19.sypuDTb6dzBHn0UVoD4D5F3ny6wCP0PiD58zeCDp8CM HTTP/1.1" 200 -
172.16.3.7 - - [30/May/2026:00:25:31 +0200] "GET /rhn/manager/download/sle-module-basesystem15-sp7-updates-x86_64/getPackage/NULL/f30b141467f2136243af7ec3d632bc75330140354234cc716f93f7b597353a03/mozilla-nss-sysinit-3.112.3-150400.3.63.1.x86_64.rpm?eyJhbGciOiJIUzI1NiJ9.eyJqdGkiOiI2X0VqanJrTUFpLTJ1MlJNRkJzQnB3IiwiZXhwIjoxODExNjI5NDMyLCJpYXQiOjE3ODAwOTM0MzIsIm5iZiI6MTc4MDA5MzMxMiwib3JnIjoxLCJvbmx5Q2hhbm5lbHMiOlsic2xlLW1vZHVsZS1iYXNlc3lzdGVtMTUtc3A3LXVwZGF0ZXMteDg2XzY0Il19.sypuDTb6dzBHn0UVoD4D5F3ny6wCP0PiD58zeCDp8CM HTTP/1.1" 200 166324
172.16.3.7 - - [30/May/2026:00:25:31 +0200] "HEAD /rhn/manager/download/sle-module-basesystem15-sp7-updates-x86_64/getPackage/NULL/1f24620fdccc153ccf218e92d23cbe78097c1ca225f56db6865634bd89b5eebf/java-25-openjdk-headless-25.0.2.0-150700.15.7.1.x86_64.rpm?eyJhbGciOiJIUzI1NiJ9.eyJqdGkiOiI2X0VqanJrTUFpLTJ1MlJNRkJzQnB3IiwiZXhwIjoxODExNjI5NDMyLCJpYXQiOjE3ODAwOTM0MzIsIm5iZiI6MTc4MDA5MzMxMiwib3JnIjoxLCJvbmx5Q2hhbm5lbHMiOlsic2xlLW1vZHVsZS1iYXNlc3lzdGVtMTUtc3A3LXVwZGF0ZXMteDg2XzY0Il19.sypuDTb6dzBHn0UVoD4D5F3ny6wCP0PiD58zeCDp8CM HTTP/1.1" 200 -
172.16.3.5 - - [30/May/2026:00:25:31 +0200] "GET /img/favicon.ico?q=0.3346665366048369 HTTP/1.1" 200 1150
172.16.3.5 - - [30/May/2026:00:25:31 +0200] "GET /rhn/manager/api/auth/logout HTTP/1.1" 200 42
172.16.3.5 - - [30/May/2026:00:25:17 +0200] "GET /rhn/websocket/notifications HTTP/1.1" 101 -
172.16.3.5 - - [30/May/2026:00:25:31 +0200] "POST /rhn/manager/frontend-log HTTP/1.1" 200 42
172.16.3.7 - - [30/May/2026:00:25:31 +0200] "GET /rhn/manager/download/sle-module-basesystem15-sp7-updates-x86_64/getPackage/NULL/1f24620fdccc153ccf218e92d23cbe78097c1ca225f56db6865634bd89b5eebf/java-25-openjdk-headless-25.0.2.0-150700.15.7.1.x86_64.rpm?eyJhbGciOiJIUzI1NiJ9.eyJqdGkiOiI2X0VqanJrTUFpLTJ1MlJNRkJzQnB3IiwiZXhwIjoxODExNjI5NDMyLCJpYXQiOjE3ODAwOTM0MzIsIm5iZiI6MTc4MDA5MzMxMiwib3JnIjoxLCJvbmx5Q2hhbm5lbHMiOlsic2xlLW1vZHVsZS1iYXNlc3lzdGVtMTUtc3A3LXVwZGF0ZXMteDg2XzY0Il19.sypuDTb6dzBHn0UVoD4D5F3ny6wCP0PiD58zeCDp8CM HTTP/1.1" 200 54771864
172.16.3.5 - - [30/May/2026:00:25:31 +0200] "GET /rhn/systems/details/Overview.do?sid=1000010001 HTTP/1.1" 200 7023
172.16.3.5 - - [30/May/2026:00:25:30 +0200] "GET /rhn/websocket/notifications HTTP/1.1" 101 -
172.16.3.5 - - [30/May/2026:00:25:32 +0200] "POST /rhn/manager/frontend-log HTTP/1.1" 200 42
172.16.3.5 - - [30/May/2026:00:25:32 +0200] "POST /rhn/manager/frontend-log HTTP/1.1" 200 42
172.16.3.5 - - [30/May/2026:00:25:32 +0200] "GET /rhn/websocket/notifications HTTP/1.1" 101 -
172.16.3.5 - - [30/May/2026:00:25:32 +0200] "POST /rhn/manager/api/auth/login HTTP/1.1" 200 42
172.16.3.5 - - [30/May/2026:00:25:32 +0200] "GET /rhn/systems/details/history/Pending.do?sid=1000010001& HTTP/1.1" 200 6223
172.16.3.5 - - [30/May/2026:00:25:33 +0200] "GET /img/favicon.ico?q=0.2221745614470647 HTTP/1.1" 200 1150
172.16.3.7 - - [30/May/2026:00:25:33 +0200] "HEAD /rhn/manager/download/sle-module-devtools15-sp7-pool-x86_64/getPackage/NULL/6897117f6b619a7cb05a423a64ba8a3ffa40a16576c2e84585781205c55d6f2e/kiwi-boot-descriptions-1.2.0-2.51.x86_64.rpm?eyJhbGciOiJIUzI1NiJ9.eyJqdGkiOiJEby1nWTg3OVJ3dmFsVXpnNHFuS1h3IiwiZXhwIjoxODExNjI5NDMyLCJpYXQiOjE3ODAwOTM0MzIsIm5iZiI6MTc4MDA5MzMxMiwib3JnIjoxLCJvbmx5Q2hhbm5lbHMiOlsic2xlLW1vZHVsZS1kZXZ0b29sczE1LXNwNy1wb29sLXg4Nl82NCJdfQ.K5Rp_mARkwLaFg7-0hSYnbcQ3eLsNwCr7ethW2szvHc HTTP/1.1" 200 -
172.16.3.5 - - [30/May/2026:00:25:32 +0200] "POST /rhn/manager/api/system/searchByName HTTP/1.1" 200 151
172.16.3.7 - - [30/May/2026:00:25:33 +0200] "GET /rhn/manager/download/sle-module-devtools15-sp7-pool-x86_64/getPackage/NULL/6897117f6b619a7cb05a423a64ba8a3ffa40a16576c2e84585781205c55d6f2e/kiwi-boot-descriptions-1.2.0-2.51.x86_64.rpm?eyJhbGciOiJIUzI1NiJ9.eyJqdGkiOiJEby1nWTg3OVJ3dmFsVXpnNHFuS1h3IiwiZXhwIjoxODExNjI5NDMyLCJpYXQiOjE3ODAwOTM0MzIsIm5iZiI6MTc4MDA5MzMxMiwib3JnIjoxLCJvbmx5Q2hhbm5lbHMiOlsic2xlLW1vZHVsZS1kZXZ0b29sczE1LXNwNy1wb29sLXg4Nl82NCJdfQ.K5Rp_mARkwLaFg7-0hSYnbcQ3eLsNwCr7ethW2szvHc HTTP/1.1" 200 348928
172.16.3.7 - - [30/May/2026:00:25:33 +0200] "HEAD /rhn/manager/download/sle-module-devtools15-sp7-pool-x86_64/getPackage/NULL/6c26d47ddc7d3d11b1c20fe63aee583129bd751f3b3bafbee3c9f1906c8f055a/relaxngDatatype-2011.1-150200.10.4.4.noarch.rpm?eyJhbGciOiJIUzI1NiJ9.eyJqdGkiOiJEby1nWTg3OVJ3dmFsVXpnNHFuS1h3IiwiZXhwIjoxODExNjI5NDMyLCJpYXQiOjE3ODAwOTM0MzIsIm5iZiI6MTc4MDA5MzMxMiwib3JnIjoxLCJvbmx5Q2hhbm5lbHMiOlsic2xlLW1vZHVsZS1kZXZ0b29sczE1LXNwNy1wb29sLXg4Nl82NCJdfQ.K5Rp_mARkwLaFg7-0hSYnbcQ3eLsNwCr7ethW2szvHc HTTP/1.1" 200 -
172.16.3.5 - - [30/May/2026:00:25:33 +0200] "POST /rhn/manager/frontend-log HTTP/1.1" 200 42
