172.16.3.5 - - [03/Feb/2026:15:32:22 +0100] "POST /rhn/manager/api/auth/login HTTP/1.1" 200 16
172.16.3.5 - - [03/Feb/2026:15:32:22 +0100] "GET /rhn/manager/api/channel/software/getDetails?channelLabel=sle-module-desktop-applications15-sp7-pool-x86_64 HTTP/1.1" 200 1168
172.16.3.5 - - [03/Feb/2026:15:32:22 +0100] "GET /rhn/manager/api/auth/logout HTTP/1.1" 200 16
::1 - - [03/Feb/2026:15:32:29 +0100] "GET /rhn/manager/login HTTP/1.1" 302 -
172.16.3.5 - - [03/Feb/2026:15:32:32 +0100] "POST /rhn/manager/api/auth/login HTTP/1.1" 200 16
172.16.3.5 - - [03/Feb/2026:15:32:33 +0100] "GET /rhn/manager/api/channel/software/getDetails?channelLabel=sle-module-desktop-applications15-sp7-pool-x86_64 HTTP/1.1" 200 1168
172.16.3.5 - - [03/Feb/2026:15:32:33 +0100] "GET /rhn/manager/api/auth/logout HTTP/1.1" 200 16
172.16.3.5 - - [03/Feb/2026:15:32:43 +0100] "POST /rhn/manager/api/auth/login HTTP/1.1" 200 16
172.16.3.5 - - [03/Feb/2026:15:32:43 +0100] "GET /rhn/manager/api/channel/software/getDetails?channelLabel=sle-module-desktop-applications15-sp7-pool-x86_64 HTTP/1.1" 200 1168
172.16.3.5 - - [03/Feb/2026:15:32:43 +0100] "GET /rhn/manager/api/auth/logout HTTP/1.1" 200 16
172.16.3.5 - - [03/Feb/2026:15:32:53 +0100] "POST /rhn/manager/api/auth/login HTTP/1.1" 200 16
172.16.3.5 - - [03/Feb/2026:15:32:53 +0100] "GET /rhn/manager/api/channel/software/getDetails?channelLabel=sle-module-desktop-applications15-sp7-pool-x86_64 HTTP/1.1" 200 1168
172.16.3.5 - - [03/Feb/2026:15:32:53 +0100] "GET /rhn/manager/api/auth/logout HTTP/1.1" 200 16
172.16.3.5 - - [03/Feb/2026:15:33:04 +0100] "POST /rhn/manager/api/auth/login HTTP/1.1" 200 16
172.16.3.5 - - [03/Feb/2026:15:33:04 +0100] "GET /rhn/manager/api/channel/software/getDetails?channelLabel=sle-module-desktop-applications15-sp7-pool-x86_64 HTTP/1.1" 200 1168
172.16.3.5 - - [03/Feb/2026:15:33:04 +0100] "GET /rhn/manager/api/auth/logout HTTP/1.1" 200 16
172.16.3.5 - - [03/Feb/2026:15:33:14 +0100] "POST /rhn/manager/api/auth/login HTTP/1.1" 200 16
172.16.3.5 - - [03/Feb/2026:15:33:14 +0100] "GET /rhn/manager/api/channel/software/getDetails?channelLabel=sle-module-desktop-applications15-sp7-pool-x86_64 HTTP/1.1" 200 1168
172.16.3.5 - - [03/Feb/2026:15:33:14 +0100] "GET /rhn/manager/api/auth/logout HTTP/1.1" 200 16
172.16.3.5 - - [03/Feb/2026:15:33:15 +0100] "GET /rhn/manager/login HTTP/1.1" 302 -
172.16.3.5 - - [03/Feb/2026:15:33:15 +0100] "GET /rhn/YourRhn.do HTTP/1.1" 200 36325
172.16.3.5 - - [03/Feb/2026:15:33:15 +0100] "POST /rhn/manager/frontend-log HTTP/1.1" 401 749
172.16.3.5 - - [03/Feb/2026:15:33:15 +0100] "POST /rhn/ajax/subscription-warning HTTP/1.1" 200 -
172.16.3.5 - - [03/Feb/2026:15:33:15 +0100] "POST /rhn/ajax/critical-systems HTTP/1.1" 200 2025
172.16.3.5 - - [03/Feb/2026:15:33:15 +0100] "POST /rhn/ajax/inactive-systems HTTP/1.1" 200 540
172.16.3.5 - - [03/Feb/2026:15:33:15 +0100] "POST /rhn/ajax/tasks HTTP/1.1" 200 2232
127.0.0.1 - - [03/Feb/2026:15:33:15 +0100] "GET /rhn/websocket/notifications HTTP/1.1" 101 -
172.16.3.5 - - [03/Feb/2026:15:33:15 +0100] "POST /rhn/ajax/latest-errata HTTP/1.1" 200 539
172.16.3.5 - - [03/Feb/2026:15:33:16 +0100] "POST /rhn/ajax/pending-actions HTTP/1.1" 200 636
172.16.3.5 - - [03/Feb/2026:15:33:16 +0100] "POST /rhn/ajax/systems-groups HTTP/1.1" 200 1490
172.16.3.5 - - [03/Feb/2026:15:33:16 +0100] "POST /rhn/manager/frontend-log HTTP/1.1" 200 16
172.16.3.5 - - [03/Feb/2026:15:33:16 +0100] "POST /rhn/ajax/recent-systems HTTP/1.1" 200 2058
127.0.0.1 - - [03/Feb/2026:15:33:16 +0100] "GET /rhn/websocket/notifications HTTP/1.1" 101 -
172.16.3.5 - - [03/Feb/2026:15:33:16 +0100] "GET /rhn/manager/admin/setup/proxy HTTP/1.1" 200 34364
127.0.0.1 - - [03/Feb/2026:15:33:16 +0100] "GET /rhn/websocket/notifications HTTP/1.1" 101 -
172.16.3.5 - - [03/Feb/2026:15:33:16 +0100] "POST /rhn/manager/frontend-log HTTP/1.1" 200 16
172.16.3.5 - - [03/Feb/2026:15:33:16 +0100] "GET /rhn/manager/admin/setup/products HTTP/1.1" 200 34529
127.0.0.1 - - [03/Feb/2026:15:33:17 +0100] "GET /rhn/websocket/notifications HTTP/1.1" 101 -
172.16.3.5 - - [03/Feb/2026:15:33:17 +0100] "POST /rhn/manager/frontend-log HTTP/1.1" 200 16
172.16.3.5 - - [03/Feb/2026:15:33:17 +0100] "GET /rhn/manager/api/admin/products/metadata HTTP/1.1" 200 124
172.16.3.5 - - [03/Feb/2026:15:33:17 +0100] "GET /rhn/manager/api/admin/products HTTP/1.1" 200 31834
::1 - - [03/Feb/2026:15:33:32 +0100] "GET /rhn/manager/login HTTP/1.1" 302 -
172.16.3.5 - - [03/Feb/2026:15:33:59 +0100] "GET /rhn/manager/login HTTP/1.1" 302 -
172.16.3.5 - - [03/Feb/2026:15:33:59 +0100] "GET /rhn/YourRhn.do HTTP/1.1" 200 36325
172.16.3.5 - - [03/Feb/2026:15:33:59 +0100] "POST /rhn/manager/frontend-log HTTP/1.1" 200 16
172.16.3.5 - - [03/Feb/2026:15:34:00 +0100] "POST /rhn/ajax/inactive-systems HTTP/1.1" 200 540
127.0.0.1 - - [03/Feb/2026:15:34:00 +0100] "GET /rhn/websocket/notifications HTTP/1.1" 101 -
172.16.3.5 - - [03/Feb/2026:15:34:00 +0100] "POST /rhn/ajax/tasks HTTP/1.1" 200 2232
172.16.3.5 - - [03/Feb/2026:15:34:00 +0100] "POST /rhn/ajax/pending-actions HTTP/1.1" 200 636
172.16.3.5 - - [03/Feb/2026:15:34:00 +0100] "POST /rhn/ajax/subscription-warning HTTP/1.1" 200 -
172.16.3.5 - - [03/Feb/2026:15:34:00 +0100] "POST /rhn/ajax/critical-systems HTTP/1.1" 200 2025
172.16.3.5 - - [03/Feb/2026:15:34:00 +0100] "POST /rhn/ajax/latest-errata HTTP/1.1" 200 539
172.16.3.5 - - [03/Feb/2026:15:34:00 +0100] "POST /rhn/ajax/systems-groups HTTP/1.1" 200 1490
172.16.3.5 - - [03/Feb/2026:15:34:00 +0100] "POST /rhn/manager/frontend-log HTTP/1.1" 200 16
172.16.3.5 - - [03/Feb/2026:15:34:00 +0100] "POST /rhn/ajax/recent-systems HTTP/1.1" 200 2058
172.16.3.5 - - [03/Feb/2026:15:34:00 +0100] "GET /rhn/channels/manage/Manage.do HTTP/1.1" 200 41020
127.0.0.1 - - [03/Feb/2026:15:34:01 +0100] "GET /rhn/websocket/notifications HTTP/1.1" 101 -
172.16.3.5 - - [03/Feb/2026:15:34:01 +0100] "POST /rhn/manager/frontend-log HTTP/1.1" 200 16
172.16.3.5 - - [03/Feb/2026:15:34:01 +0100] "GET /rhn/channels/manage/Edit.do HTTP/1.1" 200 51857
127.0.0.1 - - [03/Feb/2026:15:34:01 +0100] "GET /rhn/websocket/notifications HTTP/1.1" 101 -
172.16.3.5 - - [03/Feb/2026:15:34:01 +0100] "POST /rhn/manager/frontend-log HTTP/1.1" 200 16
172.16.3.5 - - [03/Feb/2026:15:34:02 +0100] "POST /rhn/channels/manage/Edit.do HTTP/1.1" 302 -
172.16.3.5 - - [03/Feb/2026:15:34:02 +0100] "GET /rhn/channels/manage/Edit.do?cid=121 HTTP/1.1" 200 52411
172.16.3.5 - - [03/Feb/2026:15:34:02 +0100] "POST /rhn/manager/frontend-log HTTP/1.1" 200 16
127.0.0.1 - - [03/Feb/2026:15:34:02 +0100] "GET /rhn/websocket/notifications HTTP/1.1" 101 -
172.16.3.5 - - [03/Feb/2026:15:34:02 +0100] "POST /rhn/manager/frontend-log HTTP/1.1" 200 16
127.0.0.1 - - [03/Feb/2026:15:34:02 +0100] "GET /rhn/websocket/notifications HTTP/1.1" 101 -
172.16.3.5 - - [03/Feb/2026:15:34:02 +0100] "GET /rhn/channels/manage/Manage.do HTTP/1.1" 200 41504
172.16.3.5 - - [03/Feb/2026:15:34:03 +0100] "POST /rhn/manager/frontend-log HTTP/1.1" 200 16
127.0.0.1 - - [03/Feb/2026:15:34:03 +0100] "GET /rhn/websocket/notifications HTTP/1.1" 101 -
172.16.3.5 - - [03/Feb/2026:15:34:03 +0100] "GET /rhn/channels/manage/Edit.do HTTP/1.1" 200 52080
172.16.3.5 - - [03/Feb/2026:15:34:03 +0100] "POST /rhn/manager/frontend-log HTTP/1.1" 200 16
127.0.0.1 - - [03/Feb/2026:15:34:03 +0100] "GET /rhn/websocket/notifications HTTP/1.1" 101 -
172.16.3.5 - - [03/Feb/2026:15:34:04 +0100] "POST /rhn/channels/manage/Edit.do HTTP/1.1" 302 -
172.16.3.5 - - [03/Feb/2026:15:34:04 +0100] "GET /rhn/channels/manage/Edit.do?cid=122 HTTP/1.1" 200 52451
172.16.3.5 - - [03/Feb/2026:15:34:04 +0100] "POST /rhn/manager/frontend-log HTTP/1.1" 200 16
127.0.0.1 - - [03/Feb/2026:15:34:04 +0100] "GET /rhn/websocket/notifications HTTP/1.1" 101 -
172.16.3.5 - - [03/Feb/2026:15:34:04 +0100] "POST /rhn/manager/frontend-log HTTP/1.1" 200 16
127.0.0.1 - - [03/Feb/2026:15:34:04 +0100] "GET /rhn/websocket/notifications HTTP/1.1" 101 -
172.16.3.5 - - [03/Feb/2026:15:34:04 +0100] "GET /rhn/channels/manage/Manage.do HTTP/1.1" 200 42146
172.16.3.5 - - [03/Feb/2026:15:34:05 +0100] "POST /rhn/manager/frontend-log HTTP/1.1" 200 16
127.0.0.1 - - [03/Feb/2026:15:34:05 +0100] "GET /rhn/websocket/notifications HTTP/1.1" 101 -
172.16.3.5 - - [03/Feb/2026:15:34:05 +0100] "GET /rhn/channels/manage/Edit.do HTTP/1.1" 200 52080
127.0.0.1 - - [03/Feb/2026:15:34:05 +0100] "GET /rhn/websocket/notifications HTTP/1.1" 101 -
172.16.3.5 - - [03/Feb/2026:15:34:05 +0100] "POST /rhn/manager/frontend-log HTTP/1.1" 200 16
172.16.3.5 - - [03/Feb/2026:15:34:06 +0100] "POST /rhn/channels/manage/Edit.do HTTP/1.1" 302 -
172.16.3.5 - - [03/Feb/2026:15:34:06 +0100] "GET /rhn/channels/manage/Edit.do?cid=123 HTTP/1.1" 200 52432
172.16.3.5 - - [03/Feb/2026:15:34:06 +0100] "POST /rhn/manager/frontend-log HTTP/1.1" 200 16
127.0.0.1 - - [03/Feb/2026:15:34:06 +0100] "GET /rhn/websocket/notifications HTTP/1.1" 101 -
172.16.3.5 - - [03/Feb/2026:15:34:06 +0100] "POST /rhn/manager/frontend-log HTTP/1.1" 200 16
127.0.0.1 - - [03/Feb/2026:15:34:06 +0100] "GET /rhn/websocket/notifications HTTP/1.1" 101 -
172.16.3.5 - - [03/Feb/2026:15:34:06 +0100] "GET /rhn/channels/manage/Manage.do HTTP/1.1" 200 42780
172.16.3.5 - - [03/Feb/2026:15:34:07 +0100] "POST /rhn/manager/frontend-log HTTP/1.1" 200 16
127.0.0.1 - - [03/Feb/2026:15:34:07 +0100] "GET /rhn/websocket/notifications HTTP/1.1" 101 -
172.16.3.5 - - [03/Feb/2026:15:34:07 +0100] "GET /rhn/channels/manage/Edit.do HTTP/1.1" 200 52080
127.0.0.1 - - [03/Feb/2026:15:34:07 +0100] "GET /rhn/websocket/notifications HTTP/1.1" 101 -
172.16.3.5 - - [03/Feb/2026:15:34:07 +0100] "POST /rhn/manager/frontend-log HTTP/1.1" 200 16
172.16.3.5 - - [03/Feb/2026:15:34:08 +0100] "POST /rhn/channels/manage/Edit.do HTTP/1.1" 302 -
172.16.3.5 - - [03/Feb/2026:15:34:08 +0100] "GET /rhn/channels/manage/Edit.do?cid=124 HTTP/1.1" 200 52679
172.16.3.5 - - [03/Feb/2026:15:34:08 +0100] "POST /rhn/manager/frontend-log HTTP/1.1" 200 16
127.0.0.1 - - [03/Feb/2026:15:34:08 +0100] "GET /rhn/websocket/notifications HTTP/1.1" 101 -
172.16.3.5 - - [03/Feb/2026:15:34:08 +0100] "POST /rhn/manager/frontend-log HTTP/1.1" 200 16
127.0.0.1 - - [03/Feb/2026:15:34:08 +0100] "GET /rhn/websocket/notifications HTTP/1.1" 101 -
172.16.3.5 - - [03/Feb/2026:15:34:08 +0100] "GET /rhn/channels/manage/Manage.do HTTP/1.1" 200 43262
127.0.0.1 - - [03/Feb/2026:15:34:08 +0100] "GET /rhn/websocket/notifications HTTP/1.1" 101 -
172.16.3.5 - - [03/Feb/2026:15:34:08 +0100] "POST /rhn/manager/frontend-log HTTP/1.1" 200 16
172.16.3.5 - - [03/Feb/2026:15:34:09 +0100] "GET /rhn/channels/manage/Edit.do HTTP/1.1" 200 52412
127.0.0.1 - - [03/Feb/2026:15:34:09 +0100] "GET /rhn/websocket/notifications HTTP/1.1" 101 -
172.16.3.5 - - [03/Feb/2026:15:34:09 +0100] "POST /rhn/manager/frontend-log HTTP/1.1" 200 16
172.16.3.5 - - [03/Feb/2026:15:34:10 +0100] "POST /rhn/channels/manage/Edit.do HTTP/1.1" 302 -
172.16.3.5 - - [03/Feb/2026:15:34:10 +0100] "GET /rhn/channels/manage/Edit.do?cid=125 HTTP/1.1" 200 52701
172.16.3.5 - - [03/Feb/2026:15:34:10 +0100] "POST /rhn/manager/frontend-log HTTP/1.1" 200 16
127.0.0.1 - - [03/Feb/2026:15:34:10 +0100] "GET /rhn/websocket/notifications HTTP/1.1" 101 -
172.16.3.5 - - [03/Feb/2026:15:34:10 +0100] "POST /rhn/manager/frontend-log HTTP/1.1" 200 16
127.0.0.1 - - [03/Feb/2026:15:34:10 +0100] "GET /rhn/websocket/notifications HTTP/1.1" 101 -
172.16.3.5 - - [03/Feb/2026:15:34:10 +0100] "GET /rhn/channels/manage/Manage.do HTTP/1.1" 200 43898
127.0.0.1 - - [03/Feb/2026:15:34:11 +0100] "GET /rhn/websocket/notifications HTTP/1.1" 101 -
172.16.3.5 - - [03/Feb/2026:15:34:11 +0100] "POST /rhn/manager/frontend-log HTTP/1.1" 200 16
172.16.3.5 - - [03/Feb/2026:15:34:11 +0100] "GET /rhn/channels/manage/Edit.do HTTP/1.1" 200 52412
127.0.0.1 - - [03/Feb/2026:15:34:11 +0100] "GET /rhn/websocket/notifications HTTP/1.1" 101 -
172.16.3.5 - - [03/Feb/2026:15:34:11 +0100] "POST /rhn/manager/frontend-log HTTP/1.1" 200 16
172.16.3.5 - - [03/Feb/2026:15:34:12 +0100] "POST /rhn/channels/manage/Edit.do HTTP/1.1" 302 -
172.16.3.5 - - [03/Feb/2026:15:34:12 +0100] "GET /rhn/channels/manage/Edit.do?cid=126 HTTP/1.1" 200 52860
172.16.3.5 - - [03/Feb/2026:15:34:12 +0100] "POST /rhn/manager/frontend-log HTTP/1.1" 200 16
127.0.0.1 - - [03/Feb/2026:15:34:12 +0100] "GET /rhn/websocket/notifications HTTP/1.1" 101 -
172.16.3.5 - - [03/Feb/2026:15:34:12 +0100] "POST /rhn/manager/frontend-log HTTP/1.1" 200 16
127.0.0.1 - - [03/Feb/2026:15:34:12 +0100] "GET /rhn/websocket/notifications HTTP/1.1" 101 -
172.16.3.5 - - [03/Feb/2026:15:34:12 +0100] "GET /rhn/channels/manage/Manage.do HTTP/1.1" 200 44380
172.16.3.5 - - [03/Feb/2026:15:34:12 +0100] "POST /rhn/manager/frontend-log HTTP/1.1" 200 16
127.0.0.1 - - [03/Feb/2026:15:34:12 +0100] "GET /rhn/websocket/notifications HTTP/1.1" 101 -
172.16.3.5 - - [03/Feb/2026:15:34:13 +0100] "GET /rhn/channels/manage/Edit.do HTTP/1.1" 200 52632
127.0.0.1 - - [03/Feb/2026:15:34:13 +0100] "GET /rhn/websocket/notifications HTTP/1.1" 101 -
172.16.3.5 - - [03/Feb/2026:15:34:13 +0100] "POST /rhn/manager/frontend-log HTTP/1.1" 200 16
172.16.3.5 - - [03/Feb/2026:15:34:14 +0100] "POST /rhn/channels/manage/Edit.do HTTP/1.1" 302 -
172.16.3.5 - - [03/Feb/2026:15:34:14 +0100] "GET /rhn/channels/manage/Edit.do?cid=127 HTTP/1.1" 200 52902
172.16.3.5 - - [03/Feb/2026:15:34:14 +0100] "POST /rhn/manager/frontend-log HTTP/1.1" 200 16
127.0.0.1 - - [03/Feb/2026:15:34:14 +0100] "GET /rhn/websocket/notifications HTTP/1.1" 101 -
172.16.3.5 - - [03/Feb/2026:15:34:14 +0100] "POST /rhn/manager/frontend-log HTTP/1.1" 200 16
127.0.0.1 - - [03/Feb/2026:15:34:14 +0100] "GET /rhn/websocket/notifications HTTP/1.1" 101 -
172.16.3.5 - - [03/Feb/2026:15:34:14 +0100] "GET /rhn/channels/manage/Manage.do HTTP/1.1" 200 45018
127.0.0.1 - - [03/Feb/2026:15:34:14 +0100] "GET /rhn/websocket/notifications HTTP/1.1" 101 -
172.16.3.5 - - [03/Feb/2026:15:34:14 +0100] "POST /rhn/manager/frontend-log HTTP/1.1" 200 16
172.16.3.5 - - [03/Feb/2026:15:34:15 +0100] "GET /rhn/channels/manage/Edit.do HTTP/1.1" 200 52632
127.0.0.1 - - [03/Feb/2026:15:34:15 +0100] "GET /rhn/websocket/notifications HTTP/1.1" 101 -
172.16.3.5 - - [03/Feb/2026:15:34:15 +0100] "POST /rhn/manager/frontend-log HTTP/1.1" 200 16
172.16.3.5 - - [03/Feb/2026:15:34:26 +0100] "POST /rhn/channels/manage/Edit.do HTTP/1.1" 302 -
172.16.3.5 - - [03/Feb/2026:15:34:26 +0100] "GET /rhn/channels/manage/Edit.do?cid=128 HTTP/1.1" 200 53180
172.16.3.5 - - [03/Feb/2026:15:34:26 +0100] "POST /rhn/manager/frontend-log HTTP/1.1" 200 16
127.0.0.1 - - [03/Feb/2026:15:34:26 +0100] "GET /rhn/websocket/notifications HTTP/1.1" 101 -
172.16.3.5 - - [03/Feb/2026:15:34:26 +0100] "POST /rhn/manager/frontend-log HTTP/1.1" 200 16
127.0.0.1 - - [03/Feb/2026:15:34:26 +0100] "GET /rhn/websocket/notifications HTTP/1.1" 101 -
172.16.3.5 - - [03/Feb/2026:15:34:26 +0100] "GET /rhn/channels/manage/Manage.do HTTP/1.1" 200 45505
127.0.0.1 - - [03/Feb/2026:15:34:27 +0100] "GET /rhn/websocket/notifications HTTP/1.1" 101 -
172.16.3.5 - - [03/Feb/2026:15:34:27 +0100] "POST /rhn/manager/frontend-log HTTP/1.1" 200 16
172.16.3.5 - - [03/Feb/2026:15:34:27 +0100] "GET /rhn/channels/manage/Edit.do HTTP/1.1" 200 53044
127.0.0.1 - - [03/Feb/2026:15:34:27 +0100] "GET /rhn/websocket/notifications HTTP/1.1" 101 -
172.16.3.5 - - [03/Feb/2026:15:34:27 +0100] "POST /rhn/manager/frontend-log HTTP/1.1" 200 16
172.16.3.5 - - [03/Feb/2026:15:34:27 +0100] "POST /rhn/channels/manage/Edit.do HTTP/1.1" 302 -
172.16.3.5 - - [03/Feb/2026:15:34:28 +0100] "GET /rhn/channels/manage/Edit.do?cid=129 HTTP/1.1" 200 53375
172.16.3.5 - - [03/Feb/2026:15:34:28 +0100] "POST /rhn/manager/frontend-log HTTP/1.1" 200 16
127.0.0.1 - - [03/Feb/2026:15:34:28 +0100] "GET /rhn/websocket/notifications HTTP/1.1" 101 -
172.16.3.5 - - [03/Feb/2026:15:34:28 +0100] "POST /rhn/manager/frontend-log HTTP/1.1" 200 16
127.0.0.1 - - [03/Feb/2026:15:34:28 +0100] "GET /rhn/websocket/notifications HTTP/1.1" 101 -
172.16.3.5 - - [03/Feb/2026:15:34:28 +0100] "GET /rhn/channels/manage/Manage.do HTTP/1.1" 200 45987
127.0.0.1 - - [03/Feb/2026:15:34:28 +0100] "GET /rhn/websocket/notifications HTTP/1.1" 101 -
172.16.3.5 - - [03/Feb/2026:15:34:28 +0100] "POST /rhn/manager/frontend-log HTTP/1.1" 200 16
172.16.3.5 - - [03/Feb/2026:15:34:28 +0100] "GET /rhn/channels/manage/Edit.do HTTP/1.1" 200 53265
127.0.0.1 - - [03/Feb/2026:15:34:29 +0100] "GET /rhn/websocket/notifications HTTP/1.1" 101 -
172.16.3.5 - - [03/Feb/2026:15:34:29 +0100] "POST /rhn/manager/frontend-log HTTP/1.1" 200 16
172.16.3.5 - - [03/Feb/2026:15:34:29 +0100] "POST /rhn/channels/manage/Edit.do HTTP/1.1" 302 -
172.16.3.5 - - [03/Feb/2026:15:34:30 +0100] "GET /rhn/channels/manage/Edit.do?cid=130 HTTP/1.1" 200 53559
172.16.3.5 - - [03/Feb/2026:15:34:30 +0100] "POST /rhn/manager/frontend-log HTTP/1.1" 200 16
127.0.0.1 - - [03/Feb/2026:15:34:30 +0100] "GET /rhn/websocket/notifications HTTP/1.1" 101 -
172.16.3.5 - - [03/Feb/2026:15:34:30 +0100] "POST /rhn/manager/frontend-log HTTP/1.1" 200 16
127.0.0.1 - - [03/Feb/2026:15:34:30 +0100] "GET /rhn/websocket/notifications HTTP/1.1" 101 -
172.16.3.5 - - [03/Feb/2026:15:34:30 +0100] "GET /rhn/manager/login HTTP/1.1" 302 -
172.16.3.5 - - [03/Feb/2026:15:34:30 +0100] "GET /rhn/YourRhn.do HTTP/1.1" 200 36325
172.16.3.5 - - [03/Feb/2026:15:34:30 +0100] "POST /rhn/manager/frontend-log HTTP/1.1" 200 16
172.16.3.5 - - [03/Feb/2026:15:34:30 +0100] "POST /rhn/ajax/subscription-warning HTTP/1.1" 200 -
172.16.3.5 - - [03/Feb/2026:15:34:30 +0100] "POST /rhn/ajax/pending-actions HTTP/1.1" 200 636
172.16.3.5 - - [03/Feb/2026:15:34:31 +0100] "POST /rhn/ajax/latest-errata HTTP/1.1" 200 539
127.0.0.1 - - [03/Feb/2026:15:34:31 +0100] "GET /rhn/websocket/notifications HTTP/1.1" 101 -
172.16.3.5 - - [03/Feb/2026:15:34:31 +0100] "POST /rhn/ajax/inactive-systems HTTP/1.1" 200 540
172.16.3.5 - - [03/Feb/2026:15:34:31 +0100] "POST /rhn/ajax/critical-systems HTTP/1.1" 200 2025
172.16.3.5 - - [03/Feb/2026:15:34:31 +0100] "POST /rhn/ajax/tasks HTTP/1.1" 200 2232
172.16.3.5 - - [03/Feb/2026:15:34:31 +0100] "POST /rhn/ajax/recent-systems HTTP/1.1" 200 2058
172.16.3.5 - - [03/Feb/2026:15:34:31 +0100] "POST /rhn/ajax/systems-groups HTTP/1.1" 200 1490
172.16.3.5 - - [03/Feb/2026:15:34:31 +0100] "POST /rhn/manager/frontend-log HTTP/1.1" 200 16
172.16.3.5 - - [03/Feb/2026:15:34:31 +0100] "GET /rhn/channels/manage/repos/RepoList.do HTTP/1.1" 200 39819
127.0.0.1 - - [03/Feb/2026:15:34:31 +0100] "GET /rhn/websocket/notifications HTTP/1.1" 101 -
172.16.3.5 - - [03/Feb/2026:15:34:31 +0100] "POST /rhn/manager/frontend-log HTTP/1.1" 200 16
172.16.3.5 - - [03/Feb/2026:15:34:31 +0100] "GET /rhn/channels/manage/repos/RepoCreate.do HTTP/1.1" 200 39026
127.0.0.1 - - [03/Feb/2026:15:34:31 +0100] "GET /rhn/websocket/notifications HTTP/1.1" 101 -
172.16.3.5 - - [03/Feb/2026:15:34:32 +0100] "POST /rhn/manager/frontend-log HTTP/1.1" 200 16
172.16.3.5 - - [03/Feb/2026:15:34:32 +0100] "POST /rhn/channels/manage/repos/RepoCreate.do HTTP/1.1" 302 -
172.16.3.5 - - [03/Feb/2026:15:34:32 +0100] "GET /rhn/channels/manage/repos/RepoEdit.do?id=520 HTTP/1.1" 200 39674
172.16.3.5 - - [03/Feb/2026:15:34:32 +0100] "POST /rhn/manager/frontend-log HTTP/1.1" 200 16
127.0.0.1 - - [03/Feb/2026:15:34:32 +0100] "GET /rhn/websocket/notifications HTTP/1.1" 101 -
172.16.3.5 - - [03/Feb/2026:15:34:32 +0100] "POST /rhn/manager/frontend-log HTTP/1.1" 200 16
127.0.0.1 - - [03/Feb/2026:15:34:32 +0100] "GET /rhn/websocket/notifications HTTP/1.1" 101 -
172.16.3.5 - - [03/Feb/2026:15:34:32 +0100] "GET /rhn/channels/manage/repos/RepoList.do HTTP/1.1" 200 40180
127.0.0.1 - - [03/Feb/2026:15:34:33 +0100] "GET /rhn/websocket/notifications HTTP/1.1" 101 -
172.16.3.5 - - [03/Feb/2026:15:34:33 +0100] "POST /rhn/manager/frontend-log HTTP/1.1" 200 16
172.16.3.5 - - [03/Feb/2026:15:34:33 +0100] "GET /rhn/channels/manage/repos/RepoEdit.do?id=520 HTTP/1.1" 200 39583
127.0.0.1 - - [03/Feb/2026:15:34:33 +0100] "GET /rhn/websocket/notifications HTTP/1.1" 101 -
172.16.3.5 - - [03/Feb/2026:15:34:33 +0100] "POST /rhn/manager/frontend-log HTTP/1.1" 200 16
::1 - - [03/Feb/2026:15:34:35 +0100] "GET /rhn/manager/login HTTP/1.1" 302 -
172.16.3.5 - - [03/Feb/2026:15:34:43 +0100] "POST /rhn/channels/manage/repos/RepoEdit.do HTTP/1.1" 302 -
172.16.3.5 - - [03/Feb/2026:15:34:43 +0100] "GET /rhn/channels/manage/repos/RepoEdit.do?id=520 HTTP/1.1" 200 39656
172.16.3.5 - - [03/Feb/2026:15:34:43 +0100] "POST /rhn/manager/frontend-log HTTP/1.1" 200 16
127.0.0.1 - - [03/Feb/2026:15:34:43 +0100] "GET /rhn/websocket/notifications HTTP/1.1" 101 -
172.16.3.5 - - [03/Feb/2026:15:34:44 +0100] "POST /rhn/manager/frontend-log HTTP/1.1" 200 16
127.0.0.1 - - [03/Feb/2026:15:34:44 +0100] "GET /rhn/websocket/notifications HTTP/1.1" 101 -
172.16.3.5 - - [03/Feb/2026:15:34:44 +0100] "GET /rhn/channels/manage/repos/RepoList.do HTTP/1.1" 200 40180
172.16.3.5 - - [03/Feb/2026:15:34:44 +0100] "POST /rhn/manager/frontend-log HTTP/1.1" 200 16
127.0.0.1 - - [03/Feb/2026:15:34:44 +0100] "GET /rhn/websocket/notifications HTTP/1.1" 101 -
172.16.3.5 - - [03/Feb/2026:15:34:44 +0100] "GET /rhn/channels/manage/repos/RepoCreate.do HTTP/1.1" 200 39026
127.0.0.1 - - [03/Feb/2026:15:34:44 +0100] "GET /rhn/websocket/notifications HTTP/1.1" 101 -
172.16.3.5 - - [03/Feb/2026:15:34:44 +0100] "POST /rhn/manager/frontend-log HTTP/1.1" 200 16
172.16.3.5 - - [03/Feb/2026:15:34:44 +0100] "POST /rhn/channels/manage/repos/RepoCreate.do HTTP/1.1" 302 -
172.16.3.5 - - [03/Feb/2026:15:34:45 +0100] "GET /rhn/channels/manage/repos/RepoEdit.do?id=521 HTTP/1.1" 200 39685
172.16.3.5 - - [03/Feb/2026:15:34:45 +0100] "POST /rhn/manager/frontend-log HTTP/1.1" 200 16
127.0.0.1 - - [03/Feb/2026:15:34:45 +0100] "GET /rhn/websocket/notifications HTTP/1.1" 101 -
172.16.3.5 - - [03/Feb/2026:15:34:45 +0100] "POST /rhn/manager/frontend-log HTTP/1.1" 200 16
127.0.0.1 - - [03/Feb/2026:15:34:45 +0100] "GET /rhn/websocket/notifications HTTP/1.1" 101 -
172.16.3.5 - - [03/Feb/2026:15:34:45 +0100] "GET /rhn/channels/manage/repos/RepoList.do HTTP/1.1" 200 40546
127.0.0.1 - - [03/Feb/2026:15:34:45 +0100] "GET /rhn/websocket/notifications HTTP/1.1" 101 -
172.16.3.5 - - [03/Feb/2026:15:34:45 +0100] "POST /rhn/manager/frontend-log HTTP/1.1" 200 16
172.16.3.5 - - [03/Feb/2026:15:34:45 +0100] "GET /rhn/channels/manage/repos/RepoEdit.do?id=521 HTTP/1.1" 200 39594
127.0.0.1 - - [03/Feb/2026:15:34:45 +0100] "GET /rhn/websocket/notifications HTTP/1.1" 101 -
172.16.3.5 - - [03/Feb/2026:15:34:45 +0100] "POST /rhn/manager/frontend-log HTTP/1.1" 200 16
172.16.3.5 - - [03/Feb/2026:15:34:55 +0100] "POST /rhn/channels/manage/repos/RepoEdit.do HTTP/1.1" 302 -
172.16.3.5 - - [03/Feb/2026:15:34:56 +0100] "GET /rhn/channels/manage/repos/RepoEdit.do?id=521 HTTP/1.1" 200 39667
172.16.3.5 - - [03/Feb/2026:15:34:56 +0100] "POST /rhn/manager/frontend-log HTTP/1.1" 200 16
127.0.0.1 - - [03/Feb/2026:15:34:56 +0100] "GET /rhn/websocket/notifications HTTP/1.1" 101 -
172.16.3.5 - - [03/Feb/2026:15:34:56 +0100] "POST /rhn/manager/frontend-log HTTP/1.1" 200 16
127.0.0.1 - - [03/Feb/2026:15:34:56 +0100] "GET /rhn/websocket/notifications HTTP/1.1" 101 -
172.16.3.5 - - [03/Feb/2026:15:34:56 +0100] "GET /rhn/channels/manage/Manage.do HTTP/1.1" 200 46472
127.0.0.1 - - [03/Feb/2026:15:34:56 +0100] "GET /rhn/websocket/notifications HTTP/1.1" 101 -
172.16.3.5 - - [03/Feb/2026:15:34:56 +0100] "POST /rhn/manager/frontend-log HTTP/1.1" 200 16
172.16.3.5 - - [03/Feb/2026:15:34:57 +0100] "GET /rhn/channels/manage/Edit.do?cid=123 HTTP/1.1" 200 53443
127.0.0.1 - - [03/Feb/2026:15:34:57 +0100] "GET /rhn/websocket/notifications HTTP/1.1" 101 -
172.16.3.5 - - [03/Feb/2026:15:34:57 +0100] "POST /rhn/manager/frontend-log HTTP/1.1" 200 16
172.16.3.5 - - [03/Feb/2026:15:34:57 +0100] "POST /rhn/channels/manage/Edit.do HTTP/1.1" 302 -
172.16.3.5 - - [03/Feb/2026:15:34:57 +0100] "GET /rhn/channels/manage/Edit.do?cid=123 HTTP/1.1" 200 53617
172.16.3.5 - - [03/Feb/2026:15:34:58 +0100] "POST /rhn/manager/frontend-log HTTP/1.1" 200 16
127.0.0.1 - - [03/Feb/2026:15:34:58 +0100] "GET /rhn/websocket/notifications HTTP/1.1" 101 -
172.16.3.5 - - [03/Feb/2026:15:34:58 +0100] "POST /rhn/manager/frontend-log HTTP/1.1" 200 16
127.0.0.1 - - [03/Feb/2026:15:34:58 +0100] "GET /rhn/websocket/notifications HTTP/1.1" 101 -
172.16.3.5 - - [03/Feb/2026:15:34:58 +0100] "GET /rhn/channels/manage/Repositories.do?cid=123 HTTP/1.1" 200 44386
172.16.3.5 - - [03/Feb/2026:15:34:58 +0100] "POST /rhn/manager/frontend-log HTTP/1.1" 200 16
127.0.0.1 - - [03/Feb/2026:15:34:58 +0100] "GET /rhn/websocket/notifications HTTP/1.1" 101 -
172.16.3.5 - - [03/Feb/2026:15:34:58 +0100] "POST /rhn/ajax/item-selector HTTP/1.1" 200 35
172.16.3.5 - - [03/Feb/2026:15:34:58 +0100] "POST /rhn/channels/manage/Repositories.do?cid=123 HTTP/1.1" 302 -
172.16.3.5 - - [03/Feb/2026:15:34:59 +0100] "GET /rhn/channels/manage/Repositories.do?cid=123 HTTP/1.1" 200 44942
172.16.3.5 - - [03/Feb/2026:15:34:59 +0100] "POST /rhn/manager/frontend-log HTTP/1.1" 200 16
127.0.0.1 - - [03/Feb/2026:15:34:59 +0100] "GET /rhn/websocket/notifications HTTP/1.1" 101 -
172.16.3.5 - - [03/Feb/2026:15:34:59 +0100] "GET /rhn/channels/manage/Manage.do HTTP/1.1" 200 46472
127.0.0.1 - - [03/Feb/2026:15:34:59 +0100] "GET /rhn/websocket/notifications HTTP/1.1" 101 -
172.16.3.5 - - [03/Feb/2026:15:34:59 +0100] "POST /rhn/manager/frontend-log HTTP/1.1" 200 16
172.16.3.5 - - [03/Feb/2026:15:34:59 +0100] "GET /rhn/channels/manage/Edit.do?cid=127 HTTP/1.1" 200 53465
127.0.0.1 - - [03/Feb/2026:15:35:00 +0100] "GET /rhn/websocket/notifications HTTP/1.1" 101 -
172.16.3.5 - - [03/Feb/2026:15:35:00 +0100] "POST /rhn/manager/frontend-log HTTP/1.1" 200 16
172.16.3.5 - - [03/Feb/2026:15:35:00 +0100] "POST /rhn/channels/manage/Edit.do HTTP/1.1" 302 -
172.16.3.5 - - [03/Feb/2026:15:35:00 +0100] "GET /rhn/channels/manage/Edit.do?cid=127 HTTP/1.1" 200 53643
172.16.3.5 - - [03/Feb/2026:15:35:01 +0100] "POST /rhn/manager/frontend-log HTTP/1.1" 200 16
127.0.0.1 - - [03/Feb/2026:15:35:01 +0100] "GET /rhn/websocket/notifications HTTP/1.1" 101 -
172.16.3.5 - - [03/Feb/2026:15:35:01 +0100] "POST /rhn/manager/frontend-log HTTP/1.1" 200 16
127.0.0.1 - - [03/Feb/2026:15:35:01 +0100] "GET /rhn/websocket/notifications HTTP/1.1" 101 -
172.16.3.5 - - [03/Feb/2026:15:35:01 +0100] "GET /rhn/channels/manage/Repositories.do?cid=127 HTTP/1.1" 200 44390
127.0.0.1 - - [03/Feb/2026:15:35:01 +0100] "GET /rhn/websocket/notifications HTTP/1.1" 101 -
172.16.3.5 - - [03/Feb/2026:15:35:01 +0100] "POST /rhn/manager/frontend-log HTTP/1.1" 200 16
::1 - - [03/Feb/2026:15:35:01 +0100] "GET /rhn/errors/404.jsp HTTP/1.1" 404 4500
172.16.3.5 - - [03/Feb/2026:15:35:01 +0100] "POST /rhn/ajax/item-selector HTTP/1.1" 200 35
172.16.3.5 - - [03/Feb/2026:15:35:02 +0100] "POST /rhn/channels/manage/Repositories.do?cid=127 HTTP/1.1" 302 -
172.16.3.5 - - [03/Feb/2026:15:35:02 +0100] "GET /rhn/channels/manage/Repositories.do?cid=127 HTTP/1.1" 200 44950
172.16.3.5 - - [03/Feb/2026:15:35:02 +0100] "POST /rhn/manager/frontend-log HTTP/1.1" 200 16
127.0.0.1 - - [03/Feb/2026:15:35:02 +0100] "GET /rhn/websocket/notifications HTTP/1.1" 101 -
172.16.3.5 - - [03/Feb/2026:15:35:02 +0100] "GET /rhn/channels/manage/Manage.do HTTP/1.1" 200 46472
172.16.3.5 - - [03/Feb/2026:15:35:02 +0100] "POST /rhn/manager/frontend-log HTTP/1.1" 200 16
127.0.0.1 - - [03/Feb/2026:15:35:03 +0100] "GET /rhn/websocket/notifications HTTP/1.1" 101 -
172.16.3.5 - - [03/Feb/2026:15:35:03 +0100] "GET /rhn/channels/manage/Edit.do?cid=129 HTTP/1.1" 200 53421
127.0.0.1 - - [03/Feb/2026:15:35:03 +0100] "GET /rhn/websocket/notifications HTTP/1.1" 101 -
172.16.3.5 - - [03/Feb/2026:15:35:03 +0100] "POST /rhn/manager/frontend-log HTTP/1.1" 200 16
172.16.3.5 - - [03/Feb/2026:15:35:03 +0100] "POST /rhn/channels/manage/Edit.do HTTP/1.1" 302 -
::1 - - [03/Feb/2026:15:35:03 +0100] "GET /rhn/errors/404.jsp HTTP/1.1" 404 4500
172.16.3.5 - - [03/Feb/2026:15:35:04 +0100] "GET /rhn/channels/manage/Edit.do?cid=129 HTTP/1.1" 200 53599
172.16.3.5 - - [03/Feb/2026:15:35:04 +0100] "POST /rhn/manager/frontend-log HTTP/1.1" 200 16
127.0.0.1 - - [03/Feb/2026:15:35:04 +0100] "GET /rhn/websocket/notifications HTTP/1.1" 101 -
172.16.3.5 - - [03/Feb/2026:15:35:04 +0100] "POST /rhn/manager/frontend-log HTTP/1.1" 200 16
127.0.0.1 - - [03/Feb/2026:15:35:04 +0100] "GET /rhn/websocket/notifications HTTP/1.1" 101 -
172.16.3.5 - - [03/Feb/2026:15:35:04 +0100] "GET /rhn/channels/manage/Repositories.do?cid=129 HTTP/1.1" 200 44390
127.0.0.1 - - [03/Feb/2026:15:35:04 +0100] "GET /rhn/websocket/notifications HTTP/1.1" 101 -
172.16.3.5 - - [03/Feb/2026:15:35:04 +0100] "POST /rhn/manager/frontend-log HTTP/1.1" 200 16
172.16.3.5 - - [03/Feb/2026:15:35:04 +0100] "POST /rhn/ajax/item-selector HTTP/1.1" 200 35
172.16.3.5 - - [03/Feb/2026:15:35:05 +0100] "POST /rhn/channels/manage/Repositories.do?cid=129 HTTP/1.1" 302 -
172.16.3.5 - - [03/Feb/2026:15:35:05 +0100] "GET /rhn/channels/manage/Repositories.do?cid=129 HTTP/1.1" 200 44950
127.0.0.1 - - [03/Feb/2026:15:35:05 +0100] "GET /rhn/websocket/notifications HTTP/1.1" 101 -
172.16.3.5 - - [03/Feb/2026:15:35:05 +0100] "POST /rhn/manager/frontend-log HTTP/1.1" 200 16
172.16.3.5 - - [03/Feb/2026:15:35:06 +0100] "GET /rhn/channels/manage/Manage.do HTTP/1.1" 200 46473
127.0.0.1 - - [03/Feb/2026:15:35:06 +0100] "GET /rhn/websocket/notifications HTTP/1.1" 101 -
172.16.3.5 - - [03/Feb/2026:15:35:06 +0100] "POST /rhn/manager/frontend-log HTTP/1.1" 200 16
172.16.3.5 - - [03/Feb/2026:15:35:06 +0100] "GET /rhn/channels/manage/Edit.do?cid=130 HTTP/1.1" 200 53438
127.0.0.1 - - [03/Feb/2026:15:35:06 +0100] "GET /rhn/websocket/notifications HTTP/1.1" 101 -
172.16.3.5 - - [03/Feb/2026:15:35:06 +0100] "POST /rhn/manager/frontend-log HTTP/1.1" 200 16
172.16.3.5 - - [03/Feb/2026:15:35:06 +0100] "POST /rhn/channels/manage/Edit.do HTTP/1.1" 302 -
172.16.3.5 - - [03/Feb/2026:15:35:07 +0100] "GET /rhn/channels/manage/Edit.do?cid=130 HTTP/1.1" 200 53618
172.16.3.5 - - [03/Feb/2026:15:35:07 +0100] "POST /rhn/manager/frontend-log HTTP/1.1" 200 16
127.0.0.1 - - [03/Feb/2026:15:35:07 +0100] "GET /rhn/websocket/notifications HTTP/1.1" 101 -
172.16.3.5 - - [03/Feb/2026:15:35:07 +0100] "POST /rhn/manager/frontend-log HTTP/1.1" 200 16
127.0.0.1 - - [03/Feb/2026:15:35:07 +0100] "GET /rhn/websocket/notifications HTTP/1.1" 101 -
172.16.3.5 - - [03/Feb/2026:15:35:07 +0100] "GET /rhn/channels/manage/Repositories.do?cid=130 HTTP/1.1" 200 44392
127.0.0.1 - - [03/Feb/2026:15:35:07 +0100] "GET /rhn/websocket/notifications HTTP/1.1" 101 -
172.16.3.5 - - [03/Feb/2026:15:35:07 +0100] "POST /rhn/manager/frontend-log HTTP/1.1" 200 16
172.16.3.5 - - [03/Feb/2026:15:35:08 +0100] "POST /rhn/ajax/item-selector HTTP/1.1" 200 35
::1 - - [03/Feb/2026:15:35:08 +0100] "GET /rhn/errors/404.jsp HTTP/1.1" 404 4500
::1 - - [03/Feb/2026:15:35:08 +0100] "GET /rhn/errors/404.jsp HTTP/1.1" 404 4500
172.16.3.5 - - [03/Feb/2026:15:35:08 +0100] "POST /rhn/channels/manage/Repositories.do?cid=130 HTTP/1.1" 302 -
172.16.3.5 - - [03/Feb/2026:15:35:09 +0100] "GET /rhn/channels/manage/Repositories.do?cid=130 HTTP/1.1" 200 44954
172.16.3.5 - - [03/Feb/2026:15:35:09 +0100] "POST /rhn/manager/frontend-log HTTP/1.1" 200 16
127.0.0.1 - - [03/Feb/2026:15:35:09 +0100] "GET /rhn/websocket/notifications HTTP/1.1" 101 -
172.16.3.5 - - [03/Feb/2026:15:35:09 +0100] "GET /rhn/channels/manage/repos/RepoList.do HTTP/1.1" 200 40546
127.0.0.1 - - [03/Feb/2026:15:35:09 +0100] "GET /rhn/websocket/notifications HTTP/1.1" 101 -
172.16.3.5 - - [03/Feb/2026:15:35:09 +0100] "POST /rhn/manager/frontend-log HTTP/1.1" 200 16
172.16.3.5 - - [03/Feb/2026:15:35:09 +0100] "GET /rhn/channels/manage/repos/RepoCreate.do HTTP/1.1" 200 39026
127.0.0.1 - - [03/Feb/2026:15:35:09 +0100] "GET /rhn/websocket/notifications HTTP/1.1" 101 -
172.16.3.5 - - [03/Feb/2026:15:35:09 +0100] "POST /rhn/manager/frontend-log HTTP/1.1" 200 16
172.16.3.5 - - [03/Feb/2026:15:35:20 +0100] "POST /rhn/channels/manage/repos/RepoCreate.do HTTP/1.1" 302 -
172.16.3.5 - - [03/Feb/2026:15:35:20 +0100] "GET /rhn/channels/manage/repos/RepoEdit.do?id=522 HTTP/1.1" 200 39664
172.16.3.5 - - [03/Feb/2026:15:35:20 +0100] "POST /rhn/manager/frontend-log HTTP/1.1" 200 16
127.0.0.1 - - [03/Feb/2026:15:35:20 +0100] "GET /rhn/websocket/notifications HTTP/1.1" 101 -
172.16.3.5 - - [03/Feb/2026:15:35:20 +0100] "POST /rhn/manager/frontend-log HTTP/1.1" 200 16
127.0.0.1 - - [03/Feb/2026:15:35:20 +0100] "GET /rhn/websocket/notifications HTTP/1.1" 101 -
172.16.3.5 - - [03/Feb/2026:15:35:20 +0100] "GET /rhn/channels/manage/Manage.do HTTP/1.1" 200 46474
127.0.0.1 - - [03/Feb/2026:15:35:21 +0100] "GET /rhn/websocket/notifications HTTP/1.1" 101 -
172.16.3.5 - - [03/Feb/2026:15:35:21 +0100] "POST /rhn/manager/frontend-log HTTP/1.1" 200 16
172.16.3.5 - - [03/Feb/2026:15:35:21 +0100] "GET /rhn/channels/manage/Edit.do?cid=125 HTTP/1.1" 200 53431
127.0.0.1 - - [03/Feb/2026:15:35:21 +0100] "GET /rhn/websocket/notifications HTTP/1.1" 101 -
172.16.3.5 - - [03/Feb/2026:15:35:21 +0100] "POST /rhn/manager/frontend-log HTTP/1.1" 200 16
172.16.3.5 - - [03/Feb/2026:15:35:21 +0100] "POST /rhn/channels/manage/Edit.do HTTP/1.1" 302 -
172.16.3.5 - - [03/Feb/2026:15:35:21 +0100] "GET /rhn/channels/manage/Edit.do?cid=125 HTTP/1.1" 200 53607
172.16.3.5 - - [03/Feb/2026:15:35:22 +0100] "POST /rhn/manager/frontend-log HTTP/1.1" 200 16
127.0.0.1 - - [03/Feb/2026:15:35:22 +0100] "GET /rhn/websocket/notifications HTTP/1.1" 101 -
172.16.3.5 - - [03/Feb/2026:15:35:22 +0100] "POST /rhn/manager/frontend-log HTTP/1.1" 200 16
127.0.0.1 - - [03/Feb/2026:15:35:22 +0100] "GET /rhn/websocket/notifications HTTP/1.1" 101 -
172.16.3.5 - - [03/Feb/2026:15:35:22 +0100] "GET /rhn/channels/manage/Repositories.do?cid=125 HTTP/1.1" 200 45058
127.0.0.1 - - [03/Feb/2026:15:35:22 +0100] "GET /rhn/websocket/notifications HTTP/1.1" 101 -
172.16.3.5 - - [03/Feb/2026:15:35:22 +0100] "POST /rhn/manager/frontend-log HTTP/1.1" 200 16
172.16.3.5 - - [03/Feb/2026:15:35:22 +0100] "POST /rhn/ajax/item-selector HTTP/1.1" 200 35
172.16.3.5 - - [03/Feb/2026:15:35:22 +0100] "POST /rhn/channels/manage/Repositories.do?cid=125 HTTP/1.1" 302 -
172.16.3.5 - - [03/Feb/2026:15:35:23 +0100] "GET /rhn/channels/manage/Repositories.do?cid=125 HTTP/1.1" 200 45616
127.0.0.1 - - [03/Feb/2026:15:35:23 +0100] "GET /rhn/websocket/notifications HTTP/1.1" 101 -
172.16.3.5 - - [03/Feb/2026:15:35:23 +0100] "POST /rhn/manager/frontend-log HTTP/1.1" 200 16
172.16.3.5 - - [03/Feb/2026:15:35:23 +0100] "GET /rhn/channels/manage/Manage.do HTTP/1.1" 200 46474
172.16.3.5 - - [03/Feb/2026:15:35:23 +0100] "POST /rhn/manager/frontend-log HTTP/1.1" 200 16
127.0.0.1 - - [03/Feb/2026:15:35:23 +0100] "GET /rhn/websocket/notifications HTTP/1.1" 101 -
172.16.3.5 - - [03/Feb/2026:15:35:23 +0100] "GET /rhn/channels/manage/Edit.do?cid=122 HTTP/1.1" 200 53455
127.0.0.1 - - [03/Feb/2026:15:35:24 +0100] "GET /rhn/websocket/notifications HTTP/1.1" 101 -
172.16.3.5 - - [03/Feb/2026:15:35:24 +0100] "POST /rhn/manager/frontend-log HTTP/1.1" 200 16
172.16.3.5 - - [03/Feb/2026:15:35:24 +0100] "GET /rhn/channels/manage/Repositories.do?cid=122 HTTP/1.1" 200 45063
127.0.0.1 - - [03/Feb/2026:15:35:24 +0100] "GET /rhn/websocket/notifications HTTP/1.1" 101 -
172.16.3.5 - - [03/Feb/2026:15:35:24 +0100] "POST /rhn/manager/frontend-log HTTP/1.1" 200 16
172.16.3.5 - - [03/Feb/2026:15:35:24 +0100] "POST /rhn/ajax/item-selector HTTP/1.1" 200 35
172.16.3.5 - - [03/Feb/2026:15:35:25 +0100] "POST /rhn/channels/manage/Repositories.do?cid=122 HTTP/1.1" 302 -
172.16.3.5 - - [03/Feb/2026:15:35:25 +0100] "GET /rhn/channels/manage/Repositories.do?cid=122 HTTP/1.1" 200 45626
172.16.3.5 - - [03/Feb/2026:15:35:25 +0100] "POST /rhn/manager/frontend-log HTTP/1.1" 200 16
127.0.0.1 - - [03/Feb/2026:15:35:25 +0100] "GET /rhn/websocket/notifications HTTP/1.1" 101 -
172.16.3.5 - - [03/Feb/2026:15:35:25 +0100] "GET /rhn/channels/manage/repos/RepoList.do HTTP/1.1" 200 40908
172.16.3.5 - - [03/Feb/2026:15:35:25 +0100] "POST /rhn/manager/frontend-log HTTP/1.1" 200 16
127.0.0.1 - - [03/Feb/2026:15:35:25 +0100] "GET /rhn/websocket/notifications HTTP/1.1" 101 -
172.16.3.5 - - [03/Feb/2026:15:35:26 +0100] "GET /rhn/channels/manage/repos/RepoCreate.do HTTP/1.1" 200 39026
127.0.0.1 - - [03/Feb/2026:15:35:26 +0100] "GET /rhn/websocket/notifications HTTP/1.1" 101 -
172.16.3.5 - - [03/Feb/2026:15:35:26 +0100] "POST /rhn/manager/frontend-log HTTP/1.1" 200 16
172.16.3.5 - - [03/Feb/2026:15:35:26 +0100] "POST /rhn/channels/manage/repos/RepoCreate.do HTTP/1.1" 302 -
172.16.3.5 - - [03/Feb/2026:15:35:26 +0100] "GET /rhn/channels/manage/repos/RepoEdit.do?id=523 HTTP/1.1" 200 39680
172.16.3.5 - - [03/Feb/2026:15:35:26 +0100] "POST /rhn/manager/frontend-log HTTP/1.1" 200 16
127.0.0.1 - - [03/Feb/2026:15:35:26 +0100] "GET /rhn/websocket/notifications HTTP/1.1" 101 -
172.16.3.5 - - [03/Feb/2026:15:35:26 +0100] "POST /rhn/manager/frontend-log HTTP/1.1" 200 16
127.0.0.1 - - [03/Feb/2026:15:35:27 +0100] "GET /rhn/websocket/notifications HTTP/1.1" 101 -
172.16.3.5 - - [03/Feb/2026:15:35:27 +0100] "GET /rhn/channels/manage/Manage.do HTTP/1.1" 200 46475
127.0.0.1 - - [03/Feb/2026:15:35:27 +0100] "GET /rhn/websocket/notifications HTTP/1.1" 101 -
172.16.3.5 - - [03/Feb/2026:15:35:27 +0100] "POST /rhn/manager/frontend-log HTTP/1.1" 200 16
172.16.3.5 - - [03/Feb/2026:15:35:27 +0100] "GET /rhn/channels/manage/Edit.do?cid=128 HTTP/1.1" 200 53387
127.0.0.1 - - [03/Feb/2026:15:35:27 +0100] "GET /rhn/websocket/notifications HTTP/1.1" 101 -
172.16.3.5 - - [03/Feb/2026:15:35:27 +0100] "POST /rhn/manager/frontend-log HTTP/1.1" 200 16
172.16.3.5 - - [03/Feb/2026:15:35:27 +0100] "GET /rhn/channels/manage/Repositories.do?cid=128 HTTP/1.1" 200 45735
127.0.0.1 - - [03/Feb/2026:15:35:28 +0100] "GET /rhn/websocket/notifications HTTP/1.1" 101 -
172.16.3.5 - - [03/Feb/2026:15:35:28 +0100] "POST /rhn/manager/frontend-log HTTP/1.1" 200 16
172.16.3.5 - - [03/Feb/2026:15:35:28 +0100] "POST /rhn/ajax/item-selector HTTP/1.1" 200 35
172.16.3.5 - - [03/Feb/2026:15:35:28 +0100] "POST /rhn/channels/manage/Repositories.do?cid=128 HTTP/1.1" 302 -
172.16.3.5 - - [03/Feb/2026:15:35:28 +0100] "GET /rhn/channels/manage/Repositories.do?cid=128 HTTP/1.1" 200 46299
172.16.3.5 - - [03/Feb/2026:15:35:28 +0100] "POST /rhn/manager/frontend-log HTTP/1.1" 200 16
127.0.0.1 - - [03/Feb/2026:15:35:28 +0100] "GET /rhn/websocket/notifications HTTP/1.1" 101 -
172.16.3.5 - - [03/Feb/2026:15:35:29 +0100] "GET /rhn/manager/login HTTP/1.1" 302 -
172.16.3.5 - - [03/Feb/2026:15:35:29 +0100] "GET /rhn/YourRhn.do HTTP/1.1" 200 36325
::1 - - [03/Feb/2026:15:35:29 +0100] "GET /rhn/errors/404.jsp HTTP/1.1" 404 4500
172.16.3.5 - - [03/Feb/2026:15:35:29 +0100] "POST /rhn/manager/frontend-log HTTP/1.1" 200 16
::1 - - [03/Feb/2026:15:35:29 +0100] "GET /rhn/errors/404.jsp HTTP/1.1" 404 4500
::1 - - [03/Feb/2026:15:35:29 +0100] "GET /rhn/errors/404.jsp HTTP/1.1" 404 4500
::1 - - [03/Feb/2026:15:35:29 +0100] "GET /rhn/errors/404.jsp HTTP/1.1" 404 4500
127.0.0.1 - - [03/Feb/2026:15:35:29 +0100] "GET /rhn/websocket/notifications HTTP/1.1" 101 -
172.16.3.5 - - [03/Feb/2026:15:35:29 +0100] "POST /rhn/ajax/pending-actions HTTP/1.1" 200 636
172.16.3.5 - - [03/Feb/2026:15:35:29 +0100] "POST /rhn/ajax/critical-systems HTTP/1.1" 200 2025
172.16.3.5 - - [03/Feb/2026:15:35:29 +0100] "POST /rhn/ajax/inactive-systems HTTP/1.1" 200 540
172.16.3.5 - - [03/Feb/2026:15:35:29 +0100] "POST /rhn/ajax/subscription-warning HTTP/1.1" 200 -
172.16.3.5 - - [03/Feb/2026:15:35:29 +0100] "POST /rhn/ajax/latest-errata HTTP/1.1" 200 539
172.16.3.5 - - [03/Feb/2026:15:35:29 +0100] "POST /rhn/ajax/tasks HTTP/1.1" 200 2232
172.16.3.5 - - [03/Feb/2026:15:35:29 +0100] "POST /rhn/ajax/recent-systems HTTP/1.1" 200 2058
172.16.3.5 - - [03/Feb/2026:15:35:30 +0100] "POST /rhn/ajax/systems-groups HTTP/1.1" 200 1490
172.16.3.5 - - [03/Feb/2026:15:35:30 +0100] "GET /rhn/channels/manage/Manage.do HTTP/1.1" 200 46475
172.16.3.5 - - [03/Feb/2026:15:35:30 +0100] "POST /rhn/manager/frontend-log HTTP/1.1" 200 16
127.0.0.1 - - [03/Feb/2026:15:35:30 +0100] "GET /rhn/websocket/notifications HTTP/1.1" 101 -
172.16.3.5 - - [03/Feb/2026:15:35:30 +0100] "POST /rhn/manager/frontend-log HTTP/1.1" 200 16
172.16.3.5 - - [03/Feb/2026:15:35:30 +0100] "GET /rhn/channels/manage/Edit.do HTTP/1.1" 200 53488
127.0.0.1 - - [03/Feb/2026:15:35:30 +0100] "GET /rhn/websocket/notifications HTTP/1.1" 101 -
172.16.3.5 - - [03/Feb/2026:15:35:30 +0100] "POST /rhn/manager/frontend-log HTTP/1.1" 200 16
172.16.3.5 - - [03/Feb/2026:15:35:31 +0100] "POST /rhn/channels/manage/Edit.do HTTP/1.1" 302 -
172.16.3.5 - - [03/Feb/2026:15:35:31 +0100] "GET /rhn/channels/manage/Edit.do?cid=131 HTTP/1.1" 200 53548
172.16.3.5 - - [03/Feb/2026:15:35:31 +0100] "POST /rhn/manager/frontend-log HTTP/1.1" 200 16
127.0.0.1 - - [03/Feb/2026:15:35:31 +0100] "GET /rhn/websocket/notifications HTTP/1.1" 101 -
172.16.3.5 - - [03/Feb/2026:15:35:32 +0100] "POST /rhn/manager/frontend-log HTTP/1.1" 200 16
127.0.0.1 - - [03/Feb/2026:15:35:32 +0100] "GET /rhn/websocket/notifications HTTP/1.1" 101 -
::1 - - [03/Feb/2026:15:35:34 +0100] "GET /rhn/errors/404.jsp HTTP/1.1" 404 4500
::1 - - [03/Feb/2026:15:35:34 +0100] "GET /rhn/errors/404.jsp HTTP/1.1" 404 4500
172.16.3.5 - - [03/Feb/2026:15:35:36 +0100] "POST /rhn/manager/api/auth/login HTTP/1.1" 200 16
172.16.3.5 - - [03/Feb/2026:15:35:36 +0100] "GET /rhn/manager/api/channel/software/listUserRepos HTTP/1.1" 200 1435
172.16.3.5 - - [03/Feb/2026:15:35:37 +0100] "GET /rhn/manager/api/auth/logout HTTP/1.1" 200 16
172.16.3.5 - - [03/Feb/2026:15:35:37 +0100] "POST /rhn/manager/api/auth/login HTTP/1.1" 200 16
172.16.3.5 - - [03/Feb/2026:15:35:37 +0100] "POST /rhn/manager/api/channel/software/createRepo HTTP/1.1" 200 314
172.16.3.5 - - [03/Feb/2026:15:35:37 +0100] "GET /rhn/manager/api/auth/logout HTTP/1.1" 200 16
172.16.3.5 - - [03/Feb/2026:15:35:37 +0100] "POST /rhn/manager/api/auth/login HTTP/1.1" 200 16
172.16.3.5 - - [03/Feb/2026:15:35:37 +0100] "POST /rhn/manager/api/channel/software/associateRepo HTTP/1.1" 200 895
172.16.3.5 - - [03/Feb/2026:15:35:37 +0100] "GET /rhn/manager/api/auth/logout HTTP/1.1" 200 16
172.16.3.5 - - [03/Feb/2026:15:35:37 +0100] "POST /rhn/manager/api/auth/login HTTP/1.1" 200 16
172.16.3.5 - - [03/Feb/2026:15:35:38 +0100] "GET /rhn/manager/api/channel/software/listUserRepos HTTP/1.1" 200 1662
::1 - - [03/Feb/2026:15:35:38 +0100] "GET /rhn/manager/login HTTP/1.1" 302 -
172.16.3.5 - - [03/Feb/2026:15:35:38 +0100] "GET /rhn/manager/api/auth/logout HTTP/1.1" 200 16
172.16.3.5 - - [03/Feb/2026:15:35:38 +0100] "POST /rhn/manager/api/auth/login HTTP/1.1" 200 16
172.16.3.5 - - [03/Feb/2026:15:35:38 +0100] "POST /rhn/manager/api/channel/software/createRepo HTTP/1.1" 200 276
172.16.3.5 - - [03/Feb/2026:15:35:38 +0100] "GET /rhn/manager/api/auth/logout HTTP/1.1" 200 16
172.16.3.5 - - [03/Feb/2026:15:35:38 +0100] "POST /rhn/manager/api/auth/login HTTP/1.1" 200 16
172.16.3.5 - - [03/Feb/2026:15:35:38 +0100] "POST /rhn/manager/api/channel/software/associateRepo HTTP/1.1" 200 1146
172.16.3.5 - - [03/Feb/2026:15:35:38 +0100] "GET /rhn/manager/api/auth/logout HTTP/1.1" 200 16
172.16.3.5 - - [03/Feb/2026:15:35:39 +0100] "GET /rhn/channels/manage/Manage.do HTTP/1.1" 200 47107
127.0.0.1 - - [03/Feb/2026:15:35:39 +0100] "GET /rhn/websocket/notifications HTTP/1.1" 101 -
172.16.3.5 - - [03/Feb/2026:15:35:39 +0100] "POST /rhn/manager/frontend-log HTTP/1.1" 200 16
172.16.3.5 - - [03/Feb/2026:15:35:39 +0100] "GET /rhn/channels/manage/Edit.do HTTP/1.1" 200 53488
172.16.3.5 - - [03/Feb/2026:15:35:39 +0100] "POST /rhn/manager/frontend-log HTTP/1.1" 200 16
127.0.0.1 - - [03/Feb/2026:15:35:39 +0100] "GET /rhn/websocket/notifications HTTP/1.1" 101 -
172.16.3.5 - - [03/Feb/2026:15:35:40 +0100] "POST /rhn/channels/manage/Edit.do HTTP/1.1" 302 -
172.16.3.5 - - [03/Feb/2026:15:35:40 +0100] "GET /rhn/channels/manage/Edit.do?cid=132 HTTP/1.1" 200 53594
172.16.3.5 - - [03/Feb/2026:15:35:40 +0100] "POST /rhn/manager/frontend-log HTTP/1.1" 200 16
127.0.0.1 - - [03/Feb/2026:15:35:40 +0100] "GET /rhn/websocket/notifications HTTP/1.1" 101 -
172.16.3.5 - - [03/Feb/2026:15:35:41 +0100] "POST /rhn/manager/frontend-log HTTP/1.1" 200 16
127.0.0.1 - - [03/Feb/2026:15:35:41 +0100] "GET /rhn/websocket/notifications HTTP/1.1" 101 -
::1 - - [03/Feb/2026:15:35:41 +0100] "GET /rhn/errors/404.jsp HTTP/1.1" 404 4500
::1 - - [03/Feb/2026:15:35:42 +0100] "GET /rhn/errors/404.jsp HTTP/1.1" 404 4500
172.16.3.5 - - [03/Feb/2026:15:35:43 +0100] "POST /rhn/manager/api/auth/login HTTP/1.1" 200 16
172.16.3.5 - - [03/Feb/2026:15:35:43 +0100] "GET /rhn/manager/api/channel/software/listUserRepos HTTP/1.1" 200 1851
172.16.3.5 - - [03/Feb/2026:15:35:43 +0100] "GET /rhn/manager/api/auth/logout HTTP/1.1" 200 16
172.16.3.5 - - [03/Feb/2026:15:35:43 +0100] "POST /rhn/manager/api/auth/login HTTP/1.1" 200 16
172.16.3.5 - - [03/Feb/2026:15:35:44 +0100] "POST /rhn/manager/api/channel/software/associateRepo HTTP/1.1" 200 883
172.16.3.5 - - [03/Feb/2026:15:35:44 +0100] "GET /rhn/manager/api/auth/logout HTTP/1.1" 200 16
172.16.3.5 - - [03/Feb/2026:15:35:44 +0100] "POST /rhn/manager/api/auth/login HTTP/1.1" 200 16
172.16.3.5 - - [03/Feb/2026:15:35:44 +0100] "GET /rhn/manager/api/channel/software/listUserRepos HTTP/1.1" 200 1851
172.16.3.5 - - [03/Feb/2026:15:35:44 +0100] "GET /rhn/manager/api/auth/logout HTTP/1.1" 200 16
172.16.3.5 - - [03/Feb/2026:15:35:44 +0100] "POST /rhn/manager/api/auth/login HTTP/1.1" 200 16
172.16.3.5 - - [03/Feb/2026:15:35:44 +0100] "POST /rhn/manager/api/channel/software/associateRepo HTTP/1.1" 200 883
172.16.3.5 - - [03/Feb/2026:15:35:44 +0100] "GET /rhn/manager/api/auth/logout HTTP/1.1" 200 16
172.16.3.5 - - [03/Feb/2026:15:35:45 +0100] "GET /rhn/channels/manage/Manage.do HTTP/1.1" 200 47745
127.0.0.1 - - [03/Feb/2026:15:35:45 +0100] "GET /rhn/websocket/notifications HTTP/1.1" 101 -
172.16.3.5 - - [03/Feb/2026:15:35:45 +0100] "POST /rhn/manager/frontend-log HTTP/1.1" 200 16
172.16.3.5 - - [03/Feb/2026:15:35:45 +0100] "GET /rhn/channels/manage/Edit.do HTTP/1.1" 200 53488
127.0.0.1 - - [03/Feb/2026:15:35:45 +0100] "GET /rhn/websocket/notifications HTTP/1.1" 101 -
172.16.3.5 - - [03/Feb/2026:15:35:45 +0100] "POST /rhn/manager/frontend-log HTTP/1.1" 200 16
172.16.3.5 - - [03/Feb/2026:15:35:46 +0100] "POST /rhn/channels/manage/Edit.do HTTP/1.1" 302 -
172.16.3.5 - - [03/Feb/2026:15:35:46 +0100] "GET /rhn/channels/manage/Edit.do?cid=133 HTTP/1.1" 200 53606
172.16.3.5 - - [03/Feb/2026:15:35:46 +0100] "POST /rhn/manager/frontend-log HTTP/1.1" 200 16
127.0.0.1 - - [03/Feb/2026:15:35:46 +0100] "GET /rhn/websocket/notifications HTTP/1.1" 101 -
172.16.3.5 - - [03/Feb/2026:15:35:46 +0100] "POST /rhn/manager/frontend-log HTTP/1.1" 200 16
127.0.0.1 - - [03/Feb/2026:15:35:47 +0100] "GET /rhn/websocket/notifications HTTP/1.1" 101 -
172.16.3.5 - - [03/Feb/2026:15:35:51 +0100] "POST /rhn/manager/api/auth/login HTTP/1.1" 200 16
172.16.3.5 - - [03/Feb/2026:15:35:51 +0100] "GET /rhn/manager/api/channel/software/listUserRepos HTTP/1.1" 200 1851
172.16.3.5 - - [03/Feb/2026:15:35:51 +0100] "GET /rhn/manager/api/auth/logout HTTP/1.1" 200 16
172.16.3.5 - - [03/Feb/2026:15:35:51 +0100] "POST /rhn/manager/api/auth/login HTTP/1.1" 200 16
172.16.3.5 - - [03/Feb/2026:15:35:52 +0100] "POST /rhn/manager/api/channel/software/associateRepo HTTP/1.1" 200 888
172.16.3.5 - - [03/Feb/2026:15:35:52 +0100] "GET /rhn/manager/api/auth/logout HTTP/1.1" 200 16
172.16.3.5 - - [03/Feb/2026:15:35:52 +0100] "POST /rhn/manager/api/auth/login HTTP/1.1" 200 16
172.16.3.5 - - [03/Feb/2026:15:35:52 +0100] "GET /rhn/manager/api/channel/software/listUserRepos HTTP/1.1" 200 1851
172.16.3.5 - - [03/Feb/2026:15:35:52 +0100] "GET /rhn/manager/api/auth/logout HTTP/1.1" 200 16
172.16.3.5 - - [03/Feb/2026:15:35:52 +0100] "POST /rhn/manager/api/auth/login HTTP/1.1" 200 16
172.16.3.5 - - [03/Feb/2026:15:35:52 +0100] "POST /rhn/manager/api/channel/software/createRepo HTTP/1.1" 200 303
172.16.3.5 - - [03/Feb/2026:15:35:52 +0100] "GET /rhn/manager/api/auth/logout HTTP/1.1" 200 16
172.16.3.5 - - [03/Feb/2026:15:35:52 +0100] "POST /rhn/manager/api/auth/login HTTP/1.1" 200 16
172.16.3.5 - - [03/Feb/2026:15:35:53 +0100] "POST /rhn/manager/api/channel/software/associateRepo HTTP/1.1" 200 1166
172.16.3.5 - - [03/Feb/2026:15:35:53 +0100] "GET /rhn/manager/api/auth/logout HTTP/1.1" 200 16
172.16.3.5 - - [03/Feb/2026:15:35:53 +0100] "POST /rhn/manager/api/auth/login HTTP/1.1" 200 16
172.16.3.5 - - [03/Feb/2026:15:35:53 +0100] "GET /rhn/manager/api/channel/software/listUserRepos HTTP/1.1" 200 2067
172.16.3.5 - - [03/Feb/2026:15:35:53 +0100] "GET /rhn/manager/api/auth/logout HTTP/1.1" 200 16
172.16.3.5 - - [03/Feb/2026:15:35:53 +0100] "POST /rhn/manager/api/auth/login HTTP/1.1" 200 16
172.16.3.5 - - [03/Feb/2026:15:35:53 +0100] "POST /rhn/manager/api/channel/software/associateRepo HTTP/1.1" 200 1166
172.16.3.5 - - [03/Feb/2026:15:35:53 +0100] "GET /rhn/manager/api/auth/logout HTTP/1.1" 200 16
172.16.3.5 - - [03/Feb/2026:15:35:54 +0100] "GET /rhn/channels/manage/Manage.do HTTP/1.1" 200 48383
127.0.0.1 - - [03/Feb/2026:15:35:54 +0100] "GET /rhn/websocket/notifications HTTP/1.1" 101 -
172.16.3.5 - - [03/Feb/2026:15:35:54 +0100] "POST /rhn/manager/frontend-log HTTP/1.1" 200 16
172.16.3.5 - - [03/Feb/2026:15:35:54 +0100] "GET /rhn/channels/manage/Edit.do HTTP/1.1" 200 53488
127.0.0.1 - - [03/Feb/2026:15:35:54 +0100] "GET /rhn/websocket/notifications HTTP/1.1" 101 -
172.16.3.5 - - [03/Feb/2026:15:35:54 +0100] "POST /rhn/manager/frontend-log HTTP/1.1" 200 16
172.16.3.5 - - [03/Feb/2026:15:35:55 +0100] "POST /rhn/channels/manage/Edit.do HTTP/1.1" 302 -
172.16.3.5 - - [03/Feb/2026:15:35:55 +0100] "GET /rhn/channels/manage/Edit.do?cid=134 HTTP/1.1" 200 53563
172.16.3.5 - - [03/Feb/2026:15:35:55 +0100] "POST /rhn/manager/frontend-log HTTP/1.1" 200 16
127.0.0.1 - - [03/Feb/2026:15:35:55 +0100] "GET /rhn/websocket/notifications HTTP/1.1" 101 -
172.16.3.5 - - [03/Feb/2026:15:35:55 +0100] "POST /rhn/manager/frontend-log HTTP/1.1" 200 16
127.0.0.1 - - [03/Feb/2026:15:35:56 +0100] "GET /rhn/websocket/notifications HTTP/1.1" 101 -
