172.16.3.7 - - [03/Feb/2026:13:58:11 +0100] "GET /rhn/manager/download/sle-module-systems-management-15-sp7-updates-x86_64/repodata/d5f6b008a81b8075b8acc41cf9566e35ef6d5cd82384b41313b4eb0e7aa0bcbd-updateinfo.xml.gz?eyJhbGciOiJIUzI1NiJ9.eyJqdGkiOiJxNEQ2YlZOTVZqVWxFeXJwbFJUbzFBIiwiZXhwIjoxODAxNjU5NDIzLCJpYXQiOjE3NzAxMjM0MjMsIm5iZiI6MTc3MDEyMzMwMywib3JnIjoxLCJvbmx5Q2hhbm5lbHMiOlsic2xlLW1vZHVsZS1zeXN0ZW1zLW1hbmFnZW1lbnQtMTUtc3A3LXVwZGF0ZXMteDg2XzY0Il19.OIcAQ6ubKgLIB1_pTvq-ziiu51ecOHvj_UF9lnENx4E HTTP/1.1" 304 -
172.16.3.5 - - [03/Feb/2026:13:58:11 +0100] "POST /rhn/manager/frontend-log HTTP/1.1" 200 42
172.16.3.7 - - [03/Feb/2026:13:58:11 +0100] "HEAD /rhn/manager/download/sle-product-sles15-sp7-updates-x86_64/repodata/repomd.xml?eyJhbGciOiJIUzI1NiJ9.eyJqdGkiOiJjemlQXzlUZGpaMFozaVZDRkNpbXp3IiwiZXhwIjoxODAxNjU5NDIzLCJpYXQiOjE3NzAxMjM0MjMsIm5iZiI6MTc3MDEyMzMwMywib3JnIjoxLCJvbmx5Q2hhbm5lbHMiOlsic2xlLXByb2R1Y3Qtc2xlczE1LXNwNy11cGRhdGVzLXg4Nl82NCJdfQ.SczZBCTbi9tsC870YTsCGKzWgvkPmdN7xQIC8gAZ_vI HTTP/1.1" 200 -
172.16.3.7 - - [03/Feb/2026:13:58:11 +0100] "HEAD /rhn/manager/download/sle-product-sles15-sp7-updates-x86_64/media.1/media?eyJhbGciOiJIUzI1NiJ9.eyJqdGkiOiJjemlQXzlUZGpaMFozaVZDRkNpbXp3IiwiZXhwIjoxODAxNjU5NDIzLCJpYXQiOjE3NzAxMjM0MjMsIm5iZiI6MTc3MDEyMzMwMywib3JnIjoxLCJvbmx5Q2hhbm5lbHMiOlsic2xlLXByb2R1Y3Qtc2xlczE1LXNwNy11cGRhdGVzLXg4Nl82NCJdfQ.SczZBCTbi9tsC870YTsCGKzWgvkPmdN7xQIC8gAZ_vI HTTP/1.1" 404 -
172.16.3.7 - - [03/Feb/2026:13:58:11 +0100] "HEAD /rhn/manager/download/sle-product-sles15-sp7-updates-x86_64/repodata/repomd.xml?eyJhbGciOiJIUzI1NiJ9.eyJqdGkiOiJjemlQXzlUZGpaMFozaVZDRkNpbXp3IiwiZXhwIjoxODAxNjU5NDIzLCJpYXQiOjE3NzAxMjM0MjMsIm5iZiI6MTc3MDEyMzMwMywib3JnIjoxLCJvbmx5Q2hhbm5lbHMiOlsic2xlLXByb2R1Y3Qtc2xlczE1LXNwNy11cGRhdGVzLXg4Nl82NCJdfQ.SczZBCTbi9tsC870YTsCGKzWgvkPmdN7xQIC8gAZ_vI HTTP/1.1" 200 -
172.16.3.7 - - [03/Feb/2026:13:58:11 +0100] "GET /rhn/manager/download/sle-product-sles15-sp7-updates-x86_64/repodata/repomd.xml?eyJhbGciOiJIUzI1NiJ9.eyJqdGkiOiJjemlQXzlUZGpaMFozaVZDRkNpbXp3IiwiZXhwIjoxODAxNjU5NDIzLCJpYXQiOjE3NzAxMjM0MjMsIm5iZiI6MTc3MDEyMzMwMywib3JnIjoxLCJvbmx5Q2hhbm5lbHMiOlsic2xlLXByb2R1Y3Qtc2xlczE1LXNwNy11cGRhdGVzLXg4Nl82NCJdfQ.SczZBCTbi9tsC870YTsCGKzWgvkPmdN7xQIC8gAZ_vI HTTP/1.1" 304 -
172.16.3.5 - - [03/Feb/2026:13:58:11 +0100] "GET /rhn/manager/systems/list/all HTTP/1.1" 200 5261
172.16.3.5 - - [03/Feb/2026:13:57:57 +0100] "GET /rhn/websocket/notifications HTTP/1.1" 101 -
172.16.3.7 - - [03/Feb/2026:13:58:11 +0100] "HEAD /rhn/manager/download/sle-product-sles15-sp7-updates-x86_64/repodata/repomd.xml.asc?eyJhbGciOiJIUzI1NiJ9.eyJqdGkiOiJjemlQXzlUZGpaMFozaVZDRkNpbXp3IiwiZXhwIjoxODAxNjU5NDIzLCJpYXQiOjE3NzAxMjM0MjMsIm5iZiI6MTc3MDEyMzMwMywib3JnIjoxLCJvbmx5Q2hhbm5lbHMiOlsic2xlLXByb2R1Y3Qtc2xlczE1LXNwNy11cGRhdGVzLXg4Nl82NCJdfQ.SczZBCTbi9tsC870YTsCGKzWgvkPmdN7xQIC8gAZ_vI HTTP/1.1" 404 -
172.16.3.7 - - [03/Feb/2026:13:58:11 +0100] "HEAD /rhn/manager/download/sle-product-sles15-sp7-updates-x86_64/repodata/b83109a2ce58be72fff82032c8d0009a2480b9107f553bfb85c5670d6eaa7aef-primary.xml.gz?eyJhbGciOiJIUzI1NiJ9.eyJqdGkiOiJjemlQXzlUZGpaMFozaVZDRkNpbXp3IiwiZXhwIjoxODAxNjU5NDIzLCJpYXQiOjE3NzAxMjM0MjMsIm5iZiI6MTc3MDEyMzMwMywib3JnIjoxLCJvbmx5Q2hhbm5lbHMiOlsic2xlLXByb2R1Y3Qtc2xlczE1LXNwNy11cGRhdGVzLXg4Nl82NCJdfQ.SczZBCTbi9tsC870YTsCGKzWgvkPmdN7xQIC8gAZ_vI HTTP/1.1" 200 -
172.16.3.7 - - [03/Feb/2026:13:58:11 +0100] "GET /rhn/manager/download/sle-product-sles15-sp7-updates-x86_64/repodata/b83109a2ce58be72fff82032c8d0009a2480b9107f553bfb85c5670d6eaa7aef-primary.xml.gz?eyJhbGciOiJIUzI1NiJ9.eyJqdGkiOiJjemlQXzlUZGpaMFozaVZDRkNpbXp3IiwiZXhwIjoxODAxNjU5NDIzLCJpYXQiOjE3NzAxMjM0MjMsIm5iZiI6MTc3MDEyMzMwMywib3JnIjoxLCJvbmx5Q2hhbm5lbHMiOlsic2xlLXByb2R1Y3Qtc2xlczE1LXNwNy11cGRhdGVzLXg4Nl82NCJdfQ.SczZBCTbi9tsC870YTsCGKzWgvkPmdN7xQIC8gAZ_vI HTTP/1.1" 304 -
172.16.3.7 - - [03/Feb/2026:13:58:11 +0100] "HEAD /rhn/manager/download/sle-product-sles15-sp7-updates-x86_64/repodata/e19d9f529dfe864d1f94ec942cfd14b9029745b58cf991409428bc3c9a278f9b-susedata.xml.gz?eyJhbGciOiJIUzI1NiJ9.eyJqdGkiOiJjemlQXzlUZGpaMFozaVZDRkNpbXp3IiwiZXhwIjoxODAxNjU5NDIzLCJpYXQiOjE3NzAxMjM0MjMsIm5iZiI6MTc3MDEyMzMwMywib3JnIjoxLCJvbmx5Q2hhbm5lbHMiOlsic2xlLXByb2R1Y3Qtc2xlczE1LXNwNy11cGRhdGVzLXg4Nl82NCJdfQ.SczZBCTbi9tsC870YTsCGKzWgvkPmdN7xQIC8gAZ_vI HTTP/1.1" 200 -
172.16.3.5 - - [03/Feb/2026:13:58:11 +0100] "POST /rhn/manager/frontend-log HTTP/1.1" 200 42
172.16.3.7 - - [03/Feb/2026:13:58:11 +0100] "GET /rhn/manager/download/sle-product-sles15-sp7-updates-x86_64/repodata/e19d9f529dfe864d1f94ec942cfd14b9029745b58cf991409428bc3c9a278f9b-susedata.xml.gz?eyJhbGciOiJIUzI1NiJ9.eyJqdGkiOiJjemlQXzlUZGpaMFozaVZDRkNpbXp3IiwiZXhwIjoxODAxNjU5NDIzLCJpYXQiOjE3NzAxMjM0MjMsIm5iZiI6MTc3MDEyMzMwMywib3JnIjoxLCJvbmx5Q2hhbm5lbHMiOlsic2xlLXByb2R1Y3Qtc2xlczE1LXNwNy11cGRhdGVzLXg4Nl82NCJdfQ.SczZBCTbi9tsC870YTsCGKzWgvkPmdN7xQIC8gAZ_vI HTTP/1.1" 304 -
172.16.3.7 - - [03/Feb/2026:13:58:11 +0100] "HEAD /rhn/manager/download/sle-product-sles15-sp7-updates-x86_64/repodata/336c84c852c84f68dca8f2308fadc6dd7f630982d8fc38bb3d80af3cfac51b43-updateinfo.xml.gz?eyJhbGciOiJIUzI1NiJ9.eyJqdGkiOiJjemlQXzlUZGpaMFozaVZDRkNpbXp3IiwiZXhwIjoxODAxNjU5NDIzLCJpYXQiOjE3NzAxMjM0MjMsIm5iZiI6MTc3MDEyMzMwMywib3JnIjoxLCJvbmx5Q2hhbm5lbHMiOlsic2xlLXByb2R1Y3Qtc2xlczE1LXNwNy11cGRhdGVzLXg4Nl82NCJdfQ.SczZBCTbi9tsC870YTsCGKzWgvkPmdN7xQIC8gAZ_vI HTTP/1.1" 200 -
172.16.3.5 - - [03/Feb/2026:13:58:11 +0100] "GET /rhn/systems/details/history/Event.do?sid=1000010001&aid=13 HTTP/1.1" 200 6140
172.16.3.7 - - [03/Feb/2026:13:58:11 +0100] "GET /rhn/manager/download/sle-product-sles15-sp7-updates-x86_64/repodata/336c84c852c84f68dca8f2308fadc6dd7f630982d8fc38bb3d80af3cfac51b43-updateinfo.xml.gz?eyJhbGciOiJIUzI1NiJ9.eyJqdGkiOiJjemlQXzlUZGpaMFozaVZDRkNpbXp3IiwiZXhwIjoxODAxNjU5NDIzLCJpYXQiOjE3NzAxMjM0MjMsIm5iZiI6MTc3MDEyMzMwMywib3JnIjoxLCJvbmx5Q2hhbm5lbHMiOlsic2xlLXByb2R1Y3Qtc2xlczE1LXNwNy11cGRhdGVzLXg4Nl82NCJdfQ.SczZBCTbi9tsC870YTsCGKzWgvkPmdN7xQIC8gAZ_vI HTTP/1.1" 304 -
172.16.3.5 - - [03/Feb/2026:13:58:11 +0100] "GET /img/favicon.ico?q=0.5888243359272379 HTTP/1.1" 200 1150
172.16.3.5 - - [03/Feb/2026:13:58:11 +0100] "POST /rhn/manager/frontend-log HTTP/1.1" 200 42
172.16.3.7 - - [03/Feb/2026:13:58:11 +0100] "HEAD /rhn/manager/download/devel-build-host-channel/repodata/repomd.xml?eyJhbGciOiJIUzI1NiJ9.eyJqdGkiOiJIMlFPeFotWEN0eWRUZHFyQTZvUG1nIiwiZXhwIjoxODAxNjU5NDIzLCJpYXQiOjE3NzAxMjM0MjMsIm5iZiI6MTc3MDEyMzMwMywib3JnIjoxLCJvbmx5Q2hhbm5lbHMiOlsiZGV2ZWwtYnVpbGQtaG9zdC1jaGFubmVsIl19.JTwkUut_S8Ldv9s5YQQDARKR8rvHZzNb8WccOcdCJi0 HTTP/1.1" 200 -
172.16.3.7 - - [03/Feb/2026:13:58:11 +0100] "HEAD /rhn/manager/download/devel-build-host-channel/media.1/media?eyJhbGciOiJIUzI1NiJ9.eyJqdGkiOiJIMlFPeFotWEN0eWRUZHFyQTZvUG1nIiwiZXhwIjoxODAxNjU5NDIzLCJpYXQiOjE3NzAxMjM0MjMsIm5iZiI6MTc3MDEyMzMwMywib3JnIjoxLCJvbmx5Q2hhbm5lbHMiOlsiZGV2ZWwtYnVpbGQtaG9zdC1jaGFubmVsIl19.JTwkUut_S8Ldv9s5YQQDARKR8rvHZzNb8WccOcdCJi0 HTTP/1.1" 404 -
172.16.3.7 - - [03/Feb/2026:13:58:11 +0100] "HEAD /rhn/manager/download/devel-build-host-channel/repodata/repomd.xml?eyJhbGciOiJIUzI1NiJ9.eyJqdGkiOiJIMlFPeFotWEN0eWRUZHFyQTZvUG1nIiwiZXhwIjoxODAxNjU5NDIzLCJpYXQiOjE3NzAxMjM0MjMsIm5iZiI6MTc3MDEyMzMwMywib3JnIjoxLCJvbmx5Q2hhbm5lbHMiOlsiZGV2ZWwtYnVpbGQtaG9zdC1jaGFubmVsIl19.JTwkUut_S8Ldv9s5YQQDARKR8rvHZzNb8WccOcdCJi0 HTTP/1.1" 200 -
172.16.3.7 - - [03/Feb/2026:13:58:11 +0100] "GET /rhn/manager/download/devel-build-host-channel/repodata/repomd.xml?eyJhbGciOiJIUzI1NiJ9.eyJqdGkiOiJIMlFPeFotWEN0eWRUZHFyQTZvUG1nIiwiZXhwIjoxODAxNjU5NDIzLCJpYXQiOjE3NzAxMjM0MjMsIm5iZiI6MTc3MDEyMzMwMywib3JnIjoxLCJvbmx5Q2hhbm5lbHMiOlsiZGV2ZWwtYnVpbGQtaG9zdC1jaGFubmVsIl19.JTwkUut_S8Ldv9s5YQQDARKR8rvHZzNb8WccOcdCJi0 HTTP/1.1" 304 -
172.16.3.7 - - [03/Feb/2026:13:58:12 +0100] "HEAD /rhn/manager/download/devel-build-host-channel/repodata/repomd.xml.asc?eyJhbGciOiJIUzI1NiJ9.eyJqdGkiOiJIMlFPeFotWEN0eWRUZHFyQTZvUG1nIiwiZXhwIjoxODAxNjU5NDIzLCJpYXQiOjE3NzAxMjM0MjMsIm5iZiI6MTc3MDEyMzMwMywib3JnIjoxLCJvbmx5Q2hhbm5lbHMiOlsiZGV2ZWwtYnVpbGQtaG9zdC1jaGFubmVsIl19.JTwkUut_S8Ldv9s5YQQDARKR8rvHZzNb8WccOcdCJi0 HTTP/1.1" 404 -
172.16.3.7 - - [03/Feb/2026:13:58:12 +0100] "HEAD /rhn/manager/download/devel-build-host-channel/repodata/76dd65dfe61289c940dd5bb87f51f86bcd8d1ef8bdf1351d42418d358daabca4-primary.xml.gz?eyJhbGciOiJIUzI1NiJ9.eyJqdGkiOiJIMlFPeFotWEN0eWRUZHFyQTZvUG1nIiwiZXhwIjoxODAxNjU5NDIzLCJpYXQiOjE3NzAxMjM0MjMsIm5iZiI6MTc3MDEyMzMwMywib3JnIjoxLCJvbmx5Q2hhbm5lbHMiOlsiZGV2ZWwtYnVpbGQtaG9zdC1jaGFubmVsIl19.JTwkUut_S8Ldv9s5YQQDARKR8rvHZzNb8WccOcdCJi0 HTTP/1.1" 200 -
172.16.3.7 - - [03/Feb/2026:13:58:12 +0100] "GET /rhn/manager/download/devel-build-host-channel/repodata/76dd65dfe61289c940dd5bb87f51f86bcd8d1ef8bdf1351d42418d358daabca4-primary.xml.gz?eyJhbGciOiJIUzI1NiJ9.eyJqdGkiOiJIMlFPeFotWEN0eWRUZHFyQTZvUG1nIiwiZXhwIjoxODAxNjU5NDIzLCJpYXQiOjE3NzAxMjM0MjMsIm5iZiI6MTc3MDEyMzMwMywib3JnIjoxLCJvbmx5Q2hhbm5lbHMiOlsiZGV2ZWwtYnVpbGQtaG9zdC1jaGFubmVsIl19.JTwkUut_S8Ldv9s5YQQDARKR8rvHZzNb8WccOcdCJi0 HTTP/1.1" 304 -
172.16.3.5 - - [03/Feb/2026:13:58:11 +0100] "POST /rhn/manager/frontend-log HTTP/1.1" 200 42
172.16.3.7 - - [03/Feb/2026:13:58:12 +0100] "HEAD /rhn/manager/download/devel-build-host-channel/repodata/6926b8e773cbec56d4a2fc6bd230dab8e9d090aba964e99078e01028260ba3f8-susedata.xml.gz?eyJhbGciOiJIUzI1NiJ9.eyJqdGkiOiJIMlFPeFotWEN0eWRUZHFyQTZvUG1nIiwiZXhwIjoxODAxNjU5NDIzLCJpYXQiOjE3NzAxMjM0MjMsIm5iZiI6MTc3MDEyMzMwMywib3JnIjoxLCJvbmx5Q2hhbm5lbHMiOlsiZGV2ZWwtYnVpbGQtaG9zdC1jaGFubmVsIl19.JTwkUut_S8Ldv9s5YQQDARKR8rvHZzNb8WccOcdCJi0 HTTP/1.1" 200 -
172.16.3.5 - - [03/Feb/2026:13:58:12 +0100] "POST /rhn/manager/api/auth/login HTTP/1.1" 200 42
172.16.3.7 - - [03/Feb/2026:13:58:12 +0100] "GET /rhn/manager/download/devel-build-host-channel/repodata/6926b8e773cbec56d4a2fc6bd230dab8e9d090aba964e99078e01028260ba3f8-susedata.xml.gz?eyJhbGciOiJIUzI1NiJ9.eyJqdGkiOiJIMlFPeFotWEN0eWRUZHFyQTZvUG1nIiwiZXhwIjoxODAxNjU5NDIzLCJpYXQiOjE3NzAxMjM0MjMsIm5iZiI6MTc3MDEyMzMwMywib3JnIjoxLCJvbmx5Q2hhbm5lbHMiOlsiZGV2ZWwtYnVpbGQtaG9zdC1jaGFubmVsIl19.JTwkUut_S8Ldv9s5YQQDARKR8rvHZzNb8WccOcdCJi0 HTTP/1.1" 304 -
172.16.3.5 - - [03/Feb/2026:13:58:11 +0100] "GET /rhn/manager/api/systems/list/all?p=1&ps=100&s=1&sc=server_name HTTP/1.1" 200 704
172.16.3.7 - - [03/Feb/2026:13:58:12 +0100] "HEAD /rhn/manager/download/sle-module-basesystem15-sp7-pool-x86_64/repodata/repomd.xml?eyJhbGciOiJIUzI1NiJ9.eyJqdGkiOiJWS3FQcUxyQlVMM1BqUEkzcVlhNWF3IiwiZXhwIjoxODAxNjU5NDIzLCJpYXQiOjE3NzAxMjM0MjMsIm5iZiI6MTc3MDEyMzMwMywib3JnIjoxLCJvbmx5Q2hhbm5lbHMiOlsic2xlLW1vZHVsZS1iYXNlc3lzdGVtMTUtc3A3LXBvb2wteDg2XzY0Il19.ri0VGy3w11RZ_wgqsgMBKr_eTPfAyQs74Jr0VcO5AWo HTTP/1.1" 200 -
172.16.3.7 - - [03/Feb/2026:13:58:12 +0100] "HEAD /rhn/manager/download/sle-module-basesystem15-sp7-pool-x86_64/media.1/media?eyJhbGciOiJIUzI1NiJ9.eyJqdGkiOiJWS3FQcUxyQlVMM1BqUEkzcVlhNWF3IiwiZXhwIjoxODAxNjU5NDIzLCJpYXQiOjE3NzAxMjM0MjMsIm5iZiI6MTc3MDEyMzMwMywib3JnIjoxLCJvbmx5Q2hhbm5lbHMiOlsic2xlLW1vZHVsZS1iYXNlc3lzdGVtMTUtc3A3LXBvb2wteDg2XzY0Il19.ri0VGy3w11RZ_wgqsgMBKr_eTPfAyQs74Jr0VcO5AWo HTTP/1.1" 404 -
172.16.3.5 - - [03/Feb/2026:13:58:12 +0100] "POST /rhn/manager/api/auth/login HTTP/1.1" 200 42
172.16.3.7 - - [03/Feb/2026:13:58:12 +0100] "HEAD /rhn/manager/download/sle-module-basesystem15-sp7-pool-x86_64/repodata/repomd.xml?eyJhbGciOiJIUzI1NiJ9.eyJqdGkiOiJWS3FQcUxyQlVMM1BqUEkzcVlhNWF3IiwiZXhwIjoxODAxNjU5NDIzLCJpYXQiOjE3NzAxMjM0MjMsIm5iZiI6MTc3MDEyMzMwMywib3JnIjoxLCJvbmx5Q2hhbm5lbHMiOlsic2xlLW1vZHVsZS1iYXNlc3lzdGVtMTUtc3A3LXBvb2wteDg2XzY0Il19.ri0VGy3w11RZ_wgqsgMBKr_eTPfAyQs74Jr0VcO5AWo HTTP/1.1" 200 -
172.16.3.7 - - [03/Feb/2026:13:58:12 +0100] "GET /rhn/manager/download/sle-module-basesystem15-sp7-pool-x86_64/repodata/repomd.xml?eyJhbGciOiJIUzI1NiJ9.eyJqdGkiOiJWS3FQcUxyQlVMM1BqUEkzcVlhNWF3IiwiZXhwIjoxODAxNjU5NDIzLCJpYXQiOjE3NzAxMjM0MjMsIm5iZiI6MTc3MDEyMzMwMywib3JnIjoxLCJvbmx5Q2hhbm5lbHMiOlsic2xlLW1vZHVsZS1iYXNlc3lzdGVtMTUtc3A3LXBvb2wteDg2XzY0Il19.ri0VGy3w11RZ_wgqsgMBKr_eTPfAyQs74Jr0VcO5AWo HTTP/1.1" 304 -
172.16.3.7 - - [03/Feb/2026:13:58:12 +0100] "HEAD /rhn/manager/download/sle-module-basesystem15-sp7-pool-x86_64/repodata/repomd.xml.asc?eyJhbGciOiJIUzI1NiJ9.eyJqdGkiOiJWS3FQcUxyQlVMM1BqUEkzcVlhNWF3IiwiZXhwIjoxODAxNjU5NDIzLCJpYXQiOjE3NzAxMjM0MjMsIm5iZiI6MTc3MDEyMzMwMywib3JnIjoxLCJvbmx5Q2hhbm5lbHMiOlsic2xlLW1vZHVsZS1iYXNlc3lzdGVtMTUtc3A3LXBvb2wteDg2XzY0Il19.ri0VGy3w11RZ_wgqsgMBKr_eTPfAyQs74Jr0VcO5AWo HTTP/1.1" 404 -
172.16.3.5 - - [03/Feb/2026:13:58:12 +0100] "POST /rhn/manager/api/system/searchByName HTTP/1.1" 200 155
172.16.3.7 - - [03/Feb/2026:13:58:12 +0100] "HEAD /rhn/manager/download/sle-module-basesystem15-sp7-pool-x86_64/repodata/7ed6f7a73a1ca9838a4b2f147b9e9c0a455fa50cb08e43291fff81b0efcae54a-primary.xml.gz?eyJhbGciOiJIUzI1NiJ9.eyJqdGkiOiJWS3FQcUxyQlVMM1BqUEkzcVlhNWF3IiwiZXhwIjoxODAxNjU5NDIzLCJpYXQiOjE3NzAxMjM0MjMsIm5iZiI6MTc3MDEyMzMwMywib3JnIjoxLCJvbmx5Q2hhbm5lbHMiOlsic2xlLW1vZHVsZS1iYXNlc3lzdGVtMTUtc3A3LXBvb2wteDg2XzY0Il19.ri0VGy3w11RZ_wgqsgMBKr_eTPfAyQs74Jr0VcO5AWo HTTP/1.1" 200 -
172.16.3.5 - - [03/Feb/2026:13:58:12 +0100] "POST /rhn/manager/api/system/searchByName HTTP/1.1" 200 155
172.16.3.5 - - [03/Feb/2026:13:58:12 +0100] "POST /rhn/manager/api/sets/system_list HTTP/1.1" 200 27
172.16.3.7 - - [03/Feb/2026:13:58:12 +0100] "GET /rhn/manager/download/sle-module-basesystem15-sp7-pool-x86_64/repodata/7ed6f7a73a1ca9838a4b2f147b9e9c0a455fa50cb08e43291fff81b0efcae54a-primary.xml.gz?eyJhbGciOiJIUzI1NiJ9.eyJqdGkiOiJWS3FQcUxyQlVMM1BqUEkzcVlhNWF3IiwiZXhwIjoxODAxNjU5NDIzLCJpYXQiOjE3NzAxMjM0MjMsIm5iZiI6MTc3MDEyMzMwMywib3JnIjoxLCJvbmx5Q2hhbm5lbHMiOlsic2xlLW1vZHVsZS1iYXNlc3lzdGVtMTUtc3A3LXBvb2wteDg2XzY0Il19.ri0VGy3w11RZ_wgqsgMBKr_eTPfAyQs74Jr0VcO5AWo HTTP/1.1" 304 -
172.16.3.5 - - [03/Feb/2026:13:58:12 +0100] "GET /rhn/manager/api/auth/logout HTTP/1.1" 200 42
172.16.3.5 - - [03/Feb/2026:13:57:56 +0100] "GET /rhn/websocket/notifications HTTP/1.1" 101 -
172.16.3.7 - - [03/Feb/2026:13:58:12 +0100] "HEAD /rhn/manager/download/sle-module-basesystem15-sp7-pool-x86_64/repodata/6b7ca1f9253a8d95be1f2614ad072255dc407a93945c703039ce5ad0b8a62220-susedata.xml.gz?eyJhbGciOiJIUzI1NiJ9.eyJqdGkiOiJWS3FQcUxyQlVMM1BqUEkzcVlhNWF3IiwiZXhwIjoxODAxNjU5NDIzLCJpYXQiOjE3NzAxMjM0MjMsIm5iZiI6MTc3MDEyMzMwMywib3JnIjoxLCJvbmx5Q2hhbm5lbHMiOlsic2xlLW1vZHVsZS1iYXNlc3lzdGVtMTUtc3A3LXBvb2wteDg2XzY0Il19.ri0VGy3w11RZ_wgqsgMBKr_eTPfAyQs74Jr0VcO5AWo HTTP/1.1" 200 -
172.16.3.7 - - [03/Feb/2026:13:58:12 +0100] "GET /rhn/manager/download/sle-module-basesystem15-sp7-pool-x86_64/repodata/6b7ca1f9253a8d95be1f2614ad072255dc407a93945c703039ce5ad0b8a62220-susedata.xml.gz?eyJhbGciOiJIUzI1NiJ9.eyJqdGkiOiJWS3FQcUxyQlVMM1BqUEkzcVlhNWF3IiwiZXhwIjoxODAxNjU5NDIzLCJpYXQiOjE3NzAxMjM0MjMsIm5iZiI6MTc3MDEyMzMwMywib3JnIjoxLCJvbmx5Q2hhbm5lbHMiOlsic2xlLW1vZHVsZS1iYXNlc3lzdGVtMTUtc3A3LXBvb2wteDg2XzY0Il19.ri0VGy3w11RZ_wgqsgMBKr_eTPfAyQs74Jr0VcO5AWo HTTP/1.1" 304 -
172.16.3.5 - - [03/Feb/2026:13:58:12 +0100] "GET /rhn/manager/api/auth/logout HTTP/1.1" 200 42
172.16.3.5 - - [03/Feb/2026:13:57:56 +0100] "GET /rhn/websocket/notifications HTTP/1.1" 101 -
172.16.3.7 - - [03/Feb/2026:13:58:13 +0100] "HEAD /rhn/manager/download/sle-module-desktop-applications15-sp7-pool-x86_64/repodata/repomd.xml?eyJhbGciOiJIUzI1NiJ9.eyJqdGkiOiJLVXFfeGtVRHF1U3l6S1lZRWhaN1ZRIiwiZXhwIjoxODAxNjU5NDIzLCJpYXQiOjE3NzAxMjM0MjMsIm5iZiI6MTc3MDEyMzMwMywib3JnIjoxLCJvbmx5Q2hhbm5lbHMiOlsic2xlLW1vZHVsZS1kZXNrdG9wLWFwcGxpY2F0aW9uczE1LXNwNy1wb29sLXg4Nl82NCJdfQ.Gqon6TSpNe0_COxrEHrQMP-Opv0lyBXF_TCLI-H3wJk HTTP/1.1" 200 -
172.16.3.5 - - [03/Feb/2026:13:58:12 +0100] "GET /rhn/systems/details/Overview.do?sid=1000010001 HTTP/1.1" 200 6961
172.16.3.7 - - [03/Feb/2026:13:58:13 +0100] "HEAD /rhn/manager/download/sle-module-desktop-applications15-sp7-pool-x86_64/media.1/media?eyJhbGciOiJIUzI1NiJ9.eyJqdGkiOiJLVXFfeGtVRHF1U3l6S1lZRWhaN1ZRIiwiZXhwIjoxODAxNjU5NDIzLCJpYXQiOjE3NzAxMjM0MjMsIm5iZiI6MTc3MDEyMzMwMywib3JnIjoxLCJvbmx5Q2hhbm5lbHMiOlsic2xlLW1vZHVsZS1kZXNrdG9wLWFwcGxpY2F0aW9uczE1LXNwNy1wb29sLXg4Nl82NCJdfQ.Gqon6TSpNe0_COxrEHrQMP-Opv0lyBXF_TCLI-H3wJk HTTP/1.1" 404 -
172.16.3.5 - - [03/Feb/2026:13:58:11 +0100] "GET /rhn/websocket/notifications HTTP/1.1" 101 -
172.16.3.7 - - [03/Feb/2026:13:58:13 +0100] "HEAD /rhn/manager/download/sle-module-desktop-applications15-sp7-pool-x86_64/repodata/repomd.xml?eyJhbGciOiJIUzI1NiJ9.eyJqdGkiOiJLVXFfeGtVRHF1U3l6S1lZRWhaN1ZRIiwiZXhwIjoxODAxNjU5NDIzLCJpYXQiOjE3NzAxMjM0MjMsIm5iZiI6MTc3MDEyMzMwMywib3JnIjoxLCJvbmx5Q2hhbm5lbHMiOlsic2xlLW1vZHVsZS1kZXNrdG9wLWFwcGxpY2F0aW9uczE1LXNwNy1wb29sLXg4Nl82NCJdfQ.Gqon6TSpNe0_COxrEHrQMP-Opv0lyBXF_TCLI-H3wJk HTTP/1.1" 200 -
172.16.3.7 - - [03/Feb/2026:13:58:13 +0100] "GET /rhn/manager/download/sle-module-desktop-applications15-sp7-pool-x86_64/repodata/repomd.xml?eyJhbGciOiJIUzI1NiJ9.eyJqdGkiOiJLVXFfeGtVRHF1U3l6S1lZRWhaN1ZRIiwiZXhwIjoxODAxNjU5NDIzLCJpYXQiOjE3NzAxMjM0MjMsIm5iZiI6MTc3MDEyMzMwMywib3JnIjoxLCJvbmx5Q2hhbm5lbHMiOlsic2xlLW1vZHVsZS1kZXNrdG9wLWFwcGxpY2F0aW9uczE1LXNwNy1wb29sLXg4Nl82NCJdfQ.Gqon6TSpNe0_COxrEHrQMP-Opv0lyBXF_TCLI-H3wJk HTTP/1.1" 304 -
172.16.3.5 - - [03/Feb/2026:13:58:12 +0100] "GET /rhn/systems/details/Overview.do?sid=1000010002 HTTP/1.1" 200 6910
172.16.3.7 - - [03/Feb/2026:13:58:13 +0100] "HEAD /rhn/manager/download/sle-module-desktop-applications15-sp7-pool-x86_64/repodata/repomd.xml.asc?eyJhbGciOiJIUzI1NiJ9.eyJqdGkiOiJLVXFfeGtVRHF1U3l6S1lZRWhaN1ZRIiwiZXhwIjoxODAxNjU5NDIzLCJpYXQiOjE3NzAxMjM0MjMsIm5iZiI6MTc3MDEyMzMwMywib3JnIjoxLCJvbmx5Q2hhbm5lbHMiOlsic2xlLW1vZHVsZS1kZXNrdG9wLWFwcGxpY2F0aW9uczE1LXNwNy1wb29sLXg4Nl82NCJdfQ.Gqon6TSpNe0_COxrEHrQMP-Opv0lyBXF_TCLI-H3wJk HTTP/1.1" 404 -
172.16.3.5 - - [03/Feb/2026:13:58:11 +0100] "GET /rhn/websocket/notifications HTTP/1.1" 101 -
172.16.3.7 - - [03/Feb/2026:13:58:13 +0100] "HEAD /rhn/manager/download/sle-module-desktop-applications15-sp7-pool-x86_64/repodata/61a8b52991017ddbd825f8facee7e974f37db40a302d05614ef4e76118275a51-primary.xml.gz?eyJhbGciOiJIUzI1NiJ9.eyJqdGkiOiJLVXFfeGtVRHF1U3l6S1lZRWhaN1ZRIiwiZXhwIjoxODAxNjU5NDIzLCJpYXQiOjE3NzAxMjM0MjMsIm5iZiI6MTc3MDEyMzMwMywib3JnIjoxLCJvbmx5Q2hhbm5lbHMiOlsic2xlLW1vZHVsZS1kZXNrdG9wLWFwcGxpY2F0aW9uczE1LXNwNy1wb29sLXg4Nl82NCJdfQ.Gqon6TSpNe0_COxrEHrQMP-Opv0lyBXF_TCLI-H3wJk HTTP/1.1" 200 -
172.16.3.5 - - [03/Feb/2026:13:58:13 +0100] "POST /rhn/manager/frontend-log HTTP/1.1" 200 42
172.16.3.5 - - [03/Feb/2026:13:58:13 +0100] "POST /rhn/manager/frontend-log HTTP/1.1" 200 42
172.16.3.7 - - [03/Feb/2026:13:58:13 +0100] "GET /rhn/manager/download/sle-module-desktop-applications15-sp7-pool-x86_64/repodata/61a8b52991017ddbd825f8facee7e974f37db40a302d05614ef4e76118275a51-primary.xml.gz?eyJhbGciOiJIUzI1NiJ9.eyJqdGkiOiJLVXFfeGtVRHF1U3l6S1lZRWhaN1ZRIiwiZXhwIjoxODAxNjU5NDIzLCJpYXQiOjE3NzAxMjM0MjMsIm5iZiI6MTc3MDEyMzMwMywib3JnIjoxLCJvbmx5Q2hhbm5lbHMiOlsic2xlLW1vZHVsZS1kZXNrdG9wLWFwcGxpY2F0aW9uczE1LXNwNy1wb29sLXg4Nl82NCJdfQ.Gqon6TSpNe0_COxrEHrQMP-Opv0lyBXF_TCLI-H3wJk HTTP/1.1" 304 -
172.16.3.7 - - [03/Feb/2026:13:58:14 +0100] "HEAD /rhn/manager/download/sle-module-desktop-applications15-sp7-pool-x86_64/repodata/3450f85a29ad7af5af3086376af62c2d06350e105740c0c138e70df3df3970ed-susedata.xml.gz?eyJhbGciOiJIUzI1NiJ9.eyJqdGkiOiJLVXFfeGtVRHF1U3l6S1lZRWhaN1ZRIiwiZXhwIjoxODAxNjU5NDIzLCJpYXQiOjE3NzAxMjM0MjMsIm5iZiI6MTc3MDEyMzMwMywib3JnIjoxLCJvbmx5Q2hhbm5lbHMiOlsic2xlLW1vZHVsZS1kZXNrdG9wLWFwcGxpY2F0aW9uczE1LXNwNy1wb29sLXg4Nl82NCJdfQ.Gqon6TSpNe0_COxrEHrQMP-Opv0lyBXF_TCLI-H3wJk HTTP/1.1" 200 -
172.16.3.7 - - [03/Feb/2026:13:58:14 +0100] "GET /rhn/manager/download/sle-module-desktop-applications15-sp7-pool-x86_64/repodata/3450f85a29ad7af5af3086376af62c2d06350e105740c0c138e70df3df3970ed-susedata.xml.gz?eyJhbGciOiJIUzI1NiJ9.eyJqdGkiOiJLVXFfeGtVRHF1U3l6S1lZRWhaN1ZRIiwiZXhwIjoxODAxNjU5NDIzLCJpYXQiOjE3NzAxMjM0MjMsIm5iZiI6MTc3MDEyMzMwMywib3JnIjoxLCJvbmx5Q2hhbm5lbHMiOlsic2xlLW1vZHVsZS1kZXNrdG9wLWFwcGxpY2F0aW9uczE1LXNwNy1wb29sLXg4Nl82NCJdfQ.Gqon6TSpNe0_COxrEHrQMP-Opv0lyBXF_TCLI-H3wJk HTTP/1.1" 304 -
172.16.3.5 - - [03/Feb/2026:13:58:13 +0100] "POST /rhn/manager/frontend-log HTTP/1.1" 200 42
172.16.3.5 - - [03/Feb/2026:13:58:13 +0100] "POST /rhn/manager/frontend-log HTTP/1.1" 200 42
172.16.3.5 - - [03/Feb/2026:13:58:13 +0100] "GET /rhn/systems/details/Overview.do?sid=1000010001& HTTP/1.1" 200 6961
172.16.3.5 - - [03/Feb/2026:13:58:14 +0100] "POST /rhn/manager/api/auth/login HTTP/1.1" 200 42
172.16.3.5 - - [03/Feb/2026:13:58:14 +0100] "GET /img/favicon.ico?q=0.15100164925657067 HTTP/1.1" 200 1150
172.16.3.5 - - [03/Feb/2026:13:58:14 +0100] "POST /rhn/manager/api/system/searchByName HTTP/1.1" 200 54
172.16.3.5 - - [03/Feb/2026:13:58:14 +0100] "GET /rhn/websocket/notifications HTTP/1.1" 101 -
172.16.3.5 - - [03/Feb/2026:13:58:14 +0100] "GET /rhn/systems/details/Overview.do?sid=1000010002& HTTP/1.1" 200 6910
172.16.3.7 - - [03/Feb/2026:13:58:15 +0100] "HEAD /rhn/manager/download/sle-module-devtools15-sp7-pool-x86_64/repodata/repomd.xml?eyJhbGciOiJIUzI1NiJ9.eyJqdGkiOiJ0elNJSzZXNlhfZTdUWWZjWi0xajRBIiwiZXhwIjoxODAxNjU5NDIzLCJpYXQiOjE3NzAxMjM0MjMsIm5iZiI6MTc3MDEyMzMwMywib3JnIjoxLCJvbmx5Q2hhbm5lbHMiOlsic2xlLW1vZHVsZS1kZXZ0b29sczE1LXNwNy1wb29sLXg4Nl82NCJdfQ.jp3JJZ8zx-0uiv2i2KfxGFbiS80Muzcc9Lt3tsubVhM HTTP/1.1" 200 -
172.16.3.5 - - [03/Feb/2026:13:58:14 +0100] "POST /rhn/manager/frontend-log HTTP/1.1" 200 42
172.16.3.7 - - [03/Feb/2026:13:58:15 +0100] "HEAD /rhn/manager/download/sle-module-devtools15-sp7-pool-x86_64/media.1/media?eyJhbGciOiJIUzI1NiJ9.eyJqdGkiOiJ0elNJSzZXNlhfZTdUWWZjWi0xajRBIiwiZXhwIjoxODAxNjU5NDIzLCJpYXQiOjE3NzAxMjM0MjMsIm5iZiI6MTc3MDEyMzMwMywib3JnIjoxLCJvbmx5Q2hhbm5lbHMiOlsic2xlLW1vZHVsZS1kZXZ0b29sczE1LXNwNy1wb29sLXg4Nl82NCJdfQ.jp3JJZ8zx-0uiv2i2KfxGFbiS80Muzcc9Lt3tsubVhM HTTP/1.1" 404 -
172.16.3.5 - - [03/Feb/2026:13:58:15 +0100] "GET /img/favicon.ico?q=0.27629086705866845 HTTP/1.1" 200 1150
172.16.3.7 - - [03/Feb/2026:13:58:15 +0100] "HEAD /rhn/manager/download/sle-module-devtools15-sp7-pool-x86_64/repodata/repomd.xml?eyJhbGciOiJIUzI1NiJ9.eyJqdGkiOiJ0elNJSzZXNlhfZTdUWWZjWi0xajRBIiwiZXhwIjoxODAxNjU5NDIzLCJpYXQiOjE3NzAxMjM0MjMsIm5iZiI6MTc3MDEyMzMwMywib3JnIjoxLCJvbmx5Q2hhbm5lbHMiOlsic2xlLW1vZHVsZS1kZXZ0b29sczE1LXNwNy1wb29sLXg4Nl82NCJdfQ.jp3JJZ8zx-0uiv2i2KfxGFbiS80Muzcc9Lt3tsubVhM HTTP/1.1" 200 -
172.16.3.5 - - [03/Feb/2026:13:58:15 +0100] "GET /rhn/manager/api/auth/logout HTTP/1.1" 200 42
172.16.3.7 - - [03/Feb/2026:13:58:15 +0100] "GET /rhn/manager/download/sle-module-devtools15-sp7-pool-x86_64/repodata/repomd.xml?eyJhbGciOiJIUzI1NiJ9.eyJqdGkiOiJ0elNJSzZXNlhfZTdUWWZjWi0xajRBIiwiZXhwIjoxODAxNjU5NDIzLCJpYXQiOjE3NzAxMjM0MjMsIm5iZiI6MTc3MDEyMzMwMywib3JnIjoxLCJvbmx5Q2hhbm5lbHMiOlsic2xlLW1vZHVsZS1kZXZ0b29sczE1LXNwNy1wb29sLXg4Nl82NCJdfQ.jp3JJZ8zx-0uiv2i2KfxGFbiS80Muzcc9Lt3tsubVhM HTTP/1.1" 304 -
172.16.3.7 - - [03/Feb/2026:13:58:15 +0100] "HEAD /rhn/manager/download/sle-module-devtools15-sp7-pool-x86_64/repodata/repomd.xml.asc?eyJhbGciOiJIUzI1NiJ9.eyJqdGkiOiJ0elNJSzZXNlhfZTdUWWZjWi0xajRBIiwiZXhwIjoxODAxNjU5NDIzLCJpYXQiOjE3NzAxMjM0MjMsIm5iZiI6MTc3MDEyMzMwMywib3JnIjoxLCJvbmx5Q2hhbm5lbHMiOlsic2xlLW1vZHVsZS1kZXZ0b29sczE1LXNwNy1wb29sLXg4Nl82NCJdfQ.jp3JJZ8zx-0uiv2i2KfxGFbiS80Muzcc9Lt3tsubVhM HTTP/1.1" 404 -
172.16.3.7 - - [03/Feb/2026:13:58:15 +0100] "HEAD /rhn/manager/download/sle-module-devtools15-sp7-pool-x86_64/repodata/42bc3530bcdc43f4aa8748a8017639f9c0886e682ce6984d0bdb9251f0e9031e-primary.xml.gz?eyJhbGciOiJIUzI1NiJ9.eyJqdGkiOiJ0elNJSzZXNlhfZTdUWWZjWi0xajRBIiwiZXhwIjoxODAxNjU5NDIzLCJpYXQiOjE3NzAxMjM0MjMsIm5iZiI6MTc3MDEyMzMwMywib3JnIjoxLCJvbmx5Q2hhbm5lbHMiOlsic2xlLW1vZHVsZS1kZXZ0b29sczE1LXNwNy1wb29sLXg4Nl82NCJdfQ.jp3JJZ8zx-0uiv2i2KfxGFbiS80Muzcc9Lt3tsubVhM HTTP/1.1" 200 -
172.16.3.5 - - [03/Feb/2026:13:58:15 +0100] "GET /rhn/websocket/notifications HTTP/1.1" 101 -
172.16.3.5 - - [03/Feb/2026:13:58:15 +0100] "POST /rhn/manager/frontend-log HTTP/1.1" 200 42
172.16.3.7 - - [03/Feb/2026:13:58:15 +0100] "GET /rhn/manager/download/sle-module-devtools15-sp7-pool-x86_64/repodata/42bc3530bcdc43f4aa8748a8017639f9c0886e682ce6984d0bdb9251f0e9031e-primary.xml.gz?eyJhbGciOiJIUzI1NiJ9.eyJqdGkiOiJ0elNJSzZXNlhfZTdUWWZjWi0xajRBIiwiZXhwIjoxODAxNjU5NDIzLCJpYXQiOjE3NzAxMjM0MjMsIm5iZiI6MTc3MDEyMzMwMywib3JnIjoxLCJvbmx5Q2hhbm5lbHMiOlsic2xlLW1vZHVsZS1kZXZ0b29sczE1LXNwNy1wb29sLXg4Nl82NCJdfQ.jp3JJZ8zx-0uiv2i2KfxGFbiS80Muzcc9Lt3tsubVhM HTTP/1.1" 304 -
172.16.3.7 - - [03/Feb/2026:13:58:15 +0100] "HEAD /rhn/manager/download/sle-module-devtools15-sp7-pool-x86_64/repodata/ff26182a96e6390c511252e3d826af91cf550869c7024d635b82592ee517615e-susedata.xml.gz?eyJhbGciOiJIUzI1NiJ9.eyJqdGkiOiJ0elNJSzZXNlhfZTdUWWZjWi0xajRBIiwiZXhwIjoxODAxNjU5NDIzLCJpYXQiOjE3NzAxMjM0MjMsIm5iZiI6MTc3MDEyMzMwMywib3JnIjoxLCJvbmx5Q2hhbm5lbHMiOlsic2xlLW1vZHVsZS1kZXZ0b29sczE1LXNwNy1wb29sLXg4Nl82NCJdfQ.jp3JJZ8zx-0uiv2i2KfxGFbiS80Muzcc9Lt3tsubVhM HTTP/1.1" 200 -
172.16.3.7 - - [03/Feb/2026:13:58:15 +0100] "GET /rhn/manager/download/sle-module-devtools15-sp7-pool-x86_64/repodata/ff26182a96e6390c511252e3d826af91cf550869c7024d635b82592ee517615e-susedata.xml.gz?eyJhbGciOiJIUzI1NiJ9.eyJqdGkiOiJ0elNJSzZXNlhfZTdUWWZjWi0xajRBIiwiZXhwIjoxODAxNjU5NDIzLCJpYXQiOjE3NzAxMjM0MjMsIm5iZiI6MTc3MDEyMzMwMywib3JnIjoxLCJvbmx5Q2hhbm5lbHMiOlsic2xlLW1vZHVsZS1kZXZ0b29sczE1LXNwNy1wb29sLXg4Nl82NCJdfQ.jp3JJZ8zx-0uiv2i2KfxGFbiS80Muzcc9Lt3tsubVhM HTTP/1.1" 304 -
172.16.3.7 - - [03/Feb/2026:13:58:15 +0100] "HEAD /rhn/manager/download/sle-module-python3-15-sp7-pool-x86_64/repodata/repomd.xml?eyJhbGciOiJIUzI1NiJ9.eyJqdGkiOiJvaWdva2s1Ni1tcWZtUHkwYTVSdWNRIiwiZXhwIjoxODAxNjU5NDIzLCJpYXQiOjE3NzAxMjM0MjMsIm5iZiI6MTc3MDEyMzMwMywib3JnIjoxLCJvbmx5Q2hhbm5lbHMiOlsic2xlLW1vZHVsZS1weXRob24zLTE1LXNwNy1wb29sLXg4Nl82NCJdfQ.GL_KYg5gKNsJ7NsGc0fR2TpLtko0VLU0qO_mNObdEZ4 HTTP/1.1" 200 -
172.16.3.5 - - [03/Feb/2026:13:58:15 +0100] "GET /rhn/systems/details/Connection.do?sid=1000010001& HTTP/1.1" 200 6237
172.16.3.7 - - [03/Feb/2026:13:58:15 +0100] "HEAD /rhn/manager/download/sle-module-python3-15-sp7-pool-x86_64/media.1/media?eyJhbGciOiJIUzI1NiJ9.eyJqdGkiOiJvaWdva2s1Ni1tcWZtUHkwYTVSdWNRIiwiZXhwIjoxODAxNjU5NDIzLCJpYXQiOjE3NzAxMjM0MjMsIm5iZiI6MTc3MDEyMzMwMywib3JnIjoxLCJvbmx5Q2hhbm5lbHMiOlsic2xlLW1vZHVsZS1weXRob24zLTE1LXNwNy1wb29sLXg4Nl82NCJdfQ.GL_KYg5gKNsJ7NsGc0fR2TpLtko0VLU0qO_mNObdEZ4 HTTP/1.1" 404 -
172.16.3.7 - - [03/Feb/2026:13:58:15 +0100] "HEAD /rhn/manager/download/sle-module-python3-15-sp7-pool-x86_64/repodata/repomd.xml?eyJhbGciOiJIUzI1NiJ9.eyJqdGkiOiJvaWdva2s1Ni1tcWZtUHkwYTVSdWNRIiwiZXhwIjoxODAxNjU5NDIzLCJpYXQiOjE3NzAxMjM0MjMsIm5iZiI6MTc3MDEyMzMwMywib3JnIjoxLCJvbmx5Q2hhbm5lbHMiOlsic2xlLW1vZHVsZS1weXRob24zLTE1LXNwNy1wb29sLXg4Nl82NCJdfQ.GL_KYg5gKNsJ7NsGc0fR2TpLtko0VLU0qO_mNObdEZ4 HTTP/1.1" 200 -
172.16.3.5 - - [03/Feb/2026:13:58:15 +0100] "GET /img/favicon.ico?q=0.8631379615537234 HTTP/1.1" 200 1150
172.16.3.7 - - [03/Feb/2026:13:58:15 +0100] "GET /rhn/manager/download/sle-module-python3-15-sp7-pool-x86_64/repodata/repomd.xml?eyJhbGciOiJIUzI1NiJ9.eyJqdGkiOiJvaWdva2s1Ni1tcWZtUHkwYTVSdWNRIiwiZXhwIjoxODAxNjU5NDIzLCJpYXQiOjE3NzAxMjM0MjMsIm5iZiI6MTc3MDEyMzMwMywib3JnIjoxLCJvbmx5Q2hhbm5lbHMiOlsic2xlLW1vZHVsZS1weXRob24zLTE1LXNwNy1wb29sLXg4Nl82NCJdfQ.GL_KYg5gKNsJ7NsGc0fR2TpLtko0VLU0qO_mNObdEZ4 HTTP/1.1" 304 -
172.16.3.5 - - [03/Feb/2026:13:58:15 +0100] "GET /rhn/systems/details/Connection.do?sid=1000010002& HTTP/1.1" 200 6238
172.16.3.7 - - [03/Feb/2026:13:58:15 +0100] "HEAD /rhn/manager/download/sle-module-python3-15-sp7-pool-x86_64/repodata/repomd.xml.asc?eyJhbGciOiJIUzI1NiJ9.eyJqdGkiOiJvaWdva2s1Ni1tcWZtUHkwYTVSdWNRIiwiZXhwIjoxODAxNjU5NDIzLCJpYXQiOjE3NzAxMjM0MjMsIm5iZiI6MTc3MDEyMzMwMywib3JnIjoxLCJvbmx5Q2hhbm5lbHMiOlsic2xlLW1vZHVsZS1weXRob24zLTE1LXNwNy1wb29sLXg4Nl82NCJdfQ.GL_KYg5gKNsJ7NsGc0fR2TpLtko0VLU0qO_mNObdEZ4 HTTP/1.1" 404 -
172.16.3.5 - - [03/Feb/2026:13:58:15 +0100] "GET /img/favicon.ico?q=0.38418382182479693 HTTP/1.1" 200 1150
172.16.3.7 - - [03/Feb/2026:13:58:15 +0100] "HEAD /rhn/manager/download/sle-module-python3-15-sp7-pool-x86_64/repodata/b2f54a3b82c6a5fb4a3a990be46cf524d5783187737416a4bac2c4ad48431978-primary.xml.gz?eyJhbGciOiJIUzI1NiJ9.eyJqdGkiOiJvaWdva2s1Ni1tcWZtUHkwYTVSdWNRIiwiZXhwIjoxODAxNjU5NDIzLCJpYXQiOjE3NzAxMjM0MjMsIm5iZiI6MTc3MDEyMzMwMywib3JnIjoxLCJvbmx5Q2hhbm5lbHMiOlsic2xlLW1vZHVsZS1weXRob24zLTE1LXNwNy1wb29sLXg4Nl82NCJdfQ.GL_KYg5gKNsJ7NsGc0fR2TpLtko0VLU0qO_mNObdEZ4 HTTP/1.1" 200 -
172.16.3.5 - - [03/Feb/2026:13:58:15 +0100] "POST /rhn/manager/frontend-log HTTP/1.1" 200 42
172.16.3.7 - - [03/Feb/2026:13:58:15 +0100] "GET /rhn/manager/download/sle-module-python3-15-sp7-pool-x86_64/repodata/b2f54a3b82c6a5fb4a3a990be46cf524d5783187737416a4bac2c4ad48431978-primary.xml.gz?eyJhbGciOiJIUzI1NiJ9.eyJqdGkiOiJvaWdva2s1Ni1tcWZtUHkwYTVSdWNRIiwiZXhwIjoxODAxNjU5NDIzLCJpYXQiOjE3NzAxMjM0MjMsIm5iZiI6MTc3MDEyMzMwMywib3JnIjoxLCJvbmx5Q2hhbm5lbHMiOlsic2xlLW1vZHVsZS1weXRob24zLTE1LXNwNy1wb29sLXg4Nl82NCJdfQ.GL_KYg5gKNsJ7NsGc0fR2TpLtko0VLU0qO_mNObdEZ4 HTTP/1.1" 304 -
172.16.3.7 - - [03/Feb/2026:13:58:15 +0100] "HEAD /rhn/manager/download/sle-module-python3-15-sp7-pool-x86_64/repodata/2907bf9d442298cf75983511a4430982bad7da611655f86147077d5c007b061f-susedata.xml.gz?eyJhbGciOiJIUzI1NiJ9.eyJqdGkiOiJvaWdva2s1Ni1tcWZtUHkwYTVSdWNRIiwiZXhwIjoxODAxNjU5NDIzLCJpYXQiOjE3NzAxMjM0MjMsIm5iZiI6MTc3MDEyMzMwMywib3JnIjoxLCJvbmx5Q2hhbm5lbHMiOlsic2xlLW1vZHVsZS1weXRob24zLTE1LXNwNy1wb29sLXg4Nl82NCJdfQ.GL_KYg5gKNsJ7NsGc0fR2TpLtko0VLU0qO_mNObdEZ4 HTTP/1.1" 200 -
172.16.3.7 - - [03/Feb/2026:13:58:15 +0100] "GET /rhn/manager/download/sle-module-python3-15-sp7-pool-x86_64/repodata/2907bf9d442298cf75983511a4430982bad7da611655f86147077d5c007b061f-susedata.xml.gz?eyJhbGciOiJIUzI1NiJ9.eyJqdGkiOiJvaWdva2s1Ni1tcWZtUHkwYTVSdWNRIiwiZXhwIjoxODAxNjU5NDIzLCJpYXQiOjE3NzAxMjM0MjMsIm5iZiI6MTc3MDEyMzMwMywib3JnIjoxLCJvbmx5Q2hhbm5lbHMiOlsic2xlLW1vZHVsZS1weXRob24zLTE1LXNwNy1wb29sLXg4Nl82NCJdfQ.GL_KYg5gKNsJ7NsGc0fR2TpLtko0VLU0qO_mNObdEZ4 HTTP/1.1" 304 -
172.16.3.5 - - [03/Feb/2026:13:58:15 +0100] "POST /rhn/manager/api/auth/login HTTP/1.1" 200 42
172.16.3.5 - - [03/Feb/2026:13:58:15 +0100] "POST /rhn/manager/frontend-log HTTP/1.1" 200 42
172.16.3.5 - - [03/Feb/2026:13:58:15 +0100] "POST /rhn/manager/api/auth/login HTTP/1.1" 200 42
172.16.3.7 - - [03/Feb/2026:13:58:16 +0100] "HEAD /rhn/manager/download/sle-module-server-applications15-sp7-pool-x86_64/repodata/repomd.xml?eyJhbGciOiJIUzI1NiJ9.eyJqdGkiOiJ2a2VRZmo3NWhMUHJSRnNMYzU0Wi1RIiwiZXhwIjoxODAxNjU5NDIzLCJpYXQiOjE3NzAxMjM0MjMsIm5iZiI6MTc3MDEyMzMwMywib3JnIjoxLCJvbmx5Q2hhbm5lbHMiOlsic2xlLW1vZHVsZS1zZXJ2ZXItYXBwbGljYXRpb25zMTUtc3A3LXBvb2wteDg2XzY0Il19.RYdutlf5W4kcnOLqAWM8pdtlAEM2dClpmKLYX9cRanA HTTP/1.1" 200 -
172.16.3.7 - - [03/Feb/2026:13:58:16 +0100] "HEAD /rhn/manager/download/sle-module-server-applications15-sp7-pool-x86_64/media.1/media?eyJhbGciOiJIUzI1NiJ9.eyJqdGkiOiJ2a2VRZmo3NWhMUHJSRnNMYzU0Wi1RIiwiZXhwIjoxODAxNjU5NDIzLCJpYXQiOjE3NzAxMjM0MjMsIm5iZiI6MTc3MDEyMzMwMywib3JnIjoxLCJvbmx5Q2hhbm5lbHMiOlsic2xlLW1vZHVsZS1zZXJ2ZXItYXBwbGljYXRpb25zMTUtc3A3LXBvb2wteDg2XzY0Il19.RYdutlf5W4kcnOLqAWM8pdtlAEM2dClpmKLYX9cRanA HTTP/1.1" 404 -
172.16.3.7 - - [03/Feb/2026:13:58:16 +0100] "HEAD /rhn/manager/download/sle-module-server-applications15-sp7-pool-x86_64/repodata/repomd.xml?eyJhbGciOiJIUzI1NiJ9.eyJqdGkiOiJ2a2VRZmo3NWhMUHJSRnNMYzU0Wi1RIiwiZXhwIjoxODAxNjU5NDIzLCJpYXQiOjE3NzAxMjM0MjMsIm5iZiI6MTc3MDEyMzMwMywib3JnIjoxLCJvbmx5Q2hhbm5lbHMiOlsic2xlLW1vZHVsZS1zZXJ2ZXItYXBwbGljYXRpb25zMTUtc3A3LXBvb2wteDg2XzY0Il19.RYdutlf5W4kcnOLqAWM8pdtlAEM2dClpmKLYX9cRanA HTTP/1.1" 200 -
172.16.3.5 - - [03/Feb/2026:13:58:16 +0100] "POST /rhn/manager/api/system/searchByName HTTP/1.1" 200 150
172.16.3.7 - - [03/Feb/2026:13:58:16 +0100] "GET /rhn/manager/download/sle-module-server-applications15-sp7-pool-x86_64/repodata/repomd.xml?eyJhbGciOiJIUzI1NiJ9.eyJqdGkiOiJ2a2VRZmo3NWhMUHJSRnNMYzU0Wi1RIiwiZXhwIjoxODAxNjU5NDIzLCJpYXQiOjE3NzAxMjM0MjMsIm5iZiI6MTc3MDEyMzMwMywib3JnIjoxLCJvbmx5Q2hhbm5lbHMiOlsic2xlLW1vZHVsZS1zZXJ2ZXItYXBwbGljYXRpb25zMTUtc3A3LXBvb2wteDg2XzY0Il19.RYdutlf5W4kcnOLqAWM8pdtlAEM2dClpmKLYX9cRanA HTTP/1.1" 304 -
172.16.3.5 - - [03/Feb/2026:13:58:16 +0100] "POST /rhn/manager/api/system/searchByName HTTP/1.1" 200 150
172.16.3.7 - - [03/Feb/2026:13:58:16 +0100] "HEAD /rhn/manager/download/sle-module-server-applications15-sp7-pool-x86_64/repodata/repomd.xml.asc?eyJhbGciOiJIUzI1NiJ9.eyJqdGkiOiJ2a2VRZmo3NWhMUHJSRnNMYzU0Wi1RIiwiZXhwIjoxODAxNjU5NDIzLCJpYXQiOjE3NzAxMjM0MjMsIm5iZiI6MTc3MDEyMzMwMywib3JnIjoxLCJvbmx5Q2hhbm5lbHMiOlsic2xlLW1vZHVsZS1zZXJ2ZXItYXBwbGljYXRpb25zMTUtc3A3LXBvb2wteDg2XzY0Il19.RYdutlf5W4kcnOLqAWM8pdtlAEM2dClpmKLYX9cRanA HTTP/1.1" 404 -
172.16.3.7 - - [03/Feb/2026:13:58:16 +0100] "HEAD /rhn/manager/download/sle-module-server-applications15-sp7-pool-x86_64/repodata/330ee8edf491922532b72eb74538c7aa1bbe97db4c87e3f4f29c05790d072728-primary.xml.gz?eyJhbGciOiJIUzI1NiJ9.eyJqdGkiOiJ2a2VRZmo3NWhMUHJSRnNMYzU0Wi1RIiwiZXhwIjoxODAxNjU5NDIzLCJpYXQiOjE3NzAxMjM0MjMsIm5iZiI6MTc3MDEyMzMwMywib3JnIjoxLCJvbmx5Q2hhbm5lbHMiOlsic2xlLW1vZHVsZS1zZXJ2ZXItYXBwbGljYXRpb25zMTUtc3A3LXBvb2wteDg2XzY0Il19.RYdutlf5W4kcnOLqAWM8pdtlAEM2dClpmKLYX9cRanA HTTP/1.1" 200 -
172.16.3.7 - - [03/Feb/2026:13:58:16 +0100] "GET /rhn/manager/download/sle-module-server-applications15-sp7-pool-x86_64/repodata/330ee8edf491922532b72eb74538c7aa1bbe97db4c87e3f4f29c05790d072728-primary.xml.gz?eyJhbGciOiJIUzI1NiJ9.eyJqdGkiOiJ2a2VRZmo3NWhMUHJSRnNMYzU0Wi1RIiwiZXhwIjoxODAxNjU5NDIzLCJpYXQiOjE3NzAxMjM0MjMsIm5iZiI6MTc3MDEyMzMwMywib3JnIjoxLCJvbmx5Q2hhbm5lbHMiOlsic2xlLW1vZHVsZS1zZXJ2ZXItYXBwbGljYXRpb25zMTUtc3A3LXBvb2wteDg2XzY0Il19.RYdutlf5W4kcnOLqAWM8pdtlAEM2dClpmKLYX9cRanA HTTP/1.1" 304 -
172.16.3.7 - - [03/Feb/2026:13:58:16 +0100] "HEAD /rhn/manager/download/sle-module-server-applications15-sp7-pool-x86_64/repodata/fc19800967e1a3b233bb1c9f3706784710c70e42a7b65a3729f761ee49e25aff-susedata.xml.gz?eyJhbGciOiJIUzI1NiJ9.eyJqdGkiOiJ2a2VRZmo3NWhMUHJSRnNMYzU0Wi1RIiwiZXhwIjoxODAxNjU5NDIzLCJpYXQiOjE3NzAxMjM0MjMsIm5iZiI6MTc3MDEyMzMwMywib3JnIjoxLCJvbmx5Q2hhbm5lbHMiOlsic2xlLW1vZHVsZS1zZXJ2ZXItYXBwbGljYXRpb25zMTUtc3A3LXBvb2wteDg2XzY0Il19.RYdutlf5W4kcnOLqAWM8pdtlAEM2dClpmKLYX9cRanA HTTP/1.1" 200 -
172.16.3.5 - - [03/Feb/2026:13:58:16 +0100] "GET /rhn/manager/api/auth/logout HTTP/1.1" 200 42
172.16.3.5 - - [03/Feb/2026:13:58:13 +0100] "GET /rhn/websocket/notifications HTTP/1.1" 101 -
172.16.3.5 - - [03/Feb/2026:13:58:16 +0100] "GET /rhn/manager/api/auth/logout HTTP/1.1" 200 42
172.16.3.7 - - [03/Feb/2026:13:58:16 +0100] "GET /rhn/manager/download/sle-module-server-applications15-sp7-pool-x86_64/repodata/fc19800967e1a3b233bb1c9f3706784710c70e42a7b65a3729f761ee49e25aff-susedata.xml.gz?eyJhbGciOiJIUzI1NiJ9.eyJqdGkiOiJ2a2VRZmo3NWhMUHJSRnNMYzU0Wi1RIiwiZXhwIjoxODAxNjU5NDIzLCJpYXQiOjE3NzAxMjM0MjMsIm5iZiI6MTc3MDEyMzMwMywib3JnIjoxLCJvbmx5Q2hhbm5lbHMiOlsic2xlLW1vZHVsZS1zZXJ2ZXItYXBwbGljYXRpb25zMTUtc3A3LXBvb2wteDg2XzY0Il19.RYdutlf5W4kcnOLqAWM8pdtlAEM2dClpmKLYX9cRanA HTTP/1.1" 304 -
172.16.3.5 - - [03/Feb/2026:13:58:13 +0100] "GET /rhn/websocket/notifications HTTP/1.1" 101 -
172.16.3.7 - - [03/Feb/2026:13:58:16 +0100] "HEAD /rhn/manager/download/sle-module-systems-management-15-sp7-pool-x86_64/repodata/repomd.xml?eyJhbGciOiJIUzI1NiJ9.eyJqdGkiOiJZdU1SbURiNGswSUd1SER0Yl9fWmd3IiwiZXhwIjoxODAxNjU5NDIzLCJpYXQiOjE3NzAxMjM0MjMsIm5iZiI6MTc3MDEyMzMwMywib3JnIjoxLCJvbmx5Q2hhbm5lbHMiOlsic2xlLW1vZHVsZS1zeXN0ZW1zLW1hbmFnZW1lbnQtMTUtc3A3LXBvb2wteDg2XzY0Il19.cfZC8ZwT1CB70IEG46xHs9QOSx-npTLpWYY_6CW_C-A HTTP/1.1" 200 -
172.16.3.7 - - [03/Feb/2026:13:58:16 +0100] "HEAD /rhn/manager/download/sle-module-systems-management-15-sp7-pool-x86_64/media.1/media?eyJhbGciOiJIUzI1NiJ9.eyJqdGkiOiJZdU1SbURiNGswSUd1SER0Yl9fWmd3IiwiZXhwIjoxODAxNjU5NDIzLCJpYXQiOjE3NzAxMjM0MjMsIm5iZiI6MTc3MDEyMzMwMywib3JnIjoxLCJvbmx5Q2hhbm5lbHMiOlsic2xlLW1vZHVsZS1zeXN0ZW1zLW1hbmFnZW1lbnQtMTUtc3A3LXBvb2wteDg2XzY0Il19.cfZC8ZwT1CB70IEG46xHs9QOSx-npTLpWYY_6CW_C-A HTTP/1.1" 404 -
172.16.3.7 - - [03/Feb/2026:13:58:16 +0100] "HEAD /rhn/manager/download/sle-module-systems-management-15-sp7-pool-x86_64/repodata/repomd.xml?eyJhbGciOiJIUzI1NiJ9.eyJqdGkiOiJZdU1SbURiNGswSUd1SER0Yl9fWmd3IiwiZXhwIjoxODAxNjU5NDIzLCJpYXQiOjE3NzAxMjM0MjMsIm5iZiI6MTc3MDEyMzMwMywib3JnIjoxLCJvbmx5Q2hhbm5lbHMiOlsic2xlLW1vZHVsZS1zeXN0ZW1zLW1hbmFnZW1lbnQtMTUtc3A3LXBvb2wteDg2XzY0Il19.cfZC8ZwT1CB70IEG46xHs9QOSx-npTLpWYY_6CW_C-A HTTP/1.1" 200 -
172.16.3.7 - - [03/Feb/2026:13:58:16 +0100] "GET /rhn/manager/download/sle-module-systems-management-15-sp7-pool-x86_64/repodata/repomd.xml?eyJhbGciOiJIUzI1NiJ9.eyJqdGkiOiJZdU1SbURiNGswSUd1SER0Yl9fWmd3IiwiZXhwIjoxODAxNjU5NDIzLCJpYXQiOjE3NzAxMjM0MjMsIm5iZiI6MTc3MDEyMzMwMywib3JnIjoxLCJvbmx5Q2hhbm5lbHMiOlsic2xlLW1vZHVsZS1zeXN0ZW1zLW1hbmFnZW1lbnQtMTUtc3A3LXBvb2wteDg2XzY0Il19.cfZC8ZwT1CB70IEG46xHs9QOSx-npTLpWYY_6CW_C-A HTTP/1.1" 304 -
172.16.3.7 - - [03/Feb/2026:13:58:16 +0100] "HEAD /rhn/manager/download/sle-module-systems-management-15-sp7-pool-x86_64/repodata/repomd.xml.asc?eyJhbGciOiJIUzI1NiJ9.eyJqdGkiOiJZdU1SbURiNGswSUd1SER0Yl9fWmd3IiwiZXhwIjoxODAxNjU5NDIzLCJpYXQiOjE3NzAxMjM0MjMsIm5iZiI6MTc3MDEyMzMwMywib3JnIjoxLCJvbmx5Q2hhbm5lbHMiOlsic2xlLW1vZHVsZS1zeXN0ZW1zLW1hbmFnZW1lbnQtMTUtc3A3LXBvb2wteDg2XzY0Il19.cfZC8ZwT1CB70IEG46xHs9QOSx-npTLpWYY_6CW_C-A HTTP/1.1" 404 -
172.16.3.7 - - [03/Feb/2026:13:58:16 +0100] "HEAD /rhn/manager/download/sle-module-systems-management-15-sp7-pool-x86_64/repodata/38a868e426ca3589eb0a7ad49d81dc0550e53f69428a068526cf592d1b3cb629-primary.xml.gz?eyJhbGciOiJIUzI1NiJ9.eyJqdGkiOiJZdU1SbURiNGswSUd1SER0Yl9fWmd3IiwiZXhwIjoxODAxNjU5NDIzLCJpYXQiOjE3NzAxMjM0MjMsIm5iZiI6MTc3MDEyMzMwMywib3JnIjoxLCJvbmx5Q2hhbm5lbHMiOlsic2xlLW1vZHVsZS1zeXN0ZW1zLW1hbmFnZW1lbnQtMTUtc3A3LXBvb2wteDg2XzY0Il19.cfZC8ZwT1CB70IEG46xHs9QOSx-npTLpWYY_6CW_C-A HTTP/1.1" 200 -
172.16.3.7 - - [03/Feb/2026:13:58:16 +0100] "GET /rhn/manager/download/sle-module-systems-management-15-sp7-pool-x86_64/repodata/38a868e426ca3589eb0a7ad49d81dc0550e53f69428a068526cf592d1b3cb629-primary.xml.gz?eyJhbGciOiJIUzI1NiJ9.eyJqdGkiOiJZdU1SbURiNGswSUd1SER0Yl9fWmd3IiwiZXhwIjoxODAxNjU5NDIzLCJpYXQiOjE3NzAxMjM0MjMsIm5iZiI6MTc3MDEyMzMwMywib3JnIjoxLCJvbmx5Q2hhbm5lbHMiOlsic2xlLW1vZHVsZS1zeXN0ZW1zLW1hbmFnZW1lbnQtMTUtc3A3LXBvb2wteDg2XzY0Il19.cfZC8ZwT1CB70IEG46xHs9QOSx-npTLpWYY_6CW_C-A HTTP/1.1" 304 -
172.16.3.7 - - [03/Feb/2026:13:58:16 +0100] "HEAD /rhn/manager/download/sle-module-systems-management-15-sp7-pool-x86_64/repodata/110e2a801f4c7d14b5f7b05e63d0fb1a775f607931d93ddbe94e1dbbd080c248-susedata.xml.gz?eyJhbGciOiJIUzI1NiJ9.eyJqdGkiOiJZdU1SbURiNGswSUd1SER0Yl9fWmd3IiwiZXhwIjoxODAxNjU5NDIzLCJpYXQiOjE3NzAxMjM0MjMsIm5iZiI6MTc3MDEyMzMwMywib3JnIjoxLCJvbmx5Q2hhbm5lbHMiOlsic2xlLW1vZHVsZS1zeXN0ZW1zLW1hbmFnZW1lbnQtMTUtc3A3LXBvb2wteDg2XzY0Il19.cfZC8ZwT1CB70IEG46xHs9QOSx-npTLpWYY_6CW_C-A HTTP/1.1" 200 -
172.16.3.7 - - [03/Feb/2026:13:58:16 +0100] "GET /rhn/manager/download/sle-module-systems-management-15-sp7-pool-x86_64/repodata/110e2a801f4c7d14b5f7b05e63d0fb1a775f607931d93ddbe94e1dbbd080c248-susedata.xml.gz?eyJhbGciOiJIUzI1NiJ9.eyJqdGkiOiJZdU1SbURiNGswSUd1SER0Yl9fWmd3IiwiZXhwIjoxODAxNjU5NDIzLCJpYXQiOjE3NzAxMjM0MjMsIm5iZiI6MTc3MDEyMzMwMywib3JnIjoxLCJvbmx5Q2hhbm5lbHMiOlsic2xlLW1vZHVsZS1zeXN0ZW1zLW1hbmFnZW1lbnQtMTUtc3A3LXBvb2wteDg2XzY0Il19.cfZC8ZwT1CB70IEG46xHs9QOSx-npTLpWYY_6CW_C-A HTTP/1.1" 304 -
172.16.3.7 - - [03/Feb/2026:13:58:16 +0100] "HEAD /rhn/manager/download/sle-product-sles15-sp7-pool-x86_64/repodata/repomd.xml?eyJhbGciOiJIUzI1NiJ9.eyJqdGkiOiJ3ajRKYlIxWW5Zd1pMSkxwRm1JZGJRIiwiZXhwIjoxODAxNjU5NDIzLCJpYXQiOjE3NzAxMjM0MjMsIm5iZiI6MTc3MDEyMzMwMywib3JnIjoxLCJvbmx5Q2hhbm5lbHMiOlsic2xlLXByb2R1Y3Qtc2xlczE1LXNwNy1wb29sLXg4Nl82NCJdfQ.lb0MWIcTqFfKv0i4TLBi1SFJ6hOoYyBOh37n_dHCUjs HTTP/1.1" 200 -
172.16.3.7 - - [03/Feb/2026:13:58:16 +0100] "HEAD /rhn/manager/download/sle-product-sles15-sp7-pool-x86_64/media.1/media?eyJhbGciOiJIUzI1NiJ9.eyJqdGkiOiJ3ajRKYlIxWW5Zd1pMSkxwRm1JZGJRIiwiZXhwIjoxODAxNjU5NDIzLCJpYXQiOjE3NzAxMjM0MjMsIm5iZiI6MTc3MDEyMzMwMywib3JnIjoxLCJvbmx5Q2hhbm5lbHMiOlsic2xlLXByb2R1Y3Qtc2xlczE1LXNwNy1wb29sLXg4Nl82NCJdfQ.lb0MWIcTqFfKv0i4TLBi1SFJ6hOoYyBOh37n_dHCUjs HTTP/1.1" 404 -
172.16.3.7 - - [03/Feb/2026:13:58:16 +0100] "HEAD /rhn/manager/download/sle-product-sles15-sp7-pool-x86_64/repodata/repomd.xml?eyJhbGciOiJIUzI1NiJ9.eyJqdGkiOiJ3ajRKYlIxWW5Zd1pMSkxwRm1JZGJRIiwiZXhwIjoxODAxNjU5NDIzLCJpYXQiOjE3NzAxMjM0MjMsIm5iZiI6MTc3MDEyMzMwMywib3JnIjoxLCJvbmx5Q2hhbm5lbHMiOlsic2xlLXByb2R1Y3Qtc2xlczE1LXNwNy1wb29sLXg4Nl82NCJdfQ.lb0MWIcTqFfKv0i4TLBi1SFJ6hOoYyBOh37n_dHCUjs HTTP/1.1" 200 -
172.16.3.7 - - [03/Feb/2026:13:58:16 +0100] "GET /rhn/manager/download/sle-product-sles15-sp7-pool-x86_64/repodata/repomd.xml?eyJhbGciOiJIUzI1NiJ9.eyJqdGkiOiJ3ajRKYlIxWW5Zd1pMSkxwRm1JZGJRIiwiZXhwIjoxODAxNjU5NDIzLCJpYXQiOjE3NzAxMjM0MjMsIm5iZiI6MTc3MDEyMzMwMywib3JnIjoxLCJvbmx5Q2hhbm5lbHMiOlsic2xlLXByb2R1Y3Qtc2xlczE1LXNwNy1wb29sLXg4Nl82NCJdfQ.lb0MWIcTqFfKv0i4TLBi1SFJ6hOoYyBOh37n_dHCUjs HTTP/1.1" 304 -
172.16.3.7 - - [03/Feb/2026:13:58:17 +0100] "HEAD /rhn/manager/download/sle-product-sles15-sp7-pool-x86_64/repodata/repomd.xml.asc?eyJhbGciOiJIUzI1NiJ9.eyJqdGkiOiJ3ajRKYlIxWW5Zd1pMSkxwRm1JZGJRIiwiZXhwIjoxODAxNjU5NDIzLCJpYXQiOjE3NzAxMjM0MjMsIm5iZiI6MTc3MDEyMzMwMywib3JnIjoxLCJvbmx5Q2hhbm5lbHMiOlsic2xlLXByb2R1Y3Qtc2xlczE1LXNwNy1wb29sLXg4Nl82NCJdfQ.lb0MWIcTqFfKv0i4TLBi1SFJ6hOoYyBOh37n_dHCUjs HTTP/1.1" 404 -
172.16.3.7 - - [03/Feb/2026:13:58:17 +0100] "HEAD /rhn/manager/download/sle-product-sles15-sp7-pool-x86_64/repodata/a93f797a7ac21c27ba1681a885d93e8e7d7be5297cc67140f0a29920083b0a60-primary.xml.gz?eyJhbGciOiJIUzI1NiJ9.eyJqdGkiOiJ3ajRKYlIxWW5Zd1pMSkxwRm1JZGJRIiwiZXhwIjoxODAxNjU5NDIzLCJpYXQiOjE3NzAxMjM0MjMsIm5iZiI6MTc3MDEyMzMwMywib3JnIjoxLCJvbmx5Q2hhbm5lbHMiOlsic2xlLXByb2R1Y3Qtc2xlczE1LXNwNy1wb29sLXg4Nl82NCJdfQ.lb0MWIcTqFfKv0i4TLBi1SFJ6hOoYyBOh37n_dHCUjs HTTP/1.1" 200 -
172.16.3.5 - - [03/Feb/2026:13:58:16 +0100] "GET /rhn/systems/details/Overview.do?sid=1000010000 HTTP/1.1" 200 6722
172.16.3.5 - - [03/Feb/2026:13:58:15 +0100] "GET /rhn/websocket/notifications HTTP/1.1" 101 -
172.16.3.7 - - [03/Feb/2026:13:58:17 +0100] "GET /rhn/manager/download/sle-product-sles15-sp7-pool-x86_64/repodata/a93f797a7ac21c27ba1681a885d93e8e7d7be5297cc67140f0a29920083b0a60-primary.xml.gz?eyJhbGciOiJIUzI1NiJ9.eyJqdGkiOiJ3ajRKYlIxWW5Zd1pMSkxwRm1JZGJRIiwiZXhwIjoxODAxNjU5NDIzLCJpYXQiOjE3NzAxMjM0MjMsIm5iZiI6MTc3MDEyMzMwMywib3JnIjoxLCJvbmx5Q2hhbm5lbHMiOlsic2xlLXByb2R1Y3Qtc2xlczE1LXNwNy1wb29sLXg4Nl82NCJdfQ.lb0MWIcTqFfKv0i4TLBi1SFJ6hOoYyBOh37n_dHCUjs HTTP/1.1" 304 -
172.16.3.5 - - [03/Feb/2026:13:58:16 +0100] "GET /rhn/systems/details/Overview.do?sid=1000010000 HTTP/1.1" 200 6721
172.16.3.7 - - [03/Feb/2026:13:58:17 +0100] "HEAD /rhn/manager/download/sle-product-sles15-sp7-pool-x86_64/repodata/d34d50251ddccc5076dda6be822f830e76003f859d24fecd8a7417991ab5a954-susedata.xml.gz?eyJhbGciOiJIUzI1NiJ9.eyJqdGkiOiJ3ajRKYlIxWW5Zd1pMSkxwRm1JZGJRIiwiZXhwIjoxODAxNjU5NDIzLCJpYXQiOjE3NzAxMjM0MjMsIm5iZiI6MTc3MDEyMzMwMywib3JnIjoxLCJvbmx5Q2hhbm5lbHMiOlsic2xlLXByb2R1Y3Qtc2xlczE1LXNwNy1wb29sLXg4Nl82NCJdfQ.lb0MWIcTqFfKv0i4TLBi1SFJ6hOoYyBOh37n_dHCUjs HTTP/1.1" 200 -
172.16.3.5 - - [03/Feb/2026:13:58:15 +0100] "GET /rhn/websocket/notifications HTTP/1.1" 101 -
172.16.3.7 - - [03/Feb/2026:13:58:17 +0100] "GET /rhn/manager/download/sle-product-sles15-sp7-pool-x86_64/repodata/d34d50251ddccc5076dda6be822f830e76003f859d24fecd8a7417991ab5a954-susedata.xml.gz?eyJhbGciOiJIUzI1NiJ9.eyJqdGkiOiJ3ajRKYlIxWW5Zd1pMSkxwRm1JZGJRIiwiZXhwIjoxODAxNjU5NDIzLCJpYXQiOjE3NzAxMjM0MjMsIm5iZiI6MTc3MDEyMzMwMywib3JnIjoxLCJvbmx5Q2hhbm5lbHMiOlsic2xlLXByb2R1Y3Qtc2xlczE1LXNwNy1wb29sLXg4Nl82NCJdfQ.lb0MWIcTqFfKv0i4TLBi1SFJ6hOoYyBOh37n_dHCUjs HTTP/1.1" 304 -
172.16.3.5 - - [03/Feb/2026:13:58:17 +0100] "POST /rhn/manager/frontend-log HTTP/1.1" 200 42
172.16.3.7 - - [03/Feb/2026:13:58:17 +0100] "HEAD /rhn/manager/download/sles15-sp7-devel-uyuni-client-x86_64/repodata/repomd.xml?eyJhbGciOiJIUzI1NiJ9.eyJqdGkiOiJkSFluWVI4dlR3cmYxYVRiQmQxMFFRIiwiZXhwIjoxODAxNjU5NDIzLCJpYXQiOjE3NzAxMjM0MjMsIm5iZiI6MTc3MDEyMzMwMywib3JnIjoxLCJvbmx5Q2hhbm5lbHMiOlsic2xlczE1LXNwNy1kZXZlbC11eXVuaS1jbGllbnQteDg2XzY0Il19.RdoCIFLKTLx74bVn613YXGPnxIxJmIwxBuqddc1Rx1I HTTP/1.1" 200 -
172.16.3.7 - - [03/Feb/2026:13:58:17 +0100] "HEAD /rhn/manager/download/sles15-sp7-devel-uyuni-client-x86_64/media.1/media?eyJhbGciOiJIUzI1NiJ9.eyJqdGkiOiJkSFluWVI4dlR3cmYxYVRiQmQxMFFRIiwiZXhwIjoxODAxNjU5NDIzLCJpYXQiOjE3NzAxMjM0MjMsIm5iZiI6MTc3MDEyMzMwMywib3JnIjoxLCJvbmx5Q2hhbm5lbHMiOlsic2xlczE1LXNwNy1kZXZlbC11eXVuaS1jbGllbnQteDg2XzY0Il19.RdoCIFLKTLx74bVn613YXGPnxIxJmIwxBuqddc1Rx1I HTTP/1.1" 404 -
172.16.3.5 - - [03/Feb/2026:13:58:17 +0100] "POST /rhn/manager/frontend-log HTTP/1.1" 200 42
172.16.3.7 - - [03/Feb/2026:13:58:17 +0100] "HEAD /rhn/manager/download/sles15-sp7-devel-uyuni-client-x86_64/repodata/repomd.xml?eyJhbGciOiJIUzI1NiJ9.eyJqdGkiOiJkSFluWVI4dlR3cmYxYVRiQmQxMFFRIiwiZXhwIjoxODAxNjU5NDIzLCJpYXQiOjE3NzAxMjM0MjMsIm5iZiI6MTc3MDEyMzMwMywib3JnIjoxLCJvbmx5Q2hhbm5lbHMiOlsic2xlczE1LXNwNy1kZXZlbC11eXVuaS1jbGllbnQteDg2XzY0Il19.RdoCIFLKTLx74bVn613YXGPnxIxJmIwxBuqddc1Rx1I HTTP/1.1" 200 -
172.16.3.7 - - [03/Feb/2026:13:58:17 +0100] "GET /rhn/manager/download/sles15-sp7-devel-uyuni-client-x86_64/repodata/repomd.xml?eyJhbGciOiJIUzI1NiJ9.eyJqdGkiOiJkSFluWVI4dlR3cmYxYVRiQmQxMFFRIiwiZXhwIjoxODAxNjU5NDIzLCJpYXQiOjE3NzAxMjM0MjMsIm5iZiI6MTc3MDEyMzMwMywib3JnIjoxLCJvbmx5Q2hhbm5lbHMiOlsic2xlczE1LXNwNy1kZXZlbC11eXVuaS1jbGllbnQteDg2XzY0Il19.RdoCIFLKTLx74bVn613YXGPnxIxJmIwxBuqddc1Rx1I HTTP/1.1" 304 -
172.16.3.5 - - [03/Feb/2026:13:58:17 +0100] "POST /rhn/manager/frontend-log HTTP/1.1" 200 42
172.16.3.7 - - [03/Feb/2026:13:58:17 +0100] "HEAD /rhn/manager/download/sles15-sp7-devel-uyuni-client-x86_64/repodata/repomd.xml.asc?eyJhbGciOiJIUzI1NiJ9.eyJqdGkiOiJkSFluWVI4dlR3cmYxYVRiQmQxMFFRIiwiZXhwIjoxODAxNjU5NDIzLCJpYXQiOjE3NzAxMjM0MjMsIm5iZiI6MTc3MDEyMzMwMywib3JnIjoxLCJvbmx5Q2hhbm5lbHMiOlsic2xlczE1LXNwNy1kZXZlbC11eXVuaS1jbGllbnQteDg2XzY0Il19.RdoCIFLKTLx74bVn613YXGPnxIxJmIwxBuqddc1Rx1I HTTP/1.1" 404 -
172.16.3.5 - - [03/Feb/2026:13:58:17 +0100] "POST /rhn/manager/frontend-log HTTP/1.1" 200 42
172.16.3.7 - - [03/Feb/2026:13:58:17 +0100] "HEAD /rhn/manager/download/sles15-sp7-devel-uyuni-client-x86_64/repodata/e9368ff7e5898a136a42be481dc02c8844acd1d9b4626cb512c8f035426bffbc-primary.xml.gz?eyJhbGciOiJIUzI1NiJ9.eyJqdGkiOiJkSFluWVI4dlR3cmYxYVRiQmQxMFFRIiwiZXhwIjoxODAxNjU5NDIzLCJpYXQiOjE3NzAxMjM0MjMsIm5iZiI6MTc3MDEyMzMwMywib3JnIjoxLCJvbmx5Q2hhbm5lbHMiOlsic2xlczE1LXNwNy1kZXZlbC11eXVuaS1jbGllbnQteDg2XzY0Il19.RdoCIFLKTLx74bVn613YXGPnxIxJmIwxBuqddc1Rx1I HTTP/1.1" 200 -
172.16.3.7 - - [03/Feb/2026:13:58:17 +0100] "GET /rhn/manager/download/sles15-sp7-devel-uyuni-client-x86_64/repodata/e9368ff7e5898a136a42be481dc02c8844acd1d9b4626cb512c8f035426bffbc-primary.xml.gz?eyJhbGciOiJIUzI1NiJ9.eyJqdGkiOiJkSFluWVI4dlR3cmYxYVRiQmQxMFFRIiwiZXhwIjoxODAxNjU5NDIzLCJpYXQiOjE3NzAxMjM0MjMsIm5iZiI6MTc3MDEyMzMwMywib3JnIjoxLCJvbmx5Q2hhbm5lbHMiOlsic2xlczE1LXNwNy1kZXZlbC11eXVuaS1jbGllbnQteDg2XzY0Il19.RdoCIFLKTLx74bVn613YXGPnxIxJmIwxBuqddc1Rx1I HTTP/1.1" 304 -
172.16.3.7 - - [03/Feb/2026:13:58:17 +0100] "HEAD /rhn/manager/download/sles15-sp7-devel-uyuni-client-x86_64/repodata/8a5127520ba7846851b47d69f4166ab8bb3127da3fccb0935e621b6b6d6cf861-susedata.xml.gz?eyJhbGciOiJIUzI1NiJ9.eyJqdGkiOiJkSFluWVI4dlR3cmYxYVRiQmQxMFFRIiwiZXhwIjoxODAxNjU5NDIzLCJpYXQiOjE3NzAxMjM0MjMsIm5iZiI6MTc3MDEyMzMwMywib3JnIjoxLCJvbmx5Q2hhbm5lbHMiOlsic2xlczE1LXNwNy1kZXZlbC11eXVuaS1jbGllbnQteDg2XzY0Il19.RdoCIFLKTLx74bVn613YXGPnxIxJmIwxBuqddc1Rx1I HTTP/1.1" 200 -
172.16.3.7 - - [03/Feb/2026:13:58:17 +0100] "GET /rhn/manager/download/sles15-sp7-devel-uyuni-client-x86_64/repodata/8a5127520ba7846851b47d69f4166ab8bb3127da3fccb0935e621b6b6d6cf861-susedata.xml.gz?eyJhbGciOiJIUzI1NiJ9.eyJqdGkiOiJkSFluWVI4dlR3cmYxYVRiQmQxMFFRIiwiZXhwIjoxODAxNjU5NDIzLCJpYXQiOjE3NzAxMjM0MjMsIm5iZiI6MTc3MDEyMzMwMywib3JnIjoxLCJvbmx5Q2hhbm5lbHMiOlsic2xlczE1LXNwNy1kZXZlbC11eXVuaS1jbGllbnQteDg2XzY0Il19.RdoCIFLKTLx74bVn613YXGPnxIxJmIwxBuqddc1Rx1I HTTP/1.1" 304 -
172.16.3.5 - - [03/Feb/2026:13:58:17 +0100] "GET /rhn/systems/details/Overview.do?sid=1000010000& HTTP/1.1" 200 6721
172.16.3.5 - - [03/Feb/2026:13:58:18 +0100] "GET /img/favicon.ico?q=0.7745106401537889 HTTP/1.1" 200 1150
172.16.3.5 - - [03/Feb/2026:13:58:17 +0100] "GET /rhn/systems/details/Overview.do?sid=1000010000& HTTP/1.1" 200 6722
172.16.3.5 - - [03/Feb/2026:13:58:18 +0100] "GET /img/favicon.ico?q=0.5968650264828649 HTTP/1.1" 200 1150
172.16.3.5 - - [03/Feb/2026:13:58:18 +0100] "GET /rhn/websocket/notifications HTTP/1.1" 101 -
172.16.3.5 - - [03/Feb/2026:13:58:18 +0100] "POST /rhn/manager/frontend-log HTTP/1.1" 200 42
172.16.3.5 - - [03/Feb/2026:13:58:18 +0100] "GET /rhn/websocket/notifications HTTP/1.1" 101 -
172.16.3.5 - - [03/Feb/2026:13:58:18 +0100] "POST /rhn/manager/frontend-log HTTP/1.1" 200 42
172.16.3.5 - - [03/Feb/2026:13:58:18 +0100] "GET /rhn/systems/details/ProxyClients.do?sid=1000010000& HTTP/1.1" 200 7861
172.16.3.5 - - [03/Feb/2026:13:58:18 +0100] "GET /rhn/systems/details/ProxyClients.do?sid=1000010000& HTTP/1.1" 200 7861
172.16.3.5 - - [03/Feb/2026:13:58:19 +0100] "GET /img/favicon.ico?q=0.8875932271256572 HTTP/1.1" 200 1150
172.16.3.5 - - [03/Feb/2026:13:58:19 +0100] "GET /img/favicon.ico?q=0.52119189045724 HTTP/1.1" 200 1150
172.16.3.5 - - [03/Feb/2026:13:58:19 +0100] "POST /rhn/manager/frontend-log HTTP/1.1" 200 42
172.16.3.5 - - [03/Feb/2026:13:58:19 +0100] "POST /rhn/manager/frontend-log HTTP/1.1" 200 42
172.16.3.5 - - [03/Feb/2026:13:58:19 +0100] "POST /rhn/manager/api/auth/login HTTP/1.1" 200 42
172.16.3.5 - - [03/Feb/2026:13:58:19 +0100] "POST /rhn/manager/api/auth/login HTTP/1.1" 200 42
172.16.3.5 - - [03/Feb/2026:13:58:19 +0100] "POST /rhn/manager/api/system/searchByName HTTP/1.1" 200 155
172.16.3.5 - - [03/Feb/2026:13:58:19 +0100] "POST /rhn/manager/api/system/searchByName HTTP/1.1" 200 155
172.16.3.5 - - [03/Feb/2026:13:58:19 +0100] "GET /rhn/manager/api/auth/logout HTTP/1.1" 200 42
172.16.3.5 - - [03/Feb/2026:13:58:17 +0100] "GET /rhn/websocket/notifications HTTP/1.1" 101 -
172.16.3.5 - - [03/Feb/2026:13:58:19 +0100] "GET /rhn/manager/api/auth/logout HTTP/1.1" 200 42
172.16.3.5 - - [03/Feb/2026:13:58:17 +0100] "GET /rhn/websocket/notifications HTTP/1.1" 101 -
172.16.3.5 - - [03/Feb/2026:13:58:19 +0100] "GET /rhn/systems/details/Overview.do?sid=1000010001 HTTP/1.1" 200 6961
172.16.3.5 - - [03/Feb/2026:13:58:19 +0100] "GET /rhn/websocket/notifications HTTP/1.1" 101 -
172.16.3.5 - - [03/Feb/2026:13:58:19 +0100] "GET /rhn/systems/details/Overview.do?sid=1000010002 HTTP/1.1" 200 6910
