172.16.3.5 - - [30/Jan/2026:17:25:40 +0100] "GET /rhn/manager/api/activation-keys/base-channels/128/child-channels HTTP/1.1" 200 566
172.16.3.5 - - [30/Jan/2026:17:25:40 +0100] "POST /rhn/manager/api/admin/mandatoryChannels HTTP/1.1" 200 43
172.16.3.5 - - [30/Jan/2026:17:25:41 +0100] "POST /rhn/activationkeys/Edit.do?tid=3 HTTP/1.1" 302 -
172.16.3.5 - - [30/Jan/2026:17:25:41 +0100] "GET /rhn/activationkeys/Edit.do?tid=3 HTTP/1.1" 200 43142
172.16.3.5 - - [30/Jan/2026:17:25:41 +0100] "POST /rhn/manager/frontend-log HTTP/1.1" 200 16
127.0.0.1 - - [30/Jan/2026:17:25:41 +0100] "GET /rhn/websocket/notifications HTTP/1.1" 101 -
172.16.3.5 - - [30/Jan/2026:17:25:41 +0100] "POST /rhn/manager/frontend-log HTTP/1.1" 200 16
127.0.0.1 - - [30/Jan/2026:17:25:41 +0100] "GET /rhn/websocket/notifications HTTP/1.1" 101 -
172.16.3.5 - - [30/Jan/2026:17:25:42 +0100] "GET /rhn/manager/api/activation-keys/3/channels HTTP/1.1" 200 564
172.16.3.5 - - [30/Jan/2026:17:25:42 +0100] "GET /rhn/activationkeys/List.do HTTP/1.1" 200 49511
172.16.3.5 - - [30/Jan/2026:17:25:42 +0100] "GET /rhn/manager/api/activation-keys/base-channels HTTP/1.1" 200 2321
127.0.0.1 - - [30/Jan/2026:17:25:42 +0100] "GET /rhn/websocket/notifications HTTP/1.1" 101 -
172.16.3.5 - - [30/Jan/2026:17:25:42 +0100] "POST /rhn/manager/frontend-log HTTP/1.1" 200 16
172.16.3.5 - - [30/Jan/2026:17:25:42 +0100] "GET /rhn/activationkeys/Edit.do?tid=2 HTTP/1.1" 200 43011
172.16.3.5 - - [30/Jan/2026:17:25:42 +0100] "GET /rhn/manager/api/activation-keys/base-channels/-1/child-channels HTTP/1.1" 200 9851
127.0.0.1 - - [30/Jan/2026:17:25:42 +0100] "GET /rhn/websocket/notifications HTTP/1.1" 101 -
172.16.3.5 - - [30/Jan/2026:17:25:42 +0100] "POST /rhn/manager/frontend-log HTTP/1.1" 200 16
172.16.3.5 - - [30/Jan/2026:17:25:43 +0100] "GET /rhn/manager/api/activation-keys/2/channels HTTP/1.1" 200 303
172.16.3.5 - - [30/Jan/2026:17:25:43 +0100] "GET /rhn/manager/api/activation-keys/base-channels HTTP/1.1" 200 2321
172.16.3.5 - - [30/Jan/2026:17:25:43 +0100] "GET /rhn/manager/api/activation-keys/base-channels/129/child-channels HTTP/1.1" 200 536
172.16.3.5 - - [30/Jan/2026:17:25:43 +0100] "POST /rhn/manager/api/admin/mandatoryChannels HTTP/1.1" 200 43
172.16.3.5 - - [30/Jan/2026:17:25:44 +0100] "POST /rhn/activationkeys/Edit.do?tid=2 HTTP/1.1" 302 -
172.16.3.5 - - [30/Jan/2026:17:25:44 +0100] "GET /rhn/activationkeys/Edit.do?tid=2 HTTP/1.1" 200 43142
172.16.3.5 - - [30/Jan/2026:17:25:44 +0100] "POST /rhn/manager/frontend-log HTTP/1.1" 200 16
127.0.0.1 - - [30/Jan/2026:17:25:44 +0100] "GET /rhn/websocket/notifications HTTP/1.1" 101 -
172.16.3.5 - - [30/Jan/2026:17:25:44 +0100] "POST /rhn/manager/frontend-log HTTP/1.1" 200 16
127.0.0.1 - - [30/Jan/2026:17:25:44 +0100] "GET /rhn/websocket/notifications HTTP/1.1" 101 -
172.16.3.5 - - [30/Jan/2026:17:25:45 +0100] "GET /rhn/manager/api/activation-keys/2/channels HTTP/1.1" 200 534
172.16.3.5 - - [30/Jan/2026:17:25:45 +0100] "GET /rhn/manager/api/activation-keys/base-channels HTTP/1.1" 200 2321
172.16.3.5 - - [30/Jan/2026:17:25:45 +0100] "GET /rhn/manager/api/activation-keys/base-channels/129/child-channels HTTP/1.1" 200 536
172.16.3.5 - - [30/Jan/2026:17:25:45 +0100] "POST /rhn/manager/api/admin/mandatoryChannels HTTP/1.1" 200 43
172.16.3.5 - - [30/Jan/2026:17:26:06 +0100] "POST /rhn/manager/api/auth/login HTTP/1.1" 200 16
172.16.3.5 - - [30/Jan/2026:17:26:06 +0100] "GET /rhn/manager/api/user/listUsers HTTP/1.1" 200 275
172.16.3.5 - - [30/Jan/2026:17:26:06 +0100] "GET /rhn/manager/api/auth/logout HTTP/1.1" 200 16
172.16.3.5 - - [30/Jan/2026:17:26:06 +0100] "POST /rhn/manager/api/auth/login HTTP/1.1" 200 16
172.16.3.5 - - [30/Jan/2026:17:26:06 +0100] "POST /rhn/manager/api/user/create HTTP/1.1" 200 27
172.16.3.5 - - [30/Jan/2026:17:26:06 +0100] "GET /rhn/manager/api/auth/logout HTTP/1.1" 200 16
172.16.3.5 - - [30/Jan/2026:17:26:06 +0100] "POST /rhn/manager/api/auth/login HTTP/1.1" 200 16
172.16.3.5 - - [30/Jan/2026:17:26:07 +0100] "POST /rhn/manager/api/user/addRole HTTP/1.1" 200 27
172.16.3.5 - - [30/Jan/2026:17:26:07 +0100] "GET /rhn/manager/api/auth/logout HTTP/1.1" 200 16
172.16.3.5 - - [30/Jan/2026:17:26:07 +0100] "POST /rhn/manager/api/auth/login HTTP/1.1" 200 16
172.16.3.5 - - [30/Jan/2026:17:26:07 +0100] "POST /rhn/manager/api/user/addRole HTTP/1.1" 200 27
172.16.3.5 - - [30/Jan/2026:17:26:07 +0100] "GET /rhn/manager/api/auth/logout HTTP/1.1" 200 16
172.16.3.5 - - [30/Jan/2026:17:26:07 +0100] "POST /rhn/manager/api/auth/login HTTP/1.1" 200 16
172.16.3.5 - - [30/Jan/2026:17:26:07 +0100] "POST /rhn/manager/api/user/addRole HTTP/1.1" 200 27
172.16.3.5 - - [30/Jan/2026:17:26:07 +0100] "GET /rhn/manager/api/auth/logout HTTP/1.1" 200 16
172.16.3.5 - - [30/Jan/2026:17:26:07 +0100] "POST /rhn/manager/api/auth/login HTTP/1.1" 200 16
172.16.3.5 - - [30/Jan/2026:17:26:07 +0100] "POST /rhn/manager/api/user/addRole HTTP/1.1" 200 27
172.16.3.5 - - [30/Jan/2026:17:26:08 +0100] "GET /rhn/manager/api/auth/logout HTTP/1.1" 200 16
172.16.3.5 - - [30/Jan/2026:17:26:08 +0100] "POST /rhn/manager/api/auth/login HTTP/1.1" 200 16
172.16.3.5 - - [30/Jan/2026:17:26:08 +0100] "POST /rhn/manager/api/user/addRole HTTP/1.1" 200 27
172.16.3.5 - - [30/Jan/2026:17:26:08 +0100] "GET /rhn/manager/api/auth/logout HTTP/1.1" 200 16
172.16.3.5 - - [30/Jan/2026:17:26:08 +0100] "POST /rhn/manager/api/auth/login HTTP/1.1" 200 16
172.16.3.5 - - [30/Jan/2026:17:26:08 +0100] "POST /rhn/manager/api/user/addRole HTTP/1.1" 200 27
172.16.3.5 - - [30/Jan/2026:17:26:08 +0100] "GET /rhn/manager/api/auth/logout HTTP/1.1" 200 16
::1 - - [30/Jan/2026:17:26:17 +0100] "GET /rhn/manager/login HTTP/1.1" 302 -
172.16.3.5 - - [30/Jan/2026:17:26:41 +0100] "GET /rhn/manager/login HTTP/1.1" 200 2217
172.16.3.5 - - [30/Jan/2026:17:26:42 +0100] "POST /rhn/manager/frontend-log HTTP/1.1" 302 -
172.16.3.5 - - [30/Jan/2026:17:26:42 +0100] "GET /rhn/manager/login?url_bounce=%2Frhn%2Fmanager%2Ffrontend-log&request_method=POST HTTP/1.1" 200 2225
172.16.3.5 - - [30/Jan/2026:17:26:52 +0100] "POST /rhn/manager/api/login HTTP/1.1" 200 16
172.16.3.5 - - [30/Jan/2026:17:26:52 +0100] "GET /rhn/YourRhn.do HTTP/1.1" 200 36306
172.16.3.5 - - [30/Jan/2026:17:26:52 +0100] "POST /rhn/manager/frontend-log HTTP/1.1" 401 755
172.16.3.5 - - [30/Jan/2026:17:26:52 +0100] "POST /rhn/ajax/subscription-warning HTTP/1.1" 200 -
172.16.3.5 - - [30/Jan/2026:17:26:52 +0100] "POST /rhn/ajax/inactive-systems HTTP/1.1" 200 540
172.16.3.5 - - [30/Jan/2026:17:26:52 +0100] "POST /rhn/ajax/latest-errata HTTP/1.1" 200 539
127.0.0.1 - - [30/Jan/2026:17:26:52 +0100] "GET /rhn/websocket/notifications HTTP/1.1" 101 -
172.16.3.5 - - [30/Jan/2026:17:26:53 +0100] "POST /rhn/ajax/critical-systems HTTP/1.1" 200 2025
172.16.3.5 - - [30/Jan/2026:17:26:53 +0100] "POST /rhn/ajax/systems-groups HTTP/1.1" 200 1490
172.16.3.5 - - [30/Jan/2026:17:26:53 +0100] "POST /rhn/ajax/tasks HTTP/1.1" 200 2232
172.16.3.5 - - [30/Jan/2026:17:26:53 +0100] "POST /rhn/ajax/recent-systems HTTP/1.1" 200 2058
172.16.3.5 - - [30/Jan/2026:17:26:53 +0100] "POST /rhn/ajax/pending-actions HTTP/1.1" 200 636
127.0.0.1 - - [30/Jan/2026:17:26:53 +0100] "GET /rhn/websocket/notifications HTTP/1.1" 101 -
172.16.3.5 - - [30/Jan/2026:17:26:53 +0100] "POST /rhn/manager/frontend-log HTTP/1.1" 401 755
172.16.3.5 - - [30/Jan/2026:17:26:53 +0100] "GET /rhn/manager/systems/bootstrap HTTP/1.1" 200 34532
127.0.0.1 - - [30/Jan/2026:17:26:53 +0100] "GET /rhn/websocket/notifications HTTP/1.1" 101 -
172.16.3.5 - - [30/Jan/2026:17:26:53 +0100] "POST /rhn/manager/frontend-log HTTP/1.1" 200 16
::1 - - [30/Jan/2026:17:27:20 +0100] "GET /rhn/manager/login HTTP/1.1" 302 -
172.16.3.7 - - [30/Jan/2026:17:27:22 +0100] "GET /rhn/errors/404.jsp HTTP/1.1" 404 4500
172.16.3.7 - - [30/Jan/2026:17:27:22 +0100] "GET /rhn/errors/404.jsp HTTP/1.1" 404 4500
172.16.3.5 - - [30/Jan/2026:17:27:28 +0100] "POST /rhn/manager/api/systems/bootstrap HTTP/1.1" 200 28
172.16.3.5 - - [30/Jan/2026:17:27:29 +0100] "GET /rhn/manager/systems/list/all HTTP/1.1" 200 34439
127.0.0.1 - - [30/Jan/2026:17:27:29 +0100] "GET /rhn/websocket/notifications HTTP/1.1" 101 -
172.16.3.5 - - [30/Jan/2026:17:27:29 +0100] "POST /rhn/manager/frontend-log HTTP/1.1" 200 16
172.16.3.5 - - [30/Jan/2026:17:27:29 +0100] "GET /rhn/manager/api/systems/list/all?p=1&ps=100&s=1&sc=server_name HTTP/1.1" 200 39
172.16.3.5 - - [30/Jan/2026:17:27:29 +0100] "POST /rhn/manager/api/sets/system_list HTTP/1.1" 200 1
172.16.3.5 - - [30/Jan/2026:17:27:36 +0100] "GET /rhn/manager/systems/list/all HTTP/1.1" 200 34439
172.16.3.5 - - [30/Jan/2026:17:27:36 +0100] "POST /rhn/manager/frontend-log HTTP/1.1" 200 16
127.0.0.1 - - [30/Jan/2026:17:27:36 +0100] "GET /rhn/websocket/notifications HTTP/1.1" 101 -
172.16.3.5 - - [30/Jan/2026:17:27:36 +0100] "POST /rhn/manager/frontend-log HTTP/1.1" 200 16
127.0.0.1 - - [30/Jan/2026:17:27:36 +0100] "GET /rhn/websocket/notifications HTTP/1.1" 101 -
172.16.3.5 - - [30/Jan/2026:17:27:36 +0100] "GET /rhn/manager/api/systems/list/all?p=1&ps=100&s=1&sc=server_name HTTP/1.1" 200 39
172.16.3.5 - - [30/Jan/2026:17:27:36 +0100] "POST /rhn/manager/api/sets/system_list HTTP/1.1" 200 1
172.16.3.5 - - [30/Jan/2026:17:27:49 +0100] "GET /rhn/manager/systems/list/all HTTP/1.1" 200 34439
172.16.3.5 - - [30/Jan/2026:17:27:49 +0100] "POST /rhn/manager/frontend-log HTTP/1.1" 200 16
127.0.0.1 - - [30/Jan/2026:17:27:49 +0100] "GET /rhn/websocket/notifications HTTP/1.1" 101 -
172.16.3.5 - - [30/Jan/2026:17:27:49 +0100] "POST /rhn/manager/frontend-log HTTP/1.1" 200 16
127.0.0.1 - - [30/Jan/2026:17:27:50 +0100] "GET /rhn/websocket/notifications HTTP/1.1" 101 -
172.16.3.5 - - [30/Jan/2026:17:27:50 +0100] "GET /rhn/manager/api/systems/list/all?p=1&ps=100&s=1&sc=server_name HTTP/1.1" 200 39
172.16.3.5 - - [30/Jan/2026:17:27:50 +0100] "POST /rhn/manager/api/sets/system_list HTTP/1.1" 200 1
172.16.3.5 - - [30/Jan/2026:17:28:03 +0100] "GET /rhn/manager/systems/list/all HTTP/1.1" 200 34439
172.16.3.5 - - [30/Jan/2026:17:28:03 +0100] "POST /rhn/manager/frontend-log HTTP/1.1" 200 16
127.0.0.1 - - [30/Jan/2026:17:28:03 +0100] "GET /rhn/websocket/notifications HTTP/1.1" 101 -
172.16.3.5 - - [30/Jan/2026:17:28:03 +0100] "POST /rhn/manager/frontend-log HTTP/1.1" 200 16
127.0.0.1 - - [30/Jan/2026:17:28:03 +0100] "GET /rhn/websocket/notifications HTTP/1.1" 101 -
172.16.3.5 - - [30/Jan/2026:17:28:03 +0100] "GET /rhn/manager/api/systems/list/all?p=1&ps=100&s=1&sc=server_name HTTP/1.1" 200 777
172.16.3.5 - - [30/Jan/2026:17:28:03 +0100] "POST /rhn/manager/api/sets/system_list HTTP/1.1" 200 1
172.16.3.5 - - [30/Jan/2026:17:28:14 +0100] "GET /rhn/systems/details/Overview.do?sid=1000010000 HTTP/1.1" 200 42510
172.16.3.5 - - [30/Jan/2026:17:28:14 +0100] "POST /rhn/manager/frontend-log HTTP/1.1" 200 16
127.0.0.1 - - [30/Jan/2026:17:28:14 +0100] "GET /rhn/websocket/notifications HTTP/1.1" 101 -
172.16.3.5 - - [30/Jan/2026:17:28:14 +0100] "GET /rhn/systems/details/history/Pending.do?sid=1000010000& HTTP/1.1" 200 40607
127.0.0.1 - - [30/Jan/2026:17:28:15 +0100] "GET /rhn/websocket/notifications HTTP/1.1" 101 -
172.16.3.5 - - [30/Jan/2026:17:28:15 +0100] "POST /rhn/manager/frontend-log HTTP/1.1" 200 16
172.16.3.5 - - [30/Jan/2026:17:28:15 +0100] "GET /rhn/systems/details/history/Pending.do?sid=1000010000& HTTP/1.1" 200 40607
127.0.0.1 - - [30/Jan/2026:17:28:15 +0100] "GET /rhn/websocket/notifications HTTP/1.1" 101 -
172.16.3.5 - - [30/Jan/2026:17:28:15 +0100] "POST /rhn/manager/frontend-log HTTP/1.1" 200 16
172.16.3.5 - - [30/Jan/2026:17:28:15 +0100] "GET /rhn/systems/details/history/History.do?sid=1000010000& HTTP/1.1" 200 42918
127.0.0.1 - - [30/Jan/2026:17:28:16 +0100] "GET /rhn/websocket/notifications HTTP/1.1" 101 -
172.16.3.5 - - [30/Jan/2026:17:28:16 +0100] "POST /rhn/manager/frontend-log HTTP/1.1" 200 16
172.16.3.5 - - [30/Jan/2026:17:28:16 +0100] "GET /rhn/systems/details/history/Event.do?sid=1000010000&aid=3 HTTP/1.1" 200 46223
127.0.0.1 - - [30/Jan/2026:17:28:16 +0100] "GET /rhn/websocket/notifications HTTP/1.1" 101 -
172.16.3.5 - - [30/Jan/2026:17:28:16 +0100] "POST /rhn/manager/frontend-log HTTP/1.1" 200 16
172.16.3.5 - - [30/Jan/2026:17:28:17 +0100] "GET /rhn/systems/details/history/Pending.do?sid=1000010000& HTTP/1.1" 200 40607
127.0.0.1 - - [30/Jan/2026:17:28:17 +0100] "GET /rhn/websocket/notifications HTTP/1.1" 101 -
172.16.3.5 - - [30/Jan/2026:17:28:17 +0100] "POST /rhn/manager/frontend-log HTTP/1.1" 200 16
172.16.3.5 - - [30/Jan/2026:17:28:17 +0100] "GET /rhn/systems/details/history/Pending.do?sid=1000010000& HTTP/1.1" 200 40607
127.0.0.1 - - [30/Jan/2026:17:28:17 +0100] "GET /rhn/websocket/notifications HTTP/1.1" 101 -
172.16.3.5 - - [30/Jan/2026:17:28:17 +0100] "POST /rhn/manager/frontend-log HTTP/1.1" 200 16
::1 - - [30/Jan/2026:17:28:23 +0100] "GET /rhn/manager/login HTTP/1.1" 302 -
172.16.3.5 - - [30/Jan/2026:17:28:24 +0100] "GET /rhn/systems/details/history/Pending.do?sid=1000010000& HTTP/1.1" 200 40607
172.16.3.5 - - [30/Jan/2026:17:28:24 +0100] "POST /rhn/manager/frontend-log HTTP/1.1" 200 16
127.0.0.1 - - [30/Jan/2026:17:28:24 +0100] "GET /rhn/websocket/notifications HTTP/1.1" 101 -
172.16.3.5 - - [30/Jan/2026:17:28:24 +0100] "POST /rhn/manager/frontend-log HTTP/1.1" 200 16
127.0.0.1 - - [30/Jan/2026:17:28:24 +0100] "GET /rhn/websocket/notifications HTTP/1.1" 101 -
172.16.3.5 - - [30/Jan/2026:17:28:37 +0100] "GET /rhn/systems/details/history/Pending.do?sid=1000010000& HTTP/1.1" 200 37854
172.16.3.5 - - [30/Jan/2026:17:28:37 +0100] "POST /rhn/manager/frontend-log HTTP/1.1" 200 16
127.0.0.1 - - [30/Jan/2026:17:28:38 +0100] "GET /rhn/websocket/notifications HTTP/1.1" 101 -
172.16.3.5 - - [30/Jan/2026:17:28:38 +0100] "POST /rhn/manager/frontend-log HTTP/1.1" 200 16
127.0.0.1 - - [30/Jan/2026:17:28:38 +0100] "GET /rhn/websocket/notifications HTTP/1.1" 101 -
172.16.3.5 - - [30/Jan/2026:17:28:48 +0100] "GET /rhn/systems/details/history/History.do?sid=1000010000& HTTP/1.1" 200 44029
127.0.0.1 - - [30/Jan/2026:17:28:48 +0100] "GET /rhn/websocket/notifications HTTP/1.1" 101 -
172.16.3.5 - - [30/Jan/2026:17:28:48 +0100] "POST /rhn/manager/frontend-log HTTP/1.1" 200 16
172.16.3.5 - - [30/Jan/2026:17:28:48 +0100] "GET /rhn/systems/details/history/Event.do?sid=1000010000&aid=2 HTTP/1.1" 200 38099
127.0.0.1 - - [30/Jan/2026:17:28:49 +0100] "GET /rhn/websocket/notifications HTTP/1.1" 101 -
172.16.3.5 - - [30/Jan/2026:17:28:49 +0100] "POST /rhn/manager/frontend-log HTTP/1.1" 200 16
172.16.3.5 - - [30/Jan/2026:17:28:49 +0100] "GET /rhn/systems/details/history/Pending.do?sid=1000010000& HTTP/1.1" 200 37854
127.0.0.1 - - [30/Jan/2026:17:28:49 +0100] "GET /rhn/websocket/notifications HTTP/1.1" 101 -
172.16.3.5 - - [30/Jan/2026:17:28:49 +0100] "POST /rhn/manager/frontend-log HTTP/1.1" 200 16
172.16.3.5 - - [30/Jan/2026:17:28:50 +0100] "GET /rhn/systems/details/history/Pending.do?sid=1000010000& HTTP/1.1" 200 37854
127.0.0.1 - - [30/Jan/2026:17:28:50 +0100] "GET /rhn/websocket/notifications HTTP/1.1" 101 -
172.16.3.5 - - [30/Jan/2026:17:28:50 +0100] "POST /rhn/manager/frontend-log HTTP/1.1" 200 16
172.16.3.5 - - [30/Jan/2026:17:28:50 +0100] "GET /rhn/systems/details/history/History.do?sid=1000010000& HTTP/1.1" 200 44029
127.0.0.1 - - [30/Jan/2026:17:28:50 +0100] "GET /rhn/websocket/notifications HTTP/1.1" 101 -
172.16.3.5 - - [30/Jan/2026:17:28:50 +0100] "POST /rhn/manager/frontend-log HTTP/1.1" 200 16
172.16.3.5 - - [30/Jan/2026:17:28:51 +0100] "GET /rhn/systems/details/history/Event.do?sid=1000010000&aid=4 HTTP/1.1" 200 38132
127.0.0.1 - - [30/Jan/2026:17:28:51 +0100] "GET /rhn/websocket/notifications HTTP/1.1" 101 -
172.16.3.5 - - [30/Jan/2026:17:28:51 +0100] "POST /rhn/manager/frontend-log HTTP/1.1" 200 16
::1 - - [30/Jan/2026:17:28:52 +0100] "POST /rhn/rpc/api HTTP/1.1" 200 137
::1 - - [30/Jan/2026:17:28:53 +0100] "POST /rhn/rpc/api HTTP/1.1" 200 204
::1 - - [30/Jan/2026:17:28:53 +0100] "POST /rhn/rpc/api HTTP/1.1" 200 138
::1 - - [30/Jan/2026:17:29:00 +0100] "POST /rhn/rpc/api HTTP/1.1" 200 19575
::1 - - [30/Jan/2026:17:29:26 +0100] "GET /rhn/manager/login HTTP/1.1" 302 -
172.16.3.5 - - [30/Jan/2026:17:29:40 +0100] "GET /rhn/manager/systems/list/all HTTP/1.1" 200 34439
127.0.0.1 - - [30/Jan/2026:17:29:40 +0100] "GET /rhn/websocket/notifications HTTP/1.1" 101 -
172.16.3.5 - - [30/Jan/2026:17:29:40 +0100] "POST /rhn/manager/frontend-log HTTP/1.1" 200 16
172.16.3.5 - - [30/Jan/2026:17:29:40 +0100] "GET /rhn/manager/api/systems/list/all?p=1&ps=100&s=1&sc=server_name HTTP/1.1" 200 766
172.16.3.5 - - [30/Jan/2026:17:29:40 +0100] "POST /rhn/manager/api/sets/system_list HTTP/1.1" 200 1
172.16.3.5 - - [30/Jan/2026:17:29:40 +0100] "POST /rhn/manager/api/auth/login HTTP/1.1" 200 16
172.16.3.5 - - [30/Jan/2026:17:29:41 +0100] "POST /rhn/manager/api/system/searchByName HTTP/1.1" 200 157
172.16.3.5 - - [30/Jan/2026:17:29:41 +0100] "GET /rhn/manager/api/auth/logout HTTP/1.1" 200 16
172.16.3.5 - - [30/Jan/2026:17:29:41 +0100] "GET /rhn/systems/details/Overview.do?sid=1000010000 HTTP/1.1" 200 43366
172.16.3.5 - - [30/Jan/2026:17:29:41 +0100] "POST /rhn/manager/frontend-log HTTP/1.1" 200 16
127.0.0.1 - - [30/Jan/2026:17:29:41 +0100] "GET /rhn/websocket/notifications HTTP/1.1" 101 -
172.16.3.5 - - [30/Jan/2026:17:29:41 +0100] "POST /rhn/manager/frontend-log HTTP/1.1" 200 16
172.16.3.5 - - [30/Jan/2026:17:29:42 +0100] "GET /rhn/systems/details/Edit.do?sid=1000010000& HTTP/1.1" 200 59802
127.0.0.1 - - [30/Jan/2026:17:29:42 +0100] "GET /rhn/websocket/notifications HTTP/1.1" 101 -
172.16.3.5 - - [30/Jan/2026:17:29:42 +0100] "POST /rhn/manager/frontend-log HTTP/1.1" 200 16
172.16.3.5 - - [30/Jan/2026:17:29:52 +0100] "POST /rhn/manager/api/auth/login HTTP/1.1" 200 16
172.16.3.5 - - [30/Jan/2026:17:29:52 +0100] "GET /rhn/manager/api/user/listUsers HTTP/1.1" 200 354
172.16.3.5 - - [30/Jan/2026:17:29:52 +0100] "GET /rhn/manager/api/auth/logout HTTP/1.1" 200 16
172.16.3.5 - - [30/Jan/2026:17:29:52 +0100] "POST /rhn/manager/api/auth/login HTTP/1.1" 200 16
172.16.3.5 - - [30/Jan/2026:17:29:52 +0100] "POST /rhn/manager/api/user/create HTTP/1.1" 200 27
172.16.3.5 - - [30/Jan/2026:17:29:52 +0100] "GET /rhn/manager/api/auth/logout HTTP/1.1" 200 16
172.16.3.5 - - [30/Jan/2026:17:29:52 +0100] "POST /rhn/manager/api/auth/login HTTP/1.1" 200 16
172.16.3.5 - - [30/Jan/2026:17:29:53 +0100] "POST /rhn/manager/api/user/addRole HTTP/1.1" 200 27
172.16.3.5 - - [30/Jan/2026:17:29:53 +0100] "GET /rhn/manager/api/auth/logout HTTP/1.1" 200 16
172.16.3.5 - - [30/Jan/2026:17:29:53 +0100] "POST /rhn/manager/api/auth/login HTTP/1.1" 200 16
172.16.3.5 - - [30/Jan/2026:17:29:53 +0100] "POST /rhn/manager/api/user/addRole HTTP/1.1" 200 27
172.16.3.5 - - [30/Jan/2026:17:29:53 +0100] "GET /rhn/manager/api/auth/logout HTTP/1.1" 200 16
172.16.3.5 - - [30/Jan/2026:17:29:53 +0100] "POST /rhn/manager/api/auth/login HTTP/1.1" 200 16
172.16.3.5 - - [30/Jan/2026:17:29:53 +0100] "POST /rhn/manager/api/user/addRole HTTP/1.1" 200 27
172.16.3.5 - - [30/Jan/2026:17:29:53 +0100] "GET /rhn/manager/api/auth/logout HTTP/1.1" 200 16
172.16.3.5 - - [30/Jan/2026:17:29:53 +0100] "POST /rhn/manager/api/auth/login HTTP/1.1" 200 16
172.16.3.5 - - [30/Jan/2026:17:29:54 +0100] "POST /rhn/manager/api/user/addRole HTTP/1.1" 200 27
172.16.3.5 - - [30/Jan/2026:17:29:54 +0100] "GET /rhn/manager/api/auth/logout HTTP/1.1" 200 16
172.16.3.5 - - [30/Jan/2026:17:29:54 +0100] "POST /rhn/manager/api/auth/login HTTP/1.1" 200 16
172.16.3.5 - - [30/Jan/2026:17:29:54 +0100] "POST /rhn/manager/api/user/addRole HTTP/1.1" 200 27
172.16.3.5 - - [30/Jan/2026:17:29:54 +0100] "GET /rhn/manager/api/auth/logout HTTP/1.1" 200 16
172.16.3.5 - - [30/Jan/2026:17:29:54 +0100] "POST /rhn/manager/api/auth/login HTTP/1.1" 200 16
172.16.3.5 - - [30/Jan/2026:17:29:54 +0100] "POST /rhn/manager/api/user/addRole HTTP/1.1" 200 27
172.16.3.5 - - [30/Jan/2026:17:29:54 +0100] "GET /rhn/manager/api/auth/logout HTTP/1.1" 200 16
172.16.3.5 - - [30/Jan/2026:17:30:11 +0100] "POST /rhn/manager/api/auth/login HTTP/1.1" 200 16
172.16.3.5 - - [30/Jan/2026:17:30:12 +0100] "GET /rhn/manager/api/user/listUsers HTTP/1.1" 200 471
172.16.3.5 - - [30/Jan/2026:17:30:12 +0100] "GET /rhn/manager/api/auth/logout HTTP/1.1" 200 16
172.16.3.5 - - [30/Jan/2026:17:30:12 +0100] "POST /rhn/manager/api/auth/login HTTP/1.1" 200 16
172.16.3.5 - - [30/Jan/2026:17:30:12 +0100] "POST /rhn/manager/api/auth/login HTTP/1.1" 200 16
172.16.3.5 - - [30/Jan/2026:17:30:12 +0100] "POST /rhn/manager/api/user/create HTTP/1.1" 200 27
172.16.3.5 - - [30/Jan/2026:17:30:12 +0100] "POST /rhn/manager/api/auth/login HTTP/1.1" 200 16
172.16.3.5 - - [30/Jan/2026:17:30:12 +0100] "GET /rhn/manager/api/auth/logout HTTP/1.1" 200 16
172.16.3.5 - - [30/Jan/2026:17:30:12 +0100] "GET /rhn/manager/api/user/listUsers HTTP/1.1" 200 552
172.16.3.5 - - [30/Jan/2026:17:30:12 +0100] "POST /rhn/manager/api/auth/login HTTP/1.1" 200 16
172.16.3.5 - - [30/Jan/2026:17:30:12 +0100] "GET /rhn/manager/api/user/listUsers HTTP/1.1" 200 552
172.16.3.5 - - [30/Jan/2026:17:30:12 +0100] "GET /rhn/manager/api/auth/logout HTTP/1.1" 200 16
172.16.3.5 - - [30/Jan/2026:17:30:12 +0100] "POST /rhn/manager/api/auth/login HTTP/1.1" 200 16
172.16.3.5 - - [30/Jan/2026:17:30:12 +0100] "POST /rhn/manager/api/auth/login HTTP/1.1" 200 16
172.16.3.5 - - [30/Jan/2026:17:30:12 +0100] "POST /rhn/manager/api/user/addRole HTTP/1.1" 200 27
172.16.3.5 - - [30/Jan/2026:17:30:13 +0100] "GET /rhn/manager/api/auth/logout HTTP/1.1" 200 16
172.16.3.5 - - [30/Jan/2026:17:30:13 +0100] "POST /rhn/manager/api/auth/login HTTP/1.1" 200 16
172.16.3.5 - - [30/Jan/2026:17:30:13 +0100] "GET /rhn/manager/api/user/listUsers HTTP/1.1" 200 552
172.16.3.5 - - [30/Jan/2026:17:30:13 +0100] "POST /rhn/manager/api/auth/login HTTP/1.1" 200 16
172.16.3.5 - - [30/Jan/2026:17:30:13 +0100] "GET /rhn/manager/api/auth/logout HTTP/1.1" 200 16
172.16.3.5 - - [30/Jan/2026:17:30:13 +0100] "POST /rhn/manager/api/user/create HTTP/1.1" 200 27
172.16.3.5 - - [30/Jan/2026:17:30:13 +0100] "POST /rhn/manager/api/auth/login HTTP/1.1" 200 16
172.16.3.5 - - [30/Jan/2026:17:30:13 +0100] "GET /rhn/manager/api/auth/logout HTTP/1.1" 200 16
172.16.3.5 - - [30/Jan/2026:17:30:13 +0100] "GET /rhn/manager/api/user/listUsers HTTP/1.1" 200 629
172.16.3.5 - - [30/Jan/2026:17:30:13 +0100] "POST /rhn/manager/api/user/create HTTP/1.1" 200 27
172.16.3.5 - - [30/Jan/2026:17:30:13 +0100] "POST /rhn/manager/api/user/addRole HTTP/1.1" 200 27
172.16.3.5 - - [30/Jan/2026:17:30:13 +0100] "GET /rhn/manager/api/auth/logout HTTP/1.1" 200 16
172.16.3.5 - - [30/Jan/2026:17:30:13 +0100] "POST /rhn/manager/api/auth/login HTTP/1.1" 200 16
172.16.3.5 - - [30/Jan/2026:17:30:13 +0100] "GET /rhn/manager/api/auth/logout HTTP/1.1" 200 16
172.16.3.5 - - [30/Jan/2026:17:30:13 +0100] "POST /rhn/manager/api/auth/login HTTP/1.1" 200 16
172.16.3.5 - - [30/Jan/2026:17:30:13 +0100] "GET /rhn/manager/api/auth/logout HTTP/1.1" 200 16
172.16.3.5 - - [30/Jan/2026:17:30:13 +0100] "POST /rhn/manager/api/auth/login HTTP/1.1" 200 16
172.16.3.5 - - [30/Jan/2026:17:30:13 +0100] "POST /rhn/manager/api/auth/login HTTP/1.1" 200 16
172.16.3.5 - - [30/Jan/2026:17:30:13 +0100] "GET /rhn/manager/api/auth/logout HTTP/1.1" 200 16
172.16.3.5 - - [30/Jan/2026:17:30:13 +0100] "POST /rhn/manager/api/auth/login HTTP/1.1" 200 16
172.16.3.5 - - [30/Jan/2026:17:30:13 +0100] "POST /rhn/manager/api/user/create HTTP/1.1" 200 27
172.16.3.5 - - [30/Jan/2026:17:30:13 +0100] "POST /rhn/manager/api/user/addRole HTTP/1.1" 200 27
172.16.3.5 - - [30/Jan/2026:17:30:14 +0100] "POST /rhn/manager/api/user/create HTTP/1.1" 200 27
172.16.3.5 - - [30/Jan/2026:17:30:14 +0100] "POST /rhn/manager/api/user/addRole HTTP/1.1" 200 27
172.16.3.5 - - [30/Jan/2026:17:30:14 +0100] "GET /rhn/manager/api/auth/logout HTTP/1.1" 200 16
172.16.3.5 - - [30/Jan/2026:17:30:14 +0100] "GET /rhn/manager/api/auth/logout HTTP/1.1" 200 16
172.16.3.5 - - [30/Jan/2026:17:30:14 +0100] "GET /rhn/manager/api/auth/logout HTTP/1.1" 200 16
172.16.3.5 - - [30/Jan/2026:17:30:14 +0100] "POST /rhn/manager/api/auth/login HTTP/1.1" 200 16
172.16.3.5 - - [30/Jan/2026:17:30:14 +0100] "POST /rhn/manager/api/auth/login HTTP/1.1" 200 16
172.16.3.5 - - [30/Jan/2026:17:30:14 +0100] "POST /rhn/manager/api/user/addRole HTTP/1.1" 200 27
172.16.3.5 - - [30/Jan/2026:17:30:14 +0100] "GET /rhn/manager/api/auth/logout HTTP/1.1" 200 16
172.16.3.5 - - [30/Jan/2026:17:30:14 +0100] "POST /rhn/manager/api/auth/login HTTP/1.1" 200 16
172.16.3.5 - - [30/Jan/2026:17:30:14 +0100] "POST /rhn/manager/api/user/addRole HTTP/1.1" 200 27
172.16.3.5 - - [30/Jan/2026:17:30:14 +0100] "POST /rhn/manager/api/auth/login HTTP/1.1" 200 16
172.16.3.5 - - [30/Jan/2026:17:30:14 +0100] "POST /rhn/manager/api/user/addRole HTTP/1.1" 200 27
172.16.3.5 - - [30/Jan/2026:17:30:14 +0100] "GET /rhn/manager/api/auth/logout HTTP/1.1" 200 16
172.16.3.5 - - [30/Jan/2026:17:30:14 +0100] "POST /rhn/manager/api/user/addRole HTTP/1.1" 200 27
172.16.3.5 - - [30/Jan/2026:17:30:14 +0100] "GET /rhn/manager/api/auth/logout HTTP/1.1" 200 16
172.16.3.5 - - [30/Jan/2026:17:30:14 +0100] "GET /rhn/manager/api/auth/logout HTTP/1.1" 200 16
172.16.3.5 - - [30/Jan/2026:17:30:15 +0100] "POST /rhn/manager/api/auth/login HTTP/1.1" 200 16
172.16.3.5 - - [30/Jan/2026:17:30:15 +0100] "POST /rhn/manager/api/auth/login HTTP/1.1" 200 16
172.16.3.5 - - [30/Jan/2026:17:30:15 +0100] "GET /rhn/manager/api/auth/logout HTTP/1.1" 200 16
172.16.3.5 - - [30/Jan/2026:17:30:15 +0100] "POST /rhn/manager/api/user/addRole HTTP/1.1" 200 27
172.16.3.5 - - [30/Jan/2026:17:30:15 +0100] "POST /rhn/manager/api/auth/login HTTP/1.1" 200 16
172.16.3.5 - - [30/Jan/2026:17:30:15 +0100] "POST /rhn/manager/api/auth/login HTTP/1.1" 200 16
172.16.3.5 - - [30/Jan/2026:17:30:15 +0100] "POST /rhn/manager/api/user/addRole HTTP/1.1" 200 27
172.16.3.5 - - [30/Jan/2026:17:30:15 +0100] "GET /rhn/manager/api/auth/logout HTTP/1.1" 200 16
172.16.3.5 - - [30/Jan/2026:17:30:15 +0100] "POST /rhn/manager/api/user/addRole HTTP/1.1" 200 27
172.16.3.5 - - [30/Jan/2026:17:30:15 +0100] "POST /rhn/manager/api/user/addRole HTTP/1.1" 200 27
172.16.3.5 - - [30/Jan/2026:17:30:15 +0100] "POST /rhn/manager/api/auth/login HTTP/1.1" 200 16
172.16.3.5 - - [30/Jan/2026:17:30:15 +0100] "POST /rhn/manager/api/user/addRole HTTP/1.1" 200 27
172.16.3.5 - - [30/Jan/2026:17:30:15 +0100] "GET /rhn/manager/api/auth/logout HTTP/1.1" 200 16
172.16.3.5 - - [30/Jan/2026:17:30:15 +0100] "GET /rhn/manager/api/auth/logout HTTP/1.1" 200 16
172.16.3.5 - - [30/Jan/2026:17:30:15 +0100] "GET /rhn/manager/api/auth/logout HTTP/1.1" 200 16
172.16.3.5 - - [30/Jan/2026:17:30:15 +0100] "POST /rhn/manager/api/auth/login HTTP/1.1" 200 16
172.16.3.5 - - [30/Jan/2026:17:30:15 +0100] "POST /rhn/manager/api/auth/login HTTP/1.1" 200 16
172.16.3.5 - - [30/Jan/2026:17:30:15 +0100] "POST /rhn/manager/api/auth/login HTTP/1.1" 200 16
172.16.3.5 - - [30/Jan/2026:17:30:15 +0100] "POST /rhn/manager/api/user/addRole HTTP/1.1" 200 27
172.16.3.5 - - [30/Jan/2026:17:30:15 +0100] "GET /rhn/manager/api/auth/logout HTTP/1.1" 200 16
172.16.3.5 - - [30/Jan/2026:17:30:16 +0100] "POST /rhn/manager/api/auth/login HTTP/1.1" 200 16
172.16.3.5 - - [30/Jan/2026:17:30:16 +0100] "POST /rhn/manager/api/user/addRole HTTP/1.1" 200 27
172.16.3.5 - - [30/Jan/2026:17:30:16 +0100] "POST /rhn/manager/api/user/addRole HTTP/1.1" 200 27
172.16.3.5 - - [30/Jan/2026:17:30:16 +0100] "POST /rhn/manager/api/user/addRole HTTP/1.1" 200 27
172.16.3.5 - - [30/Jan/2026:17:30:16 +0100] "GET /rhn/manager/api/auth/logout HTTP/1.1" 200 16
172.16.3.5 - - [30/Jan/2026:17:30:16 +0100] "POST /rhn/manager/api/auth/login HTTP/1.1" 200 16
172.16.3.5 - - [30/Jan/2026:17:30:16 +0100] "POST /rhn/manager/api/user/addRole HTTP/1.1" 200 27
172.16.3.5 - - [30/Jan/2026:17:30:16 +0100] "GET /rhn/manager/api/auth/logout HTTP/1.1" 200 16
172.16.3.5 - - [30/Jan/2026:17:30:16 +0100] "GET /rhn/manager/api/auth/logout HTTP/1.1" 200 16
172.16.3.5 - - [30/Jan/2026:17:30:16 +0100] "GET /rhn/manager/api/auth/logout HTTP/1.1" 200 16
172.16.3.5 - - [30/Jan/2026:17:30:16 +0100] "POST /rhn/manager/api/auth/login HTTP/1.1" 200 16
172.16.3.5 - - [30/Jan/2026:17:30:16 +0100] "POST /rhn/manager/api/auth/login HTTP/1.1" 200 16
172.16.3.5 - - [30/Jan/2026:17:30:16 +0100] "GET /rhn/manager/api/auth/logout HTTP/1.1" 200 16
172.16.3.5 - - [30/Jan/2026:17:30:16 +0100] "POST /rhn/manager/api/auth/login HTTP/1.1" 200 16
172.16.3.5 - - [30/Jan/2026:17:30:16 +0100] "POST /rhn/manager/api/user/addRole HTTP/1.1" 200 27
172.16.3.5 - - [30/Jan/2026:17:30:16 +0100] "POST /rhn/manager/api/auth/login HTTP/1.1" 200 16
172.16.3.5 - - [30/Jan/2026:17:30:16 +0100] "POST /rhn/manager/api/user/addRole HTTP/1.1" 200 27
172.16.3.5 - - [30/Jan/2026:17:30:16 +0100] "POST /rhn/manager/api/user/addRole HTTP/1.1" 200 27
172.16.3.5 - - [30/Jan/2026:17:30:16 +0100] "POST /rhn/manager/api/user/addRole HTTP/1.1" 200 27
172.16.3.5 - - [30/Jan/2026:17:30:17 +0100] "GET /rhn/manager/api/auth/logout HTTP/1.1" 200 16
172.16.3.5 - - [30/Jan/2026:17:30:17 +0100] "GET /rhn/manager/api/auth/logout HTTP/1.1" 200 16
172.16.3.5 - - [30/Jan/2026:17:30:17 +0100] "GET /rhn/manager/api/auth/logout HTTP/1.1" 200 16
172.16.3.5 - - [30/Jan/2026:17:30:17 +0100] "POST /rhn/manager/api/user/addRole HTTP/1.1" 200 27
172.16.3.5 - - [30/Jan/2026:17:30:17 +0100] "GET /rhn/manager/api/auth/logout HTTP/1.1" 200 16
172.16.3.5 - - [30/Jan/2026:17:30:17 +0100] "POST /rhn/manager/api/auth/login HTTP/1.1" 200 16
172.16.3.5 - - [30/Jan/2026:17:30:17 +0100] "POST /rhn/manager/api/auth/login HTTP/1.1" 200 16
172.16.3.5 - - [30/Jan/2026:17:30:17 +0100] "GET /rhn/manager/api/auth/logout HTTP/1.1" 200 16
172.16.3.5 - - [30/Jan/2026:17:30:17 +0100] "POST /rhn/manager/api/auth/login HTTP/1.1" 200 16
172.16.3.5 - - [30/Jan/2026:17:30:17 +0100] "POST /rhn/manager/api/auth/login HTTP/1.1" 200 16
172.16.3.5 - - [30/Jan/2026:17:30:17 +0100] "POST /rhn/manager/api/user/addRole HTTP/1.1" 200 27
172.16.3.5 - - [30/Jan/2026:17:30:17 +0100] "POST /rhn/manager/api/user/addRole HTTP/1.1" 200 27
172.16.3.5 - - [30/Jan/2026:17:30:17 +0100] "POST /rhn/manager/api/user/addRole HTTP/1.1" 200 27
172.16.3.5 - - [30/Jan/2026:17:30:17 +0100] "POST /rhn/manager/api/user/addRole HTTP/1.1" 200 27
172.16.3.5 - - [30/Jan/2026:17:30:17 +0100] "GET /rhn/manager/api/auth/logout HTTP/1.1" 200 16
172.16.3.5 - - [30/Jan/2026:17:30:17 +0100] "GET /rhn/manager/api/auth/logout HTTP/1.1" 200 16
172.16.3.5 - - [30/Jan/2026:17:30:17 +0100] "GET /rhn/manager/api/auth/logout HTTP/1.1" 200 16
172.16.3.5 - - [30/Jan/2026:17:30:17 +0100] "POST /rhn/manager/api/auth/login HTTP/1.1" 200 16
172.16.3.5 - - [30/Jan/2026:17:30:17 +0100] "GET /rhn/manager/api/auth/logout HTTP/1.1" 200 16
172.16.3.5 - - [30/Jan/2026:17:30:17 +0100] "POST /rhn/manager/api/auth/login HTTP/1.1" 200 16
172.16.3.5 - - [30/Jan/2026:17:30:17 +0100] "POST /rhn/manager/api/user/addRole HTTP/1.1" 200 27
172.16.3.5 - - [30/Jan/2026:17:30:17 +0100] "POST /rhn/manager/api/user/addRole HTTP/1.1" 200 27
172.16.3.5 - - [30/Jan/2026:17:30:17 +0100] "GET /rhn/manager/api/auth/logout HTTP/1.1" 200 16
172.16.3.5 - - [30/Jan/2026:17:30:18 +0100] "GET /rhn/manager/api/auth/logout HTTP/1.1" 200 16
172.16.3.5 - - [30/Jan/2026:17:30:18 +0100] "POST /rhn/manager/api/auth/login HTTP/1.1" 200 16
172.16.3.5 - - [30/Jan/2026:17:30:18 +0100] "POST /rhn/manager/api/user/addRole HTTP/1.1" 200 27
172.16.3.5 - - [30/Jan/2026:17:30:18 +0100] "GET /rhn/manager/api/auth/logout HTTP/1.1" 200 16
::1 - - [30/Jan/2026:17:30:29 +0100] "GET /rhn/manager/login HTTP/1.1" 302 -
172.16.3.5 - - [30/Jan/2026:17:30:42 +0100] "GET /rhn/manager/login HTTP/1.1" 200 2219
172.16.3.5 - - [30/Jan/2026:17:30:43 +0100] "POST /rhn/manager/frontend-log HTTP/1.1" 302 -
172.16.3.5 - - [30/Jan/2026:17:30:43 +0100] "GET /rhn/manager/login?url_bounce=%2Frhn%2Fmanager%2Ffrontend-log&request_method=POST HTTP/1.1" 200 2223
172.16.3.5 - - [30/Jan/2026:17:30:44 +0100] "GET /rhn/manager/login HTTP/1.1" 200 2219
172.16.3.5 - - [30/Jan/2026:17:30:44 +0100] "POST /rhn/manager/frontend-log HTTP/1.1" 302 -
172.16.3.5 - - [30/Jan/2026:17:30:45 +0100] "GET /rhn/manager/login?url_bounce=%2Frhn%2Fmanager%2Ffrontend-log&request_method=POST HTTP/1.1" 200 2223
172.16.3.5 - - [30/Jan/2026:17:30:51 +0100] "GET /rhn/manager/login HTTP/1.1" 200 2221
172.16.3.5 - - [30/Jan/2026:17:30:52 +0100] "POST /rhn/manager/frontend-log HTTP/1.1" 302 -
172.16.3.5 - - [30/Jan/2026:17:30:52 +0100] "GET /rhn/manager/login?url_bounce=%2Frhn%2Fmanager%2Ffrontend-log&request_method=POST HTTP/1.1" 200 2225
172.16.3.5 - - [30/Jan/2026:17:30:54 +0100] "GET /rhn/manager/login HTTP/1.1" 200 2219
172.16.3.5 - - [30/Jan/2026:17:30:54 +0100] "POST /rhn/manager/api/login HTTP/1.1" 200 16
172.16.3.5 - - [30/Jan/2026:17:30:54 +0100] "GET /rhn/manager/login HTTP/1.1" 200 2221
172.16.3.5 - - [30/Jan/2026:17:30:54 +0100] "GET /rhn/YourRhn.do HTTP/1.1" 200 36306
172.16.3.5 - - [30/Jan/2026:17:30:54 +0100] "POST /rhn/manager/frontend-log HTTP/1.1" 401 755
172.16.3.5 - - [30/Jan/2026:17:30:55 +0100] "POST /rhn/ajax/subscription-warning HTTP/1.1" 200 -
172.16.3.5 - - [30/Jan/2026:17:30:55 +0100] "POST /rhn/ajax/inactive-systems HTTP/1.1" 200 540
172.16.3.5 - - [30/Jan/2026:17:30:55 +0100] "POST /rhn/ajax/critical-systems HTTP/1.1" 200 2026
172.16.3.5 - - [30/Jan/2026:17:30:55 +0100] "POST /rhn/manager/frontend-log HTTP/1.1" 302 -
172.16.3.5 - - [30/Jan/2026:17:30:55 +0100] "POST /rhn/ajax/tasks HTTP/1.1" 200 2232
172.16.3.5 - - [30/Jan/2026:17:30:55 +0100] "POST /rhn/ajax/systems-groups HTTP/1.1" 200 1491
172.16.3.5 - - [30/Jan/2026:17:30:55 +0100] "POST /rhn/ajax/latest-errata HTTP/1.1" 200 539
172.16.3.5 - - [30/Jan/2026:17:30:55 +0100] "GET /rhn/manager/login?url_bounce=%2Frhn%2Fmanager%2Ffrontend-log&request_method=POST HTTP/1.1" 200 2221
172.16.3.5 - - [30/Jan/2026:17:30:55 +0100] "POST /rhn/ajax/pending-actions HTTP/1.1" 200 3272
172.16.3.5 - - [30/Jan/2026:17:30:55 +0100] "POST /rhn/manager/api/login HTTP/1.1" 200 16
172.16.3.5 - - [30/Jan/2026:17:30:55 +0100] "POST /rhn/ajax/recent-systems HTTP/1.1" 200 3174
172.16.3.5 - - [30/Jan/2026:17:30:55 +0100] "POST /rhn/manager/frontend-log HTTP/1.1" 302 -
172.16.3.5 - - [30/Jan/2026:17:30:55 +0100] "POST /rhn/manager/frontend-log HTTP/1.1" 200 16
172.16.3.5 - - [30/Jan/2026:17:30:55 +0100] "GET /rhn/YourRhn.do HTTP/1.1" 200 36306
172.16.3.5 - - [30/Jan/2026:17:30:55 +0100] "GET /rhn/manager/login?url_bounce=%2Frhn%2Fmanager%2Ffrontend-log&request_method=POST HTTP/1.1" 200 2223
127.0.0.1 - - [30/Jan/2026:17:30:55 +0100] "GET /rhn/websocket/notifications HTTP/1.1" 101 -
172.16.3.5 - - [30/Jan/2026:17:30:55 +0100] "POST /rhn/manager/frontend-log HTTP/1.1" 401 755
172.16.3.5 - - [30/Jan/2026:17:30:56 +0100] "GET /rhn/manager/systems/bootstrap HTTP/1.1" 200 34643
172.16.3.5 - - [30/Jan/2026:17:30:56 +0100] "POST /rhn/ajax/subscription-warning HTTP/1.1" 200 -
172.16.3.5 - - [30/Jan/2026:17:30:56 +0100] "POST /rhn/ajax/inactive-systems HTTP/1.1" 200 540
172.16.3.5 - - [30/Jan/2026:17:30:56 +0100] "POST /rhn/ajax/critical-systems HTTP/1.1" 200 2025
172.16.3.5 - - [30/Jan/2026:17:30:57 +0100] "POST /rhn/ajax/latest-errata HTTP/1.1" 200 539
127.0.0.1 - - [30/Jan/2026:17:30:57 +0100] "GET /rhn/websocket/notifications HTTP/1.1" 101 -
172.16.3.5 - - [30/Jan/2026:17:30:57 +0100] "POST /rhn/ajax/pending-actions HTTP/1.1" 200 3272
172.16.3.5 - - [30/Jan/2026:17:30:57 +0100] "POST /rhn/manager/frontend-log HTTP/1.1" 200 16
127.0.0.1 - - [30/Jan/2026:17:30:57 +0100] "GET /rhn/websocket/notifications HTTP/1.1" 101 -
172.16.3.5 - - [30/Jan/2026:17:30:57 +0100] "POST /rhn/ajax/recent-systems HTTP/1.1" 200 3173
172.16.3.5 - - [30/Jan/2026:17:30:57 +0100] "POST /rhn/manager/frontend-log HTTP/1.1" 200 16
172.16.3.5 - - [30/Jan/2026:17:30:57 +0100] "POST /rhn/ajax/systems-groups HTTP/1.1" 200 1490
172.16.3.5 - - [30/Jan/2026:17:30:57 +0100] "POST /rhn/ajax/tasks HTTP/1.1" 200 2232
172.16.3.5 - - [30/Jan/2026:17:30:57 +0100] "GET /rhn/manager/systems/bootstrap HTTP/1.1" 200 34641
127.0.0.1 - - [30/Jan/2026:17:30:57 +0100] "GET /rhn/websocket/notifications HTTP/1.1" 101 -
172.16.3.5 - - [30/Jan/2026:17:30:57 +0100] "POST /rhn/manager/frontend-log HTTP/1.1" 200 16
172.16.3.5 - - [30/Jan/2026:17:31:02 +0100] "POST /rhn/manager/api/login HTTP/1.1" 200 16
172.16.3.5 - - [30/Jan/2026:17:31:02 +0100] "GET /rhn/YourRhn.do HTTP/1.1" 200 36306
172.16.3.5 - - [30/Jan/2026:17:31:03 +0100] "POST /rhn/manager/frontend-log HTTP/1.1" 401 755
172.16.3.5 - - [30/Jan/2026:17:31:03 +0100] "POST /rhn/ajax/subscription-warning HTTP/1.1" 200 -
127.0.0.1 - - [30/Jan/2026:17:31:03 +0100] "GET /rhn/websocket/notifications HTTP/1.1" 101 -
172.16.3.5 - - [30/Jan/2026:17:31:03 +0100] "POST /rhn/ajax/inactive-systems HTTP/1.1" 200 540
172.16.3.5 - - [30/Jan/2026:17:31:03 +0100] "POST /rhn/ajax/critical-systems HTTP/1.1" 200 2025
172.16.3.5 - - [30/Jan/2026:17:31:03 +0100] "POST /rhn/ajax/systems-groups HTTP/1.1" 200 1490
172.16.3.5 - - [30/Jan/2026:17:31:03 +0100] "POST /rhn/ajax/pending-actions HTTP/1.1" 200 3272
127.0.0.1 - - [30/Jan/2026:17:31:03 +0100] "GET /rhn/websocket/notifications HTTP/1.1" 101 -
172.16.3.5 - - [30/Jan/2026:17:31:03 +0100] "POST /rhn/ajax/latest-errata HTTP/1.1" 200 539
172.16.3.5 - - [30/Jan/2026:17:31:03 +0100] "POST /rhn/ajax/tasks HTTP/1.1" 200 2232
172.16.3.5 - - [30/Jan/2026:17:31:03 +0100] "POST /rhn/ajax/recent-systems HTTP/1.1" 200 3173
172.16.3.5 - - [30/Jan/2026:17:31:03 +0100] "POST /rhn/manager/frontend-log HTTP/1.1" 200 16
172.16.3.5 - - [30/Jan/2026:17:31:04 +0100] "GET /rhn/manager/systems/bootstrap HTTP/1.1" 200 34641
127.0.0.1 - - [30/Jan/2026:17:31:04 +0100] "GET /rhn/websocket/notifications HTTP/1.1" 101 -
172.16.3.5 - - [30/Jan/2026:17:31:04 +0100] "POST /rhn/manager/frontend-log HTTP/1.1" 200 16
172.16.3.5 - - [30/Jan/2026:17:31:05 +0100] "POST /rhn/manager/api/login HTTP/1.1" 200 16
172.16.3.5 - - [30/Jan/2026:17:31:05 +0100] "GET /rhn/YourRhn.do HTTP/1.1" 200 36306
172.16.3.5 - - [30/Jan/2026:17:31:05 +0100] "POST /rhn/manager/frontend-log HTTP/1.1" 401 755
172.16.3.5 - - [30/Jan/2026:17:31:05 +0100] "POST /rhn/manager/api/login HTTP/1.1" 200 16
172.16.3.5 - - [30/Jan/2026:17:31:06 +0100] "GET /rhn/YourRhn.do HTTP/1.1" 200 36306
172.16.3.5 - - [30/Jan/2026:17:31:06 +0100] "POST /rhn/ajax/inactive-systems HTTP/1.1" 200 540
127.0.0.1 - - [30/Jan/2026:17:31:06 +0100] "GET /rhn/websocket/notifications HTTP/1.1" 101 -
172.16.3.5 - - [30/Jan/2026:17:31:06 +0100] "POST /rhn/ajax/subscription-warning HTTP/1.1" 200 -
172.16.3.5 - - [30/Jan/2026:17:31:06 +0100] "POST /rhn/ajax/critical-systems HTTP/1.1" 200 2025
172.16.3.5 - - [30/Jan/2026:17:31:06 +0100] "POST /rhn/ajax/tasks HTTP/1.1" 200 2232
172.16.3.5 - - [30/Jan/2026:17:31:06 +0100] "POST /rhn/ajax/pending-actions HTTP/1.1" 200 3272
172.16.3.5 - - [30/Jan/2026:17:31:07 +0100] "POST /rhn/manager/frontend-log HTTP/1.1" 401 755
172.16.3.7 - - [30/Jan/2026:17:31:07 +0100] "GET /rhn/errors/404.jsp HTTP/1.1" 404 4500
172.16.3.7 - - [30/Jan/2026:17:31:07 +0100] "GET /rhn/errors/404.jsp HTTP/1.1" 404 4500
172.16.3.5 - - [30/Jan/2026:17:31:07 +0100] "POST /rhn/ajax/inactive-systems HTTP/1.1" 200 540
172.16.3.5 - - [30/Jan/2026:17:31:07 +0100] "POST /rhn/ajax/subscription-warning HTTP/1.1" 200 -
172.16.3.5 - - [30/Jan/2026:17:31:07 +0100] "POST /rhn/ajax/latest-errata HTTP/1.1" 200 539
172.16.3.5 - - [30/Jan/2026:17:31:07 +0100] "POST /rhn/ajax/pending-actions HTTP/1.1" 200 3272
172.16.3.5 - - [30/Jan/2026:17:31:07 +0100] "POST /rhn/ajax/latest-errata HTTP/1.1" 200 539
172.16.3.5 - - [30/Jan/2026:17:31:07 +0100] "POST /rhn/ajax/critical-systems HTTP/1.1" 200 2024
172.16.3.5 - - [30/Jan/2026:17:31:07 +0100] "POST /rhn/ajax/tasks HTTP/1.1" 200 2232
172.16.3.5 - - [30/Jan/2026:17:31:07 +0100] "POST /rhn/ajax/systems-groups HTTP/1.1" 200 1490
127.0.0.1 - - [30/Jan/2026:17:31:07 +0100] "GET /rhn/websocket/notifications HTTP/1.1" 101 -
127.0.0.1 - - [30/Jan/2026:17:31:07 +0100] "GET /rhn/websocket/notifications HTTP/1.1" 101 -
172.16.3.5 - - [30/Jan/2026:17:31:07 +0100] "POST /rhn/ajax/systems-groups HTTP/1.1" 200 1489
172.16.3.5 - - [30/Jan/2026:17:31:07 +0100] "POST /rhn/manager/frontend-log HTTP/1.1" 200 16
172.16.3.5 - - [30/Jan/2026:17:31:08 +0100] "POST /rhn/ajax/recent-systems HTTP/1.1" 200 3173
172.16.3.5 - - [30/Jan/2026:17:31:08 +0100] "POST /rhn/manager/frontend-log HTTP/1.1" 401 755
172.16.3.5 - - [30/Jan/2026:17:31:08 +0100] "POST /rhn/ajax/recent-systems HTTP/1.1" 200 3172
127.0.0.1 - - [30/Jan/2026:17:31:08 +0100] "GET /rhn/websocket/notifications HTTP/1.1" 101 -
172.16.3.5 - - [30/Jan/2026:17:31:08 +0100] "GET /rhn/manager/systems/bootstrap HTTP/1.1" 200 34639
172.16.3.5 - - [30/Jan/2026:17:31:08 +0100] "GET /rhn/manager/systems/bootstrap HTTP/1.1" 200 34641
127.0.0.1 - - [30/Jan/2026:17:31:08 +0100] "GET /rhn/websocket/notifications HTTP/1.1" 101 -
172.16.3.5 - - [30/Jan/2026:17:31:08 +0100] "POST /rhn/manager/frontend-log HTTP/1.1" 200 16
127.0.0.1 - - [30/Jan/2026:17:31:08 +0100] "GET /rhn/websocket/notifications HTTP/1.1" 101 -
172.16.3.5 - - [30/Jan/2026:17:31:08 +0100] "POST /rhn/manager/frontend-log HTTP/1.1" 200 16
172.16.3.7 - - [30/Jan/2026:17:31:09 +0100] "GET /rhn/errors/404.jsp HTTP/1.1" 404 4500
172.16.3.7 - - [30/Jan/2026:17:31:19 +0100] "GET /rhn/errors/404.jsp HTTP/1.1" 404 4500
172.16.3.7 - - [30/Jan/2026:17:31:20 +0100] "GET /rhn/errors/404.jsp HTTP/1.1" 404 4500
172.16.3.7 - - [30/Jan/2026:17:31:22 +0100] "GET /rhn/errors/404.jsp HTTP/1.1" 404 4500
::1 - - [30/Jan/2026:17:31:32 +0100] "GET /rhn/manager/login HTTP/1.1" 302 -
172.16.3.7 - - [30/Jan/2026:17:31:38 +0100] "GET /rhn/errors/404.jsp HTTP/1.1" 404 4500
172.16.3.7 - - [30/Jan/2026:17:31:38 +0100] "GET /rhn/errors/404.jsp HTTP/1.1" 404 4500
172.16.3.5 - - [30/Jan/2026:17:31:38 +0100] "POST /rhn/manager/api/systems/bootstrap HTTP/1.1" 200 28
172.16.3.5 - - [30/Jan/2026:17:31:39 +0100] "GET /rhn/manager/systems/list/all HTTP/1.1" 200 34439
127.0.0.1 - - [30/Jan/2026:17:31:39 +0100] "GET /rhn/websocket/notifications HTTP/1.1" 101 -
172.16.3.5 - - [30/Jan/2026:17:31:39 +0100] "POST /rhn/manager/frontend-log HTTP/1.1" 200 16
172.16.3.5 - - [30/Jan/2026:17:31:39 +0100] "GET /rhn/manager/api/systems/list/all?p=1&ps=100&s=1&sc=server_name HTTP/1.1" 200 789
172.16.3.5 - - [30/Jan/2026:17:31:40 +0100] "POST /rhn/manager/api/sets/system_list HTTP/1.1" 200 1
172.16.3.5 - - [30/Jan/2026:17:31:43 +0100] "POST /rhn/manager/api/systems/bootstrap HTTP/1.1" 200 28
172.16.3.7 - - [30/Jan/2026:17:31:44 +0100] "GET /rhn/errors/404.jsp HTTP/1.1" 404 4500
172.16.3.7 - - [30/Jan/2026:17:31:44 +0100] "GET /rhn/errors/404.jsp HTTP/1.1" 404 4500
172.16.3.5 - - [30/Jan/2026:17:31:44 +0100] "GET /rhn/manager/systems/list/all HTTP/1.1" 200 34441
127.0.0.1 - - [30/Jan/2026:17:31:44 +0100] "GET /rhn/websocket/notifications HTTP/1.1" 101 -
172.16.3.5 - - [30/Jan/2026:17:31:44 +0100] "POST /rhn/manager/frontend-log HTTP/1.1" 200 16
172.16.3.5 - - [30/Jan/2026:17:31:45 +0100] "GET /rhn/manager/api/systems/list/all?p=1&ps=100&s=1&sc=server_name HTTP/1.1" 200 789
172.16.3.5 - - [30/Jan/2026:17:31:45 +0100] "POST /rhn/manager/api/sets/system_list HTTP/1.1" 200 1
172.16.3.5 - - [30/Jan/2026:17:31:46 +0100] "GET /rhn/manager/systems/list/all HTTP/1.1" 200 34439
172.16.3.5 - - [30/Jan/2026:17:31:46 +0100] "POST /rhn/manager/frontend-log HTTP/1.1" 200 16
127.0.0.1 - - [30/Jan/2026:17:31:47 +0100] "GET /rhn/websocket/notifications HTTP/1.1" 101 -
127.0.0.1 - - [30/Jan/2026:17:31:47 +0100] "GET /rhn/websocket/notifications HTTP/1.1" 101 -
172.16.3.5 - - [30/Jan/2026:17:31:47 +0100] "POST /rhn/manager/frontend-log HTTP/1.1" 200 16
172.16.3.5 - - [30/Jan/2026:17:31:47 +0100] "GET /rhn/manager/api/systems/list/all?p=1&ps=100&s=1&sc=server_name HTTP/1.1" 200 789
172.16.3.5 - - [30/Jan/2026:17:31:47 +0100] "POST /rhn/manager/api/sets/system_list HTTP/1.1" 200 1
172.16.3.5 - - [30/Jan/2026:17:31:51 +0100] "GET /rhn/manager/systems/list/all HTTP/1.1" 200 34441
172.16.3.5 - - [30/Jan/2026:17:31:51 +0100] "POST /rhn/manager/frontend-log HTTP/1.1" 200 16
172.16.3.5 - - [30/Jan/2026:17:31:52 +0100] "POST /rhn/manager/api/systems/bootstrap HTTP/1.1" 200 28
127.0.0.1 - - [30/Jan/2026:17:31:52 +0100] "GET /rhn/websocket/notifications HTTP/1.1" 101 -
172.16.3.5 - - [30/Jan/2026:17:31:52 +0100] "POST /rhn/manager/frontend-log HTTP/1.1" 200 16
127.0.0.1 - - [30/Jan/2026:17:31:52 +0100] "GET /rhn/websocket/notifications HTTP/1.1" 101 -
172.16.3.5 - - [30/Jan/2026:17:31:52 +0100] "GET /rhn/manager/api/systems/list/all?p=1&ps=100&s=1&sc=server_name HTTP/1.1" 200 789
172.16.3.5 - - [30/Jan/2026:17:31:52 +0100] "POST /rhn/manager/api/sets/system_list HTTP/1.1" 200 1
172.16.3.5 - - [30/Jan/2026:17:31:53 +0100] "GET /rhn/manager/systems/keys HTTP/1.1" 200 34291
127.0.0.1 - - [30/Jan/2026:17:31:53 +0100] "GET /rhn/websocket/notifications HTTP/1.1" 101 -
172.16.3.5 - - [30/Jan/2026:17:31:53 +0100] "POST /rhn/manager/frontend-log HTTP/1.1" 200 16
172.16.3.5 - - [30/Jan/2026:17:31:53 +0100] "GET /rhn/manager/api/systems/keys HTTP/1.1" 200 960
172.16.3.5 - - [30/Jan/2026:17:31:53 +0100] "POST /rhn/manager/api/systems/bootstrap HTTP/1.1" 200 28
172.16.3.5 - - [30/Jan/2026:17:31:54 +0100] "GET /rhn/manager/systems/list/all HTTP/1.1" 200 34439
127.0.0.1 - - [30/Jan/2026:17:31:54 +0100] "GET /rhn/websocket/notifications HTTP/1.1" 101 -
172.16.3.5 - - [30/Jan/2026:17:31:54 +0100] "POST /rhn/manager/frontend-log HTTP/1.1" 200 16
172.16.3.5 - - [30/Jan/2026:17:31:54 +0100] "GET /rhn/manager/systems/keys HTTP/1.1" 200 34289
172.16.3.5 - - [30/Jan/2026:17:31:55 +0100] "GET /rhn/manager/api/systems/list/all?p=1&ps=100&s=1&sc=server_name HTTP/1.1" 200 789
127.0.0.1 - - [30/Jan/2026:17:31:55 +0100] "GET /rhn/websocket/notifications HTTP/1.1" 101 -
172.16.3.5 - - [30/Jan/2026:17:31:55 +0100] "POST /rhn/manager/frontend-log HTTP/1.1" 200 16
172.16.3.5 - - [30/Jan/2026:17:31:55 +0100] "GET /rhn/manager/api/systems/keys HTTP/1.1" 200 960
172.16.3.5 - - [30/Jan/2026:17:31:55 +0100] "POST /rhn/manager/api/sets/system_list HTTP/1.1" 200 1
172.16.3.5 - - [30/Jan/2026:17:31:56 +0100] "GET /rhn/manager/systems/list/all HTTP/1.1" 200 34437
127.0.0.1 - - [30/Jan/2026:17:31:56 +0100] "GET /rhn/websocket/notifications HTTP/1.1" 101 -
172.16.3.5 - - [30/Jan/2026:17:31:56 +0100] "POST /rhn/manager/frontend-log HTTP/1.1" 200 16
172.16.3.5 - - [30/Jan/2026:17:31:57 +0100] "GET /rhn/manager/api/systems/list/all?p=1&ps=100&s=1&sc=server_name HTTP/1.1" 200 789
172.16.3.5 - - [30/Jan/2026:17:31:57 +0100] "POST /rhn/manager/api/sets/system_list HTTP/1.1" 200 1
172.16.3.7 - - [30/Jan/2026:17:31:57 +0100] "HEAD /rhn/manager/download/devel-rh-like-channel/repodata/repomd.xml?eyJhbGciOiJIUzI1NiJ9.eyJqdGkiOiJvVG5tN3hjczVYUzdEX1lHRk1oTHp3IiwiZXhwIjoxODAxMzI2NzAyLCJpYXQiOjE3Njk3OTA3MDIsIm5iZiI6MTc2OTc5MDU4Miwib3JnIjoxLCJvbmx5Q2hhbm5lbHMiOlsiZGV2ZWwtcmgtbGlrZS1jaGFubmVsIl19.QsPo3yOShfLKRQ9yFy6CX4XG5nIGvYiqHEC6Th-qlSw HTTP/1.1" 200 -
172.16.3.7 - - [30/Jan/2026:17:31:57 +0100] "GET /rhn/manager/download/devel-rh-like-channel/repodata/repomd.xml?eyJhbGciOiJIUzI1NiJ9.eyJqdGkiOiJvVG5tN3hjczVYUzdEX1lHRk1oTHp3IiwiZXhwIjoxODAxMzI2NzAyLCJpYXQiOjE3Njk3OTA3MDIsIm5iZiI6MTc2OTc5MDU4Miwib3JnIjoxLCJvbmx5Q2hhbm5lbHMiOlsiZGV2ZWwtcmgtbGlrZS1jaGFubmVsIl19.QsPo3yOShfLKRQ9yFy6CX4XG5nIGvYiqHEC6Th-qlSw HTTP/1.1" 200 3663
172.16.3.7 - - [30/Jan/2026:17:31:57 +0100] "HEAD /rhn/manager/download/devel-rh-like-channel/repodata/a5b7b55e301b23ee7cca51a558ee9f0ad96774b7-primary.xml.gz?eyJhbGciOiJIUzI1NiJ9.eyJqdGkiOiJvVG5tN3hjczVYUzdEX1lHRk1oTHp3IiwiZXhwIjoxODAxMzI2NzAyLCJpYXQiOjE3Njk3OTA3MDIsIm5iZiI6MTc2OTc5MDU4Miwib3JnIjoxLCJvbmx5Q2hhbm5lbHMiOlsiZGV2ZWwtcmgtbGlrZS1jaGFubmVsIl19.QsPo3yOShfLKRQ9yFy6CX4XG5nIGvYiqHEC6Th-qlSw HTTP/1.1" 200 -
172.16.3.7 - - [30/Jan/2026:17:31:57 +0100] "HEAD /rhn/manager/download/devel-rh-like-channel/repodata/80c79ff2453dd57b0ff1e5a1b145444610b6afff-filelists.xml.gz?eyJhbGciOiJIUzI1NiJ9.eyJqdGkiOiJvVG5tN3hjczVYUzdEX1lHRk1oTHp3IiwiZXhwIjoxODAxMzI2NzAyLCJpYXQiOjE3Njk3OTA3MDIsIm5iZiI6MTc2OTc5MDU4Miwib3JnIjoxLCJvbmx5Q2hhbm5lbHMiOlsiZGV2ZWwtcmgtbGlrZS1jaGFubmVsIl19.QsPo3yOShfLKRQ9yFy6CX4XG5nIGvYiqHEC6Th-qlSw HTTP/1.1" 200 -
172.16.3.7 - - [30/Jan/2026:17:31:57 +0100] "GET /rhn/manager/download/devel-rh-like-channel/repodata/a5b7b55e301b23ee7cca51a558ee9f0ad96774b7-primary.xml.gz?eyJhbGciOiJIUzI1NiJ9.eyJqdGkiOiJvVG5tN3hjczVYUzdEX1lHRk1oTHp3IiwiZXhwIjoxODAxMzI2NzAyLCJpYXQiOjE3Njk3OTA3MDIsIm5iZiI6MTc2OTc5MDU4Miwib3JnIjoxLCJvbmx5Q2hhbm5lbHMiOlsiZGV2ZWwtcmgtbGlrZS1jaGFubmVsIl19.QsPo3yOShfLKRQ9yFy6CX4XG5nIGvYiqHEC6Th-qlSw HTTP/1.1" 200 3663
172.16.3.7 - - [30/Jan/2026:17:31:58 +0100] "GET /rhn/manager/download/devel-rh-like-channel/repodata/80c79ff2453dd57b0ff1e5a1b145444610b6afff-filelists.xml.gz?eyJhbGciOiJIUzI1NiJ9.eyJqdGkiOiJvVG5tN3hjczVYUzdEX1lHRk1oTHp3IiwiZXhwIjoxODAxMzI2NzAyLCJpYXQiOjE3Njk3OTA3MDIsIm5iZiI6MTc2OTc5MDU4Miwib3JnIjoxLCJvbmx5Q2hhbm5lbHMiOlsiZGV2ZWwtcmgtbGlrZS1jaGFubmVsIl19.QsPo3yOShfLKRQ9yFy6CX4XG5nIGvYiqHEC6Th-qlSw HTTP/1.1" 200 3664
172.16.3.7 - - [30/Jan/2026:17:31:58 +0100] "HEAD /rhn/manager/download/fake-base-channel-rh-like/repodata/repomd.xml?eyJhbGciOiJIUzI1NiJ9.eyJqdGkiOiJxVld6a0JTeFduNmtSdWI4OVNpMEVnIiwiZXhwIjoxODAxMzI2NzAyLCJpYXQiOjE3Njk3OTA3MDIsIm5iZiI6MTc2OTc5MDU4Miwib3JnIjoxLCJvbmx5Q2hhbm5lbHMiOlsiZmFrZS1iYXNlLWNoYW5uZWwtcmgtbGlrZSJdfQ.qVfIJCDSu0I_F63aJ45JA9fu6gTcaIl_Nw8QVarFSKc HTTP/1.1" 200 -
172.16.3.7 - - [30/Jan/2026:17:31:58 +0100] "GET /rhn/manager/download/fake-base-channel-rh-like/repodata/repomd.xml?eyJhbGciOiJIUzI1NiJ9.eyJqdGkiOiJxVld6a0JTeFduNmtSdWI4OVNpMEVnIiwiZXhwIjoxODAxMzI2NzAyLCJpYXQiOjE3Njk3OTA3MDIsIm5iZiI6MTc2OTc5MDU4Miwib3JnIjoxLCJvbmx5Q2hhbm5lbHMiOlsiZmFrZS1iYXNlLWNoYW5uZWwtcmgtbGlrZSJdfQ.qVfIJCDSu0I_F63aJ45JA9fu6gTcaIl_Nw8QVarFSKc HTTP/1.1" 200 3664
172.16.3.7 - - [30/Jan/2026:17:31:58 +0100] "HEAD /rhn/manager/download/fake-base-channel-rh-like/repodata/6a1f4129bf831ee1439dd2641e56ea4a3781322c-updateinfo.xml.gz?eyJhbGciOiJIUzI1NiJ9.eyJqdGkiOiJxVld6a0JTeFduNmtSdWI4OVNpMEVnIiwiZXhwIjoxODAxMzI2NzAyLCJpYXQiOjE3Njk3OTA3MDIsIm5iZiI6MTc2OTc5MDU4Miwib3JnIjoxLCJvbmx5Q2hhbm5lbHMiOlsiZmFrZS1iYXNlLWNoYW5uZWwtcmgtbGlrZSJdfQ.qVfIJCDSu0I_F63aJ45JA9fu6gTcaIl_Nw8QVarFSKc HTTP/1.1" 200 -
