172.16.3.7 - - [30/Jan/2026:17:33:36 +0100] "HEAD /rhn/manager/download/sle-module-server-applications15-sp7-pool-x86_64/repodata/repomd.xml.asc?eyJhbGciOiJIUzI1NiJ9.eyJqdGkiOiJycmNPX3N4TjJPRThaYTZFaTZ0QVV3IiwiZXhwIjoxODAxMzI2NzE5LCJpYXQiOjE3Njk3OTA3MTksIm5iZiI6MTc2OTc5MDU5OSwib3JnIjoxLCJvbmx5Q2hhbm5lbHMiOlsic2xlLW1vZHVsZS1zZXJ2ZXItYXBwbGljYXRpb25zMTUtc3A3LXBvb2wteDg2XzY0Il19.vYGfSESN5DpJOoM1UUmxXIfwWBOBgOjNKxgB5nRUG-k HTTP/1.1" 404 -
172.16.3.7 - - [30/Jan/2026:17:33:36 +0100] "HEAD /rhn/manager/download/sle-module-server-applications15-sp7-pool-x86_64/repodata/e5d82a913381b23acaf8a3e136790679123d29f7f79b1d1a8b717648ef9ee7b8-primary.xml.gz?eyJhbGciOiJIUzI1NiJ9.eyJqdGkiOiJycmNPX3N4TjJPRThaYTZFaTZ0QVV3IiwiZXhwIjoxODAxMzI2NzE5LCJpYXQiOjE3Njk3OTA3MTksIm5iZiI6MTc2OTc5MDU5OSwib3JnIjoxLCJvbmx5Q2hhbm5lbHMiOlsic2xlLW1vZHVsZS1zZXJ2ZXItYXBwbGljYXRpb25zMTUtc3A3LXBvb2wteDg2XzY0Il19.vYGfSESN5DpJOoM1UUmxXIfwWBOBgOjNKxgB5nRUG-k HTTP/1.1" 200 -
172.16.3.7 - - [30/Jan/2026:17:33:36 +0100] "GET /rhn/manager/download/sle-module-server-applications15-sp7-pool-x86_64/repodata/e5d82a913381b23acaf8a3e136790679123d29f7f79b1d1a8b717648ef9ee7b8-primary.xml.gz?eyJhbGciOiJIUzI1NiJ9.eyJqdGkiOiJycmNPX3N4TjJPRThaYTZFaTZ0QVV3IiwiZXhwIjoxODAxMzI2NzE5LCJpYXQiOjE3Njk3OTA3MTksIm5iZiI6MTc2OTc5MDU5OSwib3JnIjoxLCJvbmx5Q2hhbm5lbHMiOlsic2xlLW1vZHVsZS1zZXJ2ZXItYXBwbGljYXRpb25zMTUtc3A3LXBvb2wteDg2XzY0Il19.vYGfSESN5DpJOoM1UUmxXIfwWBOBgOjNKxgB5nRUG-k HTTP/1.1" 200 3664
172.16.3.5 - - [30/Jan/2026:17:33:36 +0100] "GET /rhn/systems/details/Overview.do?sid=1000010000 HTTP/1.1" 200 43369
172.16.3.7 - - [30/Jan/2026:17:33:36 +0100] "HEAD /rhn/manager/download/sle-module-server-applications15-sp7-pool-x86_64/repodata/7e445055ff000846912425f3242dee3e6d9fc553168127ccae4badab4d32e5ae-susedata.xml.gz?eyJhbGciOiJIUzI1NiJ9.eyJqdGkiOiJycmNPX3N4TjJPRThaYTZFaTZ0QVV3IiwiZXhwIjoxODAxMzI2NzE5LCJpYXQiOjE3Njk3OTA3MTksIm5iZiI6MTc2OTc5MDU5OSwib3JnIjoxLCJvbmx5Q2hhbm5lbHMiOlsic2xlLW1vZHVsZS1zZXJ2ZXItYXBwbGljYXRpb25zMTUtc3A3LXBvb2wteDg2XzY0Il19.vYGfSESN5DpJOoM1UUmxXIfwWBOBgOjNKxgB5nRUG-k HTTP/1.1" 200 -
127.0.0.1 - - [30/Jan/2026:17:33:36 +0100] "GET /rhn/websocket/notifications HTTP/1.1" 101 -
172.16.3.7 - - [30/Jan/2026:17:33:36 +0100] "GET /rhn/manager/download/sle-module-server-applications15-sp7-pool-x86_64/repodata/7e445055ff000846912425f3242dee3e6d9fc553168127ccae4badab4d32e5ae-susedata.xml.gz?eyJhbGciOiJIUzI1NiJ9.eyJqdGkiOiJycmNPX3N4TjJPRThaYTZFaTZ0QVV3IiwiZXhwIjoxODAxMzI2NzE5LCJpYXQiOjE3Njk3OTA3MTksIm5iZiI6MTc2OTc5MDU5OSwib3JnIjoxLCJvbmx5Q2hhbm5lbHMiOlsic2xlLW1vZHVsZS1zZXJ2ZXItYXBwbGljYXRpb25zMTUtc3A3LXBvb2wteDg2XzY0Il19.vYGfSESN5DpJOoM1UUmxXIfwWBOBgOjNKxgB5nRUG-k HTTP/1.1" 200 3663
172.16.3.5 - - [30/Jan/2026:17:33:36 +0100] "POST /rhn/manager/frontend-log HTTP/1.1" 200 16
172.16.3.5 - - [30/Jan/2026:17:33:37 +0100] "POST /rhn/manager/frontend-log HTTP/1.1" 200 16
172.16.3.7 - - [30/Jan/2026:17:33:37 +0100] "HEAD /rhn/manager/download/sle-module-systems-management-15-sp7-pool-x86_64/repodata/repomd.xml?eyJhbGciOiJIUzI1NiJ9.eyJqdGkiOiJIb1B3Y2gyU2d1bThhaF9OWDZvVG5BIiwiZXhwIjoxODAxMzI2NzE5LCJpYXQiOjE3Njk3OTA3MTksIm5iZiI6MTc2OTc5MDU5OSwib3JnIjoxLCJvbmx5Q2hhbm5lbHMiOlsic2xlLW1vZHVsZS1zeXN0ZW1zLW1hbmFnZW1lbnQtMTUtc3A3LXBvb2wteDg2XzY0Il19.IeMqYIKFyxlNLMa4b0hBfFxAd1xOBoZJW6PT1Kdhk1A HTTP/1.1" 200 -
172.16.3.7 - - [30/Jan/2026:17:33:37 +0100] "HEAD /rhn/manager/download/sle-module-systems-management-15-sp7-pool-x86_64/media.1/media?eyJhbGciOiJIUzI1NiJ9.eyJqdGkiOiJIb1B3Y2gyU2d1bThhaF9OWDZvVG5BIiwiZXhwIjoxODAxMzI2NzE5LCJpYXQiOjE3Njk3OTA3MTksIm5iZiI6MTc2OTc5MDU5OSwib3JnIjoxLCJvbmx5Q2hhbm5lbHMiOlsic2xlLW1vZHVsZS1zeXN0ZW1zLW1hbmFnZW1lbnQtMTUtc3A3LXBvb2wteDg2XzY0Il19.IeMqYIKFyxlNLMa4b0hBfFxAd1xOBoZJW6PT1Kdhk1A HTTP/1.1" 404 -
127.0.0.1 - - [30/Jan/2026:17:33:37 +0100] "GET /rhn/websocket/notifications HTTP/1.1" 101 -
172.16.3.7 - - [30/Jan/2026:17:33:37 +0100] "HEAD /rhn/manager/download/sle-module-systems-management-15-sp7-pool-x86_64/repodata/repomd.xml?eyJhbGciOiJIUzI1NiJ9.eyJqdGkiOiJIb1B3Y2gyU2d1bThhaF9OWDZvVG5BIiwiZXhwIjoxODAxMzI2NzE5LCJpYXQiOjE3Njk3OTA3MTksIm5iZiI6MTc2OTc5MDU5OSwib3JnIjoxLCJvbmx5Q2hhbm5lbHMiOlsic2xlLW1vZHVsZS1zeXN0ZW1zLW1hbmFnZW1lbnQtMTUtc3A3LXBvb2wteDg2XzY0Il19.IeMqYIKFyxlNLMa4b0hBfFxAd1xOBoZJW6PT1Kdhk1A HTTP/1.1" 200 -
172.16.3.5 - - [30/Jan/2026:17:33:37 +0100] "POST /rhn/manager/frontend-log HTTP/1.1" 200 16
172.16.3.7 - - [30/Jan/2026:17:33:37 +0100] "GET /rhn/manager/download/sle-module-systems-management-15-sp7-pool-x86_64/repodata/repomd.xml?eyJhbGciOiJIUzI1NiJ9.eyJqdGkiOiJIb1B3Y2gyU2d1bThhaF9OWDZvVG5BIiwiZXhwIjoxODAxMzI2NzE5LCJpYXQiOjE3Njk3OTA3MTksIm5iZiI6MTc2OTc5MDU5OSwib3JnIjoxLCJvbmx5Q2hhbm5lbHMiOlsic2xlLW1vZHVsZS1zeXN0ZW1zLW1hbmFnZW1lbnQtMTUtc3A3LXBvb2wteDg2XzY0Il19.IeMqYIKFyxlNLMa4b0hBfFxAd1xOBoZJW6PT1Kdhk1A HTTP/1.1" 200 3664
172.16.3.7 - - [30/Jan/2026:17:33:37 +0100] "HEAD /rhn/manager/download/sle-module-systems-management-15-sp7-pool-x86_64/repodata/repomd.xml.asc?eyJhbGciOiJIUzI1NiJ9.eyJqdGkiOiJIb1B3Y2gyU2d1bThhaF9OWDZvVG5BIiwiZXhwIjoxODAxMzI2NzE5LCJpYXQiOjE3Njk3OTA3MTksIm5iZiI6MTc2OTc5MDU5OSwib3JnIjoxLCJvbmx5Q2hhbm5lbHMiOlsic2xlLW1vZHVsZS1zeXN0ZW1zLW1hbmFnZW1lbnQtMTUtc3A3LXBvb2wteDg2XzY0Il19.IeMqYIKFyxlNLMa4b0hBfFxAd1xOBoZJW6PT1Kdhk1A HTTP/1.1" 404 -
172.16.3.7 - - [30/Jan/2026:17:33:37 +0100] "HEAD /rhn/manager/download/sle-module-systems-management-15-sp7-pool-x86_64/repodata/046813eddefa3c2190f8417932442c01a832706041a490e85034dce17004295e-primary.xml.gz?eyJhbGciOiJIUzI1NiJ9.eyJqdGkiOiJIb1B3Y2gyU2d1bThhaF9OWDZvVG5BIiwiZXhwIjoxODAxMzI2NzE5LCJpYXQiOjE3Njk3OTA3MTksIm5iZiI6MTc2OTc5MDU5OSwib3JnIjoxLCJvbmx5Q2hhbm5lbHMiOlsic2xlLW1vZHVsZS1zeXN0ZW1zLW1hbmFnZW1lbnQtMTUtc3A3LXBvb2wteDg2XzY0Il19.IeMqYIKFyxlNLMa4b0hBfFxAd1xOBoZJW6PT1Kdhk1A HTTP/1.1" 200 -
172.16.3.7 - - [30/Jan/2026:17:33:37 +0100] "GET /rhn/manager/download/sle-module-systems-management-15-sp7-pool-x86_64/repodata/046813eddefa3c2190f8417932442c01a832706041a490e85034dce17004295e-primary.xml.gz?eyJhbGciOiJIUzI1NiJ9.eyJqdGkiOiJIb1B3Y2gyU2d1bThhaF9OWDZvVG5BIiwiZXhwIjoxODAxMzI2NzE5LCJpYXQiOjE3Njk3OTA3MTksIm5iZiI6MTc2OTc5MDU5OSwib3JnIjoxLCJvbmx5Q2hhbm5lbHMiOlsic2xlLW1vZHVsZS1zeXN0ZW1zLW1hbmFnZW1lbnQtMTUtc3A3LXBvb2wteDg2XzY0Il19.IeMqYIKFyxlNLMa4b0hBfFxAd1xOBoZJW6PT1Kdhk1A HTTP/1.1" 200 3664
127.0.0.1 - - [30/Jan/2026:17:33:37 +0100] "GET /rhn/websocket/notifications HTTP/1.1" 101 -
172.16.3.7 - - [30/Jan/2026:17:33:37 +0100] "HEAD /rhn/manager/download/sle-module-systems-management-15-sp7-pool-x86_64/repodata/110e2a801f4c7d14b5f7b05e63d0fb1a775f607931d93ddbe94e1dbbd080c248-susedata.xml.gz?eyJhbGciOiJIUzI1NiJ9.eyJqdGkiOiJIb1B3Y2gyU2d1bThhaF9OWDZvVG5BIiwiZXhwIjoxODAxMzI2NzE5LCJpYXQiOjE3Njk3OTA3MTksIm5iZiI6MTc2OTc5MDU5OSwib3JnIjoxLCJvbmx5Q2hhbm5lbHMiOlsic2xlLW1vZHVsZS1zeXN0ZW1zLW1hbmFnZW1lbnQtMTUtc3A3LXBvb2wteDg2XzY0Il19.IeMqYIKFyxlNLMa4b0hBfFxAd1xOBoZJW6PT1Kdhk1A HTTP/1.1" 200 -
172.16.3.7 - - [30/Jan/2026:17:33:37 +0100] "GET /rhn/manager/download/sle-module-systems-management-15-sp7-pool-x86_64/repodata/110e2a801f4c7d14b5f7b05e63d0fb1a775f607931d93ddbe94e1dbbd080c248-susedata.xml.gz?eyJhbGciOiJIUzI1NiJ9.eyJqdGkiOiJIb1B3Y2gyU2d1bThhaF9OWDZvVG5BIiwiZXhwIjoxODAxMzI2NzE5LCJpYXQiOjE3Njk3OTA3MTksIm5iZiI6MTc2OTc5MDU5OSwib3JnIjoxLCJvbmx5Q2hhbm5lbHMiOlsic2xlLW1vZHVsZS1zeXN0ZW1zLW1hbmFnZW1lbnQtMTUtc3A3LXBvb2wteDg2XzY0Il19.IeMqYIKFyxlNLMa4b0hBfFxAd1xOBoZJW6PT1Kdhk1A HTTP/1.1" 200 3664
172.16.3.7 - - [30/Jan/2026:17:33:37 +0100] "HEAD /rhn/manager/download/sle-product-sles15-sp7-pool-x86_64/repodata/repomd.xml?eyJhbGciOiJIUzI1NiJ9.eyJqdGkiOiJHdkVlWjh5YmtJaWFoNmxaSk1tY0NRIiwiZXhwIjoxODAxMzI2NzE5LCJpYXQiOjE3Njk3OTA3MTksIm5iZiI6MTc2OTc5MDU5OSwib3JnIjoxLCJvbmx5Q2hhbm5lbHMiOlsic2xlLXByb2R1Y3Qtc2xlczE1LXNwNy1wb29sLXg4Nl82NCJdfQ.4fqxwZ7S8NR9FVM4Dm4oikpB1-IBQIdhRCMMVl83Iw8 HTTP/1.1" 200 -
172.16.3.7 - - [30/Jan/2026:17:33:37 +0100] "HEAD /rhn/manager/download/sle-product-sles15-sp7-pool-x86_64/media.1/media?eyJhbGciOiJIUzI1NiJ9.eyJqdGkiOiJHdkVlWjh5YmtJaWFoNmxaSk1tY0NRIiwiZXhwIjoxODAxMzI2NzE5LCJpYXQiOjE3Njk3OTA3MTksIm5iZiI6MTc2OTc5MDU5OSwib3JnIjoxLCJvbmx5Q2hhbm5lbHMiOlsic2xlLXByb2R1Y3Qtc2xlczE1LXNwNy1wb29sLXg4Nl82NCJdfQ.4fqxwZ7S8NR9FVM4Dm4oikpB1-IBQIdhRCMMVl83Iw8 HTTP/1.1" 404 -
172.16.3.7 - - [30/Jan/2026:17:33:37 +0100] "HEAD /rhn/manager/download/sle-product-sles15-sp7-pool-x86_64/repodata/repomd.xml?eyJhbGciOiJIUzI1NiJ9.eyJqdGkiOiJHdkVlWjh5YmtJaWFoNmxaSk1tY0NRIiwiZXhwIjoxODAxMzI2NzE5LCJpYXQiOjE3Njk3OTA3MTksIm5iZiI6MTc2OTc5MDU5OSwib3JnIjoxLCJvbmx5Q2hhbm5lbHMiOlsic2xlLXByb2R1Y3Qtc2xlczE1LXNwNy1wb29sLXg4Nl82NCJdfQ.4fqxwZ7S8NR9FVM4Dm4oikpB1-IBQIdhRCMMVl83Iw8 HTTP/1.1" 200 -
172.16.3.7 - - [30/Jan/2026:17:33:37 +0100] "HEAD /rhn/manager/download/sle-product-sles15-sp7-pool-x86_64/repodata/repomd.xml.asc?eyJhbGciOiJIUzI1NiJ9.eyJqdGkiOiJHdkVlWjh5YmtJaWFoNmxaSk1tY0NRIiwiZXhwIjoxODAxMzI2NzE5LCJpYXQiOjE3Njk3OTA3MTksIm5iZiI6MTc2OTc5MDU5OSwib3JnIjoxLCJvbmx5Q2hhbm5lbHMiOlsic2xlLXByb2R1Y3Qtc2xlczE1LXNwNy1wb29sLXg4Nl82NCJdfQ.4fqxwZ7S8NR9FVM4Dm4oikpB1-IBQIdhRCMMVl83Iw8 HTTP/1.1" 404 -
172.16.3.7 - - [30/Jan/2026:17:33:37 +0100] "HEAD /rhn/manager/download/sle-product-sles15-sp7-pool-x86_64/repodata/c8e0f552cad1f92d615c7e759066ec06a8d881eaf43d49ac2d623ac121bf27a4-primary.xml.gz?eyJhbGciOiJIUzI1NiJ9.eyJqdGkiOiJHdkVlWjh5YmtJaWFoNmxaSk1tY0NRIiwiZXhwIjoxODAxMzI2NzE5LCJpYXQiOjE3Njk3OTA3MTksIm5iZiI6MTc2OTc5MDU5OSwib3JnIjoxLCJvbmx5Q2hhbm5lbHMiOlsic2xlLXByb2R1Y3Qtc2xlczE1LXNwNy1wb29sLXg4Nl82NCJdfQ.4fqxwZ7S8NR9FVM4Dm4oikpB1-IBQIdhRCMMVl83Iw8 HTTP/1.1" 200 -
172.16.3.5 - - [30/Jan/2026:17:33:37 +0100] "GET /rhn/systems/details/history/Event.do?sid=1000010004&aid=26 HTTP/1.1" 200 38144
172.16.3.7 - - [30/Jan/2026:17:33:37 +0100] "HEAD /rhn/manager/download/sle-product-sles15-sp7-pool-x86_64/repodata/d34d50251ddccc5076dda6be822f830e76003f859d24fecd8a7417991ab5a954-susedata.xml.gz?eyJhbGciOiJIUzI1NiJ9.eyJqdGkiOiJHdkVlWjh5YmtJaWFoNmxaSk1tY0NRIiwiZXhwIjoxODAxMzI2NzE5LCJpYXQiOjE3Njk3OTA3MTksIm5iZiI6MTc2OTc5MDU5OSwib3JnIjoxLCJvbmx5Q2hhbm5lbHMiOlsic2xlLXByb2R1Y3Qtc2xlczE1LXNwNy1wb29sLXg4Nl82NCJdfQ.4fqxwZ7S8NR9FVM4Dm4oikpB1-IBQIdhRCMMVl83Iw8 HTTP/1.1" 200 -
172.16.3.7 - - [30/Jan/2026:17:33:37 +0100] "HEAD /rhn/manager/download/sles15-sp7-devel-uyuni-client-x86_64/repodata/repomd.xml?eyJhbGciOiJIUzI1NiJ9.eyJqdGkiOiJ0X2NMMVA2Wkg4aHhlQzFtVzJYWXFRIiwiZXhwIjoxODAxMzI2NzE5LCJpYXQiOjE3Njk3OTA3MTksIm5iZiI6MTc2OTc5MDU5OSwib3JnIjoxLCJvbmx5Q2hhbm5lbHMiOlsic2xlczE1LXNwNy1kZXZlbC11eXVuaS1jbGllbnQteDg2XzY0Il19._XiQa1hy84OXqmZ2aCoxYgPvxYK35WHQ1FkwsxZxY6g HTTP/1.1" 200 -
172.16.3.7 - - [30/Jan/2026:17:33:37 +0100] "HEAD /rhn/manager/download/sles15-sp7-devel-uyuni-client-x86_64/media.1/media?eyJhbGciOiJIUzI1NiJ9.eyJqdGkiOiJ0X2NMMVA2Wkg4aHhlQzFtVzJYWXFRIiwiZXhwIjoxODAxMzI2NzE5LCJpYXQiOjE3Njk3OTA3MTksIm5iZiI6MTc2OTc5MDU5OSwib3JnIjoxLCJvbmx5Q2hhbm5lbHMiOlsic2xlczE1LXNwNy1kZXZlbC11eXVuaS1jbGllbnQteDg2XzY0Il19._XiQa1hy84OXqmZ2aCoxYgPvxYK35WHQ1FkwsxZxY6g HTTP/1.1" 404 -
172.16.3.7 - - [30/Jan/2026:17:33:37 +0100] "HEAD /rhn/manager/download/sles15-sp7-devel-uyuni-client-x86_64/repodata/repomd.xml?eyJhbGciOiJIUzI1NiJ9.eyJqdGkiOiJ0X2NMMVA2Wkg4aHhlQzFtVzJYWXFRIiwiZXhwIjoxODAxMzI2NzE5LCJpYXQiOjE3Njk3OTA3MTksIm5iZiI6MTc2OTc5MDU5OSwib3JnIjoxLCJvbmx5Q2hhbm5lbHMiOlsic2xlczE1LXNwNy1kZXZlbC11eXVuaS1jbGllbnQteDg2XzY0Il19._XiQa1hy84OXqmZ2aCoxYgPvxYK35WHQ1FkwsxZxY6g HTTP/1.1" 200 -
172.16.3.5 - - [30/Jan/2026:17:33:37 +0100] "GET /rhn/systems/details/Overview.do?sid=1000010000& HTTP/1.1" 200 43369
172.16.3.5 - - [30/Jan/2026:17:33:37 +0100] "POST /rhn/manager/frontend-log HTTP/1.1" 200 16
172.16.3.7 - - [30/Jan/2026:17:33:37 +0100] "HEAD /rhn/manager/download/sles15-sp7-devel-uyuni-client-x86_64/repodata/repomd.xml.asc?eyJhbGciOiJIUzI1NiJ9.eyJqdGkiOiJ0X2NMMVA2Wkg4aHhlQzFtVzJYWXFRIiwiZXhwIjoxODAxMzI2NzE5LCJpYXQiOjE3Njk3OTA3MTksIm5iZiI6MTc2OTc5MDU5OSwib3JnIjoxLCJvbmx5Q2hhbm5lbHMiOlsic2xlczE1LXNwNy1kZXZlbC11eXVuaS1jbGllbnQteDg2XzY0Il19._XiQa1hy84OXqmZ2aCoxYgPvxYK35WHQ1FkwsxZxY6g HTTP/1.1" 404 -
127.0.0.1 - - [30/Jan/2026:17:33:37 +0100] "GET /rhn/websocket/notifications HTTP/1.1" 101 -
172.16.3.7 - - [30/Jan/2026:17:33:38 +0100] "HEAD /rhn/manager/download/sles15-sp7-devel-uyuni-client-x86_64/repodata/918afae8a4eaff1e642320e793fd3bfe20095f099902c53ca3d95428b70653dd-primary.xml.gz?eyJhbGciOiJIUzI1NiJ9.eyJqdGkiOiJ0X2NMMVA2Wkg4aHhlQzFtVzJYWXFRIiwiZXhwIjoxODAxMzI2NzE5LCJpYXQiOjE3Njk3OTA3MTksIm5iZiI6MTc2OTc5MDU5OSwib3JnIjoxLCJvbmx5Q2hhbm5lbHMiOlsic2xlczE1LXNwNy1kZXZlbC11eXVuaS1jbGllbnQteDg2XzY0Il19._XiQa1hy84OXqmZ2aCoxYgPvxYK35WHQ1FkwsxZxY6g HTTP/1.1" 200 -
172.16.3.7 - - [30/Jan/2026:17:33:38 +0100] "HEAD /rhn/manager/download/sles15-sp7-devel-uyuni-client-x86_64/repodata/8a5127520ba7846851b47d69f4166ab8bb3127da3fccb0935e621b6b6d6cf861-susedata.xml.gz?eyJhbGciOiJIUzI1NiJ9.eyJqdGkiOiJ0X2NMMVA2Wkg4aHhlQzFtVzJYWXFRIiwiZXhwIjoxODAxMzI2NzE5LCJpYXQiOjE3Njk3OTA3MTksIm5iZiI6MTc2OTc5MDU5OSwib3JnIjoxLCJvbmx5Q2hhbm5lbHMiOlsic2xlczE1LXNwNy1kZXZlbC11eXVuaS1jbGllbnQteDg2XzY0Il19._XiQa1hy84OXqmZ2aCoxYgPvxYK35WHQ1FkwsxZxY6g HTTP/1.1" 200 -
172.16.3.5 - - [30/Jan/2026:17:33:38 +0100] "POST /rhn/manager/frontend-log HTTP/1.1" 200 16
127.0.0.1 - - [30/Jan/2026:17:33:38 +0100] "GET /rhn/websocket/notifications HTTP/1.1" 101 -
172.16.3.5 - - [30/Jan/2026:17:33:38 +0100] "GET /rhn/systems/details/ProxyClients.do?sid=1000010000& HTTP/1.1" 200 55848
172.16.3.5 - - [30/Jan/2026:17:33:39 +0100] "POST /rhn/manager/frontend-log HTTP/1.1" 200 16
127.0.0.1 - - [30/Jan/2026:17:33:39 +0100] "GET /rhn/websocket/notifications HTTP/1.1" 101 -
172.16.3.7 - - [30/Jan/2026:17:33:39 +0100] "HEAD /rhn/manager/download/sle-module-basesystem15-sp7-pool-x86_64/getPackage/NULL/e5b6e78440a67d6987c31a70a11621cf17272df6435466bd8fcd31958f0dd7f6/libsha1detectcoll1-1.0.3-2.18.x86_64.rpm?eyJhbGciOiJIUzI1NiJ9.eyJqdGkiOiI3UnlqdGI0TF9UWGNob1VSSE1hV3lnIiwiZXhwIjoxODAxMzI2NzE5LCJpYXQiOjE3Njk3OTA3MTksIm5iZiI6MTc2OTc5MDU5OSwib3JnIjoxLCJvbmx5Q2hhbm5lbHMiOlsic2xlLW1vZHVsZS1iYXNlc3lzdGVtMTUtc3A3LXBvb2wteDg2XzY0Il19.Mqor98A-VBacCQID6oQuaflzDecu-hz-wNbYbG1EsiU HTTP/1.1" 200 -
172.16.3.7 - - [30/Jan/2026:17:33:39 +0100] "GET /rhn/manager/download/sle-module-basesystem15-sp7-pool-x86_64/getPackage/NULL/e5b6e78440a67d6987c31a70a11621cf17272df6435466bd8fcd31958f0dd7f6/libsha1detectcoll1-1.0.3-2.18.x86_64.rpm?eyJhbGciOiJIUzI1NiJ9.eyJqdGkiOiI3UnlqdGI0TF9UWGNob1VSSE1hV3lnIiwiZXhwIjoxODAxMzI2NzE5LCJpYXQiOjE3Njk3OTA3MTksIm5iZiI6MTc2OTc5MDU5OSwib3JnIjoxLCJvbmx5Q2hhbm5lbHMiOlsic2xlLW1vZHVsZS1iYXNlc3lzdGVtMTUtc3A3LXBvb2wteDg2XzY0Il19.Mqor98A-VBacCQID6oQuaflzDecu-hz-wNbYbG1EsiU HTTP/1.1" 200 3664
172.16.3.7 - - [30/Jan/2026:17:33:39 +0100] "HEAD /rhn/manager/download/sle-module-basesystem15-sp7-updates-x86_64/getPackage/NULL/c93916b0da569c1dee83dde8b268c9fea33e4fc4b0f68f8924ca7adaabf35143/git-core-2.51.0-150600.3.15.1.x86_64.rpm?eyJhbGciOiJIUzI1NiJ9.eyJqdGkiOiI5RTFUR21ld25wOGVmYnE4cUg5OGN3IiwiZXhwIjoxODAxMzI2NzE5LCJpYXQiOjE3Njk3OTA3MTksIm5iZiI6MTc2OTc5MDU5OSwib3JnIjoxLCJvbmx5Q2hhbm5lbHMiOlsic2xlLW1vZHVsZS1iYXNlc3lzdGVtMTUtc3A3LXVwZGF0ZXMteDg2XzY0Il19.WwImMUbye0KFhpwR34jJ1ws4FJCswoM0N-maDdr2wHU HTTP/1.1" 200 -
172.16.3.7 - - [30/Jan/2026:17:33:39 +0100] "GET /rhn/manager/download/sle-module-basesystem15-sp7-updates-x86_64/getPackage/NULL/c93916b0da569c1dee83dde8b268c9fea33e4fc4b0f68f8924ca7adaabf35143/git-core-2.51.0-150600.3.15.1.x86_64.rpm?eyJhbGciOiJIUzI1NiJ9.eyJqdGkiOiI5RTFUR21ld25wOGVmYnE4cUg5OGN3IiwiZXhwIjoxODAxMzI2NzE5LCJpYXQiOjE3Njk3OTA3MTksIm5iZiI6MTc2OTc5MDU5OSwib3JnIjoxLCJvbmx5Q2hhbm5lbHMiOlsic2xlLW1vZHVsZS1iYXNlc3lzdGVtMTUtc3A3LXVwZGF0ZXMteDg2XzY0Il19.WwImMUbye0KFhpwR34jJ1ws4FJCswoM0N-maDdr2wHU HTTP/1.1" 200 3664
172.16.3.5 - - [30/Jan/2026:17:33:39 +0100] "POST /rhn/manager/api/auth/login HTTP/1.1" 200 16
172.16.3.5 - - [30/Jan/2026:17:33:39 +0100] "POST /rhn/manager/api/system/searchByName HTTP/1.1" 200 162
::1 - - [30/Jan/2026:17:33:40 +0100] "GET /rhn/manager/login HTTP/1.1" 302 -
172.16.3.5 - - [30/Jan/2026:17:33:40 +0100] "GET /rhn/manager/api/auth/logout HTTP/1.1" 200 16
172.16.3.5 - - [30/Jan/2026:17:33:40 +0100] "POST /rhn/manager/api/auth/login HTTP/1.1" 200 16
172.16.3.5 - - [30/Jan/2026:17:33:40 +0100] "POST /rhn/manager/api/system/searchByName HTTP/1.1" 200 163
172.16.3.5 - - [30/Jan/2026:17:33:40 +0100] "GET /rhn/manager/api/auth/logout HTTP/1.1" 200 16
172.16.3.5 - - [30/Jan/2026:17:33:40 +0100] "GET /rhn/systems/details/Overview.do?sid=1000010003 HTTP/1.1" 200 48550
172.16.3.5 - - [30/Jan/2026:17:33:40 +0100] "POST /rhn/manager/frontend-log HTTP/1.1" 200 16
127.0.0.1 - - [30/Jan/2026:17:33:40 +0100] "GET /rhn/websocket/notifications HTTP/1.1" 101 -
172.16.3.5 - - [30/Jan/2026:17:33:40 +0100] "POST /rhn/manager/frontend-log HTTP/1.1" 200 16
172.16.3.5 - - [30/Jan/2026:17:33:41 +0100] "GET /rhn/systems/details/Overview.do?sid=1000010004 HTTP/1.1" 200 44753
127.0.0.1 - - [30/Jan/2026:17:33:41 +0100] "GET /rhn/websocket/notifications HTTP/1.1" 101 -
172.16.3.5 - - [30/Jan/2026:17:33:41 +0100] "POST /rhn/manager/frontend-log HTTP/1.1" 200 16
172.16.3.5 - - [30/Jan/2026:17:33:41 +0100] "POST /rhn/manager/api/auth/login HTTP/1.1" 200 16
127.0.0.1 - - [30/Jan/2026:17:33:41 +0100] "GET /rhn/websocket/notifications HTTP/1.1" 101 -
172.16.3.5 - - [30/Jan/2026:17:33:41 +0100] "POST /rhn/manager/frontend-log HTTP/1.1" 200 16
127.0.0.1 - - [30/Jan/2026:17:33:41 +0100] "GET /rhn/websocket/notifications HTTP/1.1" 101 -
172.16.3.5 - - [30/Jan/2026:17:33:41 +0100] "POST /rhn/manager/api/system/searchByName HTTP/1.1" 200 162
172.16.3.5 - - [30/Jan/2026:17:33:41 +0100] "GET /rhn/manager/api/auth/logout HTTP/1.1" 200 16
172.16.3.5 - - [30/Jan/2026:17:33:42 +0100] "GET /rhn/systems/details/Overview.do?sid=1000010004& HTTP/1.1" 200 44753
172.16.3.5 - - [30/Jan/2026:17:33:42 +0100] "GET /rhn/systems/details/history/Event.do?sid=1000010002&aid=30 HTTP/1.1" 200 38162
172.16.3.5 - - [30/Jan/2026:17:33:42 +0100] "GET /rhn/systems/details/history/History.do?sid=1000010001& HTTP/1.1" 200 45220
172.16.3.5 - - [30/Jan/2026:17:33:42 +0100] "POST /rhn/manager/frontend-log HTTP/1.1" 200 16
127.0.0.1 - - [30/Jan/2026:17:33:42 +0100] "GET /rhn/websocket/notifications HTTP/1.1" 101 -
172.16.3.5 - - [30/Jan/2026:17:33:42 +0100] "POST /rhn/manager/frontend-log HTTP/1.1" 200 16
127.0.0.1 - - [30/Jan/2026:17:33:42 +0100] "GET /rhn/websocket/notifications HTTP/1.1" 101 -
172.16.3.5 - - [30/Jan/2026:17:33:42 +0100] "GET /rhn/systems/details/Overview.do?sid=1000010003 HTTP/1.1" 200 48550
172.16.3.5 - - [30/Jan/2026:17:33:42 +0100] "POST /rhn/manager/frontend-log HTTP/1.1" 429 17
127.0.0.1 - - [30/Jan/2026:17:33:42 +0100] "GET /rhn/websocket/notifications HTTP/1.1" 101 -
172.16.3.5 - - [30/Jan/2026:17:33:42 +0100] "POST /rhn/manager/frontend-log HTTP/1.1" 429 17
172.16.3.5 - - [30/Jan/2026:17:33:42 +0100] "POST /rhn/manager/frontend-log HTTP/1.1" 429 17
127.0.0.1 - - [30/Jan/2026:17:33:42 +0100] "GET /rhn/websocket/notifications HTTP/1.1" 101 -
127.0.0.1 - - [30/Jan/2026:17:33:42 +0100] "GET /rhn/websocket/notifications HTTP/1.1" 101 -
172.16.3.5 - - [30/Jan/2026:17:33:42 +0100] "POST /rhn/manager/frontend-log HTTP/1.1" 429 17
172.16.3.5 - - [30/Jan/2026:17:33:43 +0100] "GET /rhn/systems/details/Connection.do?sid=1000010004& HTTP/1.1" 200 39131
127.0.0.1 - - [30/Jan/2026:17:33:43 +0100] "GET /rhn/websocket/notifications HTTP/1.1" 101 -
172.16.3.5 - - [30/Jan/2026:17:33:43 +0100] "GET /rhn/systems/details/history/Pending.do?sid=1000010003& HTTP/1.1" 200 37859
127.0.0.1 - - [30/Jan/2026:17:33:43 +0100] "GET /rhn/websocket/notifications HTTP/1.1" 101 -
172.16.3.5 - - [30/Jan/2026:17:33:43 +0100] "POST /rhn/manager/frontend-log HTTP/1.1" 429 17
172.16.3.5 - - [30/Jan/2026:17:33:43 +0100] "GET /rhn/systems/details/history/Event.do?sid=1000010001&aid=29 HTTP/1.1" 200 38158
172.16.3.5 - - [30/Jan/2026:17:33:43 +0100] "POST /rhn/manager/api/auth/login HTTP/1.1" 200 16
127.0.0.1 - - [30/Jan/2026:17:33:43 +0100] "GET /rhn/websocket/notifications HTTP/1.1" 101 -
172.16.3.5 - - [30/Jan/2026:17:33:43 +0100] "POST /rhn/manager/frontend-log HTTP/1.1" 429 17
172.16.3.5 - - [30/Jan/2026:17:33:43 +0100] "POST /rhn/manager/frontend-log HTTP/1.1" 429 17
127.0.0.1 - - [30/Jan/2026:17:33:43 +0100] "GET /rhn/websocket/notifications HTTP/1.1" 101 -
172.16.3.5 - - [30/Jan/2026:17:33:43 +0100] "POST /rhn/manager/api/system/searchByName HTTP/1.1" 200 157
172.16.3.5 - - [30/Jan/2026:17:33:43 +0100] "GET /rhn/systems/details/history/History.do?sid=1000010003& HTTP/1.1" 200 47393
172.16.3.5 - - [30/Jan/2026:17:33:44 +0100] "GET /rhn/manager/api/auth/logout HTTP/1.1" 200 16
127.0.0.1 - - [30/Jan/2026:17:33:44 +0100] "GET /rhn/websocket/notifications HTTP/1.1" 101 -
172.16.3.5 - - [30/Jan/2026:17:33:44 +0100] "POST /rhn/manager/frontend-log HTTP/1.1" 429 17
172.16.3.5 - - [30/Jan/2026:17:33:44 +0100] "POST /rhn/manager/api/auth/login HTTP/1.1" 200 16
172.16.3.5 - - [30/Jan/2026:17:33:44 +0100] "POST /rhn/manager/api/system/searchByName HTTP/1.1" 200 165
172.16.3.5 - - [30/Jan/2026:17:33:44 +0100] "GET /rhn/systems/details/Overview.do?sid=1000010000 HTTP/1.1" 200 43368
172.16.3.5 - - [30/Jan/2026:17:33:44 +0100] "GET /rhn/manager/api/auth/logout HTTP/1.1" 200 16
172.16.3.5 - - [30/Jan/2026:17:33:44 +0100] "POST /rhn/manager/frontend-log HTTP/1.1" 429 17
127.0.0.1 - - [30/Jan/2026:17:33:44 +0100] "GET /rhn/websocket/notifications HTTP/1.1" 101 -
172.16.3.5 - - [30/Jan/2026:17:33:44 +0100] "POST /rhn/manager/frontend-log HTTP/1.1" 429 17
127.0.0.1 - - [30/Jan/2026:17:33:44 +0100] "GET /rhn/websocket/notifications HTTP/1.1" 101 -
172.16.3.5 - - [30/Jan/2026:17:33:45 +0100] "GET /rhn/systems/details/Overview.do?sid=1000010001 HTTP/1.1" 200 44413
172.16.3.5 - - [30/Jan/2026:17:33:45 +0100] "POST /rhn/manager/frontend-log HTTP/1.1" 429 17
172.16.3.5 - - [30/Jan/2026:17:33:45 +0100] "GET /rhn/systems/details/Overview.do?sid=1000010000& HTTP/1.1" 200 43368
127.0.0.1 - - [30/Jan/2026:17:33:45 +0100] "GET /rhn/websocket/notifications HTTP/1.1" 101 -
172.16.3.5 - - [30/Jan/2026:17:33:45 +0100] "POST /rhn/manager/frontend-log HTTP/1.1" 429 17
127.0.0.1 - - [30/Jan/2026:17:33:45 +0100] "GET /rhn/websocket/notifications HTTP/1.1" 101 -
127.0.0.1 - - [30/Jan/2026:17:33:45 +0100] "GET /rhn/websocket/notifications HTTP/1.1" 101 -
172.16.3.5 - - [30/Jan/2026:17:33:45 +0100] "POST /rhn/manager/frontend-log HTTP/1.1" 429 17
172.16.3.5 - - [30/Jan/2026:17:33:45 +0100] "GET /rhn/systems/details/history/Pending.do?sid=1000010001& HTTP/1.1" 200 37862
172.16.3.7 - - [30/Jan/2026:17:33:46 +0100] "HEAD /rhn/manager/download/sle-module-basesystem15-sp7-pool-x86_64/getPackage/NULL/f5440f198ab6c4fb585654dcdb919f8bcc369548547521f9927f090196c3c448/libisofs6-1.5.6-150600.1.5.x86_64.rpm?eyJhbGciOiJIUzI1NiJ9.eyJqdGkiOiI3UnlqdGI0TF9UWGNob1VSSE1hV3lnIiwiZXhwIjoxODAxMzI2NzE5LCJpYXQiOjE3Njk3OTA3MTksIm5iZiI6MTc2OTc5MDU5OSwib3JnIjoxLCJvbmx5Q2hhbm5lbHMiOlsic2xlLW1vZHVsZS1iYXNlc3lzdGVtMTUtc3A3LXBvb2wteDg2XzY0Il19.Mqor98A-VBacCQID6oQuaflzDecu-hz-wNbYbG1EsiU HTTP/1.1" 200 -
127.0.0.1 - - [30/Jan/2026:17:33:46 +0100] "GET /rhn/websocket/notifications HTTP/1.1" 101 -
172.16.3.5 - - [30/Jan/2026:17:33:46 +0100] "POST /rhn/manager/frontend-log HTTP/1.1" 429 17
172.16.3.7 - - [30/Jan/2026:17:33:46 +0100] "GET /rhn/manager/download/sle-module-basesystem15-sp7-pool-x86_64/getPackage/NULL/f5440f198ab6c4fb585654dcdb919f8bcc369548547521f9927f090196c3c448/libisofs6-1.5.6-150600.1.5.x86_64.rpm?eyJhbGciOiJIUzI1NiJ9.eyJqdGkiOiI3UnlqdGI0TF9UWGNob1VSSE1hV3lnIiwiZXhwIjoxODAxMzI2NzE5LCJpYXQiOjE3Njk3OTA3MTksIm5iZiI6MTc2OTc5MDU5OSwib3JnIjoxLCJvbmx5Q2hhbm5lbHMiOlsic2xlLW1vZHVsZS1iYXNlc3lzdGVtMTUtc3A3LXBvb2wteDg2XzY0Il19.Mqor98A-VBacCQID6oQuaflzDecu-hz-wNbYbG1EsiU HTTP/1.1" 200 3664
172.16.3.7 - - [30/Jan/2026:17:33:46 +0100] "HEAD /rhn/manager/download/sle-module-basesystem15-sp7-pool-x86_64/getPackage/NULL/fcccb0d936a1f5b827f15036fa204a76bff5376d78b8e63d0ec3b1b36fb9743c/skopeo-1.14.4-150300.11.22.1.x86_64.rpm?eyJhbGciOiJIUzI1NiJ9.eyJqdGkiOiI3UnlqdGI0TF9UWGNob1VSSE1hV3lnIiwiZXhwIjoxODAxMzI2NzE5LCJpYXQiOjE3Njk3OTA3MTksIm5iZiI6MTc2OTc5MDU5OSwib3JnIjoxLCJvbmx5Q2hhbm5lbHMiOlsic2xlLW1vZHVsZS1iYXNlc3lzdGVtMTUtc3A3LXBvb2wteDg2XzY0Il19.Mqor98A-VBacCQID6oQuaflzDecu-hz-wNbYbG1EsiU HTTP/1.1" 200 -
172.16.3.7 - - [30/Jan/2026:17:33:46 +0100] "GET /rhn/manager/download/sle-module-basesystem15-sp7-pool-x86_64/getPackage/NULL/fcccb0d936a1f5b827f15036fa204a76bff5376d78b8e63d0ec3b1b36fb9743c/skopeo-1.14.4-150300.11.22.1.x86_64.rpm?eyJhbGciOiJIUzI1NiJ9.eyJqdGkiOiI3UnlqdGI0TF9UWGNob1VSSE1hV3lnIiwiZXhwIjoxODAxMzI2NzE5LCJpYXQiOjE3Njk3OTA3MTksIm5iZiI6MTc2OTc5MDU5OSwib3JnIjoxLCJvbmx5Q2hhbm5lbHMiOlsic2xlLW1vZHVsZS1iYXNlc3lzdGVtMTUtc3A3LXBvb2wteDg2XzY0Il19.Mqor98A-VBacCQID6oQuaflzDecu-hz-wNbYbG1EsiU HTTP/1.1" 200 3664
172.16.3.5 - - [30/Jan/2026:17:33:46 +0100] "GET /rhn/systems/details/ProxyClients.do?sid=1000010000& HTTP/1.1" 200 55846
172.16.3.5 - - [30/Jan/2026:17:33:46 +0100] "GET /rhn/systems/details/history/History.do?sid=1000010001& HTTP/1.1" 200 45220
172.16.3.7 - - [30/Jan/2026:17:33:46 +0100] "HEAD /rhn/manager/download/sle-module-basesystem15-sp7-pool-x86_64/getPackage/NULL/fc01987c103deba82c90f938ce7db2707ceb1d9eca7f66698064ece67caa00a9/libsgutils2-1_48-2-1.48+11.56e7b2f-150600.3.3.11.x86_64.rpm?eyJhbGciOiJIUzI1NiJ9.eyJqdGkiOiI3UnlqdGI0TF9UWGNob1VSSE1hV3lnIiwiZXhwIjoxODAxMzI2NzE5LCJpYXQiOjE3Njk3OTA3MTksIm5iZiI6MTc2OTc5MDU5OSwib3JnIjoxLCJvbmx5Q2hhbm5lbHMiOlsic2xlLW1vZHVsZS1iYXNlc3lzdGVtMTUtc3A3LXBvb2wteDg2XzY0Il19.Mqor98A-VBacCQID6oQuaflzDecu-hz-wNbYbG1EsiU HTTP/1.1" 200 -
172.16.3.7 - - [30/Jan/2026:17:33:46 +0100] "GET /rhn/manager/download/sle-module-basesystem15-sp7-pool-x86_64/getPackage/NULL/fc01987c103deba82c90f938ce7db2707ceb1d9eca7f66698064ece67caa00a9/libsgutils2-1_48-2-1.48+11.56e7b2f-150600.3.3.11.x86_64.rpm?eyJhbGciOiJIUzI1NiJ9.eyJqdGkiOiI3UnlqdGI0TF9UWGNob1VSSE1hV3lnIiwiZXhwIjoxODAxMzI2NzE5LCJpYXQiOjE3Njk3OTA3MTksIm5iZiI6MTc2OTc5MDU5OSwib3JnIjoxLCJvbmx5Q2hhbm5lbHMiOlsic2xlLW1vZHVsZS1iYXNlc3lzdGVtMTUtc3A3LXBvb2wteDg2XzY0Il19.Mqor98A-VBacCQID6oQuaflzDecu-hz-wNbYbG1EsiU HTTP/1.1" 200 3664
172.16.3.7 - - [30/Jan/2026:17:33:46 +0100] "HEAD /rhn/manager/download/sle-module-basesystem15-sp7-pool-x86_64/getPackage/NULL/855fc920896aad9208b9ab5781dc5f4146219c57afb0d7908f84ef54594725a4/libfmt8-8.0.1-150400.1.8.x86_64.rpm?eyJhbGciOiJIUzI1NiJ9.eyJqdGkiOiI3UnlqdGI0TF9UWGNob1VSSE1hV3lnIiwiZXhwIjoxODAxMzI2NzE5LCJpYXQiOjE3Njk3OTA3MTksIm5iZiI6MTc2OTc5MDU5OSwib3JnIjoxLCJvbmx5Q2hhbm5lbHMiOlsic2xlLW1vZHVsZS1iYXNlc3lzdGVtMTUtc3A3LXBvb2wteDg2XzY0Il19.Mqor98A-VBacCQID6oQuaflzDecu-hz-wNbYbG1EsiU HTTP/1.1" 200 -
127.0.0.1 - - [30/Jan/2026:17:33:46 +0100] "GET /rhn/websocket/notifications HTTP/1.1" 101 -
172.16.3.5 - - [30/Jan/2026:17:33:46 +0100] "POST /rhn/manager/frontend-log HTTP/1.1" 429 17
172.16.3.7 - - [30/Jan/2026:17:33:46 +0100] "GET /rhn/manager/download/sle-module-basesystem15-sp7-pool-x86_64/getPackage/NULL/855fc920896aad9208b9ab5781dc5f4146219c57afb0d7908f84ef54594725a4/libfmt8-8.0.1-150400.1.8.x86_64.rpm?eyJhbGciOiJIUzI1NiJ9.eyJqdGkiOiI3UnlqdGI0TF9UWGNob1VSSE1hV3lnIiwiZXhwIjoxODAxMzI2NzE5LCJpYXQiOjE3Njk3OTA3MTksIm5iZiI6MTc2OTc5MDU5OSwib3JnIjoxLCJvbmx5Q2hhbm5lbHMiOlsic2xlLW1vZHVsZS1iYXNlc3lzdGVtMTUtc3A3LXBvb2wteDg2XzY0Il19.Mqor98A-VBacCQID6oQuaflzDecu-hz-wNbYbG1EsiU HTTP/1.1" 200 3663
172.16.3.7 - - [30/Jan/2026:17:33:46 +0100] "HEAD /rhn/manager/download/sle-module-basesystem15-sp7-pool-x86_64/getPackage/NULL/c655279f82cffa816ae0b77e0bae92b1898629989d8a4c41508fed806a811f2f/libjpeg8-8.2.2-150600.22.5.x86_64.rpm?eyJhbGciOiJIUzI1NiJ9.eyJqdGkiOiI3UnlqdGI0TF9UWGNob1VSSE1hV3lnIiwiZXhwIjoxODAxMzI2NzE5LCJpYXQiOjE3Njk3OTA3MTksIm5iZiI6MTc2OTc5MDU5OSwib3JnIjoxLCJvbmx5Q2hhbm5lbHMiOlsic2xlLW1vZHVsZS1iYXNlc3lzdGVtMTUtc3A3LXBvb2wteDg2XzY0Il19.Mqor98A-VBacCQID6oQuaflzDecu-hz-wNbYbG1EsiU HTTP/1.1" 200 -
127.0.0.1 - - [30/Jan/2026:17:33:46 +0100] "GET /rhn/websocket/notifications HTTP/1.1" 101 -
172.16.3.7 - - [30/Jan/2026:17:33:46 +0100] "GET /rhn/manager/download/sle-module-basesystem15-sp7-pool-x86_64/getPackage/NULL/c655279f82cffa816ae0b77e0bae92b1898629989d8a4c41508fed806a811f2f/libjpeg8-8.2.2-150600.22.5.x86_64.rpm?eyJhbGciOiJIUzI1NiJ9.eyJqdGkiOiI3UnlqdGI0TF9UWGNob1VSSE1hV3lnIiwiZXhwIjoxODAxMzI2NzE5LCJpYXQiOjE3Njk3OTA3MTksIm5iZiI6MTc2OTc5MDU5OSwib3JnIjoxLCJvbmx5Q2hhbm5lbHMiOlsic2xlLW1vZHVsZS1iYXNlc3lzdGVtMTUtc3A3LXBvb2wteDg2XzY0Il19.Mqor98A-VBacCQID6oQuaflzDecu-hz-wNbYbG1EsiU HTTP/1.1" 200 3663
172.16.3.5 - - [30/Jan/2026:17:33:46 +0100] "POST /rhn/manager/frontend-log HTTP/1.1" 429 17
172.16.3.7 - - [30/Jan/2026:17:33:46 +0100] "HEAD /rhn/manager/download/sle-module-basesystem15-sp7-pool-x86_64/getPackage/NULL/6becc1117ada1d22244a01a36729a6a1da4d4b5e74e59738dc06cf00e1a4a1e6/libburn4-1.5.6-150600.1.6.x86_64.rpm?eyJhbGciOiJIUzI1NiJ9.eyJqdGkiOiI3UnlqdGI0TF9UWGNob1VSSE1hV3lnIiwiZXhwIjoxODAxMzI2NzE5LCJpYXQiOjE3Njk3OTA3MTksIm5iZiI6MTc2OTc5MDU5OSwib3JnIjoxLCJvbmx5Q2hhbm5lbHMiOlsic2xlLW1vZHVsZS1iYXNlc3lzdGVtMTUtc3A3LXBvb2wteDg2XzY0Il19.Mqor98A-VBacCQID6oQuaflzDecu-hz-wNbYbG1EsiU HTTP/1.1" 200 -
172.16.3.7 - - [30/Jan/2026:17:33:46 +0100] "GET /rhn/manager/download/sle-module-basesystem15-sp7-pool-x86_64/getPackage/NULL/6becc1117ada1d22244a01a36729a6a1da4d4b5e74e59738dc06cf00e1a4a1e6/libburn4-1.5.6-150600.1.6.x86_64.rpm?eyJhbGciOiJIUzI1NiJ9.eyJqdGkiOiI3UnlqdGI0TF9UWGNob1VSSE1hV3lnIiwiZXhwIjoxODAxMzI2NzE5LCJpYXQiOjE3Njk3OTA3MTksIm5iZiI6MTc2OTc5MDU5OSwib3JnIjoxLCJvbmx5Q2hhbm5lbHMiOlsic2xlLW1vZHVsZS1iYXNlc3lzdGVtMTUtc3A3LXBvb2wteDg2XzY0Il19.Mqor98A-VBacCQID6oQuaflzDecu-hz-wNbYbG1EsiU HTTP/1.1" 200 3664
172.16.3.7 - - [30/Jan/2026:17:33:46 +0100] "HEAD /rhn/manager/download/sle-module-basesystem15-sp7-pool-x86_64/getPackage/NULL/d3d4a456ce1f649fbfce13d17f6d8fc78336395a60a319290cefcdc2705fbf58/squashfs-4.6.1-150300.3.3.1.x86_64.rpm?eyJhbGciOiJIUzI1NiJ9.eyJqdGkiOiI3UnlqdGI0TF9UWGNob1VSSE1hV3lnIiwiZXhwIjoxODAxMzI2NzE5LCJpYXQiOjE3Njk3OTA3MTksIm5iZiI6MTc2OTc5MDU5OSwib3JnIjoxLCJvbmx5Q2hhbm5lbHMiOlsic2xlLW1vZHVsZS1iYXNlc3lzdGVtMTUtc3A3LXBvb2wteDg2XzY0Il19.Mqor98A-VBacCQID6oQuaflzDecu-hz-wNbYbG1EsiU HTTP/1.1" 200 -
172.16.3.7 - - [30/Jan/2026:17:33:46 +0100] "GET /rhn/manager/download/sle-module-basesystem15-sp7-pool-x86_64/getPackage/NULL/d3d4a456ce1f649fbfce13d17f6d8fc78336395a60a319290cefcdc2705fbf58/squashfs-4.6.1-150300.3.3.1.x86_64.rpm?eyJhbGciOiJIUzI1NiJ9.eyJqdGkiOiI3UnlqdGI0TF9UWGNob1VSSE1hV3lnIiwiZXhwIjoxODAxMzI2NzE5LCJpYXQiOjE3Njk3OTA3MTksIm5iZiI6MTc2OTc5MDU5OSwib3JnIjoxLCJvbmx5Q2hhbm5lbHMiOlsic2xlLW1vZHVsZS1iYXNlc3lzdGVtMTUtc3A3LXBvb2wteDg2XzY0Il19.Mqor98A-VBacCQID6oQuaflzDecu-hz-wNbYbG1EsiU HTTP/1.1" 200 3664
172.16.3.7 - - [30/Jan/2026:17:33:46 +0100] "HEAD /rhn/manager/download/sle-module-basesystem15-sp7-pool-x86_64/getPackage/NULL/9973426cdd354071995f9ff6985b810a929235b2ea2ee632ebca3e4a19cc8436/virtiofsd-1.12.0-150700.1.8.x86_64.rpm?eyJhbGciOiJIUzI1NiJ9.eyJqdGkiOiI3UnlqdGI0TF9UWGNob1VSSE1hV3lnIiwiZXhwIjoxODAxMzI2NzE5LCJpYXQiOjE3Njk3OTA3MTksIm5iZiI6MTc2OTc5MDU5OSwib3JnIjoxLCJvbmx5Q2hhbm5lbHMiOlsic2xlLW1vZHVsZS1iYXNlc3lzdGVtMTUtc3A3LXBvb2wteDg2XzY0Il19.Mqor98A-VBacCQID6oQuaflzDecu-hz-wNbYbG1EsiU HTTP/1.1" 200 -
172.16.3.7 - - [30/Jan/2026:17:33:46 +0100] "GET /rhn/manager/download/sle-module-basesystem15-sp7-pool-x86_64/getPackage/NULL/9973426cdd354071995f9ff6985b810a929235b2ea2ee632ebca3e4a19cc8436/virtiofsd-1.12.0-150700.1.8.x86_64.rpm?eyJhbGciOiJIUzI1NiJ9.eyJqdGkiOiI3UnlqdGI0TF9UWGNob1VSSE1hV3lnIiwiZXhwIjoxODAxMzI2NzE5LCJpYXQiOjE3Njk3OTA3MTksIm5iZiI6MTc2OTc5MDU5OSwib3JnIjoxLCJvbmx5Q2hhbm5lbHMiOlsic2xlLW1vZHVsZS1iYXNlc3lzdGVtMTUtc3A3LXBvb2wteDg2XzY0Il19.Mqor98A-VBacCQID6oQuaflzDecu-hz-wNbYbG1EsiU HTTP/1.1" 200 3664
172.16.3.7 - - [30/Jan/2026:17:33:46 +0100] "HEAD /rhn/manager/download/sle-module-basesystem15-sp7-pool-x86_64/getPackage/NULL/d980a48dc49dfb5d29c53c0f97e5a63057d39705c18d38eef97499c9084c70dd/javapackages-filesystem-6.3.4-150200.3.15.1.x86_64.rpm?eyJhbGciOiJIUzI1NiJ9.eyJqdGkiOiI3UnlqdGI0TF9UWGNob1VSSE1hV3lnIiwiZXhwIjoxODAxMzI2NzE5LCJpYXQiOjE3Njk3OTA3MTksIm5iZiI6MTc2OTc5MDU5OSwib3JnIjoxLCJvbmx5Q2hhbm5lbHMiOlsic2xlLW1vZHVsZS1iYXNlc3lzdGVtMTUtc3A3LXBvb2wteDg2XzY0Il19.Mqor98A-VBacCQID6oQuaflzDecu-hz-wNbYbG1EsiU HTTP/1.1" 200 -
172.16.3.7 - - [30/Jan/2026:17:33:46 +0100] "GET /rhn/manager/download/sle-module-basesystem15-sp7-pool-x86_64/getPackage/NULL/d980a48dc49dfb5d29c53c0f97e5a63057d39705c18d38eef97499c9084c70dd/javapackages-filesystem-6.3.4-150200.3.15.1.x86_64.rpm?eyJhbGciOiJIUzI1NiJ9.eyJqdGkiOiI3UnlqdGI0TF9UWGNob1VSSE1hV3lnIiwiZXhwIjoxODAxMzI2NzE5LCJpYXQiOjE3Njk3OTA3MTksIm5iZiI6MTc2OTc5MDU5OSwib3JnIjoxLCJvbmx5Q2hhbm5lbHMiOlsic2xlLW1vZHVsZS1iYXNlc3lzdGVtMTUtc3A3LXBvb2wteDg2XzY0Il19.Mqor98A-VBacCQID6oQuaflzDecu-hz-wNbYbG1EsiU HTTP/1.1" 200 3664
172.16.3.7 - - [30/Jan/2026:17:33:46 +0100] "HEAD /rhn/manager/download/sle-module-basesystem15-sp7-pool-x86_64/getPackage/NULL/3727133161470ebc4495f345f5057f13b4d9a4f70f3d3375d4d8b15d041936cd/mtools-4.0.43-150600.1.6.x86_64.rpm?eyJhbGciOiJIUzI1NiJ9.eyJqdGkiOiI3UnlqdGI0TF9UWGNob1VSSE1hV3lnIiwiZXhwIjoxODAxMzI2NzE5LCJpYXQiOjE3Njk3OTA3MTksIm5iZiI6MTc2OTc5MDU5OSwib3JnIjoxLCJvbmx5Q2hhbm5lbHMiOlsic2xlLW1vZHVsZS1iYXNlc3lzdGVtMTUtc3A3LXBvb2wteDg2XzY0Il19.Mqor98A-VBacCQID6oQuaflzDecu-hz-wNbYbG1EsiU HTTP/1.1" 200 -
172.16.3.7 - - [30/Jan/2026:17:33:46 +0100] "GET /rhn/manager/download/sle-module-basesystem15-sp7-pool-x86_64/getPackage/NULL/3727133161470ebc4495f345f5057f13b4d9a4f70f3d3375d4d8b15d041936cd/mtools-4.0.43-150600.1.6.x86_64.rpm?eyJhbGciOiJIUzI1NiJ9.eyJqdGkiOiI3UnlqdGI0TF9UWGNob1VSSE1hV3lnIiwiZXhwIjoxODAxMzI2NzE5LCJpYXQiOjE3Njk3OTA3MTksIm5iZiI6MTc2OTc5MDU5OSwib3JnIjoxLCJvbmx5Q2hhbm5lbHMiOlsic2xlLW1vZHVsZS1iYXNlc3lzdGVtMTUtc3A3LXBvb2wteDg2XzY0Il19.Mqor98A-VBacCQID6oQuaflzDecu-hz-wNbYbG1EsiU HTTP/1.1" 200 3664
172.16.3.7 - - [30/Jan/2026:17:33:47 +0100] "HEAD /rhn/manager/download/sle-module-basesystem15-sp7-pool-x86_64/getPackage/NULL/1e5934494118ae929445f87f1d485ad83d820437f390ec8e834ff0f95e3f3a8d/libpcsclite1-1.9.4-150400.3.2.1.x86_64.rpm?eyJhbGciOiJIUzI1NiJ9.eyJqdGkiOiI3UnlqdGI0TF9UWGNob1VSSE1hV3lnIiwiZXhwIjoxODAxMzI2NzE5LCJpYXQiOjE3Njk3OTA3MTksIm5iZiI6MTc2OTc5MDU5OSwib3JnIjoxLCJvbmx5Q2hhbm5lbHMiOlsic2xlLW1vZHVsZS1iYXNlc3lzdGVtMTUtc3A3LXBvb2wteDg2XzY0Il19.Mqor98A-VBacCQID6oQuaflzDecu-hz-wNbYbG1EsiU HTTP/1.1" 200 -
172.16.3.7 - - [30/Jan/2026:17:33:47 +0100] "GET /rhn/manager/download/sle-module-basesystem15-sp7-pool-x86_64/getPackage/NULL/1e5934494118ae929445f87f1d485ad83d820437f390ec8e834ff0f95e3f3a8d/libpcsclite1-1.9.4-150400.3.2.1.x86_64.rpm?eyJhbGciOiJIUzI1NiJ9.eyJqdGkiOiI3UnlqdGI0TF9UWGNob1VSSE1hV3lnIiwiZXhwIjoxODAxMzI2NzE5LCJpYXQiOjE3Njk3OTA3MTksIm5iZiI6MTc2OTc5MDU5OSwib3JnIjoxLCJvbmx5Q2hhbm5lbHMiOlsic2xlLW1vZHVsZS1iYXNlc3lzdGVtMTUtc3A3LXBvb2wteDg2XzY0Il19.Mqor98A-VBacCQID6oQuaflzDecu-hz-wNbYbG1EsiU HTTP/1.1" 200 3664
172.16.3.7 - - [30/Jan/2026:17:33:47 +0100] "HEAD /rhn/manager/download/sle-module-basesystem15-sp7-pool-x86_64/getPackage/NULL/3d9c0dff6e47be0c931e720959eff43a9dabe4e0011ae0fb6122bceade805668/pcsc-lite-1.9.4-150400.3.2.1.x86_64.rpm?eyJhbGciOiJIUzI1NiJ9.eyJqdGkiOiI3UnlqdGI0TF9UWGNob1VSSE1hV3lnIiwiZXhwIjoxODAxMzI2NzE5LCJpYXQiOjE3Njk3OTA3MTksIm5iZiI6MTc2OTc5MDU5OSwib3JnIjoxLCJvbmx5Q2hhbm5lbHMiOlsic2xlLW1vZHVsZS1iYXNlc3lzdGVtMTUtc3A3LXBvb2wteDg2XzY0Il19.Mqor98A-VBacCQID6oQuaflzDecu-hz-wNbYbG1EsiU HTTP/1.1" 200 -
172.16.3.7 - - [30/Jan/2026:17:33:47 +0100] "GET /rhn/manager/download/sle-module-basesystem15-sp7-pool-x86_64/getPackage/NULL/3d9c0dff6e47be0c931e720959eff43a9dabe4e0011ae0fb6122bceade805668/pcsc-lite-1.9.4-150400.3.2.1.x86_64.rpm?eyJhbGciOiJIUzI1NiJ9.eyJqdGkiOiI3UnlqdGI0TF9UWGNob1VSSE1hV3lnIiwiZXhwIjoxODAxMzI2NzE5LCJpYXQiOjE3Njk3OTA3MTksIm5iZiI6MTc2OTc5MDU5OSwib3JnIjoxLCJvbmx5Q2hhbm5lbHMiOlsic2xlLW1vZHVsZS1iYXNlc3lzdGVtMTUtc3A3LXBvb2wteDg2XzY0Il19.Mqor98A-VBacCQID6oQuaflzDecu-hz-wNbYbG1EsiU HTTP/1.1" 200 3664
172.16.3.7 - - [30/Jan/2026:17:33:47 +0100] "HEAD /rhn/manager/download/sle-module-basesystem15-sp7-pool-x86_64/getPackage/NULL/8ada9caabcd96718b70ab0fb11967de1b1df246901614124ba423e38f1c18059/rdma-core-54.0-150700.1.9.x86_64.rpm?eyJhbGciOiJIUzI1NiJ9.eyJqdGkiOiI3UnlqdGI0TF9UWGNob1VSSE1hV3lnIiwiZXhwIjoxODAxMzI2NzE5LCJpYXQiOjE3Njk3OTA3MTksIm5iZiI6MTc2OTc5MDU5OSwib3JnIjoxLCJvbmx5Q2hhbm5lbHMiOlsic2xlLW1vZHVsZS1iYXNlc3lzdGVtMTUtc3A3LXBvb2wteDg2XzY0Il19.Mqor98A-VBacCQID6oQuaflzDecu-hz-wNbYbG1EsiU HTTP/1.1" 200 -
172.16.3.7 - - [30/Jan/2026:17:33:47 +0100] "GET /rhn/manager/download/sle-module-basesystem15-sp7-pool-x86_64/getPackage/NULL/8ada9caabcd96718b70ab0fb11967de1b1df246901614124ba423e38f1c18059/rdma-core-54.0-150700.1.9.x86_64.rpm?eyJhbGciOiJIUzI1NiJ9.eyJqdGkiOiI3UnlqdGI0TF9UWGNob1VSSE1hV3lnIiwiZXhwIjoxODAxMzI2NzE5LCJpYXQiOjE3Njk3OTA3MTksIm5iZiI6MTc2OTc5MDU5OSwib3JnIjoxLCJvbmx5Q2hhbm5lbHMiOlsic2xlLW1vZHVsZS1iYXNlc3lzdGVtMTUtc3A3LXBvb2wteDg2XzY0Il19.Mqor98A-VBacCQID6oQuaflzDecu-hz-wNbYbG1EsiU HTTP/1.1" 200 3664
172.16.3.7 - - [30/Jan/2026:17:33:47 +0100] "HEAD /rhn/manager/download/sle-module-basesystem15-sp7-pool-x86_64/getPackage/NULL/5f70afff969ae9d34982bf920c536d8b586a7d1b96f89708a60e4b4d2d018354/liblttng-ust0-2.12.0-1.30.x86_64.rpm?eyJhbGciOiJIUzI1NiJ9.eyJqdGkiOiI3UnlqdGI0TF9UWGNob1VSSE1hV3lnIiwiZXhwIjoxODAxMzI2NzE5LCJpYXQiOjE3Njk3OTA3MTksIm5iZiI6MTc2OTc5MDU5OSwib3JnIjoxLCJvbmx5Q2hhbm5lbHMiOlsic2xlLW1vZHVsZS1iYXNlc3lzdGVtMTUtc3A3LXBvb2wteDg2XzY0Il19.Mqor98A-VBacCQID6oQuaflzDecu-hz-wNbYbG1EsiU HTTP/1.1" 200 -
172.16.3.7 - - [30/Jan/2026:17:33:47 +0100] "GET /rhn/manager/download/sle-module-basesystem15-sp7-pool-x86_64/getPackage/NULL/5f70afff969ae9d34982bf920c536d8b586a7d1b96f89708a60e4b4d2d018354/liblttng-ust0-2.12.0-1.30.x86_64.rpm?eyJhbGciOiJIUzI1NiJ9.eyJqdGkiOiI3UnlqdGI0TF9UWGNob1VSSE1hV3lnIiwiZXhwIjoxODAxMzI2NzE5LCJpYXQiOjE3Njk3OTA3MTksIm5iZiI6MTc2OTc5MDU5OSwib3JnIjoxLCJvbmx5Q2hhbm5lbHMiOlsic2xlLW1vZHVsZS1iYXNlc3lzdGVtMTUtc3A3LXBvb2wteDg2XzY0Il19.Mqor98A-VBacCQID6oQuaflzDecu-hz-wNbYbG1EsiU HTTP/1.1" 200 3664
172.16.3.7 - - [30/Jan/2026:17:33:47 +0100] "HEAD /rhn/manager/download/sle-module-basesystem15-sp7-pool-x86_64/getPackage/NULL/cd529db3e49b8587d38fdf519415d4983a0c78769615e6126f58f3ee2ba42a5b/libasound2-1.2.10-150600.2.3.x86_64.rpm?eyJhbGciOiJIUzI1NiJ9.eyJqdGkiOiI3UnlqdGI0TF9UWGNob1VSSE1hV3lnIiwiZXhwIjoxODAxMzI2NzE5LCJpYXQiOjE3Njk3OTA3MTksIm5iZiI6MTc2OTc5MDU5OSwib3JnIjoxLCJvbmx5Q2hhbm5lbHMiOlsic2xlLW1vZHVsZS1iYXNlc3lzdGVtMTUtc3A3LXBvb2wteDg2XzY0Il19.Mqor98A-VBacCQID6oQuaflzDecu-hz-wNbYbG1EsiU HTTP/1.1" 200 -
172.16.3.7 - - [30/Jan/2026:17:33:47 +0100] "GET /rhn/manager/download/sle-module-basesystem15-sp7-pool-x86_64/getPackage/NULL/cd529db3e49b8587d38fdf519415d4983a0c78769615e6126f58f3ee2ba42a5b/libasound2-1.2.10-150600.2.3.x86_64.rpm?eyJhbGciOiJIUzI1NiJ9.eyJqdGkiOiI3UnlqdGI0TF9UWGNob1VSSE1hV3lnIiwiZXhwIjoxODAxMzI2NzE5LCJpYXQiOjE3Njk3OTA3MTksIm5iZiI6MTc2OTc5MDU5OSwib3JnIjoxLCJvbmx5Q2hhbm5lbHMiOlsic2xlLW1vZHVsZS1iYXNlc3lzdGVtMTUtc3A3LXBvb2wteDg2XzY0Il19.Mqor98A-VBacCQID6oQuaflzDecu-hz-wNbYbG1EsiU HTTP/1.1" 200 3664
172.16.3.7 - - [30/Jan/2026:17:33:47 +0100] "HEAD /rhn/manager/download/sle-module-basesystem15-sp7-pool-x86_64/getPackage/NULL/862df2244f23f3ef1941a66227caf097d6066a0e8469018745a0b9cceadd3f9e/xkeyboard-config-2.42-150700.1.1.noarch.rpm?eyJhbGciOiJIUzI1NiJ9.eyJqdGkiOiI3UnlqdGI0TF9UWGNob1VSSE1hV3lnIiwiZXhwIjoxODAxMzI2NzE5LCJpYXQiOjE3Njk3OTA3MTksIm5iZiI6MTc2OTc5MDU5OSwib3JnIjoxLCJvbmx5Q2hhbm5lbHMiOlsic2xlLW1vZHVsZS1iYXNlc3lzdGVtMTUtc3A3LXBvb2wteDg2XzY0Il19.Mqor98A-VBacCQID6oQuaflzDecu-hz-wNbYbG1EsiU HTTP/1.1" 200 -
172.16.3.7 - - [30/Jan/2026:17:33:47 +0100] "GET /rhn/manager/download/sle-module-basesystem15-sp7-pool-x86_64/getPackage/NULL/862df2244f23f3ef1941a66227caf097d6066a0e8469018745a0b9cceadd3f9e/xkeyboard-config-2.42-150700.1.1.noarch.rpm?eyJhbGciOiJIUzI1NiJ9.eyJqdGkiOiI3UnlqdGI0TF9UWGNob1VSSE1hV3lnIiwiZXhwIjoxODAxMzI2NzE5LCJpYXQiOjE3Njk3OTA3MTksIm5iZiI6MTc2OTc5MDU5OSwib3JnIjoxLCJvbmx5Q2hhbm5lbHMiOlsic2xlLW1vZHVsZS1iYXNlc3lzdGVtMTUtc3A3LXBvb2wteDg2XzY0Il19.Mqor98A-VBacCQID6oQuaflzDecu-hz-wNbYbG1EsiU HTTP/1.1" 200 3664
172.16.3.7 - - [30/Jan/2026:17:33:47 +0100] "HEAD /rhn/manager/download/sle-module-basesystem15-sp7-pool-x86_64/getPackage/NULL/4e65625cd30e305210b1efe8f5cd584c305ceca98e2d805bb9cc0a66e5d7a170/skopeo-zsh-completion-1.14.4-150300.11.22.1.noarch.rpm?eyJhbGciOiJIUzI1NiJ9.eyJqdGkiOiI3UnlqdGI0TF9UWGNob1VSSE1hV3lnIiwiZXhwIjoxODAxMzI2NzE5LCJpYXQiOjE3Njk3OTA3MTksIm5iZiI6MTc2OTc5MDU5OSwib3JnIjoxLCJvbmx5Q2hhbm5lbHMiOlsic2xlLW1vZHVsZS1iYXNlc3lzdGVtMTUtc3A3LXBvb2wteDg2XzY0Il19.Mqor98A-VBacCQID6oQuaflzDecu-hz-wNbYbG1EsiU HTTP/1.1" 200 -
172.16.3.7 - - [30/Jan/2026:17:33:47 +0100] "GET /rhn/manager/download/sle-module-basesystem15-sp7-pool-x86_64/getPackage/NULL/4e65625cd30e305210b1efe8f5cd584c305ceca98e2d805bb9cc0a66e5d7a170/skopeo-zsh-completion-1.14.4-150300.11.22.1.noarch.rpm?eyJhbGciOiJIUzI1NiJ9.eyJqdGkiOiI3UnlqdGI0TF9UWGNob1VSSE1hV3lnIiwiZXhwIjoxODAxMzI2NzE5LCJpYXQiOjE3Njk3OTA3MTksIm5iZiI6MTc2OTc5MDU5OSwib3JnIjoxLCJvbmx5Q2hhbm5lbHMiOlsic2xlLW1vZHVsZS1iYXNlc3lzdGVtMTUtc3A3LXBvb2wteDg2XzY0Il19.Mqor98A-VBacCQID6oQuaflzDecu-hz-wNbYbG1EsiU HTTP/1.1" 200 3664
172.16.3.7 - - [30/Jan/2026:17:33:47 +0100] "HEAD /rhn/manager/download/sle-module-basesystem15-sp7-pool-x86_64/getPackage/NULL/00875c6eb07e76f347a9f8589543f99092163c4b80a4c5160af5c209e1705bf3/sg3_utils-1.48+11.56e7b2f-150600.3.3.11.x86_64.rpm?eyJhbGciOiJIUzI1NiJ9.eyJqdGkiOiI3UnlqdGI0TF9UWGNob1VSSE1hV3lnIiwiZXhwIjoxODAxMzI2NzE5LCJpYXQiOjE3Njk3OTA3MTksIm5iZiI6MTc2OTc5MDU5OSwib3JnIjoxLCJvbmx5Q2hhbm5lbHMiOlsic2xlLW1vZHVsZS1iYXNlc3lzdGVtMTUtc3A3LXBvb2wteDg2XzY0Il19.Mqor98A-VBacCQID6oQuaflzDecu-hz-wNbYbG1EsiU HTTP/1.1" 200 -
172.16.3.7 - - [30/Jan/2026:17:33:47 +0100] "GET /rhn/manager/download/sle-module-basesystem15-sp7-pool-x86_64/getPackage/NULL/00875c6eb07e76f347a9f8589543f99092163c4b80a4c5160af5c209e1705bf3/sg3_utils-1.48+11.56e7b2f-150600.3.3.11.x86_64.rpm?eyJhbGciOiJIUzI1NiJ9.eyJqdGkiOiI3UnlqdGI0TF9UWGNob1VSSE1hV3lnIiwiZXhwIjoxODAxMzI2NzE5LCJpYXQiOjE3Njk3OTA3MTksIm5iZiI6MTc2OTc5MDU5OSwib3JnIjoxLCJvbmx5Q2hhbm5lbHMiOlsic2xlLW1vZHVsZS1iYXNlc3lzdGVtMTUtc3A3LXBvb2wteDg2XzY0Il19.Mqor98A-VBacCQID6oQuaflzDecu-hz-wNbYbG1EsiU HTTP/1.1" 200 3664
172.16.3.7 - - [30/Jan/2026:17:33:47 +0100] "HEAD /rhn/manager/download/sle-module-basesystem15-sp7-pool-x86_64/getPackage/NULL/e8b9c1d1949edf3caaf86ca1d50c611a1e22586a4fa8234e40f79ac52332039c/libisoburn1-1.5.6-150600.1.6.x86_64.rpm?eyJhbGciOiJIUzI1NiJ9.eyJqdGkiOiI3UnlqdGI0TF9UWGNob1VSSE1hV3lnIiwiZXhwIjoxODAxMzI2NzE5LCJpYXQiOjE3Njk3OTA3MTksIm5iZiI6MTc2OTc5MDU5OSwib3JnIjoxLCJvbmx5Q2hhbm5lbHMiOlsic2xlLW1vZHVsZS1iYXNlc3lzdGVtMTUtc3A3LXBvb2wteDg2XzY0Il19.Mqor98A-VBacCQID6oQuaflzDecu-hz-wNbYbG1EsiU HTTP/1.1" 200 -
172.16.3.7 - - [30/Jan/2026:17:33:47 +0100] "GET /rhn/manager/download/sle-module-basesystem15-sp7-pool-x86_64/getPackage/NULL/e8b9c1d1949edf3caaf86ca1d50c611a1e22586a4fa8234e40f79ac52332039c/libisoburn1-1.5.6-150600.1.6.x86_64.rpm?eyJhbGciOiJIUzI1NiJ9.eyJqdGkiOiI3UnlqdGI0TF9UWGNob1VSSE1hV3lnIiwiZXhwIjoxODAxMzI2NzE5LCJpYXQiOjE3Njk3OTA3MTksIm5iZiI6MTc2OTc5MDU5OSwib3JnIjoxLCJvbmx5Q2hhbm5lbHMiOlsic2xlLW1vZHVsZS1iYXNlc3lzdGVtMTUtc3A3LXBvb2wteDg2XzY0Il19.Mqor98A-VBacCQID6oQuaflzDecu-hz-wNbYbG1EsiU HTTP/1.1" 200 3664
172.16.3.5 - - [30/Jan/2026:17:33:47 +0100] "GET /rhn/systems/details/history/Event.do?sid=1000010005&aid=24 HTTP/1.1" 200 38119
172.16.3.7 - - [30/Jan/2026:17:33:47 +0100] "HEAD /rhn/manager/download/sle-module-basesystem15-sp7-pool-x86_64/getPackage/NULL/07abaa531b0b0c4de28e2341e44ae8b71f34b4b4f997fa736d6b3910e758b243/javapackages-tools-6.3.4-150200.3.15.1.x86_64.rpm?eyJhbGciOiJIUzI1NiJ9.eyJqdGkiOiI3UnlqdGI0TF9UWGNob1VSSE1hV3lnIiwiZXhwIjoxODAxMzI2NzE5LCJpYXQiOjE3Njk3OTA3MTksIm5iZiI6MTc2OTc5MDU5OSwib3JnIjoxLCJvbmx5Q2hhbm5lbHMiOlsic2xlLW1vZHVsZS1iYXNlc3lzdGVtMTUtc3A3LXBvb2wteDg2XzY0Il19.Mqor98A-VBacCQID6oQuaflzDecu-hz-wNbYbG1EsiU HTTP/1.1" 200 -
172.16.3.7 - - [30/Jan/2026:17:33:47 +0100] "GET /rhn/manager/download/sle-module-basesystem15-sp7-pool-x86_64/getPackage/NULL/07abaa531b0b0c4de28e2341e44ae8b71f34b4b4f997fa736d6b3910e758b243/javapackages-tools-6.3.4-150200.3.15.1.x86_64.rpm?eyJhbGciOiJIUzI1NiJ9.eyJqdGkiOiI3UnlqdGI0TF9UWGNob1VSSE1hV3lnIiwiZXhwIjoxODAxMzI2NzE5LCJpYXQiOjE3Njk3OTA3MTksIm5iZiI6MTc2OTc5MDU5OSwib3JnIjoxLCJvbmx5Q2hhbm5lbHMiOlsic2xlLW1vZHVsZS1iYXNlc3lzdGVtMTUtc3A3LXBvb2wteDg2XzY0Il19.Mqor98A-VBacCQID6oQuaflzDecu-hz-wNbYbG1EsiU HTTP/1.1" 200 3664
172.16.3.7 - - [30/Jan/2026:17:33:47 +0100] "HEAD /rhn/manager/download/sle-module-basesystem15-sp7-pool-x86_64/getPackage/NULL/c26dc3f61181a851b9765347c1acddb3075e4ff675f7dedd9f2422433b3b73e5/xkeyboard-config-lang-2.42-150700.1.1.noarch.rpm?eyJhbGciOiJIUzI1NiJ9.eyJqdGkiOiI3UnlqdGI0TF9UWGNob1VSSE1hV3lnIiwiZXhwIjoxODAxMzI2NzE5LCJpYXQiOjE3Njk3OTA3MTksIm5iZiI6MTc2OTc5MDU5OSwib3JnIjoxLCJvbmx5Q2hhbm5lbHMiOlsic2xlLW1vZHVsZS1iYXNlc3lzdGVtMTUtc3A3LXBvb2wteDg2XzY0Il19.Mqor98A-VBacCQID6oQuaflzDecu-hz-wNbYbG1EsiU HTTP/1.1" 200 -
172.16.3.7 - - [30/Jan/2026:17:33:47 +0100] "GET /rhn/manager/download/sle-module-basesystem15-sp7-pool-x86_64/getPackage/NULL/c26dc3f61181a851b9765347c1acddb3075e4ff675f7dedd9f2422433b3b73e5/xkeyboard-config-lang-2.42-150700.1.1.noarch.rpm?eyJhbGciOiJIUzI1NiJ9.eyJqdGkiOiI3UnlqdGI0TF9UWGNob1VSSE1hV3lnIiwiZXhwIjoxODAxMzI2NzE5LCJpYXQiOjE3Njk3OTA3MTksIm5iZiI6MTc2OTc5MDU5OSwib3JnIjoxLCJvbmx5Q2hhbm5lbHMiOlsic2xlLW1vZHVsZS1iYXNlc3lzdGVtMTUtc3A3LXBvb2wteDg2XzY0Il19.Mqor98A-VBacCQID6oQuaflzDecu-hz-wNbYbG1EsiU HTTP/1.1" 200 3664
172.16.3.5 - - [30/Jan/2026:17:33:47 +0100] "POST /rhn/manager/frontend-log HTTP/1.1" 429 17
172.16.3.7 - - [30/Jan/2026:17:33:47 +0100] "HEAD /rhn/manager/download/sle-module-basesystem15-sp7-pool-x86_64/getPackage/NULL/aeb895d4f8173ba7e0da6e9b4e57b49d6cb90dd57572d1b958665fe9ad6ce859/libxkbcommon0-1.5.0-150600.3.3.1.x86_64.rpm?eyJhbGciOiJIUzI1NiJ9.eyJqdGkiOiI3UnlqdGI0TF9UWGNob1VSSE1hV3lnIiwiZXhwIjoxODAxMzI2NzE5LCJpYXQiOjE3Njk3OTA3MTksIm5iZiI6MTc2OTc5MDU5OSwib3JnIjoxLCJvbmx5Q2hhbm5lbHMiOlsic2xlLW1vZHVsZS1iYXNlc3lzdGVtMTUtc3A3LXBvb2wteDg2XzY0Il19.Mqor98A-VBacCQID6oQuaflzDecu-hz-wNbYbG1EsiU HTTP/1.1" 200 -
172.16.3.7 - - [30/Jan/2026:17:33:47 +0100] "GET /rhn/manager/download/sle-module-basesystem15-sp7-pool-x86_64/getPackage/NULL/aeb895d4f8173ba7e0da6e9b4e57b49d6cb90dd57572d1b958665fe9ad6ce859/libxkbcommon0-1.5.0-150600.3.3.1.x86_64.rpm?eyJhbGciOiJIUzI1NiJ9.eyJqdGkiOiI3UnlqdGI0TF9UWGNob1VSSE1hV3lnIiwiZXhwIjoxODAxMzI2NzE5LCJpYXQiOjE3Njk3OTA3MTksIm5iZiI6MTc2OTc5MDU5OSwib3JnIjoxLCJvbmx5Q2hhbm5lbHMiOlsic2xlLW1vZHVsZS1iYXNlc3lzdGVtMTUtc3A3LXBvb2wteDg2XzY0Il19.Mqor98A-VBacCQID6oQuaflzDecu-hz-wNbYbG1EsiU HTTP/1.1" 200 3664
127.0.0.1 - - [30/Jan/2026:17:33:47 +0100] "GET /rhn/websocket/notifications HTTP/1.1" 101 -
172.16.3.7 - - [30/Jan/2026:17:33:47 +0100] "HEAD /rhn/manager/download/sle-module-basesystem15-sp7-pool-x86_64/getPackage/NULL/b8eba9e9deb667e95fb25b50b0e98df1ac01e8b4a891a79e509f3c22057d80fa/xorriso-1.5.6-150600.1.6.x86_64.rpm?eyJhbGciOiJIUzI1NiJ9.eyJqdGkiOiI3UnlqdGI0TF9UWGNob1VSSE1hV3lnIiwiZXhwIjoxODAxMzI2NzE5LCJpYXQiOjE3Njk3OTA3MTksIm5iZiI6MTc2OTc5MDU5OSwib3JnIjoxLCJvbmx5Q2hhbm5lbHMiOlsic2xlLW1vZHVsZS1iYXNlc3lzdGVtMTUtc3A3LXBvb2wteDg2XzY0Il19.Mqor98A-VBacCQID6oQuaflzDecu-hz-wNbYbG1EsiU HTTP/1.1" 200 -
172.16.3.5 - - [30/Jan/2026:17:33:47 +0100] "POST /rhn/manager/frontend-log HTTP/1.1" 429 17
172.16.3.7 - - [30/Jan/2026:17:33:47 +0100] "GET /rhn/manager/download/sle-module-basesystem15-sp7-pool-x86_64/getPackage/NULL/b8eba9e9deb667e95fb25b50b0e98df1ac01e8b4a891a79e509f3c22057d80fa/xorriso-1.5.6-150600.1.6.x86_64.rpm?eyJhbGciOiJIUzI1NiJ9.eyJqdGkiOiI3UnlqdGI0TF9UWGNob1VSSE1hV3lnIiwiZXhwIjoxODAxMzI2NzE5LCJpYXQiOjE3Njk3OTA3MTksIm5iZiI6MTc2OTc5MDU5OSwib3JnIjoxLCJvbmx5Q2hhbm5lbHMiOlsic2xlLW1vZHVsZS1iYXNlc3lzdGVtMTUtc3A3LXBvb2wteDg2XzY0Il19.Mqor98A-VBacCQID6oQuaflzDecu-hz-wNbYbG1EsiU HTTP/1.1" 200 3663
172.16.3.7 - - [30/Jan/2026:17:33:47 +0100] "HEAD /rhn/manager/download/sle-module-basesystem15-sp7-updates-x86_64/getPackage/NULL/11a9210a12538d8efab528217057e8e05bbc6caa2c1fdb9d8d25afe6cbdb0bd0/kpartx-0.10.5+198+suse.5875f383-150700.3.6.1.x86_64.rpm?eyJhbGciOiJIUzI1NiJ9.eyJqdGkiOiI5RTFUR21ld25wOGVmYnE4cUg5OGN3IiwiZXhwIjoxODAxMzI2NzE5LCJpYXQiOjE3Njk3OTA3MTksIm5iZiI6MTc2OTc5MDU5OSwib3JnIjoxLCJvbmx5Q2hhbm5lbHMiOlsic2xlLW1vZHVsZS1iYXNlc3lzdGVtMTUtc3A3LXVwZGF0ZXMteDg2XzY0Il19.WwImMUbye0KFhpwR34jJ1ws4FJCswoM0N-maDdr2wHU HTTP/1.1" 200 -
127.0.0.1 - - [30/Jan/2026:17:33:47 +0100] "GET /rhn/websocket/notifications HTTP/1.1" 101 -
172.16.3.7 - - [30/Jan/2026:17:33:47 +0100] "GET /rhn/manager/download/sle-module-basesystem15-sp7-updates-x86_64/getPackage/NULL/11a9210a12538d8efab528217057e8e05bbc6caa2c1fdb9d8d25afe6cbdb0bd0/kpartx-0.10.5+198+suse.5875f383-150700.3.6.1.x86_64.rpm?eyJhbGciOiJIUzI1NiJ9.eyJqdGkiOiI5RTFUR21ld25wOGVmYnE4cUg5OGN3IiwiZXhwIjoxODAxMzI2NzE5LCJpYXQiOjE3Njk3OTA3MTksIm5iZiI6MTc2OTc5MDU5OSwib3JnIjoxLCJvbmx5Q2hhbm5lbHMiOlsic2xlLW1vZHVsZS1iYXNlc3lzdGVtMTUtc3A3LXVwZGF0ZXMteDg2XzY0Il19.WwImMUbye0KFhpwR34jJ1ws4FJCswoM0N-maDdr2wHU HTTP/1.1" 200 3664
172.16.3.7 - - [30/Jan/2026:17:33:48 +0100] "HEAD /rhn/manager/download/sle-module-basesystem15-sp7-updates-x86_64/getPackage/NULL/410c729d3c4f3756794d00dc1788cd42188d63edab97c6e4a4cd4473a45b153e/liblcms2-2-2.15-150600.3.3.2.x86_64.rpm?eyJhbGciOiJIUzI1NiJ9.eyJqdGkiOiI5RTFUR21ld25wOGVmYnE4cUg5OGN3IiwiZXhwIjoxODAxMzI2NzE5LCJpYXQiOjE3Njk3OTA3MTksIm5iZiI6MTc2OTc5MDU5OSwib3JnIjoxLCJvbmx5Q2hhbm5lbHMiOlsic2xlLW1vZHVsZS1iYXNlc3lzdGVtMTUtc3A3LXVwZGF0ZXMteDg2XzY0Il19.WwImMUbye0KFhpwR34jJ1ws4FJCswoM0N-maDdr2wHU HTTP/1.1" 200 -
172.16.3.7 - - [30/Jan/2026:17:33:48 +0100] "GET /rhn/manager/download/sle-module-basesystem15-sp7-updates-x86_64/getPackage/NULL/410c729d3c4f3756794d00dc1788cd42188d63edab97c6e4a4cd4473a45b153e/liblcms2-2-2.15-150600.3.3.2.x86_64.rpm?eyJhbGciOiJIUzI1NiJ9.eyJqdGkiOiI5RTFUR21ld25wOGVmYnE4cUg5OGN3IiwiZXhwIjoxODAxMzI2NzE5LCJpYXQiOjE3Njk3OTA3MTksIm5iZiI6MTc2OTc5MDU5OSwib3JnIjoxLCJvbmx5Q2hhbm5lbHMiOlsic2xlLW1vZHVsZS1iYXNlc3lzdGVtMTUtc3A3LXVwZGF0ZXMteDg2XzY0Il19.WwImMUbye0KFhpwR34jJ1ws4FJCswoM0N-maDdr2wHU HTTP/1.1" 200 3664
