172.16.3.7 - - [30/Jan/2026:17:33:52 +0100] "GET /rhn/manager/download/sle-module-devtools15-sp7-pool-x86_64/getPackage/NULL/34cce15fc4f8fced1b574f038b9797d50907505ccead06033ac5189553c60c9b/isorelax-0.1-150200.11.4.4.noarch.rpm?eyJhbGciOiJIUzI1NiJ9.eyJqdGkiOiJYZXZmOHpQWmxodzBvZ1ZIcGpkZlBnIiwiZXhwIjoxODAxMzI2NzE5LCJpYXQiOjE3Njk3OTA3MTksIm5iZiI6MTc2OTc5MDU5OSwib3JnIjoxLCJvbmx5Q2hhbm5lbHMiOlsic2xlLW1vZHVsZS1kZXZ0b29sczE1LXNwNy1wb29sLXg4Nl82NCJdfQ.iDGtCGSg_Gnf9JkZZckFkrsd7E14lRsxB9bxDYYQiZE HTTP/1.1" 200 3664
172.16.3.7 - - [30/Jan/2026:17:33:52 +0100] "HEAD /rhn/manager/download/sle-module-devtools15-sp7-pool-x86_64/getPackage/NULL/6694123fbaffdd805442c289f9baa2b81cc8344e0473f359c414b471f4af3802/saxon9-scripts-9.4.0.7-150200.12.4.3.noarch.rpm?eyJhbGciOiJIUzI1NiJ9.eyJqdGkiOiJYZXZmOHpQWmxodzBvZ1ZIcGpkZlBnIiwiZXhwIjoxODAxMzI2NzE5LCJpYXQiOjE3Njk3OTA3MTksIm5iZiI6MTc2OTc5MDU5OSwib3JnIjoxLCJvbmx5Q2hhbm5lbHMiOlsic2xlLW1vZHVsZS1kZXZ0b29sczE1LXNwNy1wb29sLXg4Nl82NCJdfQ.iDGtCGSg_Gnf9JkZZckFkrsd7E14lRsxB9bxDYYQiZE HTTP/1.1" 200 -
172.16.3.7 - - [30/Jan/2026:17:33:52 +0100] "GET /rhn/manager/download/sle-module-devtools15-sp7-pool-x86_64/getPackage/NULL/6694123fbaffdd805442c289f9baa2b81cc8344e0473f359c414b471f4af3802/saxon9-scripts-9.4.0.7-150200.12.4.3.noarch.rpm?eyJhbGciOiJIUzI1NiJ9.eyJqdGkiOiJYZXZmOHpQWmxodzBvZ1ZIcGpkZlBnIiwiZXhwIjoxODAxMzI2NzE5LCJpYXQiOjE3Njk3OTA3MTksIm5iZiI6MTc2OTc5MDU5OSwib3JnIjoxLCJvbmx5Q2hhbm5lbHMiOlsic2xlLW1vZHVsZS1kZXZ0b29sczE1LXNwNy1wb29sLXg4Nl82NCJdfQ.iDGtCGSg_Gnf9JkZZckFkrsd7E14lRsxB9bxDYYQiZE HTTP/1.1" 200 3664
172.16.3.7 - - [30/Jan/2026:17:33:52 +0100] "HEAD /rhn/manager/download/sle-module-devtools15-sp7-pool-x86_64/getPackage/NULL/6de3c8442a6f536d7ade800b697e210d6bbab90bf75fd8860fbd48728dab08f6/jing-20220510-150200.10.7.3.noarch.rpm?eyJhbGciOiJIUzI1NiJ9.eyJqdGkiOiJYZXZmOHpQWmxodzBvZ1ZIcGpkZlBnIiwiZXhwIjoxODAxMzI2NzE5LCJpYXQiOjE3Njk3OTA3MTksIm5iZiI6MTc2OTc5MDU5OSwib3JnIjoxLCJvbmx5Q2hhbm5lbHMiOlsic2xlLW1vZHVsZS1kZXZ0b29sczE1LXNwNy1wb29sLXg4Nl82NCJdfQ.iDGtCGSg_Gnf9JkZZckFkrsd7E14lRsxB9bxDYYQiZE HTTP/1.1" 200 -
172.16.3.7 - - [30/Jan/2026:17:33:52 +0100] "GET /rhn/manager/download/sle-module-devtools15-sp7-pool-x86_64/getPackage/NULL/6de3c8442a6f536d7ade800b697e210d6bbab90bf75fd8860fbd48728dab08f6/jing-20220510-150200.10.7.3.noarch.rpm?eyJhbGciOiJIUzI1NiJ9.eyJqdGkiOiJYZXZmOHpQWmxodzBvZ1ZIcGpkZlBnIiwiZXhwIjoxODAxMzI2NzE5LCJpYXQiOjE3Njk3OTA3MTksIm5iZiI6MTc2OTc5MDU5OSwib3JnIjoxLCJvbmx5Q2hhbm5lbHMiOlsic2xlLW1vZHVsZS1kZXZ0b29sczE1LXNwNy1wb29sLXg4Nl82NCJdfQ.iDGtCGSg_Gnf9JkZZckFkrsd7E14lRsxB9bxDYYQiZE HTTP/1.1" 200 3663
172.16.3.7 - - [30/Jan/2026:17:33:52 +0100] "HEAD /rhn/manager/download/sle-module-server-applications15-sp7-updates-x86_64/getPackage/NULL/29eb322ec937609ad48a123788fd1f2070fb66e8b53b0332c16305a8dcc5d294/qemu-block-rbd-9.2.4-150700.3.11.1.x86_64.rpm?eyJhbGciOiJIUzI1NiJ9.eyJqdGkiOiJ3eWZsMDBOUENkWVpTV0RCZ3V5VjRRIiwiZXhwIjoxODAxMzI2NzE5LCJpYXQiOjE3Njk3OTA3MTksIm5iZiI6MTc2OTc5MDU5OSwib3JnIjoxLCJvbmx5Q2hhbm5lbHMiOlsic2xlLW1vZHVsZS1zZXJ2ZXItYXBwbGljYXRpb25zMTUtc3A3LXVwZGF0ZXMteDg2XzY0Il19.B3806ddgT1UmVSvUu9d0IkspObJSymGrg9RnKFyTgtw HTTP/1.1" 200 -
172.16.3.7 - - [30/Jan/2026:17:33:52 +0100] "GET /rhn/manager/download/sle-module-server-applications15-sp7-updates-x86_64/getPackage/NULL/29eb322ec937609ad48a123788fd1f2070fb66e8b53b0332c16305a8dcc5d294/qemu-block-rbd-9.2.4-150700.3.11.1.x86_64.rpm?eyJhbGciOiJIUzI1NiJ9.eyJqdGkiOiJ3eWZsMDBOUENkWVpTV0RCZ3V5VjRRIiwiZXhwIjoxODAxMzI2NzE5LCJpYXQiOjE3Njk3OTA3MTksIm5iZiI6MTc2OTc5MDU5OSwib3JnIjoxLCJvbmx5Q2hhbm5lbHMiOlsic2xlLW1vZHVsZS1zZXJ2ZXItYXBwbGljYXRpb25zMTUtc3A3LXVwZGF0ZXMteDg2XzY0Il19.B3806ddgT1UmVSvUu9d0IkspObJSymGrg9RnKFyTgtw HTTP/1.1" 200 3664
172.16.3.7 - - [30/Jan/2026:17:33:52 +0100] "HEAD /rhn/manager/download/sle-module-devtools15-sp7-updates-x86_64/getPackage/NULL/ea44278121a6c2730e698d081eaea2220749704507693e7878dcffa27c5c89d4/kiwi-systemdeps-image-validation-10.2.33-150600.14.10.2.x86_64.rpm?eyJhbGciOiJIUzI1NiJ9.eyJqdGkiOiJ6bnljaXpILTFHMWhDd3ltcGVJaHZ3IiwiZXhwIjoxODAxMzI2NzE5LCJpYXQiOjE3Njk3OTA3MTksIm5iZiI6MTc2OTc5MDU5OSwib3JnIjoxLCJvbmx5Q2hhbm5lbHMiOlsic2xlLW1vZHVsZS1kZXZ0b29sczE1LXNwNy11cGRhdGVzLXg4Nl82NCJdfQ.8o8St7D9giWBJG8IMpjvI3RwTJHjldaisptKUuxUFLU HTTP/1.1" 200 -
172.16.3.7 - - [30/Jan/2026:17:33:52 +0100] "GET /rhn/manager/download/sle-module-devtools15-sp7-updates-x86_64/getPackage/NULL/ea44278121a6c2730e698d081eaea2220749704507693e7878dcffa27c5c89d4/kiwi-systemdeps-image-validation-10.2.33-150600.14.10.2.x86_64.rpm?eyJhbGciOiJIUzI1NiJ9.eyJqdGkiOiJ6bnljaXpILTFHMWhDd3ltcGVJaHZ3IiwiZXhwIjoxODAxMzI2NzE5LCJpYXQiOjE3Njk3OTA3MTksIm5iZiI6MTc2OTc5MDU5OSwib3JnIjoxLCJvbmx5Q2hhbm5lbHMiOlsic2xlLW1vZHVsZS1kZXZ0b29sczE1LXNwNy11cGRhdGVzLXg4Nl82NCJdfQ.8o8St7D9giWBJG8IMpjvI3RwTJHjldaisptKUuxUFLU HTTP/1.1" 200 3664
172.16.3.7 - - [30/Jan/2026:17:33:52 +0100] "HEAD /rhn/manager/download/sle-module-basesystem15-sp7-updates-x86_64/getPackage/NULL/c0d28e3adc5a149f07aba9f022ee5f9122ff8304e9ea647077161e46113fa2af/qemu-tools-9.2.4-150700.3.11.1.x86_64.rpm?eyJhbGciOiJIUzI1NiJ9.eyJqdGkiOiI5RTFUR21ld25wOGVmYnE4cUg5OGN3IiwiZXhwIjoxODAxMzI2NzE5LCJpYXQiOjE3Njk3OTA3MTksIm5iZiI6MTc2OTc5MDU5OSwib3JnIjoxLCJvbmx5Q2hhbm5lbHMiOlsic2xlLW1vZHVsZS1iYXNlc3lzdGVtMTUtc3A3LXVwZGF0ZXMteDg2XzY0Il19.WwImMUbye0KFhpwR34jJ1ws4FJCswoM0N-maDdr2wHU HTTP/1.1" 200 -
172.16.3.7 - - [30/Jan/2026:17:33:52 +0100] "GET /rhn/manager/download/sle-module-basesystem15-sp7-updates-x86_64/getPackage/NULL/c0d28e3adc5a149f07aba9f022ee5f9122ff8304e9ea647077161e46113fa2af/qemu-tools-9.2.4-150700.3.11.1.x86_64.rpm?eyJhbGciOiJIUzI1NiJ9.eyJqdGkiOiI5RTFUR21ld25wOGVmYnE4cUg5OGN3IiwiZXhwIjoxODAxMzI2NzE5LCJpYXQiOjE3Njk3OTA3MTksIm5iZiI6MTc2OTc5MDU5OSwib3JnIjoxLCJvbmx5Q2hhbm5lbHMiOlsic2xlLW1vZHVsZS1iYXNlc3lzdGVtMTUtc3A3LXVwZGF0ZXMteDg2XzY0Il19.WwImMUbye0KFhpwR34jJ1ws4FJCswoM0N-maDdr2wHU HTTP/1.1" 200 3664
172.16.3.5 - - [30/Jan/2026:17:33:53 +0100] "POST /rhn/manager/api/auth/login HTTP/1.1" 200 16
172.16.3.7 - - [30/Jan/2026:17:33:53 +0100] "HEAD /rhn/manager/download/sle-module-devtools15-sp7-updates-x86_64/getPackage/NULL/fcd2a8d00c3c334f166f05b6730ce8ea06740b32eebb520c274c5cdb4f4dcc84/kiwi-systemdeps-filesystems-10.2.33-150600.14.10.2.x86_64.rpm?eyJhbGciOiJIUzI1NiJ9.eyJqdGkiOiJ6bnljaXpILTFHMWhDd3ltcGVJaHZ3IiwiZXhwIjoxODAxMzI2NzE5LCJpYXQiOjE3Njk3OTA3MTksIm5iZiI6MTc2OTc5MDU5OSwib3JnIjoxLCJvbmx5Q2hhbm5lbHMiOlsic2xlLW1vZHVsZS1kZXZ0b29sczE1LXNwNy11cGRhdGVzLXg4Nl82NCJdfQ.8o8St7D9giWBJG8IMpjvI3RwTJHjldaisptKUuxUFLU HTTP/1.1" 200 -
172.16.3.7 - - [30/Jan/2026:17:33:53 +0100] "GET /rhn/manager/download/sle-module-devtools15-sp7-updates-x86_64/getPackage/NULL/fcd2a8d00c3c334f166f05b6730ce8ea06740b32eebb520c274c5cdb4f4dcc84/kiwi-systemdeps-filesystems-10.2.33-150600.14.10.2.x86_64.rpm?eyJhbGciOiJIUzI1NiJ9.eyJqdGkiOiJ6bnljaXpILTFHMWhDd3ltcGVJaHZ3IiwiZXhwIjoxODAxMzI2NzE5LCJpYXQiOjE3Njk3OTA3MTksIm5iZiI6MTc2OTc5MDU5OSwib3JnIjoxLCJvbmx5Q2hhbm5lbHMiOlsic2xlLW1vZHVsZS1kZXZ0b29sczE1LXNwNy11cGRhdGVzLXg4Nl82NCJdfQ.8o8St7D9giWBJG8IMpjvI3RwTJHjldaisptKUuxUFLU HTTP/1.1" 200 3664
172.16.3.7 - - [30/Jan/2026:17:33:53 +0100] "HEAD /rhn/manager/download/sle-module-devtools15-sp7-updates-x86_64/getPackage/NULL/efaeb02e4773968e9fa6a8bb06579bb260bbec253ce881894c8581255f40a6d3/kiwi-systemdeps-iso-media-10.2.33-150600.14.10.2.x86_64.rpm?eyJhbGciOiJIUzI1NiJ9.eyJqdGkiOiJ6bnljaXpILTFHMWhDd3ltcGVJaHZ3IiwiZXhwIjoxODAxMzI2NzE5LCJpYXQiOjE3Njk3OTA3MTksIm5iZiI6MTc2OTc5MDU5OSwib3JnIjoxLCJvbmx5Q2hhbm5lbHMiOlsic2xlLW1vZHVsZS1kZXZ0b29sczE1LXNwNy11cGRhdGVzLXg4Nl82NCJdfQ.8o8St7D9giWBJG8IMpjvI3RwTJHjldaisptKUuxUFLU HTTP/1.1" 200 -
172.16.3.7 - - [30/Jan/2026:17:33:53 +0100] "GET /rhn/manager/download/sle-module-devtools15-sp7-updates-x86_64/getPackage/NULL/efaeb02e4773968e9fa6a8bb06579bb260bbec253ce881894c8581255f40a6d3/kiwi-systemdeps-iso-media-10.2.33-150600.14.10.2.x86_64.rpm?eyJhbGciOiJIUzI1NiJ9.eyJqdGkiOiJ6bnljaXpILTFHMWhDd3ltcGVJaHZ3IiwiZXhwIjoxODAxMzI2NzE5LCJpYXQiOjE3Njk3OTA3MTksIm5iZiI6MTc2OTc5MDU5OSwib3JnIjoxLCJvbmx5Q2hhbm5lbHMiOlsic2xlLW1vZHVsZS1kZXZ0b29sczE1LXNwNy11cGRhdGVzLXg4Nl82NCJdfQ.8o8St7D9giWBJG8IMpjvI3RwTJHjldaisptKUuxUFLU HTTP/1.1" 200 3662
172.16.3.5 - - [30/Jan/2026:17:33:53 +0100] "POST /rhn/manager/api/system/searchByName HTTP/1.1" 200 166
172.16.3.7 - - [30/Jan/2026:17:33:53 +0100] "HEAD /rhn/manager/download/sle-module-devtools15-sp7-updates-x86_64/getPackage/NULL/10a96bc959e2f7029acde7a87fe98c763227a80f26a7af833206c84b8c981020/kiwi-systemdeps-disk-images-10.2.33-150600.14.10.2.x86_64.rpm?eyJhbGciOiJIUzI1NiJ9.eyJqdGkiOiJ6bnljaXpILTFHMWhDd3ltcGVJaHZ3IiwiZXhwIjoxODAxMzI2NzE5LCJpYXQiOjE3Njk3OTA3MTksIm5iZiI6MTc2OTc5MDU5OSwib3JnIjoxLCJvbmx5Q2hhbm5lbHMiOlsic2xlLW1vZHVsZS1kZXZ0b29sczE1LXNwNy11cGRhdGVzLXg4Nl82NCJdfQ.8o8St7D9giWBJG8IMpjvI3RwTJHjldaisptKUuxUFLU HTTP/1.1" 200 -
172.16.3.7 - - [30/Jan/2026:17:33:53 +0100] "GET /rhn/manager/download/sle-module-devtools15-sp7-updates-x86_64/getPackage/NULL/10a96bc959e2f7029acde7a87fe98c763227a80f26a7af833206c84b8c981020/kiwi-systemdeps-disk-images-10.2.33-150600.14.10.2.x86_64.rpm?eyJhbGciOiJIUzI1NiJ9.eyJqdGkiOiJ6bnljaXpILTFHMWhDd3ltcGVJaHZ3IiwiZXhwIjoxODAxMzI2NzE5LCJpYXQiOjE3Njk3OTA3MTksIm5iZiI6MTc2OTc5MDU5OSwib3JnIjoxLCJvbmx5Q2hhbm5lbHMiOlsic2xlLW1vZHVsZS1kZXZ0b29sczE1LXNwNy11cGRhdGVzLXg4Nl82NCJdfQ.8o8St7D9giWBJG8IMpjvI3RwTJHjldaisptKUuxUFLU HTTP/1.1" 200 3664
172.16.3.7 - - [30/Jan/2026:17:33:53 +0100] "HEAD /rhn/manager/download/sle-module-devtools15-sp7-updates-x86_64/getPackage/NULL/f6eb6af39a810c94545c27a6ce2e8ac6318c23d5c5405b414eb304cc1080e8a5/kiwi-systemdeps-10.2.33-150600.14.10.2.x86_64.rpm?eyJhbGciOiJIUzI1NiJ9.eyJqdGkiOiJ6bnljaXpILTFHMWhDd3ltcGVJaHZ3IiwiZXhwIjoxODAxMzI2NzE5LCJpYXQiOjE3Njk3OTA3MTksIm5iZiI6MTc2OTc5MDU5OSwib3JnIjoxLCJvbmx5Q2hhbm5lbHMiOlsic2xlLW1vZHVsZS1kZXZ0b29sczE1LXNwNy11cGRhdGVzLXg4Nl82NCJdfQ.8o8St7D9giWBJG8IMpjvI3RwTJHjldaisptKUuxUFLU HTTP/1.1" 200 -
172.16.3.5 - - [30/Jan/2026:17:33:53 +0100] "GET /rhn/manager/api/auth/logout HTTP/1.1" 200 16
172.16.3.7 - - [30/Jan/2026:17:33:53 +0100] "GET /rhn/manager/download/sle-module-devtools15-sp7-updates-x86_64/getPackage/NULL/f6eb6af39a810c94545c27a6ce2e8ac6318c23d5c5405b414eb304cc1080e8a5/kiwi-systemdeps-10.2.33-150600.14.10.2.x86_64.rpm?eyJhbGciOiJIUzI1NiJ9.eyJqdGkiOiJ6bnljaXpILTFHMWhDd3ltcGVJaHZ3IiwiZXhwIjoxODAxMzI2NzE5LCJpYXQiOjE3Njk3OTA3MTksIm5iZiI6MTc2OTc5MDU5OSwib3JnIjoxLCJvbmx5Q2hhbm5lbHMiOlsic2xlLW1vZHVsZS1kZXZ0b29sczE1LXNwNy11cGRhdGVzLXg4Nl82NCJdfQ.8o8St7D9giWBJG8IMpjvI3RwTJHjldaisptKUuxUFLU HTTP/1.1" 200 3664
172.16.3.7 - - [30/Jan/2026:17:33:53 +0100] "HEAD /rhn/manager/download/sle-module-devtools15-sp7-updates-x86_64/getPackage/NULL/f9856e1a688d767cec942efd320a4c443a01691552137403bdc25c24e1806ea6/python311-kiwi-10.2.33-150600.14.10.2.x86_64.rpm?eyJhbGciOiJIUzI1NiJ9.eyJqdGkiOiJ6bnljaXpILTFHMWhDd3ltcGVJaHZ3IiwiZXhwIjoxODAxMzI2NzE5LCJpYXQiOjE3Njk3OTA3MTksIm5iZiI6MTc2OTc5MDU5OSwib3JnIjoxLCJvbmx5Q2hhbm5lbHMiOlsic2xlLW1vZHVsZS1kZXZ0b29sczE1LXNwNy11cGRhdGVzLXg4Nl82NCJdfQ.8o8St7D9giWBJG8IMpjvI3RwTJHjldaisptKUuxUFLU HTTP/1.1" 200 -
172.16.3.7 - - [30/Jan/2026:17:33:53 +0100] "GET /rhn/manager/download/sle-module-devtools15-sp7-updates-x86_64/getPackage/NULL/f9856e1a688d767cec942efd320a4c443a01691552137403bdc25c24e1806ea6/python311-kiwi-10.2.33-150600.14.10.2.x86_64.rpm?eyJhbGciOiJIUzI1NiJ9.eyJqdGkiOiJ6bnljaXpILTFHMWhDd3ltcGVJaHZ3IiwiZXhwIjoxODAxMzI2NzE5LCJpYXQiOjE3Njk3OTA3MTksIm5iZiI6MTc2OTc5MDU5OSwib3JnIjoxLCJvbmx5Q2hhbm5lbHMiOlsic2xlLW1vZHVsZS1kZXZ0b29sczE1LXNwNy11cGRhdGVzLXg4Nl82NCJdfQ.8o8St7D9giWBJG8IMpjvI3RwTJHjldaisptKUuxUFLU HTTP/1.1" 200 3664
172.16.3.5 - - [30/Jan/2026:17:33:53 +0100] "GET /rhn/systems/details/Overview.do?sid=1000010002 HTTP/1.1" 200 44075
172.16.3.5 - - [30/Jan/2026:17:33:53 +0100] "POST /rhn/manager/frontend-log HTTP/1.1" 429 17
127.0.0.1 - - [30/Jan/2026:17:33:54 +0100] "GET /rhn/websocket/notifications HTTP/1.1" 101 -
172.16.3.5 - - [30/Jan/2026:17:33:54 +0100] "POST /rhn/manager/frontend-log HTTP/1.1" 429 17
172.16.3.5 - - [30/Jan/2026:17:33:54 +0100] "GET /rhn/systems/details/history/Pending.do?sid=1000010002& HTTP/1.1" 200 37865
127.0.0.1 - - [30/Jan/2026:17:33:54 +0100] "GET /rhn/websocket/notifications HTTP/1.1" 101 -
172.16.3.5 - - [30/Jan/2026:17:33:54 +0100] "POST /rhn/manager/frontend-log HTTP/1.1" 429 17
172.16.3.5 - - [30/Jan/2026:17:33:54 +0100] "GET /rhn/systems/details/history/History.do?sid=1000010002& HTTP/1.1" 200 45229
172.16.3.5 - - [30/Jan/2026:17:33:54 +0100] "POST /rhn/manager/frontend-log HTTP/1.1" 429 17
127.0.0.1 - - [30/Jan/2026:17:33:54 +0100] "GET /rhn/websocket/notifications HTTP/1.1" 101 -
172.16.3.5 - - [30/Jan/2026:17:33:58 +0100] "GET /rhn/systems/details/history/Pending.do?sid=1000010005& HTTP/1.1" 200 37863
127.0.0.1 - - [30/Jan/2026:17:33:58 +0100] "GET /rhn/websocket/notifications HTTP/1.1" 101 -
172.16.3.5 - - [30/Jan/2026:17:33:58 +0100] "POST /rhn/manager/frontend-log HTTP/1.1" 200 16
172.16.3.5 - - [30/Jan/2026:17:33:58 +0100] "GET /rhn/systems/details/history/Pending.do?sid=1000010005& HTTP/1.1" 200 37863
127.0.0.1 - - [30/Jan/2026:17:33:58 +0100] "GET /rhn/websocket/notifications HTTP/1.1" 101 -
172.16.3.5 - - [30/Jan/2026:17:33:58 +0100] "POST /rhn/manager/frontend-log HTTP/1.1" 200 16
172.16.3.5 - - [30/Jan/2026:17:33:59 +0100] "GET /rhn/systems/details/history/History.do?sid=1000010005& HTTP/1.1" 200 44045
127.0.0.1 - - [30/Jan/2026:17:33:59 +0100] "GET /rhn/websocket/notifications HTTP/1.1" 101 -
172.16.3.5 - - [30/Jan/2026:17:33:59 +0100] "POST /rhn/manager/frontend-log HTTP/1.1" 200 16
172.16.3.5 - - [30/Jan/2026:17:33:59 +0100] "GET /rhn/systems/details/history/Event.do?sid=1000010005&aid=28 HTTP/1.1" 200 38152
127.0.0.1 - - [30/Jan/2026:17:34:00 +0100] "GET /rhn/websocket/notifications HTTP/1.1" 101 -
172.16.3.5 - - [30/Jan/2026:17:34:00 +0100] "POST /rhn/manager/frontend-log HTTP/1.1" 200 16
172.16.3.5 - - [30/Jan/2026:17:34:00 +0100] "POST /rhn/manager/api/auth/login HTTP/1.1" 200 16
172.16.3.5 - - [30/Jan/2026:17:34:00 +0100] "POST /rhn/manager/api/system/searchByName HTTP/1.1" 200 166
172.16.3.5 - - [30/Jan/2026:17:34:00 +0100] "GET /rhn/manager/api/auth/logout HTTP/1.1" 200 16
172.16.3.5 - - [30/Jan/2026:17:34:01 +0100] "GET /rhn/systems/details/Overview.do?sid=1000010005 HTTP/1.1" 200 43204
172.16.3.5 - - [30/Jan/2026:17:34:01 +0100] "POST /rhn/manager/frontend-log HTTP/1.1" 200 16
127.0.0.1 - - [30/Jan/2026:17:34:01 +0100] "GET /rhn/websocket/notifications HTTP/1.1" 101 -
172.16.3.5 - - [30/Jan/2026:17:34:01 +0100] "POST /rhn/manager/frontend-log HTTP/1.1" 200 16
127.0.0.1 - - [30/Jan/2026:17:34:01 +0100] "GET /rhn/websocket/notifications HTTP/1.1" 101 -
172.16.3.5 - - [30/Jan/2026:17:34:01 +0100] "GET /rhn/systems/details/Overview.do?sid=1000010005& HTTP/1.1" 200 43204
127.0.0.1 - - [30/Jan/2026:17:34:02 +0100] "GET /rhn/websocket/notifications HTTP/1.1" 101 -
172.16.3.5 - - [30/Jan/2026:17:34:02 +0100] "POST /rhn/manager/frontend-log HTTP/1.1" 200 16
172.16.3.5 - - [30/Jan/2026:17:34:02 +0100] "GET /rhn/systems/details/Connection.do?sid=1000010005& HTTP/1.1" 200 39135
127.0.0.1 - - [30/Jan/2026:17:34:02 +0100] "GET /rhn/websocket/notifications HTTP/1.1" 101 -
172.16.3.5 - - [30/Jan/2026:17:34:02 +0100] "POST /rhn/manager/frontend-log HTTP/1.1" 200 16
172.16.3.5 - - [30/Jan/2026:17:34:02 +0100] "POST /rhn/manager/api/auth/login HTTP/1.1" 200 16
172.16.3.5 - - [30/Jan/2026:17:34:02 +0100] "POST /rhn/manager/api/system/searchByName HTTP/1.1" 200 157
172.16.3.5 - - [30/Jan/2026:17:34:03 +0100] "GET /rhn/manager/api/auth/logout HTTP/1.1" 200 16
172.16.3.5 - - [30/Jan/2026:17:34:03 +0100] "GET /rhn/systems/details/Overview.do?sid=1000010000 HTTP/1.1" 200 43369
172.16.3.5 - - [30/Jan/2026:17:34:03 +0100] "POST /rhn/manager/frontend-log HTTP/1.1" 200 16
127.0.0.1 - - [30/Jan/2026:17:34:03 +0100] "GET /rhn/websocket/notifications HTTP/1.1" 101 -
172.16.3.5 - - [30/Jan/2026:17:34:03 +0100] "POST /rhn/manager/frontend-log HTTP/1.1" 200 16
127.0.0.1 - - [30/Jan/2026:17:34:03 +0100] "GET /rhn/websocket/notifications HTTP/1.1" 101 -
172.16.3.5 - - [30/Jan/2026:17:34:04 +0100] "GET /rhn/systems/details/Overview.do?sid=1000010000& HTTP/1.1" 200 43369
127.0.0.1 - - [30/Jan/2026:17:34:04 +0100] "GET /rhn/websocket/notifications HTTP/1.1" 101 -
172.16.3.5 - - [30/Jan/2026:17:34:04 +0100] "POST /rhn/manager/frontend-log HTTP/1.1" 200 16
172.16.3.5 - - [30/Jan/2026:17:34:04 +0100] "GET /rhn/systems/details/ProxyClients.do?sid=1000010000& HTTP/1.1" 200 55848
127.0.0.1 - - [30/Jan/2026:17:34:05 +0100] "GET /rhn/websocket/notifications HTTP/1.1" 101 -
172.16.3.5 - - [30/Jan/2026:17:34:05 +0100] "POST /rhn/manager/frontend-log HTTP/1.1" 200 16
::1 - - [30/Jan/2026:17:34:43 +0100] "GET /rhn/manager/login HTTP/1.1" 302 -
172.16.3.5 - - [30/Jan/2026:17:35:10 +0100] "POST /rhn/manager/api/auth/login HTTP/1.1" 200 16
172.16.3.5 - - [30/Jan/2026:17:35:10 +0100] "GET /rhn/manager/api/user/listUsers HTTP/1.1" 200 866
172.16.3.5 - - [30/Jan/2026:17:35:10 +0100] "GET /rhn/manager/api/auth/logout HTTP/1.1" 200 16
172.16.3.5 - - [30/Jan/2026:17:35:10 +0100] "POST /rhn/manager/api/auth/login HTTP/1.1" 200 16
172.16.3.5 - - [30/Jan/2026:17:35:10 +0100] "POST /rhn/manager/api/user/create HTTP/1.1" 200 27
172.16.3.5 - - [30/Jan/2026:17:35:11 +0100] "GET /rhn/manager/api/auth/logout HTTP/1.1" 200 16
172.16.3.5 - - [30/Jan/2026:17:35:11 +0100] "POST /rhn/manager/api/auth/login HTTP/1.1" 200 16
172.16.3.5 - - [30/Jan/2026:17:35:11 +0100] "POST /rhn/manager/api/user/addRole HTTP/1.1" 200 27
172.16.3.5 - - [30/Jan/2026:17:35:11 +0100] "GET /rhn/manager/api/auth/logout HTTP/1.1" 200 16
172.16.3.5 - - [30/Jan/2026:17:35:11 +0100] "POST /rhn/manager/api/auth/login HTTP/1.1" 200 16
172.16.3.5 - - [30/Jan/2026:17:35:11 +0100] "POST /rhn/manager/api/user/addRole HTTP/1.1" 200 27
172.16.3.5 - - [30/Jan/2026:17:35:11 +0100] "GET /rhn/manager/api/auth/logout HTTP/1.1" 200 16
172.16.3.5 - - [30/Jan/2026:17:35:11 +0100] "POST /rhn/manager/api/auth/login HTTP/1.1" 200 16
172.16.3.5 - - [30/Jan/2026:17:35:11 +0100] "POST /rhn/manager/api/user/addRole HTTP/1.1" 200 27
172.16.3.5 - - [30/Jan/2026:17:35:12 +0100] "GET /rhn/manager/api/auth/logout HTTP/1.1" 200 16
172.16.3.5 - - [30/Jan/2026:17:35:12 +0100] "POST /rhn/manager/api/auth/login HTTP/1.1" 200 16
172.16.3.5 - - [30/Jan/2026:17:35:12 +0100] "POST /rhn/manager/api/user/addRole HTTP/1.1" 200 27
172.16.3.5 - - [30/Jan/2026:17:35:12 +0100] "GET /rhn/manager/api/auth/logout HTTP/1.1" 200 16
172.16.3.5 - - [30/Jan/2026:17:35:12 +0100] "POST /rhn/manager/api/auth/login HTTP/1.1" 200 16
172.16.3.5 - - [30/Jan/2026:17:35:12 +0100] "POST /rhn/manager/api/user/addRole HTTP/1.1" 200 27
172.16.3.5 - - [30/Jan/2026:17:35:12 +0100] "GET /rhn/manager/api/auth/logout HTTP/1.1" 200 16
172.16.3.5 - - [30/Jan/2026:17:35:12 +0100] "POST /rhn/manager/api/auth/login HTTP/1.1" 200 16
172.16.3.5 - - [30/Jan/2026:17:35:12 +0100] "POST /rhn/manager/api/user/addRole HTTP/1.1" 200 27
172.16.3.5 - - [30/Jan/2026:17:35:12 +0100] "GET /rhn/manager/api/auth/logout HTTP/1.1" 200 16
172.16.3.5 - - [30/Jan/2026:17:35:12 +0100] "GET /rhn/manager/login HTTP/1.1" 302 -
172.16.3.5 - - [30/Jan/2026:17:35:13 +0100] "GET /rhn/manager/login HTTP/1.1" 200 2221
172.16.3.5 - - [30/Jan/2026:17:35:13 +0100] "GET /rhn/manager/login HTTP/1.1" 200 2219
172.16.3.5 - - [30/Jan/2026:17:35:13 +0100] "POST /rhn/manager/api/auth/login HTTP/1.1" 200 16
172.16.3.5 - - [30/Jan/2026:17:35:13 +0100] "GET /rhn/manager/api/user/listUsers HTTP/1.1" 200 948
172.16.3.5 - - [30/Jan/2026:17:35:13 +0100] "GET /rhn/manager/api/auth/logout HTTP/1.1" 200 16
172.16.3.5 - - [30/Jan/2026:17:35:13 +0100] "POST /rhn/manager/api/auth/login HTTP/1.1" 200 16
172.16.3.5 - - [30/Jan/2026:17:35:13 +0100] "POST /rhn/manager/api/user/create HTTP/1.1" 200 27
172.16.3.5 - - [30/Jan/2026:17:35:13 +0100] "GET /rhn/manager/api/auth/logout HTTP/1.1" 200 16
172.16.3.5 - - [30/Jan/2026:17:35:13 +0100] "POST /rhn/manager/api/auth/login HTTP/1.1" 200 16
172.16.3.5 - - [30/Jan/2026:17:35:14 +0100] "POST /rhn/manager/api/user/addRole HTTP/1.1" 200 27
172.16.3.5 - - [30/Jan/2026:17:35:14 +0100] "GET /rhn/manager/api/auth/logout HTTP/1.1" 200 16
172.16.3.5 - - [30/Jan/2026:17:35:14 +0100] "POST /rhn/manager/api/auth/login HTTP/1.1" 200 16
172.16.3.5 - - [30/Jan/2026:17:35:14 +0100] "POST /rhn/manager/api/user/addRole HTTP/1.1" 200 27
172.16.3.5 - - [30/Jan/2026:17:35:14 +0100] "GET /rhn/manager/api/auth/logout HTTP/1.1" 200 16
172.16.3.5 - - [30/Jan/2026:17:35:14 +0100] "POST /rhn/manager/api/auth/login HTTP/1.1" 200 16
172.16.3.5 - - [30/Jan/2026:17:35:14 +0100] "POST /rhn/manager/api/user/addRole HTTP/1.1" 200 27
172.16.3.5 - - [30/Jan/2026:17:35:14 +0100] "GET /rhn/manager/api/auth/logout HTTP/1.1" 200 16
172.16.3.5 - - [30/Jan/2026:17:35:14 +0100] "POST /rhn/manager/api/auth/login HTTP/1.1" 200 16
172.16.3.5 - - [30/Jan/2026:17:35:14 +0100] "POST /rhn/manager/api/user/addRole HTTP/1.1" 200 27
172.16.3.5 - - [30/Jan/2026:17:35:15 +0100] "GET /rhn/manager/api/auth/logout HTTP/1.1" 200 16
172.16.3.5 - - [30/Jan/2026:17:35:15 +0100] "POST /rhn/manager/api/auth/login HTTP/1.1" 200 16
172.16.3.5 - - [30/Jan/2026:17:35:15 +0100] "POST /rhn/manager/api/user/addRole HTTP/1.1" 200 27
172.16.3.5 - - [30/Jan/2026:17:35:15 +0100] "GET /rhn/manager/api/auth/logout HTTP/1.1" 200 16
172.16.3.5 - - [30/Jan/2026:17:35:15 +0100] "POST /rhn/manager/api/auth/login HTTP/1.1" 200 16
172.16.3.5 - - [30/Jan/2026:17:35:15 +0100] "POST /rhn/manager/api/user/addRole HTTP/1.1" 200 27
172.16.3.5 - - [30/Jan/2026:17:35:15 +0100] "GET /rhn/manager/api/auth/logout HTTP/1.1" 200 16
::1 - - [30/Jan/2026:17:35:17 +0100] "POST /rhn/rpc/api HTTP/1.1" 200 204
::1 - - [30/Jan/2026:17:35:17 +0100] "POST /rhn/rpc/api HTTP/1.1" 200 138
::1 - - [30/Jan/2026:17:35:18 +0100] "POST /rhn/rpc/api HTTP/1.1" 200 178732
172.16.3.5 - - [30/Jan/2026:17:35:19 +0100] "POST /rhn/manager/api/auth/login HTTP/1.1" 200 16
172.16.3.5 - - [30/Jan/2026:17:35:19 +0100] "GET /rhn/manager/api/user/listUsers HTTP/1.1" 200 1050
172.16.3.5 - - [30/Jan/2026:17:35:19 +0100] "GET /rhn/manager/api/auth/logout HTTP/1.1" 200 16
172.16.3.5 - - [30/Jan/2026:17:35:19 +0100] "POST /rhn/manager/api/auth/login HTTP/1.1" 200 16
172.16.3.5 - - [30/Jan/2026:17:35:20 +0100] "POST /rhn/manager/api/user/create HTTP/1.1" 200 27
172.16.3.5 - - [30/Jan/2026:17:35:20 +0100] "GET /rhn/manager/api/auth/logout HTTP/1.1" 200 16
172.16.3.5 - - [30/Jan/2026:17:35:20 +0100] "POST /rhn/manager/api/auth/login HTTP/1.1" 200 16
172.16.3.5 - - [30/Jan/2026:17:35:20 +0100] "POST /rhn/manager/api/user/addRole HTTP/1.1" 200 27
172.16.3.5 - - [30/Jan/2026:17:35:20 +0100] "GET /rhn/manager/api/auth/logout HTTP/1.1" 200 16
172.16.3.5 - - [30/Jan/2026:17:35:20 +0100] "POST /rhn/manager/api/auth/login HTTP/1.1" 200 16
172.16.3.5 - - [30/Jan/2026:17:35:20 +0100] "POST /rhn/manager/api/user/addRole HTTP/1.1" 200 27
172.16.3.5 - - [30/Jan/2026:17:35:20 +0100] "GET /rhn/manager/api/auth/logout HTTP/1.1" 200 16
172.16.3.5 - - [30/Jan/2026:17:35:20 +0100] "POST /rhn/manager/api/auth/login HTTP/1.1" 200 16
172.16.3.5 - - [30/Jan/2026:17:35:20 +0100] "POST /rhn/manager/api/user/addRole HTTP/1.1" 200 27
172.16.3.5 - - [30/Jan/2026:17:35:21 +0100] "GET /rhn/manager/api/auth/logout HTTP/1.1" 200 16
172.16.3.5 - - [30/Jan/2026:17:35:21 +0100] "POST /rhn/manager/api/auth/login HTTP/1.1" 200 16
172.16.3.5 - - [30/Jan/2026:17:35:21 +0100] "POST /rhn/manager/api/user/addRole HTTP/1.1" 200 27
172.16.3.5 - - [30/Jan/2026:17:35:21 +0100] "GET /rhn/manager/api/auth/logout HTTP/1.1" 200 16
172.16.3.5 - - [30/Jan/2026:17:35:21 +0100] "POST /rhn/manager/api/auth/login HTTP/1.1" 200 16
172.16.3.5 - - [30/Jan/2026:17:35:21 +0100] "POST /rhn/manager/api/user/addRole HTTP/1.1" 200 27
172.16.3.5 - - [30/Jan/2026:17:35:21 +0100] "GET /rhn/manager/api/auth/logout HTTP/1.1" 200 16
172.16.3.5 - - [30/Jan/2026:17:35:21 +0100] "POST /rhn/manager/api/auth/login HTTP/1.1" 200 16
172.16.3.5 - - [30/Jan/2026:17:35:21 +0100] "POST /rhn/manager/api/user/addRole HTTP/1.1" 200 27
172.16.3.5 - - [30/Jan/2026:17:35:22 +0100] "GET /rhn/manager/api/auth/logout HTTP/1.1" 200 16
172.16.3.5 - - [30/Jan/2026:17:35:22 +0100] "POST /rhn/manager/api/auth/login HTTP/1.1" 200 16
172.16.3.5 - - [30/Jan/2026:17:35:22 +0100] "GET /rhn/manager/api/user/listUsers HTTP/1.1" 200 1128
172.16.3.5 - - [30/Jan/2026:17:35:22 +0100] "GET /rhn/manager/api/auth/logout HTTP/1.1" 200 16
172.16.3.5 - - [30/Jan/2026:17:35:22 +0100] "POST /rhn/manager/api/auth/login HTTP/1.1" 200 16
172.16.3.5 - - [30/Jan/2026:17:35:22 +0100] "POST /rhn/manager/api/user/create HTTP/1.1" 200 27
172.16.3.5 - - [30/Jan/2026:17:35:22 +0100] "GET /rhn/manager/api/auth/logout HTTP/1.1" 200 16
172.16.3.5 - - [30/Jan/2026:17:35:22 +0100] "POST /rhn/manager/api/auth/login HTTP/1.1" 200 16
172.16.3.5 - - [30/Jan/2026:17:35:23 +0100] "POST /rhn/manager/api/user/addRole HTTP/1.1" 200 27
172.16.3.5 - - [30/Jan/2026:17:35:23 +0100] "GET /rhn/manager/api/auth/logout HTTP/1.1" 200 16
172.16.3.5 - - [30/Jan/2026:17:35:23 +0100] "POST /rhn/manager/api/auth/login HTTP/1.1" 200 16
172.16.3.5 - - [30/Jan/2026:17:35:23 +0100] "POST /rhn/manager/api/user/addRole HTTP/1.1" 200 27
172.16.3.5 - - [30/Jan/2026:17:35:23 +0100] "GET /rhn/manager/api/auth/logout HTTP/1.1" 200 16
172.16.3.5 - - [30/Jan/2026:17:35:23 +0100] "POST /rhn/manager/api/auth/login HTTP/1.1" 200 16
172.16.3.5 - - [30/Jan/2026:17:35:23 +0100] "POST /rhn/manager/api/user/addRole HTTP/1.1" 200 27
172.16.3.5 - - [30/Jan/2026:17:35:23 +0100] "GET /rhn/manager/api/auth/logout HTTP/1.1" 200 16
172.16.3.5 - - [30/Jan/2026:17:35:23 +0100] "POST /rhn/manager/api/auth/login HTTP/1.1" 200 16
172.16.3.5 - - [30/Jan/2026:17:35:23 +0100] "POST /rhn/manager/api/user/addRole HTTP/1.1" 200 27
172.16.3.5 - - [30/Jan/2026:17:35:24 +0100] "GET /rhn/manager/api/auth/logout HTTP/1.1" 200 16
172.16.3.5 - - [30/Jan/2026:17:35:24 +0100] "POST /rhn/manager/api/auth/login HTTP/1.1" 200 16
172.16.3.5 - - [30/Jan/2026:17:35:24 +0100] "POST /rhn/manager/api/user/addRole HTTP/1.1" 200 27
172.16.3.5 - - [30/Jan/2026:17:35:24 +0100] "GET /rhn/manager/api/auth/logout HTTP/1.1" 200 16
172.16.3.5 - - [30/Jan/2026:17:35:24 +0100] "POST /rhn/manager/api/auth/login HTTP/1.1" 200 16
172.16.3.5 - - [30/Jan/2026:17:35:24 +0100] "POST /rhn/manager/api/user/addRole HTTP/1.1" 200 27
172.16.3.5 - - [30/Jan/2026:17:35:24 +0100] "GET /rhn/manager/api/auth/logout HTTP/1.1" 200 16
172.16.3.5 - - [30/Jan/2026:17:35:24 +0100] "POST /rhn/manager/api/auth/login HTTP/1.1" 200 16
172.16.3.5 - - [30/Jan/2026:17:35:25 +0100] "GET /rhn/manager/api/user/listUsers HTTP/1.1" 200 1226
172.16.3.5 - - [30/Jan/2026:17:35:25 +0100] "GET /rhn/manager/api/auth/logout HTTP/1.1" 200 16
172.16.3.5 - - [30/Jan/2026:17:35:25 +0100] "POST /rhn/manager/api/auth/login HTTP/1.1" 200 16
172.16.3.5 - - [30/Jan/2026:17:35:25 +0100] "POST /rhn/manager/api/user/create HTTP/1.1" 200 27
172.16.3.5 - - [30/Jan/2026:17:35:25 +0100] "GET /rhn/manager/api/auth/logout HTTP/1.1" 200 16
172.16.3.5 - - [30/Jan/2026:17:35:25 +0100] "POST /rhn/manager/api/auth/login HTTP/1.1" 200 16
172.16.3.5 - - [30/Jan/2026:17:35:25 +0100] "POST /rhn/manager/api/user/addRole HTTP/1.1" 200 27
172.16.3.5 - - [30/Jan/2026:17:35:25 +0100] "GET /rhn/manager/api/auth/logout HTTP/1.1" 200 16
172.16.3.5 - - [30/Jan/2026:17:35:25 +0100] "POST /rhn/manager/api/auth/login HTTP/1.1" 200 16
172.16.3.5 - - [30/Jan/2026:17:35:25 +0100] "POST /rhn/manager/api/user/addRole HTTP/1.1" 200 27
172.16.3.5 - - [30/Jan/2026:17:35:26 +0100] "GET /rhn/manager/api/auth/logout HTTP/1.1" 200 16
172.16.3.5 - - [30/Jan/2026:17:35:26 +0100] "POST /rhn/manager/api/auth/login HTTP/1.1" 200 16
172.16.3.5 - - [30/Jan/2026:17:35:26 +0100] "POST /rhn/manager/api/user/addRole HTTP/1.1" 200 27
172.16.3.5 - - [30/Jan/2026:17:35:26 +0100] "GET /rhn/manager/api/auth/logout HTTP/1.1" 200 16
172.16.3.5 - - [30/Jan/2026:17:35:26 +0100] "POST /rhn/manager/api/auth/login HTTP/1.1" 200 16
172.16.3.5 - - [30/Jan/2026:17:35:26 +0100] "POST /rhn/manager/api/user/addRole HTTP/1.1" 200 27
172.16.3.5 - - [30/Jan/2026:17:35:26 +0100] "GET /rhn/manager/api/auth/logout HTTP/1.1" 200 16
172.16.3.5 - - [30/Jan/2026:17:35:26 +0100] "POST /rhn/manager/api/auth/login HTTP/1.1" 200 16
172.16.3.5 - - [30/Jan/2026:17:35:26 +0100] "POST /rhn/manager/api/user/addRole HTTP/1.1" 200 27
172.16.3.5 - - [30/Jan/2026:17:35:26 +0100] "GET /rhn/manager/api/auth/logout HTTP/1.1" 200 16
172.16.3.5 - - [30/Jan/2026:17:35:27 +0100] "POST /rhn/manager/api/auth/login HTTP/1.1" 200 16
172.16.3.5 - - [30/Jan/2026:17:35:27 +0100] "POST /rhn/manager/api/user/addRole HTTP/1.1" 200 27
172.16.3.5 - - [30/Jan/2026:17:35:27 +0100] "GET /rhn/manager/api/auth/logout HTTP/1.1" 200 16
::1 - - [30/Jan/2026:17:35:46 +0100] "GET /rhn/manager/login HTTP/1.1" 302 -
::1 - - [30/Jan/2026:17:36:49 +0100] "GET /rhn/manager/login HTTP/1.1" 302 -
172.16.3.5 - - [30/Jan/2026:17:37:34 +0100] "GET /rhn/manager/login HTTP/1.1" 200 2219
172.16.3.5 - - [30/Jan/2026:17:37:34 +0100] "POST /rhn/manager/frontend-log HTTP/1.1" 302 -
172.16.3.5 - - [30/Jan/2026:17:37:34 +0100] "GET /rhn/manager/login?url_bounce=%2Frhn%2Fmanager%2Ffrontend-log&request_method=POST HTTP/1.1" 200 2225
172.16.3.5 - - [30/Jan/2026:17:37:45 +0100] "POST /rhn/manager/api/login HTTP/1.1" 200 16
172.16.3.5 - - [30/Jan/2026:17:37:45 +0100] "GET /rhn/YourRhn.do HTTP/1.1" 200 36306
172.16.3.5 - - [30/Jan/2026:17:37:45 +0100] "POST /rhn/manager/frontend-log HTTP/1.1" 401 755
172.16.3.5 - - [30/Jan/2026:17:37:45 +0100] "POST /rhn/ajax/inactive-systems HTTP/1.1" 200 540
172.16.3.5 - - [30/Jan/2026:17:37:45 +0100] "POST /rhn/ajax/subscription-warning HTTP/1.1" 200 -
127.0.0.1 - - [30/Jan/2026:17:37:45 +0100] "GET /rhn/websocket/notifications HTTP/1.1" 101 -
172.16.3.5 - - [30/Jan/2026:17:37:45 +0100] "POST /rhn/ajax/tasks HTTP/1.1" 200 2232
172.16.3.5 - - [30/Jan/2026:17:37:45 +0100] "POST /rhn/ajax/pending-actions HTTP/1.1" 200 4737
172.16.3.5 - - [30/Jan/2026:17:37:45 +0100] "POST /rhn/ajax/critical-systems HTTP/1.1" 200 4371
172.16.3.5 - - [30/Jan/2026:17:37:45 +0100] "POST /rhn/ajax/latest-errata HTTP/1.1" 200 5253
127.0.0.1 - - [30/Jan/2026:17:37:46 +0100] "GET /rhn/websocket/notifications HTTP/1.1" 101 -
172.16.3.5 - - [30/Jan/2026:17:37:46 +0100] "POST /rhn/ajax/recent-systems HTTP/1.1" 200 8384
172.16.3.5 - - [30/Jan/2026:17:37:46 +0100] "POST /rhn/manager/frontend-log HTTP/1.1" 401 755
172.16.3.5 - - [30/Jan/2026:17:37:46 +0100] "POST /rhn/ajax/systems-groups HTTP/1.1" 200 1491
::1 - - [30/Jan/2026:17:37:51 +0100] "GET /rhn/manager/login HTTP/1.1" 302 -
172.16.3.5 - - [30/Jan/2026:17:37:56 +0100] "POST /rhn/manager/api/auth/login HTTP/1.1" 200 16
172.16.3.5 - - [30/Jan/2026:17:37:56 +0100] "POST /rhn/manager/api/system/searchByName HTTP/1.1" 200 163
172.16.3.5 - - [30/Jan/2026:17:37:56 +0100] "GET /rhn/manager/api/auth/logout HTTP/1.1" 200 16
172.16.3.5 - - [30/Jan/2026:17:37:57 +0100] "GET /rhn/systems/details/Overview.do?sid=1000010004 HTTP/1.1" 200 44755
172.16.3.5 - - [30/Jan/2026:17:37:57 +0100] "POST /rhn/manager/frontend-log HTTP/1.1" 200 16
127.0.0.1 - - [30/Jan/2026:17:37:57 +0100] "GET /rhn/websocket/notifications HTTP/1.1" 101 -
172.16.3.5 - - [30/Jan/2026:17:37:57 +0100] "POST /rhn/manager/frontend-log HTTP/1.1" 200 16
127.0.0.1 - - [30/Jan/2026:17:37:57 +0100] "GET /rhn/websocket/notifications HTTP/1.1" 101 -
::1 - - [30/Jan/2026:17:37:57 +0100] "POST /rhn/rpc/api HTTP/1.1" 200 128
172.16.3.5 - - [30/Jan/2026:17:37:57 +0100] "GET /rhn/systems/details/kickstart/ScheduleWizard.do?sid=1000010004& HTTP/1.1" 200 42785
127.0.0.1 - - [30/Jan/2026:17:37:58 +0100] "GET /rhn/websocket/notifications HTTP/1.1" 101 -
172.16.3.5 - - [30/Jan/2026:17:37:58 +0100] "POST /rhn/manager/frontend-log HTTP/1.1" 200 16
172.16.3.5 - - [30/Jan/2026:17:37:58 +0100] "GET /rhn/systems/details/kickstart/PowerManagement.do?sid=1000010004& HTTP/1.1" 200 41268
127.0.0.1 - - [30/Jan/2026:17:37:58 +0100] "GET /rhn/websocket/notifications HTTP/1.1" 101 -
172.16.3.5 - - [30/Jan/2026:17:37:58 +0100] "POST /rhn/manager/frontend-log HTTP/1.1" 200 16
172.16.3.5 - - [30/Jan/2026:17:37:59 +0100] "POST /rhn/systems/details/kickstart/PowerManagement.do?sid=1000010004 HTTP/1.1" 200 41367
172.16.3.5 - - [30/Jan/2026:17:37:59 +0100] "POST /rhn/manager/frontend-log HTTP/1.1" 200 16
127.0.0.1 - - [30/Jan/2026:17:37:59 +0100] "GET /rhn/websocket/notifications HTTP/1.1" 101 -
172.16.3.5 - - [30/Jan/2026:17:37:59 +0100] "POST /rhn/manager/frontend-log HTTP/1.1" 200 16
127.0.0.1 - - [30/Jan/2026:17:37:59 +0100] "GET /rhn/websocket/notifications HTTP/1.1" 101 -
::1 - - [30/Jan/2026:17:38:05 +0100] "POST /rhn/rpc/api HTTP/1.1" 200 128
172.16.3.5 - - [30/Jan/2026:17:38:05 +0100] "GET /rhn/systems/details/kickstart/ScheduleWizard.do?sid=1000010004& HTTP/1.1" 200 42897
127.0.0.1 - - [30/Jan/2026:17:38:06 +0100] "GET /rhn/websocket/notifications HTTP/1.1" 101 -
172.16.3.5 - - [30/Jan/2026:17:38:06 +0100] "POST /rhn/manager/frontend-log HTTP/1.1" 200 16
172.16.3.5 - - [30/Jan/2026:17:38:06 +0100] "GET /rhn/systems/details/kickstart/PowerManagement.do?sid=1000010004& HTTP/1.1" 200 41287
127.0.0.1 - - [30/Jan/2026:17:38:06 +0100] "GET /rhn/websocket/notifications HTTP/1.1" 101 -
172.16.3.5 - - [30/Jan/2026:17:38:06 +0100] "POST /rhn/manager/frontend-log HTTP/1.1" 200 16
172.16.3.5 - - [30/Jan/2026:17:38:09 +0100] "POST /rhn/systems/details/kickstart/PowerManagement.do?sid=1000010004 HTTP/1.1" 200 41395
172.16.3.5 - - [30/Jan/2026:17:38:09 +0100] "POST /rhn/manager/frontend-log HTTP/1.1" 200 16
127.0.0.1 - - [30/Jan/2026:17:38:09 +0100] "GET /rhn/websocket/notifications HTTP/1.1" 101 -
172.16.3.5 - - [30/Jan/2026:17:38:09 +0100] "POST /rhn/manager/frontend-log HTTP/1.1" 200 16
172.16.3.5 - - [30/Jan/2026:17:38:09 +0100] "POST /rhn/manager/frontend-log HTTP/1.1" 200 16
127.0.0.1 - - [30/Jan/2026:17:38:09 +0100] "GET /rhn/websocket/notifications HTTP/1.1" 101 -
172.16.3.5 - - [30/Jan/2026:17:38:09 +0100] "POST /rhn/systems/details/kickstart/PowerManagement.do?sid=1000010004 HTTP/1.1" 200 41358
172.16.3.5 - - [30/Jan/2026:17:38:09 +0100] "POST /rhn/manager/frontend-log HTTP/1.1" 200 16
127.0.0.1 - - [30/Jan/2026:17:38:10 +0100] "GET /rhn/websocket/notifications HTTP/1.1" 101 -
172.16.3.5 - - [30/Jan/2026:17:38:10 +0100] "POST /rhn/manager/frontend-log HTTP/1.1" 200 16
172.16.3.5 - - [30/Jan/2026:17:38:10 +0100] "POST /rhn/manager/frontend-log HTTP/1.1" 200 16
127.0.0.1 - - [30/Jan/2026:17:38:10 +0100] "GET /rhn/websocket/notifications HTTP/1.1" 101 -
172.16.3.5 - - [30/Jan/2026:17:38:12 +0100] "POST /rhn/systems/details/kickstart/PowerManagement.do?sid=1000010004 HTTP/1.1" 200 41396
172.16.3.5 - - [30/Jan/2026:17:38:12 +0100] "POST /rhn/manager/frontend-log HTTP/1.1" 200 16
127.0.0.1 - - [30/Jan/2026:17:38:12 +0100] "GET /rhn/websocket/notifications HTTP/1.1" 101 -
172.16.3.5 - - [30/Jan/2026:17:38:12 +0100] "POST /rhn/manager/frontend-log HTTP/1.1" 200 16
127.0.0.1 - - [30/Jan/2026:17:38:13 +0100] "GET /rhn/websocket/notifications HTTP/1.1" 101 -
172.16.3.5 - - [30/Jan/2026:17:38:13 +0100] "POST /rhn/systems/details/kickstart/PowerManagement.do?sid=1000010004 HTTP/1.1" 200 41363
172.16.3.5 - - [30/Jan/2026:17:38:13 +0100] "POST /rhn/manager/frontend-log HTTP/1.1" 200 16
127.0.0.1 - - [30/Jan/2026:17:38:13 +0100] "GET /rhn/websocket/notifications HTTP/1.1" 101 -
172.16.3.5 - - [30/Jan/2026:17:38:13 +0100] "POST /rhn/manager/frontend-log HTTP/1.1" 200 16
127.0.0.1 - - [30/Jan/2026:17:38:13 +0100] "GET /rhn/websocket/notifications HTTP/1.1" 101 -
172.16.3.5 - - [30/Jan/2026:17:38:13 +0100] "POST /rhn/manager/frontend-log HTTP/1.1" 200 16
172.16.3.5 - - [30/Jan/2026:17:38:16 +0100] "POST /rhn/systems/details/kickstart/PowerManagement.do?sid=1000010004 HTTP/1.1" 200 41395
172.16.3.5 - - [30/Jan/2026:17:38:16 +0100] "POST /rhn/manager/frontend-log HTTP/1.1" 200 16
127.0.0.1 - - [30/Jan/2026:17:38:16 +0100] "GET /rhn/websocket/notifications HTTP/1.1" 101 -
172.16.3.5 - - [30/Jan/2026:17:38:16 +0100] "POST /rhn/manager/frontend-log HTTP/1.1" 200 16
127.0.0.1 - - [30/Jan/2026:17:38:16 +0100] "GET /rhn/websocket/notifications HTTP/1.1" 101 -
172.16.3.5 - - [30/Jan/2026:17:38:17 +0100] "POST /rhn/systems/details/kickstart/PowerManagement.do?sid=1000010004 HTTP/1.1" 200 41358
172.16.3.5 - - [30/Jan/2026:17:38:17 +0100] "POST /rhn/manager/frontend-log HTTP/1.1" 200 16
127.0.0.1 - - [30/Jan/2026:17:38:17 +0100] "GET /rhn/websocket/notifications HTTP/1.1" 101 -
172.16.3.5 - - [30/Jan/2026:17:38:17 +0100] "POST /rhn/manager/frontend-log HTTP/1.1" 200 16
127.0.0.1 - - [30/Jan/2026:17:38:17 +0100] "GET /rhn/websocket/notifications HTTP/1.1" 101 -
172.16.3.5 - - [30/Jan/2026:17:38:27 +0100] "POST /rhn/systems/details/kickstart/PowerManagement.do?sid=1000010004 HTTP/1.1" 200 41393
172.16.3.5 - - [30/Jan/2026:17:38:27 +0100] "POST /rhn/manager/frontend-log HTTP/1.1" 200 16
127.0.0.1 - - [30/Jan/2026:17:38:27 +0100] "GET /rhn/websocket/notifications HTTP/1.1" 101 -
172.16.3.5 - - [30/Jan/2026:17:38:27 +0100] "POST /rhn/manager/frontend-log HTTP/1.1" 200 16
127.0.0.1 - - [30/Jan/2026:17:38:27 +0100] "GET /rhn/websocket/notifications HTTP/1.1" 101 -
172.16.3.5 - - [30/Jan/2026:17:38:27 +0100] "POST /rhn/systems/details/kickstart/PowerManagement.do?sid=1000010004 HTTP/1.1" 200 41358
172.16.3.5 - - [30/Jan/2026:17:38:28 +0100] "POST /rhn/manager/frontend-log HTTP/1.1" 200 16
127.0.0.1 - - [30/Jan/2026:17:38:28 +0100] "GET /rhn/websocket/notifications HTTP/1.1" 101 -
172.16.3.5 - - [30/Jan/2026:17:38:28 +0100] "POST /rhn/manager/frontend-log HTTP/1.1" 200 16
127.0.0.1 - - [30/Jan/2026:17:38:28 +0100] "GET /rhn/websocket/notifications HTTP/1.1" 101 -
172.16.3.5 - - [30/Jan/2026:17:38:28 +0100] "GET /rhn/manager/systems/list/all HTTP/1.1" 200 34441
127.0.0.1 - - [30/Jan/2026:17:38:28 +0100] "GET /rhn/websocket/notifications HTTP/1.1" 101 -
172.16.3.5 - - [30/Jan/2026:17:38:28 +0100] "POST /rhn/manager/frontend-log HTTP/1.1" 200 16
172.16.3.5 - - [30/Jan/2026:17:38:28 +0100] "POST /rhn/manager/api/sets/system_list/clear HTTP/1.1" 200 1
172.16.3.5 - - [30/Jan/2026:17:38:29 +0100] "GET /rhn/manager/api/systems/list/all?p=1&ps=100&s=1&sc=server_name HTTP/1.1" 200 4798
172.16.3.5 - - [30/Jan/2026:17:38:29 +0100] "POST /rhn/manager/api/sets/system_list HTTP/1.1" 200 1
172.16.3.5 - - [30/Jan/2026:17:38:29 +0100] "POST /rhn/manager/api/sets/system_list HTTP/1.1" 200 1
172.16.3.5 - - [30/Jan/2026:17:38:29 +0100] "GET /rhn/ssm/index.do HTTP/1.1" 200 44676
127.0.0.1 - - [30/Jan/2026:17:38:29 +0100] "GET /rhn/websocket/notifications HTTP/1.1" 101 -
172.16.3.5 - - [30/Jan/2026:17:38:29 +0100] "POST /rhn/manager/frontend-log HTTP/1.1" 200 16
172.16.3.5 - - [30/Jan/2026:17:38:29 +0100] "GET /rhn/ssm/index.do HTTP/1.1" 200 44676
172.16.3.5 - - [30/Jan/2026:17:38:30 +0100] "POST /rhn/manager/frontend-log HTTP/1.1" 200 16
127.0.0.1 - - [30/Jan/2026:17:38:30 +0100] "GET /rhn/websocket/notifications HTTP/1.1" 101 -
172.16.3.5 - - [30/Jan/2026:17:38:30 +0100] "GET /rhn/systems/ssm/provisioning/PowerManagementConfiguration.do HTTP/1.1" 200 42864
127.0.0.1 - - [30/Jan/2026:17:38:30 +0100] "GET /rhn/websocket/notifications HTTP/1.1" 101 -
172.16.3.5 - - [30/Jan/2026:17:38:30 +0100] "POST /rhn/manager/frontend-log HTTP/1.1" 200 16
172.16.3.5 - - [30/Jan/2026:17:38:31 +0100] "POST /rhn/systems/ssm/provisioning/PowerManagementConfiguration.do HTTP/1.1" 200 42973
172.16.3.5 - - [30/Jan/2026:17:38:31 +0100] "POST /rhn/manager/frontend-log HTTP/1.1" 200 16
127.0.0.1 - - [30/Jan/2026:17:38:31 +0100] "GET /rhn/websocket/notifications HTTP/1.1" 101 -
172.16.3.5 - - [30/Jan/2026:17:38:31 +0100] "POST /rhn/manager/frontend-log HTTP/1.1" 200 16
127.0.0.1 - - [30/Jan/2026:17:38:31 +0100] "GET /rhn/websocket/notifications HTTP/1.1" 101 -
172.16.3.5 - - [30/Jan/2026:17:38:37 +0100] "GET /rhn/ssm/index.do HTTP/1.1" 200 44676
172.16.3.5 - - [30/Jan/2026:17:38:37 +0100] "POST /rhn/manager/frontend-log HTTP/1.1" 200 16
127.0.0.1 - - [30/Jan/2026:17:38:37 +0100] "GET /rhn/websocket/notifications HTTP/1.1" 101 -
172.16.3.5 - - [30/Jan/2026:17:38:38 +0100] "GET /rhn/systems/ssm/provisioning/PowerManagementOperations.do HTTP/1.1" 200 40259
172.16.3.5 - - [30/Jan/2026:17:38:38 +0100] "POST /rhn/manager/frontend-log HTTP/1.1" 200 16
127.0.0.1 - - [30/Jan/2026:17:38:38 +0100] "GET /rhn/websocket/notifications HTTP/1.1" 101 -
172.16.3.5 - - [30/Jan/2026:17:38:38 +0100] "POST /rhn/manager/api/auth/login HTTP/1.1" 200 16
172.16.3.5 - - [30/Jan/2026:17:38:38 +0100] "POST /rhn/manager/api/system/searchByName HTTP/1.1" 200 163
172.16.3.5 - - [30/Jan/2026:17:38:38 +0100] "GET /rhn/manager/api/auth/logout HTTP/1.1" 200 16
172.16.3.5 - - [30/Jan/2026:17:38:38 +0100] "POST /rhn/manager/api/auth/login HTTP/1.1" 200 16
172.16.3.5 - - [30/Jan/2026:17:38:38 +0100] "POST /rhn/manager/api/system/provisioning/powermanagement/setDetails HTTP/1.1" 200 27
172.16.3.5 - - [30/Jan/2026:17:38:38 +0100] "GET /rhn/manager/api/auth/logout HTTP/1.1" 200 16
172.16.3.5 - - [30/Jan/2026:17:38:39 +0100] "POST /rhn/manager/api/auth/login HTTP/1.1" 200 16
172.16.3.5 - - [30/Jan/2026:17:38:39 +0100] "POST /rhn/manager/api/system/provisioning/powermanagement/setDetails HTTP/1.1" 200 27
172.16.3.5 - - [30/Jan/2026:17:38:39 +0100] "GET /rhn/manager/api/auth/logout HTTP/1.1" 200 16
172.16.3.5 - - [30/Jan/2026:17:38:39 +0100] "POST /rhn/manager/api/auth/login HTTP/1.1" 200 16
172.16.3.5 - - [30/Jan/2026:17:38:39 +0100] "POST /rhn/manager/api/system/provisioning/powermanagement/setDetails HTTP/1.1" 200 27
172.16.3.5 - - [30/Jan/2026:17:38:39 +0100] "GET /rhn/manager/api/auth/logout HTTP/1.1" 200 16
172.16.3.5 - - [30/Jan/2026:17:38:45 +0100] "POST /rhn/manager/api/sets/system_list/clear HTTP/1.1" 200 1
172.16.3.5 - - [30/Jan/2026:17:38:50 +0100] "POST /rhn/manager/api/auth/login HTTP/1.1" 200 16
172.16.3.5 - - [30/Jan/2026:17:38:50 +0100] "GET /rhn/manager/api/user/listUsers HTTP/1.1" 200 1316
172.16.3.5 - - [30/Jan/2026:17:38:50 +0100] "GET /rhn/manager/api/auth/logout HTTP/1.1" 200 16
172.16.3.5 - - [30/Jan/2026:17:38:50 +0100] "POST /rhn/manager/api/auth/login HTTP/1.1" 200 16
172.16.3.5 - - [30/Jan/2026:17:38:50 +0100] "POST /rhn/manager/api/user/create HTTP/1.1" 200 27
172.16.3.5 - - [30/Jan/2026:17:38:51 +0100] "GET /rhn/manager/api/auth/logout HTTP/1.1" 200 16
172.16.3.5 - - [30/Jan/2026:17:38:51 +0100] "POST /rhn/manager/api/auth/login HTTP/1.1" 200 16
172.16.3.5 - - [30/Jan/2026:17:38:51 +0100] "POST /rhn/manager/api/user/addRole HTTP/1.1" 200 27
172.16.3.5 - - [30/Jan/2026:17:38:51 +0100] "GET /rhn/manager/api/auth/logout HTTP/1.1" 200 16
172.16.3.5 - - [30/Jan/2026:17:38:51 +0100] "POST /rhn/manager/api/auth/login HTTP/1.1" 200 16
172.16.3.5 - - [30/Jan/2026:17:38:51 +0100] "POST /rhn/manager/api/user/addRole HTTP/1.1" 200 27
172.16.3.5 - - [30/Jan/2026:17:38:51 +0100] "GET /rhn/manager/api/auth/logout HTTP/1.1" 200 16
172.16.3.5 - - [30/Jan/2026:17:38:51 +0100] "POST /rhn/manager/api/auth/login HTTP/1.1" 200 16
172.16.3.5 - - [30/Jan/2026:17:38:51 +0100] "POST /rhn/manager/api/user/addRole HTTP/1.1" 200 27
172.16.3.5 - - [30/Jan/2026:17:38:51 +0100] "GET /rhn/manager/api/auth/logout HTTP/1.1" 200 16
172.16.3.5 - - [30/Jan/2026:17:38:52 +0100] "POST /rhn/manager/api/auth/login HTTP/1.1" 200 16
172.16.3.5 - - [30/Jan/2026:17:38:52 +0100] "POST /rhn/manager/api/user/addRole HTTP/1.1" 200 27
172.16.3.5 - - [30/Jan/2026:17:38:52 +0100] "GET /rhn/manager/api/auth/logout HTTP/1.1" 200 16
172.16.3.5 - - [30/Jan/2026:17:38:52 +0100] "POST /rhn/manager/api/auth/login HTTP/1.1" 200 16
172.16.3.5 - - [30/Jan/2026:17:38:52 +0100] "POST /rhn/manager/api/user/addRole HTTP/1.1" 200 27
172.16.3.5 - - [30/Jan/2026:17:38:52 +0100] "GET /rhn/manager/api/auth/logout HTTP/1.1" 200 16
172.16.3.5 - - [30/Jan/2026:17:38:52 +0100] "POST /rhn/manager/api/auth/login HTTP/1.1" 200 16
172.16.3.5 - - [30/Jan/2026:17:38:52 +0100] "POST /rhn/manager/api/user/addRole HTTP/1.1" 200 27
172.16.3.5 - - [30/Jan/2026:17:38:52 +0100] "GET /rhn/manager/api/auth/logout HTTP/1.1" 200 16
172.16.3.5 - - [30/Jan/2026:17:38:53 +0100] "POST /rhn/manager/api/auth/login HTTP/1.1" 200 16
172.16.3.5 - - [30/Jan/2026:17:38:53 +0100] "POST /rhn/manager/api/system/searchByName HTTP/1.1" 200 163
172.16.3.5 - - [30/Jan/2026:17:38:53 +0100] "GET /rhn/manager/api/auth/logout HTTP/1.1" 200 16
172.16.3.5 - - [30/Jan/2026:17:38:54 +0100] "POST /rhn/manager/api/auth/login HTTP/1.1" 200 16
::1 - - [30/Jan/2026:17:38:54 +0100] "POST /rhn/rpc/api HTTP/1.1" 200 128
172.16.3.5 - - [30/Jan/2026:17:38:54 +0100] "GET /rhn/manager/api/system/provisioning/powermanagement/getDetails?sid=1000010004 HTTP/1.1" 200 118
172.16.3.5 - - [30/Jan/2026:17:38:54 +0100] "GET /rhn/manager/api/auth/logout HTTP/1.1" 200 16
172.16.3.5 - - [30/Jan/2026:17:38:54 +0100] "POST /rhn/manager/api/auth/login HTTP/1.1" 200 16
172.16.3.5 - - [30/Jan/2026:17:38:54 +0100] "POST /rhn/manager/api/system/provisioning/powermanagement/setDetails HTTP/1.1" 200 27
172.16.3.5 - - [30/Jan/2026:17:38:54 +0100] "GET /rhn/manager/api/auth/logout HTTP/1.1" 200 16
172.16.3.5 - - [30/Jan/2026:17:38:54 +0100] "POST /rhn/manager/api/auth/login HTTP/1.1" 200 16
172.16.3.5 - - [30/Jan/2026:17:38:54 +0100] "POST /rhn/manager/api/system/provisioning/powermanagement/setDetails HTTP/1.1" 200 27
172.16.3.5 - - [30/Jan/2026:17:38:55 +0100] "GET /rhn/manager/api/auth/logout HTTP/1.1" 200 16
172.16.3.5 - - [30/Jan/2026:17:38:55 +0100] "POST /rhn/manager/api/auth/login HTTP/1.1" 200 16
172.16.3.5 - - [30/Jan/2026:17:38:55 +0100] "POST /rhn/manager/api/system/provisioning/powermanagement/setDetails HTTP/1.1" 200 27
172.16.3.5 - - [30/Jan/2026:17:38:55 +0100] "GET /rhn/manager/api/auth/logout HTTP/1.1" 200 16
172.16.3.5 - - [30/Jan/2026:17:38:55 +0100] "POST /rhn/manager/api/auth/login HTTP/1.1" 200 16
::1 - - [30/Jan/2026:17:38:55 +0100] "GET /rhn/manager/login HTTP/1.1" 302 -
172.16.3.5 - - [30/Jan/2026:17:38:55 +0100] "POST /rhn/manager/api/system/provisioning/powermanagement/setDetails HTTP/1.1" 200 27
172.16.3.5 - - [30/Jan/2026:17:38:55 +0100] "GET /rhn/manager/api/auth/logout HTTP/1.1" 200 16
172.16.3.5 - - [30/Jan/2026:17:39:01 +0100] "POST /rhn/manager/api/auth/login HTTP/1.1" 200 16
172.16.3.5 - - [30/Jan/2026:17:39:03 +0100] "POST /rhn/manager/api/system/provisioning/powermanagement/powerOn HTTP/1.1" 200 27
172.16.3.5 - - [30/Jan/2026:17:39:03 +0100] "GET /rhn/manager/api/auth/logout HTTP/1.1" 200 16
172.16.3.5 - - [30/Jan/2026:17:39:03 +0100] "POST /rhn/manager/api/auth/login HTTP/1.1" 200 16
172.16.3.5 - - [30/Jan/2026:17:39:04 +0100] "GET /rhn/manager/api/system/provisioning/powermanagement/getStatus?sid=1000010004 HTTP/1.1" 200 30
172.16.3.5 - - [30/Jan/2026:17:39:04 +0100] "GET /rhn/manager/api/auth/logout HTTP/1.1" 200 16
172.16.3.5 - - [30/Jan/2026:17:39:04 +0100] "POST /rhn/manager/api/auth/login HTTP/1.1" 200 16
172.16.3.5 - - [30/Jan/2026:17:39:06 +0100] "POST /rhn/manager/api/system/provisioning/powermanagement/powerOff HTTP/1.1" 200 27
172.16.3.5 - - [30/Jan/2026:17:39:06 +0100] "GET /rhn/manager/api/auth/logout HTTP/1.1" 200 16
172.16.3.5 - - [30/Jan/2026:17:39:06 +0100] "POST /rhn/manager/api/auth/login HTTP/1.1" 200 16
172.16.3.5 - - [30/Jan/2026:17:39:07 +0100] "GET /rhn/manager/api/system/provisioning/powermanagement/getStatus?sid=1000010004 HTTP/1.1" 200 31
172.16.3.5 - - [30/Jan/2026:17:39:07 +0100] "GET /rhn/manager/api/auth/logout HTTP/1.1" 200 16
172.16.3.5 - - [30/Jan/2026:17:39:07 +0100] "POST /rhn/manager/api/auth/login HTTP/1.1" 200 16
172.16.3.5 - - [30/Jan/2026:17:39:15 +0100] "POST /rhn/manager/api/system/provisioning/powermanagement/reboot HTTP/1.1" 200 27
172.16.3.5 - - [30/Jan/2026:17:39:15 +0100] "GET /rhn/manager/api/auth/logout HTTP/1.1" 200 16
172.16.3.5 - - [30/Jan/2026:17:39:15 +0100] "POST /rhn/manager/api/auth/login HTTP/1.1" 200 16
172.16.3.5 - - [30/Jan/2026:17:39:15 +0100] "GET /rhn/manager/api/system/provisioning/powermanagement/getStatus?sid=1000010004 HTTP/1.1" 200 30
172.16.3.5 - - [30/Jan/2026:17:39:15 +0100] "GET /rhn/manager/api/auth/logout HTTP/1.1" 200 16
172.16.3.5 - - [30/Jan/2026:17:39:15 +0100] "POST /rhn/manager/api/auth/login HTTP/1.1" 200 16
172.16.3.5 - - [30/Jan/2026:17:39:15 +0100] "POST /rhn/manager/api/system/provisioning/powermanagement/setDetails HTTP/1.1" 200 27
172.16.3.5 - - [30/Jan/2026:17:39:15 +0100] "GET /rhn/manager/api/auth/logout HTTP/1.1" 200 16
172.16.3.5 - - [30/Jan/2026:17:39:16 +0100] "POST /rhn/manager/api/auth/login HTTP/1.1" 200 16
172.16.3.5 - - [30/Jan/2026:17:39:16 +0100] "POST /rhn/manager/api/system/provisioning/powermanagement/setDetails HTTP/1.1" 200 27
172.16.3.5 - - [30/Jan/2026:17:39:16 +0100] "GET /rhn/manager/api/auth/logout HTTP/1.1" 200 16
172.16.3.5 - - [30/Jan/2026:17:39:16 +0100] "POST /rhn/manager/api/auth/login HTTP/1.1" 200 16
172.16.3.5 - - [30/Jan/2026:17:39:16 +0100] "POST /rhn/manager/api/system/provisioning/powermanagement/setDetails HTTP/1.1" 200 27
172.16.3.5 - - [30/Jan/2026:17:39:16 +0100] "GET /rhn/manager/api/auth/logout HTTP/1.1" 200 16
172.16.3.5 - - [30/Jan/2026:17:39:23 +0100] "POST /rhn/manager/api/auth/login HTTP/1.1" 200 16
172.16.3.5 - - [30/Jan/2026:17:39:23 +0100] "GET /rhn/manager/api/user/listUsers HTTP/1.1" 200 1414
172.16.3.5 - - [30/Jan/2026:17:39:23 +0100] "GET /rhn/manager/api/auth/logout HTTP/1.1" 200 16
172.16.3.5 - - [30/Jan/2026:17:39:23 +0100] "POST /rhn/manager/api/auth/login HTTP/1.1" 200 16
172.16.3.5 - - [30/Jan/2026:17:39:23 +0100] "POST /rhn/manager/api/user/create HTTP/1.1" 200 27
172.16.3.5 - - [30/Jan/2026:17:39:23 +0100] "GET /rhn/manager/api/auth/logout HTTP/1.1" 200 16
172.16.3.5 - - [30/Jan/2026:17:39:23 +0100] "POST /rhn/manager/api/auth/login HTTP/1.1" 200 16
172.16.3.5 - - [30/Jan/2026:17:39:23 +0100] "POST /rhn/manager/api/user/addRole HTTP/1.1" 200 27
172.16.3.5 - - [30/Jan/2026:17:39:23 +0100] "GET /rhn/manager/api/auth/logout HTTP/1.1" 200 16
172.16.3.5 - - [30/Jan/2026:17:39:23 +0100] "POST /rhn/manager/api/auth/login HTTP/1.1" 200 16
172.16.3.5 - - [30/Jan/2026:17:39:24 +0100] "POST /rhn/manager/api/user/addRole HTTP/1.1" 200 27
172.16.3.5 - - [30/Jan/2026:17:39:24 +0100] "GET /rhn/manager/api/auth/logout HTTP/1.1" 200 16
