127.0.0.1 - - [30/Jan/2026:17:32:19 +0100] "GET /rhn/websocket/notifications HTTP/1.1" 101 -
172.16.3.5 - - [30/Jan/2026:17:32:19 +0100] "POST /rhn/manager/frontend-log HTTP/1.1" 200 16
172.16.3.5 - - [30/Jan/2026:17:32:19 +0100] "GET /rhn/systems/details/history/Pending.do?sid=1000010002& HTTP/1.1" 200 40624
172.16.3.7 - - [30/Jan/2026:17:32:19 +0100] "HEAD /rhn/manager/download/sle-module-python3-15-sp7-pool-x86_64/getPackage/NULL/41088f393ce29becdfb2ec9a920f1293ed386c1bf6d517d01516d328e42f06e2/sle-module-python3-release-15.7-150700.28.1.x86_64.rpm?eyJhbGciOiJIUzI1NiJ9.eyJqdGkiOiJxM21sWWpJc3NVNnQ4M2h6RkRQT3V3IiwiZXhwIjoxODAxMzI2NzE5LCJpYXQiOjE3Njk3OTA3MTksIm5iZiI6MTc2OTc5MDU5OSwib3JnIjoxLCJvbmx5Q2hhbm5lbHMiOlsic2xlLW1vZHVsZS1weXRob24zLTE1LXNwNy1wb29sLXg4Nl82NCJdfQ.3vX7mQ9Booz7OS3UHgnjLmHlCJxm5scMBUoSjlQnEao HTTP/1.1" 200 -
172.16.3.5 - - [30/Jan/2026:17:32:19 +0100] "POST /rhn/manager/api/sets/system_list HTTP/1.1" 200 1
172.16.3.7 - - [30/Jan/2026:17:32:19 +0100] "GET /rhn/manager/download/sle-module-python3-15-sp7-pool-x86_64/getPackage/NULL/41088f393ce29becdfb2ec9a920f1293ed386c1bf6d517d01516d328e42f06e2/sle-module-python3-release-15.7-150700.28.1.x86_64.rpm?eyJhbGciOiJIUzI1NiJ9.eyJqdGkiOiJxM21sWWpJc3NVNnQ4M2h6RkRQT3V3IiwiZXhwIjoxODAxMzI2NzE5LCJpYXQiOjE3Njk3OTA3MTksIm5iZiI6MTc2OTc5MDU5OSwib3JnIjoxLCJvbmx5Q2hhbm5lbHMiOlsic2xlLW1vZHVsZS1weXRob24zLTE1LXNwNy1wb29sLXg4Nl82NCJdfQ.3vX7mQ9Booz7OS3UHgnjLmHlCJxm5scMBUoSjlQnEao HTTP/1.1" 200 3664
172.16.3.5 - - [30/Jan/2026:17:32:19 +0100] "POST /rhn/manager/frontend-log HTTP/1.1" 200 16
127.0.0.1 - - [30/Jan/2026:17:32:19 +0100] "GET /rhn/websocket/notifications HTTP/1.1" 101 -
172.16.3.7 - - [30/Jan/2026:17:32:20 +0100] "HEAD /rhn/manager/download/sle-module-systems-management-15-sp7-pool-x86_64/getPackage/NULL/74f499e46e243e03e2c42b455cca5a269464b6d16d2536b941040c85497644fd/sle-module-systems-management-release-15.7-150700.28.1.x86_64.rpm?eyJhbGciOiJIUzI1NiJ9.eyJqdGkiOiJIb1B3Y2gyU2d1bThhaF9OWDZvVG5BIiwiZXhwIjoxODAxMzI2NzE5LCJpYXQiOjE3Njk3OTA3MTksIm5iZiI6MTc2OTc5MDU5OSwib3JnIjoxLCJvbmx5Q2hhbm5lbHMiOlsic2xlLW1vZHVsZS1zeXN0ZW1zLW1hbmFnZW1lbnQtMTUtc3A3LXBvb2wteDg2XzY0Il19.IeMqYIKFyxlNLMa4b0hBfFxAd1xOBoZJW6PT1Kdhk1A HTTP/1.1" 200 -
172.16.3.5 - - [30/Jan/2026:17:32:20 +0100] "GET /rhn/systems/details/history/Pending.do?sid=1000010001& HTTP/1.1" 200 40615
172.16.3.7 - - [30/Jan/2026:17:32:20 +0100] "GET /rhn/manager/download/sle-module-systems-management-15-sp7-pool-x86_64/getPackage/NULL/74f499e46e243e03e2c42b455cca5a269464b6d16d2536b941040c85497644fd/sle-module-systems-management-release-15.7-150700.28.1.x86_64.rpm?eyJhbGciOiJIUzI1NiJ9.eyJqdGkiOiJIb1B3Y2gyU2d1bThhaF9OWDZvVG5BIiwiZXhwIjoxODAxMzI2NzE5LCJpYXQiOjE3Njk3OTA3MTksIm5iZiI6MTc2OTc5MDU5OSwib3JnIjoxLCJvbmx5Q2hhbm5lbHMiOlsic2xlLW1vZHVsZS1zeXN0ZW1zLW1hbmFnZW1lbnQtMTUtc3A3LXBvb2wteDg2XzY0Il19.IeMqYIKFyxlNLMa4b0hBfFxAd1xOBoZJW6PT1Kdhk1A HTTP/1.1" 200 3664
127.0.0.1 - - [30/Jan/2026:17:32:20 +0100] "GET /rhn/websocket/notifications HTTP/1.1" 101 -
172.16.3.5 - - [30/Jan/2026:17:32:20 +0100] "POST /rhn/manager/frontend-log HTTP/1.1" 200 16
172.16.3.5 - - [30/Jan/2026:17:32:20 +0100] "GET /rhn/systems/details/history/Pending.do?sid=1000010002& HTTP/1.1" 200 40624
127.0.0.1 - - [30/Jan/2026:17:32:20 +0100] "GET /rhn/websocket/notifications HTTP/1.1" 101 -
172.16.3.5 - - [30/Jan/2026:17:32:20 +0100] "POST /rhn/manager/frontend-log HTTP/1.1" 200 16
172.16.3.5 - - [30/Jan/2026:17:32:20 +0100] "GET /rhn/systems/details/history/History.do?sid=1000010002& HTTP/1.1" 200 42935
172.16.3.7 - - [30/Jan/2026:17:32:20 +0100] "HEAD /rhn/manager/download/sle-module-basesystem15-sp7-updates-x86_64/repodata/repomd.xml?eyJhbGciOiJIUzI1NiJ9.eyJqdGkiOiI5RTFUR21ld25wOGVmYnE4cUg5OGN3IiwiZXhwIjoxODAxMzI2NzE5LCJpYXQiOjE3Njk3OTA3MTksIm5iZiI6MTc2OTc5MDU5OSwib3JnIjoxLCJvbmx5Q2hhbm5lbHMiOlsic2xlLW1vZHVsZS1iYXNlc3lzdGVtMTUtc3A3LXVwZGF0ZXMteDg2XzY0Il19.WwImMUbye0KFhpwR34jJ1ws4FJCswoM0N-maDdr2wHU HTTP/1.1" 200 -
172.16.3.7 - - [30/Jan/2026:17:32:21 +0100] "HEAD /rhn/manager/download/sle-module-basesystem15-sp7-updates-x86_64/media.1/media?eyJhbGciOiJIUzI1NiJ9.eyJqdGkiOiI5RTFUR21ld25wOGVmYnE4cUg5OGN3IiwiZXhwIjoxODAxMzI2NzE5LCJpYXQiOjE3Njk3OTA3MTksIm5iZiI6MTc2OTc5MDU5OSwib3JnIjoxLCJvbmx5Q2hhbm5lbHMiOlsic2xlLW1vZHVsZS1iYXNlc3lzdGVtMTUtc3A3LXVwZGF0ZXMteDg2XzY0Il19.WwImMUbye0KFhpwR34jJ1ws4FJCswoM0N-maDdr2wHU HTTP/1.1" 404 -
172.16.3.7 - - [30/Jan/2026:17:32:21 +0100] "HEAD /rhn/manager/download/sle-module-basesystem15-sp7-updates-x86_64/repodata/repomd.xml?eyJhbGciOiJIUzI1NiJ9.eyJqdGkiOiI5RTFUR21ld25wOGVmYnE4cUg5OGN3IiwiZXhwIjoxODAxMzI2NzE5LCJpYXQiOjE3Njk3OTA3MTksIm5iZiI6MTc2OTc5MDU5OSwib3JnIjoxLCJvbmx5Q2hhbm5lbHMiOlsic2xlLW1vZHVsZS1iYXNlc3lzdGVtMTUtc3A3LXVwZGF0ZXMteDg2XzY0Il19.WwImMUbye0KFhpwR34jJ1ws4FJCswoM0N-maDdr2wHU HTTP/1.1" 200 -
172.16.3.7 - - [30/Jan/2026:17:32:21 +0100] "GET /rhn/manager/download/sle-module-basesystem15-sp7-updates-x86_64/repodata/repomd.xml?eyJhbGciOiJIUzI1NiJ9.eyJqdGkiOiI5RTFUR21ld25wOGVmYnE4cUg5OGN3IiwiZXhwIjoxODAxMzI2NzE5LCJpYXQiOjE3Njk3OTA3MTksIm5iZiI6MTc2OTc5MDU5OSwib3JnIjoxLCJvbmx5Q2hhbm5lbHMiOlsic2xlLW1vZHVsZS1iYXNlc3lzdGVtMTUtc3A3LXVwZGF0ZXMteDg2XzY0Il19.WwImMUbye0KFhpwR34jJ1ws4FJCswoM0N-maDdr2wHU HTTP/1.1" 200 3664
172.16.3.7 - - [30/Jan/2026:17:32:21 +0100] "HEAD /rhn/manager/download/sle-module-basesystem15-sp7-updates-x86_64/repodata/repomd.xml.asc?eyJhbGciOiJIUzI1NiJ9.eyJqdGkiOiI5RTFUR21ld25wOGVmYnE4cUg5OGN3IiwiZXhwIjoxODAxMzI2NzE5LCJpYXQiOjE3Njk3OTA3MTksIm5iZiI6MTc2OTc5MDU5OSwib3JnIjoxLCJvbmx5Q2hhbm5lbHMiOlsic2xlLW1vZHVsZS1iYXNlc3lzdGVtMTUtc3A3LXVwZGF0ZXMteDg2XzY0Il19.WwImMUbye0KFhpwR34jJ1ws4FJCswoM0N-maDdr2wHU HTTP/1.1" 404 -
172.16.3.7 - - [30/Jan/2026:17:32:21 +0100] "HEAD /rhn/manager/download/sle-module-basesystem15-sp7-updates-x86_64/repodata/2892c008cce10137a280235e9bcccc50f967373c97670634a6f70f3cae1e4bc5-primary.xml.gz?eyJhbGciOiJIUzI1NiJ9.eyJqdGkiOiI5RTFUR21ld25wOGVmYnE4cUg5OGN3IiwiZXhwIjoxODAxMzI2NzE5LCJpYXQiOjE3Njk3OTA3MTksIm5iZiI6MTc2OTc5MDU5OSwib3JnIjoxLCJvbmx5Q2hhbm5lbHMiOlsic2xlLW1vZHVsZS1iYXNlc3lzdGVtMTUtc3A3LXVwZGF0ZXMteDg2XzY0Il19.WwImMUbye0KFhpwR34jJ1ws4FJCswoM0N-maDdr2wHU HTTP/1.1" 200 -
127.0.0.1 - - [30/Jan/2026:17:32:21 +0100] "GET /rhn/websocket/notifications HTTP/1.1" 101 -
172.16.3.5 - - [30/Jan/2026:17:32:21 +0100] "POST /rhn/manager/frontend-log HTTP/1.1" 200 16
172.16.3.7 - - [30/Jan/2026:17:32:21 +0100] "GET /rhn/manager/download/sle-module-basesystem15-sp7-updates-x86_64/repodata/2892c008cce10137a280235e9bcccc50f967373c97670634a6f70f3cae1e4bc5-primary.xml.gz?eyJhbGciOiJIUzI1NiJ9.eyJqdGkiOiI5RTFUR21ld25wOGVmYnE4cUg5OGN3IiwiZXhwIjoxODAxMzI2NzE5LCJpYXQiOjE3Njk3OTA3MTksIm5iZiI6MTc2OTc5MDU5OSwib3JnIjoxLCJvbmx5Q2hhbm5lbHMiOlsic2xlLW1vZHVsZS1iYXNlc3lzdGVtMTUtc3A3LXVwZGF0ZXMteDg2XzY0Il19.WwImMUbye0KFhpwR34jJ1ws4FJCswoM0N-maDdr2wHU HTTP/1.1" 200 3664
172.16.3.7 - - [30/Jan/2026:17:32:21 +0100] "HEAD /rhn/manager/download/sle-module-basesystem15-sp7-updates-x86_64/repodata/868f771cbd698157e7de6fc7fc630b09ab55f8678e39964c4fa5381a61070316-susedata.xml.gz?eyJhbGciOiJIUzI1NiJ9.eyJqdGkiOiI5RTFUR21ld25wOGVmYnE4cUg5OGN3IiwiZXhwIjoxODAxMzI2NzE5LCJpYXQiOjE3Njk3OTA3MTksIm5iZiI6MTc2OTc5MDU5OSwib3JnIjoxLCJvbmx5Q2hhbm5lbHMiOlsic2xlLW1vZHVsZS1iYXNlc3lzdGVtMTUtc3A3LXVwZGF0ZXMteDg2XzY0Il19.WwImMUbye0KFhpwR34jJ1ws4FJCswoM0N-maDdr2wHU HTTP/1.1" 200 -
172.16.3.7 - - [30/Jan/2026:17:32:21 +0100] "GET /rhn/manager/download/sle-module-basesystem15-sp7-updates-x86_64/repodata/868f771cbd698157e7de6fc7fc630b09ab55f8678e39964c4fa5381a61070316-susedata.xml.gz?eyJhbGciOiJIUzI1NiJ9.eyJqdGkiOiI5RTFUR21ld25wOGVmYnE4cUg5OGN3IiwiZXhwIjoxODAxMzI2NzE5LCJpYXQiOjE3Njk3OTA3MTksIm5iZiI6MTc2OTc5MDU5OSwib3JnIjoxLCJvbmx5Q2hhbm5lbHMiOlsic2xlLW1vZHVsZS1iYXNlc3lzdGVtMTUtc3A3LXVwZGF0ZXMteDg2XzY0Il19.WwImMUbye0KFhpwR34jJ1ws4FJCswoM0N-maDdr2wHU HTTP/1.1" 200 3663
172.16.3.7 - - [30/Jan/2026:17:32:21 +0100] "HEAD /rhn/manager/download/sle-module-basesystem15-sp7-updates-x86_64/repodata/1b21b1cefaf3e35f7be632cd26a984fb00bbf15a440904a01d564eb3375fa9c9-updateinfo.xml.gz?eyJhbGciOiJIUzI1NiJ9.eyJqdGkiOiI5RTFUR21ld25wOGVmYnE4cUg5OGN3IiwiZXhwIjoxODAxMzI2NzE5LCJpYXQiOjE3Njk3OTA3MTksIm5iZiI6MTc2OTc5MDU5OSwib3JnIjoxLCJvbmx5Q2hhbm5lbHMiOlsic2xlLW1vZHVsZS1iYXNlc3lzdGVtMTUtc3A3LXVwZGF0ZXMteDg2XzY0Il19.WwImMUbye0KFhpwR34jJ1ws4FJCswoM0N-maDdr2wHU HTTP/1.1" 200 -
172.16.3.7 - - [30/Jan/2026:17:32:21 +0100] "GET /rhn/manager/download/sle-module-basesystem15-sp7-updates-x86_64/repodata/1b21b1cefaf3e35f7be632cd26a984fb00bbf15a440904a01d564eb3375fa9c9-updateinfo.xml.gz?eyJhbGciOiJIUzI1NiJ9.eyJqdGkiOiI5RTFUR21ld25wOGVmYnE4cUg5OGN3IiwiZXhwIjoxODAxMzI2NzE5LCJpYXQiOjE3Njk3OTA3MTksIm5iZiI6MTc2OTc5MDU5OSwib3JnIjoxLCJvbmx5Q2hhbm5lbHMiOlsic2xlLW1vZHVsZS1iYXNlc3lzdGVtMTUtc3A3LXVwZGF0ZXMteDg2XzY0Il19.WwImMUbye0KFhpwR34jJ1ws4FJCswoM0N-maDdr2wHU HTTP/1.1" 200 3664
172.16.3.5 - - [30/Jan/2026:17:32:21 +0100] "GET /rhn/systems/details/history/Event.do?sid=1000010002&aid=11 HTTP/1.1" 200 46197
127.0.0.1 - - [30/Jan/2026:17:32:21 +0100] "GET /rhn/websocket/notifications HTTP/1.1" 101 -
172.16.3.5 - - [30/Jan/2026:17:32:21 +0100] "POST /rhn/manager/frontend-log HTTP/1.1" 200 16
172.16.3.5 - - [30/Jan/2026:17:32:22 +0100] "GET /rhn/systems/details/history/Pending.do?sid=1000010002& HTTP/1.1" 200 40624
127.0.0.1 - - [30/Jan/2026:17:32:22 +0100] "GET /rhn/websocket/notifications HTTP/1.1" 101 -
172.16.3.5 - - [30/Jan/2026:17:32:22 +0100] "POST /rhn/manager/frontend-log HTTP/1.1" 200 16
172.16.3.7 - - [30/Jan/2026:17:32:22 +0100] "HEAD /rhn/manager/download/sle-module-desktop-applications15-sp7-updates-x86_64/repodata/repomd.xml?eyJhbGciOiJIUzI1NiJ9.eyJqdGkiOiJiMHhSYXg3UTFWUXVtc3hzVGdlZGZnIiwiZXhwIjoxODAxMzI2NzE5LCJpYXQiOjE3Njk3OTA3MTksIm5iZiI6MTc2OTc5MDU5OSwib3JnIjoxLCJvbmx5Q2hhbm5lbHMiOlsic2xlLW1vZHVsZS1kZXNrdG9wLWFwcGxpY2F0aW9uczE1LXNwNy11cGRhdGVzLXg4Nl82NCJdfQ.lA9lVezWn_YLFIG_yrQQZmMo8Tuao9ECATwDLOlvzf0 HTTP/1.1" 200 -
172.16.3.7 - - [30/Jan/2026:17:32:22 +0100] "HEAD /rhn/manager/download/sle-module-desktop-applications15-sp7-updates-x86_64/media.1/media?eyJhbGciOiJIUzI1NiJ9.eyJqdGkiOiJiMHhSYXg3UTFWUXVtc3hzVGdlZGZnIiwiZXhwIjoxODAxMzI2NzE5LCJpYXQiOjE3Njk3OTA3MTksIm5iZiI6MTc2OTc5MDU5OSwib3JnIjoxLCJvbmx5Q2hhbm5lbHMiOlsic2xlLW1vZHVsZS1kZXNrdG9wLWFwcGxpY2F0aW9uczE1LXNwNy11cGRhdGVzLXg4Nl82NCJdfQ.lA9lVezWn_YLFIG_yrQQZmMo8Tuao9ECATwDLOlvzf0 HTTP/1.1" 404 -
172.16.3.7 - - [30/Jan/2026:17:32:22 +0100] "HEAD /rhn/manager/download/sle-module-desktop-applications15-sp7-updates-x86_64/repodata/repomd.xml?eyJhbGciOiJIUzI1NiJ9.eyJqdGkiOiJiMHhSYXg3UTFWUXVtc3hzVGdlZGZnIiwiZXhwIjoxODAxMzI2NzE5LCJpYXQiOjE3Njk3OTA3MTksIm5iZiI6MTc2OTc5MDU5OSwib3JnIjoxLCJvbmx5Q2hhbm5lbHMiOlsic2xlLW1vZHVsZS1kZXNrdG9wLWFwcGxpY2F0aW9uczE1LXNwNy11cGRhdGVzLXg4Nl82NCJdfQ.lA9lVezWn_YLFIG_yrQQZmMo8Tuao9ECATwDLOlvzf0 HTTP/1.1" 200 -
172.16.3.7 - - [30/Jan/2026:17:32:22 +0100] "GET /rhn/manager/download/sle-module-desktop-applications15-sp7-updates-x86_64/repodata/repomd.xml?eyJhbGciOiJIUzI1NiJ9.eyJqdGkiOiJiMHhSYXg3UTFWUXVtc3hzVGdlZGZnIiwiZXhwIjoxODAxMzI2NzE5LCJpYXQiOjE3Njk3OTA3MTksIm5iZiI6MTc2OTc5MDU5OSwib3JnIjoxLCJvbmx5Q2hhbm5lbHMiOlsic2xlLW1vZHVsZS1kZXNrdG9wLWFwcGxpY2F0aW9uczE1LXNwNy11cGRhdGVzLXg4Nl82NCJdfQ.lA9lVezWn_YLFIG_yrQQZmMo8Tuao9ECATwDLOlvzf0 HTTP/1.1" 200 3664
172.16.3.7 - - [30/Jan/2026:17:32:22 +0100] "HEAD /rhn/manager/download/sle-module-desktop-applications15-sp7-updates-x86_64/repodata/repomd.xml.asc?eyJhbGciOiJIUzI1NiJ9.eyJqdGkiOiJiMHhSYXg3UTFWUXVtc3hzVGdlZGZnIiwiZXhwIjoxODAxMzI2NzE5LCJpYXQiOjE3Njk3OTA3MTksIm5iZiI6MTc2OTc5MDU5OSwib3JnIjoxLCJvbmx5Q2hhbm5lbHMiOlsic2xlLW1vZHVsZS1kZXNrdG9wLWFwcGxpY2F0aW9uczE1LXNwNy11cGRhdGVzLXg4Nl82NCJdfQ.lA9lVezWn_YLFIG_yrQQZmMo8Tuao9ECATwDLOlvzf0 HTTP/1.1" 404 -
172.16.3.5 - - [30/Jan/2026:17:32:22 +0100] "GET /rhn/systems/details/history/Pending.do?sid=1000010002& HTTP/1.1" 200 40624
172.16.3.7 - - [30/Jan/2026:17:32:22 +0100] "HEAD /rhn/manager/download/sle-module-desktop-applications15-sp7-updates-x86_64/repodata/885b3e175135a2176b296e2876fbd939a32fc86b9d3542233737205de3552273-primary.xml.gz?eyJhbGciOiJIUzI1NiJ9.eyJqdGkiOiJiMHhSYXg3UTFWUXVtc3hzVGdlZGZnIiwiZXhwIjoxODAxMzI2NzE5LCJpYXQiOjE3Njk3OTA3MTksIm5iZiI6MTc2OTc5MDU5OSwib3JnIjoxLCJvbmx5Q2hhbm5lbHMiOlsic2xlLW1vZHVsZS1kZXNrdG9wLWFwcGxpY2F0aW9uczE1LXNwNy11cGRhdGVzLXg4Nl82NCJdfQ.lA9lVezWn_YLFIG_yrQQZmMo8Tuao9ECATwDLOlvzf0 HTTP/1.1" 200 -
172.16.3.7 - - [30/Jan/2026:17:32:22 +0100] "GET /rhn/manager/download/sle-module-desktop-applications15-sp7-updates-x86_64/repodata/885b3e175135a2176b296e2876fbd939a32fc86b9d3542233737205de3552273-primary.xml.gz?eyJhbGciOiJIUzI1NiJ9.eyJqdGkiOiJiMHhSYXg3UTFWUXVtc3hzVGdlZGZnIiwiZXhwIjoxODAxMzI2NzE5LCJpYXQiOjE3Njk3OTA3MTksIm5iZiI6MTc2OTc5MDU5OSwib3JnIjoxLCJvbmx5Q2hhbm5lbHMiOlsic2xlLW1vZHVsZS1kZXNrdG9wLWFwcGxpY2F0aW9uczE1LXNwNy11cGRhdGVzLXg4Nl82NCJdfQ.lA9lVezWn_YLFIG_yrQQZmMo8Tuao9ECATwDLOlvzf0 HTTP/1.1" 200 3664
172.16.3.7 - - [30/Jan/2026:17:32:22 +0100] "HEAD /rhn/manager/download/sle-module-desktop-applications15-sp7-updates-x86_64/repodata/3b63a19ecece64025722cbbe7e8063ab8c764bf955898d1b7d592733092e9df3-susedata.xml.gz?eyJhbGciOiJIUzI1NiJ9.eyJqdGkiOiJiMHhSYXg3UTFWUXVtc3hzVGdlZGZnIiwiZXhwIjoxODAxMzI2NzE5LCJpYXQiOjE3Njk3OTA3MTksIm5iZiI6MTc2OTc5MDU5OSwib3JnIjoxLCJvbmx5Q2hhbm5lbHMiOlsic2xlLW1vZHVsZS1kZXNrdG9wLWFwcGxpY2F0aW9uczE1LXNwNy11cGRhdGVzLXg4Nl82NCJdfQ.lA9lVezWn_YLFIG_yrQQZmMo8Tuao9ECATwDLOlvzf0 HTTP/1.1" 200 -
172.16.3.7 - - [30/Jan/2026:17:32:22 +0100] "GET /rhn/manager/download/sle-module-desktop-applications15-sp7-updates-x86_64/repodata/3b63a19ecece64025722cbbe7e8063ab8c764bf955898d1b7d592733092e9df3-susedata.xml.gz?eyJhbGciOiJIUzI1NiJ9.eyJqdGkiOiJiMHhSYXg3UTFWUXVtc3hzVGdlZGZnIiwiZXhwIjoxODAxMzI2NzE5LCJpYXQiOjE3Njk3OTA3MTksIm5iZiI6MTc2OTc5MDU5OSwib3JnIjoxLCJvbmx5Q2hhbm5lbHMiOlsic2xlLW1vZHVsZS1kZXNrdG9wLWFwcGxpY2F0aW9uczE1LXNwNy11cGRhdGVzLXg4Nl82NCJdfQ.lA9lVezWn_YLFIG_yrQQZmMo8Tuao9ECATwDLOlvzf0 HTTP/1.1" 200 3663
172.16.3.7 - - [30/Jan/2026:17:32:22 +0100] "HEAD /rhn/manager/download/sle-module-desktop-applications15-sp7-updates-x86_64/repodata/d0da64841f8060ab15a63e08d4cb0aa5c33213664962d469907b2aebe181a180-updateinfo.xml.gz?eyJhbGciOiJIUzI1NiJ9.eyJqdGkiOiJiMHhSYXg3UTFWUXVtc3hzVGdlZGZnIiwiZXhwIjoxODAxMzI2NzE5LCJpYXQiOjE3Njk3OTA3MTksIm5iZiI6MTc2OTc5MDU5OSwib3JnIjoxLCJvbmx5Q2hhbm5lbHMiOlsic2xlLW1vZHVsZS1kZXNrdG9wLWFwcGxpY2F0aW9uczE1LXNwNy11cGRhdGVzLXg4Nl82NCJdfQ.lA9lVezWn_YLFIG_yrQQZmMo8Tuao9ECATwDLOlvzf0 HTTP/1.1" 200 -
172.16.3.7 - - [30/Jan/2026:17:32:23 +0100] "GET /rhn/manager/download/sle-module-desktop-applications15-sp7-updates-x86_64/repodata/d0da64841f8060ab15a63e08d4cb0aa5c33213664962d469907b2aebe181a180-updateinfo.xml.gz?eyJhbGciOiJIUzI1NiJ9.eyJqdGkiOiJiMHhSYXg3UTFWUXVtc3hzVGdlZGZnIiwiZXhwIjoxODAxMzI2NzE5LCJpYXQiOjE3Njk3OTA3MTksIm5iZiI6MTc2OTc5MDU5OSwib3JnIjoxLCJvbmx5Q2hhbm5lbHMiOlsic2xlLW1vZHVsZS1kZXNrdG9wLWFwcGxpY2F0aW9uczE1LXNwNy11cGRhdGVzLXg4Nl82NCJdfQ.lA9lVezWn_YLFIG_yrQQZmMo8Tuao9ECATwDLOlvzf0 HTTP/1.1" 200 3664
127.0.0.1 - - [30/Jan/2026:17:32:23 +0100] "GET /rhn/websocket/notifications HTTP/1.1" 101 -
172.16.3.5 - - [30/Jan/2026:17:32:23 +0100] "POST /rhn/manager/frontend-log HTTP/1.1" 200 16
172.16.3.7 - - [30/Jan/2026:17:32:23 +0100] "HEAD /rhn/manager/download/sle-module-devtools15-sp7-updates-x86_64/repodata/repomd.xml?eyJhbGciOiJIUzI1NiJ9.eyJqdGkiOiJ6bnljaXpILTFHMWhDd3ltcGVJaHZ3IiwiZXhwIjoxODAxMzI2NzE5LCJpYXQiOjE3Njk3OTA3MTksIm5iZiI6MTc2OTc5MDU5OSwib3JnIjoxLCJvbmx5Q2hhbm5lbHMiOlsic2xlLW1vZHVsZS1kZXZ0b29sczE1LXNwNy11cGRhdGVzLXg4Nl82NCJdfQ.8o8St7D9giWBJG8IMpjvI3RwTJHjldaisptKUuxUFLU HTTP/1.1" 200 -
172.16.3.7 - - [30/Jan/2026:17:32:23 +0100] "HEAD /rhn/manager/download/sle-module-devtools15-sp7-updates-x86_64/media.1/media?eyJhbGciOiJIUzI1NiJ9.eyJqdGkiOiJ6bnljaXpILTFHMWhDd3ltcGVJaHZ3IiwiZXhwIjoxODAxMzI2NzE5LCJpYXQiOjE3Njk3OTA3MTksIm5iZiI6MTc2OTc5MDU5OSwib3JnIjoxLCJvbmx5Q2hhbm5lbHMiOlsic2xlLW1vZHVsZS1kZXZ0b29sczE1LXNwNy11cGRhdGVzLXg4Nl82NCJdfQ.8o8St7D9giWBJG8IMpjvI3RwTJHjldaisptKUuxUFLU HTTP/1.1" 404 -
172.16.3.7 - - [30/Jan/2026:17:32:23 +0100] "HEAD /rhn/manager/download/sle-module-devtools15-sp7-updates-x86_64/repodata/repomd.xml?eyJhbGciOiJIUzI1NiJ9.eyJqdGkiOiJ6bnljaXpILTFHMWhDd3ltcGVJaHZ3IiwiZXhwIjoxODAxMzI2NzE5LCJpYXQiOjE3Njk3OTA3MTksIm5iZiI6MTc2OTc5MDU5OSwib3JnIjoxLCJvbmx5Q2hhbm5lbHMiOlsic2xlLW1vZHVsZS1kZXZ0b29sczE1LXNwNy11cGRhdGVzLXg4Nl82NCJdfQ.8o8St7D9giWBJG8IMpjvI3RwTJHjldaisptKUuxUFLU HTTP/1.1" 200 -
172.16.3.7 - - [30/Jan/2026:17:32:23 +0100] "GET /rhn/manager/download/sle-module-devtools15-sp7-updates-x86_64/repodata/repomd.xml?eyJhbGciOiJIUzI1NiJ9.eyJqdGkiOiJ6bnljaXpILTFHMWhDd3ltcGVJaHZ3IiwiZXhwIjoxODAxMzI2NzE5LCJpYXQiOjE3Njk3OTA3MTksIm5iZiI6MTc2OTc5MDU5OSwib3JnIjoxLCJvbmx5Q2hhbm5lbHMiOlsic2xlLW1vZHVsZS1kZXZ0b29sczE1LXNwNy11cGRhdGVzLXg4Nl82NCJdfQ.8o8St7D9giWBJG8IMpjvI3RwTJHjldaisptKUuxUFLU HTTP/1.1" 200 3664
172.16.3.7 - - [30/Jan/2026:17:32:23 +0100] "HEAD /rhn/manager/download/sle-module-devtools15-sp7-updates-x86_64/repodata/repomd.xml.asc?eyJhbGciOiJIUzI1NiJ9.eyJqdGkiOiJ6bnljaXpILTFHMWhDd3ltcGVJaHZ3IiwiZXhwIjoxODAxMzI2NzE5LCJpYXQiOjE3Njk3OTA3MTksIm5iZiI6MTc2OTc5MDU5OSwib3JnIjoxLCJvbmx5Q2hhbm5lbHMiOlsic2xlLW1vZHVsZS1kZXZ0b29sczE1LXNwNy11cGRhdGVzLXg4Nl82NCJdfQ.8o8St7D9giWBJG8IMpjvI3RwTJHjldaisptKUuxUFLU HTTP/1.1" 404 -
172.16.3.7 - - [30/Jan/2026:17:32:23 +0100] "HEAD /rhn/manager/download/sle-module-devtools15-sp7-updates-x86_64/repodata/9047411fc038e93bfd529499eb31c84ec8c27839d01b6b4f450caf2eaf268f3e-primary.xml.gz?eyJhbGciOiJIUzI1NiJ9.eyJqdGkiOiJ6bnljaXpILTFHMWhDd3ltcGVJaHZ3IiwiZXhwIjoxODAxMzI2NzE5LCJpYXQiOjE3Njk3OTA3MTksIm5iZiI6MTc2OTc5MDU5OSwib3JnIjoxLCJvbmx5Q2hhbm5lbHMiOlsic2xlLW1vZHVsZS1kZXZ0b29sczE1LXNwNy11cGRhdGVzLXg4Nl82NCJdfQ.8o8St7D9giWBJG8IMpjvI3RwTJHjldaisptKUuxUFLU HTTP/1.1" 200 -
172.16.3.7 - - [30/Jan/2026:17:32:23 +0100] "GET /rhn/manager/download/sle-module-devtools15-sp7-updates-x86_64/repodata/9047411fc038e93bfd529499eb31c84ec8c27839d01b6b4f450caf2eaf268f3e-primary.xml.gz?eyJhbGciOiJIUzI1NiJ9.eyJqdGkiOiJ6bnljaXpILTFHMWhDd3ltcGVJaHZ3IiwiZXhwIjoxODAxMzI2NzE5LCJpYXQiOjE3Njk3OTA3MTksIm5iZiI6MTc2OTc5MDU5OSwib3JnIjoxLCJvbmx5Q2hhbm5lbHMiOlsic2xlLW1vZHVsZS1kZXZ0b29sczE1LXNwNy11cGRhdGVzLXg4Nl82NCJdfQ.8o8St7D9giWBJG8IMpjvI3RwTJHjldaisptKUuxUFLU HTTP/1.1" 200 3664
172.16.3.7 - - [30/Jan/2026:17:32:23 +0100] "HEAD /rhn/manager/download/sle-module-devtools15-sp7-updates-x86_64/repodata/1b938e2eaf46d8f310d0185c0c90aa87aefe236aceedb37b1e7035cecbc052d6-susedata.xml.gz?eyJhbGciOiJIUzI1NiJ9.eyJqdGkiOiJ6bnljaXpILTFHMWhDd3ltcGVJaHZ3IiwiZXhwIjoxODAxMzI2NzE5LCJpYXQiOjE3Njk3OTA3MTksIm5iZiI6MTc2OTc5MDU5OSwib3JnIjoxLCJvbmx5Q2hhbm5lbHMiOlsic2xlLW1vZHVsZS1kZXZ0b29sczE1LXNwNy11cGRhdGVzLXg4Nl82NCJdfQ.8o8St7D9giWBJG8IMpjvI3RwTJHjldaisptKUuxUFLU HTTP/1.1" 200 -
172.16.3.7 - - [30/Jan/2026:17:32:23 +0100] "GET /rhn/manager/download/sle-module-devtools15-sp7-updates-x86_64/repodata/1b938e2eaf46d8f310d0185c0c90aa87aefe236aceedb37b1e7035cecbc052d6-susedata.xml.gz?eyJhbGciOiJIUzI1NiJ9.eyJqdGkiOiJ6bnljaXpILTFHMWhDd3ltcGVJaHZ3IiwiZXhwIjoxODAxMzI2NzE5LCJpYXQiOjE3Njk3OTA3MTksIm5iZiI6MTc2OTc5MDU5OSwib3JnIjoxLCJvbmx5Q2hhbm5lbHMiOlsic2xlLW1vZHVsZS1kZXZ0b29sczE1LXNwNy11cGRhdGVzLXg4Nl82NCJdfQ.8o8St7D9giWBJG8IMpjvI3RwTJHjldaisptKUuxUFLU HTTP/1.1" 200 3663
172.16.3.7 - - [30/Jan/2026:17:32:23 +0100] "HEAD /rhn/manager/download/sle-module-devtools15-sp7-updates-x86_64/repodata/fe17b7ffebf24fe666713eb808568f89a970a96020dd1a28708bde07b57c3947-updateinfo.xml.gz?eyJhbGciOiJIUzI1NiJ9.eyJqdGkiOiJ6bnljaXpILTFHMWhDd3ltcGVJaHZ3IiwiZXhwIjoxODAxMzI2NzE5LCJpYXQiOjE3Njk3OTA3MTksIm5iZiI6MTc2OTc5MDU5OSwib3JnIjoxLCJvbmx5Q2hhbm5lbHMiOlsic2xlLW1vZHVsZS1kZXZ0b29sczE1LXNwNy11cGRhdGVzLXg4Nl82NCJdfQ.8o8St7D9giWBJG8IMpjvI3RwTJHjldaisptKUuxUFLU HTTP/1.1" 200 -
172.16.3.7 - - [30/Jan/2026:17:32:23 +0100] "GET /rhn/manager/download/sle-module-devtools15-sp7-updates-x86_64/repodata/fe17b7ffebf24fe666713eb808568f89a970a96020dd1a28708bde07b57c3947-updateinfo.xml.gz?eyJhbGciOiJIUzI1NiJ9.eyJqdGkiOiJ6bnljaXpILTFHMWhDd3ltcGVJaHZ3IiwiZXhwIjoxODAxMzI2NzE5LCJpYXQiOjE3Njk3OTA3MTksIm5iZiI6MTc2OTc5MDU5OSwib3JnIjoxLCJvbmx5Q2hhbm5lbHMiOlsic2xlLW1vZHVsZS1kZXZ0b29sczE1LXNwNy11cGRhdGVzLXg4Nl82NCJdfQ.8o8St7D9giWBJG8IMpjvI3RwTJHjldaisptKUuxUFLU HTTP/1.1" 200 3664
172.16.3.7 - - [30/Jan/2026:17:32:23 +0100] "HEAD /rhn/manager/download/sle-module-python3-15-sp7-updates-x86_64/repodata/repomd.xml?eyJhbGciOiJIUzI1NiJ9.eyJqdGkiOiJwUGN1QUZsazNhTG9WUGtMNkIxMEdnIiwiZXhwIjoxODAxMzI2NzE5LCJpYXQiOjE3Njk3OTA3MTksIm5iZiI6MTc2OTc5MDU5OSwib3JnIjoxLCJvbmx5Q2hhbm5lbHMiOlsic2xlLW1vZHVsZS1weXRob24zLTE1LXNwNy11cGRhdGVzLXg4Nl82NCJdfQ.0VHMN0S3HUf8iWbXk30lHm43yOLH4NnWWF0a-COzCA0 HTTP/1.1" 200 -
172.16.3.7 - - [30/Jan/2026:17:32:23 +0100] "HEAD /rhn/manager/download/sle-module-python3-15-sp7-updates-x86_64/media.1/media?eyJhbGciOiJIUzI1NiJ9.eyJqdGkiOiJwUGN1QUZsazNhTG9WUGtMNkIxMEdnIiwiZXhwIjoxODAxMzI2NzE5LCJpYXQiOjE3Njk3OTA3MTksIm5iZiI6MTc2OTc5MDU5OSwib3JnIjoxLCJvbmx5Q2hhbm5lbHMiOlsic2xlLW1vZHVsZS1weXRob24zLTE1LXNwNy11cGRhdGVzLXg4Nl82NCJdfQ.0VHMN0S3HUf8iWbXk30lHm43yOLH4NnWWF0a-COzCA0 HTTP/1.1" 404 -
172.16.3.7 - - [30/Jan/2026:17:32:23 +0100] "HEAD /rhn/manager/download/sle-module-python3-15-sp7-updates-x86_64/repodata/repomd.xml?eyJhbGciOiJIUzI1NiJ9.eyJqdGkiOiJwUGN1QUZsazNhTG9WUGtMNkIxMEdnIiwiZXhwIjoxODAxMzI2NzE5LCJpYXQiOjE3Njk3OTA3MTksIm5iZiI6MTc2OTc5MDU5OSwib3JnIjoxLCJvbmx5Q2hhbm5lbHMiOlsic2xlLW1vZHVsZS1weXRob24zLTE1LXNwNy11cGRhdGVzLXg4Nl82NCJdfQ.0VHMN0S3HUf8iWbXk30lHm43yOLH4NnWWF0a-COzCA0 HTTP/1.1" 200 -
172.16.3.7 - - [30/Jan/2026:17:32:23 +0100] "GET /rhn/manager/download/sle-module-python3-15-sp7-updates-x86_64/repodata/repomd.xml?eyJhbGciOiJIUzI1NiJ9.eyJqdGkiOiJwUGN1QUZsazNhTG9WUGtMNkIxMEdnIiwiZXhwIjoxODAxMzI2NzE5LCJpYXQiOjE3Njk3OTA3MTksIm5iZiI6MTc2OTc5MDU5OSwib3JnIjoxLCJvbmx5Q2hhbm5lbHMiOlsic2xlLW1vZHVsZS1weXRob24zLTE1LXNwNy11cGRhdGVzLXg4Nl82NCJdfQ.0VHMN0S3HUf8iWbXk30lHm43yOLH4NnWWF0a-COzCA0 HTTP/1.1" 200 3664
172.16.3.7 - - [30/Jan/2026:17:32:23 +0100] "HEAD /rhn/manager/download/sle-module-python3-15-sp7-updates-x86_64/repodata/repomd.xml.asc?eyJhbGciOiJIUzI1NiJ9.eyJqdGkiOiJwUGN1QUZsazNhTG9WUGtMNkIxMEdnIiwiZXhwIjoxODAxMzI2NzE5LCJpYXQiOjE3Njk3OTA3MTksIm5iZiI6MTc2OTc5MDU5OSwib3JnIjoxLCJvbmx5Q2hhbm5lbHMiOlsic2xlLW1vZHVsZS1weXRob24zLTE1LXNwNy11cGRhdGVzLXg4Nl82NCJdfQ.0VHMN0S3HUf8iWbXk30lHm43yOLH4NnWWF0a-COzCA0 HTTP/1.1" 404 -
172.16.3.7 - - [30/Jan/2026:17:32:23 +0100] "HEAD /rhn/manager/download/sle-module-python3-15-sp7-updates-x86_64/repodata/dcfdfec98f496100dc332687c5914398cd934f71833ee59b42f50d1ab031d03b-primary.xml.gz?eyJhbGciOiJIUzI1NiJ9.eyJqdGkiOiJwUGN1QUZsazNhTG9WUGtMNkIxMEdnIiwiZXhwIjoxODAxMzI2NzE5LCJpYXQiOjE3Njk3OTA3MTksIm5iZiI6MTc2OTc5MDU5OSwib3JnIjoxLCJvbmx5Q2hhbm5lbHMiOlsic2xlLW1vZHVsZS1weXRob24zLTE1LXNwNy11cGRhdGVzLXg4Nl82NCJdfQ.0VHMN0S3HUf8iWbXk30lHm43yOLH4NnWWF0a-COzCA0 HTTP/1.1" 200 -
172.16.3.7 - - [30/Jan/2026:17:32:23 +0100] "GET /rhn/manager/download/sle-module-python3-15-sp7-updates-x86_64/repodata/dcfdfec98f496100dc332687c5914398cd934f71833ee59b42f50d1ab031d03b-primary.xml.gz?eyJhbGciOiJIUzI1NiJ9.eyJqdGkiOiJwUGN1QUZsazNhTG9WUGtMNkIxMEdnIiwiZXhwIjoxODAxMzI2NzE5LCJpYXQiOjE3Njk3OTA3MTksIm5iZiI6MTc2OTc5MDU5OSwib3JnIjoxLCJvbmx5Q2hhbm5lbHMiOlsic2xlLW1vZHVsZS1weXRob24zLTE1LXNwNy11cGRhdGVzLXg4Nl82NCJdfQ.0VHMN0S3HUf8iWbXk30lHm43yOLH4NnWWF0a-COzCA0 HTTP/1.1" 200 3663
172.16.3.7 - - [30/Jan/2026:17:32:23 +0100] "HEAD /rhn/manager/download/sle-module-python3-15-sp7-updates-x86_64/repodata/127b68160192fa6f8dc863740e0c603c35f8d3bb278ebc37eb93041a0475bf32-susedata.xml.gz?eyJhbGciOiJIUzI1NiJ9.eyJqdGkiOiJwUGN1QUZsazNhTG9WUGtMNkIxMEdnIiwiZXhwIjoxODAxMzI2NzE5LCJpYXQiOjE3Njk3OTA3MTksIm5iZiI6MTc2OTc5MDU5OSwib3JnIjoxLCJvbmx5Q2hhbm5lbHMiOlsic2xlLW1vZHVsZS1weXRob24zLTE1LXNwNy11cGRhdGVzLXg4Nl82NCJdfQ.0VHMN0S3HUf8iWbXk30lHm43yOLH4NnWWF0a-COzCA0 HTTP/1.1" 200 -
172.16.3.7 - - [30/Jan/2026:17:32:23 +0100] "GET /rhn/manager/download/sle-module-python3-15-sp7-updates-x86_64/repodata/127b68160192fa6f8dc863740e0c603c35f8d3bb278ebc37eb93041a0475bf32-susedata.xml.gz?eyJhbGciOiJIUzI1NiJ9.eyJqdGkiOiJwUGN1QUZsazNhTG9WUGtMNkIxMEdnIiwiZXhwIjoxODAxMzI2NzE5LCJpYXQiOjE3Njk3OTA3MTksIm5iZiI6MTc2OTc5MDU5OSwib3JnIjoxLCJvbmx5Q2hhbm5lbHMiOlsic2xlLW1vZHVsZS1weXRob24zLTE1LXNwNy11cGRhdGVzLXg4Nl82NCJdfQ.0VHMN0S3HUf8iWbXk30lHm43yOLH4NnWWF0a-COzCA0 HTTP/1.1" 200 3664
172.16.3.5 - - [30/Jan/2026:17:32:23 +0100] "GET /rhn/manager/systems/list/all HTTP/1.1" 200 34439
172.16.3.7 - - [30/Jan/2026:17:32:23 +0100] "HEAD /rhn/manager/download/sle-module-python3-15-sp7-updates-x86_64/repodata/55409172f6cf80716aef3e41c05f1638d609e5565624030d964bc77ddfc8937f-updateinfo.xml.gz?eyJhbGciOiJIUzI1NiJ9.eyJqdGkiOiJwUGN1QUZsazNhTG9WUGtMNkIxMEdnIiwiZXhwIjoxODAxMzI2NzE5LCJpYXQiOjE3Njk3OTA3MTksIm5iZiI6MTc2OTc5MDU5OSwib3JnIjoxLCJvbmx5Q2hhbm5lbHMiOlsic2xlLW1vZHVsZS1weXRob24zLTE1LXNwNy11cGRhdGVzLXg4Nl82NCJdfQ.0VHMN0S3HUf8iWbXk30lHm43yOLH4NnWWF0a-COzCA0 HTTP/1.1" 200 -
172.16.3.7 - - [30/Jan/2026:17:32:23 +0100] "GET /rhn/manager/download/sle-module-python3-15-sp7-updates-x86_64/repodata/55409172f6cf80716aef3e41c05f1638d609e5565624030d964bc77ddfc8937f-updateinfo.xml.gz?eyJhbGciOiJIUzI1NiJ9.eyJqdGkiOiJwUGN1QUZsazNhTG9WUGtMNkIxMEdnIiwiZXhwIjoxODAxMzI2NzE5LCJpYXQiOjE3Njk3OTA3MTksIm5iZiI6MTc2OTc5MDU5OSwib3JnIjoxLCJvbmx5Q2hhbm5lbHMiOlsic2xlLW1vZHVsZS1weXRob24zLTE1LXNwNy11cGRhdGVzLXg4Nl82NCJdfQ.0VHMN0S3HUf8iWbXk30lHm43yOLH4NnWWF0a-COzCA0 HTTP/1.1" 200 3663
172.16.3.7 - - [30/Jan/2026:17:32:23 +0100] "HEAD /rhn/manager/download/sle-module-server-applications15-sp7-updates-x86_64/repodata/repomd.xml?eyJhbGciOiJIUzI1NiJ9.eyJqdGkiOiJ3eWZsMDBOUENkWVpTV0RCZ3V5VjRRIiwiZXhwIjoxODAxMzI2NzE5LCJpYXQiOjE3Njk3OTA3MTksIm5iZiI6MTc2OTc5MDU5OSwib3JnIjoxLCJvbmx5Q2hhbm5lbHMiOlsic2xlLW1vZHVsZS1zZXJ2ZXItYXBwbGljYXRpb25zMTUtc3A3LXVwZGF0ZXMteDg2XzY0Il19.B3806ddgT1UmVSvUu9d0IkspObJSymGrg9RnKFyTgtw HTTP/1.1" 200 -
172.16.3.7 - - [30/Jan/2026:17:32:23 +0100] "HEAD /rhn/manager/download/sle-module-server-applications15-sp7-updates-x86_64/media.1/media?eyJhbGciOiJIUzI1NiJ9.eyJqdGkiOiJ3eWZsMDBOUENkWVpTV0RCZ3V5VjRRIiwiZXhwIjoxODAxMzI2NzE5LCJpYXQiOjE3Njk3OTA3MTksIm5iZiI6MTc2OTc5MDU5OSwib3JnIjoxLCJvbmx5Q2hhbm5lbHMiOlsic2xlLW1vZHVsZS1zZXJ2ZXItYXBwbGljYXRpb25zMTUtc3A3LXVwZGF0ZXMteDg2XzY0Il19.B3806ddgT1UmVSvUu9d0IkspObJSymGrg9RnKFyTgtw HTTP/1.1" 404 -
127.0.0.1 - - [30/Jan/2026:17:32:23 +0100] "GET /rhn/websocket/notifications HTTP/1.1" 101 -
172.16.3.5 - - [30/Jan/2026:17:32:23 +0100] "POST /rhn/manager/frontend-log HTTP/1.1" 200 16
172.16.3.7 - - [30/Jan/2026:17:32:24 +0100] "HEAD /rhn/manager/download/sle-module-server-applications15-sp7-updates-x86_64/repodata/repomd.xml?eyJhbGciOiJIUzI1NiJ9.eyJqdGkiOiJ3eWZsMDBOUENkWVpTV0RCZ3V5VjRRIiwiZXhwIjoxODAxMzI2NzE5LCJpYXQiOjE3Njk3OTA3MTksIm5iZiI6MTc2OTc5MDU5OSwib3JnIjoxLCJvbmx5Q2hhbm5lbHMiOlsic2xlLW1vZHVsZS1zZXJ2ZXItYXBwbGljYXRpb25zMTUtc3A3LXVwZGF0ZXMteDg2XzY0Il19.B3806ddgT1UmVSvUu9d0IkspObJSymGrg9RnKFyTgtw HTTP/1.1" 200 -
172.16.3.7 - - [30/Jan/2026:17:32:24 +0100] "GET /rhn/manager/download/sle-module-server-applications15-sp7-updates-x86_64/repodata/repomd.xml?eyJhbGciOiJIUzI1NiJ9.eyJqdGkiOiJ3eWZsMDBOUENkWVpTV0RCZ3V5VjRRIiwiZXhwIjoxODAxMzI2NzE5LCJpYXQiOjE3Njk3OTA3MTksIm5iZiI6MTc2OTc5MDU5OSwib3JnIjoxLCJvbmx5Q2hhbm5lbHMiOlsic2xlLW1vZHVsZS1zZXJ2ZXItYXBwbGljYXRpb25zMTUtc3A3LXVwZGF0ZXMteDg2XzY0Il19.B3806ddgT1UmVSvUu9d0IkspObJSymGrg9RnKFyTgtw HTTP/1.1" 200 3664
172.16.3.7 - - [30/Jan/2026:17:32:24 +0100] "HEAD /rhn/manager/download/sle-module-server-applications15-sp7-updates-x86_64/repodata/repomd.xml.asc?eyJhbGciOiJIUzI1NiJ9.eyJqdGkiOiJ3eWZsMDBOUENkWVpTV0RCZ3V5VjRRIiwiZXhwIjoxODAxMzI2NzE5LCJpYXQiOjE3Njk3OTA3MTksIm5iZiI6MTc2OTc5MDU5OSwib3JnIjoxLCJvbmx5Q2hhbm5lbHMiOlsic2xlLW1vZHVsZS1zZXJ2ZXItYXBwbGljYXRpb25zMTUtc3A3LXVwZGF0ZXMteDg2XzY0Il19.B3806ddgT1UmVSvUu9d0IkspObJSymGrg9RnKFyTgtw HTTP/1.1" 404 -
172.16.3.7 - - [30/Jan/2026:17:32:24 +0100] "HEAD /rhn/manager/download/sle-module-server-applications15-sp7-updates-x86_64/repodata/795f14394ff9fd9b7c15679592c74d32959bf26585dfb007ad9c5685bce3dce0-primary.xml.gz?eyJhbGciOiJIUzI1NiJ9.eyJqdGkiOiJ3eWZsMDBOUENkWVpTV0RCZ3V5VjRRIiwiZXhwIjoxODAxMzI2NzE5LCJpYXQiOjE3Njk3OTA3MTksIm5iZiI6MTc2OTc5MDU5OSwib3JnIjoxLCJvbmx5Q2hhbm5lbHMiOlsic2xlLW1vZHVsZS1zZXJ2ZXItYXBwbGljYXRpb25zMTUtc3A3LXVwZGF0ZXMteDg2XzY0Il19.B3806ddgT1UmVSvUu9d0IkspObJSymGrg9RnKFyTgtw HTTP/1.1" 200 -
172.16.3.7 - - [30/Jan/2026:17:32:24 +0100] "GET /rhn/manager/download/sle-module-server-applications15-sp7-updates-x86_64/repodata/795f14394ff9fd9b7c15679592c74d32959bf26585dfb007ad9c5685bce3dce0-primary.xml.gz?eyJhbGciOiJIUzI1NiJ9.eyJqdGkiOiJ3eWZsMDBOUENkWVpTV0RCZ3V5VjRRIiwiZXhwIjoxODAxMzI2NzE5LCJpYXQiOjE3Njk3OTA3MTksIm5iZiI6MTc2OTc5MDU5OSwib3JnIjoxLCJvbmx5Q2hhbm5lbHMiOlsic2xlLW1vZHVsZS1zZXJ2ZXItYXBwbGljYXRpb25zMTUtc3A3LXVwZGF0ZXMteDg2XzY0Il19.B3806ddgT1UmVSvUu9d0IkspObJSymGrg9RnKFyTgtw HTTP/1.1" 200 3664
172.16.3.7 - - [30/Jan/2026:17:32:24 +0100] "HEAD /rhn/manager/download/sle-module-server-applications15-sp7-updates-x86_64/repodata/0153a656d3b3a90c04999b4be387f98b513572f3cd1afc9013b89901c8e195d5-susedata.xml.gz?eyJhbGciOiJIUzI1NiJ9.eyJqdGkiOiJ3eWZsMDBOUENkWVpTV0RCZ3V5VjRRIiwiZXhwIjoxODAxMzI2NzE5LCJpYXQiOjE3Njk3OTA3MTksIm5iZiI6MTc2OTc5MDU5OSwib3JnIjoxLCJvbmx5Q2hhbm5lbHMiOlsic2xlLW1vZHVsZS1zZXJ2ZXItYXBwbGljYXRpb25zMTUtc3A3LXVwZGF0ZXMteDg2XzY0Il19.B3806ddgT1UmVSvUu9d0IkspObJSymGrg9RnKFyTgtw HTTP/1.1" 200 -
172.16.3.7 - - [30/Jan/2026:17:32:24 +0100] "GET /rhn/manager/download/sle-module-server-applications15-sp7-updates-x86_64/repodata/0153a656d3b3a90c04999b4be387f98b513572f3cd1afc9013b89901c8e195d5-susedata.xml.gz?eyJhbGciOiJIUzI1NiJ9.eyJqdGkiOiJ3eWZsMDBOUENkWVpTV0RCZ3V5VjRRIiwiZXhwIjoxODAxMzI2NzE5LCJpYXQiOjE3Njk3OTA3MTksIm5iZiI6MTc2OTc5MDU5OSwib3JnIjoxLCJvbmx5Q2hhbm5lbHMiOlsic2xlLW1vZHVsZS1zZXJ2ZXItYXBwbGljYXRpb25zMTUtc3A3LXVwZGF0ZXMteDg2XzY0Il19.B3806ddgT1UmVSvUu9d0IkspObJSymGrg9RnKFyTgtw HTTP/1.1" 200 3664
172.16.3.7 - - [30/Jan/2026:17:32:24 +0100] "HEAD /rhn/manager/download/sle-module-server-applications15-sp7-updates-x86_64/repodata/6f2f2657b4c72b1e7a7631ed39b2abe33fb48f17f431db54d4401bdb1d0c81ff-updateinfo.xml.gz?eyJhbGciOiJIUzI1NiJ9.eyJqdGkiOiJ3eWZsMDBOUENkWVpTV0RCZ3V5VjRRIiwiZXhwIjoxODAxMzI2NzE5LCJpYXQiOjE3Njk3OTA3MTksIm5iZiI6MTc2OTc5MDU5OSwib3JnIjoxLCJvbmx5Q2hhbm5lbHMiOlsic2xlLW1vZHVsZS1zZXJ2ZXItYXBwbGljYXRpb25zMTUtc3A3LXVwZGF0ZXMteDg2XzY0Il19.B3806ddgT1UmVSvUu9d0IkspObJSymGrg9RnKFyTgtw HTTP/1.1" 200 -
172.16.3.7 - - [30/Jan/2026:17:32:24 +0100] "GET /rhn/manager/download/sle-module-server-applications15-sp7-updates-x86_64/repodata/6f2f2657b4c72b1e7a7631ed39b2abe33fb48f17f431db54d4401bdb1d0c81ff-updateinfo.xml.gz?eyJhbGciOiJIUzI1NiJ9.eyJqdGkiOiJ3eWZsMDBOUENkWVpTV0RCZ3V5VjRRIiwiZXhwIjoxODAxMzI2NzE5LCJpYXQiOjE3Njk3OTA3MTksIm5iZiI6MTc2OTc5MDU5OSwib3JnIjoxLCJvbmx5Q2hhbm5lbHMiOlsic2xlLW1vZHVsZS1zZXJ2ZXItYXBwbGljYXRpb25zMTUtc3A3LXVwZGF0ZXMteDg2XzY0Il19.B3806ddgT1UmVSvUu9d0IkspObJSymGrg9RnKFyTgtw HTTP/1.1" 200 3664
172.16.3.5 - - [30/Jan/2026:17:32:24 +0100] "GET /rhn/manager/api/systems/list/all?p=1&ps=100&s=1&sc=server_name HTTP/1.1" 200 3286
172.16.3.7 - - [30/Jan/2026:17:32:24 +0100] "HEAD /rhn/manager/download/sle-module-systems-management-15-sp7-updates-x86_64/repodata/repomd.xml?eyJhbGciOiJIUzI1NiJ9.eyJqdGkiOiI4SDZYSjBVVFdObi1CaUM4UlJHbW5BIiwiZXhwIjoxODAxMzI2NzE5LCJpYXQiOjE3Njk3OTA3MTksIm5iZiI6MTc2OTc5MDU5OSwib3JnIjoxLCJvbmx5Q2hhbm5lbHMiOlsic2xlLW1vZHVsZS1zeXN0ZW1zLW1hbmFnZW1lbnQtMTUtc3A3LXVwZGF0ZXMteDg2XzY0Il19.tkZv95gmOYta--aObq-iyYdx6pM-NBPm3Nc2NmCwROE HTTP/1.1" 200 -
172.16.3.7 - - [30/Jan/2026:17:32:24 +0100] "HEAD /rhn/manager/download/sle-module-systems-management-15-sp7-updates-x86_64/media.1/media?eyJhbGciOiJIUzI1NiJ9.eyJqdGkiOiI4SDZYSjBVVFdObi1CaUM4UlJHbW5BIiwiZXhwIjoxODAxMzI2NzE5LCJpYXQiOjE3Njk3OTA3MTksIm5iZiI6MTc2OTc5MDU5OSwib3JnIjoxLCJvbmx5Q2hhbm5lbHMiOlsic2xlLW1vZHVsZS1zeXN0ZW1zLW1hbmFnZW1lbnQtMTUtc3A3LXVwZGF0ZXMteDg2XzY0Il19.tkZv95gmOYta--aObq-iyYdx6pM-NBPm3Nc2NmCwROE HTTP/1.1" 404 -
172.16.3.7 - - [30/Jan/2026:17:32:24 +0100] "HEAD /rhn/manager/download/sle-module-systems-management-15-sp7-updates-x86_64/repodata/repomd.xml?eyJhbGciOiJIUzI1NiJ9.eyJqdGkiOiI4SDZYSjBVVFdObi1CaUM4UlJHbW5BIiwiZXhwIjoxODAxMzI2NzE5LCJpYXQiOjE3Njk3OTA3MTksIm5iZiI6MTc2OTc5MDU5OSwib3JnIjoxLCJvbmx5Q2hhbm5lbHMiOlsic2xlLW1vZHVsZS1zeXN0ZW1zLW1hbmFnZW1lbnQtMTUtc3A3LXVwZGF0ZXMteDg2XzY0Il19.tkZv95gmOYta--aObq-iyYdx6pM-NBPm3Nc2NmCwROE HTTP/1.1" 200 -
172.16.3.7 - - [30/Jan/2026:17:32:24 +0100] "HEAD /rhn/manager/download/sle-module-systems-management-15-sp7-updates-x86_64/repodata/repomd.xml.asc?eyJhbGciOiJIUzI1NiJ9.eyJqdGkiOiI4SDZYSjBVVFdObi1CaUM4UlJHbW5BIiwiZXhwIjoxODAxMzI2NzE5LCJpYXQiOjE3Njk3OTA3MTksIm5iZiI6MTc2OTc5MDU5OSwib3JnIjoxLCJvbmx5Q2hhbm5lbHMiOlsic2xlLW1vZHVsZS1zeXN0ZW1zLW1hbmFnZW1lbnQtMTUtc3A3LXVwZGF0ZXMteDg2XzY0Il19.tkZv95gmOYta--aObq-iyYdx6pM-NBPm3Nc2NmCwROE HTTP/1.1" 404 -
172.16.3.7 - - [30/Jan/2026:17:32:24 +0100] "HEAD /rhn/manager/download/sle-module-systems-management-15-sp7-updates-x86_64/repodata/f5d2a2bd4188b4ac031085ed38135a292f97b372e26bb378ce6549ed2eac9106-primary.xml.gz?eyJhbGciOiJIUzI1NiJ9.eyJqdGkiOiI4SDZYSjBVVFdObi1CaUM4UlJHbW5BIiwiZXhwIjoxODAxMzI2NzE5LCJpYXQiOjE3Njk3OTA3MTksIm5iZiI6MTc2OTc5MDU5OSwib3JnIjoxLCJvbmx5Q2hhbm5lbHMiOlsic2xlLW1vZHVsZS1zeXN0ZW1zLW1hbmFnZW1lbnQtMTUtc3A3LXVwZGF0ZXMteDg2XzY0Il19.tkZv95gmOYta--aObq-iyYdx6pM-NBPm3Nc2NmCwROE HTTP/1.1" 200 -
172.16.3.7 - - [30/Jan/2026:17:32:24 +0100] "HEAD /rhn/manager/download/sle-module-systems-management-15-sp7-updates-x86_64/repodata/98a58ffdc33a8d9c724bfca0765e6dad1ccf06b67edf0656540b1af3a46fd029-susedata.xml.gz?eyJhbGciOiJIUzI1NiJ9.eyJqdGkiOiI4SDZYSjBVVFdObi1CaUM4UlJHbW5BIiwiZXhwIjoxODAxMzI2NzE5LCJpYXQiOjE3Njk3OTA3MTksIm5iZiI6MTc2OTc5MDU5OSwib3JnIjoxLCJvbmx5Q2hhbm5lbHMiOlsic2xlLW1vZHVsZS1zeXN0ZW1zLW1hbmFnZW1lbnQtMTUtc3A3LXVwZGF0ZXMteDg2XzY0Il19.tkZv95gmOYta--aObq-iyYdx6pM-NBPm3Nc2NmCwROE HTTP/1.1" 200 -
172.16.3.5 - - [30/Jan/2026:17:32:24 +0100] "POST /rhn/manager/api/sets/system_list HTTP/1.1" 200 1
172.16.3.7 - - [30/Jan/2026:17:32:24 +0100] "HEAD /rhn/manager/download/sle-module-systems-management-15-sp7-updates-x86_64/repodata/31ce1f9fc4a623ce527800a1f831ab5263570bcd9a0b68c065442f593f6152e1-updateinfo.xml.gz?eyJhbGciOiJIUzI1NiJ9.eyJqdGkiOiI4SDZYSjBVVFdObi1CaUM4UlJHbW5BIiwiZXhwIjoxODAxMzI2NzE5LCJpYXQiOjE3Njk3OTA3MTksIm5iZiI6MTc2OTc5MDU5OSwib3JnIjoxLCJvbmx5Q2hhbm5lbHMiOlsic2xlLW1vZHVsZS1zeXN0ZW1zLW1hbmFnZW1lbnQtMTUtc3A3LXVwZGF0ZXMteDg2XzY0Il19.tkZv95gmOYta--aObq-iyYdx6pM-NBPm3Nc2NmCwROE HTTP/1.1" 200 -
172.16.3.7 - - [30/Jan/2026:17:32:24 +0100] "HEAD /rhn/manager/download/sle-product-sles15-sp7-updates-x86_64/repodata/repomd.xml?eyJhbGciOiJIUzI1NiJ9.eyJqdGkiOiJwZm9UX3Z1RVFJMUZ0d1RNb0I2QjVnIiwiZXhwIjoxODAxMzI2NzE5LCJpYXQiOjE3Njk3OTA3MTksIm5iZiI6MTc2OTc5MDU5OSwib3JnIjoxLCJvbmx5Q2hhbm5lbHMiOlsic2xlLXByb2R1Y3Qtc2xlczE1LXNwNy11cGRhdGVzLXg4Nl82NCJdfQ.ui2WaQ4PfdO0e4HomIuH5TYz1ETvhup90RzyYJ03Mq0 HTTP/1.1" 200 -
172.16.3.7 - - [30/Jan/2026:17:32:24 +0100] "HEAD /rhn/manager/download/sle-product-sles15-sp7-updates-x86_64/media.1/media?eyJhbGciOiJIUzI1NiJ9.eyJqdGkiOiJwZm9UX3Z1RVFJMUZ0d1RNb0I2QjVnIiwiZXhwIjoxODAxMzI2NzE5LCJpYXQiOjE3Njk3OTA3MTksIm5iZiI6MTc2OTc5MDU5OSwib3JnIjoxLCJvbmx5Q2hhbm5lbHMiOlsic2xlLXByb2R1Y3Qtc2xlczE1LXNwNy11cGRhdGVzLXg4Nl82NCJdfQ.ui2WaQ4PfdO0e4HomIuH5TYz1ETvhup90RzyYJ03Mq0 HTTP/1.1" 404 -
172.16.3.7 - - [30/Jan/2026:17:32:24 +0100] "HEAD /rhn/manager/download/sle-product-sles15-sp7-updates-x86_64/repodata/repomd.xml?eyJhbGciOiJIUzI1NiJ9.eyJqdGkiOiJwZm9UX3Z1RVFJMUZ0d1RNb0I2QjVnIiwiZXhwIjoxODAxMzI2NzE5LCJpYXQiOjE3Njk3OTA3MTksIm5iZiI6MTc2OTc5MDU5OSwib3JnIjoxLCJvbmx5Q2hhbm5lbHMiOlsic2xlLXByb2R1Y3Qtc2xlczE1LXNwNy11cGRhdGVzLXg4Nl82NCJdfQ.ui2WaQ4PfdO0e4HomIuH5TYz1ETvhup90RzyYJ03Mq0 HTTP/1.1" 200 -
172.16.3.7 - - [30/Jan/2026:17:32:24 +0100] "HEAD /rhn/manager/download/sle-product-sles15-sp7-updates-x86_64/repodata/repomd.xml.asc?eyJhbGciOiJIUzI1NiJ9.eyJqdGkiOiJwZm9UX3Z1RVFJMUZ0d1RNb0I2QjVnIiwiZXhwIjoxODAxMzI2NzE5LCJpYXQiOjE3Njk3OTA3MTksIm5iZiI6MTc2OTc5MDU5OSwib3JnIjoxLCJvbmx5Q2hhbm5lbHMiOlsic2xlLXByb2R1Y3Qtc2xlczE1LXNwNy11cGRhdGVzLXg4Nl82NCJdfQ.ui2WaQ4PfdO0e4HomIuH5TYz1ETvhup90RzyYJ03Mq0 HTTP/1.1" 404 -
172.16.3.7 - - [30/Jan/2026:17:32:24 +0100] "HEAD /rhn/manager/download/sle-product-sles15-sp7-updates-x86_64/repodata/b83109a2ce58be72fff82032c8d0009a2480b9107f553bfb85c5670d6eaa7aef-primary.xml.gz?eyJhbGciOiJIUzI1NiJ9.eyJqdGkiOiJwZm9UX3Z1RVFJMUZ0d1RNb0I2QjVnIiwiZXhwIjoxODAxMzI2NzE5LCJpYXQiOjE3Njk3OTA3MTksIm5iZiI6MTc2OTc5MDU5OSwib3JnIjoxLCJvbmx5Q2hhbm5lbHMiOlsic2xlLXByb2R1Y3Qtc2xlczE1LXNwNy11cGRhdGVzLXg4Nl82NCJdfQ.ui2WaQ4PfdO0e4HomIuH5TYz1ETvhup90RzyYJ03Mq0 HTTP/1.1" 200 -
172.16.3.7 - - [30/Jan/2026:17:32:24 +0100] "HEAD /rhn/manager/download/sle-product-sles15-sp7-updates-x86_64/repodata/e19d9f529dfe864d1f94ec942cfd14b9029745b58cf991409428bc3c9a278f9b-susedata.xml.gz?eyJhbGciOiJIUzI1NiJ9.eyJqdGkiOiJwZm9UX3Z1RVFJMUZ0d1RNb0I2QjVnIiwiZXhwIjoxODAxMzI2NzE5LCJpYXQiOjE3Njk3OTA3MTksIm5iZiI6MTc2OTc5MDU5OSwib3JnIjoxLCJvbmx5Q2hhbm5lbHMiOlsic2xlLXByb2R1Y3Qtc2xlczE1LXNwNy11cGRhdGVzLXg4Nl82NCJdfQ.ui2WaQ4PfdO0e4HomIuH5TYz1ETvhup90RzyYJ03Mq0 HTTP/1.1" 200 -
172.16.3.7 - - [30/Jan/2026:17:32:24 +0100] "HEAD /rhn/manager/download/sle-product-sles15-sp7-updates-x86_64/repodata/336c84c852c84f68dca8f2308fadc6dd7f630982d8fc38bb3d80af3cfac51b43-updateinfo.xml.gz?eyJhbGciOiJIUzI1NiJ9.eyJqdGkiOiJwZm9UX3Z1RVFJMUZ0d1RNb0I2QjVnIiwiZXhwIjoxODAxMzI2NzE5LCJpYXQiOjE3Njk3OTA3MTksIm5iZiI6MTc2OTc5MDU5OSwib3JnIjoxLCJvbmx5Q2hhbm5lbHMiOlsic2xlLXByb2R1Y3Qtc2xlczE1LXNwNy11cGRhdGVzLXg4Nl82NCJdfQ.ui2WaQ4PfdO0e4HomIuH5TYz1ETvhup90RzyYJ03Mq0 HTTP/1.1" 200 -
172.16.3.7 - - [30/Jan/2026:17:32:24 +0100] "HEAD /rhn/manager/download/devel-build-host-channel/repodata/repomd.xml?eyJhbGciOiJIUzI1NiJ9.eyJqdGkiOiJ1WGRsSTZ1WDktRXBSUmdqVmh4NnFBIiwiZXhwIjoxODAxMzI2NzE5LCJpYXQiOjE3Njk3OTA3MTksIm5iZiI6MTc2OTc5MDU5OSwib3JnIjoxLCJvbmx5Q2hhbm5lbHMiOlsiZGV2ZWwtYnVpbGQtaG9zdC1jaGFubmVsIl19.QSw8TCOOTWJK8LGlp_-1H8za1bhUIwqJRAC7HF6mnBY HTTP/1.1" 200 -
172.16.3.7 - - [30/Jan/2026:17:32:25 +0100] "HEAD /rhn/manager/download/devel-build-host-channel/media.1/media?eyJhbGciOiJIUzI1NiJ9.eyJqdGkiOiJ1WGRsSTZ1WDktRXBSUmdqVmh4NnFBIiwiZXhwIjoxODAxMzI2NzE5LCJpYXQiOjE3Njk3OTA3MTksIm5iZiI6MTc2OTc5MDU5OSwib3JnIjoxLCJvbmx5Q2hhbm5lbHMiOlsiZGV2ZWwtYnVpbGQtaG9zdC1jaGFubmVsIl19.QSw8TCOOTWJK8LGlp_-1H8za1bhUIwqJRAC7HF6mnBY HTTP/1.1" 404 -
172.16.3.7 - - [30/Jan/2026:17:32:25 +0100] "HEAD /rhn/manager/download/devel-build-host-channel/repodata/repomd.xml?eyJhbGciOiJIUzI1NiJ9.eyJqdGkiOiJ1WGRsSTZ1WDktRXBSUmdqVmh4NnFBIiwiZXhwIjoxODAxMzI2NzE5LCJpYXQiOjE3Njk3OTA3MTksIm5iZiI6MTc2OTc5MDU5OSwib3JnIjoxLCJvbmx5Q2hhbm5lbHMiOlsiZGV2ZWwtYnVpbGQtaG9zdC1jaGFubmVsIl19.QSw8TCOOTWJK8LGlp_-1H8za1bhUIwqJRAC7HF6mnBY HTTP/1.1" 200 -
172.16.3.7 - - [30/Jan/2026:17:32:25 +0100] "GET /rhn/manager/download/devel-build-host-channel/repodata/repomd.xml?eyJhbGciOiJIUzI1NiJ9.eyJqdGkiOiJ1WGRsSTZ1WDktRXBSUmdqVmh4NnFBIiwiZXhwIjoxODAxMzI2NzE5LCJpYXQiOjE3Njk3OTA3MTksIm5iZiI6MTc2OTc5MDU5OSwib3JnIjoxLCJvbmx5Q2hhbm5lbHMiOlsiZGV2ZWwtYnVpbGQtaG9zdC1jaGFubmVsIl19.QSw8TCOOTWJK8LGlp_-1H8za1bhUIwqJRAC7HF6mnBY HTTP/1.1" 200 3664
172.16.3.7 - - [30/Jan/2026:17:32:25 +0100] "HEAD /rhn/manager/download/devel-build-host-channel/repodata/repomd.xml.asc?eyJhbGciOiJIUzI1NiJ9.eyJqdGkiOiJ1WGRsSTZ1WDktRXBSUmdqVmh4NnFBIiwiZXhwIjoxODAxMzI2NzE5LCJpYXQiOjE3Njk3OTA3MTksIm5iZiI6MTc2OTc5MDU5OSwib3JnIjoxLCJvbmx5Q2hhbm5lbHMiOlsiZGV2ZWwtYnVpbGQtaG9zdC1jaGFubmVsIl19.QSw8TCOOTWJK8LGlp_-1H8za1bhUIwqJRAC7HF6mnBY HTTP/1.1" 404 -
172.16.3.7 - - [30/Jan/2026:17:32:25 +0100] "HEAD /rhn/manager/download/devel-build-host-channel/repodata/3c33cee1f39cef88635c84d6c6008773d69e773d872c13d23605517d56d82e1b-primary.xml.gz?eyJhbGciOiJIUzI1NiJ9.eyJqdGkiOiJ1WGRsSTZ1WDktRXBSUmdqVmh4NnFBIiwiZXhwIjoxODAxMzI2NzE5LCJpYXQiOjE3Njk3OTA3MTksIm5iZiI6MTc2OTc5MDU5OSwib3JnIjoxLCJvbmx5Q2hhbm5lbHMiOlsiZGV2ZWwtYnVpbGQtaG9zdC1jaGFubmVsIl19.QSw8TCOOTWJK8LGlp_-1H8za1bhUIwqJRAC7HF6mnBY HTTP/1.1" 200 -
172.16.3.7 - - [30/Jan/2026:17:32:25 +0100] "GET /rhn/manager/download/devel-build-host-channel/repodata/3c33cee1f39cef88635c84d6c6008773d69e773d872c13d23605517d56d82e1b-primary.xml.gz?eyJhbGciOiJIUzI1NiJ9.eyJqdGkiOiJ1WGRsSTZ1WDktRXBSUmdqVmh4NnFBIiwiZXhwIjoxODAxMzI2NzE5LCJpYXQiOjE3Njk3OTA3MTksIm5iZiI6MTc2OTc5MDU5OSwib3JnIjoxLCJvbmx5Q2hhbm5lbHMiOlsiZGV2ZWwtYnVpbGQtaG9zdC1jaGFubmVsIl19.QSw8TCOOTWJK8LGlp_-1H8za1bhUIwqJRAC7HF6mnBY HTTP/1.1" 200 3664
172.16.3.7 - - [30/Jan/2026:17:32:25 +0100] "HEAD /rhn/manager/download/devel-build-host-channel/repodata/6926b8e773cbec56d4a2fc6bd230dab8e9d090aba964e99078e01028260ba3f8-susedata.xml.gz?eyJhbGciOiJIUzI1NiJ9.eyJqdGkiOiJ1WGRsSTZ1WDktRXBSUmdqVmh4NnFBIiwiZXhwIjoxODAxMzI2NzE5LCJpYXQiOjE3Njk3OTA3MTksIm5iZiI6MTc2OTc5MDU5OSwib3JnIjoxLCJvbmx5Q2hhbm5lbHMiOlsiZGV2ZWwtYnVpbGQtaG9zdC1jaGFubmVsIl19.QSw8TCOOTWJK8LGlp_-1H8za1bhUIwqJRAC7HF6mnBY HTTP/1.1" 200 -
172.16.3.7 - - [30/Jan/2026:17:32:25 +0100] "GET /rhn/manager/download/devel-build-host-channel/repodata/6926b8e773cbec56d4a2fc6bd230dab8e9d090aba964e99078e01028260ba3f8-susedata.xml.gz?eyJhbGciOiJIUzI1NiJ9.eyJqdGkiOiJ1WGRsSTZ1WDktRXBSUmdqVmh4NnFBIiwiZXhwIjoxODAxMzI2NzE5LCJpYXQiOjE3Njk3OTA3MTksIm5iZiI6MTc2OTc5MDU5OSwib3JnIjoxLCJvbmx5Q2hhbm5lbHMiOlsiZGV2ZWwtYnVpbGQtaG9zdC1jaGFubmVsIl19.QSw8TCOOTWJK8LGlp_-1H8za1bhUIwqJRAC7HF6mnBY HTTP/1.1" 200 3664
172.16.3.7 - - [30/Jan/2026:17:32:25 +0100] "HEAD /rhn/manager/download/sle-module-basesystem15-sp7-pool-x86_64/repodata/repomd.xml?eyJhbGciOiJIUzI1NiJ9.eyJqdGkiOiI3UnlqdGI0TF9UWGNob1VSSE1hV3lnIiwiZXhwIjoxODAxMzI2NzE5LCJpYXQiOjE3Njk3OTA3MTksIm5iZiI6MTc2OTc5MDU5OSwib3JnIjoxLCJvbmx5Q2hhbm5lbHMiOlsic2xlLW1vZHVsZS1iYXNlc3lzdGVtMTUtc3A3LXBvb2wteDg2XzY0Il19.Mqor98A-VBacCQID6oQuaflzDecu-hz-wNbYbG1EsiU HTTP/1.1" 200 -
172.16.3.7 - - [30/Jan/2026:17:32:25 +0100] "HEAD /rhn/manager/download/sle-module-basesystem15-sp7-pool-x86_64/media.1/media?eyJhbGciOiJIUzI1NiJ9.eyJqdGkiOiI3UnlqdGI0TF9UWGNob1VSSE1hV3lnIiwiZXhwIjoxODAxMzI2NzE5LCJpYXQiOjE3Njk3OTA3MTksIm5iZiI6MTc2OTc5MDU5OSwib3JnIjoxLCJvbmx5Q2hhbm5lbHMiOlsic2xlLW1vZHVsZS1iYXNlc3lzdGVtMTUtc3A3LXBvb2wteDg2XzY0Il19.Mqor98A-VBacCQID6oQuaflzDecu-hz-wNbYbG1EsiU HTTP/1.1" 404 -
172.16.3.7 - - [30/Jan/2026:17:32:25 +0100] "HEAD /rhn/manager/download/sle-module-basesystem15-sp7-pool-x86_64/repodata/repomd.xml?eyJhbGciOiJIUzI1NiJ9.eyJqdGkiOiI3UnlqdGI0TF9UWGNob1VSSE1hV3lnIiwiZXhwIjoxODAxMzI2NzE5LCJpYXQiOjE3Njk3OTA3MTksIm5iZiI6MTc2OTc5MDU5OSwib3JnIjoxLCJvbmx5Q2hhbm5lbHMiOlsic2xlLW1vZHVsZS1iYXNlc3lzdGVtMTUtc3A3LXBvb2wteDg2XzY0Il19.Mqor98A-VBacCQID6oQuaflzDecu-hz-wNbYbG1EsiU HTTP/1.1" 200 -
172.16.3.7 - - [30/Jan/2026:17:32:25 +0100] "HEAD /rhn/manager/download/sle-module-basesystem15-sp7-pool-x86_64/repodata/repomd.xml.asc?eyJhbGciOiJIUzI1NiJ9.eyJqdGkiOiI3UnlqdGI0TF9UWGNob1VSSE1hV3lnIiwiZXhwIjoxODAxMzI2NzE5LCJpYXQiOjE3Njk3OTA3MTksIm5iZiI6MTc2OTc5MDU5OSwib3JnIjoxLCJvbmx5Q2hhbm5lbHMiOlsic2xlLW1vZHVsZS1iYXNlc3lzdGVtMTUtc3A3LXBvb2wteDg2XzY0Il19.Mqor98A-VBacCQID6oQuaflzDecu-hz-wNbYbG1EsiU HTTP/1.1" 404 -
172.16.3.5 - - [30/Jan/2026:17:32:25 +0100] "GET /rhn/systems/details/Overview.do?sid=1000010003 HTTP/1.1" 200 45888
172.16.3.7 - - [30/Jan/2026:17:32:25 +0100] "HEAD /rhn/manager/download/sle-module-basesystem15-sp7-pool-x86_64/repodata/651b1c81d19fad6d1cf192d70f80748998d19645d8ce309725a5ca87655f5de5-primary.xml.gz?eyJhbGciOiJIUzI1NiJ9.eyJqdGkiOiI3UnlqdGI0TF9UWGNob1VSSE1hV3lnIiwiZXhwIjoxODAxMzI2NzE5LCJpYXQiOjE3Njk3OTA3MTksIm5iZiI6MTc2OTc5MDU5OSwib3JnIjoxLCJvbmx5Q2hhbm5lbHMiOlsic2xlLW1vZHVsZS1iYXNlc3lzdGVtMTUtc3A3LXBvb2wteDg2XzY0Il19.Mqor98A-VBacCQID6oQuaflzDecu-hz-wNbYbG1EsiU HTTP/1.1" 200 -
172.16.3.7 - - [30/Jan/2026:17:32:25 +0100] "HEAD /rhn/manager/download/sle-module-basesystem15-sp7-pool-x86_64/repodata/6632fc4a6e0a2e26bdb49da8b7ecbfce37d89e1313e00b7497fa2404cdce2902-susedata.xml.gz?eyJhbGciOiJIUzI1NiJ9.eyJqdGkiOiI3UnlqdGI0TF9UWGNob1VSSE1hV3lnIiwiZXhwIjoxODAxMzI2NzE5LCJpYXQiOjE3Njk3OTA3MTksIm5iZiI6MTc2OTc5MDU5OSwib3JnIjoxLCJvbmx5Q2hhbm5lbHMiOlsic2xlLW1vZHVsZS1iYXNlc3lzdGVtMTUtc3A3LXBvb2wteDg2XzY0Il19.Mqor98A-VBacCQID6oQuaflzDecu-hz-wNbYbG1EsiU HTTP/1.1" 200 -
127.0.0.1 - - [30/Jan/2026:17:32:25 +0100] "GET /rhn/websocket/notifications HTTP/1.1" 101 -
172.16.3.5 - - [30/Jan/2026:17:32:25 +0100] "POST /rhn/manager/frontend-log HTTP/1.1" 200 16
172.16.3.5 - - [30/Jan/2026:17:32:26 +0100] "GET /rhn/systems/details/history/Pending.do?sid=1000010003& HTTP/1.1" 200 41398
172.16.3.7 - - [30/Jan/2026:17:32:26 +0100] "HEAD /rhn/manager/download/sle-module-desktop-applications15-sp7-pool-x86_64/repodata/repomd.xml?eyJhbGciOiJIUzI1NiJ9.eyJqdGkiOiJ3YUFlbFFONmEyMnVtMm9NWlRhbnJ3IiwiZXhwIjoxODAxMzI2NzE5LCJpYXQiOjE3Njk3OTA3MTksIm5iZiI6MTc2OTc5MDU5OSwib3JnIjoxLCJvbmx5Q2hhbm5lbHMiOlsic2xlLW1vZHVsZS1kZXNrdG9wLWFwcGxpY2F0aW9uczE1LXNwNy1wb29sLXg4Nl82NCJdfQ.MoBDELjKoMxkfc9VjbOi_CSvnaB-116HULFtHnMWecU HTTP/1.1" 200 -
172.16.3.7 - - [30/Jan/2026:17:32:26 +0100] "HEAD /rhn/manager/download/sle-module-desktop-applications15-sp7-pool-x86_64/media.1/media?eyJhbGciOiJIUzI1NiJ9.eyJqdGkiOiJ3YUFlbFFONmEyMnVtMm9NWlRhbnJ3IiwiZXhwIjoxODAxMzI2NzE5LCJpYXQiOjE3Njk3OTA3MTksIm5iZiI6MTc2OTc5MDU5OSwib3JnIjoxLCJvbmx5Q2hhbm5lbHMiOlsic2xlLW1vZHVsZS1kZXNrdG9wLWFwcGxpY2F0aW9uczE1LXNwNy1wb29sLXg4Nl82NCJdfQ.MoBDELjKoMxkfc9VjbOi_CSvnaB-116HULFtHnMWecU HTTP/1.1" 404 -
172.16.3.7 - - [30/Jan/2026:17:32:26 +0100] "HEAD /rhn/manager/download/sle-module-desktop-applications15-sp7-pool-x86_64/repodata/repomd.xml?eyJhbGciOiJIUzI1NiJ9.eyJqdGkiOiJ3YUFlbFFONmEyMnVtMm9NWlRhbnJ3IiwiZXhwIjoxODAxMzI2NzE5LCJpYXQiOjE3Njk3OTA3MTksIm5iZiI6MTc2OTc5MDU5OSwib3JnIjoxLCJvbmx5Q2hhbm5lbHMiOlsic2xlLW1vZHVsZS1kZXNrdG9wLWFwcGxpY2F0aW9uczE1LXNwNy1wb29sLXg4Nl82NCJdfQ.MoBDELjKoMxkfc9VjbOi_CSvnaB-116HULFtHnMWecU HTTP/1.1" 200 -
172.16.3.7 - - [30/Jan/2026:17:32:26 +0100] "GET /rhn/manager/download/sle-module-desktop-applications15-sp7-pool-x86_64/repodata/repomd.xml?eyJhbGciOiJIUzI1NiJ9.eyJqdGkiOiJ3YUFlbFFONmEyMnVtMm9NWlRhbnJ3IiwiZXhwIjoxODAxMzI2NzE5LCJpYXQiOjE3Njk3OTA3MTksIm5iZiI6MTc2OTc5MDU5OSwib3JnIjoxLCJvbmx5Q2hhbm5lbHMiOlsic2xlLW1vZHVsZS1kZXNrdG9wLWFwcGxpY2F0aW9uczE1LXNwNy1wb29sLXg4Nl82NCJdfQ.MoBDELjKoMxkfc9VjbOi_CSvnaB-116HULFtHnMWecU HTTP/1.1" 200 3664
172.16.3.7 - - [30/Jan/2026:17:32:26 +0100] "HEAD /rhn/manager/download/sle-module-desktop-applications15-sp7-pool-x86_64/repodata/repomd.xml.asc?eyJhbGciOiJIUzI1NiJ9.eyJqdGkiOiJ3YUFlbFFONmEyMnVtMm9NWlRhbnJ3IiwiZXhwIjoxODAxMzI2NzE5LCJpYXQiOjE3Njk3OTA3MTksIm5iZiI6MTc2OTc5MDU5OSwib3JnIjoxLCJvbmx5Q2hhbm5lbHMiOlsic2xlLW1vZHVsZS1kZXNrdG9wLWFwcGxpY2F0aW9uczE1LXNwNy1wb29sLXg4Nl82NCJdfQ.MoBDELjKoMxkfc9VjbOi_CSvnaB-116HULFtHnMWecU HTTP/1.1" 404 -
172.16.3.7 - - [30/Jan/2026:17:32:26 +0100] "HEAD /rhn/manager/download/sle-module-desktop-applications15-sp7-pool-x86_64/repodata/721e879891db00f3d47cf1a2e7e3cc96fa0cd109e622caaaf38d980d79ee7355-primary.xml.gz?eyJhbGciOiJIUzI1NiJ9.eyJqdGkiOiJ3YUFlbFFONmEyMnVtMm9NWlRhbnJ3IiwiZXhwIjoxODAxMzI2NzE5LCJpYXQiOjE3Njk3OTA3MTksIm5iZiI6MTc2OTc5MDU5OSwib3JnIjoxLCJvbmx5Q2hhbm5lbHMiOlsic2xlLW1vZHVsZS1kZXNrdG9wLWFwcGxpY2F0aW9uczE1LXNwNy1wb29sLXg4Nl82NCJdfQ.MoBDELjKoMxkfc9VjbOi_CSvnaB-116HULFtHnMWecU HTTP/1.1" 200 -
172.16.3.7 - - [30/Jan/2026:17:32:26 +0100] "GET /rhn/manager/download/sle-module-desktop-applications15-sp7-pool-x86_64/repodata/721e879891db00f3d47cf1a2e7e3cc96fa0cd109e622caaaf38d980d79ee7355-primary.xml.gz?eyJhbGciOiJIUzI1NiJ9.eyJqdGkiOiJ3YUFlbFFONmEyMnVtMm9NWlRhbnJ3IiwiZXhwIjoxODAxMzI2NzE5LCJpYXQiOjE3Njk3OTA3MTksIm5iZiI6MTc2OTc5MDU5OSwib3JnIjoxLCJvbmx5Q2hhbm5lbHMiOlsic2xlLW1vZHVsZS1kZXNrdG9wLWFwcGxpY2F0aW9uczE1LXNwNy1wb29sLXg4Nl82NCJdfQ.MoBDELjKoMxkfc9VjbOi_CSvnaB-116HULFtHnMWecU HTTP/1.1" 200 3664
127.0.0.1 - - [30/Jan/2026:17:32:26 +0100] "GET /rhn/websocket/notifications HTTP/1.1" 101 -
172.16.3.5 - - [30/Jan/2026:17:32:26 +0100] "POST /rhn/manager/frontend-log HTTP/1.1" 200 16
172.16.3.7 - - [30/Jan/2026:17:32:26 +0100] "HEAD /rhn/manager/download/sle-module-desktop-applications15-sp7-pool-x86_64/repodata/edf9aa09cbd728ae07028b768dd91a1e7ae525dd2f9740b2b9274fb94cd166b7-susedata.xml.gz?eyJhbGciOiJIUzI1NiJ9.eyJqdGkiOiJ3YUFlbFFONmEyMnVtMm9NWlRhbnJ3IiwiZXhwIjoxODAxMzI2NzE5LCJpYXQiOjE3Njk3OTA3MTksIm5iZiI6MTc2OTc5MDU5OSwib3JnIjoxLCJvbmx5Q2hhbm5lbHMiOlsic2xlLW1vZHVsZS1kZXNrdG9wLWFwcGxpY2F0aW9uczE1LXNwNy1wb29sLXg4Nl82NCJdfQ.MoBDELjKoMxkfc9VjbOi_CSvnaB-116HULFtHnMWecU HTTP/1.1" 200 -
172.16.3.7 - - [30/Jan/2026:17:32:26 +0100] "GET /rhn/manager/download/sle-module-desktop-applications15-sp7-pool-x86_64/repodata/edf9aa09cbd728ae07028b768dd91a1e7ae525dd2f9740b2b9274fb94cd166b7-susedata.xml.gz?eyJhbGciOiJIUzI1NiJ9.eyJqdGkiOiJ3YUFlbFFONmEyMnVtMm9NWlRhbnJ3IiwiZXhwIjoxODAxMzI2NzE5LCJpYXQiOjE3Njk3OTA3MTksIm5iZiI6MTc2OTc5MDU5OSwib3JnIjoxLCJvbmx5Q2hhbm5lbHMiOlsic2xlLW1vZHVsZS1kZXNrdG9wLWFwcGxpY2F0aW9uczE1LXNwNy1wb29sLXg4Nl82NCJdfQ.MoBDELjKoMxkfc9VjbOi_CSvnaB-116HULFtHnMWecU HTTP/1.1" 200 3664
172.16.3.5 - - [30/Jan/2026:17:32:26 +0100] "GET /rhn/systems/details/history/Pending.do?sid=1000010001& HTTP/1.1" 200 40615
172.16.3.5 - - [30/Jan/2026:17:32:26 +0100] "GET /rhn/systems/details/history/Pending.do?sid=1000010003& HTTP/1.1" 200 41398
172.16.3.5 - - [30/Jan/2026:17:32:26 +0100] "POST /rhn/manager/frontend-log HTTP/1.1" 200 16
127.0.0.1 - - [30/Jan/2026:17:32:26 +0100] "GET /rhn/websocket/notifications HTTP/1.1" 101 -
127.0.0.1 - - [30/Jan/2026:17:32:27 +0100] "GET /rhn/websocket/notifications HTTP/1.1" 101 -
172.16.3.5 - - [30/Jan/2026:17:32:27 +0100] "POST /rhn/manager/frontend-log HTTP/1.1" 200 16
172.16.3.5 - - [30/Jan/2026:17:32:27 +0100] "POST /rhn/manager/frontend-log HTTP/1.1" 200 16
127.0.0.1 - - [30/Jan/2026:17:32:27 +0100] "GET /rhn/websocket/notifications HTTP/1.1" 101 -
172.16.3.7 - - [30/Jan/2026:17:32:27 +0100] "HEAD /rhn/manager/download/sle-module-devtools15-sp7-pool-x86_64/repodata/repomd.xml?eyJhbGciOiJIUzI1NiJ9.eyJqdGkiOiJYZXZmOHpQWmxodzBvZ1ZIcGpkZlBnIiwiZXhwIjoxODAxMzI2NzE5LCJpYXQiOjE3Njk3OTA3MTksIm5iZiI6MTc2OTc5MDU5OSwib3JnIjoxLCJvbmx5Q2hhbm5lbHMiOlsic2xlLW1vZHVsZS1kZXZ0b29sczE1LXNwNy1wb29sLXg4Nl82NCJdfQ.iDGtCGSg_Gnf9JkZZckFkrsd7E14lRsxB9bxDYYQiZE HTTP/1.1" 200 -
