172.16.3.7 - - [30/Jan/2026:17:32:11 +0100] "GET /rhn/manager/download/sle-module-devtools15-sp7-updates-x86_64/repodata/repomd.xml?eyJhbGciOiJIUzI1NiJ9.eyJqdGkiOiJ6bnljaXpILTFHMWhDd3ltcGVJaHZ3IiwiZXhwIjoxODAxMzI2NzE5LCJpYXQiOjE3Njk3OTA3MTksIm5iZiI6MTc2OTc5MDU5OSwib3JnIjoxLCJvbmx5Q2hhbm5lbHMiOlsic2xlLW1vZHVsZS1kZXZ0b29sczE1LXNwNy11cGRhdGVzLXg4Nl82NCJdfQ.8o8St7D9giWBJG8IMpjvI3RwTJHjldaisptKUuxUFLU HTTP/1.1" 200 3664
172.16.3.7 - - [30/Jan/2026:17:32:11 +0100] "HEAD /rhn/manager/download/sle-module-devtools15-sp7-updates-x86_64/repodata/repomd.xml.asc?eyJhbGciOiJIUzI1NiJ9.eyJqdGkiOiJ6bnljaXpILTFHMWhDd3ltcGVJaHZ3IiwiZXhwIjoxODAxMzI2NzE5LCJpYXQiOjE3Njk3OTA3MTksIm5iZiI6MTc2OTc5MDU5OSwib3JnIjoxLCJvbmx5Q2hhbm5lbHMiOlsic2xlLW1vZHVsZS1kZXZ0b29sczE1LXNwNy11cGRhdGVzLXg4Nl82NCJdfQ.8o8St7D9giWBJG8IMpjvI3RwTJHjldaisptKUuxUFLU HTTP/1.1" 404 -
127.0.0.1 - - [30/Jan/2026:17:32:11 +0100] "GET /rhn/websocket/notifications HTTP/1.1" 101 -
172.16.3.7 - - [30/Jan/2026:17:32:11 +0100] "HEAD /rhn/manager/download/sle-module-devtools15-sp7-updates-x86_64/repodata/9047411fc038e93bfd529499eb31c84ec8c27839d01b6b4f450caf2eaf268f3e-primary.xml.gz?eyJhbGciOiJIUzI1NiJ9.eyJqdGkiOiJ6bnljaXpILTFHMWhDd3ltcGVJaHZ3IiwiZXhwIjoxODAxMzI2NzE5LCJpYXQiOjE3Njk3OTA3MTksIm5iZiI6MTc2OTc5MDU5OSwib3JnIjoxLCJvbmx5Q2hhbm5lbHMiOlsic2xlLW1vZHVsZS1kZXZ0b29sczE1LXNwNy11cGRhdGVzLXg4Nl82NCJdfQ.8o8St7D9giWBJG8IMpjvI3RwTJHjldaisptKUuxUFLU HTTP/1.1" 200 -
172.16.3.5 - - [30/Jan/2026:17:32:11 +0100] "POST /rhn/manager/frontend-log HTTP/1.1" 200 16
172.16.3.7 - - [30/Jan/2026:17:32:11 +0100] "GET /rhn/manager/download/sle-module-devtools15-sp7-updates-x86_64/repodata/9047411fc038e93bfd529499eb31c84ec8c27839d01b6b4f450caf2eaf268f3e-primary.xml.gz?eyJhbGciOiJIUzI1NiJ9.eyJqdGkiOiJ6bnljaXpILTFHMWhDd3ltcGVJaHZ3IiwiZXhwIjoxODAxMzI2NzE5LCJpYXQiOjE3Njk3OTA3MTksIm5iZiI6MTc2OTc5MDU5OSwib3JnIjoxLCJvbmx5Q2hhbm5lbHMiOlsic2xlLW1vZHVsZS1kZXZ0b29sczE1LXNwNy11cGRhdGVzLXg4Nl82NCJdfQ.8o8St7D9giWBJG8IMpjvI3RwTJHjldaisptKUuxUFLU HTTP/1.1" 200 3663
172.16.3.7 - - [30/Jan/2026:17:32:11 +0100] "HEAD /rhn/manager/download/sle-module-devtools15-sp7-updates-x86_64/repodata/1b938e2eaf46d8f310d0185c0c90aa87aefe236aceedb37b1e7035cecbc052d6-susedata.xml.gz?eyJhbGciOiJIUzI1NiJ9.eyJqdGkiOiJ6bnljaXpILTFHMWhDd3ltcGVJaHZ3IiwiZXhwIjoxODAxMzI2NzE5LCJpYXQiOjE3Njk3OTA3MTksIm5iZiI6MTc2OTc5MDU5OSwib3JnIjoxLCJvbmx5Q2hhbm5lbHMiOlsic2xlLW1vZHVsZS1kZXZ0b29sczE1LXNwNy11cGRhdGVzLXg4Nl82NCJdfQ.8o8St7D9giWBJG8IMpjvI3RwTJHjldaisptKUuxUFLU HTTP/1.1" 200 -
172.16.3.7 - - [30/Jan/2026:17:32:11 +0100] "GET /rhn/manager/download/sle-module-devtools15-sp7-updates-x86_64/repodata/1b938e2eaf46d8f310d0185c0c90aa87aefe236aceedb37b1e7035cecbc052d6-susedata.xml.gz?eyJhbGciOiJIUzI1NiJ9.eyJqdGkiOiJ6bnljaXpILTFHMWhDd3ltcGVJaHZ3IiwiZXhwIjoxODAxMzI2NzE5LCJpYXQiOjE3Njk3OTA3MTksIm5iZiI6MTc2OTc5MDU5OSwib3JnIjoxLCJvbmx5Q2hhbm5lbHMiOlsic2xlLW1vZHVsZS1kZXZ0b29sczE1LXNwNy11cGRhdGVzLXg4Nl82NCJdfQ.8o8St7D9giWBJG8IMpjvI3RwTJHjldaisptKUuxUFLU HTTP/1.1" 200 3664
172.16.3.7 - - [30/Jan/2026:17:32:11 +0100] "HEAD /rhn/manager/download/sle-module-devtools15-sp7-updates-x86_64/repodata/fe17b7ffebf24fe666713eb808568f89a970a96020dd1a28708bde07b57c3947-updateinfo.xml.gz?eyJhbGciOiJIUzI1NiJ9.eyJqdGkiOiJ6bnljaXpILTFHMWhDd3ltcGVJaHZ3IiwiZXhwIjoxODAxMzI2NzE5LCJpYXQiOjE3Njk3OTA3MTksIm5iZiI6MTc2OTc5MDU5OSwib3JnIjoxLCJvbmx5Q2hhbm5lbHMiOlsic2xlLW1vZHVsZS1kZXZ0b29sczE1LXNwNy11cGRhdGVzLXg4Nl82NCJdfQ.8o8St7D9giWBJG8IMpjvI3RwTJHjldaisptKUuxUFLU HTTP/1.1" 200 -
172.16.3.7 - - [30/Jan/2026:17:32:11 +0100] "GET /rhn/manager/download/sle-module-devtools15-sp7-updates-x86_64/repodata/fe17b7ffebf24fe666713eb808568f89a970a96020dd1a28708bde07b57c3947-updateinfo.xml.gz?eyJhbGciOiJIUzI1NiJ9.eyJqdGkiOiJ6bnljaXpILTFHMWhDd3ltcGVJaHZ3IiwiZXhwIjoxODAxMzI2NzE5LCJpYXQiOjE3Njk3OTA3MTksIm5iZiI6MTc2OTc5MDU5OSwib3JnIjoxLCJvbmx5Q2hhbm5lbHMiOlsic2xlLW1vZHVsZS1kZXZ0b29sczE1LXNwNy11cGRhdGVzLXg4Nl82NCJdfQ.8o8St7D9giWBJG8IMpjvI3RwTJHjldaisptKUuxUFLU HTTP/1.1" 200 3664
172.16.3.7 - - [30/Jan/2026:17:32:11 +0100] "HEAD /rhn/manager/download/sle-module-python3-15-sp7-pool-x86_64/repodata/repomd.xml?eyJhbGciOiJIUzI1NiJ9.eyJqdGkiOiJxM21sWWpJc3NVNnQ4M2h6RkRQT3V3IiwiZXhwIjoxODAxMzI2NzE5LCJpYXQiOjE3Njk3OTA3MTksIm5iZiI6MTc2OTc5MDU5OSwib3JnIjoxLCJvbmx5Q2hhbm5lbHMiOlsic2xlLW1vZHVsZS1weXRob24zLTE1LXNwNy1wb29sLXg4Nl82NCJdfQ.3vX7mQ9Booz7OS3UHgnjLmHlCJxm5scMBUoSjlQnEao HTTP/1.1" 200 -
172.16.3.5 - - [30/Jan/2026:17:32:11 +0100] "GET /rhn/manager/api/systems/list/all?p=1&ps=100&s=1&sc=server_name HTTP/1.1" 200 3286
172.16.3.7 - - [30/Jan/2026:17:32:11 +0100] "HEAD /rhn/manager/download/sle-module-python3-15-sp7-pool-x86_64/media.1/media?eyJhbGciOiJIUzI1NiJ9.eyJqdGkiOiJxM21sWWpJc3NVNnQ4M2h6RkRQT3V3IiwiZXhwIjoxODAxMzI2NzE5LCJpYXQiOjE3Njk3OTA3MTksIm5iZiI6MTc2OTc5MDU5OSwib3JnIjoxLCJvbmx5Q2hhbm5lbHMiOlsic2xlLW1vZHVsZS1weXRob24zLTE1LXNwNy1wb29sLXg4Nl82NCJdfQ.3vX7mQ9Booz7OS3UHgnjLmHlCJxm5scMBUoSjlQnEao HTTP/1.1" 404 -
172.16.3.7 - - [30/Jan/2026:17:32:11 +0100] "HEAD /rhn/manager/download/sle-module-python3-15-sp7-pool-x86_64/repodata/repomd.xml?eyJhbGciOiJIUzI1NiJ9.eyJqdGkiOiJxM21sWWpJc3NVNnQ4M2h6RkRQT3V3IiwiZXhwIjoxODAxMzI2NzE5LCJpYXQiOjE3Njk3OTA3MTksIm5iZiI6MTc2OTc5MDU5OSwib3JnIjoxLCJvbmx5Q2hhbm5lbHMiOlsic2xlLW1vZHVsZS1weXRob24zLTE1LXNwNy1wb29sLXg4Nl82NCJdfQ.3vX7mQ9Booz7OS3UHgnjLmHlCJxm5scMBUoSjlQnEao HTTP/1.1" 200 -
172.16.3.7 - - [30/Jan/2026:17:32:11 +0100] "GET /rhn/manager/download/sle-module-python3-15-sp7-pool-x86_64/repodata/repomd.xml?eyJhbGciOiJIUzI1NiJ9.eyJqdGkiOiJxM21sWWpJc3NVNnQ4M2h6RkRQT3V3IiwiZXhwIjoxODAxMzI2NzE5LCJpYXQiOjE3Njk3OTA3MTksIm5iZiI6MTc2OTc5MDU5OSwib3JnIjoxLCJvbmx5Q2hhbm5lbHMiOlsic2xlLW1vZHVsZS1weXRob24zLTE1LXNwNy1wb29sLXg4Nl82NCJdfQ.3vX7mQ9Booz7OS3UHgnjLmHlCJxm5scMBUoSjlQnEao HTTP/1.1" 200 3664
172.16.3.7 - - [30/Jan/2026:17:32:11 +0100] "HEAD /rhn/manager/download/sle-module-python3-15-sp7-pool-x86_64/repodata/repomd.xml.asc?eyJhbGciOiJIUzI1NiJ9.eyJqdGkiOiJxM21sWWpJc3NVNnQ4M2h6RkRQT3V3IiwiZXhwIjoxODAxMzI2NzE5LCJpYXQiOjE3Njk3OTA3MTksIm5iZiI6MTc2OTc5MDU5OSwib3JnIjoxLCJvbmx5Q2hhbm5lbHMiOlsic2xlLW1vZHVsZS1weXRob24zLTE1LXNwNy1wb29sLXg4Nl82NCJdfQ.3vX7mQ9Booz7OS3UHgnjLmHlCJxm5scMBUoSjlQnEao HTTP/1.1" 404 -
172.16.3.7 - - [30/Jan/2026:17:32:11 +0100] "HEAD /rhn/manager/download/sle-module-python3-15-sp7-pool-x86_64/repodata/9dbc5bfc91b16c6939bcf42bda6d28cc801810554db9b4ad3cc1d898e0f55afe-primary.xml.gz?eyJhbGciOiJIUzI1NiJ9.eyJqdGkiOiJxM21sWWpJc3NVNnQ4M2h6RkRQT3V3IiwiZXhwIjoxODAxMzI2NzE5LCJpYXQiOjE3Njk3OTA3MTksIm5iZiI6MTc2OTc5MDU5OSwib3JnIjoxLCJvbmx5Q2hhbm5lbHMiOlsic2xlLW1vZHVsZS1weXRob24zLTE1LXNwNy1wb29sLXg4Nl82NCJdfQ.3vX7mQ9Booz7OS3UHgnjLmHlCJxm5scMBUoSjlQnEao HTTP/1.1" 200 -
172.16.3.7 - - [30/Jan/2026:17:32:11 +0100] "GET /rhn/manager/download/sle-module-python3-15-sp7-pool-x86_64/repodata/9dbc5bfc91b16c6939bcf42bda6d28cc801810554db9b4ad3cc1d898e0f55afe-primary.xml.gz?eyJhbGciOiJIUzI1NiJ9.eyJqdGkiOiJxM21sWWpJc3NVNnQ4M2h6RkRQT3V3IiwiZXhwIjoxODAxMzI2NzE5LCJpYXQiOjE3Njk3OTA3MTksIm5iZiI6MTc2OTc5MDU5OSwib3JnIjoxLCJvbmx5Q2hhbm5lbHMiOlsic2xlLW1vZHVsZS1weXRob24zLTE1LXNwNy1wb29sLXg4Nl82NCJdfQ.3vX7mQ9Booz7OS3UHgnjLmHlCJxm5scMBUoSjlQnEao HTTP/1.1" 200 3664
172.16.3.7 - - [30/Jan/2026:17:32:11 +0100] "HEAD /rhn/manager/download/sle-module-python3-15-sp7-pool-x86_64/repodata/6a4a7565f896fc36f9fe34821580dbf55aaa253dc94a2e8038aa509ce859404a-susedata.xml.gz?eyJhbGciOiJIUzI1NiJ9.eyJqdGkiOiJxM21sWWpJc3NVNnQ4M2h6RkRQT3V3IiwiZXhwIjoxODAxMzI2NzE5LCJpYXQiOjE3Njk3OTA3MTksIm5iZiI6MTc2OTc5MDU5OSwib3JnIjoxLCJvbmx5Q2hhbm5lbHMiOlsic2xlLW1vZHVsZS1weXRob24zLTE1LXNwNy1wb29sLXg4Nl82NCJdfQ.3vX7mQ9Booz7OS3UHgnjLmHlCJxm5scMBUoSjlQnEao HTTP/1.1" 200 -
172.16.3.7 - - [30/Jan/2026:17:32:12 +0100] "GET /rhn/manager/download/sle-module-python3-15-sp7-pool-x86_64/repodata/6a4a7565f896fc36f9fe34821580dbf55aaa253dc94a2e8038aa509ce859404a-susedata.xml.gz?eyJhbGciOiJIUzI1NiJ9.eyJqdGkiOiJxM21sWWpJc3NVNnQ4M2h6RkRQT3V3IiwiZXhwIjoxODAxMzI2NzE5LCJpYXQiOjE3Njk3OTA3MTksIm5iZiI6MTc2OTc5MDU5OSwib3JnIjoxLCJvbmx5Q2hhbm5lbHMiOlsic2xlLW1vZHVsZS1weXRob24zLTE1LXNwNy1wb29sLXg4Nl82NCJdfQ.3vX7mQ9Booz7OS3UHgnjLmHlCJxm5scMBUoSjlQnEao HTTP/1.1" 200 3664
172.16.3.5 - - [30/Jan/2026:17:32:12 +0100] "POST /rhn/manager/api/sets/system_list HTTP/1.1" 200 1
172.16.3.7 - - [30/Jan/2026:17:32:12 +0100] "HEAD /rhn/manager/download/sle-module-python3-15-sp7-updates-x86_64/repodata/repomd.xml?eyJhbGciOiJIUzI1NiJ9.eyJqdGkiOiJwUGN1QUZsazNhTG9WUGtMNkIxMEdnIiwiZXhwIjoxODAxMzI2NzE5LCJpYXQiOjE3Njk3OTA3MTksIm5iZiI6MTc2OTc5MDU5OSwib3JnIjoxLCJvbmx5Q2hhbm5lbHMiOlsic2xlLW1vZHVsZS1weXRob24zLTE1LXNwNy11cGRhdGVzLXg4Nl82NCJdfQ.0VHMN0S3HUf8iWbXk30lHm43yOLH4NnWWF0a-COzCA0 HTTP/1.1" 200 -
172.16.3.7 - - [30/Jan/2026:17:32:12 +0100] "HEAD /rhn/manager/download/sle-module-python3-15-sp7-updates-x86_64/media.1/media?eyJhbGciOiJIUzI1NiJ9.eyJqdGkiOiJwUGN1QUZsazNhTG9WUGtMNkIxMEdnIiwiZXhwIjoxODAxMzI2NzE5LCJpYXQiOjE3Njk3OTA3MTksIm5iZiI6MTc2OTc5MDU5OSwib3JnIjoxLCJvbmx5Q2hhbm5lbHMiOlsic2xlLW1vZHVsZS1weXRob24zLTE1LXNwNy11cGRhdGVzLXg4Nl82NCJdfQ.0VHMN0S3HUf8iWbXk30lHm43yOLH4NnWWF0a-COzCA0 HTTP/1.1" 404 -
172.16.3.7 - - [30/Jan/2026:17:32:12 +0100] "HEAD /rhn/manager/download/sle-module-python3-15-sp7-updates-x86_64/repodata/repomd.xml?eyJhbGciOiJIUzI1NiJ9.eyJqdGkiOiJwUGN1QUZsazNhTG9WUGtMNkIxMEdnIiwiZXhwIjoxODAxMzI2NzE5LCJpYXQiOjE3Njk3OTA3MTksIm5iZiI6MTc2OTc5MDU5OSwib3JnIjoxLCJvbmx5Q2hhbm5lbHMiOlsic2xlLW1vZHVsZS1weXRob24zLTE1LXNwNy11cGRhdGVzLXg4Nl82NCJdfQ.0VHMN0S3HUf8iWbXk30lHm43yOLH4NnWWF0a-COzCA0 HTTP/1.1" 200 -
172.16.3.7 - - [30/Jan/2026:17:32:12 +0100] "GET /rhn/manager/download/sle-module-python3-15-sp7-updates-x86_64/repodata/repomd.xml?eyJhbGciOiJIUzI1NiJ9.eyJqdGkiOiJwUGN1QUZsazNhTG9WUGtMNkIxMEdnIiwiZXhwIjoxODAxMzI2NzE5LCJpYXQiOjE3Njk3OTA3MTksIm5iZiI6MTc2OTc5MDU5OSwib3JnIjoxLCJvbmx5Q2hhbm5lbHMiOlsic2xlLW1vZHVsZS1weXRob24zLTE1LXNwNy11cGRhdGVzLXg4Nl82NCJdfQ.0VHMN0S3HUf8iWbXk30lHm43yOLH4NnWWF0a-COzCA0 HTTP/1.1" 200 3664
172.16.3.7 - - [30/Jan/2026:17:32:12 +0100] "HEAD /rhn/manager/download/sle-module-python3-15-sp7-updates-x86_64/repodata/repomd.xml.asc?eyJhbGciOiJIUzI1NiJ9.eyJqdGkiOiJwUGN1QUZsazNhTG9WUGtMNkIxMEdnIiwiZXhwIjoxODAxMzI2NzE5LCJpYXQiOjE3Njk3OTA3MTksIm5iZiI6MTc2OTc5MDU5OSwib3JnIjoxLCJvbmx5Q2hhbm5lbHMiOlsic2xlLW1vZHVsZS1weXRob24zLTE1LXNwNy11cGRhdGVzLXg4Nl82NCJdfQ.0VHMN0S3HUf8iWbXk30lHm43yOLH4NnWWF0a-COzCA0 HTTP/1.1" 404 -
172.16.3.7 - - [30/Jan/2026:17:32:12 +0100] "HEAD /rhn/manager/download/sle-module-python3-15-sp7-updates-x86_64/repodata/dcfdfec98f496100dc332687c5914398cd934f71833ee59b42f50d1ab031d03b-primary.xml.gz?eyJhbGciOiJIUzI1NiJ9.eyJqdGkiOiJwUGN1QUZsazNhTG9WUGtMNkIxMEdnIiwiZXhwIjoxODAxMzI2NzE5LCJpYXQiOjE3Njk3OTA3MTksIm5iZiI6MTc2OTc5MDU5OSwib3JnIjoxLCJvbmx5Q2hhbm5lbHMiOlsic2xlLW1vZHVsZS1weXRob24zLTE1LXNwNy11cGRhdGVzLXg4Nl82NCJdfQ.0VHMN0S3HUf8iWbXk30lHm43yOLH4NnWWF0a-COzCA0 HTTP/1.1" 200 -
172.16.3.7 - - [30/Jan/2026:17:32:12 +0100] "GET /rhn/manager/download/sle-module-python3-15-sp7-updates-x86_64/repodata/dcfdfec98f496100dc332687c5914398cd934f71833ee59b42f50d1ab031d03b-primary.xml.gz?eyJhbGciOiJIUzI1NiJ9.eyJqdGkiOiJwUGN1QUZsazNhTG9WUGtMNkIxMEdnIiwiZXhwIjoxODAxMzI2NzE5LCJpYXQiOjE3Njk3OTA3MTksIm5iZiI6MTc2OTc5MDU5OSwib3JnIjoxLCJvbmx5Q2hhbm5lbHMiOlsic2xlLW1vZHVsZS1weXRob24zLTE1LXNwNy11cGRhdGVzLXg4Nl82NCJdfQ.0VHMN0S3HUf8iWbXk30lHm43yOLH4NnWWF0a-COzCA0 HTTP/1.1" 200 3664
172.16.3.7 - - [30/Jan/2026:17:32:12 +0100] "HEAD /rhn/manager/download/sle-module-python3-15-sp7-updates-x86_64/repodata/127b68160192fa6f8dc863740e0c603c35f8d3bb278ebc37eb93041a0475bf32-susedata.xml.gz?eyJhbGciOiJIUzI1NiJ9.eyJqdGkiOiJwUGN1QUZsazNhTG9WUGtMNkIxMEdnIiwiZXhwIjoxODAxMzI2NzE5LCJpYXQiOjE3Njk3OTA3MTksIm5iZiI6MTc2OTc5MDU5OSwib3JnIjoxLCJvbmx5Q2hhbm5lbHMiOlsic2xlLW1vZHVsZS1weXRob24zLTE1LXNwNy11cGRhdGVzLXg4Nl82NCJdfQ.0VHMN0S3HUf8iWbXk30lHm43yOLH4NnWWF0a-COzCA0 HTTP/1.1" 200 -
172.16.3.7 - - [30/Jan/2026:17:32:12 +0100] "GET /rhn/manager/download/sle-module-python3-15-sp7-updates-x86_64/repodata/127b68160192fa6f8dc863740e0c603c35f8d3bb278ebc37eb93041a0475bf32-susedata.xml.gz?eyJhbGciOiJIUzI1NiJ9.eyJqdGkiOiJwUGN1QUZsazNhTG9WUGtMNkIxMEdnIiwiZXhwIjoxODAxMzI2NzE5LCJpYXQiOjE3Njk3OTA3MTksIm5iZiI6MTc2OTc5MDU5OSwib3JnIjoxLCJvbmx5Q2hhbm5lbHMiOlsic2xlLW1vZHVsZS1weXRob24zLTE1LXNwNy11cGRhdGVzLXg4Nl82NCJdfQ.0VHMN0S3HUf8iWbXk30lHm43yOLH4NnWWF0a-COzCA0 HTTP/1.1" 200 3664
172.16.3.7 - - [30/Jan/2026:17:32:12 +0100] "HEAD /rhn/manager/download/sle-module-python3-15-sp7-updates-x86_64/repodata/55409172f6cf80716aef3e41c05f1638d609e5565624030d964bc77ddfc8937f-updateinfo.xml.gz?eyJhbGciOiJIUzI1NiJ9.eyJqdGkiOiJwUGN1QUZsazNhTG9WUGtMNkIxMEdnIiwiZXhwIjoxODAxMzI2NzE5LCJpYXQiOjE3Njk3OTA3MTksIm5iZiI6MTc2OTc5MDU5OSwib3JnIjoxLCJvbmx5Q2hhbm5lbHMiOlsic2xlLW1vZHVsZS1weXRob24zLTE1LXNwNy11cGRhdGVzLXg4Nl82NCJdfQ.0VHMN0S3HUf8iWbXk30lHm43yOLH4NnWWF0a-COzCA0 HTTP/1.1" 200 -
172.16.3.7 - - [30/Jan/2026:17:32:12 +0100] "GET /rhn/manager/download/sle-module-python3-15-sp7-updates-x86_64/repodata/55409172f6cf80716aef3e41c05f1638d609e5565624030d964bc77ddfc8937f-updateinfo.xml.gz?eyJhbGciOiJIUzI1NiJ9.eyJqdGkiOiJwUGN1QUZsazNhTG9WUGtMNkIxMEdnIiwiZXhwIjoxODAxMzI2NzE5LCJpYXQiOjE3Njk3OTA3MTksIm5iZiI6MTc2OTc5MDU5OSwib3JnIjoxLCJvbmx5Q2hhbm5lbHMiOlsic2xlLW1vZHVsZS1weXRob24zLTE1LXNwNy11cGRhdGVzLXg4Nl82NCJdfQ.0VHMN0S3HUf8iWbXk30lHm43yOLH4NnWWF0a-COzCA0 HTTP/1.1" 200 3664
172.16.3.7 - - [30/Jan/2026:17:32:12 +0100] "HEAD /rhn/manager/download/sle-module-server-applications15-sp7-pool-x86_64/repodata/repomd.xml?eyJhbGciOiJIUzI1NiJ9.eyJqdGkiOiJycmNPX3N4TjJPRThaYTZFaTZ0QVV3IiwiZXhwIjoxODAxMzI2NzE5LCJpYXQiOjE3Njk3OTA3MTksIm5iZiI6MTc2OTc5MDU5OSwib3JnIjoxLCJvbmx5Q2hhbm5lbHMiOlsic2xlLW1vZHVsZS1zZXJ2ZXItYXBwbGljYXRpb25zMTUtc3A3LXBvb2wteDg2XzY0Il19.vYGfSESN5DpJOoM1UUmxXIfwWBOBgOjNKxgB5nRUG-k HTTP/1.1" 200 -
172.16.3.7 - - [30/Jan/2026:17:32:12 +0100] "HEAD /rhn/manager/download/sle-module-server-applications15-sp7-pool-x86_64/media.1/media?eyJhbGciOiJIUzI1NiJ9.eyJqdGkiOiJycmNPX3N4TjJPRThaYTZFaTZ0QVV3IiwiZXhwIjoxODAxMzI2NzE5LCJpYXQiOjE3Njk3OTA3MTksIm5iZiI6MTc2OTc5MDU5OSwib3JnIjoxLCJvbmx5Q2hhbm5lbHMiOlsic2xlLW1vZHVsZS1zZXJ2ZXItYXBwbGljYXRpb25zMTUtc3A3LXBvb2wteDg2XzY0Il19.vYGfSESN5DpJOoM1UUmxXIfwWBOBgOjNKxgB5nRUG-k HTTP/1.1" 404 -
172.16.3.7 - - [30/Jan/2026:17:32:12 +0100] "HEAD /rhn/manager/download/sle-module-server-applications15-sp7-pool-x86_64/repodata/repomd.xml?eyJhbGciOiJIUzI1NiJ9.eyJqdGkiOiJycmNPX3N4TjJPRThaYTZFaTZ0QVV3IiwiZXhwIjoxODAxMzI2NzE5LCJpYXQiOjE3Njk3OTA3MTksIm5iZiI6MTc2OTc5MDU5OSwib3JnIjoxLCJvbmx5Q2hhbm5lbHMiOlsic2xlLW1vZHVsZS1zZXJ2ZXItYXBwbGljYXRpb25zMTUtc3A3LXBvb2wteDg2XzY0Il19.vYGfSESN5DpJOoM1UUmxXIfwWBOBgOjNKxgB5nRUG-k HTTP/1.1" 200 -
172.16.3.7 - - [30/Jan/2026:17:32:12 +0100] "GET /rhn/manager/download/sle-module-server-applications15-sp7-pool-x86_64/repodata/repomd.xml?eyJhbGciOiJIUzI1NiJ9.eyJqdGkiOiJycmNPX3N4TjJPRThaYTZFaTZ0QVV3IiwiZXhwIjoxODAxMzI2NzE5LCJpYXQiOjE3Njk3OTA3MTksIm5iZiI6MTc2OTc5MDU5OSwib3JnIjoxLCJvbmx5Q2hhbm5lbHMiOlsic2xlLW1vZHVsZS1zZXJ2ZXItYXBwbGljYXRpb25zMTUtc3A3LXBvb2wteDg2XzY0Il19.vYGfSESN5DpJOoM1UUmxXIfwWBOBgOjNKxgB5nRUG-k HTTP/1.1" 200 3663
172.16.3.7 - - [30/Jan/2026:17:32:12 +0100] "HEAD /rhn/manager/download/sle-module-server-applications15-sp7-pool-x86_64/repodata/repomd.xml.asc?eyJhbGciOiJIUzI1NiJ9.eyJqdGkiOiJycmNPX3N4TjJPRThaYTZFaTZ0QVV3IiwiZXhwIjoxODAxMzI2NzE5LCJpYXQiOjE3Njk3OTA3MTksIm5iZiI6MTc2OTc5MDU5OSwib3JnIjoxLCJvbmx5Q2hhbm5lbHMiOlsic2xlLW1vZHVsZS1zZXJ2ZXItYXBwbGljYXRpb25zMTUtc3A3LXBvb2wteDg2XzY0Il19.vYGfSESN5DpJOoM1UUmxXIfwWBOBgOjNKxgB5nRUG-k HTTP/1.1" 404 -
172.16.3.7 - - [30/Jan/2026:17:32:12 +0100] "HEAD /rhn/manager/download/sle-module-server-applications15-sp7-pool-x86_64/repodata/e5d82a913381b23acaf8a3e136790679123d29f7f79b1d1a8b717648ef9ee7b8-primary.xml.gz?eyJhbGciOiJIUzI1NiJ9.eyJqdGkiOiJycmNPX3N4TjJPRThaYTZFaTZ0QVV3IiwiZXhwIjoxODAxMzI2NzE5LCJpYXQiOjE3Njk3OTA3MTksIm5iZiI6MTc2OTc5MDU5OSwib3JnIjoxLCJvbmx5Q2hhbm5lbHMiOlsic2xlLW1vZHVsZS1zZXJ2ZXItYXBwbGljYXRpb25zMTUtc3A3LXBvb2wteDg2XzY0Il19.vYGfSESN5DpJOoM1UUmxXIfwWBOBgOjNKxgB5nRUG-k HTTP/1.1" 200 -
172.16.3.5 - - [30/Jan/2026:17:32:12 +0100] "GET /rhn/manager/systems/list/all HTTP/1.1" 200 34439
172.16.3.7 - - [30/Jan/2026:17:32:12 +0100] "GET /rhn/manager/download/sle-module-server-applications15-sp7-pool-x86_64/repodata/e5d82a913381b23acaf8a3e136790679123d29f7f79b1d1a8b717648ef9ee7b8-primary.xml.gz?eyJhbGciOiJIUzI1NiJ9.eyJqdGkiOiJycmNPX3N4TjJPRThaYTZFaTZ0QVV3IiwiZXhwIjoxODAxMzI2NzE5LCJpYXQiOjE3Njk3OTA3MTksIm5iZiI6MTc2OTc5MDU5OSwib3JnIjoxLCJvbmx5Q2hhbm5lbHMiOlsic2xlLW1vZHVsZS1zZXJ2ZXItYXBwbGljYXRpb25zMTUtc3A3LXBvb2wteDg2XzY0Il19.vYGfSESN5DpJOoM1UUmxXIfwWBOBgOjNKxgB5nRUG-k HTTP/1.1" 200 3664
172.16.3.7 - - [30/Jan/2026:17:32:12 +0100] "HEAD /rhn/manager/download/sle-module-server-applications15-sp7-pool-x86_64/repodata/7e445055ff000846912425f3242dee3e6d9fc553168127ccae4badab4d32e5ae-susedata.xml.gz?eyJhbGciOiJIUzI1NiJ9.eyJqdGkiOiJycmNPX3N4TjJPRThaYTZFaTZ0QVV3IiwiZXhwIjoxODAxMzI2NzE5LCJpYXQiOjE3Njk3OTA3MTksIm5iZiI6MTc2OTc5MDU5OSwib3JnIjoxLCJvbmx5Q2hhbm5lbHMiOlsic2xlLW1vZHVsZS1zZXJ2ZXItYXBwbGljYXRpb25zMTUtc3A3LXBvb2wteDg2XzY0Il19.vYGfSESN5DpJOoM1UUmxXIfwWBOBgOjNKxgB5nRUG-k HTTP/1.1" 200 -
172.16.3.7 - - [30/Jan/2026:17:32:12 +0100] "GET /rhn/manager/download/sle-module-server-applications15-sp7-pool-x86_64/repodata/7e445055ff000846912425f3242dee3e6d9fc553168127ccae4badab4d32e5ae-susedata.xml.gz?eyJhbGciOiJIUzI1NiJ9.eyJqdGkiOiJycmNPX3N4TjJPRThaYTZFaTZ0QVV3IiwiZXhwIjoxODAxMzI2NzE5LCJpYXQiOjE3Njk3OTA3MTksIm5iZiI6MTc2OTc5MDU5OSwib3JnIjoxLCJvbmx5Q2hhbm5lbHMiOlsic2xlLW1vZHVsZS1zZXJ2ZXItYXBwbGljYXRpb25zMTUtc3A3LXBvb2wteDg2XzY0Il19.vYGfSESN5DpJOoM1UUmxXIfwWBOBgOjNKxgB5nRUG-k HTTP/1.1" 200 3664
172.16.3.5 - - [30/Jan/2026:17:32:12 +0100] "POST /rhn/manager/frontend-log HTTP/1.1" 200 16
172.16.3.5 - - [30/Jan/2026:17:32:12 +0100] "GET /rhn/manager/systems/list/all HTTP/1.1" 200 34439
172.16.3.7 - - [30/Jan/2026:17:32:12 +0100] "HEAD /rhn/manager/download/sle-module-server-applications15-sp7-updates-x86_64/repodata/repomd.xml?eyJhbGciOiJIUzI1NiJ9.eyJqdGkiOiJ3eWZsMDBOUENkWVpTV0RCZ3V5VjRRIiwiZXhwIjoxODAxMzI2NzE5LCJpYXQiOjE3Njk3OTA3MTksIm5iZiI6MTc2OTc5MDU5OSwib3JnIjoxLCJvbmx5Q2hhbm5lbHMiOlsic2xlLW1vZHVsZS1zZXJ2ZXItYXBwbGljYXRpb25zMTUtc3A3LXVwZGF0ZXMteDg2XzY0Il19.B3806ddgT1UmVSvUu9d0IkspObJSymGrg9RnKFyTgtw HTTP/1.1" 200 -
127.0.0.1 - - [30/Jan/2026:17:32:12 +0100] "GET /rhn/websocket/notifications HTTP/1.1" 101 -
172.16.3.7 - - [30/Jan/2026:17:32:12 +0100] "HEAD /rhn/manager/download/sle-module-server-applications15-sp7-updates-x86_64/media.1/media?eyJhbGciOiJIUzI1NiJ9.eyJqdGkiOiJ3eWZsMDBOUENkWVpTV0RCZ3V5VjRRIiwiZXhwIjoxODAxMzI2NzE5LCJpYXQiOjE3Njk3OTA3MTksIm5iZiI6MTc2OTc5MDU5OSwib3JnIjoxLCJvbmx5Q2hhbm5lbHMiOlsic2xlLW1vZHVsZS1zZXJ2ZXItYXBwbGljYXRpb25zMTUtc3A3LXVwZGF0ZXMteDg2XzY0Il19.B3806ddgT1UmVSvUu9d0IkspObJSymGrg9RnKFyTgtw HTTP/1.1" 404 -
172.16.3.7 - - [30/Jan/2026:17:32:13 +0100] "HEAD /rhn/manager/download/sle-module-server-applications15-sp7-updates-x86_64/repodata/repomd.xml?eyJhbGciOiJIUzI1NiJ9.eyJqdGkiOiJ3eWZsMDBOUENkWVpTV0RCZ3V5VjRRIiwiZXhwIjoxODAxMzI2NzE5LCJpYXQiOjE3Njk3OTA3MTksIm5iZiI6MTc2OTc5MDU5OSwib3JnIjoxLCJvbmx5Q2hhbm5lbHMiOlsic2xlLW1vZHVsZS1zZXJ2ZXItYXBwbGljYXRpb25zMTUtc3A3LXVwZGF0ZXMteDg2XzY0Il19.B3806ddgT1UmVSvUu9d0IkspObJSymGrg9RnKFyTgtw HTTP/1.1" 200 -
172.16.3.7 - - [30/Jan/2026:17:32:13 +0100] "GET /rhn/manager/download/sle-module-server-applications15-sp7-updates-x86_64/repodata/repomd.xml?eyJhbGciOiJIUzI1NiJ9.eyJqdGkiOiJ3eWZsMDBOUENkWVpTV0RCZ3V5VjRRIiwiZXhwIjoxODAxMzI2NzE5LCJpYXQiOjE3Njk3OTA3MTksIm5iZiI6MTc2OTc5MDU5OSwib3JnIjoxLCJvbmx5Q2hhbm5lbHMiOlsic2xlLW1vZHVsZS1zZXJ2ZXItYXBwbGljYXRpb25zMTUtc3A3LXVwZGF0ZXMteDg2XzY0Il19.B3806ddgT1UmVSvUu9d0IkspObJSymGrg9RnKFyTgtw HTTP/1.1" 200 3664
172.16.3.5 - - [30/Jan/2026:17:32:13 +0100] "POST /rhn/manager/frontend-log HTTP/1.1" 200 16
172.16.3.7 - - [30/Jan/2026:17:32:13 +0100] "HEAD /rhn/manager/download/sle-module-server-applications15-sp7-updates-x86_64/repodata/repomd.xml.asc?eyJhbGciOiJIUzI1NiJ9.eyJqdGkiOiJ3eWZsMDBOUENkWVpTV0RCZ3V5VjRRIiwiZXhwIjoxODAxMzI2NzE5LCJpYXQiOjE3Njk3OTA3MTksIm5iZiI6MTc2OTc5MDU5OSwib3JnIjoxLCJvbmx5Q2hhbm5lbHMiOlsic2xlLW1vZHVsZS1zZXJ2ZXItYXBwbGljYXRpb25zMTUtc3A3LXVwZGF0ZXMteDg2XzY0Il19.B3806ddgT1UmVSvUu9d0IkspObJSymGrg9RnKFyTgtw HTTP/1.1" 404 -
172.16.3.7 - - [30/Jan/2026:17:32:13 +0100] "HEAD /rhn/manager/download/sle-module-server-applications15-sp7-updates-x86_64/repodata/795f14394ff9fd9b7c15679592c74d32959bf26585dfb007ad9c5685bce3dce0-primary.xml.gz?eyJhbGciOiJIUzI1NiJ9.eyJqdGkiOiJ3eWZsMDBOUENkWVpTV0RCZ3V5VjRRIiwiZXhwIjoxODAxMzI2NzE5LCJpYXQiOjE3Njk3OTA3MTksIm5iZiI6MTc2OTc5MDU5OSwib3JnIjoxLCJvbmx5Q2hhbm5lbHMiOlsic2xlLW1vZHVsZS1zZXJ2ZXItYXBwbGljYXRpb25zMTUtc3A3LXVwZGF0ZXMteDg2XzY0Il19.B3806ddgT1UmVSvUu9d0IkspObJSymGrg9RnKFyTgtw HTTP/1.1" 200 -
127.0.0.1 - - [30/Jan/2026:17:32:13 +0100] "GET /rhn/websocket/notifications HTTP/1.1" 101 -
127.0.0.1 - - [30/Jan/2026:17:32:13 +0100] "GET /rhn/websocket/notifications HTTP/1.1" 101 -
172.16.3.7 - - [30/Jan/2026:17:32:13 +0100] "GET /rhn/manager/download/sle-module-server-applications15-sp7-updates-x86_64/repodata/795f14394ff9fd9b7c15679592c74d32959bf26585dfb007ad9c5685bce3dce0-primary.xml.gz?eyJhbGciOiJIUzI1NiJ9.eyJqdGkiOiJ3eWZsMDBOUENkWVpTV0RCZ3V5VjRRIiwiZXhwIjoxODAxMzI2NzE5LCJpYXQiOjE3Njk3OTA3MTksIm5iZiI6MTc2OTc5MDU5OSwib3JnIjoxLCJvbmx5Q2hhbm5lbHMiOlsic2xlLW1vZHVsZS1zZXJ2ZXItYXBwbGljYXRpb25zMTUtc3A3LXVwZGF0ZXMteDg2XzY0Il19.B3806ddgT1UmVSvUu9d0IkspObJSymGrg9RnKFyTgtw HTTP/1.1" 200 3664
172.16.3.5 - - [30/Jan/2026:17:32:13 +0100] "POST /rhn/manager/frontend-log HTTP/1.1" 200 16
172.16.3.7 - - [30/Jan/2026:17:32:13 +0100] "HEAD /rhn/manager/download/sle-module-server-applications15-sp7-updates-x86_64/repodata/0153a656d3b3a90c04999b4be387f98b513572f3cd1afc9013b89901c8e195d5-susedata.xml.gz?eyJhbGciOiJIUzI1NiJ9.eyJqdGkiOiJ3eWZsMDBOUENkWVpTV0RCZ3V5VjRRIiwiZXhwIjoxODAxMzI2NzE5LCJpYXQiOjE3Njk3OTA3MTksIm5iZiI6MTc2OTc5MDU5OSwib3JnIjoxLCJvbmx5Q2hhbm5lbHMiOlsic2xlLW1vZHVsZS1zZXJ2ZXItYXBwbGljYXRpb25zMTUtc3A3LXVwZGF0ZXMteDg2XzY0Il19.B3806ddgT1UmVSvUu9d0IkspObJSymGrg9RnKFyTgtw HTTP/1.1" 200 -
172.16.3.7 - - [30/Jan/2026:17:32:13 +0100] "GET /rhn/manager/download/sle-module-server-applications15-sp7-updates-x86_64/repodata/0153a656d3b3a90c04999b4be387f98b513572f3cd1afc9013b89901c8e195d5-susedata.xml.gz?eyJhbGciOiJIUzI1NiJ9.eyJqdGkiOiJ3eWZsMDBOUENkWVpTV0RCZ3V5VjRRIiwiZXhwIjoxODAxMzI2NzE5LCJpYXQiOjE3Njk3OTA3MTksIm5iZiI6MTc2OTc5MDU5OSwib3JnIjoxLCJvbmx5Q2hhbm5lbHMiOlsic2xlLW1vZHVsZS1zZXJ2ZXItYXBwbGljYXRpb25zMTUtc3A3LXVwZGF0ZXMteDg2XzY0Il19.B3806ddgT1UmVSvUu9d0IkspObJSymGrg9RnKFyTgtw HTTP/1.1" 200 3664
172.16.3.7 - - [30/Jan/2026:17:32:13 +0100] "HEAD /rhn/manager/download/sle-module-server-applications15-sp7-updates-x86_64/repodata/6f2f2657b4c72b1e7a7631ed39b2abe33fb48f17f431db54d4401bdb1d0c81ff-updateinfo.xml.gz?eyJhbGciOiJIUzI1NiJ9.eyJqdGkiOiJ3eWZsMDBOUENkWVpTV0RCZ3V5VjRRIiwiZXhwIjoxODAxMzI2NzE5LCJpYXQiOjE3Njk3OTA3MTksIm5iZiI6MTc2OTc5MDU5OSwib3JnIjoxLCJvbmx5Q2hhbm5lbHMiOlsic2xlLW1vZHVsZS1zZXJ2ZXItYXBwbGljYXRpb25zMTUtc3A3LXVwZGF0ZXMteDg2XzY0Il19.B3806ddgT1UmVSvUu9d0IkspObJSymGrg9RnKFyTgtw HTTP/1.1" 200 -
172.16.3.5 - - [30/Jan/2026:17:32:13 +0100] "GET /rhn/manager/api/systems/list/all?p=1&ps=100&s=1&sc=server_name HTTP/1.1" 200 3286
172.16.3.7 - - [30/Jan/2026:17:32:13 +0100] "GET /rhn/manager/download/sle-module-server-applications15-sp7-updates-x86_64/repodata/6f2f2657b4c72b1e7a7631ed39b2abe33fb48f17f431db54d4401bdb1d0c81ff-updateinfo.xml.gz?eyJhbGciOiJIUzI1NiJ9.eyJqdGkiOiJ3eWZsMDBOUENkWVpTV0RCZ3V5VjRRIiwiZXhwIjoxODAxMzI2NzE5LCJpYXQiOjE3Njk3OTA3MTksIm5iZiI6MTc2OTc5MDU5OSwib3JnIjoxLCJvbmx5Q2hhbm5lbHMiOlsic2xlLW1vZHVsZS1zZXJ2ZXItYXBwbGljYXRpb25zMTUtc3A3LXVwZGF0ZXMteDg2XzY0Il19.B3806ddgT1UmVSvUu9d0IkspObJSymGrg9RnKFyTgtw HTTP/1.1" 200 3664
172.16.3.5 - - [30/Jan/2026:17:32:13 +0100] "GET /rhn/manager/api/systems/list/all?p=1&ps=100&s=1&sc=server_name HTTP/1.1" 200 3286
172.16.3.7 - - [30/Jan/2026:17:32:13 +0100] "HEAD /rhn/manager/download/sle-module-systems-management-15-sp7-pool-x86_64/repodata/repomd.xml?eyJhbGciOiJIUzI1NiJ9.eyJqdGkiOiJIb1B3Y2gyU2d1bThhaF9OWDZvVG5BIiwiZXhwIjoxODAxMzI2NzE5LCJpYXQiOjE3Njk3OTA3MTksIm5iZiI6MTc2OTc5MDU5OSwib3JnIjoxLCJvbmx5Q2hhbm5lbHMiOlsic2xlLW1vZHVsZS1zeXN0ZW1zLW1hbmFnZW1lbnQtMTUtc3A3LXBvb2wteDg2XzY0Il19.IeMqYIKFyxlNLMa4b0hBfFxAd1xOBoZJW6PT1Kdhk1A HTTP/1.1" 200 -
172.16.3.7 - - [30/Jan/2026:17:32:13 +0100] "HEAD /rhn/manager/download/sle-module-systems-management-15-sp7-pool-x86_64/media.1/media?eyJhbGciOiJIUzI1NiJ9.eyJqdGkiOiJIb1B3Y2gyU2d1bThhaF9OWDZvVG5BIiwiZXhwIjoxODAxMzI2NzE5LCJpYXQiOjE3Njk3OTA3MTksIm5iZiI6MTc2OTc5MDU5OSwib3JnIjoxLCJvbmx5Q2hhbm5lbHMiOlsic2xlLW1vZHVsZS1zeXN0ZW1zLW1hbmFnZW1lbnQtMTUtc3A3LXBvb2wteDg2XzY0Il19.IeMqYIKFyxlNLMa4b0hBfFxAd1xOBoZJW6PT1Kdhk1A HTTP/1.1" 404 -
172.16.3.5 - - [30/Jan/2026:17:32:13 +0100] "POST /rhn/manager/api/sets/system_list HTTP/1.1" 200 1
172.16.3.7 - - [30/Jan/2026:17:32:13 +0100] "HEAD /rhn/manager/download/sle-module-systems-management-15-sp7-pool-x86_64/repodata/repomd.xml?eyJhbGciOiJIUzI1NiJ9.eyJqdGkiOiJIb1B3Y2gyU2d1bThhaF9OWDZvVG5BIiwiZXhwIjoxODAxMzI2NzE5LCJpYXQiOjE3Njk3OTA3MTksIm5iZiI6MTc2OTc5MDU5OSwib3JnIjoxLCJvbmx5Q2hhbm5lbHMiOlsic2xlLW1vZHVsZS1zeXN0ZW1zLW1hbmFnZW1lbnQtMTUtc3A3LXBvb2wteDg2XzY0Il19.IeMqYIKFyxlNLMa4b0hBfFxAd1xOBoZJW6PT1Kdhk1A HTTP/1.1" 200 -
172.16.3.7 - - [30/Jan/2026:17:32:13 +0100] "GET /rhn/manager/download/sle-module-systems-management-15-sp7-pool-x86_64/repodata/repomd.xml?eyJhbGciOiJIUzI1NiJ9.eyJqdGkiOiJIb1B3Y2gyU2d1bThhaF9OWDZvVG5BIiwiZXhwIjoxODAxMzI2NzE5LCJpYXQiOjE3Njk3OTA3MTksIm5iZiI6MTc2OTc5MDU5OSwib3JnIjoxLCJvbmx5Q2hhbm5lbHMiOlsic2xlLW1vZHVsZS1zeXN0ZW1zLW1hbmFnZW1lbnQtMTUtc3A3LXBvb2wteDg2XzY0Il19.IeMqYIKFyxlNLMa4b0hBfFxAd1xOBoZJW6PT1Kdhk1A HTTP/1.1" 200 3663
172.16.3.7 - - [30/Jan/2026:17:32:13 +0100] "HEAD /rhn/manager/download/sle-module-systems-management-15-sp7-pool-x86_64/repodata/repomd.xml.asc?eyJhbGciOiJIUzI1NiJ9.eyJqdGkiOiJIb1B3Y2gyU2d1bThhaF9OWDZvVG5BIiwiZXhwIjoxODAxMzI2NzE5LCJpYXQiOjE3Njk3OTA3MTksIm5iZiI6MTc2OTc5MDU5OSwib3JnIjoxLCJvbmx5Q2hhbm5lbHMiOlsic2xlLW1vZHVsZS1zeXN0ZW1zLW1hbmFnZW1lbnQtMTUtc3A3LXBvb2wteDg2XzY0Il19.IeMqYIKFyxlNLMa4b0hBfFxAd1xOBoZJW6PT1Kdhk1A HTTP/1.1" 404 -
172.16.3.7 - - [30/Jan/2026:17:32:13 +0100] "HEAD /rhn/manager/download/sle-module-systems-management-15-sp7-pool-x86_64/repodata/046813eddefa3c2190f8417932442c01a832706041a490e85034dce17004295e-primary.xml.gz?eyJhbGciOiJIUzI1NiJ9.eyJqdGkiOiJIb1B3Y2gyU2d1bThhaF9OWDZvVG5BIiwiZXhwIjoxODAxMzI2NzE5LCJpYXQiOjE3Njk3OTA3MTksIm5iZiI6MTc2OTc5MDU5OSwib3JnIjoxLCJvbmx5Q2hhbm5lbHMiOlsic2xlLW1vZHVsZS1zeXN0ZW1zLW1hbmFnZW1lbnQtMTUtc3A3LXBvb2wteDg2XzY0Il19.IeMqYIKFyxlNLMa4b0hBfFxAd1xOBoZJW6PT1Kdhk1A HTTP/1.1" 200 -
172.16.3.7 - - [30/Jan/2026:17:32:13 +0100] "GET /rhn/manager/download/sle-module-systems-management-15-sp7-pool-x86_64/repodata/046813eddefa3c2190f8417932442c01a832706041a490e85034dce17004295e-primary.xml.gz?eyJhbGciOiJIUzI1NiJ9.eyJqdGkiOiJIb1B3Y2gyU2d1bThhaF9OWDZvVG5BIiwiZXhwIjoxODAxMzI2NzE5LCJpYXQiOjE3Njk3OTA3MTksIm5iZiI6MTc2OTc5MDU5OSwib3JnIjoxLCJvbmx5Q2hhbm5lbHMiOlsic2xlLW1vZHVsZS1zeXN0ZW1zLW1hbmFnZW1lbnQtMTUtc3A3LXBvb2wteDg2XzY0Il19.IeMqYIKFyxlNLMa4b0hBfFxAd1xOBoZJW6PT1Kdhk1A HTTP/1.1" 200 3664
172.16.3.5 - - [30/Jan/2026:17:32:13 +0100] "POST /rhn/manager/api/sets/system_list HTTP/1.1" 200 1
172.16.3.7 - - [30/Jan/2026:17:32:13 +0100] "HEAD /rhn/manager/download/sle-module-systems-management-15-sp7-pool-x86_64/repodata/110e2a801f4c7d14b5f7b05e63d0fb1a775f607931d93ddbe94e1dbbd080c248-susedata.xml.gz?eyJhbGciOiJIUzI1NiJ9.eyJqdGkiOiJIb1B3Y2gyU2d1bThhaF9OWDZvVG5BIiwiZXhwIjoxODAxMzI2NzE5LCJpYXQiOjE3Njk3OTA3MTksIm5iZiI6MTc2OTc5MDU5OSwib3JnIjoxLCJvbmx5Q2hhbm5lbHMiOlsic2xlLW1vZHVsZS1zeXN0ZW1zLW1hbmFnZW1lbnQtMTUtc3A3LXBvb2wteDg2XzY0Il19.IeMqYIKFyxlNLMa4b0hBfFxAd1xOBoZJW6PT1Kdhk1A HTTP/1.1" 200 -
172.16.3.7 - - [30/Jan/2026:17:32:13 +0100] "GET /rhn/manager/download/sle-module-systems-management-15-sp7-pool-x86_64/repodata/110e2a801f4c7d14b5f7b05e63d0fb1a775f607931d93ddbe94e1dbbd080c248-susedata.xml.gz?eyJhbGciOiJIUzI1NiJ9.eyJqdGkiOiJIb1B3Y2gyU2d1bThhaF9OWDZvVG5BIiwiZXhwIjoxODAxMzI2NzE5LCJpYXQiOjE3Njk3OTA3MTksIm5iZiI6MTc2OTc5MDU5OSwib3JnIjoxLCJvbmx5Q2hhbm5lbHMiOlsic2xlLW1vZHVsZS1zeXN0ZW1zLW1hbmFnZW1lbnQtMTUtc3A3LXBvb2wteDg2XzY0Il19.IeMqYIKFyxlNLMa4b0hBfFxAd1xOBoZJW6PT1Kdhk1A HTTP/1.1" 200 3663
172.16.3.7 - - [30/Jan/2026:17:32:13 +0100] "HEAD /rhn/manager/download/sle-module-systems-management-15-sp7-updates-x86_64/repodata/repomd.xml?eyJhbGciOiJIUzI1NiJ9.eyJqdGkiOiI4SDZYSjBVVFdObi1CaUM4UlJHbW5BIiwiZXhwIjoxODAxMzI2NzE5LCJpYXQiOjE3Njk3OTA3MTksIm5iZiI6MTc2OTc5MDU5OSwib3JnIjoxLCJvbmx5Q2hhbm5lbHMiOlsic2xlLW1vZHVsZS1zeXN0ZW1zLW1hbmFnZW1lbnQtMTUtc3A3LXVwZGF0ZXMteDg2XzY0Il19.tkZv95gmOYta--aObq-iyYdx6pM-NBPm3Nc2NmCwROE HTTP/1.1" 200 -
172.16.3.7 - - [30/Jan/2026:17:32:13 +0100] "HEAD /rhn/manager/download/sle-module-systems-management-15-sp7-updates-x86_64/media.1/media?eyJhbGciOiJIUzI1NiJ9.eyJqdGkiOiI4SDZYSjBVVFdObi1CaUM4UlJHbW5BIiwiZXhwIjoxODAxMzI2NzE5LCJpYXQiOjE3Njk3OTA3MTksIm5iZiI6MTc2OTc5MDU5OSwib3JnIjoxLCJvbmx5Q2hhbm5lbHMiOlsic2xlLW1vZHVsZS1zeXN0ZW1zLW1hbmFnZW1lbnQtMTUtc3A3LXVwZGF0ZXMteDg2XzY0Il19.tkZv95gmOYta--aObq-iyYdx6pM-NBPm3Nc2NmCwROE HTTP/1.1" 404 -
172.16.3.7 - - [30/Jan/2026:17:32:13 +0100] "HEAD /rhn/manager/download/sle-module-systems-management-15-sp7-updates-x86_64/repodata/repomd.xml?eyJhbGciOiJIUzI1NiJ9.eyJqdGkiOiI4SDZYSjBVVFdObi1CaUM4UlJHbW5BIiwiZXhwIjoxODAxMzI2NzE5LCJpYXQiOjE3Njk3OTA3MTksIm5iZiI6MTc2OTc5MDU5OSwib3JnIjoxLCJvbmx5Q2hhbm5lbHMiOlsic2xlLW1vZHVsZS1zeXN0ZW1zLW1hbmFnZW1lbnQtMTUtc3A3LXVwZGF0ZXMteDg2XzY0Il19.tkZv95gmOYta--aObq-iyYdx6pM-NBPm3Nc2NmCwROE HTTP/1.1" 200 -
172.16.3.7 - - [30/Jan/2026:17:32:13 +0100] "GET /rhn/manager/download/sle-module-systems-management-15-sp7-updates-x86_64/repodata/repomd.xml?eyJhbGciOiJIUzI1NiJ9.eyJqdGkiOiI4SDZYSjBVVFdObi1CaUM4UlJHbW5BIiwiZXhwIjoxODAxMzI2NzE5LCJpYXQiOjE3Njk3OTA3MTksIm5iZiI6MTc2OTc5MDU5OSwib3JnIjoxLCJvbmx5Q2hhbm5lbHMiOlsic2xlLW1vZHVsZS1zeXN0ZW1zLW1hbmFnZW1lbnQtMTUtc3A3LXVwZGF0ZXMteDg2XzY0Il19.tkZv95gmOYta--aObq-iyYdx6pM-NBPm3Nc2NmCwROE HTTP/1.1" 200 3663
172.16.3.7 - - [30/Jan/2026:17:32:13 +0100] "HEAD /rhn/manager/download/sle-module-systems-management-15-sp7-updates-x86_64/repodata/repomd.xml.asc?eyJhbGciOiJIUzI1NiJ9.eyJqdGkiOiI4SDZYSjBVVFdObi1CaUM4UlJHbW5BIiwiZXhwIjoxODAxMzI2NzE5LCJpYXQiOjE3Njk3OTA3MTksIm5iZiI6MTc2OTc5MDU5OSwib3JnIjoxLCJvbmx5Q2hhbm5lbHMiOlsic2xlLW1vZHVsZS1zeXN0ZW1zLW1hbmFnZW1lbnQtMTUtc3A3LXVwZGF0ZXMteDg2XzY0Il19.tkZv95gmOYta--aObq-iyYdx6pM-NBPm3Nc2NmCwROE HTTP/1.1" 404 -
172.16.3.7 - - [30/Jan/2026:17:32:14 +0100] "HEAD /rhn/manager/download/sle-module-systems-management-15-sp7-updates-x86_64/repodata/f5d2a2bd4188b4ac031085ed38135a292f97b372e26bb378ce6549ed2eac9106-primary.xml.gz?eyJhbGciOiJIUzI1NiJ9.eyJqdGkiOiI4SDZYSjBVVFdObi1CaUM4UlJHbW5BIiwiZXhwIjoxODAxMzI2NzE5LCJpYXQiOjE3Njk3OTA3MTksIm5iZiI6MTc2OTc5MDU5OSwib3JnIjoxLCJvbmx5Q2hhbm5lbHMiOlsic2xlLW1vZHVsZS1zeXN0ZW1zLW1hbmFnZW1lbnQtMTUtc3A3LXVwZGF0ZXMteDg2XzY0Il19.tkZv95gmOYta--aObq-iyYdx6pM-NBPm3Nc2NmCwROE HTTP/1.1" 200 -
172.16.3.7 - - [30/Jan/2026:17:32:14 +0100] "GET /rhn/manager/download/sle-module-systems-management-15-sp7-updates-x86_64/repodata/f5d2a2bd4188b4ac031085ed38135a292f97b372e26bb378ce6549ed2eac9106-primary.xml.gz?eyJhbGciOiJIUzI1NiJ9.eyJqdGkiOiI4SDZYSjBVVFdObi1CaUM4UlJHbW5BIiwiZXhwIjoxODAxMzI2NzE5LCJpYXQiOjE3Njk3OTA3MTksIm5iZiI6MTc2OTc5MDU5OSwib3JnIjoxLCJvbmx5Q2hhbm5lbHMiOlsic2xlLW1vZHVsZS1zeXN0ZW1zLW1hbmFnZW1lbnQtMTUtc3A3LXVwZGF0ZXMteDg2XzY0Il19.tkZv95gmOYta--aObq-iyYdx6pM-NBPm3Nc2NmCwROE HTTP/1.1" 200 3664
172.16.3.7 - - [30/Jan/2026:17:32:14 +0100] "HEAD /rhn/manager/download/sle-module-systems-management-15-sp7-updates-x86_64/repodata/98a58ffdc33a8d9c724bfca0765e6dad1ccf06b67edf0656540b1af3a46fd029-susedata.xml.gz?eyJhbGciOiJIUzI1NiJ9.eyJqdGkiOiI4SDZYSjBVVFdObi1CaUM4UlJHbW5BIiwiZXhwIjoxODAxMzI2NzE5LCJpYXQiOjE3Njk3OTA3MTksIm5iZiI6MTc2OTc5MDU5OSwib3JnIjoxLCJvbmx5Q2hhbm5lbHMiOlsic2xlLW1vZHVsZS1zeXN0ZW1zLW1hbmFnZW1lbnQtMTUtc3A3LXVwZGF0ZXMteDg2XzY0Il19.tkZv95gmOYta--aObq-iyYdx6pM-NBPm3Nc2NmCwROE HTTP/1.1" 200 -
172.16.3.7 - - [30/Jan/2026:17:32:14 +0100] "GET /rhn/manager/download/sle-module-systems-management-15-sp7-updates-x86_64/repodata/98a58ffdc33a8d9c724bfca0765e6dad1ccf06b67edf0656540b1af3a46fd029-susedata.xml.gz?eyJhbGciOiJIUzI1NiJ9.eyJqdGkiOiI4SDZYSjBVVFdObi1CaUM4UlJHbW5BIiwiZXhwIjoxODAxMzI2NzE5LCJpYXQiOjE3Njk3OTA3MTksIm5iZiI6MTc2OTc5MDU5OSwib3JnIjoxLCJvbmx5Q2hhbm5lbHMiOlsic2xlLW1vZHVsZS1zeXN0ZW1zLW1hbmFnZW1lbnQtMTUtc3A3LXVwZGF0ZXMteDg2XzY0Il19.tkZv95gmOYta--aObq-iyYdx6pM-NBPm3Nc2NmCwROE HTTP/1.1" 200 3664
172.16.3.7 - - [30/Jan/2026:17:32:14 +0100] "HEAD /rhn/manager/download/sle-module-systems-management-15-sp7-updates-x86_64/repodata/31ce1f9fc4a623ce527800a1f831ab5263570bcd9a0b68c065442f593f6152e1-updateinfo.xml.gz?eyJhbGciOiJIUzI1NiJ9.eyJqdGkiOiI4SDZYSjBVVFdObi1CaUM4UlJHbW5BIiwiZXhwIjoxODAxMzI2NzE5LCJpYXQiOjE3Njk3OTA3MTksIm5iZiI6MTc2OTc5MDU5OSwib3JnIjoxLCJvbmx5Q2hhbm5lbHMiOlsic2xlLW1vZHVsZS1zeXN0ZW1zLW1hbmFnZW1lbnQtMTUtc3A3LXVwZGF0ZXMteDg2XzY0Il19.tkZv95gmOYta--aObq-iyYdx6pM-NBPm3Nc2NmCwROE HTTP/1.1" 200 -
172.16.3.7 - - [30/Jan/2026:17:32:14 +0100] "GET /rhn/manager/download/sle-module-systems-management-15-sp7-updates-x86_64/repodata/31ce1f9fc4a623ce527800a1f831ab5263570bcd9a0b68c065442f593f6152e1-updateinfo.xml.gz?eyJhbGciOiJIUzI1NiJ9.eyJqdGkiOiI4SDZYSjBVVFdObi1CaUM4UlJHbW5BIiwiZXhwIjoxODAxMzI2NzE5LCJpYXQiOjE3Njk3OTA3MTksIm5iZiI6MTc2OTc5MDU5OSwib3JnIjoxLCJvbmx5Q2hhbm5lbHMiOlsic2xlLW1vZHVsZS1zeXN0ZW1zLW1hbmFnZW1lbnQtMTUtc3A3LXVwZGF0ZXMteDg2XzY0Il19.tkZv95gmOYta--aObq-iyYdx6pM-NBPm3Nc2NmCwROE HTTP/1.1" 200 3664
172.16.3.7 - - [30/Jan/2026:17:32:14 +0100] "HEAD /rhn/manager/download/sle-product-sles15-sp7-pool-x86_64/repodata/repomd.xml?eyJhbGciOiJIUzI1NiJ9.eyJqdGkiOiJHdkVlWjh5YmtJaWFoNmxaSk1tY0NRIiwiZXhwIjoxODAxMzI2NzE5LCJpYXQiOjE3Njk3OTA3MTksIm5iZiI6MTc2OTc5MDU5OSwib3JnIjoxLCJvbmx5Q2hhbm5lbHMiOlsic2xlLXByb2R1Y3Qtc2xlczE1LXNwNy1wb29sLXg4Nl82NCJdfQ.4fqxwZ7S8NR9FVM4Dm4oikpB1-IBQIdhRCMMVl83Iw8 HTTP/1.1" 200 -
172.16.3.7 - - [30/Jan/2026:17:32:14 +0100] "HEAD /rhn/manager/download/sle-product-sles15-sp7-pool-x86_64/media.1/media?eyJhbGciOiJIUzI1NiJ9.eyJqdGkiOiJHdkVlWjh5YmtJaWFoNmxaSk1tY0NRIiwiZXhwIjoxODAxMzI2NzE5LCJpYXQiOjE3Njk3OTA3MTksIm5iZiI6MTc2OTc5MDU5OSwib3JnIjoxLCJvbmx5Q2hhbm5lbHMiOlsic2xlLXByb2R1Y3Qtc2xlczE1LXNwNy1wb29sLXg4Nl82NCJdfQ.4fqxwZ7S8NR9FVM4Dm4oikpB1-IBQIdhRCMMVl83Iw8 HTTP/1.1" 404 -
172.16.3.7 - - [30/Jan/2026:17:32:14 +0100] "HEAD /rhn/manager/download/sle-product-sles15-sp7-pool-x86_64/repodata/repomd.xml?eyJhbGciOiJIUzI1NiJ9.eyJqdGkiOiJHdkVlWjh5YmtJaWFoNmxaSk1tY0NRIiwiZXhwIjoxODAxMzI2NzE5LCJpYXQiOjE3Njk3OTA3MTksIm5iZiI6MTc2OTc5MDU5OSwib3JnIjoxLCJvbmx5Q2hhbm5lbHMiOlsic2xlLXByb2R1Y3Qtc2xlczE1LXNwNy1wb29sLXg4Nl82NCJdfQ.4fqxwZ7S8NR9FVM4Dm4oikpB1-IBQIdhRCMMVl83Iw8 HTTP/1.1" 200 -
172.16.3.7 - - [30/Jan/2026:17:32:14 +0100] "GET /rhn/manager/download/sle-product-sles15-sp7-pool-x86_64/repodata/repomd.xml?eyJhbGciOiJIUzI1NiJ9.eyJqdGkiOiJHdkVlWjh5YmtJaWFoNmxaSk1tY0NRIiwiZXhwIjoxODAxMzI2NzE5LCJpYXQiOjE3Njk3OTA3MTksIm5iZiI6MTc2OTc5MDU5OSwib3JnIjoxLCJvbmx5Q2hhbm5lbHMiOlsic2xlLXByb2R1Y3Qtc2xlczE1LXNwNy1wb29sLXg4Nl82NCJdfQ.4fqxwZ7S8NR9FVM4Dm4oikpB1-IBQIdhRCMMVl83Iw8 HTTP/1.1" 200 3664
172.16.3.7 - - [30/Jan/2026:17:32:14 +0100] "HEAD /rhn/manager/download/sle-product-sles15-sp7-pool-x86_64/repodata/repomd.xml.asc?eyJhbGciOiJIUzI1NiJ9.eyJqdGkiOiJHdkVlWjh5YmtJaWFoNmxaSk1tY0NRIiwiZXhwIjoxODAxMzI2NzE5LCJpYXQiOjE3Njk3OTA3MTksIm5iZiI6MTc2OTc5MDU5OSwib3JnIjoxLCJvbmx5Q2hhbm5lbHMiOlsic2xlLXByb2R1Y3Qtc2xlczE1LXNwNy1wb29sLXg4Nl82NCJdfQ.4fqxwZ7S8NR9FVM4Dm4oikpB1-IBQIdhRCMMVl83Iw8 HTTP/1.1" 404 -
172.16.3.7 - - [30/Jan/2026:17:32:14 +0100] "HEAD /rhn/manager/download/sle-product-sles15-sp7-pool-x86_64/repodata/c8e0f552cad1f92d615c7e759066ec06a8d881eaf43d49ac2d623ac121bf27a4-primary.xml.gz?eyJhbGciOiJIUzI1NiJ9.eyJqdGkiOiJHdkVlWjh5YmtJaWFoNmxaSk1tY0NRIiwiZXhwIjoxODAxMzI2NzE5LCJpYXQiOjE3Njk3OTA3MTksIm5iZiI6MTc2OTc5MDU5OSwib3JnIjoxLCJvbmx5Q2hhbm5lbHMiOlsic2xlLXByb2R1Y3Qtc2xlczE1LXNwNy1wb29sLXg4Nl82NCJdfQ.4fqxwZ7S8NR9FVM4Dm4oikpB1-IBQIdhRCMMVl83Iw8 HTTP/1.1" 200 -
172.16.3.7 - - [30/Jan/2026:17:32:14 +0100] "GET /rhn/manager/download/sle-product-sles15-sp7-pool-x86_64/repodata/c8e0f552cad1f92d615c7e759066ec06a8d881eaf43d49ac2d623ac121bf27a4-primary.xml.gz?eyJhbGciOiJIUzI1NiJ9.eyJqdGkiOiJHdkVlWjh5YmtJaWFoNmxaSk1tY0NRIiwiZXhwIjoxODAxMzI2NzE5LCJpYXQiOjE3Njk3OTA3MTksIm5iZiI6MTc2OTc5MDU5OSwib3JnIjoxLCJvbmx5Q2hhbm5lbHMiOlsic2xlLXByb2R1Y3Qtc2xlczE1LXNwNy1wb29sLXg4Nl82NCJdfQ.4fqxwZ7S8NR9FVM4Dm4oikpB1-IBQIdhRCMMVl83Iw8 HTTP/1.1" 200 3664
172.16.3.7 - - [30/Jan/2026:17:32:14 +0100] "HEAD /rhn/manager/download/sle-product-sles15-sp7-pool-x86_64/repodata/d34d50251ddccc5076dda6be822f830e76003f859d24fecd8a7417991ab5a954-susedata.xml.gz?eyJhbGciOiJIUzI1NiJ9.eyJqdGkiOiJHdkVlWjh5YmtJaWFoNmxaSk1tY0NRIiwiZXhwIjoxODAxMzI2NzE5LCJpYXQiOjE3Njk3OTA3MTksIm5iZiI6MTc2OTc5MDU5OSwib3JnIjoxLCJvbmx5Q2hhbm5lbHMiOlsic2xlLXByb2R1Y3Qtc2xlczE1LXNwNy1wb29sLXg4Nl82NCJdfQ.4fqxwZ7S8NR9FVM4Dm4oikpB1-IBQIdhRCMMVl83Iw8 HTTP/1.1" 200 -
172.16.3.7 - - [30/Jan/2026:17:32:14 +0100] "GET /rhn/manager/download/sle-product-sles15-sp7-pool-x86_64/repodata/d34d50251ddccc5076dda6be822f830e76003f859d24fecd8a7417991ab5a954-susedata.xml.gz?eyJhbGciOiJIUzI1NiJ9.eyJqdGkiOiJHdkVlWjh5YmtJaWFoNmxaSk1tY0NRIiwiZXhwIjoxODAxMzI2NzE5LCJpYXQiOjE3Njk3OTA3MTksIm5iZiI6MTc2OTc5MDU5OSwib3JnIjoxLCJvbmx5Q2hhbm5lbHMiOlsic2xlLXByb2R1Y3Qtc2xlczE1LXNwNy1wb29sLXg4Nl82NCJdfQ.4fqxwZ7S8NR9FVM4Dm4oikpB1-IBQIdhRCMMVl83Iw8 HTTP/1.1" 200 3664
172.16.3.5 - - [30/Jan/2026:17:32:14 +0100] "GET /rhn/systems/details/Overview.do?sid=1000010001 HTTP/1.1" 200 43183
172.16.3.7 - - [30/Jan/2026:17:32:14 +0100] "HEAD /rhn/manager/download/sle-product-sles15-sp7-updates-x86_64/repodata/repomd.xml?eyJhbGciOiJIUzI1NiJ9.eyJqdGkiOiJwZm9UX3Z1RVFJMUZ0d1RNb0I2QjVnIiwiZXhwIjoxODAxMzI2NzE5LCJpYXQiOjE3Njk3OTA3MTksIm5iZiI6MTc2OTc5MDU5OSwib3JnIjoxLCJvbmx5Q2hhbm5lbHMiOlsic2xlLXByb2R1Y3Qtc2xlczE1LXNwNy11cGRhdGVzLXg4Nl82NCJdfQ.ui2WaQ4PfdO0e4HomIuH5TYz1ETvhup90RzyYJ03Mq0 HTTP/1.1" 200 -
172.16.3.7 - - [30/Jan/2026:17:32:14 +0100] "HEAD /rhn/manager/download/sle-product-sles15-sp7-updates-x86_64/media.1/media?eyJhbGciOiJIUzI1NiJ9.eyJqdGkiOiJwZm9UX3Z1RVFJMUZ0d1RNb0I2QjVnIiwiZXhwIjoxODAxMzI2NzE5LCJpYXQiOjE3Njk3OTA3MTksIm5iZiI6MTc2OTc5MDU5OSwib3JnIjoxLCJvbmx5Q2hhbm5lbHMiOlsic2xlLXByb2R1Y3Qtc2xlczE1LXNwNy11cGRhdGVzLXg4Nl82NCJdfQ.ui2WaQ4PfdO0e4HomIuH5TYz1ETvhup90RzyYJ03Mq0 HTTP/1.1" 404 -
172.16.3.7 - - [30/Jan/2026:17:32:14 +0100] "HEAD /rhn/manager/download/sle-product-sles15-sp7-updates-x86_64/repodata/repomd.xml?eyJhbGciOiJIUzI1NiJ9.eyJqdGkiOiJwZm9UX3Z1RVFJMUZ0d1RNb0I2QjVnIiwiZXhwIjoxODAxMzI2NzE5LCJpYXQiOjE3Njk3OTA3MTksIm5iZiI6MTc2OTc5MDU5OSwib3JnIjoxLCJvbmx5Q2hhbm5lbHMiOlsic2xlLXByb2R1Y3Qtc2xlczE1LXNwNy11cGRhdGVzLXg4Nl82NCJdfQ.ui2WaQ4PfdO0e4HomIuH5TYz1ETvhup90RzyYJ03Mq0 HTTP/1.1" 200 -
172.16.3.7 - - [30/Jan/2026:17:32:14 +0100] "GET /rhn/manager/download/sle-product-sles15-sp7-updates-x86_64/repodata/repomd.xml?eyJhbGciOiJIUzI1NiJ9.eyJqdGkiOiJwZm9UX3Z1RVFJMUZ0d1RNb0I2QjVnIiwiZXhwIjoxODAxMzI2NzE5LCJpYXQiOjE3Njk3OTA3MTksIm5iZiI6MTc2OTc5MDU5OSwib3JnIjoxLCJvbmx5Q2hhbm5lbHMiOlsic2xlLXByb2R1Y3Qtc2xlczE1LXNwNy11cGRhdGVzLXg4Nl82NCJdfQ.ui2WaQ4PfdO0e4HomIuH5TYz1ETvhup90RzyYJ03Mq0 HTTP/1.1" 200 3664
172.16.3.7 - - [30/Jan/2026:17:32:14 +0100] "HEAD /rhn/manager/download/sle-product-sles15-sp7-updates-x86_64/repodata/repomd.xml.asc?eyJhbGciOiJIUzI1NiJ9.eyJqdGkiOiJwZm9UX3Z1RVFJMUZ0d1RNb0I2QjVnIiwiZXhwIjoxODAxMzI2NzE5LCJpYXQiOjE3Njk3OTA3MTksIm5iZiI6MTc2OTc5MDU5OSwib3JnIjoxLCJvbmx5Q2hhbm5lbHMiOlsic2xlLXByb2R1Y3Qtc2xlczE1LXNwNy11cGRhdGVzLXg4Nl82NCJdfQ.ui2WaQ4PfdO0e4HomIuH5TYz1ETvhup90RzyYJ03Mq0 HTTP/1.1" 404 -
172.16.3.7 - - [30/Jan/2026:17:32:14 +0100] "HEAD /rhn/manager/download/sle-product-sles15-sp7-updates-x86_64/repodata/b83109a2ce58be72fff82032c8d0009a2480b9107f553bfb85c5670d6eaa7aef-primary.xml.gz?eyJhbGciOiJIUzI1NiJ9.eyJqdGkiOiJwZm9UX3Z1RVFJMUZ0d1RNb0I2QjVnIiwiZXhwIjoxODAxMzI2NzE5LCJpYXQiOjE3Njk3OTA3MTksIm5iZiI6MTc2OTc5MDU5OSwib3JnIjoxLCJvbmx5Q2hhbm5lbHMiOlsic2xlLXByb2R1Y3Qtc2xlczE1LXNwNy11cGRhdGVzLXg4Nl82NCJdfQ.ui2WaQ4PfdO0e4HomIuH5TYz1ETvhup90RzyYJ03Mq0 HTTP/1.1" 200 -
172.16.3.7 - - [30/Jan/2026:17:32:15 +0100] "GET /rhn/manager/download/sle-product-sles15-sp7-updates-x86_64/repodata/b83109a2ce58be72fff82032c8d0009a2480b9107f553bfb85c5670d6eaa7aef-primary.xml.gz?eyJhbGciOiJIUzI1NiJ9.eyJqdGkiOiJwZm9UX3Z1RVFJMUZ0d1RNb0I2QjVnIiwiZXhwIjoxODAxMzI2NzE5LCJpYXQiOjE3Njk3OTA3MTksIm5iZiI6MTc2OTc5MDU5OSwib3JnIjoxLCJvbmx5Q2hhbm5lbHMiOlsic2xlLXByb2R1Y3Qtc2xlczE1LXNwNy11cGRhdGVzLXg4Nl82NCJdfQ.ui2WaQ4PfdO0e4HomIuH5TYz1ETvhup90RzyYJ03Mq0 HTTP/1.1" 200 3664
172.16.3.5 - - [30/Jan/2026:17:32:15 +0100] "POST /rhn/manager/frontend-log HTTP/1.1" 200 16
127.0.0.1 - - [30/Jan/2026:17:32:15 +0100] "GET /rhn/websocket/notifications HTTP/1.1" 101 -
172.16.3.7 - - [30/Jan/2026:17:32:15 +0100] "HEAD /rhn/manager/download/sle-product-sles15-sp7-updates-x86_64/repodata/e19d9f529dfe864d1f94ec942cfd14b9029745b58cf991409428bc3c9a278f9b-susedata.xml.gz?eyJhbGciOiJIUzI1NiJ9.eyJqdGkiOiJwZm9UX3Z1RVFJMUZ0d1RNb0I2QjVnIiwiZXhwIjoxODAxMzI2NzE5LCJpYXQiOjE3Njk3OTA3MTksIm5iZiI6MTc2OTc5MDU5OSwib3JnIjoxLCJvbmx5Q2hhbm5lbHMiOlsic2xlLXByb2R1Y3Qtc2xlczE1LXNwNy11cGRhdGVzLXg4Nl82NCJdfQ.ui2WaQ4PfdO0e4HomIuH5TYz1ETvhup90RzyYJ03Mq0 HTTP/1.1" 200 -
172.16.3.7 - - [30/Jan/2026:17:32:15 +0100] "GET /rhn/manager/download/sle-product-sles15-sp7-updates-x86_64/repodata/e19d9f529dfe864d1f94ec942cfd14b9029745b58cf991409428bc3c9a278f9b-susedata.xml.gz?eyJhbGciOiJIUzI1NiJ9.eyJqdGkiOiJwZm9UX3Z1RVFJMUZ0d1RNb0I2QjVnIiwiZXhwIjoxODAxMzI2NzE5LCJpYXQiOjE3Njk3OTA3MTksIm5iZiI6MTc2OTc5MDU5OSwib3JnIjoxLCJvbmx5Q2hhbm5lbHMiOlsic2xlLXByb2R1Y3Qtc2xlczE1LXNwNy11cGRhdGVzLXg4Nl82NCJdfQ.ui2WaQ4PfdO0e4HomIuH5TYz1ETvhup90RzyYJ03Mq0 HTTP/1.1" 200 3664
172.16.3.7 - - [30/Jan/2026:17:32:15 +0100] "HEAD /rhn/manager/download/sle-product-sles15-sp7-updates-x86_64/repodata/336c84c852c84f68dca8f2308fadc6dd7f630982d8fc38bb3d80af3cfac51b43-updateinfo.xml.gz?eyJhbGciOiJIUzI1NiJ9.eyJqdGkiOiJwZm9UX3Z1RVFJMUZ0d1RNb0I2QjVnIiwiZXhwIjoxODAxMzI2NzE5LCJpYXQiOjE3Njk3OTA3MTksIm5iZiI6MTc2OTc5MDU5OSwib3JnIjoxLCJvbmx5Q2hhbm5lbHMiOlsic2xlLXByb2R1Y3Qtc2xlczE1LXNwNy11cGRhdGVzLXg4Nl82NCJdfQ.ui2WaQ4PfdO0e4HomIuH5TYz1ETvhup90RzyYJ03Mq0 HTTP/1.1" 200 -
172.16.3.7 - - [30/Jan/2026:17:32:15 +0100] "GET /rhn/manager/download/sle-product-sles15-sp7-updates-x86_64/repodata/336c84c852c84f68dca8f2308fadc6dd7f630982d8fc38bb3d80af3cfac51b43-updateinfo.xml.gz?eyJhbGciOiJIUzI1NiJ9.eyJqdGkiOiJwZm9UX3Z1RVFJMUZ0d1RNb0I2QjVnIiwiZXhwIjoxODAxMzI2NzE5LCJpYXQiOjE3Njk3OTA3MTksIm5iZiI6MTc2OTc5MDU5OSwib3JnIjoxLCJvbmx5Q2hhbm5lbHMiOlsic2xlLXByb2R1Y3Qtc2xlczE1LXNwNy11cGRhdGVzLXg4Nl82NCJdfQ.ui2WaQ4PfdO0e4HomIuH5TYz1ETvhup90RzyYJ03Mq0 HTTP/1.1" 200 3664
172.16.3.7 - - [30/Jan/2026:17:32:15 +0100] "HEAD /rhn/manager/download/sles15-sp7-devel-uyuni-client-x86_64/repodata/repomd.xml?eyJhbGciOiJIUzI1NiJ9.eyJqdGkiOiJ0X2NMMVA2Wkg4aHhlQzFtVzJYWXFRIiwiZXhwIjoxODAxMzI2NzE5LCJpYXQiOjE3Njk3OTA3MTksIm5iZiI6MTc2OTc5MDU5OSwib3JnIjoxLCJvbmx5Q2hhbm5lbHMiOlsic2xlczE1LXNwNy1kZXZlbC11eXVuaS1jbGllbnQteDg2XzY0Il19._XiQa1hy84OXqmZ2aCoxYgPvxYK35WHQ1FkwsxZxY6g HTTP/1.1" 200 -
172.16.3.7 - - [30/Jan/2026:17:32:15 +0100] "HEAD /rhn/manager/download/sles15-sp7-devel-uyuni-client-x86_64/media.1/media?eyJhbGciOiJIUzI1NiJ9.eyJqdGkiOiJ0X2NMMVA2Wkg4aHhlQzFtVzJYWXFRIiwiZXhwIjoxODAxMzI2NzE5LCJpYXQiOjE3Njk3OTA3MTksIm5iZiI6MTc2OTc5MDU5OSwib3JnIjoxLCJvbmx5Q2hhbm5lbHMiOlsic2xlczE1LXNwNy1kZXZlbC11eXVuaS1jbGllbnQteDg2XzY0Il19._XiQa1hy84OXqmZ2aCoxYgPvxYK35WHQ1FkwsxZxY6g HTTP/1.1" 404 -
172.16.3.7 - - [30/Jan/2026:17:32:15 +0100] "HEAD /rhn/manager/download/sles15-sp7-devel-uyuni-client-x86_64/repodata/repomd.xml?eyJhbGciOiJIUzI1NiJ9.eyJqdGkiOiJ0X2NMMVA2Wkg4aHhlQzFtVzJYWXFRIiwiZXhwIjoxODAxMzI2NzE5LCJpYXQiOjE3Njk3OTA3MTksIm5iZiI6MTc2OTc5MDU5OSwib3JnIjoxLCJvbmx5Q2hhbm5lbHMiOlsic2xlczE1LXNwNy1kZXZlbC11eXVuaS1jbGllbnQteDg2XzY0Il19._XiQa1hy84OXqmZ2aCoxYgPvxYK35WHQ1FkwsxZxY6g HTTP/1.1" 200 -
172.16.3.7 - - [30/Jan/2026:17:32:15 +0100] "GET /rhn/manager/download/sles15-sp7-devel-uyuni-client-x86_64/repodata/repomd.xml?eyJhbGciOiJIUzI1NiJ9.eyJqdGkiOiJ0X2NMMVA2Wkg4aHhlQzFtVzJYWXFRIiwiZXhwIjoxODAxMzI2NzE5LCJpYXQiOjE3Njk3OTA3MTksIm5iZiI6MTc2OTc5MDU5OSwib3JnIjoxLCJvbmx5Q2hhbm5lbHMiOlsic2xlczE1LXNwNy1kZXZlbC11eXVuaS1jbGllbnQteDg2XzY0Il19._XiQa1hy84OXqmZ2aCoxYgPvxYK35WHQ1FkwsxZxY6g HTTP/1.1" 200 3664
172.16.3.7 - - [30/Jan/2026:17:32:15 +0100] "HEAD /rhn/manager/download/sles15-sp7-devel-uyuni-client-x86_64/repodata/repomd.xml.asc?eyJhbGciOiJIUzI1NiJ9.eyJqdGkiOiJ0X2NMMVA2Wkg4aHhlQzFtVzJYWXFRIiwiZXhwIjoxODAxMzI2NzE5LCJpYXQiOjE3Njk3OTA3MTksIm5iZiI6MTc2OTc5MDU5OSwib3JnIjoxLCJvbmx5Q2hhbm5lbHMiOlsic2xlczE1LXNwNy1kZXZlbC11eXVuaS1jbGllbnQteDg2XzY0Il19._XiQa1hy84OXqmZ2aCoxYgPvxYK35WHQ1FkwsxZxY6g HTTP/1.1" 404 -
172.16.3.5 - - [30/Jan/2026:17:32:15 +0100] "GET /rhn/systems/details/history/Pending.do?sid=1000010001& HTTP/1.1" 200 40615
172.16.3.7 - - [30/Jan/2026:17:32:15 +0100] "HEAD /rhn/manager/download/sles15-sp7-devel-uyuni-client-x86_64/repodata/918afae8a4eaff1e642320e793fd3bfe20095f099902c53ca3d95428b70653dd-primary.xml.gz?eyJhbGciOiJIUzI1NiJ9.eyJqdGkiOiJ0X2NMMVA2Wkg4aHhlQzFtVzJYWXFRIiwiZXhwIjoxODAxMzI2NzE5LCJpYXQiOjE3Njk3OTA3MTksIm5iZiI6MTc2OTc5MDU5OSwib3JnIjoxLCJvbmx5Q2hhbm5lbHMiOlsic2xlczE1LXNwNy1kZXZlbC11eXVuaS1jbGllbnQteDg2XzY0Il19._XiQa1hy84OXqmZ2aCoxYgPvxYK35WHQ1FkwsxZxY6g HTTP/1.1" 200 -
172.16.3.7 - - [30/Jan/2026:17:32:15 +0100] "GET /rhn/manager/download/sles15-sp7-devel-uyuni-client-x86_64/repodata/918afae8a4eaff1e642320e793fd3bfe20095f099902c53ca3d95428b70653dd-primary.xml.gz?eyJhbGciOiJIUzI1NiJ9.eyJqdGkiOiJ0X2NMMVA2Wkg4aHhlQzFtVzJYWXFRIiwiZXhwIjoxODAxMzI2NzE5LCJpYXQiOjE3Njk3OTA3MTksIm5iZiI6MTc2OTc5MDU5OSwib3JnIjoxLCJvbmx5Q2hhbm5lbHMiOlsic2xlczE1LXNwNy1kZXZlbC11eXVuaS1jbGllbnQteDg2XzY0Il19._XiQa1hy84OXqmZ2aCoxYgPvxYK35WHQ1FkwsxZxY6g HTTP/1.1" 200 3664
172.16.3.7 - - [30/Jan/2026:17:32:15 +0100] "HEAD /rhn/manager/download/sles15-sp7-devel-uyuni-client-x86_64/repodata/8a5127520ba7846851b47d69f4166ab8bb3127da3fccb0935e621b6b6d6cf861-susedata.xml.gz?eyJhbGciOiJIUzI1NiJ9.eyJqdGkiOiJ0X2NMMVA2Wkg4aHhlQzFtVzJYWXFRIiwiZXhwIjoxODAxMzI2NzE5LCJpYXQiOjE3Njk3OTA3MTksIm5iZiI6MTc2OTc5MDU5OSwib3JnIjoxLCJvbmx5Q2hhbm5lbHMiOlsic2xlczE1LXNwNy1kZXZlbC11eXVuaS1jbGllbnQteDg2XzY0Il19._XiQa1hy84OXqmZ2aCoxYgPvxYK35WHQ1FkwsxZxY6g HTTP/1.1" 200 -
172.16.3.7 - - [30/Jan/2026:17:32:15 +0100] "GET /rhn/manager/download/sles15-sp7-devel-uyuni-client-x86_64/repodata/8a5127520ba7846851b47d69f4166ab8bb3127da3fccb0935e621b6b6d6cf861-susedata.xml.gz?eyJhbGciOiJIUzI1NiJ9.eyJqdGkiOiJ0X2NMMVA2Wkg4aHhlQzFtVzJYWXFRIiwiZXhwIjoxODAxMzI2NzE5LCJpYXQiOjE3Njk3OTA3MTksIm5iZiI6MTc2OTc5MDU5OSwib3JnIjoxLCJvbmx5Q2hhbm5lbHMiOlsic2xlczE1LXNwNy1kZXZlbC11eXVuaS1jbGllbnQteDg2XzY0Il19._XiQa1hy84OXqmZ2aCoxYgPvxYK35WHQ1FkwsxZxY6g HTTP/1.1" 200 3664
127.0.0.1 - - [30/Jan/2026:17:32:15 +0100] "GET /rhn/websocket/notifications HTTP/1.1" 101 -
172.16.3.5 - - [30/Jan/2026:17:32:15 +0100] "POST /rhn/manager/frontend-log HTTP/1.1" 200 16
172.16.3.5 - - [30/Jan/2026:17:32:16 +0100] "GET /rhn/systems/details/history/Pending.do?sid=1000010001& HTTP/1.1" 200 40615
127.0.0.1 - - [30/Jan/2026:17:32:16 +0100] "GET /rhn/websocket/notifications HTTP/1.1" 101 -
172.16.3.5 - - [30/Jan/2026:17:32:16 +0100] "POST /rhn/manager/frontend-log HTTP/1.1" 200 16
172.16.3.5 - - [30/Jan/2026:17:32:16 +0100] "GET /rhn/manager/systems/list/all HTTP/1.1" 200 34441
127.0.0.1 - - [30/Jan/2026:17:32:16 +0100] "GET /rhn/websocket/notifications HTTP/1.1" 101 -
172.16.3.5 - - [30/Jan/2026:17:32:16 +0100] "POST /rhn/manager/frontend-log HTTP/1.1" 200 16
172.16.3.5 - - [30/Jan/2026:17:32:17 +0100] "GET /rhn/systems/details/history/History.do?sid=1000010001& HTTP/1.1" 200 42929
172.16.3.5 - - [30/Jan/2026:17:32:17 +0100] "GET /rhn/manager/api/systems/list/all?p=1&ps=100&s=1&sc=server_name HTTP/1.1" 200 3286
172.16.3.5 - - [30/Jan/2026:17:32:17 +0100] "POST /rhn/manager/frontend-log HTTP/1.1" 200 16
127.0.0.1 - - [30/Jan/2026:17:32:17 +0100] "GET /rhn/websocket/notifications HTTP/1.1" 101 -
172.16.3.5 - - [30/Jan/2026:17:32:17 +0100] "POST /rhn/manager/api/sets/system_list HTTP/1.1" 200 1
172.16.3.5 - - [30/Jan/2026:17:32:17 +0100] "GET /rhn/manager/systems/list/all HTTP/1.1" 200 34437
172.16.3.5 - - [30/Jan/2026:17:32:17 +0100] "POST /rhn/manager/frontend-log HTTP/1.1" 200 16
127.0.0.1 - - [30/Jan/2026:17:32:17 +0100] "GET /rhn/websocket/notifications HTTP/1.1" 101 -
172.16.3.5 - - [30/Jan/2026:17:32:18 +0100] "GET /rhn/systems/details/history/Event.do?sid=1000010001&aid=8 HTTP/1.1" 200 47384
172.16.3.5 - - [30/Jan/2026:17:32:18 +0100] "POST /rhn/manager/frontend-log HTTP/1.1" 200 16
127.0.0.1 - - [30/Jan/2026:17:32:18 +0100] "GET /rhn/websocket/notifications HTTP/1.1" 101 -
172.16.3.5 - - [30/Jan/2026:17:32:18 +0100] "POST /rhn/manager/frontend-log HTTP/1.1" 200 16
127.0.0.1 - - [30/Jan/2026:17:32:18 +0100] "GET /rhn/websocket/notifications HTTP/1.1" 101 -
172.16.3.5 - - [30/Jan/2026:17:32:18 +0100] "GET /rhn/manager/api/systems/list/all?p=1&ps=100&s=1&sc=server_name HTTP/1.1" 200 3286
172.16.3.5 - - [30/Jan/2026:17:32:18 +0100] "GET /rhn/systems/details/Overview.do?sid=1000010002 HTTP/1.1" 200 43180
172.16.3.5 - - [30/Jan/2026:17:32:18 +0100] "GET /rhn/manager/systems/list/all HTTP/1.1" 200 34439
172.16.3.5 - - [30/Jan/2026:17:32:18 +0100] "POST /rhn/manager/api/sets/system_list HTTP/1.1" 200 1
172.16.3.5 - - [30/Jan/2026:17:32:18 +0100] "POST /rhn/manager/frontend-log HTTP/1.1" 200 16
127.0.0.1 - - [30/Jan/2026:17:32:18 +0100] "GET /rhn/websocket/notifications HTTP/1.1" 101 -
172.16.3.5 - - [30/Jan/2026:17:32:18 +0100] "POST /rhn/manager/frontend-log HTTP/1.1" 200 16
127.0.0.1 - - [30/Jan/2026:17:32:19 +0100] "GET /rhn/websocket/notifications HTTP/1.1" 101 -
172.16.3.5 - - [30/Jan/2026:17:32:19 +0100] "GET /rhn/systems/details/history/Pending.do?sid=1000010001& HTTP/1.1" 200 40615
172.16.3.5 - - [30/Jan/2026:17:32:19 +0100] "POST /rhn/manager/frontend-log HTTP/1.1" 200 16
127.0.0.1 - - [30/Jan/2026:17:32:19 +0100] "GET /rhn/websocket/notifications HTTP/1.1" 101 -
172.16.3.5 - - [30/Jan/2026:17:32:19 +0100] "GET /rhn/manager/api/systems/list/all?p=1&ps=100&s=1&sc=server_name HTTP/1.1" 200 3286
