172.16.3.7 - - [30/Jan/2026:17:33:11 +0100] "GET /rhn/manager/download/sle-module-devtools15-sp7-pool-x86_64/repodata/6380e16d8fe609acdf1baa27260090f997f33868c9ad3bea780e57abe8e00ca1-susedata.xml.gz?eyJhbGciOiJIUzI1NiJ9.eyJqdGkiOiJYZXZmOHpQWmxodzBvZ1ZIcGpkZlBnIiwiZXhwIjoxODAxMzI2NzE5LCJpYXQiOjE3Njk3OTA3MTksIm5iZiI6MTc2OTc5MDU5OSwib3JnIjoxLCJvbmx5Q2hhbm5lbHMiOlsic2xlLW1vZHVsZS1kZXZ0b29sczE1LXNwNy1wb29sLXg4Nl82NCJdfQ.iDGtCGSg_Gnf9JkZZckFkrsd7E14lRsxB9bxDYYQiZE HTTP/1.1" 200 3664
127.0.0.1 - - [30/Jan/2026:17:33:11 +0100] "GET /rhn/websocket/notifications HTTP/1.1" 101 -
172.16.3.5 - - [30/Jan/2026:17:33:11 +0100] "POST /rhn/manager/frontend-log HTTP/1.1" 200 16
172.16.3.7 - - [30/Jan/2026:17:33:11 +0100] "HEAD /rhn/manager/download/sle-module-python3-15-sp7-pool-x86_64/repodata/repomd.xml?eyJhbGciOiJIUzI1NiJ9.eyJqdGkiOiJxM21sWWpJc3NVNnQ4M2h6RkRQT3V3IiwiZXhwIjoxODAxMzI2NzE5LCJpYXQiOjE3Njk3OTA3MTksIm5iZiI6MTc2OTc5MDU5OSwib3JnIjoxLCJvbmx5Q2hhbm5lbHMiOlsic2xlLW1vZHVsZS1weXRob24zLTE1LXNwNy1wb29sLXg4Nl82NCJdfQ.3vX7mQ9Booz7OS3UHgnjLmHlCJxm5scMBUoSjlQnEao HTTP/1.1" 200 -
172.16.3.7 - - [30/Jan/2026:17:33:11 +0100] "HEAD /rhn/manager/download/sle-module-python3-15-sp7-pool-x86_64/media.1/media?eyJhbGciOiJIUzI1NiJ9.eyJqdGkiOiJxM21sWWpJc3NVNnQ4M2h6RkRQT3V3IiwiZXhwIjoxODAxMzI2NzE5LCJpYXQiOjE3Njk3OTA3MTksIm5iZiI6MTc2OTc5MDU5OSwib3JnIjoxLCJvbmx5Q2hhbm5lbHMiOlsic2xlLW1vZHVsZS1weXRob24zLTE1LXNwNy1wb29sLXg4Nl82NCJdfQ.3vX7mQ9Booz7OS3UHgnjLmHlCJxm5scMBUoSjlQnEao HTTP/1.1" 404 -
172.16.3.7 - - [30/Jan/2026:17:33:11 +0100] "HEAD /rhn/manager/download/sle-module-python3-15-sp7-pool-x86_64/repodata/repomd.xml?eyJhbGciOiJIUzI1NiJ9.eyJqdGkiOiJxM21sWWpJc3NVNnQ4M2h6RkRQT3V3IiwiZXhwIjoxODAxMzI2NzE5LCJpYXQiOjE3Njk3OTA3MTksIm5iZiI6MTc2OTc5MDU5OSwib3JnIjoxLCJvbmx5Q2hhbm5lbHMiOlsic2xlLW1vZHVsZS1weXRob24zLTE1LXNwNy1wb29sLXg4Nl82NCJdfQ.3vX7mQ9Booz7OS3UHgnjLmHlCJxm5scMBUoSjlQnEao HTTP/1.1" 200 -
172.16.3.7 - - [30/Jan/2026:17:33:11 +0100] "GET /rhn/manager/download/sle-module-python3-15-sp7-pool-x86_64/repodata/repomd.xml?eyJhbGciOiJIUzI1NiJ9.eyJqdGkiOiJxM21sWWpJc3NVNnQ4M2h6RkRQT3V3IiwiZXhwIjoxODAxMzI2NzE5LCJpYXQiOjE3Njk3OTA3MTksIm5iZiI6MTc2OTc5MDU5OSwib3JnIjoxLCJvbmx5Q2hhbm5lbHMiOlsic2xlLW1vZHVsZS1weXRob24zLTE1LXNwNy1wb29sLXg4Nl82NCJdfQ.3vX7mQ9Booz7OS3UHgnjLmHlCJxm5scMBUoSjlQnEao HTTP/1.1" 200 3664
172.16.3.5 - - [30/Jan/2026:17:33:11 +0100] "GET /rhn/systems/details/history/Event.do?sid=1000010002&aid=13 HTTP/1.1" 200 38154
172.16.3.5 - - [30/Jan/2026:17:33:11 +0100] "GET /rhn/manager/api/systems/list/all?p=1&ps=100&s=1&sc=server_name HTTP/1.1" 200 4827
172.16.3.7 - - [30/Jan/2026:17:33:11 +0100] "HEAD /rhn/manager/download/sle-module-python3-15-sp7-pool-x86_64/repodata/repomd.xml.asc?eyJhbGciOiJIUzI1NiJ9.eyJqdGkiOiJxM21sWWpJc3NVNnQ4M2h6RkRQT3V3IiwiZXhwIjoxODAxMzI2NzE5LCJpYXQiOjE3Njk3OTA3MTksIm5iZiI6MTc2OTc5MDU5OSwib3JnIjoxLCJvbmx5Q2hhbm5lbHMiOlsic2xlLW1vZHVsZS1weXRob24zLTE1LXNwNy1wb29sLXg4Nl82NCJdfQ.3vX7mQ9Booz7OS3UHgnjLmHlCJxm5scMBUoSjlQnEao HTTP/1.1" 404 -
172.16.3.5 - - [30/Jan/2026:17:33:12 +0100] "GET /rhn/systems/details/Connection.do?sid=1000010001& HTTP/1.1" 200 39134
172.16.3.7 - - [30/Jan/2026:17:33:12 +0100] "HEAD /rhn/manager/download/sle-module-python3-15-sp7-pool-x86_64/repodata/9dbc5bfc91b16c6939bcf42bda6d28cc801810554db9b4ad3cc1d898e0f55afe-primary.xml.gz?eyJhbGciOiJIUzI1NiJ9.eyJqdGkiOiJxM21sWWpJc3NVNnQ4M2h6RkRQT3V3IiwiZXhwIjoxODAxMzI2NzE5LCJpYXQiOjE3Njk3OTA3MTksIm5iZiI6MTc2OTc5MDU5OSwib3JnIjoxLCJvbmx5Q2hhbm5lbHMiOlsic2xlLW1vZHVsZS1weXRob24zLTE1LXNwNy1wb29sLXg4Nl82NCJdfQ.3vX7mQ9Booz7OS3UHgnjLmHlCJxm5scMBUoSjlQnEao HTTP/1.1" 200 -
172.16.3.7 - - [30/Jan/2026:17:33:12 +0100] "GET /rhn/manager/download/sle-module-python3-15-sp7-pool-x86_64/repodata/9dbc5bfc91b16c6939bcf42bda6d28cc801810554db9b4ad3cc1d898e0f55afe-primary.xml.gz?eyJhbGciOiJIUzI1NiJ9.eyJqdGkiOiJxM21sWWpJc3NVNnQ4M2h6RkRQT3V3IiwiZXhwIjoxODAxMzI2NzE5LCJpYXQiOjE3Njk3OTA3MTksIm5iZiI6MTc2OTc5MDU5OSwib3JnIjoxLCJvbmx5Q2hhbm5lbHMiOlsic2xlLW1vZHVsZS1weXRob24zLTE1LXNwNy1wb29sLXg4Nl82NCJdfQ.3vX7mQ9Booz7OS3UHgnjLmHlCJxm5scMBUoSjlQnEao HTTP/1.1" 200 3664
172.16.3.7 - - [30/Jan/2026:17:33:12 +0100] "HEAD /rhn/manager/download/sle-module-python3-15-sp7-pool-x86_64/repodata/6a4a7565f896fc36f9fe34821580dbf55aaa253dc94a2e8038aa509ce859404a-susedata.xml.gz?eyJhbGciOiJIUzI1NiJ9.eyJqdGkiOiJxM21sWWpJc3NVNnQ4M2h6RkRQT3V3IiwiZXhwIjoxODAxMzI2NzE5LCJpYXQiOjE3Njk3OTA3MTksIm5iZiI6MTc2OTc5MDU5OSwib3JnIjoxLCJvbmx5Q2hhbm5lbHMiOlsic2xlLW1vZHVsZS1weXRob24zLTE1LXNwNy1wb29sLXg4Nl82NCJdfQ.3vX7mQ9Booz7OS3UHgnjLmHlCJxm5scMBUoSjlQnEao HTTP/1.1" 200 -
172.16.3.7 - - [30/Jan/2026:17:33:12 +0100] "GET /rhn/manager/download/sle-module-python3-15-sp7-pool-x86_64/repodata/6a4a7565f896fc36f9fe34821580dbf55aaa253dc94a2e8038aa509ce859404a-susedata.xml.gz?eyJhbGciOiJIUzI1NiJ9.eyJqdGkiOiJxM21sWWpJc3NVNnQ4M2h6RkRQT3V3IiwiZXhwIjoxODAxMzI2NzE5LCJpYXQiOjE3Njk3OTA3MTksIm5iZiI6MTc2OTc5MDU5OSwib3JnIjoxLCJvbmx5Q2hhbm5lbHMiOlsic2xlLW1vZHVsZS1weXRob24zLTE1LXNwNy1wb29sLXg4Nl82NCJdfQ.3vX7mQ9Booz7OS3UHgnjLmHlCJxm5scMBUoSjlQnEao HTTP/1.1" 200 3664
172.16.3.7 - - [30/Jan/2026:17:33:12 +0100] "HEAD /rhn/manager/download/sle-module-server-applications15-sp7-pool-x86_64/repodata/repomd.xml?eyJhbGciOiJIUzI1NiJ9.eyJqdGkiOiJycmNPX3N4TjJPRThaYTZFaTZ0QVV3IiwiZXhwIjoxODAxMzI2NzE5LCJpYXQiOjE3Njk3OTA3MTksIm5iZiI6MTc2OTc5MDU5OSwib3JnIjoxLCJvbmx5Q2hhbm5lbHMiOlsic2xlLW1vZHVsZS1zZXJ2ZXItYXBwbGljYXRpb25zMTUtc3A3LXBvb2wteDg2XzY0Il19.vYGfSESN5DpJOoM1UUmxXIfwWBOBgOjNKxgB5nRUG-k HTTP/1.1" 200 -
172.16.3.7 - - [30/Jan/2026:17:33:12 +0100] "HEAD /rhn/manager/download/sle-module-server-applications15-sp7-pool-x86_64/media.1/media?eyJhbGciOiJIUzI1NiJ9.eyJqdGkiOiJycmNPX3N4TjJPRThaYTZFaTZ0QVV3IiwiZXhwIjoxODAxMzI2NzE5LCJpYXQiOjE3Njk3OTA3MTksIm5iZiI6MTc2OTc5MDU5OSwib3JnIjoxLCJvbmx5Q2hhbm5lbHMiOlsic2xlLW1vZHVsZS1zZXJ2ZXItYXBwbGljYXRpb25zMTUtc3A3LXBvb2wteDg2XzY0Il19.vYGfSESN5DpJOoM1UUmxXIfwWBOBgOjNKxgB5nRUG-k HTTP/1.1" 404 -
172.16.3.7 - - [30/Jan/2026:17:33:12 +0100] "HEAD /rhn/manager/download/sle-module-server-applications15-sp7-pool-x86_64/repodata/repomd.xml?eyJhbGciOiJIUzI1NiJ9.eyJqdGkiOiJycmNPX3N4TjJPRThaYTZFaTZ0QVV3IiwiZXhwIjoxODAxMzI2NzE5LCJpYXQiOjE3Njk3OTA3MTksIm5iZiI6MTc2OTc5MDU5OSwib3JnIjoxLCJvbmx5Q2hhbm5lbHMiOlsic2xlLW1vZHVsZS1zZXJ2ZXItYXBwbGljYXRpb25zMTUtc3A3LXBvb2wteDg2XzY0Il19.vYGfSESN5DpJOoM1UUmxXIfwWBOBgOjNKxgB5nRUG-k HTTP/1.1" 200 -
172.16.3.5 - - [30/Jan/2026:17:33:12 +0100] "POST /rhn/manager/api/sets/system_list HTTP/1.1" 200 1
172.16.3.7 - - [30/Jan/2026:17:33:12 +0100] "GET /rhn/manager/download/sle-module-server-applications15-sp7-pool-x86_64/repodata/repomd.xml?eyJhbGciOiJIUzI1NiJ9.eyJqdGkiOiJycmNPX3N4TjJPRThaYTZFaTZ0QVV3IiwiZXhwIjoxODAxMzI2NzE5LCJpYXQiOjE3Njk3OTA3MTksIm5iZiI6MTc2OTc5MDU5OSwib3JnIjoxLCJvbmx5Q2hhbm5lbHMiOlsic2xlLW1vZHVsZS1zZXJ2ZXItYXBwbGljYXRpb25zMTUtc3A3LXBvb2wteDg2XzY0Il19.vYGfSESN5DpJOoM1UUmxXIfwWBOBgOjNKxgB5nRUG-k HTTP/1.1" 200 3664
172.16.3.5 - - [30/Jan/2026:17:33:12 +0100] "POST /rhn/manager/frontend-log HTTP/1.1" 200 16
172.16.3.5 - - [30/Jan/2026:17:33:12 +0100] "POST /rhn/manager/frontend-log HTTP/1.1" 200 16
127.0.0.1 - - [30/Jan/2026:17:33:12 +0100] "GET /rhn/websocket/notifications HTTP/1.1" 101 -
172.16.3.7 - - [30/Jan/2026:17:33:12 +0100] "HEAD /rhn/manager/download/sle-module-server-applications15-sp7-pool-x86_64/repodata/repomd.xml.asc?eyJhbGciOiJIUzI1NiJ9.eyJqdGkiOiJycmNPX3N4TjJPRThaYTZFaTZ0QVV3IiwiZXhwIjoxODAxMzI2NzE5LCJpYXQiOjE3Njk3OTA3MTksIm5iZiI6MTc2OTc5MDU5OSwib3JnIjoxLCJvbmx5Q2hhbm5lbHMiOlsic2xlLW1vZHVsZS1zZXJ2ZXItYXBwbGljYXRpb25zMTUtc3A3LXBvb2wteDg2XzY0Il19.vYGfSESN5DpJOoM1UUmxXIfwWBOBgOjNKxgB5nRUG-k HTTP/1.1" 404 -
127.0.0.1 - - [30/Jan/2026:17:33:12 +0100] "GET /rhn/websocket/notifications HTTP/1.1" 101 -
172.16.3.7 - - [30/Jan/2026:17:33:12 +0100] "HEAD /rhn/manager/download/sle-module-server-applications15-sp7-pool-x86_64/repodata/e5d82a913381b23acaf8a3e136790679123d29f7f79b1d1a8b717648ef9ee7b8-primary.xml.gz?eyJhbGciOiJIUzI1NiJ9.eyJqdGkiOiJycmNPX3N4TjJPRThaYTZFaTZ0QVV3IiwiZXhwIjoxODAxMzI2NzE5LCJpYXQiOjE3Njk3OTA3MTksIm5iZiI6MTc2OTc5MDU5OSwib3JnIjoxLCJvbmx5Q2hhbm5lbHMiOlsic2xlLW1vZHVsZS1zZXJ2ZXItYXBwbGljYXRpb25zMTUtc3A3LXBvb2wteDg2XzY0Il19.vYGfSESN5DpJOoM1UUmxXIfwWBOBgOjNKxgB5nRUG-k HTTP/1.1" 200 -
172.16.3.5 - - [30/Jan/2026:17:33:12 +0100] "POST /rhn/manager/api/auth/login HTTP/1.1" 200 16
172.16.3.7 - - [30/Jan/2026:17:33:12 +0100] "GET /rhn/manager/download/sle-module-server-applications15-sp7-pool-x86_64/repodata/e5d82a913381b23acaf8a3e136790679123d29f7f79b1d1a8b717648ef9ee7b8-primary.xml.gz?eyJhbGciOiJIUzI1NiJ9.eyJqdGkiOiJycmNPX3N4TjJPRThaYTZFaTZ0QVV3IiwiZXhwIjoxODAxMzI2NzE5LCJpYXQiOjE3Njk3OTA3MTksIm5iZiI6MTc2OTc5MDU5OSwib3JnIjoxLCJvbmx5Q2hhbm5lbHMiOlsic2xlLW1vZHVsZS1zZXJ2ZXItYXBwbGljYXRpb25zMTUtc3A3LXBvb2wteDg2XzY0Il19.vYGfSESN5DpJOoM1UUmxXIfwWBOBgOjNKxgB5nRUG-k HTTP/1.1" 200 3664
172.16.3.7 - - [30/Jan/2026:17:33:12 +0100] "HEAD /rhn/manager/download/sle-module-server-applications15-sp7-pool-x86_64/repodata/7e445055ff000846912425f3242dee3e6d9fc553168127ccae4badab4d32e5ae-susedata.xml.gz?eyJhbGciOiJIUzI1NiJ9.eyJqdGkiOiJycmNPX3N4TjJPRThaYTZFaTZ0QVV3IiwiZXhwIjoxODAxMzI2NzE5LCJpYXQiOjE3Njk3OTA3MTksIm5iZiI6MTc2OTc5MDU5OSwib3JnIjoxLCJvbmx5Q2hhbm5lbHMiOlsic2xlLW1vZHVsZS1zZXJ2ZXItYXBwbGljYXRpb25zMTUtc3A3LXBvb2wteDg2XzY0Il19.vYGfSESN5DpJOoM1UUmxXIfwWBOBgOjNKxgB5nRUG-k HTTP/1.1" 200 -
172.16.3.7 - - [30/Jan/2026:17:33:12 +0100] "GET /rhn/manager/download/sle-module-server-applications15-sp7-pool-x86_64/repodata/7e445055ff000846912425f3242dee3e6d9fc553168127ccae4badab4d32e5ae-susedata.xml.gz?eyJhbGciOiJIUzI1NiJ9.eyJqdGkiOiJycmNPX3N4TjJPRThaYTZFaTZ0QVV3IiwiZXhwIjoxODAxMzI2NzE5LCJpYXQiOjE3Njk3OTA3MTksIm5iZiI6MTc2OTc5MDU5OSwib3JnIjoxLCJvbmx5Q2hhbm5lbHMiOlsic2xlLW1vZHVsZS1zZXJ2ZXItYXBwbGljYXRpb25zMTUtc3A3LXBvb2wteDg2XzY0Il19.vYGfSESN5DpJOoM1UUmxXIfwWBOBgOjNKxgB5nRUG-k HTTP/1.1" 200 3664
172.16.3.5 - - [30/Jan/2026:17:33:12 +0100] "POST /rhn/manager/api/system/searchByName HTTP/1.1" 200 157
172.16.3.7 - - [30/Jan/2026:17:33:12 +0100] "HEAD /rhn/manager/download/sle-module-systems-management-15-sp7-pool-x86_64/repodata/repomd.xml?eyJhbGciOiJIUzI1NiJ9.eyJqdGkiOiJIb1B3Y2gyU2d1bThhaF9OWDZvVG5BIiwiZXhwIjoxODAxMzI2NzE5LCJpYXQiOjE3Njk3OTA3MTksIm5iZiI6MTc2OTc5MDU5OSwib3JnIjoxLCJvbmx5Q2hhbm5lbHMiOlsic2xlLW1vZHVsZS1zeXN0ZW1zLW1hbmFnZW1lbnQtMTUtc3A3LXBvb2wteDg2XzY0Il19.IeMqYIKFyxlNLMa4b0hBfFxAd1xOBoZJW6PT1Kdhk1A HTTP/1.1" 200 -
172.16.3.5 - - [30/Jan/2026:17:33:12 +0100] "GET /rhn/manager/systems/list/all HTTP/1.1" 200 34437
172.16.3.7 - - [30/Jan/2026:17:33:12 +0100] "HEAD /rhn/manager/download/sle-module-systems-management-15-sp7-pool-x86_64/media.1/media?eyJhbGciOiJIUzI1NiJ9.eyJqdGkiOiJIb1B3Y2gyU2d1bThhaF9OWDZvVG5BIiwiZXhwIjoxODAxMzI2NzE5LCJpYXQiOjE3Njk3OTA3MTksIm5iZiI6MTc2OTc5MDU5OSwib3JnIjoxLCJvbmx5Q2hhbm5lbHMiOlsic2xlLW1vZHVsZS1zeXN0ZW1zLW1hbmFnZW1lbnQtMTUtc3A3LXBvb2wteDg2XzY0Il19.IeMqYIKFyxlNLMa4b0hBfFxAd1xOBoZJW6PT1Kdhk1A HTTP/1.1" 404 -
172.16.3.7 - - [30/Jan/2026:17:33:12 +0100] "HEAD /rhn/manager/download/sle-module-systems-management-15-sp7-pool-x86_64/repodata/repomd.xml?eyJhbGciOiJIUzI1NiJ9.eyJqdGkiOiJIb1B3Y2gyU2d1bThhaF9OWDZvVG5BIiwiZXhwIjoxODAxMzI2NzE5LCJpYXQiOjE3Njk3OTA3MTksIm5iZiI6MTc2OTc5MDU5OSwib3JnIjoxLCJvbmx5Q2hhbm5lbHMiOlsic2xlLW1vZHVsZS1zeXN0ZW1zLW1hbmFnZW1lbnQtMTUtc3A3LXBvb2wteDg2XzY0Il19.IeMqYIKFyxlNLMa4b0hBfFxAd1xOBoZJW6PT1Kdhk1A HTTP/1.1" 200 -
172.16.3.7 - - [30/Jan/2026:17:33:13 +0100] "GET /rhn/manager/download/sle-module-systems-management-15-sp7-pool-x86_64/repodata/repomd.xml?eyJhbGciOiJIUzI1NiJ9.eyJqdGkiOiJIb1B3Y2gyU2d1bThhaF9OWDZvVG5BIiwiZXhwIjoxODAxMzI2NzE5LCJpYXQiOjE3Njk3OTA3MTksIm5iZiI6MTc2OTc5MDU5OSwib3JnIjoxLCJvbmx5Q2hhbm5lbHMiOlsic2xlLW1vZHVsZS1zeXN0ZW1zLW1hbmFnZW1lbnQtMTUtc3A3LXBvb2wteDg2XzY0Il19.IeMqYIKFyxlNLMa4b0hBfFxAd1xOBoZJW6PT1Kdhk1A HTTP/1.1" 200 3664
172.16.3.5 - - [30/Jan/2026:17:33:13 +0100] "GET /rhn/manager/api/auth/logout HTTP/1.1" 200 16
172.16.3.5 - - [30/Jan/2026:17:33:13 +0100] "POST /rhn/manager/frontend-log HTTP/1.1" 200 16
127.0.0.1 - - [30/Jan/2026:17:33:13 +0100] "GET /rhn/websocket/notifications HTTP/1.1" 101 -
172.16.3.7 - - [30/Jan/2026:17:33:13 +0100] "HEAD /rhn/manager/download/sle-module-systems-management-15-sp7-pool-x86_64/repodata/repomd.xml.asc?eyJhbGciOiJIUzI1NiJ9.eyJqdGkiOiJIb1B3Y2gyU2d1bThhaF9OWDZvVG5BIiwiZXhwIjoxODAxMzI2NzE5LCJpYXQiOjE3Njk3OTA3MTksIm5iZiI6MTc2OTc5MDU5OSwib3JnIjoxLCJvbmx5Q2hhbm5lbHMiOlsic2xlLW1vZHVsZS1zeXN0ZW1zLW1hbmFnZW1lbnQtMTUtc3A3LXBvb2wteDg2XzY0Il19.IeMqYIKFyxlNLMa4b0hBfFxAd1xOBoZJW6PT1Kdhk1A HTTP/1.1" 404 -
172.16.3.7 - - [30/Jan/2026:17:33:13 +0100] "HEAD /rhn/manager/download/sle-module-systems-management-15-sp7-pool-x86_64/repodata/046813eddefa3c2190f8417932442c01a832706041a490e85034dce17004295e-primary.xml.gz?eyJhbGciOiJIUzI1NiJ9.eyJqdGkiOiJIb1B3Y2gyU2d1bThhaF9OWDZvVG5BIiwiZXhwIjoxODAxMzI2NzE5LCJpYXQiOjE3Njk3OTA3MTksIm5iZiI6MTc2OTc5MDU5OSwib3JnIjoxLCJvbmx5Q2hhbm5lbHMiOlsic2xlLW1vZHVsZS1zeXN0ZW1zLW1hbmFnZW1lbnQtMTUtc3A3LXBvb2wteDg2XzY0Il19.IeMqYIKFyxlNLMa4b0hBfFxAd1xOBoZJW6PT1Kdhk1A HTTP/1.1" 200 -
172.16.3.5 - - [30/Jan/2026:17:33:13 +0100] "POST /rhn/manager/frontend-log HTTP/1.1" 200 16
172.16.3.7 - - [30/Jan/2026:17:33:13 +0100] "GET /rhn/manager/download/sle-module-systems-management-15-sp7-pool-x86_64/repodata/046813eddefa3c2190f8417932442c01a832706041a490e85034dce17004295e-primary.xml.gz?eyJhbGciOiJIUzI1NiJ9.eyJqdGkiOiJIb1B3Y2gyU2d1bThhaF9OWDZvVG5BIiwiZXhwIjoxODAxMzI2NzE5LCJpYXQiOjE3Njk3OTA3MTksIm5iZiI6MTc2OTc5MDU5OSwib3JnIjoxLCJvbmx5Q2hhbm5lbHMiOlsic2xlLW1vZHVsZS1zeXN0ZW1zLW1hbmFnZW1lbnQtMTUtc3A3LXBvb2wteDg2XzY0Il19.IeMqYIKFyxlNLMa4b0hBfFxAd1xOBoZJW6PT1Kdhk1A HTTP/1.1" 200 3664
172.16.3.7 - - [30/Jan/2026:17:33:13 +0100] "HEAD /rhn/manager/download/sle-module-systems-management-15-sp7-pool-x86_64/repodata/110e2a801f4c7d14b5f7b05e63d0fb1a775f607931d93ddbe94e1dbbd080c248-susedata.xml.gz?eyJhbGciOiJIUzI1NiJ9.eyJqdGkiOiJIb1B3Y2gyU2d1bThhaF9OWDZvVG5BIiwiZXhwIjoxODAxMzI2NzE5LCJpYXQiOjE3Njk3OTA3MTksIm5iZiI6MTc2OTc5MDU5OSwib3JnIjoxLCJvbmx5Q2hhbm5lbHMiOlsic2xlLW1vZHVsZS1zeXN0ZW1zLW1hbmFnZW1lbnQtMTUtc3A3LXBvb2wteDg2XzY0Il19.IeMqYIKFyxlNLMa4b0hBfFxAd1xOBoZJW6PT1Kdhk1A HTTP/1.1" 200 -
172.16.3.5 - - [30/Jan/2026:17:33:13 +0100] "GET /rhn/systems/details/Overview.do?sid=1000010005 HTTP/1.1" 200 42655
172.16.3.7 - - [30/Jan/2026:17:33:13 +0100] "GET /rhn/manager/download/sle-module-systems-management-15-sp7-pool-x86_64/repodata/110e2a801f4c7d14b5f7b05e63d0fb1a775f607931d93ddbe94e1dbbd080c248-susedata.xml.gz?eyJhbGciOiJIUzI1NiJ9.eyJqdGkiOiJIb1B3Y2gyU2d1bThhaF9OWDZvVG5BIiwiZXhwIjoxODAxMzI2NzE5LCJpYXQiOjE3Njk3OTA3MTksIm5iZiI6MTc2OTc5MDU5OSwib3JnIjoxLCJvbmx5Q2hhbm5lbHMiOlsic2xlLW1vZHVsZS1zeXN0ZW1zLW1hbmFnZW1lbnQtMTUtc3A3LXBvb2wteDg2XzY0Il19.IeMqYIKFyxlNLMa4b0hBfFxAd1xOBoZJW6PT1Kdhk1A HTTP/1.1" 200 3664
127.0.0.1 - - [30/Jan/2026:17:33:13 +0100] "GET /rhn/websocket/notifications HTTP/1.1" 101 -
172.16.3.7 - - [30/Jan/2026:17:33:13 +0100] "HEAD /rhn/manager/download/sle-product-sles15-sp7-pool-x86_64/repodata/repomd.xml?eyJhbGciOiJIUzI1NiJ9.eyJqdGkiOiJHdkVlWjh5YmtJaWFoNmxaSk1tY0NRIiwiZXhwIjoxODAxMzI2NzE5LCJpYXQiOjE3Njk3OTA3MTksIm5iZiI6MTc2OTc5MDU5OSwib3JnIjoxLCJvbmx5Q2hhbm5lbHMiOlsic2xlLXByb2R1Y3Qtc2xlczE1LXNwNy1wb29sLXg4Nl82NCJdfQ.4fqxwZ7S8NR9FVM4Dm4oikpB1-IBQIdhRCMMVl83Iw8 HTTP/1.1" 200 -
172.16.3.7 - - [30/Jan/2026:17:33:13 +0100] "HEAD /rhn/manager/download/sle-product-sles15-sp7-pool-x86_64/media.1/media?eyJhbGciOiJIUzI1NiJ9.eyJqdGkiOiJHdkVlWjh5YmtJaWFoNmxaSk1tY0NRIiwiZXhwIjoxODAxMzI2NzE5LCJpYXQiOjE3Njk3OTA3MTksIm5iZiI6MTc2OTc5MDU5OSwib3JnIjoxLCJvbmx5Q2hhbm5lbHMiOlsic2xlLXByb2R1Y3Qtc2xlczE1LXNwNy1wb29sLXg4Nl82NCJdfQ.4fqxwZ7S8NR9FVM4Dm4oikpB1-IBQIdhRCMMVl83Iw8 HTTP/1.1" 404 -
172.16.3.7 - - [30/Jan/2026:17:33:13 +0100] "HEAD /rhn/manager/download/sle-product-sles15-sp7-pool-x86_64/repodata/repomd.xml?eyJhbGciOiJIUzI1NiJ9.eyJqdGkiOiJHdkVlWjh5YmtJaWFoNmxaSk1tY0NRIiwiZXhwIjoxODAxMzI2NzE5LCJpYXQiOjE3Njk3OTA3MTksIm5iZiI6MTc2OTc5MDU5OSwib3JnIjoxLCJvbmx5Q2hhbm5lbHMiOlsic2xlLXByb2R1Y3Qtc2xlczE1LXNwNy1wb29sLXg4Nl82NCJdfQ.4fqxwZ7S8NR9FVM4Dm4oikpB1-IBQIdhRCMMVl83Iw8 HTTP/1.1" 200 -
172.16.3.5 - - [30/Jan/2026:17:33:13 +0100] "GET /rhn/manager/api/systems/list/all?p=1&ps=100&s=1&sc=server_name HTTP/1.1" 200 4827
172.16.3.7 - - [30/Jan/2026:17:33:13 +0100] "GET /rhn/manager/download/sle-product-sles15-sp7-pool-x86_64/repodata/repomd.xml?eyJhbGciOiJIUzI1NiJ9.eyJqdGkiOiJHdkVlWjh5YmtJaWFoNmxaSk1tY0NRIiwiZXhwIjoxODAxMzI2NzE5LCJpYXQiOjE3Njk3OTA3MTksIm5iZiI6MTc2OTc5MDU5OSwib3JnIjoxLCJvbmx5Q2hhbm5lbHMiOlsic2xlLXByb2R1Y3Qtc2xlczE1LXNwNy1wb29sLXg4Nl82NCJdfQ.4fqxwZ7S8NR9FVM4Dm4oikpB1-IBQIdhRCMMVl83Iw8 HTTP/1.1" 200 3664
127.0.0.1 - - [30/Jan/2026:17:33:13 +0100] "GET /rhn/websocket/notifications HTTP/1.1" 101 -
172.16.3.7 - - [30/Jan/2026:17:33:13 +0100] "HEAD /rhn/manager/download/sle-product-sles15-sp7-pool-x86_64/repodata/repomd.xml.asc?eyJhbGciOiJIUzI1NiJ9.eyJqdGkiOiJHdkVlWjh5YmtJaWFoNmxaSk1tY0NRIiwiZXhwIjoxODAxMzI2NzE5LCJpYXQiOjE3Njk3OTA3MTksIm5iZiI6MTc2OTc5MDU5OSwib3JnIjoxLCJvbmx5Q2hhbm5lbHMiOlsic2xlLXByb2R1Y3Qtc2xlczE1LXNwNy1wb29sLXg4Nl82NCJdfQ.4fqxwZ7S8NR9FVM4Dm4oikpB1-IBQIdhRCMMVl83Iw8 HTTP/1.1" 404 -
172.16.3.5 - - [30/Jan/2026:17:33:13 +0100] "POST /rhn/manager/frontend-log HTTP/1.1" 200 16
172.16.3.7 - - [30/Jan/2026:17:33:13 +0100] "HEAD /rhn/manager/download/sle-product-sles15-sp7-pool-x86_64/repodata/c8e0f552cad1f92d615c7e759066ec06a8d881eaf43d49ac2d623ac121bf27a4-primary.xml.gz?eyJhbGciOiJIUzI1NiJ9.eyJqdGkiOiJHdkVlWjh5YmtJaWFoNmxaSk1tY0NRIiwiZXhwIjoxODAxMzI2NzE5LCJpYXQiOjE3Njk3OTA3MTksIm5iZiI6MTc2OTc5MDU5OSwib3JnIjoxLCJvbmx5Q2hhbm5lbHMiOlsic2xlLXByb2R1Y3Qtc2xlczE1LXNwNy1wb29sLXg4Nl82NCJdfQ.4fqxwZ7S8NR9FVM4Dm4oikpB1-IBQIdhRCMMVl83Iw8 HTTP/1.1" 200 -
172.16.3.5 - - [30/Jan/2026:17:33:13 +0100] "POST /rhn/manager/api/auth/login HTTP/1.1" 200 16
172.16.3.7 - - [30/Jan/2026:17:33:13 +0100] "GET /rhn/manager/download/sle-product-sles15-sp7-pool-x86_64/repodata/c8e0f552cad1f92d615c7e759066ec06a8d881eaf43d49ac2d623ac121bf27a4-primary.xml.gz?eyJhbGciOiJIUzI1NiJ9.eyJqdGkiOiJHdkVlWjh5YmtJaWFoNmxaSk1tY0NRIiwiZXhwIjoxODAxMzI2NzE5LCJpYXQiOjE3Njk3OTA3MTksIm5iZiI6MTc2OTc5MDU5OSwib3JnIjoxLCJvbmx5Q2hhbm5lbHMiOlsic2xlLXByb2R1Y3Qtc2xlczE1LXNwNy1wb29sLXg4Nl82NCJdfQ.4fqxwZ7S8NR9FVM4Dm4oikpB1-IBQIdhRCMMVl83Iw8 HTTP/1.1" 200 3664
172.16.3.7 - - [30/Jan/2026:17:33:13 +0100] "HEAD /rhn/manager/download/sle-product-sles15-sp7-pool-x86_64/repodata/d34d50251ddccc5076dda6be822f830e76003f859d24fecd8a7417991ab5a954-susedata.xml.gz?eyJhbGciOiJIUzI1NiJ9.eyJqdGkiOiJHdkVlWjh5YmtJaWFoNmxaSk1tY0NRIiwiZXhwIjoxODAxMzI2NzE5LCJpYXQiOjE3Njk3OTA3MTksIm5iZiI6MTc2OTc5MDU5OSwib3JnIjoxLCJvbmx5Q2hhbm5lbHMiOlsic2xlLXByb2R1Y3Qtc2xlczE1LXNwNy1wb29sLXg4Nl82NCJdfQ.4fqxwZ7S8NR9FVM4Dm4oikpB1-IBQIdhRCMMVl83Iw8 HTTP/1.1" 200 -
172.16.3.7 - - [30/Jan/2026:17:33:13 +0100] "GET /rhn/manager/download/sle-product-sles15-sp7-pool-x86_64/repodata/d34d50251ddccc5076dda6be822f830e76003f859d24fecd8a7417991ab5a954-susedata.xml.gz?eyJhbGciOiJIUzI1NiJ9.eyJqdGkiOiJHdkVlWjh5YmtJaWFoNmxaSk1tY0NRIiwiZXhwIjoxODAxMzI2NzE5LCJpYXQiOjE3Njk3OTA3MTksIm5iZiI6MTc2OTc5MDU5OSwib3JnIjoxLCJvbmx5Q2hhbm5lbHMiOlsic2xlLXByb2R1Y3Qtc2xlczE1LXNwNy1wb29sLXg4Nl82NCJdfQ.4fqxwZ7S8NR9FVM4Dm4oikpB1-IBQIdhRCMMVl83Iw8 HTTP/1.1" 200 3664
172.16.3.5 - - [30/Jan/2026:17:33:13 +0100] "POST /rhn/manager/api/sets/system_list HTTP/1.1" 200 1
172.16.3.7 - - [30/Jan/2026:17:33:13 +0100] "HEAD /rhn/manager/download/sles15-sp7-devel-uyuni-client-x86_64/repodata/repomd.xml?eyJhbGciOiJIUzI1NiJ9.eyJqdGkiOiJ0X2NMMVA2Wkg4aHhlQzFtVzJYWXFRIiwiZXhwIjoxODAxMzI2NzE5LCJpYXQiOjE3Njk3OTA3MTksIm5iZiI6MTc2OTc5MDU5OSwib3JnIjoxLCJvbmx5Q2hhbm5lbHMiOlsic2xlczE1LXNwNy1kZXZlbC11eXVuaS1jbGllbnQteDg2XzY0Il19._XiQa1hy84OXqmZ2aCoxYgPvxYK35WHQ1FkwsxZxY6g HTTP/1.1" 200 -
172.16.3.5 - - [30/Jan/2026:17:33:13 +0100] "POST /rhn/manager/api/system/searchByName HTTP/1.1" 200 166
172.16.3.5 - - [30/Jan/2026:17:33:13 +0100] "GET /rhn/systems/details/Overview.do?sid=1000010000 HTTP/1.1" 200 43369
172.16.3.7 - - [30/Jan/2026:17:33:13 +0100] "HEAD /rhn/manager/download/sles15-sp7-devel-uyuni-client-x86_64/media.1/media?eyJhbGciOiJIUzI1NiJ9.eyJqdGkiOiJ0X2NMMVA2Wkg4aHhlQzFtVzJYWXFRIiwiZXhwIjoxODAxMzI2NzE5LCJpYXQiOjE3Njk3OTA3MTksIm5iZiI6MTc2OTc5MDU5OSwib3JnIjoxLCJvbmx5Q2hhbm5lbHMiOlsic2xlczE1LXNwNy1kZXZlbC11eXVuaS1jbGllbnQteDg2XzY0Il19._XiQa1hy84OXqmZ2aCoxYgPvxYK35WHQ1FkwsxZxY6g HTTP/1.1" 404 -
172.16.3.7 - - [30/Jan/2026:17:33:14 +0100] "HEAD /rhn/manager/download/sles15-sp7-devel-uyuni-client-x86_64/repodata/repomd.xml?eyJhbGciOiJIUzI1NiJ9.eyJqdGkiOiJ0X2NMMVA2Wkg4aHhlQzFtVzJYWXFRIiwiZXhwIjoxODAxMzI2NzE5LCJpYXQiOjE3Njk3OTA3MTksIm5iZiI6MTc2OTc5MDU5OSwib3JnIjoxLCJvbmx5Q2hhbm5lbHMiOlsic2xlczE1LXNwNy1kZXZlbC11eXVuaS1jbGllbnQteDg2XzY0Il19._XiQa1hy84OXqmZ2aCoxYgPvxYK35WHQ1FkwsxZxY6g HTTP/1.1" 200 -
172.16.3.5 - - [30/Jan/2026:17:33:14 +0100] "GET /rhn/systems/details/history/Pending.do?sid=1000010005& HTTP/1.1" 200 37845
172.16.3.7 - - [30/Jan/2026:17:33:14 +0100] "GET /rhn/manager/download/sles15-sp7-devel-uyuni-client-x86_64/repodata/repomd.xml?eyJhbGciOiJIUzI1NiJ9.eyJqdGkiOiJ0X2NMMVA2Wkg4aHhlQzFtVzJYWXFRIiwiZXhwIjoxODAxMzI2NzE5LCJpYXQiOjE3Njk3OTA3MTksIm5iZiI6MTc2OTc5MDU5OSwib3JnIjoxLCJvbmx5Q2hhbm5lbHMiOlsic2xlczE1LXNwNy1kZXZlbC11eXVuaS1jbGllbnQteDg2XzY0Il19._XiQa1hy84OXqmZ2aCoxYgPvxYK35WHQ1FkwsxZxY6g HTTP/1.1" 200 3664
172.16.3.5 - - [30/Jan/2026:17:33:14 +0100] "GET /rhn/manager/api/auth/logout HTTP/1.1" 200 16
172.16.3.5 - - [30/Jan/2026:17:33:14 +0100] "POST /rhn/manager/frontend-log HTTP/1.1" 200 16
172.16.3.7 - - [30/Jan/2026:17:33:14 +0100] "HEAD /rhn/manager/download/sles15-sp7-devel-uyuni-client-x86_64/repodata/repomd.xml.asc?eyJhbGciOiJIUzI1NiJ9.eyJqdGkiOiJ0X2NMMVA2Wkg4aHhlQzFtVzJYWXFRIiwiZXhwIjoxODAxMzI2NzE5LCJpYXQiOjE3Njk3OTA3MTksIm5iZiI6MTc2OTc5MDU5OSwib3JnIjoxLCJvbmx5Q2hhbm5lbHMiOlsic2xlczE1LXNwNy1kZXZlbC11eXVuaS1jbGllbnQteDg2XzY0Il19._XiQa1hy84OXqmZ2aCoxYgPvxYK35WHQ1FkwsxZxY6g HTTP/1.1" 404 -
127.0.0.1 - - [30/Jan/2026:17:33:14 +0100] "GET /rhn/websocket/notifications HTTP/1.1" 101 -
172.16.3.7 - - [30/Jan/2026:17:33:14 +0100] "HEAD /rhn/manager/download/sles15-sp7-devel-uyuni-client-x86_64/repodata/918afae8a4eaff1e642320e793fd3bfe20095f099902c53ca3d95428b70653dd-primary.xml.gz?eyJhbGciOiJIUzI1NiJ9.eyJqdGkiOiJ0X2NMMVA2Wkg4aHhlQzFtVzJYWXFRIiwiZXhwIjoxODAxMzI2NzE5LCJpYXQiOjE3Njk3OTA3MTksIm5iZiI6MTc2OTc5MDU5OSwib3JnIjoxLCJvbmx5Q2hhbm5lbHMiOlsic2xlczE1LXNwNy1kZXZlbC11eXVuaS1jbGllbnQteDg2XzY0Il19._XiQa1hy84OXqmZ2aCoxYgPvxYK35WHQ1FkwsxZxY6g HTTP/1.1" 200 -
127.0.0.1 - - [30/Jan/2026:17:33:14 +0100] "GET /rhn/websocket/notifications HTTP/1.1" 101 -
172.16.3.5 - - [30/Jan/2026:17:33:14 +0100] "POST /rhn/manager/frontend-log HTTP/1.1" 200 16
172.16.3.5 - - [30/Jan/2026:17:33:14 +0100] "POST /rhn/manager/frontend-log HTTP/1.1" 200 16
172.16.3.7 - - [30/Jan/2026:17:33:14 +0100] "GET /rhn/manager/download/sles15-sp7-devel-uyuni-client-x86_64/repodata/918afae8a4eaff1e642320e793fd3bfe20095f099902c53ca3d95428b70653dd-primary.xml.gz?eyJhbGciOiJIUzI1NiJ9.eyJqdGkiOiJ0X2NMMVA2Wkg4aHhlQzFtVzJYWXFRIiwiZXhwIjoxODAxMzI2NzE5LCJpYXQiOjE3Njk3OTA3MTksIm5iZiI6MTc2OTc5MDU5OSwib3JnIjoxLCJvbmx5Q2hhbm5lbHMiOlsic2xlczE1LXNwNy1kZXZlbC11eXVuaS1jbGllbnQteDg2XzY0Il19._XiQa1hy84OXqmZ2aCoxYgPvxYK35WHQ1FkwsxZxY6g HTTP/1.1" 200 3664
172.16.3.7 - - [30/Jan/2026:17:33:14 +0100] "HEAD /rhn/manager/download/sles15-sp7-devel-uyuni-client-x86_64/repodata/8a5127520ba7846851b47d69f4166ab8bb3127da3fccb0935e621b6b6d6cf861-susedata.xml.gz?eyJhbGciOiJIUzI1NiJ9.eyJqdGkiOiJ0X2NMMVA2Wkg4aHhlQzFtVzJYWXFRIiwiZXhwIjoxODAxMzI2NzE5LCJpYXQiOjE3Njk3OTA3MTksIm5iZiI6MTc2OTc5MDU5OSwib3JnIjoxLCJvbmx5Q2hhbm5lbHMiOlsic2xlczE1LXNwNy1kZXZlbC11eXVuaS1jbGllbnQteDg2XzY0Il19._XiQa1hy84OXqmZ2aCoxYgPvxYK35WHQ1FkwsxZxY6g HTTP/1.1" 200 -
172.16.3.7 - - [30/Jan/2026:17:33:14 +0100] "GET /rhn/manager/download/sles15-sp7-devel-uyuni-client-x86_64/repodata/8a5127520ba7846851b47d69f4166ab8bb3127da3fccb0935e621b6b6d6cf861-susedata.xml.gz?eyJhbGciOiJIUzI1NiJ9.eyJqdGkiOiJ0X2NMMVA2Wkg4aHhlQzFtVzJYWXFRIiwiZXhwIjoxODAxMzI2NzE5LCJpYXQiOjE3Njk3OTA3MTksIm5iZiI6MTc2OTc5MDU5OSwib3JnIjoxLCJvbmx5Q2hhbm5lbHMiOlsic2xlczE1LXNwNy1kZXZlbC11eXVuaS1jbGllbnQteDg2XzY0Il19._XiQa1hy84OXqmZ2aCoxYgPvxYK35WHQ1FkwsxZxY6g HTTP/1.1" 200 3664
172.16.3.5 - - [30/Jan/2026:17:33:14 +0100] "GET /rhn/systems/details/history/Pending.do?sid=1000010005& HTTP/1.1" 200 37845
172.16.3.5 - - [30/Jan/2026:17:33:14 +0100] "GET /rhn/systems/details/Overview.do?sid=1000010002 HTTP/1.1" 200 44075
172.16.3.5 - - [30/Jan/2026:17:33:14 +0100] "POST /rhn/manager/frontend-log HTTP/1.1" 200 16
172.16.3.5 - - [30/Jan/2026:17:33:14 +0100] "GET /rhn/systems/details/Overview.do?sid=1000010000& HTTP/1.1" 200 43369
127.0.0.1 - - [30/Jan/2026:17:33:14 +0100] "GET /rhn/websocket/notifications HTTP/1.1" 101 -
172.16.3.5 - - [30/Jan/2026:17:33:15 +0100] "POST /rhn/manager/frontend-log HTTP/1.1" 200 16
127.0.0.1 - - [30/Jan/2026:17:33:15 +0100] "GET /rhn/websocket/notifications HTTP/1.1" 101 -
172.16.3.5 - - [30/Jan/2026:17:33:15 +0100] "POST /rhn/manager/frontend-log HTTP/1.1" 200 16
127.0.0.1 - - [30/Jan/2026:17:33:15 +0100] "GET /rhn/websocket/notifications HTTP/1.1" 101 -
172.16.3.5 - - [30/Jan/2026:17:33:15 +0100] "POST /rhn/manager/frontend-log HTTP/1.1" 200 16
172.16.3.5 - - [30/Jan/2026:17:33:15 +0100] "GET /rhn/systems/details/history/History.do?sid=1000010005& HTTP/1.1" 200 43958
127.0.0.1 - - [30/Jan/2026:17:33:15 +0100] "GET /rhn/websocket/notifications HTTP/1.1" 101 -
172.16.3.5 - - [30/Jan/2026:17:33:15 +0100] "POST /rhn/manager/frontend-log HTTP/1.1" 200 16
172.16.3.5 - - [30/Jan/2026:17:33:15 +0100] "GET /rhn/systems/details/Overview.do?sid=1000010002& HTTP/1.1" 200 44075
172.16.3.5 - - [30/Jan/2026:17:33:15 +0100] "GET /rhn/systems/details/ProxyClients.do?sid=1000010000& HTTP/1.1" 200 55822
127.0.0.1 - - [30/Jan/2026:17:33:16 +0100] "GET /rhn/websocket/notifications HTTP/1.1" 101 -
172.16.3.5 - - [30/Jan/2026:17:33:16 +0100] "POST /rhn/manager/frontend-log HTTP/1.1" 200 16
127.0.0.1 - - [30/Jan/2026:17:33:16 +0100] "GET /rhn/websocket/notifications HTTP/1.1" 101 -
172.16.3.5 - - [30/Jan/2026:17:33:16 +0100] "POST /rhn/manager/frontend-log HTTP/1.1" 200 16
172.16.3.5 - - [30/Jan/2026:17:33:16 +0100] "POST /rhn/manager/api/auth/login HTTP/1.1" 200 16
172.16.3.5 - - [30/Jan/2026:17:33:16 +0100] "GET /rhn/systems/details/history/Event.do?sid=1000010005&aid=25 HTTP/1.1" 200 44137
172.16.3.5 - - [30/Jan/2026:17:33:16 +0100] "POST /rhn/manager/api/system/searchByName HTTP/1.1" 200 165
172.16.3.5 - - [30/Jan/2026:17:33:16 +0100] "GET /rhn/systems/details/Connection.do?sid=1000010002& HTTP/1.1" 200 39136
127.0.0.1 - - [30/Jan/2026:17:33:16 +0100] "GET /rhn/websocket/notifications HTTP/1.1" 101 -
127.0.0.1 - - [30/Jan/2026:17:33:16 +0100] "GET /rhn/websocket/notifications HTTP/1.1" 101 -
172.16.3.5 - - [30/Jan/2026:17:33:16 +0100] "POST /rhn/manager/frontend-log HTTP/1.1" 200 16
172.16.3.5 - - [30/Jan/2026:17:33:16 +0100] "POST /rhn/manager/api/auth/login HTTP/1.1" 200 16
172.16.3.5 - - [30/Jan/2026:17:33:16 +0100] "GET /rhn/manager/api/auth/logout HTTP/1.1" 200 16
172.16.3.5 - - [30/Jan/2026:17:33:17 +0100] "POST /rhn/manager/frontend-log HTTP/1.1" 200 16
172.16.3.5 - - [30/Jan/2026:17:33:17 +0100] "POST /rhn/manager/api/system/searchByName HTTP/1.1" 200 157
172.16.3.5 - - [30/Jan/2026:17:33:17 +0100] "GET /rhn/manager/api/auth/logout HTTP/1.1" 200 16
172.16.3.5 - - [30/Jan/2026:17:33:17 +0100] "GET /rhn/systems/details/history/Pending.do?sid=1000010005& HTTP/1.1" 200 37845
127.0.0.1 - - [30/Jan/2026:17:33:17 +0100] "GET /rhn/websocket/notifications HTTP/1.1" 101 -
172.16.3.5 - - [30/Jan/2026:17:33:17 +0100] "POST /rhn/manager/frontend-log HTTP/1.1" 200 16
172.16.3.5 - - [30/Jan/2026:17:33:17 +0100] "GET /rhn/systems/details/Overview.do?sid=1000010001 HTTP/1.1" 200 44413
172.16.3.5 - - [30/Jan/2026:17:33:18 +0100] "GET /rhn/systems/details/history/Pending.do?sid=1000010005& HTTP/1.1" 200 37845
172.16.3.5 - - [30/Jan/2026:17:33:18 +0100] "POST /rhn/manager/frontend-log HTTP/1.1" 200 16
127.0.0.1 - - [30/Jan/2026:17:33:18 +0100] "GET /rhn/websocket/notifications HTTP/1.1" 101 -
172.16.3.5 - - [30/Jan/2026:17:33:18 +0100] "GET /rhn/systems/details/Overview.do?sid=1000010000 HTTP/1.1" 200 43370
172.16.3.5 - - [30/Jan/2026:17:33:18 +0100] "POST /rhn/manager/frontend-log HTTP/1.1" 200 16
127.0.0.1 - - [30/Jan/2026:17:33:18 +0100] "GET /rhn/websocket/notifications HTTP/1.1" 101 -
127.0.0.1 - - [30/Jan/2026:17:33:18 +0100] "GET /rhn/websocket/notifications HTTP/1.1" 101 -
172.16.3.5 - - [30/Jan/2026:17:33:18 +0100] "POST /rhn/manager/frontend-log HTTP/1.1" 200 16
127.0.0.1 - - [30/Jan/2026:17:33:18 +0100] "GET /rhn/websocket/notifications HTTP/1.1" 101 -
172.16.3.5 - - [30/Jan/2026:17:33:18 +0100] "POST /rhn/manager/frontend-log HTTP/1.1" 200 16
172.16.3.5 - - [30/Jan/2026:17:33:18 +0100] "POST /rhn/manager/frontend-log HTTP/1.1" 200 16
172.16.3.5 - - [30/Jan/2026:17:33:19 +0100] "GET /rhn/systems/details/history/History.do?sid=1000010005& HTTP/1.1" 200 43958
172.16.3.5 - - [30/Jan/2026:17:33:19 +0100] "GET /rhn/systems/details/packages/Packages.do?sid=1000010001& HTTP/1.1" 200 38493
172.16.3.5 - - [30/Jan/2026:17:33:19 +0100] "GET /rhn/systems/details/Overview.do?sid=1000010000& HTTP/1.1" 200 43370
172.16.3.5 - - [30/Jan/2026:17:33:19 +0100] "POST /rhn/manager/frontend-log HTTP/1.1" 200 16
172.16.3.5 - - [30/Jan/2026:17:33:19 +0100] "POST /rhn/manager/frontend-log HTTP/1.1" 200 16
127.0.0.1 - - [30/Jan/2026:17:33:19 +0100] "GET /rhn/websocket/notifications HTTP/1.1" 101 -
127.0.0.1 - - [30/Jan/2026:17:33:19 +0100] "GET /rhn/websocket/notifications HTTP/1.1" 101 -
127.0.0.1 - - [30/Jan/2026:17:33:19 +0100] "GET /rhn/websocket/notifications HTTP/1.1" 101 -
172.16.3.5 - - [30/Jan/2026:17:33:19 +0100] "POST /rhn/manager/frontend-log HTTP/1.1" 200 16
172.16.3.5 - - [30/Jan/2026:17:33:19 +0100] "GET /rhn/systems/details/SystemChannels.do?sid=1000010001& HTTP/1.1" 200 36846
172.16.3.5 - - [30/Jan/2026:17:33:20 +0100] "GET /rhn/systems/details/history/Event.do?sid=1000010005&aid=24 HTTP/1.1" 200 38190
127.0.0.1 - - [30/Jan/2026:17:33:20 +0100] "GET /rhn/websocket/notifications HTTP/1.1" 101 -
172.16.3.5 - - [30/Jan/2026:17:33:20 +0100] "GET /rhn/manager/api/systems/1000010001/channels HTTP/1.1" 200 534
172.16.3.5 - - [30/Jan/2026:17:33:20 +0100] "POST /rhn/manager/frontend-log HTTP/1.1" 200 16
172.16.3.5 - - [30/Jan/2026:17:33:20 +0100] "GET /rhn/manager/api/systems/1000010001/channels-available-base HTTP/1.1" 200 1041
172.16.3.5 - - [30/Jan/2026:17:33:20 +0100] "POST /rhn/manager/frontend-log HTTP/1.1" 200 16
172.16.3.5 - - [30/Jan/2026:17:33:20 +0100] "GET /rhn/systems/details/ProxyClients.do?sid=1000010000& HTTP/1.1" 200 55837
127.0.0.1 - - [30/Jan/2026:17:33:20 +0100] "GET /rhn/websocket/notifications HTTP/1.1" 101 -
172.16.3.5 - - [30/Jan/2026:17:33:21 +0100] "GET /rhn/manager/api/systems/1000010001/channels/129/accessible-children?oldBaseChannelId=129 HTTP/1.1" 200 283
172.16.3.5 - - [30/Jan/2026:17:33:21 +0100] "POST /rhn/manager/frontend-log HTTP/1.1" 200 16
127.0.0.1 - - [30/Jan/2026:17:33:21 +0100] "GET /rhn/websocket/notifications HTTP/1.1" 101 -
172.16.3.5 - - [30/Jan/2026:17:33:21 +0100] "POST /rhn/manager/api/admin/mandatoryChannels HTTP/1.1" 200 43
172.16.3.5 - - [30/Jan/2026:17:33:21 +0100] "GET /rhn/systems/details/history/History.do?sid=1000010003& HTTP/1.1" 200 47393
172.16.3.5 - - [30/Jan/2026:17:33:21 +0100] "POST /rhn/manager/api/auth/login HTTP/1.1" 200 16
127.0.0.1 - - [30/Jan/2026:17:33:21 +0100] "GET /rhn/websocket/notifications HTTP/1.1" 101 -
172.16.3.5 - - [30/Jan/2026:17:33:21 +0100] "POST /rhn/manager/frontend-log HTTP/1.1" 200 16
172.16.3.5 - - [30/Jan/2026:17:33:21 +0100] "POST /rhn/manager/api/system/searchByName HTTP/1.1" 200 166
172.16.3.5 - - [30/Jan/2026:17:33:21 +0100] "POST /rhn/manager/api/maintenance/upcoming-windows HTTP/1.1" 200 26
172.16.3.5 - - [30/Jan/2026:17:33:21 +0100] "GET /rhn/manager/api/auth/logout HTTP/1.1" 200 16
172.16.3.5 - - [30/Jan/2026:17:33:22 +0100] "POST /rhn/manager/api/systems/1000010001/channels HTTP/1.1" 200 26
172.16.3.5 - - [30/Jan/2026:17:33:22 +0100] "GET /rhn/systems/details/history/Event.do?sid=1000010003&aid=18 HTTP/1.1" 200 38111
127.0.0.1 - - [30/Jan/2026:17:33:22 +0100] "GET /rhn/websocket/notifications HTTP/1.1" 101 -
172.16.3.5 - - [30/Jan/2026:17:33:22 +0100] "POST /rhn/manager/frontend-log HTTP/1.1" 200 16
172.16.3.5 - - [30/Jan/2026:17:33:22 +0100] "GET /rhn/systems/details/Overview.do?sid=1000010002 HTTP/1.1" 200 44075
172.16.3.5 - - [30/Jan/2026:17:33:22 +0100] "POST /rhn/manager/frontend-log HTTP/1.1" 200 16
172.16.3.5 - - [30/Jan/2026:17:33:22 +0100] "GET /rhn/systems/details/history/Pending.do?sid=1000010001& HTTP/1.1" 200 40633
127.0.0.1 - - [30/Jan/2026:17:33:23 +0100] "GET /rhn/websocket/notifications HTTP/1.1" 101 -
172.16.3.5 - - [30/Jan/2026:17:33:23 +0100] "POST /rhn/manager/frontend-log HTTP/1.1" 200 16
172.16.3.5 - - [30/Jan/2026:17:33:23 +0100] "POST /rhn/manager/frontend-log HTTP/1.1" 200 16
172.16.3.5 - - [30/Jan/2026:17:33:23 +0100] "GET /rhn/systems/details/history/Pending.do?sid=1000010003& HTTP/1.1" 200 37859
127.0.0.1 - - [30/Jan/2026:17:33:23 +0100] "GET /rhn/websocket/notifications HTTP/1.1" 101 -
127.0.0.1 - - [30/Jan/2026:17:33:23 +0100] "GET /rhn/websocket/notifications HTTP/1.1" 101 -
127.0.0.1 - - [30/Jan/2026:17:33:23 +0100] "GET /rhn/websocket/notifications HTTP/1.1" 101 -
172.16.3.5 - - [30/Jan/2026:17:33:23 +0100] "POST /rhn/manager/frontend-log HTTP/1.1" 200 16
172.16.3.5 - - [30/Jan/2026:17:33:23 +0100] "GET /rhn/systems/details/packages/Packages.do?sid=1000010002& HTTP/1.1" 200 38496
172.16.3.5 - - [30/Jan/2026:17:33:24 +0100] "GET /rhn/systems/details/history/Pending.do?sid=1000010001& HTTP/1.1" 200 40633
172.16.3.5 - - [30/Jan/2026:17:33:24 +0100] "GET /rhn/manager/systems/list/all HTTP/1.1" 200 34437
172.16.3.5 - - [30/Jan/2026:17:33:24 +0100] "POST /rhn/manager/frontend-log HTTP/1.1" 200 16
127.0.0.1 - - [30/Jan/2026:17:33:24 +0100] "GET /rhn/websocket/notifications HTTP/1.1" 101 -
172.16.3.5 - - [30/Jan/2026:17:33:24 +0100] "POST /rhn/manager/frontend-log HTTP/1.1" 200 16
127.0.0.1 - - [30/Jan/2026:17:33:24 +0100] "GET /rhn/websocket/notifications HTTP/1.1" 101 -
127.0.0.1 - - [30/Jan/2026:17:33:24 +0100] "GET /rhn/websocket/notifications HTTP/1.1" 101 -
172.16.3.5 - - [30/Jan/2026:17:33:24 +0100] "POST /rhn/manager/frontend-log HTTP/1.1" 200 16
172.16.3.5 - - [30/Jan/2026:17:33:24 +0100] "GET /rhn/systems/details/history/Pending.do?sid=1000010003& HTTP/1.1" 200 37859
172.16.3.5 - - [30/Jan/2026:17:33:24 +0100] "GET /rhn/manager/api/systems/list/all?p=1&ps=100&s=1&sc=server_name HTTP/1.1" 200 4827
172.16.3.5 - - [30/Jan/2026:17:33:25 +0100] "GET /rhn/systems/details/SystemChannels.do?sid=1000010002& HTTP/1.1" 200 36849
172.16.3.5 - - [30/Jan/2026:17:33:25 +0100] "POST /rhn/manager/frontend-log HTTP/1.1" 200 16
127.0.0.1 - - [30/Jan/2026:17:33:25 +0100] "GET /rhn/websocket/notifications HTTP/1.1" 101 -
172.16.3.5 - - [30/Jan/2026:17:33:25 +0100] "POST /rhn/manager/api/sets/system_list HTTP/1.1" 200 1
172.16.3.5 - - [30/Jan/2026:17:33:25 +0100] "GET /rhn/manager/api/systems/1000010002/channels HTTP/1.1" 200 564
172.16.3.5 - - [30/Jan/2026:17:33:25 +0100] "POST /rhn/manager/frontend-log HTTP/1.1" 200 16
172.16.3.5 - - [30/Jan/2026:17:33:25 +0100] "GET /rhn/manager/api/systems/1000010002/channels-available-base HTTP/1.1" 200 237
127.0.0.1 - - [30/Jan/2026:17:33:25 +0100] "GET /rhn/websocket/notifications HTTP/1.1" 101 -
172.16.3.5 - - [30/Jan/2026:17:33:26 +0100] "GET /rhn/manager/api/systems/1000010002/channels/128/accessible-children?oldBaseChannelId=128 HTTP/1.1" 200 298
172.16.3.5 - - [30/Jan/2026:17:33:26 +0100] "GET /rhn/systems/details/history/History.do?sid=1000010003& HTTP/1.1" 200 47393
172.16.3.5 - - [30/Jan/2026:17:33:26 +0100] "POST /rhn/manager/api/admin/mandatoryChannels HTTP/1.1" 200 43
172.16.3.7 - - [30/Jan/2026:17:33:26 +0100] "HEAD /rhn/manager/download/sle-module-basesystem15-sp7-updates-x86_64/repodata/repomd.xml?eyJhbGciOiJIUzI1NiJ9.eyJqdGkiOiI5RTFUR21ld25wOGVmYnE4cUg5OGN3IiwiZXhwIjoxODAxMzI2NzE5LCJpYXQiOjE3Njk3OTA3MTksIm5iZiI6MTc2OTc5MDU5OSwib3JnIjoxLCJvbmx5Q2hhbm5lbHMiOlsic2xlLW1vZHVsZS1iYXNlc3lzdGVtMTUtc3A3LXVwZGF0ZXMteDg2XzY0Il19.WwImMUbye0KFhpwR34jJ1ws4FJCswoM0N-maDdr2wHU HTTP/1.1" 200 -
172.16.3.7 - - [30/Jan/2026:17:33:26 +0100] "HEAD /rhn/manager/download/sle-module-basesystem15-sp7-updates-x86_64/media.1/media?eyJhbGciOiJIUzI1NiJ9.eyJqdGkiOiI5RTFUR21ld25wOGVmYnE4cUg5OGN3IiwiZXhwIjoxODAxMzI2NzE5LCJpYXQiOjE3Njk3OTA3MTksIm5iZiI6MTc2OTc5MDU5OSwib3JnIjoxLCJvbmx5Q2hhbm5lbHMiOlsic2xlLW1vZHVsZS1iYXNlc3lzdGVtMTUtc3A3LXVwZGF0ZXMteDg2XzY0Il19.WwImMUbye0KFhpwR34jJ1ws4FJCswoM0N-maDdr2wHU HTTP/1.1" 404 -
172.16.3.5 - - [30/Jan/2026:17:33:26 +0100] "GET /rhn/systems/details/Overview.do?sid=1000010004 HTTP/1.1" 200 44753
127.0.0.1 - - [30/Jan/2026:17:33:26 +0100] "GET /rhn/websocket/notifications HTTP/1.1" 101 -
172.16.3.7 - - [30/Jan/2026:17:33:26 +0100] "HEAD /rhn/manager/download/sle-module-basesystem15-sp7-updates-x86_64/repodata/repomd.xml?eyJhbGciOiJIUzI1NiJ9.eyJqdGkiOiI5RTFUR21ld25wOGVmYnE4cUg5OGN3IiwiZXhwIjoxODAxMzI2NzE5LCJpYXQiOjE3Njk3OTA3MTksIm5iZiI6MTc2OTc5MDU5OSwib3JnIjoxLCJvbmx5Q2hhbm5lbHMiOlsic2xlLW1vZHVsZS1iYXNlc3lzdGVtMTUtc3A3LXVwZGF0ZXMteDg2XzY0Il19.WwImMUbye0KFhpwR34jJ1ws4FJCswoM0N-maDdr2wHU HTTP/1.1" 200 -
172.16.3.5 - - [30/Jan/2026:17:33:26 +0100] "POST /rhn/manager/frontend-log HTTP/1.1" 200 16
172.16.3.7 - - [30/Jan/2026:17:33:26 +0100] "GET /rhn/manager/download/sle-module-basesystem15-sp7-updates-x86_64/repodata/repomd.xml?eyJhbGciOiJIUzI1NiJ9.eyJqdGkiOiI5RTFUR21ld25wOGVmYnE4cUg5OGN3IiwiZXhwIjoxODAxMzI2NzE5LCJpYXQiOjE3Njk3OTA3MTksIm5iZiI6MTc2OTc5MDU5OSwib3JnIjoxLCJvbmx5Q2hhbm5lbHMiOlsic2xlLW1vZHVsZS1iYXNlc3lzdGVtMTUtc3A3LXVwZGF0ZXMteDg2XzY0Il19.WwImMUbye0KFhpwR34jJ1ws4FJCswoM0N-maDdr2wHU HTTP/1.1" 200 3664
172.16.3.7 - - [30/Jan/2026:17:33:26 +0100] "HEAD /rhn/manager/download/sle-module-basesystem15-sp7-updates-x86_64/repodata/repomd.xml.asc?eyJhbGciOiJIUzI1NiJ9.eyJqdGkiOiI5RTFUR21ld25wOGVmYnE4cUg5OGN3IiwiZXhwIjoxODAxMzI2NzE5LCJpYXQiOjE3Njk3OTA3MTksIm5iZiI6MTc2OTc5MDU5OSwib3JnIjoxLCJvbmx5Q2hhbm5lbHMiOlsic2xlLW1vZHVsZS1iYXNlc3lzdGVtMTUtc3A3LXVwZGF0ZXMteDg2XzY0Il19.WwImMUbye0KFhpwR34jJ1ws4FJCswoM0N-maDdr2wHU HTTP/1.1" 404 -
172.16.3.7 - - [30/Jan/2026:17:33:26 +0100] "HEAD /rhn/manager/download/sle-module-basesystem15-sp7-updates-x86_64/repodata/2892c008cce10137a280235e9bcccc50f967373c97670634a6f70f3cae1e4bc5-primary.xml.gz?eyJhbGciOiJIUzI1NiJ9.eyJqdGkiOiI5RTFUR21ld25wOGVmYnE4cUg5OGN3IiwiZXhwIjoxODAxMzI2NzE5LCJpYXQiOjE3Njk3OTA3MTksIm5iZiI6MTc2OTc5MDU5OSwib3JnIjoxLCJvbmx5Q2hhbm5lbHMiOlsic2xlLW1vZHVsZS1iYXNlc3lzdGVtMTUtc3A3LXVwZGF0ZXMteDg2XzY0Il19.WwImMUbye0KFhpwR34jJ1ws4FJCswoM0N-maDdr2wHU HTTP/1.1" 200 -
172.16.3.7 - - [30/Jan/2026:17:33:26 +0100] "GET /rhn/manager/download/sle-module-basesystem15-sp7-updates-x86_64/repodata/2892c008cce10137a280235e9bcccc50f967373c97670634a6f70f3cae1e4bc5-primary.xml.gz?eyJhbGciOiJIUzI1NiJ9.eyJqdGkiOiI5RTFUR21ld25wOGVmYnE4cUg5OGN3IiwiZXhwIjoxODAxMzI2NzE5LCJpYXQiOjE3Njk3OTA3MTksIm5iZiI6MTc2OTc5MDU5OSwib3JnIjoxLCJvbmx5Q2hhbm5lbHMiOlsic2xlLW1vZHVsZS1iYXNlc3lzdGVtMTUtc3A3LXVwZGF0ZXMteDg2XzY0Il19.WwImMUbye0KFhpwR34jJ1ws4FJCswoM0N-maDdr2wHU HTTP/1.1" 200 3664
172.16.3.7 - - [30/Jan/2026:17:33:26 +0100] "HEAD /rhn/manager/download/sle-module-basesystem15-sp7-updates-x86_64/repodata/868f771cbd698157e7de6fc7fc630b09ab55f8678e39964c4fa5381a61070316-susedata.xml.gz?eyJhbGciOiJIUzI1NiJ9.eyJqdGkiOiI5RTFUR21ld25wOGVmYnE4cUg5OGN3IiwiZXhwIjoxODAxMzI2NzE5LCJpYXQiOjE3Njk3OTA3MTksIm5iZiI6MTc2OTc5MDU5OSwib3JnIjoxLCJvbmx5Q2hhbm5lbHMiOlsic2xlLW1vZHVsZS1iYXNlc3lzdGVtMTUtc3A3LXVwZGF0ZXMteDg2XzY0Il19.WwImMUbye0KFhpwR34jJ1ws4FJCswoM0N-maDdr2wHU HTTP/1.1" 200 -
172.16.3.7 - - [30/Jan/2026:17:33:26 +0100] "GET /rhn/manager/download/sle-module-basesystem15-sp7-updates-x86_64/repodata/868f771cbd698157e7de6fc7fc630b09ab55f8678e39964c4fa5381a61070316-susedata.xml.gz?eyJhbGciOiJIUzI1NiJ9.eyJqdGkiOiI5RTFUR21ld25wOGVmYnE4cUg5OGN3IiwiZXhwIjoxODAxMzI2NzE5LCJpYXQiOjE3Njk3OTA3MTksIm5iZiI6MTc2OTc5MDU5OSwib3JnIjoxLCJvbmx5Q2hhbm5lbHMiOlsic2xlLW1vZHVsZS1iYXNlc3lzdGVtMTUtc3A3LXVwZGF0ZXMteDg2XzY0Il19.WwImMUbye0KFhpwR34jJ1ws4FJCswoM0N-maDdr2wHU HTTP/1.1" 200 3663
172.16.3.5 - - [30/Jan/2026:17:33:26 +0100] "POST /rhn/manager/api/maintenance/upcoming-windows HTTP/1.1" 200 26
172.16.3.7 - - [30/Jan/2026:17:33:26 +0100] "HEAD /rhn/manager/download/sle-module-basesystem15-sp7-updates-x86_64/repodata/1b21b1cefaf3e35f7be632cd26a984fb00bbf15a440904a01d564eb3375fa9c9-updateinfo.xml.gz?eyJhbGciOiJIUzI1NiJ9.eyJqdGkiOiI5RTFUR21ld25wOGVmYnE4cUg5OGN3IiwiZXhwIjoxODAxMzI2NzE5LCJpYXQiOjE3Njk3OTA3MTksIm5iZiI6MTc2OTc5MDU5OSwib3JnIjoxLCJvbmx5Q2hhbm5lbHMiOlsic2xlLW1vZHVsZS1iYXNlc3lzdGVtMTUtc3A3LXVwZGF0ZXMteDg2XzY0Il19.WwImMUbye0KFhpwR34jJ1ws4FJCswoM0N-maDdr2wHU HTTP/1.1" 200 -
172.16.3.7 - - [30/Jan/2026:17:33:26 +0100] "GET /rhn/manager/download/sle-module-basesystem15-sp7-updates-x86_64/repodata/1b21b1cefaf3e35f7be632cd26a984fb00bbf15a440904a01d564eb3375fa9c9-updateinfo.xml.gz?eyJhbGciOiJIUzI1NiJ9.eyJqdGkiOiI5RTFUR21ld25wOGVmYnE4cUg5OGN3IiwiZXhwIjoxODAxMzI2NzE5LCJpYXQiOjE3Njk3OTA3MTksIm5iZiI6MTc2OTc5MDU5OSwib3JnIjoxLCJvbmx5Q2hhbm5lbHMiOlsic2xlLW1vZHVsZS1iYXNlc3lzdGVtMTUtc3A3LXVwZGF0ZXMteDg2XzY0Il19.WwImMUbye0KFhpwR34jJ1ws4FJCswoM0N-maDdr2wHU HTTP/1.1" 200 3663
127.0.0.1 - - [30/Jan/2026:17:33:26 +0100] "GET /rhn/websocket/notifications HTTP/1.1" 101 -
172.16.3.5 - - [30/Jan/2026:17:33:26 +0100] "POST /rhn/manager/frontend-log HTTP/1.1" 200 16
172.16.3.5 - - [30/Jan/2026:17:33:27 +0100] "GET /rhn/systems/details/history/Event.do?sid=1000010003&aid=27 HTTP/1.1" 200 38144
172.16.3.5 - - [30/Jan/2026:17:33:27 +0100] "POST /rhn/manager/api/systems/1000010002/channels HTTP/1.1" 200 26
172.16.3.5 - - [30/Jan/2026:17:33:27 +0100] "POST /rhn/manager/frontend-log HTTP/1.1" 200 16
172.16.3.5 - - [30/Jan/2026:17:33:27 +0100] "GET /rhn/systems/details/history/Pending.do?sid=1000010004& HTTP/1.1" 200 37858
127.0.0.1 - - [30/Jan/2026:17:33:27 +0100] "GET /rhn/websocket/notifications HTTP/1.1" 101 -
172.16.3.7 - - [30/Jan/2026:17:33:28 +0100] "HEAD /rhn/manager/download/sle-module-desktop-applications15-sp7-updates-x86_64/repodata/repomd.xml?eyJhbGciOiJIUzI1NiJ9.eyJqdGkiOiJiMHhSYXg3UTFWUXVtc3hzVGdlZGZnIiwiZXhwIjoxODAxMzI2NzE5LCJpYXQiOjE3Njk3OTA3MTksIm5iZiI6MTc2OTc5MDU5OSwib3JnIjoxLCJvbmx5Q2hhbm5lbHMiOlsic2xlLW1vZHVsZS1kZXNrdG9wLWFwcGxpY2F0aW9uczE1LXNwNy11cGRhdGVzLXg4Nl82NCJdfQ.lA9lVezWn_YLFIG_yrQQZmMo8Tuao9ECATwDLOlvzf0 HTTP/1.1" 200 -
172.16.3.5 - - [30/Jan/2026:17:33:28 +0100] "POST /rhn/manager/frontend-log HTTP/1.1" 200 16
127.0.0.1 - - [30/Jan/2026:17:33:28 +0100] "GET /rhn/websocket/notifications HTTP/1.1" 101 -
172.16.3.7 - - [30/Jan/2026:17:33:28 +0100] "HEAD /rhn/manager/download/sle-module-desktop-applications15-sp7-updates-x86_64/media.1/media?eyJhbGciOiJIUzI1NiJ9.eyJqdGkiOiJiMHhSYXg3UTFWUXVtc3hzVGdlZGZnIiwiZXhwIjoxODAxMzI2NzE5LCJpYXQiOjE3Njk3OTA3MTksIm5iZiI6MTc2OTc5MDU5OSwib3JnIjoxLCJvbmx5Q2hhbm5lbHMiOlsic2xlLW1vZHVsZS1kZXNrdG9wLWFwcGxpY2F0aW9uczE1LXNwNy11cGRhdGVzLXg4Nl82NCJdfQ.lA9lVezWn_YLFIG_yrQQZmMo8Tuao9ECATwDLOlvzf0 HTTP/1.1" 404 -
172.16.3.7 - - [30/Jan/2026:17:33:28 +0100] "HEAD /rhn/manager/download/sle-module-desktop-applications15-sp7-updates-x86_64/repodata/repomd.xml?eyJhbGciOiJIUzI1NiJ9.eyJqdGkiOiJiMHhSYXg3UTFWUXVtc3hzVGdlZGZnIiwiZXhwIjoxODAxMzI2NzE5LCJpYXQiOjE3Njk3OTA3MTksIm5iZiI6MTc2OTc5MDU5OSwib3JnIjoxLCJvbmx5Q2hhbm5lbHMiOlsic2xlLW1vZHVsZS1kZXNrdG9wLWFwcGxpY2F0aW9uczE1LXNwNy11cGRhdGVzLXg4Nl82NCJdfQ.lA9lVezWn_YLFIG_yrQQZmMo8Tuao9ECATwDLOlvzf0 HTTP/1.1" 200 -
172.16.3.7 - - [30/Jan/2026:17:33:28 +0100] "GET /rhn/manager/download/sle-module-desktop-applications15-sp7-updates-x86_64/repodata/repomd.xml?eyJhbGciOiJIUzI1NiJ9.eyJqdGkiOiJiMHhSYXg3UTFWUXVtc3hzVGdlZGZnIiwiZXhwIjoxODAxMzI2NzE5LCJpYXQiOjE3Njk3OTA3MTksIm5iZiI6MTc2OTc5MDU5OSwib3JnIjoxLCJvbmx5Q2hhbm5lbHMiOlsic2xlLW1vZHVsZS1kZXNrdG9wLWFwcGxpY2F0aW9uczE1LXNwNy11cGRhdGVzLXg4Nl82NCJdfQ.lA9lVezWn_YLFIG_yrQQZmMo8Tuao9ECATwDLOlvzf0 HTTP/1.1" 200 3664
172.16.3.7 - - [30/Jan/2026:17:33:28 +0100] "HEAD /rhn/manager/download/sle-module-desktop-applications15-sp7-updates-x86_64/repodata/repomd.xml.asc?eyJhbGciOiJIUzI1NiJ9.eyJqdGkiOiJiMHhSYXg3UTFWUXVtc3hzVGdlZGZnIiwiZXhwIjoxODAxMzI2NzE5LCJpYXQiOjE3Njk3OTA3MTksIm5iZiI6MTc2OTc5MDU5OSwib3JnIjoxLCJvbmx5Q2hhbm5lbHMiOlsic2xlLW1vZHVsZS1kZXNrdG9wLWFwcGxpY2F0aW9uczE1LXNwNy11cGRhdGVzLXg4Nl82NCJdfQ.lA9lVezWn_YLFIG_yrQQZmMo8Tuao9ECATwDLOlvzf0 HTTP/1.1" 404 -
172.16.3.5 - - [30/Jan/2026:17:33:28 +0100] "GET /rhn/systems/details/history/Pending.do?sid=1000010002& HTTP/1.1" 200 40636
172.16.3.7 - - [30/Jan/2026:17:33:28 +0100] "HEAD /rhn/manager/download/sle-module-desktop-applications15-sp7-updates-x86_64/repodata/885b3e175135a2176b296e2876fbd939a32fc86b9d3542233737205de3552273-primary.xml.gz?eyJhbGciOiJIUzI1NiJ9.eyJqdGkiOiJiMHhSYXg3UTFWUXVtc3hzVGdlZGZnIiwiZXhwIjoxODAxMzI2NzE5LCJpYXQiOjE3Njk3OTA3MTksIm5iZiI6MTc2OTc5MDU5OSwib3JnIjoxLCJvbmx5Q2hhbm5lbHMiOlsic2xlLW1vZHVsZS1kZXNrdG9wLWFwcGxpY2F0aW9uczE1LXNwNy11cGRhdGVzLXg4Nl82NCJdfQ.lA9lVezWn_YLFIG_yrQQZmMo8Tuao9ECATwDLOlvzf0 HTTP/1.1" 200 -
172.16.3.7 - - [30/Jan/2026:17:33:28 +0100] "GET /rhn/manager/download/sle-module-desktop-applications15-sp7-updates-x86_64/repodata/885b3e175135a2176b296e2876fbd939a32fc86b9d3542233737205de3552273-primary.xml.gz?eyJhbGciOiJIUzI1NiJ9.eyJqdGkiOiJiMHhSYXg3UTFWUXVtc3hzVGdlZGZnIiwiZXhwIjoxODAxMzI2NzE5LCJpYXQiOjE3Njk3OTA3MTksIm5iZiI6MTc2OTc5MDU5OSwib3JnIjoxLCJvbmx5Q2hhbm5lbHMiOlsic2xlLW1vZHVsZS1kZXNrdG9wLWFwcGxpY2F0aW9uczE1LXNwNy11cGRhdGVzLXg4Nl82NCJdfQ.lA9lVezWn_YLFIG_yrQQZmMo8Tuao9ECATwDLOlvzf0 HTTP/1.1" 200 3664
172.16.3.7 - - [30/Jan/2026:17:33:28 +0100] "HEAD /rhn/manager/download/sle-module-desktop-applications15-sp7-updates-x86_64/repodata/3b63a19ecece64025722cbbe7e8063ab8c764bf955898d1b7d592733092e9df3-susedata.xml.gz?eyJhbGciOiJIUzI1NiJ9.eyJqdGkiOiJiMHhSYXg3UTFWUXVtc3hzVGdlZGZnIiwiZXhwIjoxODAxMzI2NzE5LCJpYXQiOjE3Njk3OTA3MTksIm5iZiI6MTc2OTc5MDU5OSwib3JnIjoxLCJvbmx5Q2hhbm5lbHMiOlsic2xlLW1vZHVsZS1kZXNrdG9wLWFwcGxpY2F0aW9uczE1LXNwNy11cGRhdGVzLXg4Nl82NCJdfQ.lA9lVezWn_YLFIG_yrQQZmMo8Tuao9ECATwDLOlvzf0 HTTP/1.1" 200 -
172.16.3.7 - - [30/Jan/2026:17:33:28 +0100] "GET /rhn/manager/download/sle-module-desktop-applications15-sp7-updates-x86_64/repodata/3b63a19ecece64025722cbbe7e8063ab8c764bf955898d1b7d592733092e9df3-susedata.xml.gz?eyJhbGciOiJIUzI1NiJ9.eyJqdGkiOiJiMHhSYXg3UTFWUXVtc3hzVGdlZGZnIiwiZXhwIjoxODAxMzI2NzE5LCJpYXQiOjE3Njk3OTA3MTksIm5iZiI6MTc2OTc5MDU5OSwib3JnIjoxLCJvbmx5Q2hhbm5lbHMiOlsic2xlLW1vZHVsZS1kZXNrdG9wLWFwcGxpY2F0aW9uczE1LXNwNy11cGRhdGVzLXg4Nl82NCJdfQ.lA9lVezWn_YLFIG_yrQQZmMo8Tuao9ECATwDLOlvzf0 HTTP/1.1" 200 3664
127.0.0.1 - - [30/Jan/2026:17:33:28 +0100] "GET /rhn/websocket/notifications HTTP/1.1" 101 -
172.16.3.7 - - [30/Jan/2026:17:33:28 +0100] "HEAD /rhn/manager/download/sle-module-desktop-applications15-sp7-updates-x86_64/repodata/d0da64841f8060ab15a63e08d4cb0aa5c33213664962d469907b2aebe181a180-updateinfo.xml.gz?eyJhbGciOiJIUzI1NiJ9.eyJqdGkiOiJiMHhSYXg3UTFWUXVtc3hzVGdlZGZnIiwiZXhwIjoxODAxMzI2NzE5LCJpYXQiOjE3Njk3OTA3MTksIm5iZiI6MTc2OTc5MDU5OSwib3JnIjoxLCJvbmx5Q2hhbm5lbHMiOlsic2xlLW1vZHVsZS1kZXNrdG9wLWFwcGxpY2F0aW9uczE1LXNwNy11cGRhdGVzLXg4Nl82NCJdfQ.lA9lVezWn_YLFIG_yrQQZmMo8Tuao9ECATwDLOlvzf0 HTTP/1.1" 200 -
172.16.3.5 - - [30/Jan/2026:17:33:28 +0100] "GET /rhn/systems/details/history/Pending.do?sid=1000010004& HTTP/1.1" 200 37858
172.16.3.5 - - [30/Jan/2026:17:33:28 +0100] "POST /rhn/manager/frontend-log HTTP/1.1" 200 16
172.16.3.7 - - [30/Jan/2026:17:33:28 +0100] "GET /rhn/manager/download/sle-module-desktop-applications15-sp7-updates-x86_64/repodata/d0da64841f8060ab15a63e08d4cb0aa5c33213664962d469907b2aebe181a180-updateinfo.xml.gz?eyJhbGciOiJIUzI1NiJ9.eyJqdGkiOiJiMHhSYXg3UTFWUXVtc3hzVGdlZGZnIiwiZXhwIjoxODAxMzI2NzE5LCJpYXQiOjE3Njk3OTA3MTksIm5iZiI6MTc2OTc5MDU5OSwib3JnIjoxLCJvbmx5Q2hhbm5lbHMiOlsic2xlLW1vZHVsZS1kZXNrdG9wLWFwcGxpY2F0aW9uczE1LXNwNy11cGRhdGVzLXg4Nl82NCJdfQ.lA9lVezWn_YLFIG_yrQQZmMo8Tuao9ECATwDLOlvzf0 HTTP/1.1" 200 3664
172.16.3.7 - - [30/Jan/2026:17:33:29 +0100] "HEAD /rhn/manager/download/sle-module-devtools15-sp7-updates-x86_64/repodata/repomd.xml?eyJhbGciOiJIUzI1NiJ9.eyJqdGkiOiJ6bnljaXpILTFHMWhDd3ltcGVJaHZ3IiwiZXhwIjoxODAxMzI2NzE5LCJpYXQiOjE3Njk3OTA3MTksIm5iZiI6MTc2OTc5MDU5OSwib3JnIjoxLCJvbmx5Q2hhbm5lbHMiOlsic2xlLW1vZHVsZS1kZXZ0b29sczE1LXNwNy11cGRhdGVzLXg4Nl82NCJdfQ.8o8St7D9giWBJG8IMpjvI3RwTJHjldaisptKUuxUFLU HTTP/1.1" 200 -
172.16.3.7 - - [30/Jan/2026:17:33:29 +0100] "HEAD /rhn/manager/download/sle-module-devtools15-sp7-updates-x86_64/media.1/media?eyJhbGciOiJIUzI1NiJ9.eyJqdGkiOiJ6bnljaXpILTFHMWhDd3ltcGVJaHZ3IiwiZXhwIjoxODAxMzI2NzE5LCJpYXQiOjE3Njk3OTA3MTksIm5iZiI6MTc2OTc5MDU5OSwib3JnIjoxLCJvbmx5Q2hhbm5lbHMiOlsic2xlLW1vZHVsZS1kZXZ0b29sczE1LXNwNy11cGRhdGVzLXg4Nl82NCJdfQ.8o8St7D9giWBJG8IMpjvI3RwTJHjldaisptKUuxUFLU HTTP/1.1" 404 -
127.0.0.1 - - [30/Jan/2026:17:33:29 +0100] "GET /rhn/websocket/notifications HTTP/1.1" 101 -
172.16.3.5 - - [30/Jan/2026:17:33:29 +0100] "POST /rhn/manager/frontend-log HTTP/1.1" 200 16
172.16.3.7 - - [30/Jan/2026:17:33:29 +0100] "HEAD /rhn/manager/download/sle-module-devtools15-sp7-updates-x86_64/repodata/repomd.xml?eyJhbGciOiJIUzI1NiJ9.eyJqdGkiOiJ6bnljaXpILTFHMWhDd3ltcGVJaHZ3IiwiZXhwIjoxODAxMzI2NzE5LCJpYXQiOjE3Njk3OTA3MTksIm5iZiI6MTc2OTc5MDU5OSwib3JnIjoxLCJvbmx5Q2hhbm5lbHMiOlsic2xlLW1vZHVsZS1kZXZ0b29sczE1LXNwNy11cGRhdGVzLXg4Nl82NCJdfQ.8o8St7D9giWBJG8IMpjvI3RwTJHjldaisptKUuxUFLU HTTP/1.1" 200 -
172.16.3.7 - - [30/Jan/2026:17:33:29 +0100] "GET /rhn/manager/download/sle-module-devtools15-sp7-updates-x86_64/repodata/repomd.xml?eyJhbGciOiJIUzI1NiJ9.eyJqdGkiOiJ6bnljaXpILTFHMWhDd3ltcGVJaHZ3IiwiZXhwIjoxODAxMzI2NzE5LCJpYXQiOjE3Njk3OTA3MTksIm5iZiI6MTc2OTc5MDU5OSwib3JnIjoxLCJvbmx5Q2hhbm5lbHMiOlsic2xlLW1vZHVsZS1kZXZ0b29sczE1LXNwNy11cGRhdGVzLXg4Nl82NCJdfQ.8o8St7D9giWBJG8IMpjvI3RwTJHjldaisptKUuxUFLU HTTP/1.1" 200 3664
