172.16.3.7 - - [30/Jan/2026:13:17:07 +0100] "HEAD /rhn/manager/download/sle-module-desktop-applications15-sp7-updates-x86_64/repodata/ac167199b2f76e98d8bb7adbc9253c6dd9a7c0dc7b030a1dfbf256d807481ff9-primary.xml.gz?eyJhbGciOiJIUzI1NiJ9.eyJqdGkiOiJGSUY1dlZZWWV2cE5DdUhQUmtRcmR3IiwiZXhwIjoxODAxMzExMzQyLCJpYXQiOjE3Njk3NzUzNDIsIm5iZiI6MTc2OTc3NTIyMiwib3JnIjoxLCJvbmx5Q2hhbm5lbHMiOlsic2xlLW1vZHVsZS1kZXNrdG9wLWFwcGxpY2F0aW9uczE1LXNwNy11cGRhdGVzLXg4Nl82NCJdfQ.2w2DeSD6RMpygbfPGtsNXBezzNuFobm4fmg5s0pGYjQ HTTP/1.1" 200 -
172.16.3.7 - - [30/Jan/2026:13:17:07 +0100] "GET /rhn/manager/download/sle-module-desktop-applications15-sp7-updates-x86_64/repodata/ac167199b2f76e98d8bb7adbc9253c6dd9a7c0dc7b030a1dfbf256d807481ff9-primary.xml.gz?eyJhbGciOiJIUzI1NiJ9.eyJqdGkiOiJGSUY1dlZZWWV2cE5DdUhQUmtRcmR3IiwiZXhwIjoxODAxMzExMzQyLCJpYXQiOjE3Njk3NzUzNDIsIm5iZiI6MTc2OTc3NTIyMiwib3JnIjoxLCJvbmx5Q2hhbm5lbHMiOlsic2xlLW1vZHVsZS1kZXNrdG9wLWFwcGxpY2F0aW9uczE1LXNwNy11cGRhdGVzLXg4Nl82NCJdfQ.2w2DeSD6RMpygbfPGtsNXBezzNuFobm4fmg5s0pGYjQ HTTP/1.1" 304 -
172.16.3.7 - - [30/Jan/2026:13:17:07 +0100] "HEAD /rhn/manager/download/sle-module-desktop-applications15-sp7-updates-x86_64/repodata/422bbcd16979c2b3746a14d252ad8f72926735c21713b1d6496b5e05db616e13-susedata.xml.gz?eyJhbGciOiJIUzI1NiJ9.eyJqdGkiOiJGSUY1dlZZWWV2cE5DdUhQUmtRcmR3IiwiZXhwIjoxODAxMzExMzQyLCJpYXQiOjE3Njk3NzUzNDIsIm5iZiI6MTc2OTc3NTIyMiwib3JnIjoxLCJvbmx5Q2hhbm5lbHMiOlsic2xlLW1vZHVsZS1kZXNrdG9wLWFwcGxpY2F0aW9uczE1LXNwNy11cGRhdGVzLXg4Nl82NCJdfQ.2w2DeSD6RMpygbfPGtsNXBezzNuFobm4fmg5s0pGYjQ HTTP/1.1" 200 -
172.16.3.7 - - [30/Jan/2026:13:17:07 +0100] "GET /rhn/manager/download/sle-module-desktop-applications15-sp7-updates-x86_64/repodata/422bbcd16979c2b3746a14d252ad8f72926735c21713b1d6496b5e05db616e13-susedata.xml.gz?eyJhbGciOiJIUzI1NiJ9.eyJqdGkiOiJGSUY1dlZZWWV2cE5DdUhQUmtRcmR3IiwiZXhwIjoxODAxMzExMzQyLCJpYXQiOjE3Njk3NzUzNDIsIm5iZiI6MTc2OTc3NTIyMiwib3JnIjoxLCJvbmx5Q2hhbm5lbHMiOlsic2xlLW1vZHVsZS1kZXNrdG9wLWFwcGxpY2F0aW9uczE1LXNwNy11cGRhdGVzLXg4Nl82NCJdfQ.2w2DeSD6RMpygbfPGtsNXBezzNuFobm4fmg5s0pGYjQ HTTP/1.1" 304 -
172.16.3.7 - - [30/Jan/2026:13:17:07 +0100] "HEAD /rhn/manager/download/sle-module-desktop-applications15-sp7-updates-x86_64/repodata/e324b486d38b4a1ee6d5a237816fa7a6a16094cf96c94d739f1ceaf4e6395053-updateinfo.xml.gz?eyJhbGciOiJIUzI1NiJ9.eyJqdGkiOiJGSUY1dlZZWWV2cE5DdUhQUmtRcmR3IiwiZXhwIjoxODAxMzExMzQyLCJpYXQiOjE3Njk3NzUzNDIsIm5iZiI6MTc2OTc3NTIyMiwib3JnIjoxLCJvbmx5Q2hhbm5lbHMiOlsic2xlLW1vZHVsZS1kZXNrdG9wLWFwcGxpY2F0aW9uczE1LXNwNy11cGRhdGVzLXg4Nl82NCJdfQ.2w2DeSD6RMpygbfPGtsNXBezzNuFobm4fmg5s0pGYjQ HTTP/1.1" 200 -
172.16.3.7 - - [30/Jan/2026:13:17:07 +0100] "GET /rhn/manager/download/sle-module-desktop-applications15-sp7-updates-x86_64/repodata/e324b486d38b4a1ee6d5a237816fa7a6a16094cf96c94d739f1ceaf4e6395053-updateinfo.xml.gz?eyJhbGciOiJIUzI1NiJ9.eyJqdGkiOiJGSUY1dlZZWWV2cE5DdUhQUmtRcmR3IiwiZXhwIjoxODAxMzExMzQyLCJpYXQiOjE3Njk3NzUzNDIsIm5iZiI6MTc2OTc3NTIyMiwib3JnIjoxLCJvbmx5Q2hhbm5lbHMiOlsic2xlLW1vZHVsZS1kZXNrdG9wLWFwcGxpY2F0aW9uczE1LXNwNy11cGRhdGVzLXg4Nl82NCJdfQ.2w2DeSD6RMpygbfPGtsNXBezzNuFobm4fmg5s0pGYjQ HTTP/1.1" 304 -
172.16.3.5 - - [30/Jan/2026:13:16:46 +0100] "GET /rhn/websocket/notifications HTTP/1.1" 101 -
172.16.3.5 - - [30/Jan/2026:13:17:07 +0100] "POST /rhn/manager/api/auth/login HTTP/1.1" 200 42
172.16.3.7 - - [30/Jan/2026:13:17:07 +0100] "HEAD /rhn/manager/download/sle-module-devtools15-sp7-updates-x86_64/repodata/repomd.xml?eyJhbGciOiJIUzI1NiJ9.eyJqdGkiOiIyWml4YnJkdzFFV0hjeVBaV3phbkJ3IiwiZXhwIjoxODAxMzExMzQyLCJpYXQiOjE3Njk3NzUzNDIsIm5iZiI6MTc2OTc3NTIyMiwib3JnIjoxLCJvbmx5Q2hhbm5lbHMiOlsic2xlLW1vZHVsZS1kZXZ0b29sczE1LXNwNy11cGRhdGVzLXg4Nl82NCJdfQ.7jghr_vAqYpKTDIkYBs6_FWyBc1n-8ZepWDMfIoyZnU HTTP/1.1" 200 -
172.16.3.7 - - [30/Jan/2026:13:17:07 +0100] "HEAD /rhn/manager/download/sle-module-devtools15-sp7-updates-x86_64/media.1/media?eyJhbGciOiJIUzI1NiJ9.eyJqdGkiOiIyWml4YnJkdzFFV0hjeVBaV3phbkJ3IiwiZXhwIjoxODAxMzExMzQyLCJpYXQiOjE3Njk3NzUzNDIsIm5iZiI6MTc2OTc3NTIyMiwib3JnIjoxLCJvbmx5Q2hhbm5lbHMiOlsic2xlLW1vZHVsZS1kZXZ0b29sczE1LXNwNy11cGRhdGVzLXg4Nl82NCJdfQ.7jghr_vAqYpKTDIkYBs6_FWyBc1n-8ZepWDMfIoyZnU HTTP/1.1" 404 -
172.16.3.7 - - [30/Jan/2026:13:17:07 +0100] "HEAD /rhn/manager/download/sle-module-devtools15-sp7-updates-x86_64/repodata/repomd.xml?eyJhbGciOiJIUzI1NiJ9.eyJqdGkiOiIyWml4YnJkdzFFV0hjeVBaV3phbkJ3IiwiZXhwIjoxODAxMzExMzQyLCJpYXQiOjE3Njk3NzUzNDIsIm5iZiI6MTc2OTc3NTIyMiwib3JnIjoxLCJvbmx5Q2hhbm5lbHMiOlsic2xlLW1vZHVsZS1kZXZ0b29sczE1LXNwNy11cGRhdGVzLXg4Nl82NCJdfQ.7jghr_vAqYpKTDIkYBs6_FWyBc1n-8ZepWDMfIoyZnU HTTP/1.1" 200 -
172.16.3.7 - - [30/Jan/2026:13:17:07 +0100] "GET /rhn/manager/download/sle-module-devtools15-sp7-updates-x86_64/repodata/repomd.xml?eyJhbGciOiJIUzI1NiJ9.eyJqdGkiOiIyWml4YnJkdzFFV0hjeVBaV3phbkJ3IiwiZXhwIjoxODAxMzExMzQyLCJpYXQiOjE3Njk3NzUzNDIsIm5iZiI6MTc2OTc3NTIyMiwib3JnIjoxLCJvbmx5Q2hhbm5lbHMiOlsic2xlLW1vZHVsZS1kZXZ0b29sczE1LXNwNy11cGRhdGVzLXg4Nl82NCJdfQ.7jghr_vAqYpKTDIkYBs6_FWyBc1n-8ZepWDMfIoyZnU HTTP/1.1" 304 -
172.16.3.7 - - [30/Jan/2026:13:17:07 +0100] "HEAD /rhn/manager/download/sle-module-devtools15-sp7-updates-x86_64/repodata/repomd.xml.asc?eyJhbGciOiJIUzI1NiJ9.eyJqdGkiOiIyWml4YnJkdzFFV0hjeVBaV3phbkJ3IiwiZXhwIjoxODAxMzExMzQyLCJpYXQiOjE3Njk3NzUzNDIsIm5iZiI6MTc2OTc3NTIyMiwib3JnIjoxLCJvbmx5Q2hhbm5lbHMiOlsic2xlLW1vZHVsZS1kZXZ0b29sczE1LXNwNy11cGRhdGVzLXg4Nl82NCJdfQ.7jghr_vAqYpKTDIkYBs6_FWyBc1n-8ZepWDMfIoyZnU HTTP/1.1" 404 -
172.16.3.7 - - [30/Jan/2026:13:17:07 +0100] "HEAD /rhn/manager/download/sle-module-devtools15-sp7-updates-x86_64/repodata/cb561cde7734de8e4477c11ed9805c50bc0fc27da21511d8e7ae158d23a44297-primary.xml.gz?eyJhbGciOiJIUzI1NiJ9.eyJqdGkiOiIyWml4YnJkdzFFV0hjeVBaV3phbkJ3IiwiZXhwIjoxODAxMzExMzQyLCJpYXQiOjE3Njk3NzUzNDIsIm5iZiI6MTc2OTc3NTIyMiwib3JnIjoxLCJvbmx5Q2hhbm5lbHMiOlsic2xlLW1vZHVsZS1kZXZ0b29sczE1LXNwNy11cGRhdGVzLXg4Nl82NCJdfQ.7jghr_vAqYpKTDIkYBs6_FWyBc1n-8ZepWDMfIoyZnU HTTP/1.1" 200 -
172.16.3.5 - - [30/Jan/2026:13:17:07 +0100] "POST /rhn/manager/api/system/searchByName HTTP/1.1" 200 153
172.16.3.7 - - [30/Jan/2026:13:17:07 +0100] "GET /rhn/manager/download/sle-module-devtools15-sp7-updates-x86_64/repodata/cb561cde7734de8e4477c11ed9805c50bc0fc27da21511d8e7ae158d23a44297-primary.xml.gz?eyJhbGciOiJIUzI1NiJ9.eyJqdGkiOiIyWml4YnJkdzFFV0hjeVBaV3phbkJ3IiwiZXhwIjoxODAxMzExMzQyLCJpYXQiOjE3Njk3NzUzNDIsIm5iZiI6MTc2OTc3NTIyMiwib3JnIjoxLCJvbmx5Q2hhbm5lbHMiOlsic2xlLW1vZHVsZS1kZXZ0b29sczE1LXNwNy11cGRhdGVzLXg4Nl82NCJdfQ.7jghr_vAqYpKTDIkYBs6_FWyBc1n-8ZepWDMfIoyZnU HTTP/1.1" 304 -
172.16.3.7 - - [30/Jan/2026:13:17:07 +0100] "HEAD /rhn/manager/download/sle-module-devtools15-sp7-updates-x86_64/repodata/2f7b2b21344285d60ee3469f89885dc28e470d13d77a09bbfc2dcf84f2ff9bf5-susedata.xml.gz?eyJhbGciOiJIUzI1NiJ9.eyJqdGkiOiIyWml4YnJkdzFFV0hjeVBaV3phbkJ3IiwiZXhwIjoxODAxMzExMzQyLCJpYXQiOjE3Njk3NzUzNDIsIm5iZiI6MTc2OTc3NTIyMiwib3JnIjoxLCJvbmx5Q2hhbm5lbHMiOlsic2xlLW1vZHVsZS1kZXZ0b29sczE1LXNwNy11cGRhdGVzLXg4Nl82NCJdfQ.7jghr_vAqYpKTDIkYBs6_FWyBc1n-8ZepWDMfIoyZnU HTTP/1.1" 200 -
172.16.3.7 - - [30/Jan/2026:13:17:07 +0100] "GET /rhn/manager/download/sle-module-devtools15-sp7-updates-x86_64/repodata/2f7b2b21344285d60ee3469f89885dc28e470d13d77a09bbfc2dcf84f2ff9bf5-susedata.xml.gz?eyJhbGciOiJIUzI1NiJ9.eyJqdGkiOiIyWml4YnJkdzFFV0hjeVBaV3phbkJ3IiwiZXhwIjoxODAxMzExMzQyLCJpYXQiOjE3Njk3NzUzNDIsIm5iZiI6MTc2OTc3NTIyMiwib3JnIjoxLCJvbmx5Q2hhbm5lbHMiOlsic2xlLW1vZHVsZS1kZXZ0b29sczE1LXNwNy11cGRhdGVzLXg4Nl82NCJdfQ.7jghr_vAqYpKTDIkYBs6_FWyBc1n-8ZepWDMfIoyZnU HTTP/1.1" 304 -
172.16.3.7 - - [30/Jan/2026:13:17:07 +0100] "HEAD /rhn/manager/download/sle-module-devtools15-sp7-updates-x86_64/repodata/028d2ef08079d6c18bc8bc92e5e92f321c5638f5526af080768b37f035c8252f-updateinfo.xml.gz?eyJhbGciOiJIUzI1NiJ9.eyJqdGkiOiIyWml4YnJkdzFFV0hjeVBaV3phbkJ3IiwiZXhwIjoxODAxMzExMzQyLCJpYXQiOjE3Njk3NzUzNDIsIm5iZiI6MTc2OTc3NTIyMiwib3JnIjoxLCJvbmx5Q2hhbm5lbHMiOlsic2xlLW1vZHVsZS1kZXZ0b29sczE1LXNwNy11cGRhdGVzLXg4Nl82NCJdfQ.7jghr_vAqYpKTDIkYBs6_FWyBc1n-8ZepWDMfIoyZnU HTTP/1.1" 200 -
172.16.3.7 - - [30/Jan/2026:13:17:07 +0100] "GET /rhn/manager/download/sle-module-devtools15-sp7-updates-x86_64/repodata/028d2ef08079d6c18bc8bc92e5e92f321c5638f5526af080768b37f035c8252f-updateinfo.xml.gz?eyJhbGciOiJIUzI1NiJ9.eyJqdGkiOiIyWml4YnJkdzFFV0hjeVBaV3phbkJ3IiwiZXhwIjoxODAxMzExMzQyLCJpYXQiOjE3Njk3NzUzNDIsIm5iZiI6MTc2OTc3NTIyMiwib3JnIjoxLCJvbmx5Q2hhbm5lbHMiOlsic2xlLW1vZHVsZS1kZXZ0b29sczE1LXNwNy11cGRhdGVzLXg4Nl82NCJdfQ.7jghr_vAqYpKTDIkYBs6_FWyBc1n-8ZepWDMfIoyZnU HTTP/1.1" 304 -
172.16.3.5 - - [30/Jan/2026:13:17:07 +0100] "GET /rhn/systems/details/history/Event.do?sid=1000010001&aid=10 HTTP/1.1" 200 6116
172.16.3.5 - - [30/Jan/2026:13:16:58 +0100] "GET /rhn/websocket/notifications HTTP/1.1" 101 -
172.16.3.5 - - [30/Jan/2026:13:17:07 +0100] "GET /rhn/manager/api/auth/logout HTTP/1.1" 200 42
172.16.3.5 - - [30/Jan/2026:13:16:51 +0100] "GET /rhn/websocket/notifications HTTP/1.1" 101 -
172.16.3.7 - - [30/Jan/2026:13:17:07 +0100] "HEAD /rhn/manager/download/sle-module-python3-15-sp7-updates-x86_64/repodata/repomd.xml?eyJhbGciOiJIUzI1NiJ9.eyJqdGkiOiJaUnlWNzhySXJkYTM3a0tHUDVaOExRIiwiZXhwIjoxODAxMzExMzQyLCJpYXQiOjE3Njk3NzUzNDIsIm5iZiI6MTc2OTc3NTIyMiwib3JnIjoxLCJvbmx5Q2hhbm5lbHMiOlsic2xlLW1vZHVsZS1weXRob24zLTE1LXNwNy11cGRhdGVzLXg4Nl82NCJdfQ.ylM1-IZ02CZMWrHQfhbWdxQ07xHUV9QHReTc5GtqFpM HTTP/1.1" 200 -
172.16.3.5 - - [30/Jan/2026:13:17:07 +0100] "POST /rhn/manager/frontend-log HTTP/1.1" 200 42
172.16.3.7 - - [30/Jan/2026:13:17:08 +0100] "HEAD /rhn/manager/download/sle-module-python3-15-sp7-updates-x86_64/media.1/media?eyJhbGciOiJIUzI1NiJ9.eyJqdGkiOiJaUnlWNzhySXJkYTM3a0tHUDVaOExRIiwiZXhwIjoxODAxMzExMzQyLCJpYXQiOjE3Njk3NzUzNDIsIm5iZiI6MTc2OTc3NTIyMiwib3JnIjoxLCJvbmx5Q2hhbm5lbHMiOlsic2xlLW1vZHVsZS1weXRob24zLTE1LXNwNy11cGRhdGVzLXg4Nl82NCJdfQ.ylM1-IZ02CZMWrHQfhbWdxQ07xHUV9QHReTc5GtqFpM HTTP/1.1" 404 -
172.16.3.7 - - [30/Jan/2026:13:17:08 +0100] "HEAD /rhn/manager/download/sle-module-python3-15-sp7-updates-x86_64/repodata/repomd.xml?eyJhbGciOiJIUzI1NiJ9.eyJqdGkiOiJaUnlWNzhySXJkYTM3a0tHUDVaOExRIiwiZXhwIjoxODAxMzExMzQyLCJpYXQiOjE3Njk3NzUzNDIsIm5iZiI6MTc2OTc3NTIyMiwib3JnIjoxLCJvbmx5Q2hhbm5lbHMiOlsic2xlLW1vZHVsZS1weXRob24zLTE1LXNwNy11cGRhdGVzLXg4Nl82NCJdfQ.ylM1-IZ02CZMWrHQfhbWdxQ07xHUV9QHReTc5GtqFpM HTTP/1.1" 200 -
172.16.3.7 - - [30/Jan/2026:13:17:08 +0100] "GET /rhn/manager/download/sle-module-python3-15-sp7-updates-x86_64/repodata/repomd.xml?eyJhbGciOiJIUzI1NiJ9.eyJqdGkiOiJaUnlWNzhySXJkYTM3a0tHUDVaOExRIiwiZXhwIjoxODAxMzExMzQyLCJpYXQiOjE3Njk3NzUzNDIsIm5iZiI6MTc2OTc3NTIyMiwib3JnIjoxLCJvbmx5Q2hhbm5lbHMiOlsic2xlLW1vZHVsZS1weXRob24zLTE1LXNwNy11cGRhdGVzLXg4Nl82NCJdfQ.ylM1-IZ02CZMWrHQfhbWdxQ07xHUV9QHReTc5GtqFpM HTTP/1.1" 304 -
172.16.3.5 - - [30/Jan/2026:13:17:07 +0100] "POST /rhn/manager/frontend-log HTTP/1.1" 200 42
172.16.3.7 - - [30/Jan/2026:13:17:08 +0100] "HEAD /rhn/manager/download/sle-module-python3-15-sp7-updates-x86_64/repodata/repomd.xml.asc?eyJhbGciOiJIUzI1NiJ9.eyJqdGkiOiJaUnlWNzhySXJkYTM3a0tHUDVaOExRIiwiZXhwIjoxODAxMzExMzQyLCJpYXQiOjE3Njk3NzUzNDIsIm5iZiI6MTc2OTc3NTIyMiwib3JnIjoxLCJvbmx5Q2hhbm5lbHMiOlsic2xlLW1vZHVsZS1weXRob24zLTE1LXNwNy11cGRhdGVzLXg4Nl82NCJdfQ.ylM1-IZ02CZMWrHQfhbWdxQ07xHUV9QHReTc5GtqFpM HTTP/1.1" 404 -
172.16.3.7 - - [30/Jan/2026:13:17:08 +0100] "HEAD /rhn/manager/download/sle-module-python3-15-sp7-updates-x86_64/repodata/8cb32586dc355c85bc438a672dbef63c43f099f5fc08f87b6db208a30a18865b-primary.xml.gz?eyJhbGciOiJIUzI1NiJ9.eyJqdGkiOiJaUnlWNzhySXJkYTM3a0tHUDVaOExRIiwiZXhwIjoxODAxMzExMzQyLCJpYXQiOjE3Njk3NzUzNDIsIm5iZiI6MTc2OTc3NTIyMiwib3JnIjoxLCJvbmx5Q2hhbm5lbHMiOlsic2xlLW1vZHVsZS1weXRob24zLTE1LXNwNy11cGRhdGVzLXg4Nl82NCJdfQ.ylM1-IZ02CZMWrHQfhbWdxQ07xHUV9QHReTc5GtqFpM HTTP/1.1" 200 -
172.16.3.5 - - [30/Jan/2026:13:16:58 +0100] "GET /rhn/websocket/notifications HTTP/1.1" 101 -
172.16.3.7 - - [30/Jan/2026:13:17:08 +0100] "GET /rhn/manager/download/sle-module-python3-15-sp7-updates-x86_64/repodata/8cb32586dc355c85bc438a672dbef63c43f099f5fc08f87b6db208a30a18865b-primary.xml.gz?eyJhbGciOiJIUzI1NiJ9.eyJqdGkiOiJaUnlWNzhySXJkYTM3a0tHUDVaOExRIiwiZXhwIjoxODAxMzExMzQyLCJpYXQiOjE3Njk3NzUzNDIsIm5iZiI6MTc2OTc3NTIyMiwib3JnIjoxLCJvbmx5Q2hhbm5lbHMiOlsic2xlLW1vZHVsZS1weXRob24zLTE1LXNwNy11cGRhdGVzLXg4Nl82NCJdfQ.ylM1-IZ02CZMWrHQfhbWdxQ07xHUV9QHReTc5GtqFpM HTTP/1.1" 304 -
172.16.3.7 - - [30/Jan/2026:13:17:08 +0100] "HEAD /rhn/manager/download/sle-module-python3-15-sp7-updates-x86_64/repodata/6e8c61c6794674f6fb9bc033426a7f62f5f51b12afbd22a1ae545532040beeb7-susedata.xml.gz?eyJhbGciOiJIUzI1NiJ9.eyJqdGkiOiJaUnlWNzhySXJkYTM3a0tHUDVaOExRIiwiZXhwIjoxODAxMzExMzQyLCJpYXQiOjE3Njk3NzUzNDIsIm5iZiI6MTc2OTc3NTIyMiwib3JnIjoxLCJvbmx5Q2hhbm5lbHMiOlsic2xlLW1vZHVsZS1weXRob24zLTE1LXNwNy11cGRhdGVzLXg4Nl82NCJdfQ.ylM1-IZ02CZMWrHQfhbWdxQ07xHUV9QHReTc5GtqFpM HTTP/1.1" 200 -
172.16.3.7 - - [30/Jan/2026:13:17:08 +0100] "GET /rhn/manager/download/sle-module-python3-15-sp7-updates-x86_64/repodata/6e8c61c6794674f6fb9bc033426a7f62f5f51b12afbd22a1ae545532040beeb7-susedata.xml.gz?eyJhbGciOiJIUzI1NiJ9.eyJqdGkiOiJaUnlWNzhySXJkYTM3a0tHUDVaOExRIiwiZXhwIjoxODAxMzExMzQyLCJpYXQiOjE3Njk3NzUzNDIsIm5iZiI6MTc2OTc3NTIyMiwib3JnIjoxLCJvbmx5Q2hhbm5lbHMiOlsic2xlLW1vZHVsZS1weXRob24zLTE1LXNwNy11cGRhdGVzLXg4Nl82NCJdfQ.ylM1-IZ02CZMWrHQfhbWdxQ07xHUV9QHReTc5GtqFpM HTTP/1.1" 304 -
172.16.3.7 - - [30/Jan/2026:13:17:08 +0100] "HEAD /rhn/manager/download/sle-module-python3-15-sp7-updates-x86_64/repodata/005c801e2819d5c9fd79e4cea2025c4a740c074641298b8041b160ec8f31f9cf-updateinfo.xml.gz?eyJhbGciOiJIUzI1NiJ9.eyJqdGkiOiJaUnlWNzhySXJkYTM3a0tHUDVaOExRIiwiZXhwIjoxODAxMzExMzQyLCJpYXQiOjE3Njk3NzUzNDIsIm5iZiI6MTc2OTc3NTIyMiwib3JnIjoxLCJvbmx5Q2hhbm5lbHMiOlsic2xlLW1vZHVsZS1weXRob24zLTE1LXNwNy11cGRhdGVzLXg4Nl82NCJdfQ.ylM1-IZ02CZMWrHQfhbWdxQ07xHUV9QHReTc5GtqFpM HTTP/1.1" 200 -
172.16.3.7 - - [30/Jan/2026:13:17:08 +0100] "GET /rhn/manager/download/sle-module-python3-15-sp7-updates-x86_64/repodata/005c801e2819d5c9fd79e4cea2025c4a740c074641298b8041b160ec8f31f9cf-updateinfo.xml.gz?eyJhbGciOiJIUzI1NiJ9.eyJqdGkiOiJaUnlWNzhySXJkYTM3a0tHUDVaOExRIiwiZXhwIjoxODAxMzExMzQyLCJpYXQiOjE3Njk3NzUzNDIsIm5iZiI6MTc2OTc3NTIyMiwib3JnIjoxLCJvbmx5Q2hhbm5lbHMiOlsic2xlLW1vZHVsZS1weXRob24zLTE1LXNwNy11cGRhdGVzLXg4Nl82NCJdfQ.ylM1-IZ02CZMWrHQfhbWdxQ07xHUV9QHReTc5GtqFpM HTTP/1.1" 304 -
172.16.3.5 - - [30/Jan/2026:13:17:07 +0100] "GET /rhn/systems/details/Overview.do?sid=1000010002 HTTP/1.1" 200 6986
172.16.3.5 - - [30/Jan/2026:13:17:05 +0100] "GET /rhn/websocket/notifications HTTP/1.1" 101 -
172.16.3.7 - - [30/Jan/2026:13:17:08 +0100] "HEAD /rhn/manager/download/sle-module-server-applications15-sp7-updates-x86_64/repodata/repomd.xml?eyJhbGciOiJIUzI1NiJ9.eyJqdGkiOiJnbVgtTEhnSEdXYUhFX3JQcjdITUdnIiwiZXhwIjoxODAxMzExMzQyLCJpYXQiOjE3Njk3NzUzNDIsIm5iZiI6MTc2OTc3NTIyMiwib3JnIjoxLCJvbmx5Q2hhbm5lbHMiOlsic2xlLW1vZHVsZS1zZXJ2ZXItYXBwbGljYXRpb25zMTUtc3A3LXVwZGF0ZXMteDg2XzY0Il19.Q01JCUNDUdOaV2oKpZ-7QwMjjmO-hT2x_ZrhTxKWC_I HTTP/1.1" 200 -
172.16.3.7 - - [30/Jan/2026:13:17:08 +0100] "HEAD /rhn/manager/download/sle-module-server-applications15-sp7-updates-x86_64/media.1/media?eyJhbGciOiJIUzI1NiJ9.eyJqdGkiOiJnbVgtTEhnSEdXYUhFX3JQcjdITUdnIiwiZXhwIjoxODAxMzExMzQyLCJpYXQiOjE3Njk3NzUzNDIsIm5iZiI6MTc2OTc3NTIyMiwib3JnIjoxLCJvbmx5Q2hhbm5lbHMiOlsic2xlLW1vZHVsZS1zZXJ2ZXItYXBwbGljYXRpb25zMTUtc3A3LXVwZGF0ZXMteDg2XzY0Il19.Q01JCUNDUdOaV2oKpZ-7QwMjjmO-hT2x_ZrhTxKWC_I HTTP/1.1" 404 -
172.16.3.7 - - [30/Jan/2026:13:17:08 +0100] "HEAD /rhn/manager/download/sle-module-server-applications15-sp7-updates-x86_64/repodata/repomd.xml?eyJhbGciOiJIUzI1NiJ9.eyJqdGkiOiJnbVgtTEhnSEdXYUhFX3JQcjdITUdnIiwiZXhwIjoxODAxMzExMzQyLCJpYXQiOjE3Njk3NzUzNDIsIm5iZiI6MTc2OTc3NTIyMiwib3JnIjoxLCJvbmx5Q2hhbm5lbHMiOlsic2xlLW1vZHVsZS1zZXJ2ZXItYXBwbGljYXRpb25zMTUtc3A3LXVwZGF0ZXMteDg2XzY0Il19.Q01JCUNDUdOaV2oKpZ-7QwMjjmO-hT2x_ZrhTxKWC_I HTTP/1.1" 200 -
172.16.3.5 - - [30/Jan/2026:13:17:08 +0100] "POST /rhn/manager/frontend-log HTTP/1.1" 200 42
172.16.3.5 - - [30/Jan/2026:13:17:08 +0100] "GET /rhn/systems/details/history/History.do?sid=1000010003& HTTP/1.1" 200 6838
172.16.3.7 - - [30/Jan/2026:13:17:08 +0100] "GET /rhn/manager/download/sle-module-server-applications15-sp7-updates-x86_64/repodata/repomd.xml?eyJhbGciOiJIUzI1NiJ9.eyJqdGkiOiJnbVgtTEhnSEdXYUhFX3JQcjdITUdnIiwiZXhwIjoxODAxMzExMzQyLCJpYXQiOjE3Njk3NzUzNDIsIm5iZiI6MTc2OTc3NTIyMiwib3JnIjoxLCJvbmx5Q2hhbm5lbHMiOlsic2xlLW1vZHVsZS1zZXJ2ZXItYXBwbGljYXRpb25zMTUtc3A3LXVwZGF0ZXMteDg2XzY0Il19.Q01JCUNDUdOaV2oKpZ-7QwMjjmO-hT2x_ZrhTxKWC_I HTTP/1.1" 304 -
172.16.3.5 - - [30/Jan/2026:13:17:08 +0100] "GET /img/favicon.ico?q=0.01624663906631507 HTTP/1.1" 200 1150
172.16.3.7 - - [30/Jan/2026:13:17:08 +0100] "HEAD /rhn/manager/download/sle-module-server-applications15-sp7-updates-x86_64/repodata/repomd.xml.asc?eyJhbGciOiJIUzI1NiJ9.eyJqdGkiOiJnbVgtTEhnSEdXYUhFX3JQcjdITUdnIiwiZXhwIjoxODAxMzExMzQyLCJpYXQiOjE3Njk3NzUzNDIsIm5iZiI6MTc2OTc3NTIyMiwib3JnIjoxLCJvbmx5Q2hhbm5lbHMiOlsic2xlLW1vZHVsZS1zZXJ2ZXItYXBwbGljYXRpb25zMTUtc3A3LXVwZGF0ZXMteDg2XzY0Il19.Q01JCUNDUdOaV2oKpZ-7QwMjjmO-hT2x_ZrhTxKWC_I HTTP/1.1" 404 -
172.16.3.7 - - [30/Jan/2026:13:17:08 +0100] "HEAD /rhn/manager/download/sle-module-server-applications15-sp7-updates-x86_64/repodata/dde16707f3cbb856e19dc39960b789ad670dba9be1a791fd5e4ee201b916c8f6-primary.xml.gz?eyJhbGciOiJIUzI1NiJ9.eyJqdGkiOiJnbVgtTEhnSEdXYUhFX3JQcjdITUdnIiwiZXhwIjoxODAxMzExMzQyLCJpYXQiOjE3Njk3NzUzNDIsIm5iZiI6MTc2OTc3NTIyMiwib3JnIjoxLCJvbmx5Q2hhbm5lbHMiOlsic2xlLW1vZHVsZS1zZXJ2ZXItYXBwbGljYXRpb25zMTUtc3A3LXVwZGF0ZXMteDg2XzY0Il19.Q01JCUNDUdOaV2oKpZ-7QwMjjmO-hT2x_ZrhTxKWC_I HTTP/1.1" 200 -
172.16.3.7 - - [30/Jan/2026:13:17:08 +0100] "GET /rhn/manager/download/sle-module-server-applications15-sp7-updates-x86_64/repodata/dde16707f3cbb856e19dc39960b789ad670dba9be1a791fd5e4ee201b916c8f6-primary.xml.gz?eyJhbGciOiJIUzI1NiJ9.eyJqdGkiOiJnbVgtTEhnSEdXYUhFX3JQcjdITUdnIiwiZXhwIjoxODAxMzExMzQyLCJpYXQiOjE3Njk3NzUzNDIsIm5iZiI6MTc2OTc3NTIyMiwib3JnIjoxLCJvbmx5Q2hhbm5lbHMiOlsic2xlLW1vZHVsZS1zZXJ2ZXItYXBwbGljYXRpb25zMTUtc3A3LXVwZGF0ZXMteDg2XzY0Il19.Q01JCUNDUdOaV2oKpZ-7QwMjjmO-hT2x_ZrhTxKWC_I HTTP/1.1" 304 -
172.16.3.5 - - [30/Jan/2026:13:17:08 +0100] "POST /rhn/manager/frontend-log HTTP/1.1" 200 42
172.16.3.7 - - [30/Jan/2026:13:17:08 +0100] "HEAD /rhn/manager/download/sle-module-server-applications15-sp7-updates-x86_64/repodata/9f3e96bc4a105a135cd1706a16e02f9f69c5d400d620edb822080c6557c9dd1f-susedata.xml.gz?eyJhbGciOiJIUzI1NiJ9.eyJqdGkiOiJnbVgtTEhnSEdXYUhFX3JQcjdITUdnIiwiZXhwIjoxODAxMzExMzQyLCJpYXQiOjE3Njk3NzUzNDIsIm5iZiI6MTc2OTc3NTIyMiwib3JnIjoxLCJvbmx5Q2hhbm5lbHMiOlsic2xlLW1vZHVsZS1zZXJ2ZXItYXBwbGljYXRpb25zMTUtc3A3LXVwZGF0ZXMteDg2XzY0Il19.Q01JCUNDUdOaV2oKpZ-7QwMjjmO-hT2x_ZrhTxKWC_I HTTP/1.1" 200 -
172.16.3.7 - - [30/Jan/2026:13:17:08 +0100] "GET /rhn/manager/download/sle-module-server-applications15-sp7-updates-x86_64/repodata/9f3e96bc4a105a135cd1706a16e02f9f69c5d400d620edb822080c6557c9dd1f-susedata.xml.gz?eyJhbGciOiJIUzI1NiJ9.eyJqdGkiOiJnbVgtTEhnSEdXYUhFX3JQcjdITUdnIiwiZXhwIjoxODAxMzExMzQyLCJpYXQiOjE3Njk3NzUzNDIsIm5iZiI6MTc2OTc3NTIyMiwib3JnIjoxLCJvbmx5Q2hhbm5lbHMiOlsic2xlLW1vZHVsZS1zZXJ2ZXItYXBwbGljYXRpb25zMTUtc3A3LXVwZGF0ZXMteDg2XzY0Il19.Q01JCUNDUdOaV2oKpZ-7QwMjjmO-hT2x_ZrhTxKWC_I HTTP/1.1" 304 -
172.16.3.7 - - [30/Jan/2026:13:17:08 +0100] "HEAD /rhn/manager/download/sle-module-server-applications15-sp7-updates-x86_64/repodata/30568a123736531329c273978bc37925f12b37c74094cd6b8127f792d8e55635-updateinfo.xml.gz?eyJhbGciOiJIUzI1NiJ9.eyJqdGkiOiJnbVgtTEhnSEdXYUhFX3JQcjdITUdnIiwiZXhwIjoxODAxMzExMzQyLCJpYXQiOjE3Njk3NzUzNDIsIm5iZiI6MTc2OTc3NTIyMiwib3JnIjoxLCJvbmx5Q2hhbm5lbHMiOlsic2xlLW1vZHVsZS1zZXJ2ZXItYXBwbGljYXRpb25zMTUtc3A3LXVwZGF0ZXMteDg2XzY0Il19.Q01JCUNDUdOaV2oKpZ-7QwMjjmO-hT2x_ZrhTxKWC_I HTTP/1.1" 200 -
172.16.3.5 - - [30/Jan/2026:13:17:08 +0100] "POST /rhn/manager/frontend-log HTTP/1.1" 200 42
172.16.3.5 - - [30/Jan/2026:13:17:08 +0100] "GET /rhn/websocket/notifications HTTP/1.1" 101 -
172.16.3.7 - - [30/Jan/2026:13:17:09 +0100] "GET /rhn/manager/download/sle-module-server-applications15-sp7-updates-x86_64/repodata/30568a123736531329c273978bc37925f12b37c74094cd6b8127f792d8e55635-updateinfo.xml.gz?eyJhbGciOiJIUzI1NiJ9.eyJqdGkiOiJnbVgtTEhnSEdXYUhFX3JQcjdITUdnIiwiZXhwIjoxODAxMzExMzQyLCJpYXQiOjE3Njk3NzUzNDIsIm5iZiI6MTc2OTc3NTIyMiwib3JnIjoxLCJvbmx5Q2hhbm5lbHMiOlsic2xlLW1vZHVsZS1zZXJ2ZXItYXBwbGljYXRpb25zMTUtc3A3LXVwZGF0ZXMteDg2XzY0Il19.Q01JCUNDUdOaV2oKpZ-7QwMjjmO-hT2x_ZrhTxKWC_I HTTP/1.1" 304 -
172.16.3.5 - - [30/Jan/2026:13:17:08 +0100] "GET /rhn/websocket/notifications HTTP/1.1" 101 -
172.16.3.7 - - [30/Jan/2026:13:17:09 +0100] "HEAD /rhn/manager/download/sle-module-systems-management-15-sp7-updates-x86_64/repodata/repomd.xml?eyJhbGciOiJIUzI1NiJ9.eyJqdGkiOiJmRlpKNTZjUkNVckZCc1hua29aN0RRIiwiZXhwIjoxODAxMzExMzQyLCJpYXQiOjE3Njk3NzUzNDIsIm5iZiI6MTc2OTc3NTIyMiwib3JnIjoxLCJvbmx5Q2hhbm5lbHMiOlsic2xlLW1vZHVsZS1zeXN0ZW1zLW1hbmFnZW1lbnQtMTUtc3A3LXVwZGF0ZXMteDg2XzY0Il19.jec7z2ALvehETAnmh6vGN6Tic8K-lWm8BcQCvxLPfoo HTTP/1.1" 200 -
172.16.3.7 - - [30/Jan/2026:13:17:09 +0100] "HEAD /rhn/manager/download/sle-module-systems-management-15-sp7-updates-x86_64/media.1/media?eyJhbGciOiJIUzI1NiJ9.eyJqdGkiOiJmRlpKNTZjUkNVckZCc1hua29aN0RRIiwiZXhwIjoxODAxMzExMzQyLCJpYXQiOjE3Njk3NzUzNDIsIm5iZiI6MTc2OTc3NTIyMiwib3JnIjoxLCJvbmx5Q2hhbm5lbHMiOlsic2xlLW1vZHVsZS1zeXN0ZW1zLW1hbmFnZW1lbnQtMTUtc3A3LXVwZGF0ZXMteDg2XzY0Il19.jec7z2ALvehETAnmh6vGN6Tic8K-lWm8BcQCvxLPfoo HTTP/1.1" 404 -
172.16.3.7 - - [30/Jan/2026:13:17:09 +0100] "HEAD /rhn/manager/download/sle-module-systems-management-15-sp7-updates-x86_64/repodata/repomd.xml?eyJhbGciOiJIUzI1NiJ9.eyJqdGkiOiJmRlpKNTZjUkNVckZCc1hua29aN0RRIiwiZXhwIjoxODAxMzExMzQyLCJpYXQiOjE3Njk3NzUzNDIsIm5iZiI6MTc2OTc3NTIyMiwib3JnIjoxLCJvbmx5Q2hhbm5lbHMiOlsic2xlLW1vZHVsZS1zeXN0ZW1zLW1hbmFnZW1lbnQtMTUtc3A3LXVwZGF0ZXMteDg2XzY0Il19.jec7z2ALvehETAnmh6vGN6Tic8K-lWm8BcQCvxLPfoo HTTP/1.1" 200 -
172.16.3.7 - - [30/Jan/2026:13:17:09 +0100] "GET /rhn/manager/download/sle-module-systems-management-15-sp7-updates-x86_64/repodata/repomd.xml?eyJhbGciOiJIUzI1NiJ9.eyJqdGkiOiJmRlpKNTZjUkNVckZCc1hua29aN0RRIiwiZXhwIjoxODAxMzExMzQyLCJpYXQiOjE3Njk3NzUzNDIsIm5iZiI6MTc2OTc3NTIyMiwib3JnIjoxLCJvbmx5Q2hhbm5lbHMiOlsic2xlLW1vZHVsZS1zeXN0ZW1zLW1hbmFnZW1lbnQtMTUtc3A3LXVwZGF0ZXMteDg2XzY0Il19.jec7z2ALvehETAnmh6vGN6Tic8K-lWm8BcQCvxLPfoo HTTP/1.1" 304 -
172.16.3.7 - - [30/Jan/2026:13:17:09 +0100] "HEAD /rhn/manager/download/sle-module-systems-management-15-sp7-updates-x86_64/repodata/repomd.xml.asc?eyJhbGciOiJIUzI1NiJ9.eyJqdGkiOiJmRlpKNTZjUkNVckZCc1hua29aN0RRIiwiZXhwIjoxODAxMzExMzQyLCJpYXQiOjE3Njk3NzUzNDIsIm5iZiI6MTc2OTc3NTIyMiwib3JnIjoxLCJvbmx5Q2hhbm5lbHMiOlsic2xlLW1vZHVsZS1zeXN0ZW1zLW1hbmFnZW1lbnQtMTUtc3A3LXVwZGF0ZXMteDg2XzY0Il19.jec7z2ALvehETAnmh6vGN6Tic8K-lWm8BcQCvxLPfoo HTTP/1.1" 404 -
172.16.3.7 - - [30/Jan/2026:13:17:09 +0100] "HEAD /rhn/manager/download/sle-module-systems-management-15-sp7-updates-x86_64/repodata/36b68cdc88382304ff780a60c248fc9f44504907376dceeaa47c7f74579985a4-primary.xml.gz?eyJhbGciOiJIUzI1NiJ9.eyJqdGkiOiJmRlpKNTZjUkNVckZCc1hua29aN0RRIiwiZXhwIjoxODAxMzExMzQyLCJpYXQiOjE3Njk3NzUzNDIsIm5iZiI6MTc2OTc3NTIyMiwib3JnIjoxLCJvbmx5Q2hhbm5lbHMiOlsic2xlLW1vZHVsZS1zeXN0ZW1zLW1hbmFnZW1lbnQtMTUtc3A3LXVwZGF0ZXMteDg2XzY0Il19.jec7z2ALvehETAnmh6vGN6Tic8K-lWm8BcQCvxLPfoo HTTP/1.1" 200 -
172.16.3.5 - - [30/Jan/2026:13:17:09 +0100] "GET /rhn/systems/details/history/Event.do?sid=1000010003&aid=16 HTTP/1.1" 200 6126
172.16.3.7 - - [30/Jan/2026:13:17:09 +0100] "GET /rhn/manager/download/sle-module-systems-management-15-sp7-updates-x86_64/repodata/36b68cdc88382304ff780a60c248fc9f44504907376dceeaa47c7f74579985a4-primary.xml.gz?eyJhbGciOiJIUzI1NiJ9.eyJqdGkiOiJmRlpKNTZjUkNVckZCc1hua29aN0RRIiwiZXhwIjoxODAxMzExMzQyLCJpYXQiOjE3Njk3NzUzNDIsIm5iZiI6MTc2OTc3NTIyMiwib3JnIjoxLCJvbmx5Q2hhbm5lbHMiOlsic2xlLW1vZHVsZS1zeXN0ZW1zLW1hbmFnZW1lbnQtMTUtc3A3LXVwZGF0ZXMteDg2XzY0Il19.jec7z2ALvehETAnmh6vGN6Tic8K-lWm8BcQCvxLPfoo HTTP/1.1" 304 -
172.16.3.5 - - [30/Jan/2026:13:17:08 +0100] "GET /rhn/systems/details/Overview.do?sid=1000010002& HTTP/1.1" 200 6986
172.16.3.7 - - [30/Jan/2026:13:17:09 +0100] "HEAD /rhn/manager/download/sle-module-systems-management-15-sp7-updates-x86_64/repodata/98a58ffdc33a8d9c724bfca0765e6dad1ccf06b67edf0656540b1af3a46fd029-susedata.xml.gz?eyJhbGciOiJIUzI1NiJ9.eyJqdGkiOiJmRlpKNTZjUkNVckZCc1hua29aN0RRIiwiZXhwIjoxODAxMzExMzQyLCJpYXQiOjE3Njk3NzUzNDIsIm5iZiI6MTc2OTc3NTIyMiwib3JnIjoxLCJvbmx5Q2hhbm5lbHMiOlsic2xlLW1vZHVsZS1zeXN0ZW1zLW1hbmFnZW1lbnQtMTUtc3A3LXVwZGF0ZXMteDg2XzY0Il19.jec7z2ALvehETAnmh6vGN6Tic8K-lWm8BcQCvxLPfoo HTTP/1.1" 200 -
172.16.3.5 - - [30/Jan/2026:13:17:09 +0100] "GET /img/favicon.ico?q=0.38354620286823504 HTTP/1.1" 200 1150
172.16.3.7 - - [30/Jan/2026:13:17:09 +0100] "GET /rhn/manager/download/sle-module-systems-management-15-sp7-updates-x86_64/repodata/98a58ffdc33a8d9c724bfca0765e6dad1ccf06b67edf0656540b1af3a46fd029-susedata.xml.gz?eyJhbGciOiJIUzI1NiJ9.eyJqdGkiOiJmRlpKNTZjUkNVckZCc1hua29aN0RRIiwiZXhwIjoxODAxMzExMzQyLCJpYXQiOjE3Njk3NzUzNDIsIm5iZiI6MTc2OTc3NTIyMiwib3JnIjoxLCJvbmx5Q2hhbm5lbHMiOlsic2xlLW1vZHVsZS1zeXN0ZW1zLW1hbmFnZW1lbnQtMTUtc3A3LXVwZGF0ZXMteDg2XzY0Il19.jec7z2ALvehETAnmh6vGN6Tic8K-lWm8BcQCvxLPfoo HTTP/1.1" 304 -
172.16.3.7 - - [30/Jan/2026:13:17:09 +0100] "HEAD /rhn/manager/download/sle-module-systems-management-15-sp7-updates-x86_64/repodata/550738544b353bdbc03db3dea59a2ceb76b1a6de765f38dee8a4c164805af961-updateinfo.xml.gz?eyJhbGciOiJIUzI1NiJ9.eyJqdGkiOiJmRlpKNTZjUkNVckZCc1hua29aN0RRIiwiZXhwIjoxODAxMzExMzQyLCJpYXQiOjE3Njk3NzUzNDIsIm5iZiI6MTc2OTc3NTIyMiwib3JnIjoxLCJvbmx5Q2hhbm5lbHMiOlsic2xlLW1vZHVsZS1zeXN0ZW1zLW1hbmFnZW1lbnQtMTUtc3A3LXVwZGF0ZXMteDg2XzY0Il19.jec7z2ALvehETAnmh6vGN6Tic8K-lWm8BcQCvxLPfoo HTTP/1.1" 200 -
172.16.3.5 - - [30/Jan/2026:13:17:09 +0100] "GET /img/favicon.ico?q=0.8354308888631078 HTTP/1.1" 200 1150
172.16.3.7 - - [30/Jan/2026:13:17:09 +0100] "GET /rhn/manager/download/sle-module-systems-management-15-sp7-updates-x86_64/repodata/550738544b353bdbc03db3dea59a2ceb76b1a6de765f38dee8a4c164805af961-updateinfo.xml.gz?eyJhbGciOiJIUzI1NiJ9.eyJqdGkiOiJmRlpKNTZjUkNVckZCc1hua29aN0RRIiwiZXhwIjoxODAxMzExMzQyLCJpYXQiOjE3Njk3NzUzNDIsIm5iZiI6MTc2OTc3NTIyMiwib3JnIjoxLCJvbmx5Q2hhbm5lbHMiOlsic2xlLW1vZHVsZS1zeXN0ZW1zLW1hbmFnZW1lbnQtMTUtc3A3LXVwZGF0ZXMteDg2XzY0Il19.jec7z2ALvehETAnmh6vGN6Tic8K-lWm8BcQCvxLPfoo HTTP/1.1" 304 -
172.16.3.5 - - [30/Jan/2026:13:17:09 +0100] "POST /rhn/manager/frontend-log HTTP/1.1" 200 42
172.16.3.7 - - [30/Jan/2026:13:17:09 +0100] "HEAD /rhn/manager/download/sle-product-sles15-sp7-updates-x86_64/repodata/repomd.xml?eyJhbGciOiJIUzI1NiJ9.eyJqdGkiOiJpbFBJQW1ucWd4bHNmRlJMbnN2cTRnIiwiZXhwIjoxODAxMzExMzQyLCJpYXQiOjE3Njk3NzUzNDIsIm5iZiI6MTc2OTc3NTIyMiwib3JnIjoxLCJvbmx5Q2hhbm5lbHMiOlsic2xlLXByb2R1Y3Qtc2xlczE1LXNwNy11cGRhdGVzLXg4Nl82NCJdfQ.7nIfv0oLRIDjQOxU1O6vTGIVP-fuxG8UsMnLyoq5oIk HTTP/1.1" 200 -
172.16.3.7 - - [30/Jan/2026:13:17:09 +0100] "HEAD /rhn/manager/download/sle-product-sles15-sp7-updates-x86_64/media.1/media?eyJhbGciOiJIUzI1NiJ9.eyJqdGkiOiJpbFBJQW1ucWd4bHNmRlJMbnN2cTRnIiwiZXhwIjoxODAxMzExMzQyLCJpYXQiOjE3Njk3NzUzNDIsIm5iZiI6MTc2OTc3NTIyMiwib3JnIjoxLCJvbmx5Q2hhbm5lbHMiOlsic2xlLXByb2R1Y3Qtc2xlczE1LXNwNy11cGRhdGVzLXg4Nl82NCJdfQ.7nIfv0oLRIDjQOxU1O6vTGIVP-fuxG8UsMnLyoq5oIk HTTP/1.1" 404 -
172.16.3.7 - - [30/Jan/2026:13:17:09 +0100] "HEAD /rhn/manager/download/sle-product-sles15-sp7-updates-x86_64/repodata/repomd.xml?eyJhbGciOiJIUzI1NiJ9.eyJqdGkiOiJpbFBJQW1ucWd4bHNmRlJMbnN2cTRnIiwiZXhwIjoxODAxMzExMzQyLCJpYXQiOjE3Njk3NzUzNDIsIm5iZiI6MTc2OTc3NTIyMiwib3JnIjoxLCJvbmx5Q2hhbm5lbHMiOlsic2xlLXByb2R1Y3Qtc2xlczE1LXNwNy11cGRhdGVzLXg4Nl82NCJdfQ.7nIfv0oLRIDjQOxU1O6vTGIVP-fuxG8UsMnLyoq5oIk HTTP/1.1" 200 -
172.16.3.5 - - [30/Jan/2026:13:17:09 +0100] "GET /rhn/websocket/notifications HTTP/1.1" 101 -
172.16.3.5 - - [30/Jan/2026:13:17:09 +0100] "POST /rhn/manager/frontend-log HTTP/1.1" 200 42
172.16.3.7 - - [30/Jan/2026:13:17:09 +0100] "HEAD /rhn/manager/download/sle-product-sles15-sp7-updates-x86_64/repodata/repomd.xml.asc?eyJhbGciOiJIUzI1NiJ9.eyJqdGkiOiJpbFBJQW1ucWd4bHNmRlJMbnN2cTRnIiwiZXhwIjoxODAxMzExMzQyLCJpYXQiOjE3Njk3NzUzNDIsIm5iZiI6MTc2OTc3NTIyMiwib3JnIjoxLCJvbmx5Q2hhbm5lbHMiOlsic2xlLXByb2R1Y3Qtc2xlczE1LXNwNy11cGRhdGVzLXg4Nl82NCJdfQ.7nIfv0oLRIDjQOxU1O6vTGIVP-fuxG8UsMnLyoq5oIk HTTP/1.1" 404 -
172.16.3.7 - - [30/Jan/2026:13:17:09 +0100] "HEAD /rhn/manager/download/sle-product-sles15-sp7-updates-x86_64/repodata/b83109a2ce58be72fff82032c8d0009a2480b9107f553bfb85c5670d6eaa7aef-primary.xml.gz?eyJhbGciOiJIUzI1NiJ9.eyJqdGkiOiJpbFBJQW1ucWd4bHNmRlJMbnN2cTRnIiwiZXhwIjoxODAxMzExMzQyLCJpYXQiOjE3Njk3NzUzNDIsIm5iZiI6MTc2OTc3NTIyMiwib3JnIjoxLCJvbmx5Q2hhbm5lbHMiOlsic2xlLXByb2R1Y3Qtc2xlczE1LXNwNy11cGRhdGVzLXg4Nl82NCJdfQ.7nIfv0oLRIDjQOxU1O6vTGIVP-fuxG8UsMnLyoq5oIk HTTP/1.1" 200 -
172.16.3.7 - - [30/Jan/2026:13:17:09 +0100] "HEAD /rhn/manager/download/sle-product-sles15-sp7-updates-x86_64/repodata/e19d9f529dfe864d1f94ec942cfd14b9029745b58cf991409428bc3c9a278f9b-susedata.xml.gz?eyJhbGciOiJIUzI1NiJ9.eyJqdGkiOiJpbFBJQW1ucWd4bHNmRlJMbnN2cTRnIiwiZXhwIjoxODAxMzExMzQyLCJpYXQiOjE3Njk3NzUzNDIsIm5iZiI6MTc2OTc3NTIyMiwib3JnIjoxLCJvbmx5Q2hhbm5lbHMiOlsic2xlLXByb2R1Y3Qtc2xlczE1LXNwNy11cGRhdGVzLXg4Nl82NCJdfQ.7nIfv0oLRIDjQOxU1O6vTGIVP-fuxG8UsMnLyoq5oIk HTTP/1.1" 200 -
172.16.3.7 - - [30/Jan/2026:13:17:09 +0100] "HEAD /rhn/manager/download/sle-product-sles15-sp7-updates-x86_64/repodata/336c84c852c84f68dca8f2308fadc6dd7f630982d8fc38bb3d80af3cfac51b43-updateinfo.xml.gz?eyJhbGciOiJIUzI1NiJ9.eyJqdGkiOiJpbFBJQW1ucWd4bHNmRlJMbnN2cTRnIiwiZXhwIjoxODAxMzExMzQyLCJpYXQiOjE3Njk3NzUzNDIsIm5iZiI6MTc2OTc3NTIyMiwib3JnIjoxLCJvbmx5Q2hhbm5lbHMiOlsic2xlLXByb2R1Y3Qtc2xlczE1LXNwNy11cGRhdGVzLXg4Nl82NCJdfQ.7nIfv0oLRIDjQOxU1O6vTGIVP-fuxG8UsMnLyoq5oIk HTTP/1.1" 200 -
172.16.3.5 - - [30/Jan/2026:13:17:09 +0100] "GET /rhn/websocket/notifications HTTP/1.1" 101 -
172.16.3.7 - - [30/Jan/2026:13:17:09 +0100] "HEAD /rhn/manager/download/devel-build-host-channel/repodata/repomd.xml?eyJhbGciOiJIUzI1NiJ9.eyJqdGkiOiJDNHM4TkdXX2NWbk9GMXZWU1VuQnl3IiwiZXhwIjoxODAxMzExMzQyLCJpYXQiOjE3Njk3NzUzNDIsIm5iZiI6MTc2OTc3NTIyMiwib3JnIjoxLCJvbmx5Q2hhbm5lbHMiOlsiZGV2ZWwtYnVpbGQtaG9zdC1jaGFubmVsIl19.cSBSJlEkqHby6KYfwmkya-MIld_wYMsEdrtc6lU0VY4 HTTP/1.1" 200 -
172.16.3.7 - - [30/Jan/2026:13:17:09 +0100] "HEAD /rhn/manager/download/devel-build-host-channel/media.1/media?eyJhbGciOiJIUzI1NiJ9.eyJqdGkiOiJDNHM4TkdXX2NWbk9GMXZWU1VuQnl3IiwiZXhwIjoxODAxMzExMzQyLCJpYXQiOjE3Njk3NzUzNDIsIm5iZiI6MTc2OTc3NTIyMiwib3JnIjoxLCJvbmx5Q2hhbm5lbHMiOlsiZGV2ZWwtYnVpbGQtaG9zdC1jaGFubmVsIl19.cSBSJlEkqHby6KYfwmkya-MIld_wYMsEdrtc6lU0VY4 HTTP/1.1" 404 -
172.16.3.7 - - [30/Jan/2026:13:17:09 +0100] "HEAD /rhn/manager/download/devel-build-host-channel/repodata/repomd.xml?eyJhbGciOiJIUzI1NiJ9.eyJqdGkiOiJDNHM4TkdXX2NWbk9GMXZWU1VuQnl3IiwiZXhwIjoxODAxMzExMzQyLCJpYXQiOjE3Njk3NzUzNDIsIm5iZiI6MTc2OTc3NTIyMiwib3JnIjoxLCJvbmx5Q2hhbm5lbHMiOlsiZGV2ZWwtYnVpbGQtaG9zdC1jaGFubmVsIl19.cSBSJlEkqHby6KYfwmkya-MIld_wYMsEdrtc6lU0VY4 HTTP/1.1" 200 -
172.16.3.7 - - [30/Jan/2026:13:17:09 +0100] "GET /rhn/manager/download/devel-build-host-channel/repodata/repomd.xml?eyJhbGciOiJIUzI1NiJ9.eyJqdGkiOiJDNHM4TkdXX2NWbk9GMXZWU1VuQnl3IiwiZXhwIjoxODAxMzExMzQyLCJpYXQiOjE3Njk3NzUzNDIsIm5iZiI6MTc2OTc3NTIyMiwib3JnIjoxLCJvbmx5Q2hhbm5lbHMiOlsiZGV2ZWwtYnVpbGQtaG9zdC1jaGFubmVsIl19.cSBSJlEkqHby6KYfwmkya-MIld_wYMsEdrtc6lU0VY4 HTTP/1.1" 304 -
172.16.3.7 - - [30/Jan/2026:13:17:10 +0100] "HEAD /rhn/manager/download/devel-build-host-channel/repodata/repomd.xml.asc?eyJhbGciOiJIUzI1NiJ9.eyJqdGkiOiJDNHM4TkdXX2NWbk9GMXZWU1VuQnl3IiwiZXhwIjoxODAxMzExMzQyLCJpYXQiOjE3Njk3NzUzNDIsIm5iZiI6MTc2OTc3NTIyMiwib3JnIjoxLCJvbmx5Q2hhbm5lbHMiOlsiZGV2ZWwtYnVpbGQtaG9zdC1jaGFubmVsIl19.cSBSJlEkqHby6KYfwmkya-MIld_wYMsEdrtc6lU0VY4 HTTP/1.1" 404 -
172.16.3.7 - - [30/Jan/2026:13:17:10 +0100] "HEAD /rhn/manager/download/devel-build-host-channel/repodata/76dd65dfe61289c940dd5bb87f51f86bcd8d1ef8bdf1351d42418d358daabca4-primary.xml.gz?eyJhbGciOiJIUzI1NiJ9.eyJqdGkiOiJDNHM4TkdXX2NWbk9GMXZWU1VuQnl3IiwiZXhwIjoxODAxMzExMzQyLCJpYXQiOjE3Njk3NzUzNDIsIm5iZiI6MTc2OTc3NTIyMiwib3JnIjoxLCJvbmx5Q2hhbm5lbHMiOlsiZGV2ZWwtYnVpbGQtaG9zdC1jaGFubmVsIl19.cSBSJlEkqHby6KYfwmkya-MIld_wYMsEdrtc6lU0VY4 HTTP/1.1" 200 -
172.16.3.7 - - [30/Jan/2026:13:17:10 +0100] "GET /rhn/manager/download/devel-build-host-channel/repodata/76dd65dfe61289c940dd5bb87f51f86bcd8d1ef8bdf1351d42418d358daabca4-primary.xml.gz?eyJhbGciOiJIUzI1NiJ9.eyJqdGkiOiJDNHM4TkdXX2NWbk9GMXZWU1VuQnl3IiwiZXhwIjoxODAxMzExMzQyLCJpYXQiOjE3Njk3NzUzNDIsIm5iZiI6MTc2OTc3NTIyMiwib3JnIjoxLCJvbmx5Q2hhbm5lbHMiOlsiZGV2ZWwtYnVpbGQtaG9zdC1jaGFubmVsIl19.cSBSJlEkqHby6KYfwmkya-MIld_wYMsEdrtc6lU0VY4 HTTP/1.1" 304 -
172.16.3.5 - - [30/Jan/2026:13:17:09 +0100] "GET /rhn/systems/details/Connection.do?sid=1000010002& HTTP/1.1" 200 6235
172.16.3.7 - - [30/Jan/2026:13:17:10 +0100] "HEAD /rhn/manager/download/devel-build-host-channel/repodata/6926b8e773cbec56d4a2fc6bd230dab8e9d090aba964e99078e01028260ba3f8-susedata.xml.gz?eyJhbGciOiJIUzI1NiJ9.eyJqdGkiOiJDNHM4TkdXX2NWbk9GMXZWU1VuQnl3IiwiZXhwIjoxODAxMzExMzQyLCJpYXQiOjE3Njk3NzUzNDIsIm5iZiI6MTc2OTc3NTIyMiwib3JnIjoxLCJvbmx5Q2hhbm5lbHMiOlsiZGV2ZWwtYnVpbGQtaG9zdC1jaGFubmVsIl19.cSBSJlEkqHby6KYfwmkya-MIld_wYMsEdrtc6lU0VY4 HTTP/1.1" 200 -
172.16.3.7 - - [30/Jan/2026:13:17:10 +0100] "GET /rhn/manager/download/devel-build-host-channel/repodata/6926b8e773cbec56d4a2fc6bd230dab8e9d090aba964e99078e01028260ba3f8-susedata.xml.gz?eyJhbGciOiJIUzI1NiJ9.eyJqdGkiOiJDNHM4TkdXX2NWbk9GMXZWU1VuQnl3IiwiZXhwIjoxODAxMzExMzQyLCJpYXQiOjE3Njk3NzUzNDIsIm5iZiI6MTc2OTc3NTIyMiwib3JnIjoxLCJvbmx5Q2hhbm5lbHMiOlsiZGV2ZWwtYnVpbGQtaG9zdC1jaGFubmVsIl19.cSBSJlEkqHby6KYfwmkya-MIld_wYMsEdrtc6lU0VY4 HTTP/1.1" 304 -
172.16.3.5 - - [30/Jan/2026:13:17:09 +0100] "GET /rhn/systems/details/history/Pending.do?sid=1000010003& HTTP/1.1" 200 6179
172.16.3.5 - - [30/Jan/2026:13:17:10 +0100] "GET /img/favicon.ico?q=0.4830424800187191 HTTP/1.1" 200 1150
172.16.3.7 - - [30/Jan/2026:13:17:10 +0100] "HEAD /rhn/manager/download/sle-module-basesystem15-sp7-pool-x86_64/repodata/repomd.xml?eyJhbGciOiJIUzI1NiJ9.eyJqdGkiOiJsUHhOWFRNa1FXMXpPR3p0U25OMkt3IiwiZXhwIjoxODAxMzExMzQyLCJpYXQiOjE3Njk3NzUzNDIsIm5iZiI6MTc2OTc3NTIyMiwib3JnIjoxLCJvbmx5Q2hhbm5lbHMiOlsic2xlLW1vZHVsZS1iYXNlc3lzdGVtMTUtc3A3LXBvb2wteDg2XzY0Il19._oAVS2sRkdkNjNxOn4tTCtQJeZl8DjJWV_38nuXoBaA HTTP/1.1" 200 -
172.16.3.5 - - [30/Jan/2026:13:17:10 +0100] "GET /img/favicon.ico?q=0.02955610652507723 HTTP/1.1" 200 1150
172.16.3.7 - - [30/Jan/2026:13:17:10 +0100] "HEAD /rhn/manager/download/sle-module-basesystem15-sp7-pool-x86_64/media.1/media?eyJhbGciOiJIUzI1NiJ9.eyJqdGkiOiJsUHhOWFRNa1FXMXpPR3p0U25OMkt3IiwiZXhwIjoxODAxMzExMzQyLCJpYXQiOjE3Njk3NzUzNDIsIm5iZiI6MTc2OTc3NTIyMiwib3JnIjoxLCJvbmx5Q2hhbm5lbHMiOlsic2xlLW1vZHVsZS1iYXNlc3lzdGVtMTUtc3A3LXBvb2wteDg2XzY0Il19._oAVS2sRkdkNjNxOn4tTCtQJeZl8DjJWV_38nuXoBaA HTTP/1.1" 404 -
172.16.3.7 - - [30/Jan/2026:13:17:10 +0100] "HEAD /rhn/manager/download/sle-module-basesystem15-sp7-pool-x86_64/repodata/repomd.xml?eyJhbGciOiJIUzI1NiJ9.eyJqdGkiOiJsUHhOWFRNa1FXMXpPR3p0U25OMkt3IiwiZXhwIjoxODAxMzExMzQyLCJpYXQiOjE3Njk3NzUzNDIsIm5iZiI6MTc2OTc3NTIyMiwib3JnIjoxLCJvbmx5Q2hhbm5lbHMiOlsic2xlLW1vZHVsZS1iYXNlc3lzdGVtMTUtc3A3LXBvb2wteDg2XzY0Il19._oAVS2sRkdkNjNxOn4tTCtQJeZl8DjJWV_38nuXoBaA HTTP/1.1" 200 -
172.16.3.7 - - [30/Jan/2026:13:17:10 +0100] "HEAD /rhn/manager/download/sle-module-basesystem15-sp7-pool-x86_64/repodata/repomd.xml.asc?eyJhbGciOiJIUzI1NiJ9.eyJqdGkiOiJsUHhOWFRNa1FXMXpPR3p0U25OMkt3IiwiZXhwIjoxODAxMzExMzQyLCJpYXQiOjE3Njk3NzUzNDIsIm5iZiI6MTc2OTc3NTIyMiwib3JnIjoxLCJvbmx5Q2hhbm5lbHMiOlsic2xlLW1vZHVsZS1iYXNlc3lzdGVtMTUtc3A3LXBvb2wteDg2XzY0Il19._oAVS2sRkdkNjNxOn4tTCtQJeZl8DjJWV_38nuXoBaA HTTP/1.1" 404 -
172.16.3.7 - - [30/Jan/2026:13:17:10 +0100] "HEAD /rhn/manager/download/sle-module-basesystem15-sp7-pool-x86_64/repodata/fcb95474c036b20d0e0acd1ec34f165832d66123854f305f4e25f073937e2b81-primary.xml.gz?eyJhbGciOiJIUzI1NiJ9.eyJqdGkiOiJsUHhOWFRNa1FXMXpPR3p0U25OMkt3IiwiZXhwIjoxODAxMzExMzQyLCJpYXQiOjE3Njk3NzUzNDIsIm5iZiI6MTc2OTc3NTIyMiwib3JnIjoxLCJvbmx5Q2hhbm5lbHMiOlsic2xlLW1vZHVsZS1iYXNlc3lzdGVtMTUtc3A3LXBvb2wteDg2XzY0Il19._oAVS2sRkdkNjNxOn4tTCtQJeZl8DjJWV_38nuXoBaA HTTP/1.1" 200 -
172.16.3.5 - - [30/Jan/2026:13:17:10 +0100] "POST /rhn/manager/frontend-log HTTP/1.1" 200 42
172.16.3.5 - - [30/Jan/2026:13:17:10 +0100] "POST /rhn/manager/frontend-log HTTP/1.1" 200 42
172.16.3.5 - - [30/Jan/2026:13:17:10 +0100] "POST /rhn/manager/api/auth/login HTTP/1.1" 200 42
172.16.3.7 - - [30/Jan/2026:13:17:10 +0100] "HEAD /rhn/manager/download/sle-module-basesystem15-sp7-pool-x86_64/repodata/ddc978f79eb3bbc0f8e6849be2cea2e99eec98e2a8dc8b9842d5c049de71e30b-susedata.xml.gz?eyJhbGciOiJIUzI1NiJ9.eyJqdGkiOiJsUHhOWFRNa1FXMXpPR3p0U25OMkt3IiwiZXhwIjoxODAxMzExMzQyLCJpYXQiOjE3Njk3NzUzNDIsIm5iZiI6MTc2OTc3NTIyMiwib3JnIjoxLCJvbmx5Q2hhbm5lbHMiOlsic2xlLW1vZHVsZS1iYXNlc3lzdGVtMTUtc3A3LXBvb2wteDg2XzY0Il19._oAVS2sRkdkNjNxOn4tTCtQJeZl8DjJWV_38nuXoBaA HTTP/1.1" 200 -
172.16.3.5 - - [30/Jan/2026:13:17:10 +0100] "GET /rhn/websocket/notifications HTTP/1.1" 101 -
172.16.3.5 - - [30/Jan/2026:13:17:10 +0100] "POST /rhn/manager/api/system/searchByName HTTP/1.1" 200 150
172.16.3.5 - - [30/Jan/2026:13:17:10 +0100] "GET /rhn/systems/details/history/Pending.do?sid=1000010003& HTTP/1.1" 200 6179
172.16.3.5 - - [30/Jan/2026:13:17:10 +0100] "GET /img/favicon.ico?q=0.6333686100456414 HTTP/1.1" 200 1150
172.16.3.5 - - [30/Jan/2026:13:17:10 +0100] "GET /rhn/manager/api/auth/logout HTTP/1.1" 200 42
172.16.3.5 - - [30/Jan/2026:13:17:08 +0100] "GET /rhn/websocket/notifications HTTP/1.1" 101 -
172.16.3.5 - - [30/Jan/2026:13:17:10 +0100] "POST /rhn/manager/frontend-log HTTP/1.1" 200 42
172.16.3.5 - - [30/Jan/2026:13:17:10 +0100] "GET /rhn/websocket/notifications HTTP/1.1" 101 -
172.16.3.7 - - [30/Jan/2026:13:17:11 +0100] "HEAD /rhn/manager/download/sle-module-desktop-applications15-sp7-pool-x86_64/repodata/repomd.xml?eyJhbGciOiJIUzI1NiJ9.eyJqdGkiOiI4ZzhHU2VfMkI5WWRwS0dwR0FqZWdRIiwiZXhwIjoxODAxMzExMzQyLCJpYXQiOjE3Njk3NzUzNDIsIm5iZiI6MTc2OTc3NTIyMiwib3JnIjoxLCJvbmx5Q2hhbm5lbHMiOlsic2xlLW1vZHVsZS1kZXNrdG9wLWFwcGxpY2F0aW9uczE1LXNwNy1wb29sLXg4Nl82NCJdfQ.MuQ1ShnlMnQoHLn1FztuDLEEXe-k4H7s_DuGYk3HdMk HTTP/1.1" 200 -
172.16.3.7 - - [30/Jan/2026:13:17:11 +0100] "HEAD /rhn/manager/download/sle-module-desktop-applications15-sp7-pool-x86_64/media.1/media?eyJhbGciOiJIUzI1NiJ9.eyJqdGkiOiI4ZzhHU2VfMkI5WWRwS0dwR0FqZWdRIiwiZXhwIjoxODAxMzExMzQyLCJpYXQiOjE3Njk3NzUzNDIsIm5iZiI6MTc2OTc3NTIyMiwib3JnIjoxLCJvbmx5Q2hhbm5lbHMiOlsic2xlLW1vZHVsZS1kZXNrdG9wLWFwcGxpY2F0aW9uczE1LXNwNy1wb29sLXg4Nl82NCJdfQ.MuQ1ShnlMnQoHLn1FztuDLEEXe-k4H7s_DuGYk3HdMk HTTP/1.1" 404 -
172.16.3.7 - - [30/Jan/2026:13:17:11 +0100] "HEAD /rhn/manager/download/sle-module-desktop-applications15-sp7-pool-x86_64/repodata/repomd.xml?eyJhbGciOiJIUzI1NiJ9.eyJqdGkiOiI4ZzhHU2VfMkI5WWRwS0dwR0FqZWdRIiwiZXhwIjoxODAxMzExMzQyLCJpYXQiOjE3Njk3NzUzNDIsIm5iZiI6MTc2OTc3NTIyMiwib3JnIjoxLCJvbmx5Q2hhbm5lbHMiOlsic2xlLW1vZHVsZS1kZXNrdG9wLWFwcGxpY2F0aW9uczE1LXNwNy1wb29sLXg4Nl82NCJdfQ.MuQ1ShnlMnQoHLn1FztuDLEEXe-k4H7s_DuGYk3HdMk HTTP/1.1" 200 -
172.16.3.7 - - [30/Jan/2026:13:17:11 +0100] "GET /rhn/manager/download/sle-module-desktop-applications15-sp7-pool-x86_64/repodata/repomd.xml?eyJhbGciOiJIUzI1NiJ9.eyJqdGkiOiI4ZzhHU2VfMkI5WWRwS0dwR0FqZWdRIiwiZXhwIjoxODAxMzExMzQyLCJpYXQiOjE3Njk3NzUzNDIsIm5iZiI6MTc2OTc3NTIyMiwib3JnIjoxLCJvbmx5Q2hhbm5lbHMiOlsic2xlLW1vZHVsZS1kZXNrdG9wLWFwcGxpY2F0aW9uczE1LXNwNy1wb29sLXg4Nl82NCJdfQ.MuQ1ShnlMnQoHLn1FztuDLEEXe-k4H7s_DuGYk3HdMk HTTP/1.1" 304 -
172.16.3.7 - - [30/Jan/2026:13:17:11 +0100] "HEAD /rhn/manager/download/sle-module-desktop-applications15-sp7-pool-x86_64/repodata/repomd.xml.asc?eyJhbGciOiJIUzI1NiJ9.eyJqdGkiOiI4ZzhHU2VfMkI5WWRwS0dwR0FqZWdRIiwiZXhwIjoxODAxMzExMzQyLCJpYXQiOjE3Njk3NzUzNDIsIm5iZiI6MTc2OTc3NTIyMiwib3JnIjoxLCJvbmx5Q2hhbm5lbHMiOlsic2xlLW1vZHVsZS1kZXNrdG9wLWFwcGxpY2F0aW9uczE1LXNwNy1wb29sLXg4Nl82NCJdfQ.MuQ1ShnlMnQoHLn1FztuDLEEXe-k4H7s_DuGYk3HdMk HTTP/1.1" 404 -
172.16.3.5 - - [30/Jan/2026:13:17:10 +0100] "GET /rhn/systems/details/history/History.do?sid=1000010003& HTTP/1.1" 200 6838
172.16.3.7 - - [30/Jan/2026:13:17:11 +0100] "HEAD /rhn/manager/download/sle-module-desktop-applications15-sp7-pool-x86_64/repodata/3b0c3a6088d17bcde3c803eb4d2b88dde0480683c32c3efa9108368f992a26d2-primary.xml.gz?eyJhbGciOiJIUzI1NiJ9.eyJqdGkiOiI4ZzhHU2VfMkI5WWRwS0dwR0FqZWdRIiwiZXhwIjoxODAxMzExMzQyLCJpYXQiOjE3Njk3NzUzNDIsIm5iZiI6MTc2OTc3NTIyMiwib3JnIjoxLCJvbmx5Q2hhbm5lbHMiOlsic2xlLW1vZHVsZS1kZXNrdG9wLWFwcGxpY2F0aW9uczE1LXNwNy1wb29sLXg4Nl82NCJdfQ.MuQ1ShnlMnQoHLn1FztuDLEEXe-k4H7s_DuGYk3HdMk HTTP/1.1" 200 -
172.16.3.5 - - [30/Jan/2026:13:17:11 +0100] "GET /img/favicon.ico?q=0.1588647915782999 HTTP/1.1" 200 1150
172.16.3.7 - - [30/Jan/2026:13:17:11 +0100] "GET /rhn/manager/download/sle-module-desktop-applications15-sp7-pool-x86_64/repodata/3b0c3a6088d17bcde3c803eb4d2b88dde0480683c32c3efa9108368f992a26d2-primary.xml.gz?eyJhbGciOiJIUzI1NiJ9.eyJqdGkiOiI4ZzhHU2VfMkI5WWRwS0dwR0FqZWdRIiwiZXhwIjoxODAxMzExMzQyLCJpYXQiOjE3Njk3NzUzNDIsIm5iZiI6MTc2OTc3NTIyMiwib3JnIjoxLCJvbmx5Q2hhbm5lbHMiOlsic2xlLW1vZHVsZS1kZXNrdG9wLWFwcGxpY2F0aW9uczE1LXNwNy1wb29sLXg4Nl82NCJdfQ.MuQ1ShnlMnQoHLn1FztuDLEEXe-k4H7s_DuGYk3HdMk HTTP/1.1" 304 -
172.16.3.5 - - [30/Jan/2026:13:17:10 +0100] "GET /rhn/systems/details/Overview.do?sid=1000010000 HTTP/1.1" 200 6721
172.16.3.5 - - [30/Jan/2026:13:17:10 +0100] "GET /rhn/websocket/notifications HTTP/1.1" 101 -
172.16.3.7 - - [30/Jan/2026:13:17:11 +0100] "HEAD /rhn/manager/download/sle-module-desktop-applications15-sp7-pool-x86_64/repodata/c379dbf033a4fc320a44e79cc1e89a7d4f7a8a20fe30ecdf2191702c3ee68413-susedata.xml.gz?eyJhbGciOiJIUzI1NiJ9.eyJqdGkiOiI4ZzhHU2VfMkI5WWRwS0dwR0FqZWdRIiwiZXhwIjoxODAxMzExMzQyLCJpYXQiOjE3Njk3NzUzNDIsIm5iZiI6MTc2OTc3NTIyMiwib3JnIjoxLCJvbmx5Q2hhbm5lbHMiOlsic2xlLW1vZHVsZS1kZXNrdG9wLWFwcGxpY2F0aW9uczE1LXNwNy1wb29sLXg4Nl82NCJdfQ.MuQ1ShnlMnQoHLn1FztuDLEEXe-k4H7s_DuGYk3HdMk HTTP/1.1" 200 -
172.16.3.5 - - [30/Jan/2026:13:17:11 +0100] "POST /rhn/manager/frontend-log HTTP/1.1" 200 42
172.16.3.7 - - [30/Jan/2026:13:17:11 +0100] "GET /rhn/manager/download/sle-module-desktop-applications15-sp7-pool-x86_64/repodata/c379dbf033a4fc320a44e79cc1e89a7d4f7a8a20fe30ecdf2191702c3ee68413-susedata.xml.gz?eyJhbGciOiJIUzI1NiJ9.eyJqdGkiOiI4ZzhHU2VfMkI5WWRwS0dwR0FqZWdRIiwiZXhwIjoxODAxMzExMzQyLCJpYXQiOjE3Njk3NzUzNDIsIm5iZiI6MTc2OTc3NTIyMiwib3JnIjoxLCJvbmx5Q2hhbm5lbHMiOlsic2xlLW1vZHVsZS1kZXNrdG9wLWFwcGxpY2F0aW9uczE1LXNwNy1wb29sLXg4Nl82NCJdfQ.MuQ1ShnlMnQoHLn1FztuDLEEXe-k4H7s_DuGYk3HdMk HTTP/1.1" 304 -
172.16.3.5 - - [30/Jan/2026:13:17:11 +0100] "POST /rhn/manager/frontend-log HTTP/1.1" 200 42
172.16.3.5 - - [30/Jan/2026:13:17:11 +0100] "POST /rhn/manager/frontend-log HTTP/1.1" 200 42
172.16.3.5 - - [30/Jan/2026:13:17:11 +0100] "GET /rhn/websocket/notifications HTTP/1.1" 101 -
172.16.3.5 - - [30/Jan/2026:13:17:11 +0100] "GET /rhn/systems/details/history/Event.do?sid=1000010003&aid=19 HTTP/1.1" 200 6137
172.16.3.5 - - [30/Jan/2026:13:17:11 +0100] "GET /img/favicon.ico?q=0.770586344519943 HTTP/1.1" 200 1150
172.16.3.5 - - [30/Jan/2026:13:17:11 +0100] "GET /rhn/systems/details/Overview.do?sid=1000010000& HTTP/1.1" 200 6721
172.16.3.5 - - [30/Jan/2026:13:17:12 +0100] "GET /img/favicon.ico?q=0.9669574896072205 HTTP/1.1" 200 1150
172.16.3.5 - - [30/Jan/2026:13:17:11 +0100] "POST /rhn/manager/frontend-log HTTP/1.1" 200 42
172.16.3.5 - - [30/Jan/2026:13:17:12 +0100] "GET /rhn/websocket/notifications HTTP/1.1" 101 -
172.16.3.5 - - [30/Jan/2026:13:17:12 +0100] "POST /rhn/manager/frontend-log HTTP/1.1" 200 42
172.16.3.7 - - [30/Jan/2026:13:17:12 +0100] "HEAD /rhn/manager/download/sle-module-devtools15-sp7-pool-x86_64/repodata/repomd.xml?eyJhbGciOiJIUzI1NiJ9.eyJqdGkiOiJhdUR3eFE1cU5UdlR3Y21QMWN4S2dBIiwiZXhwIjoxODAxMzExMzQyLCJpYXQiOjE3Njk3NzUzNDIsIm5iZiI6MTc2OTc3NTIyMiwib3JnIjoxLCJvbmx5Q2hhbm5lbHMiOlsic2xlLW1vZHVsZS1kZXZ0b29sczE1LXNwNy1wb29sLXg4Nl82NCJdfQ.zmcRFrhb-RHHl6Qw8CqYtHYjk7Nv1aQcKfYU3efbfcc HTTP/1.1" 200 -
172.16.3.5 - - [30/Jan/2026:13:17:12 +0100] "POST /rhn/manager/api/auth/login HTTP/1.1" 200 42
172.16.3.7 - - [30/Jan/2026:13:17:12 +0100] "HEAD /rhn/manager/download/sle-module-devtools15-sp7-pool-x86_64/media.1/media?eyJhbGciOiJIUzI1NiJ9.eyJqdGkiOiJhdUR3eFE1cU5UdlR3Y21QMWN4S2dBIiwiZXhwIjoxODAxMzExMzQyLCJpYXQiOjE3Njk3NzUzNDIsIm5iZiI6MTc2OTc3NTIyMiwib3JnIjoxLCJvbmx5Q2hhbm5lbHMiOlsic2xlLW1vZHVsZS1kZXZ0b29sczE1LXNwNy1wb29sLXg4Nl82NCJdfQ.zmcRFrhb-RHHl6Qw8CqYtHYjk7Nv1aQcKfYU3efbfcc HTTP/1.1" 404 -
172.16.3.7 - - [30/Jan/2026:13:17:12 +0100] "HEAD /rhn/manager/download/sle-module-devtools15-sp7-pool-x86_64/repodata/repomd.xml?eyJhbGciOiJIUzI1NiJ9.eyJqdGkiOiJhdUR3eFE1cU5UdlR3Y21QMWN4S2dBIiwiZXhwIjoxODAxMzExMzQyLCJpYXQiOjE3Njk3NzUzNDIsIm5iZiI6MTc2OTc3NTIyMiwib3JnIjoxLCJvbmx5Q2hhbm5lbHMiOlsic2xlLW1vZHVsZS1kZXZ0b29sczE1LXNwNy1wb29sLXg4Nl82NCJdfQ.zmcRFrhb-RHHl6Qw8CqYtHYjk7Nv1aQcKfYU3efbfcc HTTP/1.1" 200 -
172.16.3.7 - - [30/Jan/2026:13:17:12 +0100] "GET /rhn/manager/download/sle-module-devtools15-sp7-pool-x86_64/repodata/repomd.xml?eyJhbGciOiJIUzI1NiJ9.eyJqdGkiOiJhdUR3eFE1cU5UdlR3Y21QMWN4S2dBIiwiZXhwIjoxODAxMzExMzQyLCJpYXQiOjE3Njk3NzUzNDIsIm5iZiI6MTc2OTc3NTIyMiwib3JnIjoxLCJvbmx5Q2hhbm5lbHMiOlsic2xlLW1vZHVsZS1kZXZ0b29sczE1LXNwNy1wb29sLXg4Nl82NCJdfQ.zmcRFrhb-RHHl6Qw8CqYtHYjk7Nv1aQcKfYU3efbfcc HTTP/1.1" 304 -
172.16.3.7 - - [30/Jan/2026:13:17:12 +0100] "HEAD /rhn/manager/download/sle-module-devtools15-sp7-pool-x86_64/repodata/repomd.xml.asc?eyJhbGciOiJIUzI1NiJ9.eyJqdGkiOiJhdUR3eFE1cU5UdlR3Y21QMWN4S2dBIiwiZXhwIjoxODAxMzExMzQyLCJpYXQiOjE3Njk3NzUzNDIsIm5iZiI6MTc2OTc3NTIyMiwib3JnIjoxLCJvbmx5Q2hhbm5lbHMiOlsic2xlLW1vZHVsZS1kZXZ0b29sczE1LXNwNy1wb29sLXg4Nl82NCJdfQ.zmcRFrhb-RHHl6Qw8CqYtHYjk7Nv1aQcKfYU3efbfcc HTTP/1.1" 404 -
172.16.3.7 - - [30/Jan/2026:13:17:12 +0100] "HEAD /rhn/manager/download/sle-module-devtools15-sp7-pool-x86_64/repodata/088a093539517eaab4b4c1c4036e98edd1789a33927de9db3f11cbe7de285f43-primary.xml.gz?eyJhbGciOiJIUzI1NiJ9.eyJqdGkiOiJhdUR3eFE1cU5UdlR3Y21QMWN4S2dBIiwiZXhwIjoxODAxMzExMzQyLCJpYXQiOjE3Njk3NzUzNDIsIm5iZiI6MTc2OTc3NTIyMiwib3JnIjoxLCJvbmx5Q2hhbm5lbHMiOlsic2xlLW1vZHVsZS1kZXZ0b29sczE1LXNwNy1wb29sLXg4Nl82NCJdfQ.zmcRFrhb-RHHl6Qw8CqYtHYjk7Nv1aQcKfYU3efbfcc HTTP/1.1" 200 -
172.16.3.5 - - [30/Jan/2026:13:17:12 +0100] "POST /rhn/manager/api/system/searchByName HTTP/1.1" 200 155
172.16.3.7 - - [30/Jan/2026:13:17:12 +0100] "GET /rhn/manager/download/sle-module-devtools15-sp7-pool-x86_64/repodata/088a093539517eaab4b4c1c4036e98edd1789a33927de9db3f11cbe7de285f43-primary.xml.gz?eyJhbGciOiJIUzI1NiJ9.eyJqdGkiOiJhdUR3eFE1cU5UdlR3Y21QMWN4S2dBIiwiZXhwIjoxODAxMzExMzQyLCJpYXQiOjE3Njk3NzUzNDIsIm5iZiI6MTc2OTc3NTIyMiwib3JnIjoxLCJvbmx5Q2hhbm5lbHMiOlsic2xlLW1vZHVsZS1kZXZ0b29sczE1LXNwNy1wb29sLXg4Nl82NCJdfQ.zmcRFrhb-RHHl6Qw8CqYtHYjk7Nv1aQcKfYU3efbfcc HTTP/1.1" 304 -
172.16.3.7 - - [30/Jan/2026:13:17:12 +0100] "HEAD /rhn/manager/download/sle-module-devtools15-sp7-pool-x86_64/repodata/57a85eac02b8086eceed1b03a122a39d661b7c91a70cd6513dad1871740de9e9-susedata.xml.gz?eyJhbGciOiJIUzI1NiJ9.eyJqdGkiOiJhdUR3eFE1cU5UdlR3Y21QMWN4S2dBIiwiZXhwIjoxODAxMzExMzQyLCJpYXQiOjE3Njk3NzUzNDIsIm5iZiI6MTc2OTc3NTIyMiwib3JnIjoxLCJvbmx5Q2hhbm5lbHMiOlsic2xlLW1vZHVsZS1kZXZ0b29sczE1LXNwNy1wb29sLXg4Nl82NCJdfQ.zmcRFrhb-RHHl6Qw8CqYtHYjk7Nv1aQcKfYU3efbfcc HTTP/1.1" 200 -
172.16.3.7 - - [30/Jan/2026:13:17:12 +0100] "GET /rhn/manager/download/sle-module-devtools15-sp7-pool-x86_64/repodata/57a85eac02b8086eceed1b03a122a39d661b7c91a70cd6513dad1871740de9e9-susedata.xml.gz?eyJhbGciOiJIUzI1NiJ9.eyJqdGkiOiJhdUR3eFE1cU5UdlR3Y21QMWN4S2dBIiwiZXhwIjoxODAxMzExMzQyLCJpYXQiOjE3Njk3NzUzNDIsIm5iZiI6MTc2OTc3NTIyMiwib3JnIjoxLCJvbmx5Q2hhbm5lbHMiOlsic2xlLW1vZHVsZS1kZXZ0b29sczE1LXNwNy1wb29sLXg4Nl82NCJdfQ.zmcRFrhb-RHHl6Qw8CqYtHYjk7Nv1aQcKfYU3efbfcc HTTP/1.1" 304 -
172.16.3.5 - - [30/Jan/2026:13:17:12 +0100] "GET /rhn/manager/api/auth/logout HTTP/1.1" 200 42
172.16.3.5 - - [30/Jan/2026:13:16:57 +0100] "GET /rhn/websocket/notifications HTTP/1.1" 101 -
172.16.3.5 - - [30/Jan/2026:13:17:12 +0100] "GET /rhn/systems/details/ProxyClients.do?sid=1000010000& HTTP/1.1" 200 7832
172.16.3.7 - - [30/Jan/2026:13:17:12 +0100] "HEAD /rhn/manager/download/sle-module-python3-15-sp7-pool-x86_64/repodata/repomd.xml?eyJhbGciOiJIUzI1NiJ9.eyJqdGkiOiJ5TVpBOTdKelgxbGQ4ZjFDNWJFdjlnIiwiZXhwIjoxODAxMzExMzQyLCJpYXQiOjE3Njk3NzUzNDIsIm5iZiI6MTc2OTc3NTIyMiwib3JnIjoxLCJvbmx5Q2hhbm5lbHMiOlsic2xlLW1vZHVsZS1weXRob24zLTE1LXNwNy1wb29sLXg4Nl82NCJdfQ.4BtH5h5KF6cg11lTozL2GOvMSnRvVVhAGJfTsR_Ze3U HTTP/1.1" 200 -
172.16.3.7 - - [30/Jan/2026:13:17:12 +0100] "HEAD /rhn/manager/download/sle-module-python3-15-sp7-pool-x86_64/media.1/media?eyJhbGciOiJIUzI1NiJ9.eyJqdGkiOiJ5TVpBOTdKelgxbGQ4ZjFDNWJFdjlnIiwiZXhwIjoxODAxMzExMzQyLCJpYXQiOjE3Njk3NzUzNDIsIm5iZiI6MTc2OTc3NTIyMiwib3JnIjoxLCJvbmx5Q2hhbm5lbHMiOlsic2xlLW1vZHVsZS1weXRob24zLTE1LXNwNy1wb29sLXg4Nl82NCJdfQ.4BtH5h5KF6cg11lTozL2GOvMSnRvVVhAGJfTsR_Ze3U HTTP/1.1" 404 -
172.16.3.5 - - [30/Jan/2026:13:17:12 +0100] "GET /img/favicon.ico?q=0.7389403432194963 HTTP/1.1" 200 1150
172.16.3.7 - - [30/Jan/2026:13:17:12 +0100] "HEAD /rhn/manager/download/sle-module-python3-15-sp7-pool-x86_64/repodata/repomd.xml?eyJhbGciOiJIUzI1NiJ9.eyJqdGkiOiJ5TVpBOTdKelgxbGQ4ZjFDNWJFdjlnIiwiZXhwIjoxODAxMzExMzQyLCJpYXQiOjE3Njk3NzUzNDIsIm5iZiI6MTc2OTc3NTIyMiwib3JnIjoxLCJvbmx5Q2hhbm5lbHMiOlsic2xlLW1vZHVsZS1weXRob24zLTE1LXNwNy1wb29sLXg4Nl82NCJdfQ.4BtH5h5KF6cg11lTozL2GOvMSnRvVVhAGJfTsR_Ze3U HTTP/1.1" 200 -
172.16.3.7 - - [30/Jan/2026:13:17:12 +0100] "HEAD /rhn/manager/download/sle-module-python3-15-sp7-pool-x86_64/repodata/repomd.xml.asc?eyJhbGciOiJIUzI1NiJ9.eyJqdGkiOiJ5TVpBOTdKelgxbGQ4ZjFDNWJFdjlnIiwiZXhwIjoxODAxMzExMzQyLCJpYXQiOjE3Njk3NzUzNDIsIm5iZiI6MTc2OTc3NTIyMiwib3JnIjoxLCJvbmx5Q2hhbm5lbHMiOlsic2xlLW1vZHVsZS1weXRob24zLTE1LXNwNy1wb29sLXg4Nl82NCJdfQ.4BtH5h5KF6cg11lTozL2GOvMSnRvVVhAGJfTsR_Ze3U HTTP/1.1" 404 -
172.16.3.7 - - [30/Jan/2026:13:17:12 +0100] "HEAD /rhn/manager/download/sle-module-python3-15-sp7-pool-x86_64/repodata/f8717a8ba8dcf67931078473b54b6b8abedc9ab609c1b94429347f560148d7d0-primary.xml.gz?eyJhbGciOiJIUzI1NiJ9.eyJqdGkiOiJ5TVpBOTdKelgxbGQ4ZjFDNWJFdjlnIiwiZXhwIjoxODAxMzExMzQyLCJpYXQiOjE3Njk3NzUzNDIsIm5iZiI6MTc2OTc3NTIyMiwib3JnIjoxLCJvbmx5Q2hhbm5lbHMiOlsic2xlLW1vZHVsZS1weXRob24zLTE1LXNwNy1wb29sLXg4Nl82NCJdfQ.4BtH5h5KF6cg11lTozL2GOvMSnRvVVhAGJfTsR_Ze3U HTTP/1.1" 200 -
