172.16.3.7 - - [30/Jan/2026:13:17:24 +0100] "HEAD /rhn/manager/download/sle-module-basesystem15-sp7-pool-x86_64/getPackage/NULL/b8eba9e9deb667e95fb25b50b0e98df1ac01e8b4a891a79e509f3c22057d80fa/xorriso-1.5.6-150600.1.6.x86_64.rpm?eyJhbGciOiJIUzI1NiJ9.eyJqdGkiOiJsUHhOWFRNa1FXMXpPR3p0U25OMkt3IiwiZXhwIjoxODAxMzExMzQyLCJpYXQiOjE3Njk3NzUzNDIsIm5iZiI6MTc2OTc3NTIyMiwib3JnIjoxLCJvbmx5Q2hhbm5lbHMiOlsic2xlLW1vZHVsZS1iYXNlc3lzdGVtMTUtc3A3LXBvb2wteDg2XzY0Il19._oAVS2sRkdkNjNxOn4tTCtQJeZl8DjJWV_38nuXoBaA HTTP/1.1" 200 -
172.16.3.5 - - [30/Jan/2026:13:17:24 +0100] "GET /img/favicon.ico?q=0.8890479169397417 HTTP/1.1" 200 1150
172.16.3.7 - - [30/Jan/2026:13:17:24 +0100] "GET /rhn/manager/download/sle-module-basesystem15-sp7-pool-x86_64/getPackage/NULL/b8eba9e9deb667e95fb25b50b0e98df1ac01e8b4a891a79e509f3c22057d80fa/xorriso-1.5.6-150600.1.6.x86_64.rpm?eyJhbGciOiJIUzI1NiJ9.eyJqdGkiOiJsUHhOWFRNa1FXMXpPR3p0U25OMkt3IiwiZXhwIjoxODAxMzExMzQyLCJpYXQiOjE3Njk3NzUzNDIsIm5iZiI6MTc2OTc3NTIyMiwib3JnIjoxLCJvbmx5Q2hhbm5lbHMiOlsic2xlLW1vZHVsZS1iYXNlc3lzdGVtMTUtc3A3LXBvb2wteDg2XzY0Il19._oAVS2sRkdkNjNxOn4tTCtQJeZl8DjJWV_38nuXoBaA HTTP/1.1" 200 357704
172.16.3.7 - - [30/Jan/2026:13:17:24 +0100] "HEAD /rhn/manager/download/sle-module-basesystem15-sp7-updates-x86_64/getPackage/NULL/11a9210a12538d8efab528217057e8e05bbc6caa2c1fdb9d8d25afe6cbdb0bd0/kpartx-0.10.5+198+suse.5875f383-150700.3.6.1.x86_64.rpm?eyJhbGciOiJIUzI1NiJ9.eyJqdGkiOiJ3VVdNZ2s1ckhYWXJCSEU2R2JmR3lRIiwiZXhwIjoxODAxMzExMzQyLCJpYXQiOjE3Njk3NzUzNDIsIm5iZiI6MTc2OTc3NTIyMiwib3JnIjoxLCJvbmx5Q2hhbm5lbHMiOlsic2xlLW1vZHVsZS1iYXNlc3lzdGVtMTUtc3A3LXVwZGF0ZXMteDg2XzY0Il19.NE7iEnrP7wOuxVnjGb4ybD3IYuNrCrrSnWFN9bABUtQ HTTP/1.1" 200 -
172.16.3.5 - - [30/Jan/2026:13:17:24 +0100] "POST /rhn/manager/frontend-log HTTP/1.1" 200 42
172.16.3.7 - - [30/Jan/2026:13:17:24 +0100] "GET /rhn/manager/download/sle-module-basesystem15-sp7-updates-x86_64/getPackage/NULL/11a9210a12538d8efab528217057e8e05bbc6caa2c1fdb9d8d25afe6cbdb0bd0/kpartx-0.10.5+198+suse.5875f383-150700.3.6.1.x86_64.rpm?eyJhbGciOiJIUzI1NiJ9.eyJqdGkiOiJ3VVdNZ2s1ckhYWXJCSEU2R2JmR3lRIiwiZXhwIjoxODAxMzExMzQyLCJpYXQiOjE3Njk3NzUzNDIsIm5iZiI6MTc2OTc3NTIyMiwib3JnIjoxLCJvbmx5Q2hhbm5lbHMiOlsic2xlLW1vZHVsZS1iYXNlc3lzdGVtMTUtc3A3LXVwZGF0ZXMteDg2XzY0Il19.NE7iEnrP7wOuxVnjGb4ybD3IYuNrCrrSnWFN9bABUtQ HTTP/1.1" 200 119764
172.16.3.5 - - [30/Jan/2026:13:17:24 +0100] "POST /rhn/manager/api/auth/login HTTP/1.1" 200 42
172.16.3.7 - - [30/Jan/2026:13:17:24 +0100] "HEAD /rhn/manager/download/sle-module-basesystem15-sp7-updates-x86_64/getPackage/NULL/410c729d3c4f3756794d00dc1788cd42188d63edab97c6e4a4cd4473a45b153e/liblcms2-2-2.15-150600.3.3.2.x86_64.rpm?eyJhbGciOiJIUzI1NiJ9.eyJqdGkiOiJ3VVdNZ2s1ckhYWXJCSEU2R2JmR3lRIiwiZXhwIjoxODAxMzExMzQyLCJpYXQiOjE3Njk3NzUzNDIsIm5iZiI6MTc2OTc3NTIyMiwib3JnIjoxLCJvbmx5Q2hhbm5lbHMiOlsic2xlLW1vZHVsZS1iYXNlc3lzdGVtMTUtc3A3LXVwZGF0ZXMteDg2XzY0Il19.NE7iEnrP7wOuxVnjGb4ybD3IYuNrCrrSnWFN9bABUtQ HTTP/1.1" 200 -
172.16.3.7 - - [30/Jan/2026:13:17:24 +0100] "GET /rhn/manager/download/sle-module-basesystem15-sp7-updates-x86_64/getPackage/NULL/410c729d3c4f3756794d00dc1788cd42188d63edab97c6e4a4cd4473a45b153e/liblcms2-2-2.15-150600.3.3.2.x86_64.rpm?eyJhbGciOiJIUzI1NiJ9.eyJqdGkiOiJ3VVdNZ2s1ckhYWXJCSEU2R2JmR3lRIiwiZXhwIjoxODAxMzExMzQyLCJpYXQiOjE3Njk3NzUzNDIsIm5iZiI6MTc2OTc3NTIyMiwib3JnIjoxLCJvbmx5Q2hhbm5lbHMiOlsic2xlLW1vZHVsZS1iYXNlc3lzdGVtMTUtc3A3LXVwZGF0ZXMteDg2XzY0Il19.NE7iEnrP7wOuxVnjGb4ybD3IYuNrCrrSnWFN9bABUtQ HTTP/1.1" 200 155652
172.16.3.7 - - [30/Jan/2026:13:17:24 +0100] "HEAD /rhn/manager/download/sle-module-basesystem15-sp7-updates-x86_64/getPackage/NULL/4edd65b8d585200a25bbe15ae05d61107ba2c33c701729b3a11cb437c84dc5cb/umoci-0.6.0-150000.3.20.1.x86_64.rpm?eyJhbGciOiJIUzI1NiJ9.eyJqdGkiOiJ3VVdNZ2s1ckhYWXJCSEU2R2JmR3lRIiwiZXhwIjoxODAxMzExMzQyLCJpYXQiOjE3Njk3NzUzNDIsIm5iZiI6MTc2OTc3NTIyMiwib3JnIjoxLCJvbmx5Q2hhbm5lbHMiOlsic2xlLW1vZHVsZS1iYXNlc3lzdGVtMTUtc3A3LXVwZGF0ZXMteDg2XzY0Il19.NE7iEnrP7wOuxVnjGb4ybD3IYuNrCrrSnWFN9bABUtQ HTTP/1.1" 200 -
172.16.3.7 - - [30/Jan/2026:13:17:24 +0100] "GET /rhn/manager/download/sle-module-basesystem15-sp7-updates-x86_64/getPackage/NULL/4edd65b8d585200a25bbe15ae05d61107ba2c33c701729b3a11cb437c84dc5cb/umoci-0.6.0-150000.3.20.1.x86_64.rpm?eyJhbGciOiJIUzI1NiJ9.eyJqdGkiOiJ3VVdNZ2s1ckhYWXJCSEU2R2JmR3lRIiwiZXhwIjoxODAxMzExMzQyLCJpYXQiOjE3Njk3NzUzNDIsIm5iZiI6MTc2OTc3NTIyMiwib3JnIjoxLCJvbmx5Q2hhbm5lbHMiOlsic2xlLW1vZHVsZS1iYXNlc3lzdGVtMTUtc3A3LXVwZGF0ZXMteDg2XzY0Il19.NE7iEnrP7wOuxVnjGb4ybD3IYuNrCrrSnWFN9bABUtQ HTTP/1.1" 200 2645884
172.16.3.5 - - [30/Jan/2026:13:17:24 +0100] "POST /rhn/manager/api/system/searchByName HTTP/1.1" 200 150
172.16.3.7 - - [30/Jan/2026:13:17:24 +0100] "HEAD /rhn/manager/download/sle-module-basesystem15-sp7-updates-x86_64/getPackage/NULL/3cb208506f3300d24249fdbb1d22ff055afbebd11b96b563675d5494f7488bf2/libmediacheck6-6.5-150600.3.3.1.x86_64.rpm?eyJhbGciOiJIUzI1NiJ9.eyJqdGkiOiJ3VVdNZ2s1ckhYWXJCSEU2R2JmR3lRIiwiZXhwIjoxODAxMzExMzQyLCJpYXQiOjE3Njk3NzUzNDIsIm5iZiI6MTc2OTc3NTIyMiwib3JnIjoxLCJvbmx5Q2hhbm5lbHMiOlsic2xlLW1vZHVsZS1iYXNlc3lzdGVtMTUtc3A3LXVwZGF0ZXMteDg2XzY0Il19.NE7iEnrP7wOuxVnjGb4ybD3IYuNrCrrSnWFN9bABUtQ HTTP/1.1" 200 -
172.16.3.7 - - [30/Jan/2026:13:17:24 +0100] "GET /rhn/manager/download/sle-module-basesystem15-sp7-updates-x86_64/getPackage/NULL/3cb208506f3300d24249fdbb1d22ff055afbebd11b96b563675d5494f7488bf2/libmediacheck6-6.5-150600.3.3.1.x86_64.rpm?eyJhbGciOiJIUzI1NiJ9.eyJqdGkiOiJ3VVdNZ2s1ckhYWXJCSEU2R2JmR3lRIiwiZXhwIjoxODAxMzExMzQyLCJpYXQiOjE3Njk3NzUzNDIsIm5iZiI6MTc2OTc3NTIyMiwib3JnIjoxLCJvbmx5Q2hhbm5lbHMiOlsic2xlLW1vZHVsZS1iYXNlc3lzdGVtMTUtc3A3LXVwZGF0ZXMteDg2XzY0Il19.NE7iEnrP7wOuxVnjGb4ybD3IYuNrCrrSnWFN9bABUtQ HTTP/1.1" 200 68068
172.16.3.7 - - [30/Jan/2026:13:17:24 +0100] "HEAD /rhn/manager/download/sle-module-basesystem15-sp7-updates-x86_64/getPackage/NULL/47b7add303d4be6064f4fbb716edb3cd601bfaf87c5872131c057e6bc7a74124/libfreebl3-3.112.2-150400.3.60.1.x86_64.rpm?eyJhbGciOiJIUzI1NiJ9.eyJqdGkiOiJ3VVdNZ2s1ckhYWXJCSEU2R2JmR3lRIiwiZXhwIjoxODAxMzExMzQyLCJpYXQiOjE3Njk3NzUzNDIsIm5iZiI6MTc2OTc3NTIyMiwib3JnIjoxLCJvbmx5Q2hhbm5lbHMiOlsic2xlLW1vZHVsZS1iYXNlc3lzdGVtMTUtc3A3LXVwZGF0ZXMteDg2XzY0Il19.NE7iEnrP7wOuxVnjGb4ybD3IYuNrCrrSnWFN9bABUtQ HTTP/1.1" 200 -
172.16.3.7 - - [30/Jan/2026:13:17:24 +0100] "GET /rhn/manager/download/sle-module-basesystem15-sp7-updates-x86_64/getPackage/NULL/47b7add303d4be6064f4fbb716edb3cd601bfaf87c5872131c057e6bc7a74124/libfreebl3-3.112.2-150400.3.60.1.x86_64.rpm?eyJhbGciOiJIUzI1NiJ9.eyJqdGkiOiJ3VVdNZ2s1ckhYWXJCSEU2R2JmR3lRIiwiZXhwIjoxODAxMzExMzQyLCJpYXQiOjE3Njk3NzUzNDIsIm5iZiI6MTc2OTc3NTIyMiwib3JnIjoxLCJvbmx5Q2hhbm5lbHMiOlsic2xlLW1vZHVsZS1iYXNlc3lzdGVtMTUtc3A3LXVwZGF0ZXMteDg2XzY0Il19.NE7iEnrP7wOuxVnjGb4ybD3IYuNrCrrSnWFN9bABUtQ HTTP/1.1" 200 466280
172.16.3.5 - - [30/Jan/2026:13:17:24 +0100] "GET /rhn/manager/api/auth/logout HTTP/1.1" 200 42
172.16.3.5 - - [30/Jan/2026:13:17:22 +0100] "GET /rhn/websocket/notifications HTTP/1.1" 101 -
172.16.3.7 - - [30/Jan/2026:13:17:24 +0100] "HEAD /rhn/manager/download/sle-module-basesystem15-sp7-updates-x86_64/getPackage/NULL/0b0c3ba14d7e8e192919f7a008aca5898850af93ea10ad092a03d1d896e8b198/liburing2-2.9-150700.10.3.1.x86_64.rpm?eyJhbGciOiJIUzI1NiJ9.eyJqdGkiOiJ3VVdNZ2s1ckhYWXJCSEU2R2JmR3lRIiwiZXhwIjoxODAxMzExMzQyLCJpYXQiOjE3Njk3NzUzNDIsIm5iZiI6MTc2OTc3NTIyMiwib3JnIjoxLCJvbmx5Q2hhbm5lbHMiOlsic2xlLW1vZHVsZS1iYXNlc3lzdGVtMTUtc3A3LXVwZGF0ZXMteDg2XzY0Il19.NE7iEnrP7wOuxVnjGb4ybD3IYuNrCrrSnWFN9bABUtQ HTTP/1.1" 200 -
172.16.3.7 - - [30/Jan/2026:13:17:24 +0100] "GET /rhn/manager/download/sle-module-basesystem15-sp7-updates-x86_64/getPackage/NULL/0b0c3ba14d7e8e192919f7a008aca5898850af93ea10ad092a03d1d896e8b198/liburing2-2.9-150700.10.3.1.x86_64.rpm?eyJhbGciOiJIUzI1NiJ9.eyJqdGkiOiJ3VVdNZ2s1ckhYWXJCSEU2R2JmR3lRIiwiZXhwIjoxODAxMzExMzQyLCJpYXQiOjE3Njk3NzUzNDIsIm5iZiI6MTc2OTc3NTIyMiwib3JnIjoxLCJvbmx5Q2hhbm5lbHMiOlsic2xlLW1vZHVsZS1iYXNlc3lzdGVtMTUtc3A3LXVwZGF0ZXMteDg2XzY0Il19.NE7iEnrP7wOuxVnjGb4ybD3IYuNrCrrSnWFN9bABUtQ HTTP/1.1" 200 41932
172.16.3.7 - - [30/Jan/2026:13:17:24 +0100] "HEAD /rhn/manager/download/sle-module-basesystem15-sp7-updates-x86_64/getPackage/NULL/e50fa44f386a0944ac3337000850e4ba302d99e288886da95ca55783ca946d1b/libmpath0-0.10.5+198+suse.5875f383-150700.3.6.1.x86_64.rpm?eyJhbGciOiJIUzI1NiJ9.eyJqdGkiOiJ3VVdNZ2s1ckhYWXJCSEU2R2JmR3lRIiwiZXhwIjoxODAxMzExMzQyLCJpYXQiOjE3Njk3NzUzNDIsIm5iZiI6MTc2OTc3NTIyMiwib3JnIjoxLCJvbmx5Q2hhbm5lbHMiOlsic2xlLW1vZHVsZS1iYXNlc3lzdGVtMTUtc3A3LXVwZGF0ZXMteDg2XzY0Il19.NE7iEnrP7wOuxVnjGb4ybD3IYuNrCrrSnWFN9bABUtQ HTTP/1.1" 200 -
172.16.3.7 - - [30/Jan/2026:13:17:24 +0100] "GET /rhn/manager/download/sle-module-basesystem15-sp7-updates-x86_64/getPackage/NULL/e50fa44f386a0944ac3337000850e4ba302d99e288886da95ca55783ca946d1b/libmpath0-0.10.5+198+suse.5875f383-150700.3.6.1.x86_64.rpm?eyJhbGciOiJIUzI1NiJ9.eyJqdGkiOiJ3VVdNZ2s1ckhYWXJCSEU2R2JmR3lRIiwiZXhwIjoxODAxMzExMzQyLCJpYXQiOjE3Njk3NzUzNDIsIm5iZiI6MTc2OTc3NTIyMiwib3JnIjoxLCJvbmx5Q2hhbm5lbHMiOlsic2xlLW1vZHVsZS1iYXNlc3lzdGVtMTUtc3A3LXVwZGF0ZXMteDg2XzY0Il19.NE7iEnrP7wOuxVnjGb4ybD3IYuNrCrrSnWFN9bABUtQ HTTP/1.1" 200 326388
172.16.3.7 - - [30/Jan/2026:13:17:24 +0100] "HEAD /rhn/manager/download/sle-module-basesystem15-sp7-updates-x86_64/getPackage/NULL/432c0a790a3742444070109a635f958492c6bd596c08b17825f17a94af7bf2af/multipath-tools-0.10.5+198+suse.5875f383-150700.3.6.1.x86_64.rpm?eyJhbGciOiJIUzI1NiJ9.eyJqdGkiOiJ3VVdNZ2s1ckhYWXJCSEU2R2JmR3lRIiwiZXhwIjoxODAxMzExMzQyLCJpYXQiOjE3Njk3NzUzNDIsIm5iZiI6MTc2OTc3NTIyMiwib3JnIjoxLCJvbmx5Q2hhbm5lbHMiOlsic2xlLW1vZHVsZS1iYXNlc3lzdGVtMTUtc3A3LXVwZGF0ZXMteDg2XzY0Il19.NE7iEnrP7wOuxVnjGb4ybD3IYuNrCrrSnWFN9bABUtQ HTTP/1.1" 200 -
172.16.3.7 - - [30/Jan/2026:13:17:24 +0100] "GET /rhn/manager/download/sle-module-basesystem15-sp7-updates-x86_64/getPackage/NULL/432c0a790a3742444070109a635f958492c6bd596c08b17825f17a94af7bf2af/multipath-tools-0.10.5+198+suse.5875f383-150700.3.6.1.x86_64.rpm?eyJhbGciOiJIUzI1NiJ9.eyJqdGkiOiJ3VVdNZ2s1ckhYWXJCSEU2R2JmR3lRIiwiZXhwIjoxODAxMzExMzQyLCJpYXQiOjE3Njk3NzUzNDIsIm5iZiI6MTc2OTc3NTIyMiwib3JnIjoxLCJvbmx5Q2hhbm5lbHMiOlsic2xlLW1vZHVsZS1iYXNlc3lzdGVtMTUtc3A3LXVwZGF0ZXMteDg2XzY0Il19.NE7iEnrP7wOuxVnjGb4ybD3IYuNrCrrSnWFN9bABUtQ HTTP/1.1" 200 235296
172.16.3.7 - - [30/Jan/2026:13:17:25 +0100] "HEAD /rhn/manager/download/sle-module-basesystem15-sp7-updates-x86_64/getPackage/NULL/8e6807c8f2e54024192f700634585e1e9d3a0a7512930e8a3654ab680e9c989d/checkmedia-6.5-150600.3.3.1.x86_64.rpm?eyJhbGciOiJIUzI1NiJ9.eyJqdGkiOiJ3VVdNZ2s1ckhYWXJCSEU2R2JmR3lRIiwiZXhwIjoxODAxMzExMzQyLCJpYXQiOjE3Njk3NzUzNDIsIm5iZiI6MTc2OTc3NTIyMiwib3JnIjoxLCJvbmx5Q2hhbm5lbHMiOlsic2xlLW1vZHVsZS1iYXNlc3lzdGVtMTUtc3A3LXVwZGF0ZXMteDg2XzY0Il19.NE7iEnrP7wOuxVnjGb4ybD3IYuNrCrrSnWFN9bABUtQ HTTP/1.1" 200 -
172.16.3.7 - - [30/Jan/2026:13:17:25 +0100] "GET /rhn/manager/download/sle-module-basesystem15-sp7-updates-x86_64/getPackage/NULL/8e6807c8f2e54024192f700634585e1e9d3a0a7512930e8a3654ab680e9c989d/checkmedia-6.5-150600.3.3.1.x86_64.rpm?eyJhbGciOiJIUzI1NiJ9.eyJqdGkiOiJ3VVdNZ2s1ckhYWXJCSEU2R2JmR3lRIiwiZXhwIjoxODAxMzExMzQyLCJpYXQiOjE3Njk3NzUzNDIsIm5iZiI6MTc2OTc3NTIyMiwib3JnIjoxLCJvbmx5Q2hhbm5lbHMiOlsic2xlLW1vZHVsZS1iYXNlc3lzdGVtMTUtc3A3LXVwZGF0ZXMteDg2XzY0Il19.NE7iEnrP7wOuxVnjGb4ybD3IYuNrCrrSnWFN9bABUtQ HTTP/1.1" 200 26944
172.16.3.7 - - [30/Jan/2026:13:17:25 +0100] "HEAD /rhn/manager/download/sle-module-basesystem15-sp7-updates-x86_64/getPackage/NULL/9f705e6c8aea3722e5b79c40e29f0f7f259bc53a59b2addf9b6b0764f4275ed1/mozilla-nss-3.112.2-150400.3.60.1.x86_64.rpm?eyJhbGciOiJIUzI1NiJ9.eyJqdGkiOiJ3VVdNZ2s1ckhYWXJCSEU2R2JmR3lRIiwiZXhwIjoxODAxMzExMzQyLCJpYXQiOjE3Njk3NzUzNDIsIm5iZiI6MTc2OTc3NTIyMiwib3JnIjoxLCJvbmx5Q2hhbm5lbHMiOlsic2xlLW1vZHVsZS1iYXNlc3lzdGVtMTUtc3A3LXVwZGF0ZXMteDg2XzY0Il19.NE7iEnrP7wOuxVnjGb4ybD3IYuNrCrrSnWFN9bABUtQ HTTP/1.1" 200 -
172.16.3.7 - - [30/Jan/2026:13:17:25 +0100] "GET /rhn/manager/download/sle-module-basesystem15-sp7-updates-x86_64/getPackage/NULL/9f705e6c8aea3722e5b79c40e29f0f7f259bc53a59b2addf9b6b0764f4275ed1/mozilla-nss-3.112.2-150400.3.60.1.x86_64.rpm?eyJhbGciOiJIUzI1NiJ9.eyJqdGkiOiJ3VVdNZ2s1ckhYWXJCSEU2R2JmR3lRIiwiZXhwIjoxODAxMzExMzQyLCJpYXQiOjE3Njk3NzUzNDIsIm5iZiI6MTc2OTc3NTIyMiwib3JnIjoxLCJvbmx5Q2hhbm5lbHMiOlsic2xlLW1vZHVsZS1iYXNlc3lzdGVtMTUtc3A3LXVwZGF0ZXMteDg2XzY0Il19.NE7iEnrP7wOuxVnjGb4ybD3IYuNrCrrSnWFN9bABUtQ HTTP/1.1" 200 831348
172.16.3.7 - - [30/Jan/2026:13:17:25 +0100] "HEAD /rhn/manager/download/sle-module-basesystem15-sp7-updates-x86_64/getPackage/NULL/8d01a476d927ab1a155d34a04811f4856e354cf399d9022c8f963758df2f672b/libsoftokn3-3.112.2-150400.3.60.1.x86_64.rpm?eyJhbGciOiJIUzI1NiJ9.eyJqdGkiOiJ3VVdNZ2s1ckhYWXJCSEU2R2JmR3lRIiwiZXhwIjoxODAxMzExMzQyLCJpYXQiOjE3Njk3NzUzNDIsIm5iZiI6MTc2OTc3NTIyMiwib3JnIjoxLCJvbmx5Q2hhbm5lbHMiOlsic2xlLW1vZHVsZS1iYXNlc3lzdGVtMTUtc3A3LXVwZGF0ZXMteDg2XzY0Il19.NE7iEnrP7wOuxVnjGb4ybD3IYuNrCrrSnWFN9bABUtQ HTTP/1.1" 200 -
172.16.3.7 - - [30/Jan/2026:13:17:25 +0100] "GET /rhn/manager/download/sle-module-basesystem15-sp7-updates-x86_64/getPackage/NULL/8d01a476d927ab1a155d34a04811f4856e354cf399d9022c8f963758df2f672b/libsoftokn3-3.112.2-150400.3.60.1.x86_64.rpm?eyJhbGciOiJIUzI1NiJ9.eyJqdGkiOiJ3VVdNZ2s1ckhYWXJCSEU2R2JmR3lRIiwiZXhwIjoxODAxMzExMzQyLCJpYXQiOjE3Njk3NzUzNDIsIm5iZiI6MTc2OTc3NTIyMiwib3JnIjoxLCJvbmx5Q2hhbm5lbHMiOlsic2xlLW1vZHVsZS1iYXNlc3lzdGVtMTUtc3A3LXVwZGF0ZXMteDg2XzY0Il19.NE7iEnrP7wOuxVnjGb4ybD3IYuNrCrrSnWFN9bABUtQ HTTP/1.1" 200 342328
172.16.3.5 - - [30/Jan/2026:13:17:24 +0100] "GET /rhn/systems/details/Overview.do?sid=1000010000 HTTP/1.1" 200 6719
172.16.3.7 - - [30/Jan/2026:13:17:25 +0100] "HEAD /rhn/manager/download/sle-module-basesystem15-sp7-updates-x86_64/getPackage/NULL/87470fd4b2c5b912bfca1e4499ccc5753b72f394afb07e8f7c150a692b5cb1e5/qemu-vmsr-helper-9.2.4-150700.3.11.1.x86_64.rpm?eyJhbGciOiJIUzI1NiJ9.eyJqdGkiOiJ3VVdNZ2s1ckhYWXJCSEU2R2JmR3lRIiwiZXhwIjoxODAxMzExMzQyLCJpYXQiOjE3Njk3NzUzNDIsIm5iZiI6MTc2OTc3NTIyMiwib3JnIjoxLCJvbmx5Q2hhbm5lbHMiOlsic2xlLW1vZHVsZS1iYXNlc3lzdGVtMTUtc3A3LXVwZGF0ZXMteDg2XzY0Il19.NE7iEnrP7wOuxVnjGb4ybD3IYuNrCrrSnWFN9bABUtQ HTTP/1.1" 200 -
172.16.3.5 - - [30/Jan/2026:13:17:24 +0100] "GET /rhn/websocket/notifications HTTP/1.1" 101 -
172.16.3.7 - - [30/Jan/2026:13:17:25 +0100] "GET /rhn/manager/download/sle-module-basesystem15-sp7-updates-x86_64/getPackage/NULL/87470fd4b2c5b912bfca1e4499ccc5753b72f394afb07e8f7c150a692b5cb1e5/qemu-vmsr-helper-9.2.4-150700.3.11.1.x86_64.rpm?eyJhbGciOiJIUzI1NiJ9.eyJqdGkiOiJ3VVdNZ2s1ckhYWXJCSEU2R2JmR3lRIiwiZXhwIjoxODAxMzExMzQyLCJpYXQiOjE3Njk3NzUzNDIsIm5iZiI6MTc2OTc3NTIyMiwib3JnIjoxLCJvbmx5Q2hhbm5lbHMiOlsic2xlLW1vZHVsZS1iYXNlc3lzdGVtMTUtc3A3LXVwZGF0ZXMteDg2XzY0Il19.NE7iEnrP7wOuxVnjGb4ybD3IYuNrCrrSnWFN9bABUtQ HTTP/1.1" 200 623408
172.16.3.7 - - [30/Jan/2026:13:17:25 +0100] "HEAD /rhn/manager/download/sle-module-basesystem15-sp7-updates-x86_64/getPackage/NULL/d5c02b30144790f206136fd03d0c9b6f1999b2dbe31411ddfcb710b27ddc00f7/qemu-img-9.2.4-150700.3.11.1.x86_64.rpm?eyJhbGciOiJIUzI1NiJ9.eyJqdGkiOiJ3VVdNZ2s1ckhYWXJCSEU2R2JmR3lRIiwiZXhwIjoxODAxMzExMzQyLCJpYXQiOjE3Njk3NzUzNDIsIm5iZiI6MTc2OTc3NTIyMiwib3JnIjoxLCJvbmx5Q2hhbm5lbHMiOlsic2xlLW1vZHVsZS1iYXNlc3lzdGVtMTUtc3A3LXVwZGF0ZXMteDg2XzY0Il19.NE7iEnrP7wOuxVnjGb4ybD3IYuNrCrrSnWFN9bABUtQ HTTP/1.1" 200 -
172.16.3.5 - - [30/Jan/2026:13:17:25 +0100] "POST /rhn/manager/frontend-log HTTP/1.1" 200 42
172.16.3.7 - - [30/Jan/2026:13:17:25 +0100] "GET /rhn/manager/download/sle-module-basesystem15-sp7-updates-x86_64/getPackage/NULL/d5c02b30144790f206136fd03d0c9b6f1999b2dbe31411ddfcb710b27ddc00f7/qemu-img-9.2.4-150700.3.11.1.x86_64.rpm?eyJhbGciOiJIUzI1NiJ9.eyJqdGkiOiJ3VVdNZ2s1ckhYWXJCSEU2R2JmR3lRIiwiZXhwIjoxODAxMzExMzQyLCJpYXQiOjE3Njk3NzUzNDIsIm5iZiI6MTc2OTc3NTIyMiwib3JnIjoxLCJvbmx5Q2hhbm5lbHMiOlsic2xlLW1vZHVsZS1iYXNlc3lzdGVtMTUtc3A3LXVwZGF0ZXMteDg2XzY0Il19.NE7iEnrP7wOuxVnjGb4ybD3IYuNrCrrSnWFN9bABUtQ HTTP/1.1" 200 2214236
172.16.3.7 - - [30/Jan/2026:13:17:25 +0100] "HEAD /rhn/manager/download/sle-module-basesystem15-sp7-updates-x86_64/getPackage/NULL/d14f5ff28a44ca717e068040f2bfe0a2634cb471c66563b042d92dc32a5c9425/qemu-pr-helper-9.2.4-150700.3.11.1.x86_64.rpm?eyJhbGciOiJIUzI1NiJ9.eyJqdGkiOiJ3VVdNZ2s1ckhYWXJCSEU2R2JmR3lRIiwiZXhwIjoxODAxMzExMzQyLCJpYXQiOjE3Njk3NzUzNDIsIm5iZiI6MTc2OTc3NTIyMiwib3JnIjoxLCJvbmx5Q2hhbm5lbHMiOlsic2xlLW1vZHVsZS1iYXNlc3lzdGVtMTUtc3A3LXVwZGF0ZXMteDg2XzY0Il19.NE7iEnrP7wOuxVnjGb4ybD3IYuNrCrrSnWFN9bABUtQ HTTP/1.1" 200 -
172.16.3.5 - - [30/Jan/2026:13:17:25 +0100] "POST /rhn/manager/frontend-log HTTP/1.1" 200 42
172.16.3.7 - - [30/Jan/2026:13:17:25 +0100] "GET /rhn/manager/download/sle-module-basesystem15-sp7-updates-x86_64/getPackage/NULL/d14f5ff28a44ca717e068040f2bfe0a2634cb471c66563b042d92dc32a5c9425/qemu-pr-helper-9.2.4-150700.3.11.1.x86_64.rpm?eyJhbGciOiJIUzI1NiJ9.eyJqdGkiOiJ3VVdNZ2s1ckhYWXJCSEU2R2JmR3lRIiwiZXhwIjoxODAxMzExMzQyLCJpYXQiOjE3Njk3NzUzNDIsIm5iZiI6MTc2OTc3NTIyMiwib3JnIjoxLCJvbmx5Q2hhbm5lbHMiOlsic2xlLW1vZHVsZS1iYXNlc3lzdGVtMTUtc3A3LXVwZGF0ZXMteDg2XzY0Il19.NE7iEnrP7wOuxVnjGb4ybD3IYuNrCrrSnWFN9bABUtQ HTTP/1.1" 200 632680
172.16.3.7 - - [30/Jan/2026:13:17:25 +0100] "HEAD /rhn/manager/download/sle-module-basesystem15-sp7-updates-x86_64/getPackage/NULL/738f859b9cb569eee2b02a29d7da5239c2e432b3f979cc3ddc4733a5f97459f9/mozilla-nss-sysinit-3.112.2-150400.3.60.1.x86_64.rpm?eyJhbGciOiJIUzI1NiJ9.eyJqdGkiOiJ3VVdNZ2s1ckhYWXJCSEU2R2JmR3lRIiwiZXhwIjoxODAxMzExMzQyLCJpYXQiOjE3Njk3NzUzNDIsIm5iZiI6MTc2OTc3NTIyMiwib3JnIjoxLCJvbmx5Q2hhbm5lbHMiOlsic2xlLW1vZHVsZS1iYXNlc3lzdGVtMTUtc3A3LXVwZGF0ZXMteDg2XzY0Il19.NE7iEnrP7wOuxVnjGb4ybD3IYuNrCrrSnWFN9bABUtQ HTTP/1.1" 200 -
172.16.3.7 - - [30/Jan/2026:13:17:25 +0100] "GET /rhn/manager/download/sle-module-basesystem15-sp7-updates-x86_64/getPackage/NULL/738f859b9cb569eee2b02a29d7da5239c2e432b3f979cc3ddc4733a5f97459f9/mozilla-nss-sysinit-3.112.2-150400.3.60.1.x86_64.rpm?eyJhbGciOiJIUzI1NiJ9.eyJqdGkiOiJ3VVdNZ2s1ckhYWXJCSEU2R2JmR3lRIiwiZXhwIjoxODAxMzExMzQyLCJpYXQiOjE3Njk3NzUzNDIsIm5iZiI6MTc2OTc3NTIyMiwib3JnIjoxLCJvbmx5Q2hhbm5lbHMiOlsic2xlLW1vZHVsZS1iYXNlc3lzdGVtMTUtc3A3LXVwZGF0ZXMteDg2XzY0Il19.NE7iEnrP7wOuxVnjGb4ybD3IYuNrCrrSnWFN9bABUtQ HTTP/1.1" 200 166196
172.16.3.7 - - [30/Jan/2026:13:17:25 +0100] "HEAD /rhn/manager/download/sle-module-basesystem15-sp7-updates-x86_64/getPackage/NULL/1f24620fdccc153ccf218e92d23cbe78097c1ca225f56db6865634bd89b5eebf/java-25-openjdk-headless-25.0.2.0-150700.15.7.1.x86_64.rpm?eyJhbGciOiJIUzI1NiJ9.eyJqdGkiOiJ3VVdNZ2s1ckhYWXJCSEU2R2JmR3lRIiwiZXhwIjoxODAxMzExMzQyLCJpYXQiOjE3Njk3NzUzNDIsIm5iZiI6MTc2OTc3NTIyMiwib3JnIjoxLCJvbmx5Q2hhbm5lbHMiOlsic2xlLW1vZHVsZS1iYXNlc3lzdGVtMTUtc3A3LXVwZGF0ZXMteDg2XzY0Il19.NE7iEnrP7wOuxVnjGb4ybD3IYuNrCrrSnWFN9bABUtQ HTTP/1.1" 200 -
172.16.3.7 - - [30/Jan/2026:13:17:25 +0100] "GET /rhn/manager/download/sle-module-basesystem15-sp7-updates-x86_64/getPackage/NULL/1f24620fdccc153ccf218e92d23cbe78097c1ca225f56db6865634bd89b5eebf/java-25-openjdk-headless-25.0.2.0-150700.15.7.1.x86_64.rpm?eyJhbGciOiJIUzI1NiJ9.eyJqdGkiOiJ3VVdNZ2s1ckhYWXJCSEU2R2JmR3lRIiwiZXhwIjoxODAxMzExMzQyLCJpYXQiOjE3Njk3NzUzNDIsIm5iZiI6MTc2OTc3NTIyMiwib3JnIjoxLCJvbmx5Q2hhbm5lbHMiOlsic2xlLW1vZHVsZS1iYXNlc3lzdGVtMTUtc3A3LXVwZGF0ZXMteDg2XzY0Il19.NE7iEnrP7wOuxVnjGb4ybD3IYuNrCrrSnWFN9bABUtQ HTTP/1.1" 200 54771864
172.16.3.5 - - [30/Jan/2026:13:17:25 +0100] "GET /rhn/systems/details/Overview.do?sid=1000010000& HTTP/1.1" 200 6719
172.16.3.5 - - [30/Jan/2026:13:17:25 +0100] "GET /img/favicon.ico?q=0.9695746157672207 HTTP/1.1" 200 1150
172.16.3.5 - - [30/Jan/2026:13:17:25 +0100] "POST /rhn/manager/frontend-log HTTP/1.1" 200 42
172.16.3.5 - - [30/Jan/2026:13:17:25 +0100] "GET /rhn/websocket/notifications HTTP/1.1" 101 -
172.16.3.5 - - [30/Jan/2026:13:17:26 +0100] "GET /rhn/systems/details/ProxyClients.do?sid=1000010000& HTTP/1.1" 200 7828
172.16.3.5 - - [30/Jan/2026:13:17:26 +0100] "GET /img/favicon.ico?q=0.11894775295573301 HTTP/1.1" 200 1150
172.16.3.5 - - [30/Jan/2026:13:17:26 +0100] "POST /rhn/manager/frontend-log HTTP/1.1" 200 42
172.16.3.7 - - [30/Jan/2026:13:17:26 +0100] "HEAD /rhn/manager/download/sle-module-devtools15-sp7-pool-x86_64/getPackage/NULL/6897117f6b619a7cb05a423a64ba8a3ffa40a16576c2e84585781205c55d6f2e/kiwi-boot-descriptions-1.2.0-2.51.x86_64.rpm?eyJhbGciOiJIUzI1NiJ9.eyJqdGkiOiJhdUR3eFE1cU5UdlR3Y21QMWN4S2dBIiwiZXhwIjoxODAxMzExMzQyLCJpYXQiOjE3Njk3NzUzNDIsIm5iZiI6MTc2OTc3NTIyMiwib3JnIjoxLCJvbmx5Q2hhbm5lbHMiOlsic2xlLW1vZHVsZS1kZXZ0b29sczE1LXNwNy1wb29sLXg4Nl82NCJdfQ.zmcRFrhb-RHHl6Qw8CqYtHYjk7Nv1aQcKfYU3efbfcc HTTP/1.1" 200 -
172.16.3.7 - - [30/Jan/2026:13:17:26 +0100] "GET /rhn/manager/download/sle-module-devtools15-sp7-pool-x86_64/getPackage/NULL/6897117f6b619a7cb05a423a64ba8a3ffa40a16576c2e84585781205c55d6f2e/kiwi-boot-descriptions-1.2.0-2.51.x86_64.rpm?eyJhbGciOiJIUzI1NiJ9.eyJqdGkiOiJhdUR3eFE1cU5UdlR3Y21QMWN4S2dBIiwiZXhwIjoxODAxMzExMzQyLCJpYXQiOjE3Njk3NzUzNDIsIm5iZiI6MTc2OTc3NTIyMiwib3JnIjoxLCJvbmx5Q2hhbm5lbHMiOlsic2xlLW1vZHVsZS1kZXZ0b29sczE1LXNwNy1wb29sLXg4Nl82NCJdfQ.zmcRFrhb-RHHl6Qw8CqYtHYjk7Nv1aQcKfYU3efbfcc HTTP/1.1" 200 348928
172.16.3.7 - - [30/Jan/2026:13:17:26 +0100] "HEAD /rhn/manager/download/sle-module-devtools15-sp7-pool-x86_64/getPackage/NULL/6c26d47ddc7d3d11b1c20fe63aee583129bd751f3b3bafbee3c9f1906c8f055a/relaxngDatatype-2011.1-150200.10.4.4.noarch.rpm?eyJhbGciOiJIUzI1NiJ9.eyJqdGkiOiJhdUR3eFE1cU5UdlR3Y21QMWN4S2dBIiwiZXhwIjoxODAxMzExMzQyLCJpYXQiOjE3Njk3NzUzNDIsIm5iZiI6MTc2OTc3NTIyMiwib3JnIjoxLCJvbmx5Q2hhbm5lbHMiOlsic2xlLW1vZHVsZS1kZXZ0b29sczE1LXNwNy1wb29sLXg4Nl82NCJdfQ.zmcRFrhb-RHHl6Qw8CqYtHYjk7Nv1aQcKfYU3efbfcc HTTP/1.1" 200 -
172.16.3.7 - - [30/Jan/2026:13:17:26 +0100] "GET /rhn/manager/download/sle-module-devtools15-sp7-pool-x86_64/getPackage/NULL/6c26d47ddc7d3d11b1c20fe63aee583129bd751f3b3bafbee3c9f1906c8f055a/relaxngDatatype-2011.1-150200.10.4.4.noarch.rpm?eyJhbGciOiJIUzI1NiJ9.eyJqdGkiOiJhdUR3eFE1cU5UdlR3Y21QMWN4S2dBIiwiZXhwIjoxODAxMzExMzQyLCJpYXQiOjE3Njk3NzUzNDIsIm5iZiI6MTc2OTc3NTIyMiwib3JnIjoxLCJvbmx5Q2hhbm5lbHMiOlsic2xlLW1vZHVsZS1kZXZ0b29sczE1LXNwNy1wb29sLXg4Nl82NCJdfQ.zmcRFrhb-RHHl6Qw8CqYtHYjk7Nv1aQcKfYU3efbfcc HTTP/1.1" 200 22828
172.16.3.7 - - [30/Jan/2026:13:17:26 +0100] "HEAD /rhn/manager/download/sle-module-devtools15-sp7-updates-x86_64/getPackage/NULL/a0bbcc4bfb33c66319647a8d0dde7d5a8c76d402839cf950c5adb1761f133268/appx-util-0.5-150600.13.3.2.x86_64.rpm?eyJhbGciOiJIUzI1NiJ9.eyJqdGkiOiIyWml4YnJkdzFFV0hjeVBaV3phbkJ3IiwiZXhwIjoxODAxMzExMzQyLCJpYXQiOjE3Njk3NzUzNDIsIm5iZiI6MTc2OTc3NTIyMiwib3JnIjoxLCJvbmx5Q2hhbm5lbHMiOlsic2xlLW1vZHVsZS1kZXZ0b29sczE1LXNwNy11cGRhdGVzLXg4Nl82NCJdfQ.7jghr_vAqYpKTDIkYBs6_FWyBc1n-8ZepWDMfIoyZnU HTTP/1.1" 200 -
172.16.3.7 - - [30/Jan/2026:13:17:26 +0100] "GET /rhn/manager/download/sle-module-devtools15-sp7-updates-x86_64/getPackage/NULL/a0bbcc4bfb33c66319647a8d0dde7d5a8c76d402839cf950c5adb1761f133268/appx-util-0.5-150600.13.3.2.x86_64.rpm?eyJhbGciOiJIUzI1NiJ9.eyJqdGkiOiIyWml4YnJkdzFFV0hjeVBaV3phbkJ3IiwiZXhwIjoxODAxMzExMzQyLCJpYXQiOjE3Njk3NzUzNDIsIm5iZiI6MTc2OTc3NTIyMiwib3JnIjoxLCJvbmx5Q2hhbm5lbHMiOlsic2xlLW1vZHVsZS1kZXZ0b29sczE1LXNwNy11cGRhdGVzLXg4Nl82NCJdfQ.7jghr_vAqYpKTDIkYBs6_FWyBc1n-8ZepWDMfIoyZnU HTTP/1.1" 200 58484
172.16.3.7 - - [30/Jan/2026:13:17:26 +0100] "HEAD /rhn/manager/download/sle-module-devtools15-sp7-updates-x86_64/getPackage/NULL/8c2d4ad159d3695d1e654d81d50d3a3db9443a7f57cf4c3947e5ac0d41071aa3/kiwi-man-pages-10.2.33-150600.14.10.2.x86_64.rpm?eyJhbGciOiJIUzI1NiJ9.eyJqdGkiOiIyWml4YnJkdzFFV0hjeVBaV3phbkJ3IiwiZXhwIjoxODAxMzExMzQyLCJpYXQiOjE3Njk3NzUzNDIsIm5iZiI6MTc2OTc3NTIyMiwib3JnIjoxLCJvbmx5Q2hhbm5lbHMiOlsic2xlLW1vZHVsZS1kZXZ0b29sczE1LXNwNy11cGRhdGVzLXg4Nl82NCJdfQ.7jghr_vAqYpKTDIkYBs6_FWyBc1n-8ZepWDMfIoyZnU HTTP/1.1" 200 -
172.16.3.7 - - [30/Jan/2026:13:17:26 +0100] "GET /rhn/manager/download/sle-module-devtools15-sp7-updates-x86_64/getPackage/NULL/8c2d4ad159d3695d1e654d81d50d3a3db9443a7f57cf4c3947e5ac0d41071aa3/kiwi-man-pages-10.2.33-150600.14.10.2.x86_64.rpm?eyJhbGciOiJIUzI1NiJ9.eyJqdGkiOiIyWml4YnJkdzFFV0hjeVBaV3phbkJ3IiwiZXhwIjoxODAxMzExMzQyLCJpYXQiOjE3Njk3NzUzNDIsIm5iZiI6MTc2OTc3NTIyMiwib3JnIjoxLCJvbmx5Q2hhbm5lbHMiOlsic2xlLW1vZHVsZS1kZXZ0b29sczE1LXNwNy11cGRhdGVzLXg4Nl82NCJdfQ.7jghr_vAqYpKTDIkYBs6_FWyBc1n-8ZepWDMfIoyZnU HTTP/1.1" 200 425488
172.16.3.7 - - [30/Jan/2026:13:17:26 +0100] "HEAD /rhn/manager/download/sle-module-devtools15-sp7-updates-x86_64/getPackage/NULL/3d5f65669e9439489ebe11e66005daced1b9f879ee5fc5cc8f27beffb74aa0bb/kiwi-systemdeps-core-10.2.33-150600.14.10.2.x86_64.rpm?eyJhbGciOiJIUzI1NiJ9.eyJqdGkiOiIyWml4YnJkdzFFV0hjeVBaV3phbkJ3IiwiZXhwIjoxODAxMzExMzQyLCJpYXQiOjE3Njk3NzUzNDIsIm5iZiI6MTc2OTc3NTIyMiwib3JnIjoxLCJvbmx5Q2hhbm5lbHMiOlsic2xlLW1vZHVsZS1kZXZ0b29sczE1LXNwNy11cGRhdGVzLXg4Nl82NCJdfQ.7jghr_vAqYpKTDIkYBs6_FWyBc1n-8ZepWDMfIoyZnU HTTP/1.1" 200 -
172.16.3.7 - - [30/Jan/2026:13:17:27 +0100] "GET /rhn/manager/download/sle-module-devtools15-sp7-updates-x86_64/getPackage/NULL/3d5f65669e9439489ebe11e66005daced1b9f879ee5fc5cc8f27beffb74aa0bb/kiwi-systemdeps-core-10.2.33-150600.14.10.2.x86_64.rpm?eyJhbGciOiJIUzI1NiJ9.eyJqdGkiOiIyWml4YnJkdzFFV0hjeVBaV3phbkJ3IiwiZXhwIjoxODAxMzExMzQyLCJpYXQiOjE3Njk3NzUzNDIsIm5iZiI6MTc2OTc3NTIyMiwib3JnIjoxLCJvbmx5Q2hhbm5lbHMiOlsic2xlLW1vZHVsZS1kZXZ0b29sczE1LXNwNy11cGRhdGVzLXg4Nl82NCJdfQ.7jghr_vAqYpKTDIkYBs6_FWyBc1n-8ZepWDMfIoyZnU HTTP/1.1" 200 406396
172.16.3.7 - - [30/Jan/2026:13:17:27 +0100] "HEAD /rhn/manager/download/sle-module-devtools15-sp7-updates-x86_64/getPackage/NULL/91ac6ac8828900b90c3964440631c571877447426f7db4082751b2cb607ba448/kiwi-systemdeps-containers-10.2.33-150600.14.10.2.x86_64.rpm?eyJhbGciOiJIUzI1NiJ9.eyJqdGkiOiIyWml4YnJkdzFFV0hjeVBaV3phbkJ3IiwiZXhwIjoxODAxMzExMzQyLCJpYXQiOjE3Njk3NzUzNDIsIm5iZiI6MTc2OTc3NTIyMiwib3JnIjoxLCJvbmx5Q2hhbm5lbHMiOlsic2xlLW1vZHVsZS1kZXZ0b29sczE1LXNwNy11cGRhdGVzLXg4Nl82NCJdfQ.7jghr_vAqYpKTDIkYBs6_FWyBc1n-8ZepWDMfIoyZnU HTTP/1.1" 200 -
172.16.3.7 - - [30/Jan/2026:13:17:27 +0100] "GET /rhn/manager/download/sle-module-devtools15-sp7-updates-x86_64/getPackage/NULL/91ac6ac8828900b90c3964440631c571877447426f7db4082751b2cb607ba448/kiwi-systemdeps-containers-10.2.33-150600.14.10.2.x86_64.rpm?eyJhbGciOiJIUzI1NiJ9.eyJqdGkiOiIyWml4YnJkdzFFV0hjeVBaV3phbkJ3IiwiZXhwIjoxODAxMzExMzQyLCJpYXQiOjE3Njk3NzUzNDIsIm5iZiI6MTc2OTc3NTIyMiwib3JnIjoxLCJvbmx5Q2hhbm5lbHMiOlsic2xlLW1vZHVsZS1kZXZ0b29sczE1LXNwNy11cGRhdGVzLXg4Nl82NCJdfQ.7jghr_vAqYpKTDIkYBs6_FWyBc1n-8ZepWDMfIoyZnU HTTP/1.1" 200 406344
172.16.3.7 - - [30/Jan/2026:13:17:27 +0100] "HEAD /rhn/manager/download/sle-module-devtools15-sp7-updates-x86_64/getPackage/NULL/7322490b3934bb781126e895bef0ad00373b68dd97a1f117d89dc4b26b6fefbf/kiwi-systemdeps-containers-wsl-10.2.33-150600.14.10.2.x86_64.rpm?eyJhbGciOiJIUzI1NiJ9.eyJqdGkiOiIyWml4YnJkdzFFV0hjeVBaV3phbkJ3IiwiZXhwIjoxODAxMzExMzQyLCJpYXQiOjE3Njk3NzUzNDIsIm5iZiI6MTc2OTc3NTIyMiwib3JnIjoxLCJvbmx5Q2hhbm5lbHMiOlsic2xlLW1vZHVsZS1kZXZ0b29sczE1LXNwNy11cGRhdGVzLXg4Nl82NCJdfQ.7jghr_vAqYpKTDIkYBs6_FWyBc1n-8ZepWDMfIoyZnU HTTP/1.1" 200 -
172.16.3.7 - - [30/Jan/2026:13:17:27 +0100] "GET /rhn/manager/download/sle-module-devtools15-sp7-updates-x86_64/getPackage/NULL/7322490b3934bb781126e895bef0ad00373b68dd97a1f117d89dc4b26b6fefbf/kiwi-systemdeps-containers-wsl-10.2.33-150600.14.10.2.x86_64.rpm?eyJhbGciOiJIUzI1NiJ9.eyJqdGkiOiIyWml4YnJkdzFFV0hjeVBaV3phbkJ3IiwiZXhwIjoxODAxMzExMzQyLCJpYXQiOjE3Njk3NzUzNDIsIm5iZiI6MTc2OTc3NTIyMiwib3JnIjoxLCJvbmx5Q2hhbm5lbHMiOlsic2xlLW1vZHVsZS1kZXZ0b29sczE1LXNwNy11cGRhdGVzLXg4Nl82NCJdfQ.7jghr_vAqYpKTDIkYBs6_FWyBc1n-8ZepWDMfIoyZnU HTTP/1.1" 200 406344
172.16.3.7 - - [30/Jan/2026:13:17:27 +0100] "HEAD /rhn/manager/download/sle-module-devtools15-sp7-updates-x86_64/getPackage/NULL/1f61e60acbb76f9b2182fb96549d048c8c75c5e0fa1a2a903695bbc5b0a42a7e/kiwi-systemdeps-bootloaders-10.2.33-150600.14.10.2.x86_64.rpm?eyJhbGciOiJIUzI1NiJ9.eyJqdGkiOiIyWml4YnJkdzFFV0hjeVBaV3phbkJ3IiwiZXhwIjoxODAxMzExMzQyLCJpYXQiOjE3Njk3NzUzNDIsIm5iZiI6MTc2OTc3NTIyMiwib3JnIjoxLCJvbmx5Q2hhbm5lbHMiOlsic2xlLW1vZHVsZS1kZXZ0b29sczE1LXNwNy11cGRhdGVzLXg4Nl82NCJdfQ.7jghr_vAqYpKTDIkYBs6_FWyBc1n-8ZepWDMfIoyZnU HTTP/1.1" 200 -
172.16.3.5 - - [30/Jan/2026:13:17:27 +0100] "POST /rhn/manager/api/auth/login HTTP/1.1" 200 42
172.16.3.7 - - [30/Jan/2026:13:17:27 +0100] "GET /rhn/manager/download/sle-module-devtools15-sp7-updates-x86_64/getPackage/NULL/1f61e60acbb76f9b2182fb96549d048c8c75c5e0fa1a2a903695bbc5b0a42a7e/kiwi-systemdeps-bootloaders-10.2.33-150600.14.10.2.x86_64.rpm?eyJhbGciOiJIUzI1NiJ9.eyJqdGkiOiIyWml4YnJkdzFFV0hjeVBaV3phbkJ3IiwiZXhwIjoxODAxMzExMzQyLCJpYXQiOjE3Njk3NzUzNDIsIm5iZiI6MTc2OTc3NTIyMiwib3JnIjoxLCJvbmx5Q2hhbm5lbHMiOlsic2xlLW1vZHVsZS1kZXZ0b29sczE1LXNwNy11cGRhdGVzLXg4Nl82NCJdfQ.7jghr_vAqYpKTDIkYBs6_FWyBc1n-8ZepWDMfIoyZnU HTTP/1.1" 200 406280
172.16.3.7 - - [30/Jan/2026:13:17:27 +0100] "HEAD /rhn/manager/download/sle-module-python3-15-sp7-updates-x86_64/getPackage/NULL/b1e620ba6e3d8230a41ade06690793eafffb447c050312a744e4d0a0018e9a39/python311-cssselect-1.2.0-150400.12.6.2.noarch.rpm?eyJhbGciOiJIUzI1NiJ9.eyJqdGkiOiJaUnlWNzhySXJkYTM3a0tHUDVaOExRIiwiZXhwIjoxODAxMzExMzQyLCJpYXQiOjE3Njk3NzUzNDIsIm5iZiI6MTc2OTc3NTIyMiwib3JnIjoxLCJvbmx5Q2hhbm5lbHMiOlsic2xlLW1vZHVsZS1weXRob24zLTE1LXNwNy11cGRhdGVzLXg4Nl82NCJdfQ.ylM1-IZ02CZMWrHQfhbWdxQ07xHUV9QHReTc5GtqFpM HTTP/1.1" 200 -
172.16.3.7 - - [30/Jan/2026:13:17:27 +0100] "GET /rhn/manager/download/sle-module-python3-15-sp7-updates-x86_64/getPackage/NULL/b1e620ba6e3d8230a41ade06690793eafffb447c050312a744e4d0a0018e9a39/python311-cssselect-1.2.0-150400.12.6.2.noarch.rpm?eyJhbGciOiJIUzI1NiJ9.eyJqdGkiOiJaUnlWNzhySXJkYTM3a0tHUDVaOExRIiwiZXhwIjoxODAxMzExMzQyLCJpYXQiOjE3Njk3NzUzNDIsIm5iZiI6MTc2OTc3NTIyMiwib3JnIjoxLCJvbmx5Q2hhbm5lbHMiOlsic2xlLW1vZHVsZS1weXRob24zLTE1LXNwNy11cGRhdGVzLXg4Nl82NCJdfQ.ylM1-IZ02CZMWrHQfhbWdxQ07xHUV9QHReTc5GtqFpM HTTP/1.1" 200 57984
172.16.3.7 - - [30/Jan/2026:13:17:27 +0100] "HEAD /rhn/manager/download/sle-module-python3-15-sp7-updates-x86_64/getPackage/NULL/e5a591a8270d291e1371744440165fccb31398aee4740f8337b672b65bbc76ea/python311-solv-0.7.35-150700.11.5.2.x86_64.rpm?eyJhbGciOiJIUzI1NiJ9.eyJqdGkiOiJaUnlWNzhySXJkYTM3a0tHUDVaOExRIiwiZXhwIjoxODAxMzExMzQyLCJpYXQiOjE3Njk3NzUzNDIsIm5iZiI6MTc2OTc3NTIyMiwib3JnIjoxLCJvbmx5Q2hhbm5lbHMiOlsic2xlLW1vZHVsZS1weXRob24zLTE1LXNwNy11cGRhdGVzLXg4Nl82NCJdfQ.ylM1-IZ02CZMWrHQfhbWdxQ07xHUV9QHReTc5GtqFpM HTTP/1.1" 200 -
172.16.3.5 - - [30/Jan/2026:13:17:27 +0100] "POST /rhn/manager/api/system/searchByName HTTP/1.1" 200 153
172.16.3.7 - - [30/Jan/2026:13:17:27 +0100] "GET /rhn/manager/download/sle-module-python3-15-sp7-updates-x86_64/getPackage/NULL/e5a591a8270d291e1371744440165fccb31398aee4740f8337b672b65bbc76ea/python311-solv-0.7.35-150700.11.5.2.x86_64.rpm?eyJhbGciOiJIUzI1NiJ9.eyJqdGkiOiJaUnlWNzhySXJkYTM3a0tHUDVaOExRIiwiZXhwIjoxODAxMzExMzQyLCJpYXQiOjE3Njk3NzUzNDIsIm5iZiI6MTc2OTc3NTIyMiwib3JnIjoxLCJvbmx5Q2hhbm5lbHMiOlsic2xlLW1vZHVsZS1weXRob24zLTE1LXNwNy11cGRhdGVzLXg4Nl82NCJdfQ.ylM1-IZ02CZMWrHQfhbWdxQ07xHUV9QHReTc5GtqFpM HTTP/1.1" 200 496212
172.16.3.7 - - [30/Jan/2026:13:17:27 +0100] "HEAD /rhn/manager/download/sle-module-python3-15-sp7-updates-x86_64/getPackage/NULL/9ae96f8575fcde875d02b93b5f77c7940dfee5c18fa928b01c517038d21d4b48/python311-xmltodict-0.13.0-150600.3.7.2.noarch.rpm?eyJhbGciOiJIUzI1NiJ9.eyJqdGkiOiJaUnlWNzhySXJkYTM3a0tHUDVaOExRIiwiZXhwIjoxODAxMzExMzQyLCJpYXQiOjE3Njk3NzUzNDIsIm5iZiI6MTc2OTc3NTIyMiwib3JnIjoxLCJvbmx5Q2hhbm5lbHMiOlsic2xlLW1vZHVsZS1weXRob24zLTE1LXNwNy11cGRhdGVzLXg4Nl82NCJdfQ.ylM1-IZ02CZMWrHQfhbWdxQ07xHUV9QHReTc5GtqFpM HTTP/1.1" 200 -
172.16.3.7 - - [30/Jan/2026:13:17:27 +0100] "GET /rhn/manager/download/sle-module-python3-15-sp7-updates-x86_64/getPackage/NULL/9ae96f8575fcde875d02b93b5f77c7940dfee5c18fa928b01c517038d21d4b48/python311-xmltodict-0.13.0-150600.3.7.2.noarch.rpm?eyJhbGciOiJIUzI1NiJ9.eyJqdGkiOiJaUnlWNzhySXJkYTM3a0tHUDVaOExRIiwiZXhwIjoxODAxMzExMzQyLCJpYXQiOjE3Njk3NzUzNDIsIm5iZiI6MTc2OTc3NTIyMiwib3JnIjoxLCJvbmx5Q2hhbm5lbHMiOlsic2xlLW1vZHVsZS1weXRob24zLTE1LXNwNy11cGRhdGVzLXg4Nl82NCJdfQ.ylM1-IZ02CZMWrHQfhbWdxQ07xHUV9QHReTc5GtqFpM HTTP/1.1" 200 28812
172.16.3.7 - - [30/Jan/2026:13:17:27 +0100] "HEAD /rhn/manager/download/sle-module-python3-15-sp7-updates-x86_64/getPackage/NULL/dd10e37ea803e397c7d7cccac10c5a5904698067fa54e58513946c93c9853ee1/python311-docopt-0.6.2-150600.18.5.2.noarch.rpm?eyJhbGciOiJIUzI1NiJ9.eyJqdGkiOiJaUnlWNzhySXJkYTM3a0tHUDVaOExRIiwiZXhwIjoxODAxMzExMzQyLCJpYXQiOjE3Njk3NzUzNDIsIm5iZiI6MTc2OTc3NTIyMiwib3JnIjoxLCJvbmx5Q2hhbm5lbHMiOlsic2xlLW1vZHVsZS1weXRob24zLTE1LXNwNy11cGRhdGVzLXg4Nl82NCJdfQ.ylM1-IZ02CZMWrHQfhbWdxQ07xHUV9QHReTc5GtqFpM HTTP/1.1" 200 -
172.16.3.5 - - [30/Jan/2026:13:17:27 +0100] "GET /rhn/manager/api/auth/logout HTTP/1.1" 200 42
172.16.3.5 - - [30/Jan/2026:13:17:25 +0100] "GET /rhn/websocket/notifications HTTP/1.1" 101 -
172.16.3.7 - - [30/Jan/2026:13:17:27 +0100] "GET /rhn/manager/download/sle-module-python3-15-sp7-updates-x86_64/getPackage/NULL/dd10e37ea803e397c7d7cccac10c5a5904698067fa54e58513946c93c9853ee1/python311-docopt-0.6.2-150600.18.5.2.noarch.rpm?eyJhbGciOiJIUzI1NiJ9.eyJqdGkiOiJaUnlWNzhySXJkYTM3a0tHUDVaOExRIiwiZXhwIjoxODAxMzExMzQyLCJpYXQiOjE3Njk3NzUzNDIsIm5iZiI6MTc2OTc3NTIyMiwib3JnIjoxLCJvbmx5Q2hhbm5lbHMiOlsic2xlLW1vZHVsZS1weXRob24zLTE1LXNwNy11cGRhdGVzLXg4Nl82NCJdfQ.ylM1-IZ02CZMWrHQfhbWdxQ07xHUV9QHReTc5GtqFpM HTTP/1.1" 200 41556
172.16.3.7 - - [30/Jan/2026:13:17:27 +0100] "HEAD /rhn/manager/download/sle-module-python3-15-sp7-updates-x86_64/getPackage/NULL/55193cf8fe8f8faa4f23e6fe32769636d80427ab25f7cb3b908cc5bdb998384e/python311-simplejson-3.19.1-150400.6.10.2.x86_64.rpm?eyJhbGciOiJIUzI1NiJ9.eyJqdGkiOiJaUnlWNzhySXJkYTM3a0tHUDVaOExRIiwiZXhwIjoxODAxMzExMzQyLCJpYXQiOjE3Njk3NzUzNDIsIm5iZiI6MTc2OTc3NTIyMiwib3JnIjoxLCJvbmx5Q2hhbm5lbHMiOlsic2xlLW1vZHVsZS1weXRob24zLTE1LXNwNy11cGRhdGVzLXg4Nl82NCJdfQ.ylM1-IZ02CZMWrHQfhbWdxQ07xHUV9QHReTc5GtqFpM HTTP/1.1" 200 -
172.16.3.7 - - [30/Jan/2026:13:17:27 +0100] "GET /rhn/manager/download/sle-module-python3-15-sp7-updates-x86_64/getPackage/NULL/55193cf8fe8f8faa4f23e6fe32769636d80427ab25f7cb3b908cc5bdb998384e/python311-simplejson-3.19.1-150400.6.10.2.x86_64.rpm?eyJhbGciOiJIUzI1NiJ9.eyJqdGkiOiJaUnlWNzhySXJkYTM3a0tHUDVaOExRIiwiZXhwIjoxODAxMzExMzQyLCJpYXQiOjE3Njk3NzUzNDIsIm5iZiI6MTc2OTc3NTIyMiwib3JnIjoxLCJvbmx5Q2hhbm5lbHMiOlsic2xlLW1vZHVsZS1weXRob24zLTE1LXNwNy11cGRhdGVzLXg4Nl82NCJdfQ.ylM1-IZ02CZMWrHQfhbWdxQ07xHUV9QHReTc5GtqFpM HTTP/1.1" 200 86992
172.16.3.7 - - [30/Jan/2026:13:17:27 +0100] "HEAD /rhn/manager/download/sle-module-server-applications15-sp7-updates-x86_64/getPackage/NULL/67ab1146535e5889d302dc6d4d91106accc337901952ea3dd804cfd07b62f55f/qemu-block-curl-9.2.4-150700.3.11.1.x86_64.rpm?eyJhbGciOiJIUzI1NiJ9.eyJqdGkiOiJnbVgtTEhnSEdXYUhFX3JQcjdITUdnIiwiZXhwIjoxODAxMzExMzQyLCJpYXQiOjE3Njk3NzUzNDIsIm5iZiI6MTc2OTc3NTIyMiwib3JnIjoxLCJvbmx5Q2hhbm5lbHMiOlsic2xlLW1vZHVsZS1zZXJ2ZXItYXBwbGljYXRpb25zMTUtc3A3LXVwZGF0ZXMteDg2XzY0Il19.Q01JCUNDUdOaV2oKpZ-7QwMjjmO-hT2x_ZrhTxKWC_I HTTP/1.1" 200 -
172.16.3.7 - - [30/Jan/2026:13:17:27 +0100] "GET /rhn/manager/download/sle-module-server-applications15-sp7-updates-x86_64/getPackage/NULL/67ab1146535e5889d302dc6d4d91106accc337901952ea3dd804cfd07b62f55f/qemu-block-curl-9.2.4-150700.3.11.1.x86_64.rpm?eyJhbGciOiJIUzI1NiJ9.eyJqdGkiOiJnbVgtTEhnSEdXYUhFX3JQcjdITUdnIiwiZXhwIjoxODAxMzExMzQyLCJpYXQiOjE3Njk3NzUzNDIsIm5iZiI6MTc2OTc3NTIyMiwib3JnIjoxLCJvbmx5Q2hhbm5lbHMiOlsic2xlLW1vZHVsZS1zZXJ2ZXItYXBwbGljYXRpb25zMTUtc3A3LXVwZGF0ZXMteDg2XzY0Il19.Q01JCUNDUdOaV2oKpZ-7QwMjjmO-hT2x_ZrhTxKWC_I HTTP/1.1" 200 342604
172.16.3.7 - - [30/Jan/2026:13:17:27 +0100] "HEAD /rhn/manager/download/sle-module-server-applications15-sp7-pool-x86_64/getPackage/NULL/a95e37f048aeddf80632c7ecd223496256746715f959963faef35f21e6540f86/rdma-ndd-54.0-150700.1.9.x86_64.rpm?eyJhbGciOiJIUzI1NiJ9.eyJqdGkiOiJSZGJlMXRVSndPcWJjaVhZU3VtSFRRIiwiZXhwIjoxODAxMzExMzQyLCJpYXQiOjE3Njk3NzUzNDIsIm5iZiI6MTc2OTc3NTIyMiwib3JnIjoxLCJvbmx5Q2hhbm5lbHMiOlsic2xlLW1vZHVsZS1zZXJ2ZXItYXBwbGljYXRpb25zMTUtc3A3LXBvb2wteDg2XzY0Il19.zzarDTWU0AqbS1TypnEpN1CXdVeX6J2NmoLxogQsPJQ HTTP/1.1" 200 -
172.16.3.7 - - [30/Jan/2026:13:17:27 +0100] "GET /rhn/manager/download/sle-module-server-applications15-sp7-pool-x86_64/getPackage/NULL/a95e37f048aeddf80632c7ecd223496256746715f959963faef35f21e6540f86/rdma-ndd-54.0-150700.1.9.x86_64.rpm?eyJhbGciOiJIUzI1NiJ9.eyJqdGkiOiJSZGJlMXRVSndPcWJjaVhZU3VtSFRRIiwiZXhwIjoxODAxMzExMzQyLCJpYXQiOjE3Njk3NzUzNDIsIm5iZiI6MTc2OTc3NTIyMiwib3JnIjoxLCJvbmx5Q2hhbm5lbHMiOlsic2xlLW1vZHVsZS1zZXJ2ZXItYXBwbGljYXRpb25zMTUtc3A3LXBvb2wteDg2XzY0Il19.zzarDTWU0AqbS1TypnEpN1CXdVeX6J2NmoLxogQsPJQ HTTP/1.1" 200 38340
172.16.3.7 - - [30/Jan/2026:13:17:27 +0100] "HEAD /rhn/manager/download/sle-module-basesystem15-sp7-pool-x86_64/getPackage/NULL/29a4efb68059ae7bfa4359a4ba4cd132301e6ce4b41ba5e404b953e923177175/xml-commons-resolver-1.2-150200.3.4.3.noarch.rpm?eyJhbGciOiJIUzI1NiJ9.eyJqdGkiOiJsUHhOWFRNa1FXMXpPR3p0U25OMkt3IiwiZXhwIjoxODAxMzExMzQyLCJpYXQiOjE3Njk3NzUzNDIsIm5iZiI6MTc2OTc3NTIyMiwib3JnIjoxLCJvbmx5Q2hhbm5lbHMiOlsic2xlLW1vZHVsZS1iYXNlc3lzdGVtMTUtc3A3LXBvb2wteDg2XzY0Il19._oAVS2sRkdkNjNxOn4tTCtQJeZl8DjJWV_38nuXoBaA HTTP/1.1" 200 -
172.16.3.7 - - [30/Jan/2026:13:17:27 +0100] "GET /rhn/manager/download/sle-module-basesystem15-sp7-pool-x86_64/getPackage/NULL/29a4efb68059ae7bfa4359a4ba4cd132301e6ce4b41ba5e404b953e923177175/xml-commons-resolver-1.2-150200.3.4.3.noarch.rpm?eyJhbGciOiJIUzI1NiJ9.eyJqdGkiOiJsUHhOWFRNa1FXMXpPR3p0U25OMkt3IiwiZXhwIjoxODAxMzExMzQyLCJpYXQiOjE3Njk3NzUzNDIsIm5iZiI6MTc2OTc3NTIyMiwib3JnIjoxLCJvbmx5Q2hhbm5lbHMiOlsic2xlLW1vZHVsZS1iYXNlc3lzdGVtMTUtc3A3LXBvb2wteDg2XzY0Il19._oAVS2sRkdkNjNxOn4tTCtQJeZl8DjJWV_38nuXoBaA HTTP/1.1" 200 113728
172.16.3.7 - - [30/Jan/2026:13:17:27 +0100] "HEAD /rhn/manager/download/sle-module-basesystem15-sp7-pool-x86_64/getPackage/NULL/66e9fd54f6c3f34ed2c7bec94a0a890b86410dfd4a32f9597361cf88d06b27ca/xml-commons-apis-1.4.01-150200.3.4.3.noarch.rpm?eyJhbGciOiJIUzI1NiJ9.eyJqdGkiOiJsUHhOWFRNa1FXMXpPR3p0U25OMkt3IiwiZXhwIjoxODAxMzExMzQyLCJpYXQiOjE3Njk3NzUzNDIsIm5iZiI6MTc2OTc3NTIyMiwib3JnIjoxLCJvbmx5Q2hhbm5lbHMiOlsic2xlLW1vZHVsZS1iYXNlc3lzdGVtMTUtc3A3LXBvb2wteDg2XzY0Il19._oAVS2sRkdkNjNxOn4tTCtQJeZl8DjJWV_38nuXoBaA HTTP/1.1" 200 -
172.16.3.7 - - [30/Jan/2026:13:17:27 +0100] "GET /rhn/manager/download/sle-module-basesystem15-sp7-pool-x86_64/getPackage/NULL/66e9fd54f6c3f34ed2c7bec94a0a890b86410dfd4a32f9597361cf88d06b27ca/xml-commons-apis-1.4.01-150200.3.4.3.noarch.rpm?eyJhbGciOiJIUzI1NiJ9.eyJqdGkiOiJsUHhOWFRNa1FXMXpPR3p0U25OMkt3IiwiZXhwIjoxODAxMzExMzQyLCJpYXQiOjE3Njk3NzUzNDIsIm5iZiI6MTc2OTc3NTIyMiwib3JnIjoxLCJvbmx5Q2hhbm5lbHMiOlsic2xlLW1vZHVsZS1iYXNlc3lzdGVtMTUtc3A3LXBvb2wteDg2XzY0Il19._oAVS2sRkdkNjNxOn4tTCtQJeZl8DjJWV_38nuXoBaA HTTP/1.1" 200 238432
172.16.3.7 - - [30/Jan/2026:13:17:27 +0100] "HEAD /rhn/manager/download/sle-module-basesystem15-sp7-pool-x86_64/getPackage/NULL/5e2ff037017f9ba5d5a2df46ce618e97a4e3ff8d25d48b9d118d6c864e628ff1/bea-stax-api-1.2.0-150200.11.3.1.noarch.rpm?eyJhbGciOiJIUzI1NiJ9.eyJqdGkiOiJsUHhOWFRNa1FXMXpPR3p0U25OMkt3IiwiZXhwIjoxODAxMzExMzQyLCJpYXQiOjE3Njk3NzUzNDIsIm5iZiI6MTc2OTc3NTIyMiwib3JnIjoxLCJvbmx5Q2hhbm5lbHMiOlsic2xlLW1vZHVsZS1iYXNlc3lzdGVtMTUtc3A3LXBvb2wteDg2XzY0Il19._oAVS2sRkdkNjNxOn4tTCtQJeZl8DjJWV_38nuXoBaA HTTP/1.1" 200 -
172.16.3.7 - - [30/Jan/2026:13:17:27 +0100] "GET /rhn/manager/download/sle-module-basesystem15-sp7-pool-x86_64/getPackage/NULL/5e2ff037017f9ba5d5a2df46ce618e97a4e3ff8d25d48b9d118d6c864e628ff1/bea-stax-api-1.2.0-150200.11.3.1.noarch.rpm?eyJhbGciOiJIUzI1NiJ9.eyJqdGkiOiJsUHhOWFRNa1FXMXpPR3p0U25OMkt3IiwiZXhwIjoxODAxMzExMzQyLCJpYXQiOjE3Njk3NzUzNDIsIm5iZiI6MTc2OTc3NTIyMiwib3JnIjoxLCJvbmx5Q2hhbm5lbHMiOlsic2xlLW1vZHVsZS1iYXNlc3lzdGVtMTUtc3A3LXBvb2wteDg2XzY0Il19._oAVS2sRkdkNjNxOn4tTCtQJeZl8DjJWV_38nuXoBaA HTTP/1.1" 200 33824
172.16.3.7 - - [30/Jan/2026:13:17:27 +0100] "HEAD /rhn/manager/download/sle-module-basesystem15-sp7-pool-x86_64/getPackage/NULL/913a3ed1fc1a36303bcdb78a79291b7d55437e061e7d01720e2250d1d1380ed1/libibverbs1-54.0-150700.1.9.x86_64.rpm?eyJhbGciOiJIUzI1NiJ9.eyJqdGkiOiJsUHhOWFRNa1FXMXpPR3p0U25OMkt3IiwiZXhwIjoxODAxMzExMzQyLCJpYXQiOjE3Njk3NzUzNDIsIm5iZiI6MTc2OTc3NTIyMiwib3JnIjoxLCJvbmx5Q2hhbm5lbHMiOlsic2xlLW1vZHVsZS1iYXNlc3lzdGVtMTUtc3A3LXBvb2wteDg2XzY0Il19._oAVS2sRkdkNjNxOn4tTCtQJeZl8DjJWV_38nuXoBaA HTTP/1.1" 200 -
172.16.3.7 - - [30/Jan/2026:13:17:28 +0100] "GET /rhn/manager/download/sle-module-basesystem15-sp7-pool-x86_64/getPackage/NULL/913a3ed1fc1a36303bcdb78a79291b7d55437e061e7d01720e2250d1d1380ed1/libibverbs1-54.0-150700.1.9.x86_64.rpm?eyJhbGciOiJIUzI1NiJ9.eyJqdGkiOiJsUHhOWFRNa1FXMXpPR3p0U25OMkt3IiwiZXhwIjoxODAxMzExMzQyLCJpYXQiOjE3Njk3NzUzNDIsIm5iZiI6MTc2OTc3NTIyMiwib3JnIjoxLCJvbmx5Q2hhbm5lbHMiOlsic2xlLW1vZHVsZS1iYXNlc3lzdGVtMTUtc3A3LXBvb2wteDg2XzY0Il19._oAVS2sRkdkNjNxOn4tTCtQJeZl8DjJWV_38nuXoBaA HTTP/1.1" 200 78388
172.16.3.5 - - [30/Jan/2026:13:17:27 +0100] "GET /rhn/systems/details/Overview.do?sid=1000010001 HTTP/1.1" 200 7341
172.16.3.5 - - [30/Jan/2026:13:17:26 +0100] "GET /rhn/websocket/notifications HTTP/1.1" 101 -
172.16.3.7 - - [30/Jan/2026:13:17:28 +0100] "HEAD /rhn/manager/download/sle-module-basesystem15-sp7-pool-x86_64/getPackage/NULL/90c3ba036c0b5bddb458c688fb222afaa6e85ccc868fdcbcd5abab63d91d461b/libmlx5-1-54.0-150700.1.9.x86_64.rpm?eyJhbGciOiJIUzI1NiJ9.eyJqdGkiOiJsUHhOWFRNa1FXMXpPR3p0U25OMkt3IiwiZXhwIjoxODAxMzExMzQyLCJpYXQiOjE3Njk3NzUzNDIsIm5iZiI6MTc2OTc3NTIyMiwib3JnIjoxLCJvbmx5Q2hhbm5lbHMiOlsic2xlLW1vZHVsZS1iYXNlc3lzdGVtMTUtc3A3LXBvb2wteDg2XzY0Il19._oAVS2sRkdkNjNxOn4tTCtQJeZl8DjJWV_38nuXoBaA HTTP/1.1" 200 -
172.16.3.7 - - [30/Jan/2026:13:17:28 +0100] "GET /rhn/manager/download/sle-module-basesystem15-sp7-pool-x86_64/getPackage/NULL/90c3ba036c0b5bddb458c688fb222afaa6e85ccc868fdcbcd5abab63d91d461b/libmlx5-1-54.0-150700.1.9.x86_64.rpm?eyJhbGciOiJIUzI1NiJ9.eyJqdGkiOiJsUHhOWFRNa1FXMXpPR3p0U25OMkt3IiwiZXhwIjoxODAxMzExMzQyLCJpYXQiOjE3Njk3NzUzNDIsIm5iZiI6MTc2OTc3NTIyMiwib3JnIjoxLCJvbmx5Q2hhbm5lbHMiOlsic2xlLW1vZHVsZS1iYXNlc3lzdGVtMTUtc3A3LXBvb2wteDg2XzY0Il19._oAVS2sRkdkNjNxOn4tTCtQJeZl8DjJWV_38nuXoBaA HTTP/1.1" 200 213044
172.16.3.7 - - [30/Jan/2026:13:17:28 +0100] "HEAD /rhn/manager/download/sle-module-basesystem15-sp7-pool-x86_64/getPackage/NULL/9bbe9e61a0ee4046875eb9c0648612187b32937b342396ac07a259c661f3ca0e/xalan-j2-2.7.3-150200.11.7.1.noarch.rpm?eyJhbGciOiJIUzI1NiJ9.eyJqdGkiOiJsUHhOWFRNa1FXMXpPR3p0U25OMkt3IiwiZXhwIjoxODAxMzExMzQyLCJpYXQiOjE3Njk3NzUzNDIsIm5iZiI6MTc2OTc3NTIyMiwib3JnIjoxLCJvbmx5Q2hhbm5lbHMiOlsic2xlLW1vZHVsZS1iYXNlc3lzdGVtMTUtc3A3LXBvb2wteDg2XzY0Il19._oAVS2sRkdkNjNxOn4tTCtQJeZl8DjJWV_38nuXoBaA HTTP/1.1" 200 -
172.16.3.5 - - [30/Jan/2026:13:17:28 +0100] "POST /rhn/manager/frontend-log HTTP/1.1" 200 42
172.16.3.7 - - [30/Jan/2026:13:17:28 +0100] "GET /rhn/manager/download/sle-module-basesystem15-sp7-pool-x86_64/getPackage/NULL/9bbe9e61a0ee4046875eb9c0648612187b32937b342396ac07a259c661f3ca0e/xalan-j2-2.7.3-150200.11.7.1.noarch.rpm?eyJhbGciOiJIUzI1NiJ9.eyJqdGkiOiJsUHhOWFRNa1FXMXpPR3p0U25OMkt3IiwiZXhwIjoxODAxMzExMzQyLCJpYXQiOjE3Njk3NzUzNDIsIm5iZiI6MTc2OTc3NTIyMiwib3JnIjoxLCJvbmx5Q2hhbm5lbHMiOlsic2xlLW1vZHVsZS1iYXNlc3lzdGVtMTUtc3A3LXBvb2wteDg2XzY0Il19._oAVS2sRkdkNjNxOn4tTCtQJeZl8DjJWV_38nuXoBaA HTTP/1.1" 200 1954448
172.16.3.7 - - [30/Jan/2026:13:17:28 +0100] "HEAD /rhn/manager/download/sle-module-basesystem15-sp7-pool-x86_64/getPackage/NULL/3403b83b0ede1da28d40182ec4bcae00564389adcc98a4b334e823a1cec00fdf/xerces-j2-2.12.2-150200.3.10.2.noarch.rpm?eyJhbGciOiJIUzI1NiJ9.eyJqdGkiOiJsUHhOWFRNa1FXMXpPR3p0U25OMkt3IiwiZXhwIjoxODAxMzExMzQyLCJpYXQiOjE3Njk3NzUzNDIsIm5iZiI6MTc2OTc3NTIyMiwib3JnIjoxLCJvbmx5Q2hhbm5lbHMiOlsic2xlLW1vZHVsZS1iYXNlc3lzdGVtMTUtc3A3LXBvb2wteDg2XzY0Il19._oAVS2sRkdkNjNxOn4tTCtQJeZl8DjJWV_38nuXoBaA HTTP/1.1" 200 -
172.16.3.5 - - [30/Jan/2026:13:17:28 +0100] "POST /rhn/manager/frontend-log HTTP/1.1" 200 42
172.16.3.7 - - [30/Jan/2026:13:17:28 +0100] "GET /rhn/manager/download/sle-module-basesystem15-sp7-pool-x86_64/getPackage/NULL/3403b83b0ede1da28d40182ec4bcae00564389adcc98a4b334e823a1cec00fdf/xerces-j2-2.12.2-150200.3.10.2.noarch.rpm?eyJhbGciOiJIUzI1NiJ9.eyJqdGkiOiJsUHhOWFRNa1FXMXpPR3p0U25OMkt3IiwiZXhwIjoxODAxMzExMzQyLCJpYXQiOjE3Njk3NzUzNDIsIm5iZiI6MTc2OTc3NTIyMiwib3JnIjoxLCJvbmx5Q2hhbm5lbHMiOlsic2xlLW1vZHVsZS1iYXNlc3lzdGVtMTUtc3A3LXBvb2wteDg2XzY0Il19._oAVS2sRkdkNjNxOn4tTCtQJeZl8DjJWV_38nuXoBaA HTTP/1.1" 200 1293728
172.16.3.7 - - [30/Jan/2026:13:17:28 +0100] "HEAD /rhn/manager/download/sle-module-basesystem15-sp7-pool-x86_64/getPackage/NULL/69c2adcf3e22a483d01dc809644db379b278c5c9d26390d6d77d2d7046cc59cf/bea-stax-1.2.0-150200.11.3.1.noarch.rpm?eyJhbGciOiJIUzI1NiJ9.eyJqdGkiOiJsUHhOWFRNa1FXMXpPR3p0U25OMkt3IiwiZXhwIjoxODAxMzExMzQyLCJpYXQiOjE3Njk3NzUzNDIsIm5iZiI6MTc2OTc3NTIyMiwib3JnIjoxLCJvbmx5Q2hhbm5lbHMiOlsic2xlLW1vZHVsZS1iYXNlc3lzdGVtMTUtc3A3LXBvb2wteDg2XzY0Il19._oAVS2sRkdkNjNxOn4tTCtQJeZl8DjJWV_38nuXoBaA HTTP/1.1" 200 -
172.16.3.7 - - [30/Jan/2026:13:17:28 +0100] "GET /rhn/manager/download/sle-module-basesystem15-sp7-pool-x86_64/getPackage/NULL/69c2adcf3e22a483d01dc809644db379b278c5c9d26390d6d77d2d7046cc59cf/bea-stax-1.2.0-150200.11.3.1.noarch.rpm?eyJhbGciOiJIUzI1NiJ9.eyJqdGkiOiJsUHhOWFRNa1FXMXpPR3p0U25OMkt3IiwiZXhwIjoxODAxMzExMzQyLCJpYXQiOjE3Njk3NzUzNDIsIm5iZiI6MTc2OTc3NTIyMiwib3JnIjoxLCJvbmx5Q2hhbm5lbHMiOlsic2xlLW1vZHVsZS1iYXNlc3lzdGVtMTUtc3A3LXBvb2wteDg2XzY0Il19._oAVS2sRkdkNjNxOn4tTCtQJeZl8DjJWV_38nuXoBaA HTTP/1.1" 200 190460
172.16.3.7 - - [30/Jan/2026:13:17:28 +0100] "HEAD /rhn/manager/download/sle-module-basesystem15-sp7-pool-x86_64/getPackage/NULL/d830e5b9b7c17cec5c9ee49cd3fdc5141cd3c6f9e3b744d47024d22c52d8f1dc/libhns1-54.0-150700.1.9.x86_64.rpm?eyJhbGciOiJIUzI1NiJ9.eyJqdGkiOiJsUHhOWFRNa1FXMXpPR3p0U25OMkt3IiwiZXhwIjoxODAxMzExMzQyLCJpYXQiOjE3Njk3NzUzNDIsIm5iZiI6MTc2OTc3NTIyMiwib3JnIjoxLCJvbmx5Q2hhbm5lbHMiOlsic2xlLW1vZHVsZS1iYXNlc3lzdGVtMTUtc3A3LXBvb2wteDg2XzY0Il19._oAVS2sRkdkNjNxOn4tTCtQJeZl8DjJWV_38nuXoBaA HTTP/1.1" 200 -
172.16.3.7 - - [30/Jan/2026:13:17:28 +0100] "GET /rhn/manager/download/sle-module-basesystem15-sp7-pool-x86_64/getPackage/NULL/d830e5b9b7c17cec5c9ee49cd3fdc5141cd3c6f9e3b744d47024d22c52d8f1dc/libhns1-54.0-150700.1.9.x86_64.rpm?eyJhbGciOiJIUzI1NiJ9.eyJqdGkiOiJsUHhOWFRNa1FXMXpPR3p0U25OMkt3IiwiZXhwIjoxODAxMzExMzQyLCJpYXQiOjE3Njk3NzUzNDIsIm5iZiI6MTc2OTc3NTIyMiwib3JnIjoxLCJvbmx5Q2hhbm5lbHMiOlsic2xlLW1vZHVsZS1iYXNlc3lzdGVtMTUtc3A3LXBvb2wteDg2XzY0Il19._oAVS2sRkdkNjNxOn4tTCtQJeZl8DjJWV_38nuXoBaA HTTP/1.1" 200 54180
172.16.3.5 - - [30/Jan/2026:13:17:28 +0100] "POST /rhn/manager/api/auth/login HTTP/1.1" 200 42
172.16.3.7 - - [30/Jan/2026:13:17:28 +0100] "HEAD /rhn/manager/download/sle-module-basesystem15-sp7-pool-x86_64/getPackage/NULL/9d2d72466ba693ca70199e967539ef2e16f5b5642cc0c63624cc0553fa1fc165/libmlx4-1-54.0-150700.1.9.x86_64.rpm?eyJhbGciOiJIUzI1NiJ9.eyJqdGkiOiJsUHhOWFRNa1FXMXpPR3p0U25OMkt3IiwiZXhwIjoxODAxMzExMzQyLCJpYXQiOjE3Njk3NzUzNDIsIm5iZiI6MTc2OTc3NTIyMiwib3JnIjoxLCJvbmx5Q2hhbm5lbHMiOlsic2xlLW1vZHVsZS1iYXNlc3lzdGVtMTUtc3A3LXBvb2wteDg2XzY0Il19._oAVS2sRkdkNjNxOn4tTCtQJeZl8DjJWV_38nuXoBaA HTTP/1.1" 200 -
172.16.3.7 - - [30/Jan/2026:13:17:28 +0100] "GET /rhn/manager/download/sle-module-basesystem15-sp7-pool-x86_64/getPackage/NULL/9d2d72466ba693ca70199e967539ef2e16f5b5642cc0c63624cc0553fa1fc165/libmlx4-1-54.0-150700.1.9.x86_64.rpm?eyJhbGciOiJIUzI1NiJ9.eyJqdGkiOiJsUHhOWFRNa1FXMXpPR3p0U25OMkt3IiwiZXhwIjoxODAxMzExMzQyLCJpYXQiOjE3Njk3NzUzNDIsIm5iZiI6MTc2OTc3NTIyMiwib3JnIjoxLCJvbmx5Q2hhbm5lbHMiOlsic2xlLW1vZHVsZS1iYXNlc3lzdGVtMTUtc3A3LXBvb2wteDg2XzY0Il19._oAVS2sRkdkNjNxOn4tTCtQJeZl8DjJWV_38nuXoBaA HTTP/1.1" 200 47576
172.16.3.7 - - [30/Jan/2026:13:17:28 +0100] "HEAD /rhn/manager/download/sle-module-basesystem15-sp7-pool-x86_64/getPackage/NULL/bef522b4f3ae9a1f1507a195013856a633ba45e73d8b4a91d5cbf928bc2e0d36/libmana1-54.0-150700.1.9.x86_64.rpm?eyJhbGciOiJIUzI1NiJ9.eyJqdGkiOiJsUHhOWFRNa1FXMXpPR3p0U25OMkt3IiwiZXhwIjoxODAxMzExMzQyLCJpYXQiOjE3Njk3NzUzNDIsIm5iZiI6MTc2OTc3NTIyMiwib3JnIjoxLCJvbmx5Q2hhbm5lbHMiOlsic2xlLW1vZHVsZS1iYXNlc3lzdGVtMTUtc3A3LXBvb2wteDg2XzY0Il19._oAVS2sRkdkNjNxOn4tTCtQJeZl8DjJWV_38nuXoBaA HTTP/1.1" 200 -
172.16.3.7 - - [30/Jan/2026:13:17:28 +0100] "GET /rhn/manager/download/sle-module-basesystem15-sp7-pool-x86_64/getPackage/NULL/bef522b4f3ae9a1f1507a195013856a633ba45e73d8b4a91d5cbf928bc2e0d36/libmana1-54.0-150700.1.9.x86_64.rpm?eyJhbGciOiJIUzI1NiJ9.eyJqdGkiOiJsUHhOWFRNa1FXMXpPR3p0U25OMkt3IiwiZXhwIjoxODAxMzExMzQyLCJpYXQiOjE3Njk3NzUzNDIsIm5iZiI6MTc2OTc3NTIyMiwib3JnIjoxLCJvbmx5Q2hhbm5lbHMiOlsic2xlLW1vZHVsZS1iYXNlc3lzdGVtMTUtc3A3LXBvb2wteDg2XzY0Il19._oAVS2sRkdkNjNxOn4tTCtQJeZl8DjJWV_38nuXoBaA HTTP/1.1" 200 41040
172.16.3.5 - - [30/Jan/2026:13:17:28 +0100] "POST /rhn/manager/api/system/searchByName HTTP/1.1" 200 153
172.16.3.7 - - [30/Jan/2026:13:17:28 +0100] "HEAD /rhn/manager/download/sle-module-basesystem15-sp7-pool-x86_64/getPackage/NULL/071ec12b41f6b88b1cc371e31f69b4fb146e6170616ee6adf33f1a817d1526f5/libefa1-54.0-150700.1.9.x86_64.rpm?eyJhbGciOiJIUzI1NiJ9.eyJqdGkiOiJsUHhOWFRNa1FXMXpPR3p0U25OMkt3IiwiZXhwIjoxODAxMzExMzQyLCJpYXQiOjE3Njk3NzUzNDIsIm5iZiI6MTc2OTc3NTIyMiwib3JnIjoxLCJvbmx5Q2hhbm5lbHMiOlsic2xlLW1vZHVsZS1iYXNlc3lzdGVtMTUtc3A3LXBvb2wteDg2XzY0Il19._oAVS2sRkdkNjNxOn4tTCtQJeZl8DjJWV_38nuXoBaA HTTP/1.1" 200 -
172.16.3.7 - - [30/Jan/2026:13:17:28 +0100] "GET /rhn/manager/download/sle-module-basesystem15-sp7-pool-x86_64/getPackage/NULL/071ec12b41f6b88b1cc371e31f69b4fb146e6170616ee6adf33f1a817d1526f5/libefa1-54.0-150700.1.9.x86_64.rpm?eyJhbGciOiJIUzI1NiJ9.eyJqdGkiOiJsUHhOWFRNa1FXMXpPR3p0U25OMkt3IiwiZXhwIjoxODAxMzExMzQyLCJpYXQiOjE3Njk3NzUzNDIsIm5iZiI6MTc2OTc3NTIyMiwib3JnIjoxLCJvbmx5Q2hhbm5lbHMiOlsic2xlLW1vZHVsZS1iYXNlc3lzdGVtMTUtc3A3LXBvb2wteDg2XzY0Il19._oAVS2sRkdkNjNxOn4tTCtQJeZl8DjJWV_38nuXoBaA HTTP/1.1" 200 45156
172.16.3.7 - - [30/Jan/2026:13:17:28 +0100] "HEAD /rhn/manager/download/sle-module-basesystem15-sp7-pool-x86_64/getPackage/NULL/aea6db92173e4435a577a9d45db2d92885793bace007a83b6cc9ebf7966ea089/saxon9-9.4.0.7-150200.12.4.3.noarch.rpm?eyJhbGciOiJIUzI1NiJ9.eyJqdGkiOiJsUHhOWFRNa1FXMXpPR3p0U25OMkt3IiwiZXhwIjoxODAxMzExMzQyLCJpYXQiOjE3Njk3NzUzNDIsIm5iZiI6MTc2OTc3NTIyMiwib3JnIjoxLCJvbmx5Q2hhbm5lbHMiOlsic2xlLW1vZHVsZS1iYXNlc3lzdGVtMTUtc3A3LXBvb2wteDg2XzY0Il19._oAVS2sRkdkNjNxOn4tTCtQJeZl8DjJWV_38nuXoBaA HTTP/1.1" 200 -
