172.16.3.7 - - [30/Jan/2026:11:42:24 +0100] "HEAD /rhn/manager/download/sle-module-basesystem15-sp7-updates-x86_64/getPackage/NULL/87470fd4b2c5b912bfca1e4499ccc5753b72f394afb07e8f7c150a692b5cb1e5/qemu-vmsr-helper-9.2.4-150700.3.11.1.x86_64.rpm?eyJhbGciOiJIUzI1NiJ9.eyJqdGkiOiJvZ0JwMlQ2ZXhOa1FobUZGcEVWeEZnIiwiZXhwIjoxODAxMzA1NjM3LCJpYXQiOjE3Njk3Njk2MzcsIm5iZiI6MTc2OTc2OTUxNywib3JnIjoxLCJvbmx5Q2hhbm5lbHMiOlsic2xlLW1vZHVsZS1iYXNlc3lzdGVtMTUtc3A3LXVwZGF0ZXMteDg2XzY0Il19._8zSWa2DSTIs1eGO6EHolKa4glx2E9heMVGXTB0QpDA HTTP/1.1" 200 -
172.16.3.7 - - [30/Jan/2026:11:42:24 +0100] "GET /rhn/manager/download/sle-module-basesystem15-sp7-updates-x86_64/getPackage/NULL/87470fd4b2c5b912bfca1e4499ccc5753b72f394afb07e8f7c150a692b5cb1e5/qemu-vmsr-helper-9.2.4-150700.3.11.1.x86_64.rpm?eyJhbGciOiJIUzI1NiJ9.eyJqdGkiOiJvZ0JwMlQ2ZXhOa1FobUZGcEVWeEZnIiwiZXhwIjoxODAxMzA1NjM3LCJpYXQiOjE3Njk3Njk2MzcsIm5iZiI6MTc2OTc2OTUxNywib3JnIjoxLCJvbmx5Q2hhbm5lbHMiOlsic2xlLW1vZHVsZS1iYXNlc3lzdGVtMTUtc3A3LXVwZGF0ZXMteDg2XzY0Il19._8zSWa2DSTIs1eGO6EHolKa4glx2E9heMVGXTB0QpDA HTTP/1.1" 200 3664
172.16.3.7 - - [30/Jan/2026:11:42:24 +0100] "HEAD /rhn/manager/download/sle-module-basesystem15-sp7-updates-x86_64/getPackage/NULL/d5c02b30144790f206136fd03d0c9b6f1999b2dbe31411ddfcb710b27ddc00f7/qemu-img-9.2.4-150700.3.11.1.x86_64.rpm?eyJhbGciOiJIUzI1NiJ9.eyJqdGkiOiJvZ0JwMlQ2ZXhOa1FobUZGcEVWeEZnIiwiZXhwIjoxODAxMzA1NjM3LCJpYXQiOjE3Njk3Njk2MzcsIm5iZiI6MTc2OTc2OTUxNywib3JnIjoxLCJvbmx5Q2hhbm5lbHMiOlsic2xlLW1vZHVsZS1iYXNlc3lzdGVtMTUtc3A3LXVwZGF0ZXMteDg2XzY0Il19._8zSWa2DSTIs1eGO6EHolKa4glx2E9heMVGXTB0QpDA HTTP/1.1" 200 -
127.0.0.1 - - [30/Jan/2026:11:42:24 +0100] "GET /rhn/websocket/notifications HTTP/1.1" 101 -
172.16.3.5 - - [30/Jan/2026:11:42:24 +0100] "POST /rhn/manager/frontend-log HTTP/1.1" 200 16
172.16.3.5 - - [30/Jan/2026:11:42:24 +0100] "POST /rhn/manager/frontend-log HTTP/1.1" 200 16
172.16.3.7 - - [30/Jan/2026:11:42:24 +0100] "GET /rhn/manager/download/sle-module-basesystem15-sp7-updates-x86_64/getPackage/NULL/d5c02b30144790f206136fd03d0c9b6f1999b2dbe31411ddfcb710b27ddc00f7/qemu-img-9.2.4-150700.3.11.1.x86_64.rpm?eyJhbGciOiJIUzI1NiJ9.eyJqdGkiOiJvZ0JwMlQ2ZXhOa1FobUZGcEVWeEZnIiwiZXhwIjoxODAxMzA1NjM3LCJpYXQiOjE3Njk3Njk2MzcsIm5iZiI6MTc2OTc2OTUxNywib3JnIjoxLCJvbmx5Q2hhbm5lbHMiOlsic2xlLW1vZHVsZS1iYXNlc3lzdGVtMTUtc3A3LXVwZGF0ZXMteDg2XzY0Il19._8zSWa2DSTIs1eGO6EHolKa4glx2E9heMVGXTB0QpDA HTTP/1.1" 200 3664
172.16.3.7 - - [30/Jan/2026:11:42:24 +0100] "HEAD /rhn/manager/download/sle-module-basesystem15-sp7-updates-x86_64/getPackage/NULL/d14f5ff28a44ca717e068040f2bfe0a2634cb471c66563b042d92dc32a5c9425/qemu-pr-helper-9.2.4-150700.3.11.1.x86_64.rpm?eyJhbGciOiJIUzI1NiJ9.eyJqdGkiOiJvZ0JwMlQ2ZXhOa1FobUZGcEVWeEZnIiwiZXhwIjoxODAxMzA1NjM3LCJpYXQiOjE3Njk3Njk2MzcsIm5iZiI6MTc2OTc2OTUxNywib3JnIjoxLCJvbmx5Q2hhbm5lbHMiOlsic2xlLW1vZHVsZS1iYXNlc3lzdGVtMTUtc3A3LXVwZGF0ZXMteDg2XzY0Il19._8zSWa2DSTIs1eGO6EHolKa4glx2E9heMVGXTB0QpDA HTTP/1.1" 200 -
172.16.3.7 - - [30/Jan/2026:11:42:24 +0100] "GET /rhn/manager/download/sle-module-basesystem15-sp7-updates-x86_64/getPackage/NULL/d14f5ff28a44ca717e068040f2bfe0a2634cb471c66563b042d92dc32a5c9425/qemu-pr-helper-9.2.4-150700.3.11.1.x86_64.rpm?eyJhbGciOiJIUzI1NiJ9.eyJqdGkiOiJvZ0JwMlQ2ZXhOa1FobUZGcEVWeEZnIiwiZXhwIjoxODAxMzA1NjM3LCJpYXQiOjE3Njk3Njk2MzcsIm5iZiI6MTc2OTc2OTUxNywib3JnIjoxLCJvbmx5Q2hhbm5lbHMiOlsic2xlLW1vZHVsZS1iYXNlc3lzdGVtMTUtc3A3LXVwZGF0ZXMteDg2XzY0Il19._8zSWa2DSTIs1eGO6EHolKa4glx2E9heMVGXTB0QpDA HTTP/1.1" 200 3664
172.16.3.7 - - [30/Jan/2026:11:42:25 +0100] "HEAD /rhn/manager/download/sle-module-basesystem15-sp7-updates-x86_64/getPackage/NULL/738f859b9cb569eee2b02a29d7da5239c2e432b3f979cc3ddc4733a5f97459f9/mozilla-nss-sysinit-3.112.2-150400.3.60.1.x86_64.rpm?eyJhbGciOiJIUzI1NiJ9.eyJqdGkiOiJvZ0JwMlQ2ZXhOa1FobUZGcEVWeEZnIiwiZXhwIjoxODAxMzA1NjM3LCJpYXQiOjE3Njk3Njk2MzcsIm5iZiI6MTc2OTc2OTUxNywib3JnIjoxLCJvbmx5Q2hhbm5lbHMiOlsic2xlLW1vZHVsZS1iYXNlc3lzdGVtMTUtc3A3LXVwZGF0ZXMteDg2XzY0Il19._8zSWa2DSTIs1eGO6EHolKa4glx2E9heMVGXTB0QpDA HTTP/1.1" 200 -
172.16.3.5 - - [30/Jan/2026:11:42:25 +0100] "GET /rhn/systems/details/history/Pending.do?sid=1000010001& HTTP/1.1" 200 37865
172.16.3.7 - - [30/Jan/2026:11:42:25 +0100] "GET /rhn/manager/download/sle-module-basesystem15-sp7-updates-x86_64/getPackage/NULL/738f859b9cb569eee2b02a29d7da5239c2e432b3f979cc3ddc4733a5f97459f9/mozilla-nss-sysinit-3.112.2-150400.3.60.1.x86_64.rpm?eyJhbGciOiJIUzI1NiJ9.eyJqdGkiOiJvZ0JwMlQ2ZXhOa1FobUZGcEVWeEZnIiwiZXhwIjoxODAxMzA1NjM3LCJpYXQiOjE3Njk3Njk2MzcsIm5iZiI6MTc2OTc2OTUxNywib3JnIjoxLCJvbmx5Q2hhbm5lbHMiOlsic2xlLW1vZHVsZS1iYXNlc3lzdGVtMTUtc3A3LXVwZGF0ZXMteDg2XzY0Il19._8zSWa2DSTIs1eGO6EHolKa4glx2E9heMVGXTB0QpDA HTTP/1.1" 200 3664
172.16.3.7 - - [30/Jan/2026:11:42:25 +0100] "HEAD /rhn/manager/download/sle-module-basesystem15-sp7-updates-x86_64/getPackage/NULL/1f24620fdccc153ccf218e92d23cbe78097c1ca225f56db6865634bd89b5eebf/java-25-openjdk-headless-25.0.2.0-150700.15.7.1.x86_64.rpm?eyJhbGciOiJIUzI1NiJ9.eyJqdGkiOiJvZ0JwMlQ2ZXhOa1FobUZGcEVWeEZnIiwiZXhwIjoxODAxMzA1NjM3LCJpYXQiOjE3Njk3Njk2MzcsIm5iZiI6MTc2OTc2OTUxNywib3JnIjoxLCJvbmx5Q2hhbm5lbHMiOlsic2xlLW1vZHVsZS1iYXNlc3lzdGVtMTUtc3A3LXVwZGF0ZXMteDg2XzY0Il19._8zSWa2DSTIs1eGO6EHolKa4glx2E9heMVGXTB0QpDA HTTP/1.1" 200 -
172.16.3.7 - - [30/Jan/2026:11:42:25 +0100] "GET /rhn/manager/download/sle-module-basesystem15-sp7-updates-x86_64/getPackage/NULL/1f24620fdccc153ccf218e92d23cbe78097c1ca225f56db6865634bd89b5eebf/java-25-openjdk-headless-25.0.2.0-150700.15.7.1.x86_64.rpm?eyJhbGciOiJIUzI1NiJ9.eyJqdGkiOiJvZ0JwMlQ2ZXhOa1FobUZGcEVWeEZnIiwiZXhwIjoxODAxMzA1NjM3LCJpYXQiOjE3Njk3Njk2MzcsIm5iZiI6MTc2OTc2OTUxNywib3JnIjoxLCJvbmx5Q2hhbm5lbHMiOlsic2xlLW1vZHVsZS1iYXNlc3lzdGVtMTUtc3A3LXVwZGF0ZXMteDg2XzY0Il19._8zSWa2DSTIs1eGO6EHolKa4glx2E9heMVGXTB0QpDA HTTP/1.1" 200 3664
127.0.0.1 - - [30/Jan/2026:11:42:25 +0100] "GET /rhn/websocket/notifications HTTP/1.1" 101 -
172.16.3.5 - - [30/Jan/2026:11:42:25 +0100] "POST /rhn/manager/frontend-log HTTP/1.1" 200 16
172.16.3.5 - - [30/Jan/2026:11:42:25 +0100] "POST /rhn/manager/api/auth/login HTTP/1.1" 200 16
172.16.3.5 - - [30/Jan/2026:11:42:25 +0100] "POST /rhn/manager/api/system/searchByName HTTP/1.1" 200 162
172.16.3.5 - - [30/Jan/2026:11:42:25 +0100] "GET /rhn/systems/details/history/History.do?sid=1000010001& HTTP/1.1" 200 45223
172.16.3.5 - - [30/Jan/2026:11:42:25 +0100] "GET /rhn/manager/api/auth/logout HTTP/1.1" 200 16
127.0.0.1 - - [30/Jan/2026:11:42:25 +0100] "GET /rhn/websocket/notifications HTTP/1.1" 101 -
172.16.3.5 - - [30/Jan/2026:11:42:25 +0100] "POST /rhn/manager/frontend-log HTTP/1.1" 200 16
172.16.3.5 - - [30/Jan/2026:11:42:26 +0100] "GET /rhn/systems/details/Overview.do?sid=1000010002 HTTP/1.1" 200 48551
172.16.3.7 - - [30/Jan/2026:11:42:26 +0100] "HEAD /rhn/manager/download/sle-module-devtools15-sp7-pool-x86_64/getPackage/NULL/6897117f6b619a7cb05a423a64ba8a3ffa40a16576c2e84585781205c55d6f2e/kiwi-boot-descriptions-1.2.0-2.51.x86_64.rpm?eyJhbGciOiJIUzI1NiJ9.eyJqdGkiOiJsbUZXTnZhTUZwdnpFZ3ZxNzA0VGhBIiwiZXhwIjoxODAxMzA1NjM3LCJpYXQiOjE3Njk3Njk2MzcsIm5iZiI6MTc2OTc2OTUxNywib3JnIjoxLCJvbmx5Q2hhbm5lbHMiOlsic2xlLW1vZHVsZS1kZXZ0b29sczE1LXNwNy1wb29sLXg4Nl82NCJdfQ.RteEINSSZubPpdi3Hmrg9zFIIaGuD5YvkWpu6XQ6Tac HTTP/1.1" 200 -
172.16.3.7 - - [30/Jan/2026:11:42:26 +0100] "GET /rhn/manager/download/sle-module-devtools15-sp7-pool-x86_64/getPackage/NULL/6897117f6b619a7cb05a423a64ba8a3ffa40a16576c2e84585781205c55d6f2e/kiwi-boot-descriptions-1.2.0-2.51.x86_64.rpm?eyJhbGciOiJIUzI1NiJ9.eyJqdGkiOiJsbUZXTnZhTUZwdnpFZ3ZxNzA0VGhBIiwiZXhwIjoxODAxMzA1NjM3LCJpYXQiOjE3Njk3Njk2MzcsIm5iZiI6MTc2OTc2OTUxNywib3JnIjoxLCJvbmx5Q2hhbm5lbHMiOlsic2xlLW1vZHVsZS1kZXZ0b29sczE1LXNwNy1wb29sLXg4Nl82NCJdfQ.RteEINSSZubPpdi3Hmrg9zFIIaGuD5YvkWpu6XQ6Tac HTTP/1.1" 200 3664
172.16.3.5 - - [30/Jan/2026:11:42:26 +0100] "POST /rhn/manager/frontend-log HTTP/1.1" 200 16
172.16.3.7 - - [30/Jan/2026:11:42:26 +0100] "HEAD /rhn/manager/download/sle-module-devtools15-sp7-pool-x86_64/getPackage/NULL/6c26d47ddc7d3d11b1c20fe63aee583129bd751f3b3bafbee3c9f1906c8f055a/relaxngDatatype-2011.1-150200.10.4.4.noarch.rpm?eyJhbGciOiJIUzI1NiJ9.eyJqdGkiOiJsbUZXTnZhTUZwdnpFZ3ZxNzA0VGhBIiwiZXhwIjoxODAxMzA1NjM3LCJpYXQiOjE3Njk3Njk2MzcsIm5iZiI6MTc2OTc2OTUxNywib3JnIjoxLCJvbmx5Q2hhbm5lbHMiOlsic2xlLW1vZHVsZS1kZXZ0b29sczE1LXNwNy1wb29sLXg4Nl82NCJdfQ.RteEINSSZubPpdi3Hmrg9zFIIaGuD5YvkWpu6XQ6Tac HTTP/1.1" 200 -
127.0.0.1 - - [30/Jan/2026:11:42:26 +0100] "GET /rhn/websocket/notifications HTTP/1.1" 101 -
172.16.3.7 - - [30/Jan/2026:11:42:26 +0100] "GET /rhn/manager/download/sle-module-devtools15-sp7-pool-x86_64/getPackage/NULL/6c26d47ddc7d3d11b1c20fe63aee583129bd751f3b3bafbee3c9f1906c8f055a/relaxngDatatype-2011.1-150200.10.4.4.noarch.rpm?eyJhbGciOiJIUzI1NiJ9.eyJqdGkiOiJsbUZXTnZhTUZwdnpFZ3ZxNzA0VGhBIiwiZXhwIjoxODAxMzA1NjM3LCJpYXQiOjE3Njk3Njk2MzcsIm5iZiI6MTc2OTc2OTUxNywib3JnIjoxLCJvbmx5Q2hhbm5lbHMiOlsic2xlLW1vZHVsZS1kZXZ0b29sczE1LXNwNy1wb29sLXg4Nl82NCJdfQ.RteEINSSZubPpdi3Hmrg9zFIIaGuD5YvkWpu6XQ6Tac HTTP/1.1" 200 3664
172.16.3.5 - - [30/Jan/2026:11:42:26 +0100] "POST /rhn/manager/frontend-log HTTP/1.1" 200 16
172.16.3.7 - - [30/Jan/2026:11:42:26 +0100] "HEAD /rhn/manager/download/sle-module-devtools15-sp7-updates-x86_64/getPackage/NULL/a0bbcc4bfb33c66319647a8d0dde7d5a8c76d402839cf950c5adb1761f133268/appx-util-0.5-150600.13.3.2.x86_64.rpm?eyJhbGciOiJIUzI1NiJ9.eyJqdGkiOiJyS2NTbEJGTExYRnRLMWlhSlZUUHFnIiwiZXhwIjoxODAxMzA1NjM3LCJpYXQiOjE3Njk3Njk2MzcsIm5iZiI6MTc2OTc2OTUxNywib3JnIjoxLCJvbmx5Q2hhbm5lbHMiOlsic2xlLW1vZHVsZS1kZXZ0b29sczE1LXNwNy11cGRhdGVzLXg4Nl82NCJdfQ.yyLT8qkfuMVPohwyj7ubrBS8W6VglfboWfd9Trd7Qgc HTTP/1.1" 200 -
172.16.3.7 - - [30/Jan/2026:11:42:26 +0100] "GET /rhn/manager/download/sle-module-devtools15-sp7-updates-x86_64/getPackage/NULL/a0bbcc4bfb33c66319647a8d0dde7d5a8c76d402839cf950c5adb1761f133268/appx-util-0.5-150600.13.3.2.x86_64.rpm?eyJhbGciOiJIUzI1NiJ9.eyJqdGkiOiJyS2NTbEJGTExYRnRLMWlhSlZUUHFnIiwiZXhwIjoxODAxMzA1NjM3LCJpYXQiOjE3Njk3Njk2MzcsIm5iZiI6MTc2OTc2OTUxNywib3JnIjoxLCJvbmx5Q2hhbm5lbHMiOlsic2xlLW1vZHVsZS1kZXZ0b29sczE1LXNwNy11cGRhdGVzLXg4Nl82NCJdfQ.yyLT8qkfuMVPohwyj7ubrBS8W6VglfboWfd9Trd7Qgc HTTP/1.1" 200 3664
172.16.3.7 - - [30/Jan/2026:11:42:26 +0100] "HEAD /rhn/manager/download/sle-module-devtools15-sp7-updates-x86_64/getPackage/NULL/8c2d4ad159d3695d1e654d81d50d3a3db9443a7f57cf4c3947e5ac0d41071aa3/kiwi-man-pages-10.2.33-150600.14.10.2.x86_64.rpm?eyJhbGciOiJIUzI1NiJ9.eyJqdGkiOiJyS2NTbEJGTExYRnRLMWlhSlZUUHFnIiwiZXhwIjoxODAxMzA1NjM3LCJpYXQiOjE3Njk3Njk2MzcsIm5iZiI6MTc2OTc2OTUxNywib3JnIjoxLCJvbmx5Q2hhbm5lbHMiOlsic2xlLW1vZHVsZS1kZXZ0b29sczE1LXNwNy11cGRhdGVzLXg4Nl82NCJdfQ.yyLT8qkfuMVPohwyj7ubrBS8W6VglfboWfd9Trd7Qgc HTTP/1.1" 200 -
127.0.0.1 - - [30/Jan/2026:11:42:26 +0100] "GET /rhn/websocket/notifications HTTP/1.1" 101 -
172.16.3.7 - - [30/Jan/2026:11:42:26 +0100] "GET /rhn/manager/download/sle-module-devtools15-sp7-updates-x86_64/getPackage/NULL/8c2d4ad159d3695d1e654d81d50d3a3db9443a7f57cf4c3947e5ac0d41071aa3/kiwi-man-pages-10.2.33-150600.14.10.2.x86_64.rpm?eyJhbGciOiJIUzI1NiJ9.eyJqdGkiOiJyS2NTbEJGTExYRnRLMWlhSlZUUHFnIiwiZXhwIjoxODAxMzA1NjM3LCJpYXQiOjE3Njk3Njk2MzcsIm5iZiI6MTc2OTc2OTUxNywib3JnIjoxLCJvbmx5Q2hhbm5lbHMiOlsic2xlLW1vZHVsZS1kZXZ0b29sczE1LXNwNy11cGRhdGVzLXg4Nl82NCJdfQ.yyLT8qkfuMVPohwyj7ubrBS8W6VglfboWfd9Trd7Qgc HTTP/1.1" 200 3664
172.16.3.7 - - [30/Jan/2026:11:42:26 +0100] "HEAD /rhn/manager/download/sle-module-devtools15-sp7-updates-x86_64/getPackage/NULL/3d5f65669e9439489ebe11e66005daced1b9f879ee5fc5cc8f27beffb74aa0bb/kiwi-systemdeps-core-10.2.33-150600.14.10.2.x86_64.rpm?eyJhbGciOiJIUzI1NiJ9.eyJqdGkiOiJyS2NTbEJGTExYRnRLMWlhSlZUUHFnIiwiZXhwIjoxODAxMzA1NjM3LCJpYXQiOjE3Njk3Njk2MzcsIm5iZiI6MTc2OTc2OTUxNywib3JnIjoxLCJvbmx5Q2hhbm5lbHMiOlsic2xlLW1vZHVsZS1kZXZ0b29sczE1LXNwNy11cGRhdGVzLXg4Nl82NCJdfQ.yyLT8qkfuMVPohwyj7ubrBS8W6VglfboWfd9Trd7Qgc HTTP/1.1" 200 -
172.16.3.7 - - [30/Jan/2026:11:42:26 +0100] "GET /rhn/manager/download/sle-module-devtools15-sp7-updates-x86_64/getPackage/NULL/3d5f65669e9439489ebe11e66005daced1b9f879ee5fc5cc8f27beffb74aa0bb/kiwi-systemdeps-core-10.2.33-150600.14.10.2.x86_64.rpm?eyJhbGciOiJIUzI1NiJ9.eyJqdGkiOiJyS2NTbEJGTExYRnRLMWlhSlZUUHFnIiwiZXhwIjoxODAxMzA1NjM3LCJpYXQiOjE3Njk3Njk2MzcsIm5iZiI6MTc2OTc2OTUxNywib3JnIjoxLCJvbmx5Q2hhbm5lbHMiOlsic2xlLW1vZHVsZS1kZXZ0b29sczE1LXNwNy11cGRhdGVzLXg4Nl82NCJdfQ.yyLT8qkfuMVPohwyj7ubrBS8W6VglfboWfd9Trd7Qgc HTTP/1.1" 200 3664
172.16.3.5 - - [30/Jan/2026:11:42:26 +0100] "POST /rhn/manager/api/auth/login HTTP/1.1" 200 16
172.16.3.7 - - [30/Jan/2026:11:42:26 +0100] "HEAD /rhn/manager/download/sle-module-devtools15-sp7-updates-x86_64/getPackage/NULL/91ac6ac8828900b90c3964440631c571877447426f7db4082751b2cb607ba448/kiwi-systemdeps-containers-10.2.33-150600.14.10.2.x86_64.rpm?eyJhbGciOiJIUzI1NiJ9.eyJqdGkiOiJyS2NTbEJGTExYRnRLMWlhSlZUUHFnIiwiZXhwIjoxODAxMzA1NjM3LCJpYXQiOjE3Njk3Njk2MzcsIm5iZiI6MTc2OTc2OTUxNywib3JnIjoxLCJvbmx5Q2hhbm5lbHMiOlsic2xlLW1vZHVsZS1kZXZ0b29sczE1LXNwNy11cGRhdGVzLXg4Nl82NCJdfQ.yyLT8qkfuMVPohwyj7ubrBS8W6VglfboWfd9Trd7Qgc HTTP/1.1" 200 -
172.16.3.7 - - [30/Jan/2026:11:42:26 +0100] "GET /rhn/manager/download/sle-module-devtools15-sp7-updates-x86_64/getPackage/NULL/91ac6ac8828900b90c3964440631c571877447426f7db4082751b2cb607ba448/kiwi-systemdeps-containers-10.2.33-150600.14.10.2.x86_64.rpm?eyJhbGciOiJIUzI1NiJ9.eyJqdGkiOiJyS2NTbEJGTExYRnRLMWlhSlZUUHFnIiwiZXhwIjoxODAxMzA1NjM3LCJpYXQiOjE3Njk3Njk2MzcsIm5iZiI6MTc2OTc2OTUxNywib3JnIjoxLCJvbmx5Q2hhbm5lbHMiOlsic2xlLW1vZHVsZS1kZXZ0b29sczE1LXNwNy11cGRhdGVzLXg4Nl82NCJdfQ.yyLT8qkfuMVPohwyj7ubrBS8W6VglfboWfd9Trd7Qgc HTTP/1.1" 200 3664
172.16.3.7 - - [30/Jan/2026:11:42:26 +0100] "HEAD /rhn/manager/download/sle-module-devtools15-sp7-updates-x86_64/getPackage/NULL/7322490b3934bb781126e895bef0ad00373b68dd97a1f117d89dc4b26b6fefbf/kiwi-systemdeps-containers-wsl-10.2.33-150600.14.10.2.x86_64.rpm?eyJhbGciOiJIUzI1NiJ9.eyJqdGkiOiJyS2NTbEJGTExYRnRLMWlhSlZUUHFnIiwiZXhwIjoxODAxMzA1NjM3LCJpYXQiOjE3Njk3Njk2MzcsIm5iZiI6MTc2OTc2OTUxNywib3JnIjoxLCJvbmx5Q2hhbm5lbHMiOlsic2xlLW1vZHVsZS1kZXZ0b29sczE1LXNwNy11cGRhdGVzLXg4Nl82NCJdfQ.yyLT8qkfuMVPohwyj7ubrBS8W6VglfboWfd9Trd7Qgc HTTP/1.1" 200 -
172.16.3.5 - - [30/Jan/2026:11:42:26 +0100] "POST /rhn/manager/api/system/searchByName HTTP/1.1" 200 162
172.16.3.7 - - [30/Jan/2026:11:42:26 +0100] "GET /rhn/manager/download/sle-module-devtools15-sp7-updates-x86_64/getPackage/NULL/7322490b3934bb781126e895bef0ad00373b68dd97a1f117d89dc4b26b6fefbf/kiwi-systemdeps-containers-wsl-10.2.33-150600.14.10.2.x86_64.rpm?eyJhbGciOiJIUzI1NiJ9.eyJqdGkiOiJyS2NTbEJGTExYRnRLMWlhSlZUUHFnIiwiZXhwIjoxODAxMzA1NjM3LCJpYXQiOjE3Njk3Njk2MzcsIm5iZiI6MTc2OTc2OTUxNywib3JnIjoxLCJvbmx5Q2hhbm5lbHMiOlsic2xlLW1vZHVsZS1kZXZ0b29sczE1LXNwNy11cGRhdGVzLXg4Nl82NCJdfQ.yyLT8qkfuMVPohwyj7ubrBS8W6VglfboWfd9Trd7Qgc HTTP/1.1" 200 3663
172.16.3.7 - - [30/Jan/2026:11:42:26 +0100] "HEAD /rhn/manager/download/sle-module-devtools15-sp7-updates-x86_64/getPackage/NULL/1f61e60acbb76f9b2182fb96549d048c8c75c5e0fa1a2a903695bbc5b0a42a7e/kiwi-systemdeps-bootloaders-10.2.33-150600.14.10.2.x86_64.rpm?eyJhbGciOiJIUzI1NiJ9.eyJqdGkiOiJyS2NTbEJGTExYRnRLMWlhSlZUUHFnIiwiZXhwIjoxODAxMzA1NjM3LCJpYXQiOjE3Njk3Njk2MzcsIm5iZiI6MTc2OTc2OTUxNywib3JnIjoxLCJvbmx5Q2hhbm5lbHMiOlsic2xlLW1vZHVsZS1kZXZ0b29sczE1LXNwNy11cGRhdGVzLXg4Nl82NCJdfQ.yyLT8qkfuMVPohwyj7ubrBS8W6VglfboWfd9Trd7Qgc HTTP/1.1" 200 -
172.16.3.7 - - [30/Jan/2026:11:42:26 +0100] "GET /rhn/manager/download/sle-module-devtools15-sp7-updates-x86_64/getPackage/NULL/1f61e60acbb76f9b2182fb96549d048c8c75c5e0fa1a2a903695bbc5b0a42a7e/kiwi-systemdeps-bootloaders-10.2.33-150600.14.10.2.x86_64.rpm?eyJhbGciOiJIUzI1NiJ9.eyJqdGkiOiJyS2NTbEJGTExYRnRLMWlhSlZUUHFnIiwiZXhwIjoxODAxMzA1NjM3LCJpYXQiOjE3Njk3Njk2MzcsIm5iZiI6MTc2OTc2OTUxNywib3JnIjoxLCJvbmx5Q2hhbm5lbHMiOlsic2xlLW1vZHVsZS1kZXZ0b29sczE1LXNwNy11cGRhdGVzLXg4Nl82NCJdfQ.yyLT8qkfuMVPohwyj7ubrBS8W6VglfboWfd9Trd7Qgc HTTP/1.1" 200 3664
172.16.3.7 - - [30/Jan/2026:11:42:26 +0100] "HEAD /rhn/manager/download/sle-module-python3-15-sp7-updates-x86_64/getPackage/NULL/dd10e37ea803e397c7d7cccac10c5a5904698067fa54e58513946c93c9853ee1/python311-docopt-0.6.2-150600.18.5.2.noarch.rpm?eyJhbGciOiJIUzI1NiJ9.eyJqdGkiOiJRTm5SamMwcEhQRF9tTlRoVExnUTR3IiwiZXhwIjoxODAxMzA1NjM3LCJpYXQiOjE3Njk3Njk2MzcsIm5iZiI6MTc2OTc2OTUxNywib3JnIjoxLCJvbmx5Q2hhbm5lbHMiOlsic2xlLW1vZHVsZS1weXRob24zLTE1LXNwNy11cGRhdGVzLXg4Nl82NCJdfQ.7XPrz_8yldrcIe4ubY0d1ftp_zBB-pPAjSFfYy-HESQ HTTP/1.1" 200 -
172.16.3.5 - - [30/Jan/2026:11:42:26 +0100] "GET /rhn/manager/api/auth/logout HTTP/1.1" 200 16
172.16.3.7 - - [30/Jan/2026:11:42:26 +0100] "GET /rhn/manager/download/sle-module-python3-15-sp7-updates-x86_64/getPackage/NULL/dd10e37ea803e397c7d7cccac10c5a5904698067fa54e58513946c93c9853ee1/python311-docopt-0.6.2-150600.18.5.2.noarch.rpm?eyJhbGciOiJIUzI1NiJ9.eyJqdGkiOiJRTm5SamMwcEhQRF9tTlRoVExnUTR3IiwiZXhwIjoxODAxMzA1NjM3LCJpYXQiOjE3Njk3Njk2MzcsIm5iZiI6MTc2OTc2OTUxNywib3JnIjoxLCJvbmx5Q2hhbm5lbHMiOlsic2xlLW1vZHVsZS1weXRob24zLTE1LXNwNy11cGRhdGVzLXg4Nl82NCJdfQ.7XPrz_8yldrcIe4ubY0d1ftp_zBB-pPAjSFfYy-HESQ HTTP/1.1" 200 3664
172.16.3.7 - - [30/Jan/2026:11:42:27 +0100] "HEAD /rhn/manager/download/sle-module-python3-15-sp7-updates-x86_64/getPackage/NULL/b1e620ba6e3d8230a41ade06690793eafffb447c050312a744e4d0a0018e9a39/python311-cssselect-1.2.0-150400.12.6.2.noarch.rpm?eyJhbGciOiJIUzI1NiJ9.eyJqdGkiOiJRTm5SamMwcEhQRF9tTlRoVExnUTR3IiwiZXhwIjoxODAxMzA1NjM3LCJpYXQiOjE3Njk3Njk2MzcsIm5iZiI6MTc2OTc2OTUxNywib3JnIjoxLCJvbmx5Q2hhbm5lbHMiOlsic2xlLW1vZHVsZS1weXRob24zLTE1LXNwNy11cGRhdGVzLXg4Nl82NCJdfQ.7XPrz_8yldrcIe4ubY0d1ftp_zBB-pPAjSFfYy-HESQ HTTP/1.1" 200 -
172.16.3.7 - - [30/Jan/2026:11:42:27 +0100] "GET /rhn/manager/download/sle-module-python3-15-sp7-updates-x86_64/getPackage/NULL/b1e620ba6e3d8230a41ade06690793eafffb447c050312a744e4d0a0018e9a39/python311-cssselect-1.2.0-150400.12.6.2.noarch.rpm?eyJhbGciOiJIUzI1NiJ9.eyJqdGkiOiJRTm5SamMwcEhQRF9tTlRoVExnUTR3IiwiZXhwIjoxODAxMzA1NjM3LCJpYXQiOjE3Njk3Njk2MzcsIm5iZiI6MTc2OTc2OTUxNywib3JnIjoxLCJvbmx5Q2hhbm5lbHMiOlsic2xlLW1vZHVsZS1weXRob24zLTE1LXNwNy11cGRhdGVzLXg4Nl82NCJdfQ.7XPrz_8yldrcIe4ubY0d1ftp_zBB-pPAjSFfYy-HESQ HTTP/1.1" 200 3664
172.16.3.7 - - [30/Jan/2026:11:42:27 +0100] "HEAD /rhn/manager/download/sle-module-python3-15-sp7-updates-x86_64/getPackage/NULL/e5a591a8270d291e1371744440165fccb31398aee4740f8337b672b65bbc76ea/python311-solv-0.7.35-150700.11.5.2.x86_64.rpm?eyJhbGciOiJIUzI1NiJ9.eyJqdGkiOiJRTm5SamMwcEhQRF9tTlRoVExnUTR3IiwiZXhwIjoxODAxMzA1NjM3LCJpYXQiOjE3Njk3Njk2MzcsIm5iZiI6MTc2OTc2OTUxNywib3JnIjoxLCJvbmx5Q2hhbm5lbHMiOlsic2xlLW1vZHVsZS1weXRob24zLTE1LXNwNy11cGRhdGVzLXg4Nl82NCJdfQ.7XPrz_8yldrcIe4ubY0d1ftp_zBB-pPAjSFfYy-HESQ HTTP/1.1" 200 -
172.16.3.7 - - [30/Jan/2026:11:42:27 +0100] "GET /rhn/manager/download/sle-module-python3-15-sp7-updates-x86_64/getPackage/NULL/e5a591a8270d291e1371744440165fccb31398aee4740f8337b672b65bbc76ea/python311-solv-0.7.35-150700.11.5.2.x86_64.rpm?eyJhbGciOiJIUzI1NiJ9.eyJqdGkiOiJRTm5SamMwcEhQRF9tTlRoVExnUTR3IiwiZXhwIjoxODAxMzA1NjM3LCJpYXQiOjE3Njk3Njk2MzcsIm5iZiI6MTc2OTc2OTUxNywib3JnIjoxLCJvbmx5Q2hhbm5lbHMiOlsic2xlLW1vZHVsZS1weXRob24zLTE1LXNwNy11cGRhdGVzLXg4Nl82NCJdfQ.7XPrz_8yldrcIe4ubY0d1ftp_zBB-pPAjSFfYy-HESQ HTTP/1.1" 200 3663
172.16.3.7 - - [30/Jan/2026:11:42:27 +0100] "HEAD /rhn/manager/download/sle-module-python3-15-sp7-updates-x86_64/getPackage/NULL/9ae96f8575fcde875d02b93b5f77c7940dfee5c18fa928b01c517038d21d4b48/python311-xmltodict-0.13.0-150600.3.7.2.noarch.rpm?eyJhbGciOiJIUzI1NiJ9.eyJqdGkiOiJRTm5SamMwcEhQRF9tTlRoVExnUTR3IiwiZXhwIjoxODAxMzA1NjM3LCJpYXQiOjE3Njk3Njk2MzcsIm5iZiI6MTc2OTc2OTUxNywib3JnIjoxLCJvbmx5Q2hhbm5lbHMiOlsic2xlLW1vZHVsZS1weXRob24zLTE1LXNwNy11cGRhdGVzLXg4Nl82NCJdfQ.7XPrz_8yldrcIe4ubY0d1ftp_zBB-pPAjSFfYy-HESQ HTTP/1.1" 200 -
172.16.3.7 - - [30/Jan/2026:11:42:27 +0100] "GET /rhn/manager/download/sle-module-python3-15-sp7-updates-x86_64/getPackage/NULL/9ae96f8575fcde875d02b93b5f77c7940dfee5c18fa928b01c517038d21d4b48/python311-xmltodict-0.13.0-150600.3.7.2.noarch.rpm?eyJhbGciOiJIUzI1NiJ9.eyJqdGkiOiJRTm5SamMwcEhQRF9tTlRoVExnUTR3IiwiZXhwIjoxODAxMzA1NjM3LCJpYXQiOjE3Njk3Njk2MzcsIm5iZiI6MTc2OTc2OTUxNywib3JnIjoxLCJvbmx5Q2hhbm5lbHMiOlsic2xlLW1vZHVsZS1weXRob24zLTE1LXNwNy11cGRhdGVzLXg4Nl82NCJdfQ.7XPrz_8yldrcIe4ubY0d1ftp_zBB-pPAjSFfYy-HESQ HTTP/1.1" 200 3664
172.16.3.7 - - [30/Jan/2026:11:42:27 +0100] "HEAD /rhn/manager/download/sle-module-python3-15-sp7-updates-x86_64/getPackage/NULL/55193cf8fe8f8faa4f23e6fe32769636d80427ab25f7cb3b908cc5bdb998384e/python311-simplejson-3.19.1-150400.6.10.2.x86_64.rpm?eyJhbGciOiJIUzI1NiJ9.eyJqdGkiOiJRTm5SamMwcEhQRF9tTlRoVExnUTR3IiwiZXhwIjoxODAxMzA1NjM3LCJpYXQiOjE3Njk3Njk2MzcsIm5iZiI6MTc2OTc2OTUxNywib3JnIjoxLCJvbmx5Q2hhbm5lbHMiOlsic2xlLW1vZHVsZS1weXRob24zLTE1LXNwNy11cGRhdGVzLXg4Nl82NCJdfQ.7XPrz_8yldrcIe4ubY0d1ftp_zBB-pPAjSFfYy-HESQ HTTP/1.1" 200 -
172.16.3.7 - - [30/Jan/2026:11:42:27 +0100] "GET /rhn/manager/download/sle-module-python3-15-sp7-updates-x86_64/getPackage/NULL/55193cf8fe8f8faa4f23e6fe32769636d80427ab25f7cb3b908cc5bdb998384e/python311-simplejson-3.19.1-150400.6.10.2.x86_64.rpm?eyJhbGciOiJIUzI1NiJ9.eyJqdGkiOiJRTm5SamMwcEhQRF9tTlRoVExnUTR3IiwiZXhwIjoxODAxMzA1NjM3LCJpYXQiOjE3Njk3Njk2MzcsIm5iZiI6MTc2OTc2OTUxNywib3JnIjoxLCJvbmx5Q2hhbm5lbHMiOlsic2xlLW1vZHVsZS1weXRob24zLTE1LXNwNy11cGRhdGVzLXg4Nl82NCJdfQ.7XPrz_8yldrcIe4ubY0d1ftp_zBB-pPAjSFfYy-HESQ HTTP/1.1" 200 3664
172.16.3.7 - - [30/Jan/2026:11:42:27 +0100] "HEAD /rhn/manager/download/sle-module-server-applications15-sp7-updates-x86_64/getPackage/NULL/67ab1146535e5889d302dc6d4d91106accc337901952ea3dd804cfd07b62f55f/qemu-block-curl-9.2.4-150700.3.11.1.x86_64.rpm?eyJhbGciOiJIUzI1NiJ9.eyJqdGkiOiJEdW54dWhQTVVvd2pmUF9qMXc0bDVRIiwiZXhwIjoxODAxMzA1NjM3LCJpYXQiOjE3Njk3Njk2MzcsIm5iZiI6MTc2OTc2OTUxNywib3JnIjoxLCJvbmx5Q2hhbm5lbHMiOlsic2xlLW1vZHVsZS1zZXJ2ZXItYXBwbGljYXRpb25zMTUtc3A3LXVwZGF0ZXMteDg2XzY0Il19.ViTrJ3ZFpR3ydcpEh5mfSf1CWVBOHIDDRT7AwGDc8qM HTTP/1.1" 200 -
172.16.3.7 - - [30/Jan/2026:11:42:27 +0100] "GET /rhn/manager/download/sle-module-server-applications15-sp7-updates-x86_64/getPackage/NULL/67ab1146535e5889d302dc6d4d91106accc337901952ea3dd804cfd07b62f55f/qemu-block-curl-9.2.4-150700.3.11.1.x86_64.rpm?eyJhbGciOiJIUzI1NiJ9.eyJqdGkiOiJEdW54dWhQTVVvd2pmUF9qMXc0bDVRIiwiZXhwIjoxODAxMzA1NjM3LCJpYXQiOjE3Njk3Njk2MzcsIm5iZiI6MTc2OTc2OTUxNywib3JnIjoxLCJvbmx5Q2hhbm5lbHMiOlsic2xlLW1vZHVsZS1zZXJ2ZXItYXBwbGljYXRpb25zMTUtc3A3LXVwZGF0ZXMteDg2XzY0Il19.ViTrJ3ZFpR3ydcpEh5mfSf1CWVBOHIDDRT7AwGDc8qM HTTP/1.1" 200 3664
172.16.3.7 - - [30/Jan/2026:11:42:27 +0100] "HEAD /rhn/manager/download/sle-module-server-applications15-sp7-pool-x86_64/getPackage/NULL/a95e37f048aeddf80632c7ecd223496256746715f959963faef35f21e6540f86/rdma-ndd-54.0-150700.1.9.x86_64.rpm?eyJhbGciOiJIUzI1NiJ9.eyJqdGkiOiJfeTJ0NUFXaGhPZ2RSZ0FrZTYwTFRRIiwiZXhwIjoxODAxMzA1NjM3LCJpYXQiOjE3Njk3Njk2MzcsIm5iZiI6MTc2OTc2OTUxNywib3JnIjoxLCJvbmx5Q2hhbm5lbHMiOlsic2xlLW1vZHVsZS1zZXJ2ZXItYXBwbGljYXRpb25zMTUtc3A3LXBvb2wteDg2XzY0Il19.hnaXCxGlULy6-5CtsWVdRpR6XVFJqadUwmNNlzk4ivw HTTP/1.1" 200 -
172.16.3.7 - - [30/Jan/2026:11:42:27 +0100] "GET /rhn/manager/download/sle-module-server-applications15-sp7-pool-x86_64/getPackage/NULL/a95e37f048aeddf80632c7ecd223496256746715f959963faef35f21e6540f86/rdma-ndd-54.0-150700.1.9.x86_64.rpm?eyJhbGciOiJIUzI1NiJ9.eyJqdGkiOiJfeTJ0NUFXaGhPZ2RSZ0FrZTYwTFRRIiwiZXhwIjoxODAxMzA1NjM3LCJpYXQiOjE3Njk3Njk2MzcsIm5iZiI6MTc2OTc2OTUxNywib3JnIjoxLCJvbmx5Q2hhbm5lbHMiOlsic2xlLW1vZHVsZS1zZXJ2ZXItYXBwbGljYXRpb25zMTUtc3A3LXBvb2wteDg2XzY0Il19.hnaXCxGlULy6-5CtsWVdRpR6XVFJqadUwmNNlzk4ivw HTTP/1.1" 200 3664
172.16.3.7 - - [30/Jan/2026:11:42:27 +0100] "HEAD /rhn/manager/download/sle-module-basesystem15-sp7-pool-x86_64/getPackage/NULL/66e9fd54f6c3f34ed2c7bec94a0a890b86410dfd4a32f9597361cf88d06b27ca/xml-commons-apis-1.4.01-150200.3.4.3.noarch.rpm?eyJhbGciOiJIUzI1NiJ9.eyJqdGkiOiJIOXluRHVNb2tMMzdxQ2RBTy1yNDRBIiwiZXhwIjoxODAxMzA1NjM3LCJpYXQiOjE3Njk3Njk2MzcsIm5iZiI6MTc2OTc2OTUxNywib3JnIjoxLCJvbmx5Q2hhbm5lbHMiOlsic2xlLW1vZHVsZS1iYXNlc3lzdGVtMTUtc3A3LXBvb2wteDg2XzY0Il19.QR_62llDQRpDqj-nxfJy6T7XKKoUM3VrObh01PtKTuE HTTP/1.1" 200 -
172.16.3.7 - - [30/Jan/2026:11:42:27 +0100] "GET /rhn/manager/download/sle-module-basesystem15-sp7-pool-x86_64/getPackage/NULL/66e9fd54f6c3f34ed2c7bec94a0a890b86410dfd4a32f9597361cf88d06b27ca/xml-commons-apis-1.4.01-150200.3.4.3.noarch.rpm?eyJhbGciOiJIUzI1NiJ9.eyJqdGkiOiJIOXluRHVNb2tMMzdxQ2RBTy1yNDRBIiwiZXhwIjoxODAxMzA1NjM3LCJpYXQiOjE3Njk3Njk2MzcsIm5iZiI6MTc2OTc2OTUxNywib3JnIjoxLCJvbmx5Q2hhbm5lbHMiOlsic2xlLW1vZHVsZS1iYXNlc3lzdGVtMTUtc3A3LXBvb2wteDg2XzY0Il19.QR_62llDQRpDqj-nxfJy6T7XKKoUM3VrObh01PtKTuE HTTP/1.1" 200 3664
172.16.3.7 - - [30/Jan/2026:11:42:27 +0100] "HEAD /rhn/manager/download/sle-module-basesystem15-sp7-pool-x86_64/getPackage/NULL/29a4efb68059ae7bfa4359a4ba4cd132301e6ce4b41ba5e404b953e923177175/xml-commons-resolver-1.2-150200.3.4.3.noarch.rpm?eyJhbGciOiJIUzI1NiJ9.eyJqdGkiOiJIOXluRHVNb2tMMzdxQ2RBTy1yNDRBIiwiZXhwIjoxODAxMzA1NjM3LCJpYXQiOjE3Njk3Njk2MzcsIm5iZiI6MTc2OTc2OTUxNywib3JnIjoxLCJvbmx5Q2hhbm5lbHMiOlsic2xlLW1vZHVsZS1iYXNlc3lzdGVtMTUtc3A3LXBvb2wteDg2XzY0Il19.QR_62llDQRpDqj-nxfJy6T7XKKoUM3VrObh01PtKTuE HTTP/1.1" 200 -
172.16.3.7 - - [30/Jan/2026:11:42:27 +0100] "GET /rhn/manager/download/sle-module-basesystem15-sp7-pool-x86_64/getPackage/NULL/29a4efb68059ae7bfa4359a4ba4cd132301e6ce4b41ba5e404b953e923177175/xml-commons-resolver-1.2-150200.3.4.3.noarch.rpm?eyJhbGciOiJIUzI1NiJ9.eyJqdGkiOiJIOXluRHVNb2tMMzdxQ2RBTy1yNDRBIiwiZXhwIjoxODAxMzA1NjM3LCJpYXQiOjE3Njk3Njk2MzcsIm5iZiI6MTc2OTc2OTUxNywib3JnIjoxLCJvbmx5Q2hhbm5lbHMiOlsic2xlLW1vZHVsZS1iYXNlc3lzdGVtMTUtc3A3LXBvb2wteDg2XzY0Il19.QR_62llDQRpDqj-nxfJy6T7XKKoUM3VrObh01PtKTuE HTTP/1.1" 200 3664
172.16.3.5 - - [30/Jan/2026:11:42:27 +0100] "GET /rhn/systems/details/Overview.do?sid=1000010002 HTTP/1.1" 200 48551
172.16.3.7 - - [30/Jan/2026:11:42:27 +0100] "HEAD /rhn/manager/download/sle-module-basesystem15-sp7-pool-x86_64/getPackage/NULL/5e2ff037017f9ba5d5a2df46ce618e97a4e3ff8d25d48b9d118d6c864e628ff1/bea-stax-api-1.2.0-150200.11.3.1.noarch.rpm?eyJhbGciOiJIUzI1NiJ9.eyJqdGkiOiJIOXluRHVNb2tMMzdxQ2RBTy1yNDRBIiwiZXhwIjoxODAxMzA1NjM3LCJpYXQiOjE3Njk3Njk2MzcsIm5iZiI6MTc2OTc2OTUxNywib3JnIjoxLCJvbmx5Q2hhbm5lbHMiOlsic2xlLW1vZHVsZS1iYXNlc3lzdGVtMTUtc3A3LXBvb2wteDg2XzY0Il19.QR_62llDQRpDqj-nxfJy6T7XKKoUM3VrObh01PtKTuE HTTP/1.1" 200 -
172.16.3.7 - - [30/Jan/2026:11:42:27 +0100] "GET /rhn/manager/download/sle-module-basesystem15-sp7-pool-x86_64/getPackage/NULL/5e2ff037017f9ba5d5a2df46ce618e97a4e3ff8d25d48b9d118d6c864e628ff1/bea-stax-api-1.2.0-150200.11.3.1.noarch.rpm?eyJhbGciOiJIUzI1NiJ9.eyJqdGkiOiJIOXluRHVNb2tMMzdxQ2RBTy1yNDRBIiwiZXhwIjoxODAxMzA1NjM3LCJpYXQiOjE3Njk3Njk2MzcsIm5iZiI6MTc2OTc2OTUxNywib3JnIjoxLCJvbmx5Q2hhbm5lbHMiOlsic2xlLW1vZHVsZS1iYXNlc3lzdGVtMTUtc3A3LXBvb2wteDg2XzY0Il19.QR_62llDQRpDqj-nxfJy6T7XKKoUM3VrObh01PtKTuE HTTP/1.1" 200 3663
172.16.3.7 - - [30/Jan/2026:11:42:27 +0100] "HEAD /rhn/manager/download/sle-module-basesystem15-sp7-pool-x86_64/getPackage/NULL/913a3ed1fc1a36303bcdb78a79291b7d55437e061e7d01720e2250d1d1380ed1/libibverbs1-54.0-150700.1.9.x86_64.rpm?eyJhbGciOiJIUzI1NiJ9.eyJqdGkiOiJIOXluRHVNb2tMMzdxQ2RBTy1yNDRBIiwiZXhwIjoxODAxMzA1NjM3LCJpYXQiOjE3Njk3Njk2MzcsIm5iZiI6MTc2OTc2OTUxNywib3JnIjoxLCJvbmx5Q2hhbm5lbHMiOlsic2xlLW1vZHVsZS1iYXNlc3lzdGVtMTUtc3A3LXBvb2wteDg2XzY0Il19.QR_62llDQRpDqj-nxfJy6T7XKKoUM3VrObh01PtKTuE HTTP/1.1" 200 -
172.16.3.7 - - [30/Jan/2026:11:42:27 +0100] "GET /rhn/manager/download/sle-module-basesystem15-sp7-pool-x86_64/getPackage/NULL/913a3ed1fc1a36303bcdb78a79291b7d55437e061e7d01720e2250d1d1380ed1/libibverbs1-54.0-150700.1.9.x86_64.rpm?eyJhbGciOiJIUzI1NiJ9.eyJqdGkiOiJIOXluRHVNb2tMMzdxQ2RBTy1yNDRBIiwiZXhwIjoxODAxMzA1NjM3LCJpYXQiOjE3Njk3Njk2MzcsIm5iZiI6MTc2OTc2OTUxNywib3JnIjoxLCJvbmx5Q2hhbm5lbHMiOlsic2xlLW1vZHVsZS1iYXNlc3lzdGVtMTUtc3A3LXBvb2wteDg2XzY0Il19.QR_62llDQRpDqj-nxfJy6T7XKKoUM3VrObh01PtKTuE HTTP/1.1" 200 3664
172.16.3.5 - - [30/Jan/2026:11:42:27 +0100] "POST /rhn/manager/frontend-log HTTP/1.1" 200 16
172.16.3.7 - - [30/Jan/2026:11:42:27 +0100] "HEAD /rhn/manager/download/sle-module-basesystem15-sp7-pool-x86_64/getPackage/NULL/90c3ba036c0b5bddb458c688fb222afaa6e85ccc868fdcbcd5abab63d91d461b/libmlx5-1-54.0-150700.1.9.x86_64.rpm?eyJhbGciOiJIUzI1NiJ9.eyJqdGkiOiJIOXluRHVNb2tMMzdxQ2RBTy1yNDRBIiwiZXhwIjoxODAxMzA1NjM3LCJpYXQiOjE3Njk3Njk2MzcsIm5iZiI6MTc2OTc2OTUxNywib3JnIjoxLCJvbmx5Q2hhbm5lbHMiOlsic2xlLW1vZHVsZS1iYXNlc3lzdGVtMTUtc3A3LXBvb2wteDg2XzY0Il19.QR_62llDQRpDqj-nxfJy6T7XKKoUM3VrObh01PtKTuE HTTP/1.1" 200 -
127.0.0.1 - - [30/Jan/2026:11:42:27 +0100] "GET /rhn/websocket/notifications HTTP/1.1" 101 -
172.16.3.7 - - [30/Jan/2026:11:42:27 +0100] "GET /rhn/manager/download/sle-module-basesystem15-sp7-pool-x86_64/getPackage/NULL/90c3ba036c0b5bddb458c688fb222afaa6e85ccc868fdcbcd5abab63d91d461b/libmlx5-1-54.0-150700.1.9.x86_64.rpm?eyJhbGciOiJIUzI1NiJ9.eyJqdGkiOiJIOXluRHVNb2tMMzdxQ2RBTy1yNDRBIiwiZXhwIjoxODAxMzA1NjM3LCJpYXQiOjE3Njk3Njk2MzcsIm5iZiI6MTc2OTc2OTUxNywib3JnIjoxLCJvbmx5Q2hhbm5lbHMiOlsic2xlLW1vZHVsZS1iYXNlc3lzdGVtMTUtc3A3LXBvb2wteDg2XzY0Il19.QR_62llDQRpDqj-nxfJy6T7XKKoUM3VrObh01PtKTuE HTTP/1.1" 200 3664
172.16.3.5 - - [30/Jan/2026:11:42:27 +0100] "POST /rhn/manager/frontend-log HTTP/1.1" 200 16
172.16.3.7 - - [30/Jan/2026:11:42:27 +0100] "HEAD /rhn/manager/download/sle-module-basesystem15-sp7-pool-x86_64/getPackage/NULL/9bbe9e61a0ee4046875eb9c0648612187b32937b342396ac07a259c661f3ca0e/xalan-j2-2.7.3-150200.11.7.1.noarch.rpm?eyJhbGciOiJIUzI1NiJ9.eyJqdGkiOiJIOXluRHVNb2tMMzdxQ2RBTy1yNDRBIiwiZXhwIjoxODAxMzA1NjM3LCJpYXQiOjE3Njk3Njk2MzcsIm5iZiI6MTc2OTc2OTUxNywib3JnIjoxLCJvbmx5Q2hhbm5lbHMiOlsic2xlLW1vZHVsZS1iYXNlc3lzdGVtMTUtc3A3LXBvb2wteDg2XzY0Il19.QR_62llDQRpDqj-nxfJy6T7XKKoUM3VrObh01PtKTuE HTTP/1.1" 200 -
172.16.3.7 - - [30/Jan/2026:11:42:27 +0100] "GET /rhn/manager/download/sle-module-basesystem15-sp7-pool-x86_64/getPackage/NULL/9bbe9e61a0ee4046875eb9c0648612187b32937b342396ac07a259c661f3ca0e/xalan-j2-2.7.3-150200.11.7.1.noarch.rpm?eyJhbGciOiJIUzI1NiJ9.eyJqdGkiOiJIOXluRHVNb2tMMzdxQ2RBTy1yNDRBIiwiZXhwIjoxODAxMzA1NjM3LCJpYXQiOjE3Njk3Njk2MzcsIm5iZiI6MTc2OTc2OTUxNywib3JnIjoxLCJvbmx5Q2hhbm5lbHMiOlsic2xlLW1vZHVsZS1iYXNlc3lzdGVtMTUtc3A3LXBvb2wteDg2XzY0Il19.QR_62llDQRpDqj-nxfJy6T7XKKoUM3VrObh01PtKTuE HTTP/1.1" 200 3664
172.16.3.7 - - [30/Jan/2026:11:42:27 +0100] "HEAD /rhn/manager/download/sle-module-basesystem15-sp7-pool-x86_64/getPackage/NULL/3403b83b0ede1da28d40182ec4bcae00564389adcc98a4b334e823a1cec00fdf/xerces-j2-2.12.2-150200.3.10.2.noarch.rpm?eyJhbGciOiJIUzI1NiJ9.eyJqdGkiOiJIOXluRHVNb2tMMzdxQ2RBTy1yNDRBIiwiZXhwIjoxODAxMzA1NjM3LCJpYXQiOjE3Njk3Njk2MzcsIm5iZiI6MTc2OTc2OTUxNywib3JnIjoxLCJvbmx5Q2hhbm5lbHMiOlsic2xlLW1vZHVsZS1iYXNlc3lzdGVtMTUtc3A3LXBvb2wteDg2XzY0Il19.QR_62llDQRpDqj-nxfJy6T7XKKoUM3VrObh01PtKTuE HTTP/1.1" 200 -
172.16.3.7 - - [30/Jan/2026:11:42:27 +0100] "GET /rhn/manager/download/sle-module-basesystem15-sp7-pool-x86_64/getPackage/NULL/3403b83b0ede1da28d40182ec4bcae00564389adcc98a4b334e823a1cec00fdf/xerces-j2-2.12.2-150200.3.10.2.noarch.rpm?eyJhbGciOiJIUzI1NiJ9.eyJqdGkiOiJIOXluRHVNb2tMMzdxQ2RBTy1yNDRBIiwiZXhwIjoxODAxMzA1NjM3LCJpYXQiOjE3Njk3Njk2MzcsIm5iZiI6MTc2OTc2OTUxNywib3JnIjoxLCJvbmx5Q2hhbm5lbHMiOlsic2xlLW1vZHVsZS1iYXNlc3lzdGVtMTUtc3A3LXBvb2wteDg2XzY0Il19.QR_62llDQRpDqj-nxfJy6T7XKKoUM3VrObh01PtKTuE HTTP/1.1" 200 3664
172.16.3.7 - - [30/Jan/2026:11:42:28 +0100] "HEAD /rhn/manager/download/sle-module-basesystem15-sp7-pool-x86_64/getPackage/NULL/69c2adcf3e22a483d01dc809644db379b278c5c9d26390d6d77d2d7046cc59cf/bea-stax-1.2.0-150200.11.3.1.noarch.rpm?eyJhbGciOiJIUzI1NiJ9.eyJqdGkiOiJIOXluRHVNb2tMMzdxQ2RBTy1yNDRBIiwiZXhwIjoxODAxMzA1NjM3LCJpYXQiOjE3Njk3Njk2MzcsIm5iZiI6MTc2OTc2OTUxNywib3JnIjoxLCJvbmx5Q2hhbm5lbHMiOlsic2xlLW1vZHVsZS1iYXNlc3lzdGVtMTUtc3A3LXBvb2wteDg2XzY0Il19.QR_62llDQRpDqj-nxfJy6T7XKKoUM3VrObh01PtKTuE HTTP/1.1" 200 -
172.16.3.7 - - [30/Jan/2026:11:42:28 +0100] "GET /rhn/manager/download/sle-module-basesystem15-sp7-pool-x86_64/getPackage/NULL/69c2adcf3e22a483d01dc809644db379b278c5c9d26390d6d77d2d7046cc59cf/bea-stax-1.2.0-150200.11.3.1.noarch.rpm?eyJhbGciOiJIUzI1NiJ9.eyJqdGkiOiJIOXluRHVNb2tMMzdxQ2RBTy1yNDRBIiwiZXhwIjoxODAxMzA1NjM3LCJpYXQiOjE3Njk3Njk2MzcsIm5iZiI6MTc2OTc2OTUxNywib3JnIjoxLCJvbmx5Q2hhbm5lbHMiOlsic2xlLW1vZHVsZS1iYXNlc3lzdGVtMTUtc3A3LXBvb2wteDg2XzY0Il19.QR_62llDQRpDqj-nxfJy6T7XKKoUM3VrObh01PtKTuE HTTP/1.1" 200 3664
172.16.3.7 - - [30/Jan/2026:11:42:28 +0100] "HEAD /rhn/manager/download/sle-module-basesystem15-sp7-pool-x86_64/getPackage/NULL/d830e5b9b7c17cec5c9ee49cd3fdc5141cd3c6f9e3b744d47024d22c52d8f1dc/libhns1-54.0-150700.1.9.x86_64.rpm?eyJhbGciOiJIUzI1NiJ9.eyJqdGkiOiJIOXluRHVNb2tMMzdxQ2RBTy1yNDRBIiwiZXhwIjoxODAxMzA1NjM3LCJpYXQiOjE3Njk3Njk2MzcsIm5iZiI6MTc2OTc2OTUxNywib3JnIjoxLCJvbmx5Q2hhbm5lbHMiOlsic2xlLW1vZHVsZS1iYXNlc3lzdGVtMTUtc3A3LXBvb2wteDg2XzY0Il19.QR_62llDQRpDqj-nxfJy6T7XKKoUM3VrObh01PtKTuE HTTP/1.1" 200 -
172.16.3.5 - - [30/Jan/2026:11:42:28 +0100] "GET /rhn/systems/details/history/Pending.do?sid=1000010002& HTTP/1.1" 200 37859
172.16.3.7 - - [30/Jan/2026:11:42:28 +0100] "GET /rhn/manager/download/sle-module-basesystem15-sp7-pool-x86_64/getPackage/NULL/d830e5b9b7c17cec5c9ee49cd3fdc5141cd3c6f9e3b744d47024d22c52d8f1dc/libhns1-54.0-150700.1.9.x86_64.rpm?eyJhbGciOiJIUzI1NiJ9.eyJqdGkiOiJIOXluRHVNb2tMMzdxQ2RBTy1yNDRBIiwiZXhwIjoxODAxMzA1NjM3LCJpYXQiOjE3Njk3Njk2MzcsIm5iZiI6MTc2OTc2OTUxNywib3JnIjoxLCJvbmx5Q2hhbm5lbHMiOlsic2xlLW1vZHVsZS1iYXNlc3lzdGVtMTUtc3A3LXBvb2wteDg2XzY0Il19.QR_62llDQRpDqj-nxfJy6T7XKKoUM3VrObh01PtKTuE HTTP/1.1" 200 3664
172.16.3.7 - - [30/Jan/2026:11:42:28 +0100] "HEAD /rhn/manager/download/sle-module-basesystem15-sp7-pool-x86_64/getPackage/NULL/9d2d72466ba693ca70199e967539ef2e16f5b5642cc0c63624cc0553fa1fc165/libmlx4-1-54.0-150700.1.9.x86_64.rpm?eyJhbGciOiJIUzI1NiJ9.eyJqdGkiOiJIOXluRHVNb2tMMzdxQ2RBTy1yNDRBIiwiZXhwIjoxODAxMzA1NjM3LCJpYXQiOjE3Njk3Njk2MzcsIm5iZiI6MTc2OTc2OTUxNywib3JnIjoxLCJvbmx5Q2hhbm5lbHMiOlsic2xlLW1vZHVsZS1iYXNlc3lzdGVtMTUtc3A3LXBvb2wteDg2XzY0Il19.QR_62llDQRpDqj-nxfJy6T7XKKoUM3VrObh01PtKTuE HTTP/1.1" 200 -
172.16.3.7 - - [30/Jan/2026:11:42:28 +0100] "GET /rhn/manager/download/sle-module-basesystem15-sp7-pool-x86_64/getPackage/NULL/9d2d72466ba693ca70199e967539ef2e16f5b5642cc0c63624cc0553fa1fc165/libmlx4-1-54.0-150700.1.9.x86_64.rpm?eyJhbGciOiJIUzI1NiJ9.eyJqdGkiOiJIOXluRHVNb2tMMzdxQ2RBTy1yNDRBIiwiZXhwIjoxODAxMzA1NjM3LCJpYXQiOjE3Njk3Njk2MzcsIm5iZiI6MTc2OTc2OTUxNywib3JnIjoxLCJvbmx5Q2hhbm5lbHMiOlsic2xlLW1vZHVsZS1iYXNlc3lzdGVtMTUtc3A3LXBvb2wteDg2XzY0Il19.QR_62llDQRpDqj-nxfJy6T7XKKoUM3VrObh01PtKTuE HTTP/1.1" 200 3664
172.16.3.7 - - [30/Jan/2026:11:42:28 +0100] "HEAD /rhn/manager/download/sle-module-basesystem15-sp7-pool-x86_64/getPackage/NULL/bef522b4f3ae9a1f1507a195013856a633ba45e73d8b4a91d5cbf928bc2e0d36/libmana1-54.0-150700.1.9.x86_64.rpm?eyJhbGciOiJIUzI1NiJ9.eyJqdGkiOiJIOXluRHVNb2tMMzdxQ2RBTy1yNDRBIiwiZXhwIjoxODAxMzA1NjM3LCJpYXQiOjE3Njk3Njk2MzcsIm5iZiI6MTc2OTc2OTUxNywib3JnIjoxLCJvbmx5Q2hhbm5lbHMiOlsic2xlLW1vZHVsZS1iYXNlc3lzdGVtMTUtc3A3LXBvb2wteDg2XzY0Il19.QR_62llDQRpDqj-nxfJy6T7XKKoUM3VrObh01PtKTuE HTTP/1.1" 200 -
172.16.3.5 - - [30/Jan/2026:11:42:28 +0100] "POST /rhn/manager/frontend-log HTTP/1.1" 200 16
127.0.0.1 - - [30/Jan/2026:11:42:28 +0100] "GET /rhn/websocket/notifications HTTP/1.1" 101 -
172.16.3.7 - - [30/Jan/2026:11:42:28 +0100] "GET /rhn/manager/download/sle-module-basesystem15-sp7-pool-x86_64/getPackage/NULL/bef522b4f3ae9a1f1507a195013856a633ba45e73d8b4a91d5cbf928bc2e0d36/libmana1-54.0-150700.1.9.x86_64.rpm?eyJhbGciOiJIUzI1NiJ9.eyJqdGkiOiJIOXluRHVNb2tMMzdxQ2RBTy1yNDRBIiwiZXhwIjoxODAxMzA1NjM3LCJpYXQiOjE3Njk3Njk2MzcsIm5iZiI6MTc2OTc2OTUxNywib3JnIjoxLCJvbmx5Q2hhbm5lbHMiOlsic2xlLW1vZHVsZS1iYXNlc3lzdGVtMTUtc3A3LXBvb2wteDg2XzY0Il19.QR_62llDQRpDqj-nxfJy6T7XKKoUM3VrObh01PtKTuE HTTP/1.1" 200 3664
172.16.3.7 - - [30/Jan/2026:11:42:28 +0100] "HEAD /rhn/manager/download/sle-module-basesystem15-sp7-pool-x86_64/getPackage/NULL/071ec12b41f6b88b1cc371e31f69b4fb146e6170616ee6adf33f1a817d1526f5/libefa1-54.0-150700.1.9.x86_64.rpm?eyJhbGciOiJIUzI1NiJ9.eyJqdGkiOiJIOXluRHVNb2tMMzdxQ2RBTy1yNDRBIiwiZXhwIjoxODAxMzA1NjM3LCJpYXQiOjE3Njk3Njk2MzcsIm5iZiI6MTc2OTc2OTUxNywib3JnIjoxLCJvbmx5Q2hhbm5lbHMiOlsic2xlLW1vZHVsZS1iYXNlc3lzdGVtMTUtc3A3LXBvb2wteDg2XzY0Il19.QR_62llDQRpDqj-nxfJy6T7XKKoUM3VrObh01PtKTuE HTTP/1.1" 200 -
172.16.3.7 - - [30/Jan/2026:11:42:28 +0100] "GET /rhn/manager/download/sle-module-basesystem15-sp7-pool-x86_64/getPackage/NULL/071ec12b41f6b88b1cc371e31f69b4fb146e6170616ee6adf33f1a817d1526f5/libefa1-54.0-150700.1.9.x86_64.rpm?eyJhbGciOiJIUzI1NiJ9.eyJqdGkiOiJIOXluRHVNb2tMMzdxQ2RBTy1yNDRBIiwiZXhwIjoxODAxMzA1NjM3LCJpYXQiOjE3Njk3Njk2MzcsIm5iZiI6MTc2OTc2OTUxNywib3JnIjoxLCJvbmx5Q2hhbm5lbHMiOlsic2xlLW1vZHVsZS1iYXNlc3lzdGVtMTUtc3A3LXBvb2wteDg2XzY0Il19.QR_62llDQRpDqj-nxfJy6T7XKKoUM3VrObh01PtKTuE HTTP/1.1" 200 3664
172.16.3.7 - - [30/Jan/2026:11:42:28 +0100] "HEAD /rhn/manager/download/sle-module-basesystem15-sp7-pool-x86_64/getPackage/NULL/aea6db92173e4435a577a9d45db2d92885793bace007a83b6cc9ebf7966ea089/saxon9-9.4.0.7-150200.12.4.3.noarch.rpm?eyJhbGciOiJIUzI1NiJ9.eyJqdGkiOiJIOXluRHVNb2tMMzdxQ2RBTy1yNDRBIiwiZXhwIjoxODAxMzA1NjM3LCJpYXQiOjE3Njk3Njk2MzcsIm5iZiI6MTc2OTc2OTUxNywib3JnIjoxLCJvbmx5Q2hhbm5lbHMiOlsic2xlLW1vZHVsZS1iYXNlc3lzdGVtMTUtc3A3LXBvb2wteDg2XzY0Il19.QR_62llDQRpDqj-nxfJy6T7XKKoUM3VrObh01PtKTuE HTTP/1.1" 200 -
172.16.3.7 - - [30/Jan/2026:11:42:28 +0100] "GET /rhn/manager/download/sle-module-basesystem15-sp7-pool-x86_64/getPackage/NULL/aea6db92173e4435a577a9d45db2d92885793bace007a83b6cc9ebf7966ea089/saxon9-9.4.0.7-150200.12.4.3.noarch.rpm?eyJhbGciOiJIUzI1NiJ9.eyJqdGkiOiJIOXluRHVNb2tMMzdxQ2RBTy1yNDRBIiwiZXhwIjoxODAxMzA1NjM3LCJpYXQiOjE3Njk3Njk2MzcsIm5iZiI6MTc2OTc2OTUxNywib3JnIjoxLCJvbmx5Q2hhbm5lbHMiOlsic2xlLW1vZHVsZS1iYXNlc3lzdGVtMTUtc3A3LXBvb2wteDg2XzY0Il19.QR_62llDQRpDqj-nxfJy6T7XKKoUM3VrObh01PtKTuE HTTP/1.1" 200 3664
172.16.3.7 - - [30/Jan/2026:11:42:28 +0100] "HEAD /rhn/manager/download/sle-module-basesystem15-sp7-pool-x86_64/getPackage/NULL/6a676760554d703b38a2632c4797f55a31781e8d2f750d2cf56523760b9e26c8/libibverbs-54.0-150700.1.9.x86_64.rpm?eyJhbGciOiJIUzI1NiJ9.eyJqdGkiOiJIOXluRHVNb2tMMzdxQ2RBTy1yNDRBIiwiZXhwIjoxODAxMzA1NjM3LCJpYXQiOjE3Njk3Njk2MzcsIm5iZiI6MTc2OTc2OTUxNywib3JnIjoxLCJvbmx5Q2hhbm5lbHMiOlsic2xlLW1vZHVsZS1iYXNlc3lzdGVtMTUtc3A3LXBvb2wteDg2XzY0Il19.QR_62llDQRpDqj-nxfJy6T7XKKoUM3VrObh01PtKTuE HTTP/1.1" 200 -
172.16.3.5 - - [30/Jan/2026:11:42:28 +0100] "GET /rhn/systems/details/history/History.do?sid=1000010002& HTTP/1.1" 200 47390
172.16.3.7 - - [30/Jan/2026:11:42:28 +0100] "GET /rhn/manager/download/sle-module-basesystem15-sp7-pool-x86_64/getPackage/NULL/6a676760554d703b38a2632c4797f55a31781e8d2f750d2cf56523760b9e26c8/libibverbs-54.0-150700.1.9.x86_64.rpm?eyJhbGciOiJIUzI1NiJ9.eyJqdGkiOiJIOXluRHVNb2tMMzdxQ2RBTy1yNDRBIiwiZXhwIjoxODAxMzA1NjM3LCJpYXQiOjE3Njk3Njk2MzcsIm5iZiI6MTc2OTc2OTUxNywib3JnIjoxLCJvbmx5Q2hhbm5lbHMiOlsic2xlLW1vZHVsZS1iYXNlc3lzdGVtMTUtc3A3LXBvb2wteDg2XzY0Il19.QR_62llDQRpDqj-nxfJy6T7XKKoUM3VrObh01PtKTuE HTTP/1.1" 200 3664
172.16.3.7 - - [30/Jan/2026:11:42:28 +0100] "HEAD /rhn/manager/download/sle-module-basesystem15-sp7-pool-x86_64/getPackage/NULL/946ade17fcecda0b77e6c0770d6448056cab3f0a5598dcb8b0d255809c7e6ff7/librdmacm1-54.0-150700.1.9.x86_64.rpm?eyJhbGciOiJIUzI1NiJ9.eyJqdGkiOiJIOXluRHVNb2tMMzdxQ2RBTy1yNDRBIiwiZXhwIjoxODAxMzA1NjM3LCJpYXQiOjE3Njk3Njk2MzcsIm5iZiI6MTc2OTc2OTUxNywib3JnIjoxLCJvbmx5Q2hhbm5lbHMiOlsic2xlLW1vZHVsZS1iYXNlc3lzdGVtMTUtc3A3LXBvb2wteDg2XzY0Il19.QR_62llDQRpDqj-nxfJy6T7XKKoUM3VrObh01PtKTuE HTTP/1.1" 200 -
172.16.3.7 - - [30/Jan/2026:11:42:28 +0100] "GET /rhn/manager/download/sle-module-basesystem15-sp7-pool-x86_64/getPackage/NULL/946ade17fcecda0b77e6c0770d6448056cab3f0a5598dcb8b0d255809c7e6ff7/librdmacm1-54.0-150700.1.9.x86_64.rpm?eyJhbGciOiJIUzI1NiJ9.eyJqdGkiOiJIOXluRHVNb2tMMzdxQ2RBTy1yNDRBIiwiZXhwIjoxODAxMzA1NjM3LCJpYXQiOjE3Njk3Njk2MzcsIm5iZiI6MTc2OTc2OTUxNywib3JnIjoxLCJvbmx5Q2hhbm5lbHMiOlsic2xlLW1vZHVsZS1iYXNlc3lzdGVtMTUtc3A3LXBvb2wteDg2XzY0Il19.QR_62llDQRpDqj-nxfJy6T7XKKoUM3VrObh01PtKTuE HTTP/1.1" 200 3664
172.16.3.7 - - [30/Jan/2026:11:42:28 +0100] "HEAD /rhn/manager/download/sle-module-basesystem15-sp7-pool-x86_64/getPackage/NULL/4a76efc70888ce5ef1b319a947eb2c3e1703b05583d2c08757342733da581462/librados2-16.2.13.66+g54799ee0666-150400.3.11.1.x86_64.rpm?eyJhbGciOiJIUzI1NiJ9.eyJqdGkiOiJIOXluRHVNb2tMMzdxQ2RBTy1yNDRBIiwiZXhwIjoxODAxMzA1NjM3LCJpYXQiOjE3Njk3Njk2MzcsIm5iZiI6MTc2OTc2OTUxNywib3JnIjoxLCJvbmx5Q2hhbm5lbHMiOlsic2xlLW1vZHVsZS1iYXNlc3lzdGVtMTUtc3A3LXBvb2wteDg2XzY0Il19.QR_62llDQRpDqj-nxfJy6T7XKKoUM3VrObh01PtKTuE HTTP/1.1" 200 -
172.16.3.7 - - [30/Jan/2026:11:42:28 +0100] "GET /rhn/manager/download/sle-module-basesystem15-sp7-pool-x86_64/getPackage/NULL/4a76efc70888ce5ef1b319a947eb2c3e1703b05583d2c08757342733da581462/librados2-16.2.13.66+g54799ee0666-150400.3.11.1.x86_64.rpm?eyJhbGciOiJIUzI1NiJ9.eyJqdGkiOiJIOXluRHVNb2tMMzdxQ2RBTy1yNDRBIiwiZXhwIjoxODAxMzA1NjM3LCJpYXQiOjE3Njk3Njk2MzcsIm5iZiI6MTc2OTc2OTUxNywib3JnIjoxLCJvbmx5Q2hhbm5lbHMiOlsic2xlLW1vZHVsZS1iYXNlc3lzdGVtMTUtc3A3LXBvb2wteDg2XzY0Il19.QR_62llDQRpDqj-nxfJy6T7XKKoUM3VrObh01PtKTuE HTTP/1.1" 200 3664
127.0.0.1 - - [30/Jan/2026:11:42:28 +0100] "GET /rhn/websocket/notifications HTTP/1.1" 101 -
172.16.3.5 - - [30/Jan/2026:11:42:28 +0100] "POST /rhn/manager/frontend-log HTTP/1.1" 200 16
172.16.3.7 - - [30/Jan/2026:11:42:28 +0100] "HEAD /rhn/manager/download/sle-module-basesystem15-sp7-pool-x86_64/getPackage/NULL/edb25543d35191d49b08d6194a0a33d502b59a8a299f2e0b40922bb04083be63/librbd1-16.2.13.66+g54799ee0666-150400.3.11.1.x86_64.rpm?eyJhbGciOiJIUzI1NiJ9.eyJqdGkiOiJIOXluRHVNb2tMMzdxQ2RBTy1yNDRBIiwiZXhwIjoxODAxMzA1NjM3LCJpYXQiOjE3Njk3Njk2MzcsIm5iZiI6MTc2OTc2OTUxNywib3JnIjoxLCJvbmx5Q2hhbm5lbHMiOlsic2xlLW1vZHVsZS1iYXNlc3lzdGVtMTUtc3A3LXBvb2wteDg2XzY0Il19.QR_62llDQRpDqj-nxfJy6T7XKKoUM3VrObh01PtKTuE HTTP/1.1" 200 -
172.16.3.7 - - [30/Jan/2026:11:42:28 +0100] "GET /rhn/manager/download/sle-module-basesystem15-sp7-pool-x86_64/getPackage/NULL/edb25543d35191d49b08d6194a0a33d502b59a8a299f2e0b40922bb04083be63/librbd1-16.2.13.66+g54799ee0666-150400.3.11.1.x86_64.rpm?eyJhbGciOiJIUzI1NiJ9.eyJqdGkiOiJIOXluRHVNb2tMMzdxQ2RBTy1yNDRBIiwiZXhwIjoxODAxMzA1NjM3LCJpYXQiOjE3Njk3Njk2MzcsIm5iZiI6MTc2OTc2OTUxNywib3JnIjoxLCJvbmx5Q2hhbm5lbHMiOlsic2xlLW1vZHVsZS1iYXNlc3lzdGVtMTUtc3A3LXBvb2wteDg2XzY0Il19.QR_62llDQRpDqj-nxfJy6T7XKKoUM3VrObh01PtKTuE HTTP/1.1" 200 3664
172.16.3.7 - - [30/Jan/2026:11:42:28 +0100] "HEAD /rhn/manager/download/sle-module-python3-15-sp7-pool-x86_64/getPackage/NULL/c36d94e818cfbc4b59add7a2ec5773ba26bc25eedc8abb30460144dcf0b53439/python311-lxml-4.9.3-150400.8.8.1.x86_64.rpm?eyJhbGciOiJIUzI1NiJ9.eyJqdGkiOiJqTnQzUjZuX3c2WVJ2MmphOFlWc093IiwiZXhwIjoxODAxMzA1NjM3LCJpYXQiOjE3Njk3Njk2MzcsIm5iZiI6MTc2OTc2OTUxNywib3JnIjoxLCJvbmx5Q2hhbm5lbHMiOlsic2xlLW1vZHVsZS1weXRob24zLTE1LXNwNy1wb29sLXg4Nl82NCJdfQ.1CNb2YeKpBfgMSqQhmyqVZDQQImJz0E1gyw8J7WWgIY HTTP/1.1" 200 -
172.16.3.7 - - [30/Jan/2026:11:42:28 +0100] "GET /rhn/manager/download/sle-module-python3-15-sp7-pool-x86_64/getPackage/NULL/c36d94e818cfbc4b59add7a2ec5773ba26bc25eedc8abb30460144dcf0b53439/python311-lxml-4.9.3-150400.8.8.1.x86_64.rpm?eyJhbGciOiJIUzI1NiJ9.eyJqdGkiOiJqTnQzUjZuX3c2WVJ2MmphOFlWc093IiwiZXhwIjoxODAxMzA1NjM3LCJpYXQiOjE3Njk3Njk2MzcsIm5iZiI6MTc2OTc2OTUxNywib3JnIjoxLCJvbmx5Q2hhbm5lbHMiOlsic2xlLW1vZHVsZS1weXRob24zLTE1LXNwNy1wb29sLXg4Nl82NCJdfQ.1CNb2YeKpBfgMSqQhmyqVZDQQImJz0E1gyw8J7WWgIY HTTP/1.1" 200 3664
172.16.3.7 - - [30/Jan/2026:11:42:29 +0100] "HEAD /rhn/manager/download/sle-module-devtools15-sp7-pool-x86_64/getPackage/NULL/34cce15fc4f8fced1b574f038b9797d50907505ccead06033ac5189553c60c9b/isorelax-0.1-150200.11.4.4.noarch.rpm?eyJhbGciOiJIUzI1NiJ9.eyJqdGkiOiJsbUZXTnZhTUZwdnpFZ3ZxNzA0VGhBIiwiZXhwIjoxODAxMzA1NjM3LCJpYXQiOjE3Njk3Njk2MzcsIm5iZiI6MTc2OTc2OTUxNywib3JnIjoxLCJvbmx5Q2hhbm5lbHMiOlsic2xlLW1vZHVsZS1kZXZ0b29sczE1LXNwNy1wb29sLXg4Nl82NCJdfQ.RteEINSSZubPpdi3Hmrg9zFIIaGuD5YvkWpu6XQ6Tac HTTP/1.1" 200 -
172.16.3.7 - - [30/Jan/2026:11:42:29 +0100] "GET /rhn/manager/download/sle-module-devtools15-sp7-pool-x86_64/getPackage/NULL/34cce15fc4f8fced1b574f038b9797d50907505ccead06033ac5189553c60c9b/isorelax-0.1-150200.11.4.4.noarch.rpm?eyJhbGciOiJIUzI1NiJ9.eyJqdGkiOiJsbUZXTnZhTUZwdnpFZ3ZxNzA0VGhBIiwiZXhwIjoxODAxMzA1NjM3LCJpYXQiOjE3Njk3Njk2MzcsIm5iZiI6MTc2OTc2OTUxNywib3JnIjoxLCJvbmx5Q2hhbm5lbHMiOlsic2xlLW1vZHVsZS1kZXZ0b29sczE1LXNwNy1wb29sLXg4Nl82NCJdfQ.RteEINSSZubPpdi3Hmrg9zFIIaGuD5YvkWpu6XQ6Tac HTTP/1.1" 200 3664
172.16.3.7 - - [30/Jan/2026:11:42:29 +0100] "HEAD /rhn/manager/download/sle-module-devtools15-sp7-pool-x86_64/getPackage/NULL/6694123fbaffdd805442c289f9baa2b81cc8344e0473f359c414b471f4af3802/saxon9-scripts-9.4.0.7-150200.12.4.3.noarch.rpm?eyJhbGciOiJIUzI1NiJ9.eyJqdGkiOiJsbUZXTnZhTUZwdnpFZ3ZxNzA0VGhBIiwiZXhwIjoxODAxMzA1NjM3LCJpYXQiOjE3Njk3Njk2MzcsIm5iZiI6MTc2OTc2OTUxNywib3JnIjoxLCJvbmx5Q2hhbm5lbHMiOlsic2xlLW1vZHVsZS1kZXZ0b29sczE1LXNwNy1wb29sLXg4Nl82NCJdfQ.RteEINSSZubPpdi3Hmrg9zFIIaGuD5YvkWpu6XQ6Tac HTTP/1.1" 200 -
172.16.3.7 - - [30/Jan/2026:11:42:29 +0100] "GET /rhn/manager/download/sle-module-devtools15-sp7-pool-x86_64/getPackage/NULL/6694123fbaffdd805442c289f9baa2b81cc8344e0473f359c414b471f4af3802/saxon9-scripts-9.4.0.7-150200.12.4.3.noarch.rpm?eyJhbGciOiJIUzI1NiJ9.eyJqdGkiOiJsbUZXTnZhTUZwdnpFZ3ZxNzA0VGhBIiwiZXhwIjoxODAxMzA1NjM3LCJpYXQiOjE3Njk3Njk2MzcsIm5iZiI6MTc2OTc2OTUxNywib3JnIjoxLCJvbmx5Q2hhbm5lbHMiOlsic2xlLW1vZHVsZS1kZXZ0b29sczE1LXNwNy1wb29sLXg4Nl82NCJdfQ.RteEINSSZubPpdi3Hmrg9zFIIaGuD5YvkWpu6XQ6Tac HTTP/1.1" 200 3664
172.16.3.7 - - [30/Jan/2026:11:42:29 +0100] "HEAD /rhn/manager/download/sle-module-devtools15-sp7-pool-x86_64/getPackage/NULL/6de3c8442a6f536d7ade800b697e210d6bbab90bf75fd8860fbd48728dab08f6/jing-20220510-150200.10.7.3.noarch.rpm?eyJhbGciOiJIUzI1NiJ9.eyJqdGkiOiJsbUZXTnZhTUZwdnpFZ3ZxNzA0VGhBIiwiZXhwIjoxODAxMzA1NjM3LCJpYXQiOjE3Njk3Njk2MzcsIm5iZiI6MTc2OTc2OTUxNywib3JnIjoxLCJvbmx5Q2hhbm5lbHMiOlsic2xlLW1vZHVsZS1kZXZ0b29sczE1LXNwNy1wb29sLXg4Nl82NCJdfQ.RteEINSSZubPpdi3Hmrg9zFIIaGuD5YvkWpu6XQ6Tac HTTP/1.1" 200 -
172.16.3.7 - - [30/Jan/2026:11:42:29 +0100] "GET /rhn/manager/download/sle-module-devtools15-sp7-pool-x86_64/getPackage/NULL/6de3c8442a6f536d7ade800b697e210d6bbab90bf75fd8860fbd48728dab08f6/jing-20220510-150200.10.7.3.noarch.rpm?eyJhbGciOiJIUzI1NiJ9.eyJqdGkiOiJsbUZXTnZhTUZwdnpFZ3ZxNzA0VGhBIiwiZXhwIjoxODAxMzA1NjM3LCJpYXQiOjE3Njk3Njk2MzcsIm5iZiI6MTc2OTc2OTUxNywib3JnIjoxLCJvbmx5Q2hhbm5lbHMiOlsic2xlLW1vZHVsZS1kZXZ0b29sczE1LXNwNy1wb29sLXg4Nl82NCJdfQ.RteEINSSZubPpdi3Hmrg9zFIIaGuD5YvkWpu6XQ6Tac HTTP/1.1" 200 3664
172.16.3.7 - - [30/Jan/2026:11:42:29 +0100] "HEAD /rhn/manager/download/sle-module-server-applications15-sp7-updates-x86_64/getPackage/NULL/29eb322ec937609ad48a123788fd1f2070fb66e8b53b0332c16305a8dcc5d294/qemu-block-rbd-9.2.4-150700.3.11.1.x86_64.rpm?eyJhbGciOiJIUzI1NiJ9.eyJqdGkiOiJEdW54dWhQTVVvd2pmUF9qMXc0bDVRIiwiZXhwIjoxODAxMzA1NjM3LCJpYXQiOjE3Njk3Njk2MzcsIm5iZiI6MTc2OTc2OTUxNywib3JnIjoxLCJvbmx5Q2hhbm5lbHMiOlsic2xlLW1vZHVsZS1zZXJ2ZXItYXBwbGljYXRpb25zMTUtc3A3LXVwZGF0ZXMteDg2XzY0Il19.ViTrJ3ZFpR3ydcpEh5mfSf1CWVBOHIDDRT7AwGDc8qM HTTP/1.1" 200 -
172.16.3.7 - - [30/Jan/2026:11:42:29 +0100] "GET /rhn/manager/download/sle-module-server-applications15-sp7-updates-x86_64/getPackage/NULL/29eb322ec937609ad48a123788fd1f2070fb66e8b53b0332c16305a8dcc5d294/qemu-block-rbd-9.2.4-150700.3.11.1.x86_64.rpm?eyJhbGciOiJIUzI1NiJ9.eyJqdGkiOiJEdW54dWhQTVVvd2pmUF9qMXc0bDVRIiwiZXhwIjoxODAxMzA1NjM3LCJpYXQiOjE3Njk3Njk2MzcsIm5iZiI6MTc2OTc2OTUxNywib3JnIjoxLCJvbmx5Q2hhbm5lbHMiOlsic2xlLW1vZHVsZS1zZXJ2ZXItYXBwbGljYXRpb25zMTUtc3A3LXVwZGF0ZXMteDg2XzY0Il19.ViTrJ3ZFpR3ydcpEh5mfSf1CWVBOHIDDRT7AwGDc8qM HTTP/1.1" 200 3664
172.16.3.7 - - [30/Jan/2026:11:42:29 +0100] "HEAD /rhn/manager/download/sle-module-devtools15-sp7-updates-x86_64/getPackage/NULL/ea44278121a6c2730e698d081eaea2220749704507693e7878dcffa27c5c89d4/kiwi-systemdeps-image-validation-10.2.33-150600.14.10.2.x86_64.rpm?eyJhbGciOiJIUzI1NiJ9.eyJqdGkiOiJyS2NTbEJGTExYRnRLMWlhSlZUUHFnIiwiZXhwIjoxODAxMzA1NjM3LCJpYXQiOjE3Njk3Njk2MzcsIm5iZiI6MTc2OTc2OTUxNywib3JnIjoxLCJvbmx5Q2hhbm5lbHMiOlsic2xlLW1vZHVsZS1kZXZ0b29sczE1LXNwNy11cGRhdGVzLXg4Nl82NCJdfQ.yyLT8qkfuMVPohwyj7ubrBS8W6VglfboWfd9Trd7Qgc HTTP/1.1" 200 -
172.16.3.7 - - [30/Jan/2026:11:42:29 +0100] "GET /rhn/manager/download/sle-module-devtools15-sp7-updates-x86_64/getPackage/NULL/ea44278121a6c2730e698d081eaea2220749704507693e7878dcffa27c5c89d4/kiwi-systemdeps-image-validation-10.2.33-150600.14.10.2.x86_64.rpm?eyJhbGciOiJIUzI1NiJ9.eyJqdGkiOiJyS2NTbEJGTExYRnRLMWlhSlZUUHFnIiwiZXhwIjoxODAxMzA1NjM3LCJpYXQiOjE3Njk3Njk2MzcsIm5iZiI6MTc2OTc2OTUxNywib3JnIjoxLCJvbmx5Q2hhbm5lbHMiOlsic2xlLW1vZHVsZS1kZXZ0b29sczE1LXNwNy11cGRhdGVzLXg4Nl82NCJdfQ.yyLT8qkfuMVPohwyj7ubrBS8W6VglfboWfd9Trd7Qgc HTTP/1.1" 200 3664
172.16.3.7 - - [30/Jan/2026:11:42:29 +0100] "HEAD /rhn/manager/download/sle-module-basesystem15-sp7-updates-x86_64/getPackage/NULL/c0d28e3adc5a149f07aba9f022ee5f9122ff8304e9ea647077161e46113fa2af/qemu-tools-9.2.4-150700.3.11.1.x86_64.rpm?eyJhbGciOiJIUzI1NiJ9.eyJqdGkiOiJvZ0JwMlQ2ZXhOa1FobUZGcEVWeEZnIiwiZXhwIjoxODAxMzA1NjM3LCJpYXQiOjE3Njk3Njk2MzcsIm5iZiI6MTc2OTc2OTUxNywib3JnIjoxLCJvbmx5Q2hhbm5lbHMiOlsic2xlLW1vZHVsZS1iYXNlc3lzdGVtMTUtc3A3LXVwZGF0ZXMteDg2XzY0Il19._8zSWa2DSTIs1eGO6EHolKa4glx2E9heMVGXTB0QpDA HTTP/1.1" 200 -
172.16.3.7 - - [30/Jan/2026:11:42:29 +0100] "GET /rhn/manager/download/sle-module-basesystem15-sp7-updates-x86_64/getPackage/NULL/c0d28e3adc5a149f07aba9f022ee5f9122ff8304e9ea647077161e46113fa2af/qemu-tools-9.2.4-150700.3.11.1.x86_64.rpm?eyJhbGciOiJIUzI1NiJ9.eyJqdGkiOiJvZ0JwMlQ2ZXhOa1FobUZGcEVWeEZnIiwiZXhwIjoxODAxMzA1NjM3LCJpYXQiOjE3Njk3Njk2MzcsIm5iZiI6MTc2OTc2OTUxNywib3JnIjoxLCJvbmx5Q2hhbm5lbHMiOlsic2xlLW1vZHVsZS1iYXNlc3lzdGVtMTUtc3A3LXVwZGF0ZXMteDg2XzY0Il19._8zSWa2DSTIs1eGO6EHolKa4glx2E9heMVGXTB0QpDA HTTP/1.1" 200 3664
172.16.3.7 - - [30/Jan/2026:11:42:29 +0100] "HEAD /rhn/manager/download/sle-module-devtools15-sp7-updates-x86_64/getPackage/NULL/fcd2a8d00c3c334f166f05b6730ce8ea06740b32eebb520c274c5cdb4f4dcc84/kiwi-systemdeps-filesystems-10.2.33-150600.14.10.2.x86_64.rpm?eyJhbGciOiJIUzI1NiJ9.eyJqdGkiOiJyS2NTbEJGTExYRnRLMWlhSlZUUHFnIiwiZXhwIjoxODAxMzA1NjM3LCJpYXQiOjE3Njk3Njk2MzcsIm5iZiI6MTc2OTc2OTUxNywib3JnIjoxLCJvbmx5Q2hhbm5lbHMiOlsic2xlLW1vZHVsZS1kZXZ0b29sczE1LXNwNy11cGRhdGVzLXg4Nl82NCJdfQ.yyLT8qkfuMVPohwyj7ubrBS8W6VglfboWfd9Trd7Qgc HTTP/1.1" 200 -
