172.16.3.7 - - [30/Jan/2026:11:42:12 +0100] "HEAD /rhn/manager/download/sle-product-sles15-sp7-pool-x86_64/repodata/d34d50251ddccc5076dda6be822f830e76003f859d24fecd8a7417991ab5a954-susedata.xml.gz?eyJhbGciOiJIUzI1NiJ9.eyJqdGkiOiJLTnpCbE1nSi1ZZlFfMU5nZUtjakNnIiwiZXhwIjoxODAxMzA1NjM3LCJpYXQiOjE3Njk3Njk2MzcsIm5iZiI6MTc2OTc2OTUxNywib3JnIjoxLCJvbmx5Q2hhbm5lbHMiOlsic2xlLXByb2R1Y3Qtc2xlczE1LXNwNy1wb29sLXg4Nl82NCJdfQ.VNhB3ndRQkeFF_Tu-T8_yIuD6DTIrBiaErG6hZRADe8 HTTP/1.1" 200 -
172.16.3.5 - - [30/Jan/2026:11:42:12 +0100] "GET /rhn/systems/details/Overview.do?sid=1000010003 HTTP/1.1" 200 44413
172.16.3.7 - - [30/Jan/2026:11:42:12 +0100] "HEAD /rhn/manager/download/sles15-sp7-devel-uyuni-client-x86_64/repodata/repomd.xml?eyJhbGciOiJIUzI1NiJ9.eyJqdGkiOiJnLXpWQUVDdHJMZXZGTktVQXlsVDhRIiwiZXhwIjoxODAxMzA1NjM3LCJpYXQiOjE3Njk3Njk2MzcsIm5iZiI6MTc2OTc2OTUxNywib3JnIjoxLCJvbmx5Q2hhbm5lbHMiOlsic2xlczE1LXNwNy1kZXZlbC11eXVuaS1jbGllbnQteDg2XzY0Il19.V-ifUeLKIYAUFRWay3e129nOGxjbhTl88A9LchjokHA HTTP/1.1" 200 -
172.16.3.7 - - [30/Jan/2026:11:42:12 +0100] "HEAD /rhn/manager/download/sles15-sp7-devel-uyuni-client-x86_64/media.1/media?eyJhbGciOiJIUzI1NiJ9.eyJqdGkiOiJnLXpWQUVDdHJMZXZGTktVQXlsVDhRIiwiZXhwIjoxODAxMzA1NjM3LCJpYXQiOjE3Njk3Njk2MzcsIm5iZiI6MTc2OTc2OTUxNywib3JnIjoxLCJvbmx5Q2hhbm5lbHMiOlsic2xlczE1LXNwNy1kZXZlbC11eXVuaS1jbGllbnQteDg2XzY0Il19.V-ifUeLKIYAUFRWay3e129nOGxjbhTl88A9LchjokHA HTTP/1.1" 404 -
172.16.3.7 - - [30/Jan/2026:11:42:12 +0100] "HEAD /rhn/manager/download/sles15-sp7-devel-uyuni-client-x86_64/repodata/repomd.xml?eyJhbGciOiJIUzI1NiJ9.eyJqdGkiOiJnLXpWQUVDdHJMZXZGTktVQXlsVDhRIiwiZXhwIjoxODAxMzA1NjM3LCJpYXQiOjE3Njk3Njk2MzcsIm5iZiI6MTc2OTc2OTUxNywib3JnIjoxLCJvbmx5Q2hhbm5lbHMiOlsic2xlczE1LXNwNy1kZXZlbC11eXVuaS1jbGllbnQteDg2XzY0Il19.V-ifUeLKIYAUFRWay3e129nOGxjbhTl88A9LchjokHA HTTP/1.1" 200 -
172.16.3.7 - - [30/Jan/2026:11:42:13 +0100] "GET /rhn/manager/download/sles15-sp7-devel-uyuni-client-x86_64/repodata/repomd.xml?eyJhbGciOiJIUzI1NiJ9.eyJqdGkiOiJnLXpWQUVDdHJMZXZGTktVQXlsVDhRIiwiZXhwIjoxODAxMzA1NjM3LCJpYXQiOjE3Njk3Njk2MzcsIm5iZiI6MTc2OTc2OTUxNywib3JnIjoxLCJvbmx5Q2hhbm5lbHMiOlsic2xlczE1LXNwNy1kZXZlbC11eXVuaS1jbGllbnQteDg2XzY0Il19.V-ifUeLKIYAUFRWay3e129nOGxjbhTl88A9LchjokHA HTTP/1.1" 200 3664
172.16.3.5 - - [30/Jan/2026:11:42:13 +0100] "POST /rhn/manager/frontend-log HTTP/1.1" 200 16
127.0.0.1 - - [30/Jan/2026:11:42:13 +0100] "GET /rhn/websocket/notifications HTTP/1.1" 101 -
172.16.3.7 - - [30/Jan/2026:11:42:13 +0100] "HEAD /rhn/manager/download/sles15-sp7-devel-uyuni-client-x86_64/repodata/repomd.xml.asc?eyJhbGciOiJIUzI1NiJ9.eyJqdGkiOiJnLXpWQUVDdHJMZXZGTktVQXlsVDhRIiwiZXhwIjoxODAxMzA1NjM3LCJpYXQiOjE3Njk3Njk2MzcsIm5iZiI6MTc2OTc2OTUxNywib3JnIjoxLCJvbmx5Q2hhbm5lbHMiOlsic2xlczE1LXNwNy1kZXZlbC11eXVuaS1jbGllbnQteDg2XzY0Il19.V-ifUeLKIYAUFRWay3e129nOGxjbhTl88A9LchjokHA HTTP/1.1" 404 -
172.16.3.7 - - [30/Jan/2026:11:42:13 +0100] "HEAD /rhn/manager/download/sles15-sp7-devel-uyuni-client-x86_64/repodata/238a07499f4bd45cedfd3ae0806cd4fedd48f6d17be885cbbc88e22ec0bf8afc-primary.xml.gz?eyJhbGciOiJIUzI1NiJ9.eyJqdGkiOiJnLXpWQUVDdHJMZXZGTktVQXlsVDhRIiwiZXhwIjoxODAxMzA1NjM3LCJpYXQiOjE3Njk3Njk2MzcsIm5iZiI6MTc2OTc2OTUxNywib3JnIjoxLCJvbmx5Q2hhbm5lbHMiOlsic2xlczE1LXNwNy1kZXZlbC11eXVuaS1jbGllbnQteDg2XzY0Il19.V-ifUeLKIYAUFRWay3e129nOGxjbhTl88A9LchjokHA HTTP/1.1" 200 -
172.16.3.5 - - [30/Jan/2026:11:42:13 +0100] "POST /rhn/manager/frontend-log HTTP/1.1" 200 16
172.16.3.7 - - [30/Jan/2026:11:42:13 +0100] "GET /rhn/manager/download/sles15-sp7-devel-uyuni-client-x86_64/repodata/238a07499f4bd45cedfd3ae0806cd4fedd48f6d17be885cbbc88e22ec0bf8afc-primary.xml.gz?eyJhbGciOiJIUzI1NiJ9.eyJqdGkiOiJnLXpWQUVDdHJMZXZGTktVQXlsVDhRIiwiZXhwIjoxODAxMzA1NjM3LCJpYXQiOjE3Njk3Njk2MzcsIm5iZiI6MTc2OTc2OTUxNywib3JnIjoxLCJvbmx5Q2hhbm5lbHMiOlsic2xlczE1LXNwNy1kZXZlbC11eXVuaS1jbGllbnQteDg2XzY0Il19.V-ifUeLKIYAUFRWay3e129nOGxjbhTl88A9LchjokHA HTTP/1.1" 200 3664
172.16.3.7 - - [30/Jan/2026:11:42:13 +0100] "HEAD /rhn/manager/download/sles15-sp7-devel-uyuni-client-x86_64/repodata/8a5127520ba7846851b47d69f4166ab8bb3127da3fccb0935e621b6b6d6cf861-susedata.xml.gz?eyJhbGciOiJIUzI1NiJ9.eyJqdGkiOiJnLXpWQUVDdHJMZXZGTktVQXlsVDhRIiwiZXhwIjoxODAxMzA1NjM3LCJpYXQiOjE3Njk3Njk2MzcsIm5iZiI6MTc2OTc2OTUxNywib3JnIjoxLCJvbmx5Q2hhbm5lbHMiOlsic2xlczE1LXNwNy1kZXZlbC11eXVuaS1jbGllbnQteDg2XzY0Il19.V-ifUeLKIYAUFRWay3e129nOGxjbhTl88A9LchjokHA HTTP/1.1" 200 -
172.16.3.7 - - [30/Jan/2026:11:42:13 +0100] "GET /rhn/manager/download/sles15-sp7-devel-uyuni-client-x86_64/repodata/8a5127520ba7846851b47d69f4166ab8bb3127da3fccb0935e621b6b6d6cf861-susedata.xml.gz?eyJhbGciOiJIUzI1NiJ9.eyJqdGkiOiJnLXpWQUVDdHJMZXZGTktVQXlsVDhRIiwiZXhwIjoxODAxMzA1NjM3LCJpYXQiOjE3Njk3Njk2MzcsIm5iZiI6MTc2OTc2OTUxNywib3JnIjoxLCJvbmx5Q2hhbm5lbHMiOlsic2xlczE1LXNwNy1kZXZlbC11eXVuaS1jbGllbnQteDg2XzY0Il19.V-ifUeLKIYAUFRWay3e129nOGxjbhTl88A9LchjokHA HTTP/1.1" 200 3664
172.16.3.5 - - [30/Jan/2026:11:42:13 +0100] "GET /rhn/systems/details/packages/Packages.do?sid=1000010003& HTTP/1.1" 200 38493
127.0.0.1 - - [30/Jan/2026:11:42:13 +0100] "GET /rhn/websocket/notifications HTTP/1.1" 101 -
172.16.3.5 - - [30/Jan/2026:11:42:13 +0100] "POST /rhn/manager/frontend-log HTTP/1.1" 200 16
172.16.3.5 - - [30/Jan/2026:11:42:14 +0100] "GET /rhn/systems/details/SystemChannels.do?sid=1000010003& HTTP/1.1" 200 36846
172.16.3.5 - - [30/Jan/2026:11:42:14 +0100] "GET /rhn/systems/details/history/Pending.do?sid=1000010002& HTTP/1.1" 200 37859
172.16.3.5 - - [30/Jan/2026:11:42:14 +0100] "POST /rhn/manager/frontend-log HTTP/1.1" 200 16
127.0.0.1 - - [30/Jan/2026:11:42:14 +0100] "GET /rhn/websocket/notifications HTTP/1.1" 101 -
172.16.3.5 - - [30/Jan/2026:11:42:14 +0100] "POST /rhn/manager/frontend-log HTTP/1.1" 200 16
172.16.3.5 - - [30/Jan/2026:11:42:14 +0100] "GET /rhn/manager/api/systems/1000010003/channels HTTP/1.1" 200 534
127.0.0.1 - - [30/Jan/2026:11:42:14 +0100] "GET /rhn/websocket/notifications HTTP/1.1" 101 -
172.16.3.5 - - [30/Jan/2026:11:42:14 +0100] "GET /rhn/manager/api/systems/1000010003/channels-available-base HTTP/1.1" 200 1041
172.16.3.7 - - [30/Jan/2026:11:42:14 +0100] "HEAD /rhn/manager/download/sle-module-basesystem15-sp7-pool-x86_64/getPackage/NULL/e5b6e78440a67d6987c31a70a11621cf17272df6435466bd8fcd31958f0dd7f6/libsha1detectcoll1-1.0.3-2.18.x86_64.rpm?eyJhbGciOiJIUzI1NiJ9.eyJqdGkiOiJIOXluRHVNb2tMMzdxQ2RBTy1yNDRBIiwiZXhwIjoxODAxMzA1NjM3LCJpYXQiOjE3Njk3Njk2MzcsIm5iZiI6MTc2OTc2OTUxNywib3JnIjoxLCJvbmx5Q2hhbm5lbHMiOlsic2xlLW1vZHVsZS1iYXNlc3lzdGVtMTUtc3A3LXBvb2wteDg2XzY0Il19.QR_62llDQRpDqj-nxfJy6T7XKKoUM3VrObh01PtKTuE HTTP/1.1" 200 -
172.16.3.7 - - [30/Jan/2026:11:42:14 +0100] "GET /rhn/manager/download/sle-module-basesystem15-sp7-pool-x86_64/getPackage/NULL/e5b6e78440a67d6987c31a70a11621cf17272df6435466bd8fcd31958f0dd7f6/libsha1detectcoll1-1.0.3-2.18.x86_64.rpm?eyJhbGciOiJIUzI1NiJ9.eyJqdGkiOiJIOXluRHVNb2tMMzdxQ2RBTy1yNDRBIiwiZXhwIjoxODAxMzA1NjM3LCJpYXQiOjE3Njk3Njk2MzcsIm5iZiI6MTc2OTc2OTUxNywib3JnIjoxLCJvbmx5Q2hhbm5lbHMiOlsic2xlLW1vZHVsZS1iYXNlc3lzdGVtMTUtc3A3LXBvb2wteDg2XzY0Il19.QR_62llDQRpDqj-nxfJy6T7XKKoUM3VrObh01PtKTuE HTTP/1.1" 200 3664
172.16.3.7 - - [30/Jan/2026:11:42:14 +0100] "HEAD /rhn/manager/download/sle-module-basesystem15-sp7-updates-x86_64/getPackage/NULL/c93916b0da569c1dee83dde8b268c9fea33e4fc4b0f68f8924ca7adaabf35143/git-core-2.51.0-150600.3.15.1.x86_64.rpm?eyJhbGciOiJIUzI1NiJ9.eyJqdGkiOiJvZ0JwMlQ2ZXhOa1FobUZGcEVWeEZnIiwiZXhwIjoxODAxMzA1NjM3LCJpYXQiOjE3Njk3Njk2MzcsIm5iZiI6MTc2OTc2OTUxNywib3JnIjoxLCJvbmx5Q2hhbm5lbHMiOlsic2xlLW1vZHVsZS1iYXNlc3lzdGVtMTUtc3A3LXVwZGF0ZXMteDg2XzY0Il19._8zSWa2DSTIs1eGO6EHolKa4glx2E9heMVGXTB0QpDA HTTP/1.1" 200 -
172.16.3.5 - - [30/Jan/2026:11:42:14 +0100] "GET /rhn/manager/api/systems/1000010003/channels/129/accessible-children?oldBaseChannelId=129 HTTP/1.1" 200 283
172.16.3.7 - - [30/Jan/2026:11:42:14 +0100] "GET /rhn/manager/download/sle-module-basesystem15-sp7-updates-x86_64/getPackage/NULL/c93916b0da569c1dee83dde8b268c9fea33e4fc4b0f68f8924ca7adaabf35143/git-core-2.51.0-150600.3.15.1.x86_64.rpm?eyJhbGciOiJIUzI1NiJ9.eyJqdGkiOiJvZ0JwMlQ2ZXhOa1FobUZGcEVWeEZnIiwiZXhwIjoxODAxMzA1NjM3LCJpYXQiOjE3Njk3Njk2MzcsIm5iZiI6MTc2OTc2OTUxNywib3JnIjoxLCJvbmx5Q2hhbm5lbHMiOlsic2xlLW1vZHVsZS1iYXNlc3lzdGVtMTUtc3A3LXVwZGF0ZXMteDg2XzY0Il19._8zSWa2DSTIs1eGO6EHolKa4glx2E9heMVGXTB0QpDA HTTP/1.1" 200 3664
172.16.3.5 - - [30/Jan/2026:11:42:14 +0100] "GET /rhn/systems/details/history/Pending.do?sid=1000010002& HTTP/1.1" 200 37859
127.0.0.1 - - [30/Jan/2026:11:42:15 +0100] "GET /rhn/websocket/notifications HTTP/1.1" 101 -
172.16.3.5 - - [30/Jan/2026:11:42:15 +0100] "POST /rhn/manager/api/admin/mandatoryChannels HTTP/1.1" 200 43
172.16.3.5 - - [30/Jan/2026:11:42:15 +0100] "POST /rhn/manager/frontend-log HTTP/1.1" 200 16
172.16.3.5 - - [30/Jan/2026:11:42:15 +0100] "POST /rhn/manager/api/maintenance/upcoming-windows HTTP/1.1" 200 26
172.16.3.5 - - [30/Jan/2026:11:42:15 +0100] "GET /rhn/systems/details/history/History.do?sid=1000010002& HTTP/1.1" 200 47390
127.0.0.1 - - [30/Jan/2026:11:42:15 +0100] "GET /rhn/websocket/notifications HTTP/1.1" 101 -
172.16.3.5 - - [30/Jan/2026:11:42:15 +0100] "POST /rhn/manager/api/systems/1000010003/channels HTTP/1.1" 200 26
172.16.3.5 - - [30/Jan/2026:11:42:15 +0100] "POST /rhn/manager/frontend-log HTTP/1.1" 200 16
172.16.3.5 - - [30/Jan/2026:11:42:16 +0100] "GET /rhn/systems/details/history/Event.do?sid=1000010002&aid=20 HTTP/1.1" 200 38147
172.16.3.5 - - [30/Jan/2026:11:42:16 +0100] "GET /rhn/systems/details/history/Pending.do?sid=1000010003& HTTP/1.1" 200 40633
127.0.0.1 - - [30/Jan/2026:11:42:16 +0100] "GET /rhn/websocket/notifications HTTP/1.1" 101 -
172.16.3.5 - - [30/Jan/2026:11:42:16 +0100] "POST /rhn/manager/frontend-log HTTP/1.1" 200 16
172.16.3.5 - - [30/Jan/2026:11:42:16 +0100] "POST /rhn/manager/frontend-log HTTP/1.1" 200 16
127.0.0.1 - - [30/Jan/2026:11:42:17 +0100] "GET /rhn/websocket/notifications HTTP/1.1" 101 -
172.16.3.5 - - [30/Jan/2026:11:42:17 +0100] "GET /rhn/systems/details/history/Pending.do?sid=1000010003& HTTP/1.1" 200 40633
127.0.0.1 - - [30/Jan/2026:11:42:17 +0100] "GET /rhn/websocket/notifications HTTP/1.1" 101 -
172.16.3.5 - - [30/Jan/2026:11:42:17 +0100] "POST /rhn/manager/frontend-log HTTP/1.1" 200 16
172.16.3.5 - - [30/Jan/2026:11:42:18 +0100] "POST /rhn/manager/api/auth/login HTTP/1.1" 200 16
172.16.3.5 - - [30/Jan/2026:11:42:19 +0100] "POST /rhn/manager/api/system/searchByName HTTP/1.1" 200 162
172.16.3.5 - - [30/Jan/2026:11:42:19 +0100] "GET /rhn/manager/api/auth/logout HTTP/1.1" 200 16
172.16.3.5 - - [30/Jan/2026:11:42:19 +0100] "GET /rhn/systems/details/Overview.do?sid=1000010002 HTTP/1.1" 200 48551
172.16.3.5 - - [30/Jan/2026:11:42:20 +0100] "POST /rhn/manager/frontend-log HTTP/1.1" 200 16
127.0.0.1 - - [30/Jan/2026:11:42:20 +0100] "GET /rhn/websocket/notifications HTTP/1.1" 101 -
172.16.3.5 - - [30/Jan/2026:11:42:20 +0100] "POST /rhn/manager/frontend-log HTTP/1.1" 200 16
172.16.3.5 - - [30/Jan/2026:11:42:20 +0100] "GET /rhn/systems/details/Overview.do?sid=1000010002& HTTP/1.1" 200 48551
172.16.3.5 - - [30/Jan/2026:11:42:21 +0100] "POST /rhn/manager/frontend-log HTTP/1.1" 200 16
127.0.0.1 - - [30/Jan/2026:11:42:21 +0100] "GET /rhn/websocket/notifications HTTP/1.1" 101 -
172.16.3.7 - - [30/Jan/2026:11:42:21 +0100] "HEAD /rhn/manager/download/sle-module-basesystem15-sp7-pool-x86_64/getPackage/NULL/f5440f198ab6c4fb585654dcdb919f8bcc369548547521f9927f090196c3c448/libisofs6-1.5.6-150600.1.5.x86_64.rpm?eyJhbGciOiJIUzI1NiJ9.eyJqdGkiOiJIOXluRHVNb2tMMzdxQ2RBTy1yNDRBIiwiZXhwIjoxODAxMzA1NjM3LCJpYXQiOjE3Njk3Njk2MzcsIm5iZiI6MTc2OTc2OTUxNywib3JnIjoxLCJvbmx5Q2hhbm5lbHMiOlsic2xlLW1vZHVsZS1iYXNlc3lzdGVtMTUtc3A3LXBvb2wteDg2XzY0Il19.QR_62llDQRpDqj-nxfJy6T7XKKoUM3VrObh01PtKTuE HTTP/1.1" 200 -
172.16.3.7 - - [30/Jan/2026:11:42:21 +0100] "GET /rhn/manager/download/sle-module-basesystem15-sp7-pool-x86_64/getPackage/NULL/f5440f198ab6c4fb585654dcdb919f8bcc369548547521f9927f090196c3c448/libisofs6-1.5.6-150600.1.5.x86_64.rpm?eyJhbGciOiJIUzI1NiJ9.eyJqdGkiOiJIOXluRHVNb2tMMzdxQ2RBTy1yNDRBIiwiZXhwIjoxODAxMzA1NjM3LCJpYXQiOjE3Njk3Njk2MzcsIm5iZiI6MTc2OTc2OTUxNywib3JnIjoxLCJvbmx5Q2hhbm5lbHMiOlsic2xlLW1vZHVsZS1iYXNlc3lzdGVtMTUtc3A3LXBvb2wteDg2XzY0Il19.QR_62llDQRpDqj-nxfJy6T7XKKoUM3VrObh01PtKTuE HTTP/1.1" 200 3664
172.16.3.7 - - [30/Jan/2026:11:42:21 +0100] "HEAD /rhn/manager/download/sle-module-basesystem15-sp7-pool-x86_64/getPackage/NULL/fc01987c103deba82c90f938ce7db2707ceb1d9eca7f66698064ece67caa00a9/libsgutils2-1_48-2-1.48+11.56e7b2f-150600.3.3.11.x86_64.rpm?eyJhbGciOiJIUzI1NiJ9.eyJqdGkiOiJIOXluRHVNb2tMMzdxQ2RBTy1yNDRBIiwiZXhwIjoxODAxMzA1NjM3LCJpYXQiOjE3Njk3Njk2MzcsIm5iZiI6MTc2OTc2OTUxNywib3JnIjoxLCJvbmx5Q2hhbm5lbHMiOlsic2xlLW1vZHVsZS1iYXNlc3lzdGVtMTUtc3A3LXBvb2wteDg2XzY0Il19.QR_62llDQRpDqj-nxfJy6T7XKKoUM3VrObh01PtKTuE HTTP/1.1" 200 -
172.16.3.7 - - [30/Jan/2026:11:42:21 +0100] "GET /rhn/manager/download/sle-module-basesystem15-sp7-pool-x86_64/getPackage/NULL/fc01987c103deba82c90f938ce7db2707ceb1d9eca7f66698064ece67caa00a9/libsgutils2-1_48-2-1.48+11.56e7b2f-150600.3.3.11.x86_64.rpm?eyJhbGciOiJIUzI1NiJ9.eyJqdGkiOiJIOXluRHVNb2tMMzdxQ2RBTy1yNDRBIiwiZXhwIjoxODAxMzA1NjM3LCJpYXQiOjE3Njk3Njk2MzcsIm5iZiI6MTc2OTc2OTUxNywib3JnIjoxLCJvbmx5Q2hhbm5lbHMiOlsic2xlLW1vZHVsZS1iYXNlc3lzdGVtMTUtc3A3LXBvb2wteDg2XzY0Il19.QR_62llDQRpDqj-nxfJy6T7XKKoUM3VrObh01PtKTuE HTTP/1.1" 200 3664
172.16.3.7 - - [30/Jan/2026:11:42:21 +0100] "HEAD /rhn/manager/download/sle-module-basesystem15-sp7-pool-x86_64/getPackage/NULL/fcccb0d936a1f5b827f15036fa204a76bff5376d78b8e63d0ec3b1b36fb9743c/skopeo-1.14.4-150300.11.22.1.x86_64.rpm?eyJhbGciOiJIUzI1NiJ9.eyJqdGkiOiJIOXluRHVNb2tMMzdxQ2RBTy1yNDRBIiwiZXhwIjoxODAxMzA1NjM3LCJpYXQiOjE3Njk3Njk2MzcsIm5iZiI6MTc2OTc2OTUxNywib3JnIjoxLCJvbmx5Q2hhbm5lbHMiOlsic2xlLW1vZHVsZS1iYXNlc3lzdGVtMTUtc3A3LXBvb2wteDg2XzY0Il19.QR_62llDQRpDqj-nxfJy6T7XKKoUM3VrObh01PtKTuE HTTP/1.1" 200 -
172.16.3.7 - - [30/Jan/2026:11:42:21 +0100] "GET /rhn/manager/download/sle-module-basesystem15-sp7-pool-x86_64/getPackage/NULL/fcccb0d936a1f5b827f15036fa204a76bff5376d78b8e63d0ec3b1b36fb9743c/skopeo-1.14.4-150300.11.22.1.x86_64.rpm?eyJhbGciOiJIUzI1NiJ9.eyJqdGkiOiJIOXluRHVNb2tMMzdxQ2RBTy1yNDRBIiwiZXhwIjoxODAxMzA1NjM3LCJpYXQiOjE3Njk3Njk2MzcsIm5iZiI6MTc2OTc2OTUxNywib3JnIjoxLCJvbmx5Q2hhbm5lbHMiOlsic2xlLW1vZHVsZS1iYXNlc3lzdGVtMTUtc3A3LXBvb2wteDg2XzY0Il19.QR_62llDQRpDqj-nxfJy6T7XKKoUM3VrObh01PtKTuE HTTP/1.1" 200 3664
172.16.3.5 - - [30/Jan/2026:11:42:21 +0100] "GET /rhn/systems/details/Connection.do?sid=1000010002& HTTP/1.1" 200 39131
172.16.3.5 - - [30/Jan/2026:11:42:21 +0100] "GET /rhn/systems/details/history/History.do?sid=1000010001& HTTP/1.1" 200 45223
172.16.3.7 - - [30/Jan/2026:11:42:21 +0100] "HEAD /rhn/manager/download/sle-module-basesystem15-sp7-pool-x86_64/getPackage/NULL/c655279f82cffa816ae0b77e0bae92b1898629989d8a4c41508fed806a811f2f/libjpeg8-8.2.2-150600.22.5.x86_64.rpm?eyJhbGciOiJIUzI1NiJ9.eyJqdGkiOiJIOXluRHVNb2tMMzdxQ2RBTy1yNDRBIiwiZXhwIjoxODAxMzA1NjM3LCJpYXQiOjE3Njk3Njk2MzcsIm5iZiI6MTc2OTc2OTUxNywib3JnIjoxLCJvbmx5Q2hhbm5lbHMiOlsic2xlLW1vZHVsZS1iYXNlc3lzdGVtMTUtc3A3LXBvb2wteDg2XzY0Il19.QR_62llDQRpDqj-nxfJy6T7XKKoUM3VrObh01PtKTuE HTTP/1.1" 200 -
172.16.3.7 - - [30/Jan/2026:11:42:21 +0100] "GET /rhn/manager/download/sle-module-basesystem15-sp7-pool-x86_64/getPackage/NULL/c655279f82cffa816ae0b77e0bae92b1898629989d8a4c41508fed806a811f2f/libjpeg8-8.2.2-150600.22.5.x86_64.rpm?eyJhbGciOiJIUzI1NiJ9.eyJqdGkiOiJIOXluRHVNb2tMMzdxQ2RBTy1yNDRBIiwiZXhwIjoxODAxMzA1NjM3LCJpYXQiOjE3Njk3Njk2MzcsIm5iZiI6MTc2OTc2OTUxNywib3JnIjoxLCJvbmx5Q2hhbm5lbHMiOlsic2xlLW1vZHVsZS1iYXNlc3lzdGVtMTUtc3A3LXBvb2wteDg2XzY0Il19.QR_62llDQRpDqj-nxfJy6T7XKKoUM3VrObh01PtKTuE HTTP/1.1" 200 3664
172.16.3.7 - - [30/Jan/2026:11:42:21 +0100] "HEAD /rhn/manager/download/sle-module-basesystem15-sp7-pool-x86_64/getPackage/NULL/855fc920896aad9208b9ab5781dc5f4146219c57afb0d7908f84ef54594725a4/libfmt8-8.0.1-150400.1.8.x86_64.rpm?eyJhbGciOiJIUzI1NiJ9.eyJqdGkiOiJIOXluRHVNb2tMMzdxQ2RBTy1yNDRBIiwiZXhwIjoxODAxMzA1NjM3LCJpYXQiOjE3Njk3Njk2MzcsIm5iZiI6MTc2OTc2OTUxNywib3JnIjoxLCJvbmx5Q2hhbm5lbHMiOlsic2xlLW1vZHVsZS1iYXNlc3lzdGVtMTUtc3A3LXBvb2wteDg2XzY0Il19.QR_62llDQRpDqj-nxfJy6T7XKKoUM3VrObh01PtKTuE HTTP/1.1" 200 -
127.0.0.1 - - [30/Jan/2026:11:42:21 +0100] "GET /rhn/websocket/notifications HTTP/1.1" 101 -
172.16.3.5 - - [30/Jan/2026:11:42:21 +0100] "POST /rhn/manager/frontend-log HTTP/1.1" 200 16
172.16.3.7 - - [30/Jan/2026:11:42:21 +0100] "GET /rhn/manager/download/sle-module-basesystem15-sp7-pool-x86_64/getPackage/NULL/855fc920896aad9208b9ab5781dc5f4146219c57afb0d7908f84ef54594725a4/libfmt8-8.0.1-150400.1.8.x86_64.rpm?eyJhbGciOiJIUzI1NiJ9.eyJqdGkiOiJIOXluRHVNb2tMMzdxQ2RBTy1yNDRBIiwiZXhwIjoxODAxMzA1NjM3LCJpYXQiOjE3Njk3Njk2MzcsIm5iZiI6MTc2OTc2OTUxNywib3JnIjoxLCJvbmx5Q2hhbm5lbHMiOlsic2xlLW1vZHVsZS1iYXNlc3lzdGVtMTUtc3A3LXBvb2wteDg2XzY0Il19.QR_62llDQRpDqj-nxfJy6T7XKKoUM3VrObh01PtKTuE HTTP/1.1" 200 3663
172.16.3.5 - - [30/Jan/2026:11:42:21 +0100] "POST /rhn/manager/frontend-log HTTP/1.1" 200 16
172.16.3.7 - - [30/Jan/2026:11:42:21 +0100] "HEAD /rhn/manager/download/sle-module-basesystem15-sp7-pool-x86_64/getPackage/NULL/6becc1117ada1d22244a01a36729a6a1da4d4b5e74e59738dc06cf00e1a4a1e6/libburn4-1.5.6-150600.1.6.x86_64.rpm?eyJhbGciOiJIUzI1NiJ9.eyJqdGkiOiJIOXluRHVNb2tMMzdxQ2RBTy1yNDRBIiwiZXhwIjoxODAxMzA1NjM3LCJpYXQiOjE3Njk3Njk2MzcsIm5iZiI6MTc2OTc2OTUxNywib3JnIjoxLCJvbmx5Q2hhbm5lbHMiOlsic2xlLW1vZHVsZS1iYXNlc3lzdGVtMTUtc3A3LXBvb2wteDg2XzY0Il19.QR_62llDQRpDqj-nxfJy6T7XKKoUM3VrObh01PtKTuE HTTP/1.1" 200 -
127.0.0.1 - - [30/Jan/2026:11:42:21 +0100] "GET /rhn/websocket/notifications HTTP/1.1" 101 -
172.16.3.5 - - [30/Jan/2026:11:42:21 +0100] "POST /rhn/manager/api/auth/login HTTP/1.1" 200 16
172.16.3.7 - - [30/Jan/2026:11:42:21 +0100] "GET /rhn/manager/download/sle-module-basesystem15-sp7-pool-x86_64/getPackage/NULL/6becc1117ada1d22244a01a36729a6a1da4d4b5e74e59738dc06cf00e1a4a1e6/libburn4-1.5.6-150600.1.6.x86_64.rpm?eyJhbGciOiJIUzI1NiJ9.eyJqdGkiOiJIOXluRHVNb2tMMzdxQ2RBTy1yNDRBIiwiZXhwIjoxODAxMzA1NjM3LCJpYXQiOjE3Njk3Njk2MzcsIm5iZiI6MTc2OTc2OTUxNywib3JnIjoxLCJvbmx5Q2hhbm5lbHMiOlsic2xlLW1vZHVsZS1iYXNlc3lzdGVtMTUtc3A3LXBvb2wteDg2XzY0Il19.QR_62llDQRpDqj-nxfJy6T7XKKoUM3VrObh01PtKTuE HTTP/1.1" 200 3664
172.16.3.7 - - [30/Jan/2026:11:42:21 +0100] "HEAD /rhn/manager/download/sle-module-basesystem15-sp7-pool-x86_64/getPackage/NULL/d3d4a456ce1f649fbfce13d17f6d8fc78336395a60a319290cefcdc2705fbf58/squashfs-4.6.1-150300.3.3.1.x86_64.rpm?eyJhbGciOiJIUzI1NiJ9.eyJqdGkiOiJIOXluRHVNb2tMMzdxQ2RBTy1yNDRBIiwiZXhwIjoxODAxMzA1NjM3LCJpYXQiOjE3Njk3Njk2MzcsIm5iZiI6MTc2OTc2OTUxNywib3JnIjoxLCJvbmx5Q2hhbm5lbHMiOlsic2xlLW1vZHVsZS1iYXNlc3lzdGVtMTUtc3A3LXBvb2wteDg2XzY0Il19.QR_62llDQRpDqj-nxfJy6T7XKKoUM3VrObh01PtKTuE HTTP/1.1" 200 -
172.16.3.7 - - [30/Jan/2026:11:42:21 +0100] "GET /rhn/manager/download/sle-module-basesystem15-sp7-pool-x86_64/getPackage/NULL/d3d4a456ce1f649fbfce13d17f6d8fc78336395a60a319290cefcdc2705fbf58/squashfs-4.6.1-150300.3.3.1.x86_64.rpm?eyJhbGciOiJIUzI1NiJ9.eyJqdGkiOiJIOXluRHVNb2tMMzdxQ2RBTy1yNDRBIiwiZXhwIjoxODAxMzA1NjM3LCJpYXQiOjE3Njk3Njk2MzcsIm5iZiI6MTc2OTc2OTUxNywib3JnIjoxLCJvbmx5Q2hhbm5lbHMiOlsic2xlLW1vZHVsZS1iYXNlc3lzdGVtMTUtc3A3LXBvb2wteDg2XzY0Il19.QR_62llDQRpDqj-nxfJy6T7XKKoUM3VrObh01PtKTuE HTTP/1.1" 200 3664
172.16.3.7 - - [30/Jan/2026:11:42:21 +0100] "HEAD /rhn/manager/download/sle-module-basesystem15-sp7-pool-x86_64/getPackage/NULL/9973426cdd354071995f9ff6985b810a929235b2ea2ee632ebca3e4a19cc8436/virtiofsd-1.12.0-150700.1.8.x86_64.rpm?eyJhbGciOiJIUzI1NiJ9.eyJqdGkiOiJIOXluRHVNb2tMMzdxQ2RBTy1yNDRBIiwiZXhwIjoxODAxMzA1NjM3LCJpYXQiOjE3Njk3Njk2MzcsIm5iZiI6MTc2OTc2OTUxNywib3JnIjoxLCJvbmx5Q2hhbm5lbHMiOlsic2xlLW1vZHVsZS1iYXNlc3lzdGVtMTUtc3A3LXBvb2wteDg2XzY0Il19.QR_62llDQRpDqj-nxfJy6T7XKKoUM3VrObh01PtKTuE HTTP/1.1" 200 -
172.16.3.5 - - [30/Jan/2026:11:42:21 +0100] "POST /rhn/manager/api/system/searchByName HTTP/1.1" 200 157
172.16.3.7 - - [30/Jan/2026:11:42:21 +0100] "GET /rhn/manager/download/sle-module-basesystem15-sp7-pool-x86_64/getPackage/NULL/9973426cdd354071995f9ff6985b810a929235b2ea2ee632ebca3e4a19cc8436/virtiofsd-1.12.0-150700.1.8.x86_64.rpm?eyJhbGciOiJIUzI1NiJ9.eyJqdGkiOiJIOXluRHVNb2tMMzdxQ2RBTy1yNDRBIiwiZXhwIjoxODAxMzA1NjM3LCJpYXQiOjE3Njk3Njk2MzcsIm5iZiI6MTc2OTc2OTUxNywib3JnIjoxLCJvbmx5Q2hhbm5lbHMiOlsic2xlLW1vZHVsZS1iYXNlc3lzdGVtMTUtc3A3LXBvb2wteDg2XzY0Il19.QR_62llDQRpDqj-nxfJy6T7XKKoUM3VrObh01PtKTuE HTTP/1.1" 200 3664
172.16.3.7 - - [30/Jan/2026:11:42:22 +0100] "HEAD /rhn/manager/download/sle-module-basesystem15-sp7-pool-x86_64/getPackage/NULL/d980a48dc49dfb5d29c53c0f97e5a63057d39705c18d38eef97499c9084c70dd/javapackages-filesystem-6.3.4-150200.3.15.1.x86_64.rpm?eyJhbGciOiJIUzI1NiJ9.eyJqdGkiOiJIOXluRHVNb2tMMzdxQ2RBTy1yNDRBIiwiZXhwIjoxODAxMzA1NjM3LCJpYXQiOjE3Njk3Njk2MzcsIm5iZiI6MTc2OTc2OTUxNywib3JnIjoxLCJvbmx5Q2hhbm5lbHMiOlsic2xlLW1vZHVsZS1iYXNlc3lzdGVtMTUtc3A3LXBvb2wteDg2XzY0Il19.QR_62llDQRpDqj-nxfJy6T7XKKoUM3VrObh01PtKTuE HTTP/1.1" 200 -
172.16.3.7 - - [30/Jan/2026:11:42:22 +0100] "GET /rhn/manager/download/sle-module-basesystem15-sp7-pool-x86_64/getPackage/NULL/d980a48dc49dfb5d29c53c0f97e5a63057d39705c18d38eef97499c9084c70dd/javapackages-filesystem-6.3.4-150200.3.15.1.x86_64.rpm?eyJhbGciOiJIUzI1NiJ9.eyJqdGkiOiJIOXluRHVNb2tMMzdxQ2RBTy1yNDRBIiwiZXhwIjoxODAxMzA1NjM3LCJpYXQiOjE3Njk3Njk2MzcsIm5iZiI6MTc2OTc2OTUxNywib3JnIjoxLCJvbmx5Q2hhbm5lbHMiOlsic2xlLW1vZHVsZS1iYXNlc3lzdGVtMTUtc3A3LXBvb2wteDg2XzY0Il19.QR_62llDQRpDqj-nxfJy6T7XKKoUM3VrObh01PtKTuE HTTP/1.1" 200 3664
172.16.3.7 - - [30/Jan/2026:11:42:22 +0100] "HEAD /rhn/manager/download/sle-module-basesystem15-sp7-pool-x86_64/getPackage/NULL/3727133161470ebc4495f345f5057f13b4d9a4f70f3d3375d4d8b15d041936cd/mtools-4.0.43-150600.1.6.x86_64.rpm?eyJhbGciOiJIUzI1NiJ9.eyJqdGkiOiJIOXluRHVNb2tMMzdxQ2RBTy1yNDRBIiwiZXhwIjoxODAxMzA1NjM3LCJpYXQiOjE3Njk3Njk2MzcsIm5iZiI6MTc2OTc2OTUxNywib3JnIjoxLCJvbmx5Q2hhbm5lbHMiOlsic2xlLW1vZHVsZS1iYXNlc3lzdGVtMTUtc3A3LXBvb2wteDg2XzY0Il19.QR_62llDQRpDqj-nxfJy6T7XKKoUM3VrObh01PtKTuE HTTP/1.1" 200 -
172.16.3.5 - - [30/Jan/2026:11:42:22 +0100] "GET /rhn/manager/api/auth/logout HTTP/1.1" 200 16
172.16.3.7 - - [30/Jan/2026:11:42:22 +0100] "GET /rhn/manager/download/sle-module-basesystem15-sp7-pool-x86_64/getPackage/NULL/3727133161470ebc4495f345f5057f13b4d9a4f70f3d3375d4d8b15d041936cd/mtools-4.0.43-150600.1.6.x86_64.rpm?eyJhbGciOiJIUzI1NiJ9.eyJqdGkiOiJIOXluRHVNb2tMMzdxQ2RBTy1yNDRBIiwiZXhwIjoxODAxMzA1NjM3LCJpYXQiOjE3Njk3Njk2MzcsIm5iZiI6MTc2OTc2OTUxNywib3JnIjoxLCJvbmx5Q2hhbm5lbHMiOlsic2xlLW1vZHVsZS1iYXNlc3lzdGVtMTUtc3A3LXBvb2wteDg2XzY0Il19.QR_62llDQRpDqj-nxfJy6T7XKKoUM3VrObh01PtKTuE HTTP/1.1" 200 3664
172.16.3.7 - - [30/Jan/2026:11:42:22 +0100] "HEAD /rhn/manager/download/sle-module-basesystem15-sp7-pool-x86_64/getPackage/NULL/1e5934494118ae929445f87f1d485ad83d820437f390ec8e834ff0f95e3f3a8d/libpcsclite1-1.9.4-150400.3.2.1.x86_64.rpm?eyJhbGciOiJIUzI1NiJ9.eyJqdGkiOiJIOXluRHVNb2tMMzdxQ2RBTy1yNDRBIiwiZXhwIjoxODAxMzA1NjM3LCJpYXQiOjE3Njk3Njk2MzcsIm5iZiI6MTc2OTc2OTUxNywib3JnIjoxLCJvbmx5Q2hhbm5lbHMiOlsic2xlLW1vZHVsZS1iYXNlc3lzdGVtMTUtc3A3LXBvb2wteDg2XzY0Il19.QR_62llDQRpDqj-nxfJy6T7XKKoUM3VrObh01PtKTuE HTTP/1.1" 200 -
172.16.3.7 - - [30/Jan/2026:11:42:22 +0100] "GET /rhn/manager/download/sle-module-basesystem15-sp7-pool-x86_64/getPackage/NULL/1e5934494118ae929445f87f1d485ad83d820437f390ec8e834ff0f95e3f3a8d/libpcsclite1-1.9.4-150400.3.2.1.x86_64.rpm?eyJhbGciOiJIUzI1NiJ9.eyJqdGkiOiJIOXluRHVNb2tMMzdxQ2RBTy1yNDRBIiwiZXhwIjoxODAxMzA1NjM3LCJpYXQiOjE3Njk3Njk2MzcsIm5iZiI6MTc2OTc2OTUxNywib3JnIjoxLCJvbmx5Q2hhbm5lbHMiOlsic2xlLW1vZHVsZS1iYXNlc3lzdGVtMTUtc3A3LXBvb2wteDg2XzY0Il19.QR_62llDQRpDqj-nxfJy6T7XKKoUM3VrObh01PtKTuE HTTP/1.1" 200 3664
172.16.3.7 - - [30/Jan/2026:11:42:22 +0100] "HEAD /rhn/manager/download/sle-module-basesystem15-sp7-pool-x86_64/getPackage/NULL/3d9c0dff6e47be0c931e720959eff43a9dabe4e0011ae0fb6122bceade805668/pcsc-lite-1.9.4-150400.3.2.1.x86_64.rpm?eyJhbGciOiJIUzI1NiJ9.eyJqdGkiOiJIOXluRHVNb2tMMzdxQ2RBTy1yNDRBIiwiZXhwIjoxODAxMzA1NjM3LCJpYXQiOjE3Njk3Njk2MzcsIm5iZiI6MTc2OTc2OTUxNywib3JnIjoxLCJvbmx5Q2hhbm5lbHMiOlsic2xlLW1vZHVsZS1iYXNlc3lzdGVtMTUtc3A3LXBvb2wteDg2XzY0Il19.QR_62llDQRpDqj-nxfJy6T7XKKoUM3VrObh01PtKTuE HTTP/1.1" 200 -
172.16.3.5 - - [30/Jan/2026:11:42:22 +0100] "GET /rhn/systems/details/history/Event.do?sid=1000010001&aid=21 HTTP/1.1" 200 38165
172.16.3.7 - - [30/Jan/2026:11:42:22 +0100] "GET /rhn/manager/download/sle-module-basesystem15-sp7-pool-x86_64/getPackage/NULL/3d9c0dff6e47be0c931e720959eff43a9dabe4e0011ae0fb6122bceade805668/pcsc-lite-1.9.4-150400.3.2.1.x86_64.rpm?eyJhbGciOiJIUzI1NiJ9.eyJqdGkiOiJIOXluRHVNb2tMMzdxQ2RBTy1yNDRBIiwiZXhwIjoxODAxMzA1NjM3LCJpYXQiOjE3Njk3Njk2MzcsIm5iZiI6MTc2OTc2OTUxNywib3JnIjoxLCJvbmx5Q2hhbm5lbHMiOlsic2xlLW1vZHVsZS1iYXNlc3lzdGVtMTUtc3A3LXBvb2wteDg2XzY0Il19.QR_62llDQRpDqj-nxfJy6T7XKKoUM3VrObh01PtKTuE HTTP/1.1" 200 3664
172.16.3.7 - - [30/Jan/2026:11:42:22 +0100] "HEAD /rhn/manager/download/sle-module-basesystem15-sp7-pool-x86_64/getPackage/NULL/8ada9caabcd96718b70ab0fb11967de1b1df246901614124ba423e38f1c18059/rdma-core-54.0-150700.1.9.x86_64.rpm?eyJhbGciOiJIUzI1NiJ9.eyJqdGkiOiJIOXluRHVNb2tMMzdxQ2RBTy1yNDRBIiwiZXhwIjoxODAxMzA1NjM3LCJpYXQiOjE3Njk3Njk2MzcsIm5iZiI6MTc2OTc2OTUxNywib3JnIjoxLCJvbmx5Q2hhbm5lbHMiOlsic2xlLW1vZHVsZS1iYXNlc3lzdGVtMTUtc3A3LXBvb2wteDg2XzY0Il19.QR_62llDQRpDqj-nxfJy6T7XKKoUM3VrObh01PtKTuE HTTP/1.1" 200 -
172.16.3.7 - - [30/Jan/2026:11:42:22 +0100] "GET /rhn/manager/download/sle-module-basesystem15-sp7-pool-x86_64/getPackage/NULL/8ada9caabcd96718b70ab0fb11967de1b1df246901614124ba423e38f1c18059/rdma-core-54.0-150700.1.9.x86_64.rpm?eyJhbGciOiJIUzI1NiJ9.eyJqdGkiOiJIOXluRHVNb2tMMzdxQ2RBTy1yNDRBIiwiZXhwIjoxODAxMzA1NjM3LCJpYXQiOjE3Njk3Njk2MzcsIm5iZiI6MTc2OTc2OTUxNywib3JnIjoxLCJvbmx5Q2hhbm5lbHMiOlsic2xlLW1vZHVsZS1iYXNlc3lzdGVtMTUtc3A3LXBvb2wteDg2XzY0Il19.QR_62llDQRpDqj-nxfJy6T7XKKoUM3VrObh01PtKTuE HTTP/1.1" 200 3664
127.0.0.1 - - [30/Jan/2026:11:42:22 +0100] "GET /rhn/websocket/notifications HTTP/1.1" 101 -
172.16.3.5 - - [30/Jan/2026:11:42:22 +0100] "POST /rhn/manager/frontend-log HTTP/1.1" 200 16
172.16.3.7 - - [30/Jan/2026:11:42:22 +0100] "HEAD /rhn/manager/download/sle-module-basesystem15-sp7-pool-x86_64/getPackage/NULL/5f70afff969ae9d34982bf920c536d8b586a7d1b96f89708a60e4b4d2d018354/liblttng-ust0-2.12.0-1.30.x86_64.rpm?eyJhbGciOiJIUzI1NiJ9.eyJqdGkiOiJIOXluRHVNb2tMMzdxQ2RBTy1yNDRBIiwiZXhwIjoxODAxMzA1NjM3LCJpYXQiOjE3Njk3Njk2MzcsIm5iZiI6MTc2OTc2OTUxNywib3JnIjoxLCJvbmx5Q2hhbm5lbHMiOlsic2xlLW1vZHVsZS1iYXNlc3lzdGVtMTUtc3A3LXBvb2wteDg2XzY0Il19.QR_62llDQRpDqj-nxfJy6T7XKKoUM3VrObh01PtKTuE HTTP/1.1" 200 -
172.16.3.7 - - [30/Jan/2026:11:42:22 +0100] "GET /rhn/manager/download/sle-module-basesystem15-sp7-pool-x86_64/getPackage/NULL/5f70afff969ae9d34982bf920c536d8b586a7d1b96f89708a60e4b4d2d018354/liblttng-ust0-2.12.0-1.30.x86_64.rpm?eyJhbGciOiJIUzI1NiJ9.eyJqdGkiOiJIOXluRHVNb2tMMzdxQ2RBTy1yNDRBIiwiZXhwIjoxODAxMzA1NjM3LCJpYXQiOjE3Njk3Njk2MzcsIm5iZiI6MTc2OTc2OTUxNywib3JnIjoxLCJvbmx5Q2hhbm5lbHMiOlsic2xlLW1vZHVsZS1iYXNlc3lzdGVtMTUtc3A3LXBvb2wteDg2XzY0Il19.QR_62llDQRpDqj-nxfJy6T7XKKoUM3VrObh01PtKTuE HTTP/1.1" 200 3664
172.16.3.7 - - [30/Jan/2026:11:42:22 +0100] "HEAD /rhn/manager/download/sle-module-basesystem15-sp7-pool-x86_64/getPackage/NULL/cd529db3e49b8587d38fdf519415d4983a0c78769615e6126f58f3ee2ba42a5b/libasound2-1.2.10-150600.2.3.x86_64.rpm?eyJhbGciOiJIUzI1NiJ9.eyJqdGkiOiJIOXluRHVNb2tMMzdxQ2RBTy1yNDRBIiwiZXhwIjoxODAxMzA1NjM3LCJpYXQiOjE3Njk3Njk2MzcsIm5iZiI6MTc2OTc2OTUxNywib3JnIjoxLCJvbmx5Q2hhbm5lbHMiOlsic2xlLW1vZHVsZS1iYXNlc3lzdGVtMTUtc3A3LXBvb2wteDg2XzY0Il19.QR_62llDQRpDqj-nxfJy6T7XKKoUM3VrObh01PtKTuE HTTP/1.1" 200 -
172.16.3.7 - - [30/Jan/2026:11:42:22 +0100] "GET /rhn/manager/download/sle-module-basesystem15-sp7-pool-x86_64/getPackage/NULL/cd529db3e49b8587d38fdf519415d4983a0c78769615e6126f58f3ee2ba42a5b/libasound2-1.2.10-150600.2.3.x86_64.rpm?eyJhbGciOiJIUzI1NiJ9.eyJqdGkiOiJIOXluRHVNb2tMMzdxQ2RBTy1yNDRBIiwiZXhwIjoxODAxMzA1NjM3LCJpYXQiOjE3Njk3Njk2MzcsIm5iZiI6MTc2OTc2OTUxNywib3JnIjoxLCJvbmx5Q2hhbm5lbHMiOlsic2xlLW1vZHVsZS1iYXNlc3lzdGVtMTUtc3A3LXBvb2wteDg2XzY0Il19.QR_62llDQRpDqj-nxfJy6T7XKKoUM3VrObh01PtKTuE HTTP/1.1" 200 3664
172.16.3.7 - - [30/Jan/2026:11:42:22 +0100] "HEAD /rhn/manager/download/sle-module-basesystem15-sp7-pool-x86_64/getPackage/NULL/862df2244f23f3ef1941a66227caf097d6066a0e8469018745a0b9cceadd3f9e/xkeyboard-config-2.42-150700.1.1.noarch.rpm?eyJhbGciOiJIUzI1NiJ9.eyJqdGkiOiJIOXluRHVNb2tMMzdxQ2RBTy1yNDRBIiwiZXhwIjoxODAxMzA1NjM3LCJpYXQiOjE3Njk3Njk2MzcsIm5iZiI6MTc2OTc2OTUxNywib3JnIjoxLCJvbmx5Q2hhbm5lbHMiOlsic2xlLW1vZHVsZS1iYXNlc3lzdGVtMTUtc3A3LXBvb2wteDg2XzY0Il19.QR_62llDQRpDqj-nxfJy6T7XKKoUM3VrObh01PtKTuE HTTP/1.1" 200 -
172.16.3.7 - - [30/Jan/2026:11:42:22 +0100] "GET /rhn/manager/download/sle-module-basesystem15-sp7-pool-x86_64/getPackage/NULL/862df2244f23f3ef1941a66227caf097d6066a0e8469018745a0b9cceadd3f9e/xkeyboard-config-2.42-150700.1.1.noarch.rpm?eyJhbGciOiJIUzI1NiJ9.eyJqdGkiOiJIOXluRHVNb2tMMzdxQ2RBTy1yNDRBIiwiZXhwIjoxODAxMzA1NjM3LCJpYXQiOjE3Njk3Njk2MzcsIm5iZiI6MTc2OTc2OTUxNywib3JnIjoxLCJvbmx5Q2hhbm5lbHMiOlsic2xlLW1vZHVsZS1iYXNlc3lzdGVtMTUtc3A3LXBvb2wteDg2XzY0Il19.QR_62llDQRpDqj-nxfJy6T7XKKoUM3VrObh01PtKTuE HTTP/1.1" 200 3664
172.16.3.5 - - [30/Jan/2026:11:42:22 +0100] "GET /rhn/systems/details/Overview.do?sid=1000010000 HTTP/1.1" 200 43368
172.16.3.7 - - [30/Jan/2026:11:42:22 +0100] "HEAD /rhn/manager/download/sle-module-basesystem15-sp7-pool-x86_64/getPackage/NULL/00875c6eb07e76f347a9f8589543f99092163c4b80a4c5160af5c209e1705bf3/sg3_utils-1.48+11.56e7b2f-150600.3.3.11.x86_64.rpm?eyJhbGciOiJIUzI1NiJ9.eyJqdGkiOiJIOXluRHVNb2tMMzdxQ2RBTy1yNDRBIiwiZXhwIjoxODAxMzA1NjM3LCJpYXQiOjE3Njk3Njk2MzcsIm5iZiI6MTc2OTc2OTUxNywib3JnIjoxLCJvbmx5Q2hhbm5lbHMiOlsic2xlLW1vZHVsZS1iYXNlc3lzdGVtMTUtc3A3LXBvb2wteDg2XzY0Il19.QR_62llDQRpDqj-nxfJy6T7XKKoUM3VrObh01PtKTuE HTTP/1.1" 200 -
172.16.3.7 - - [30/Jan/2026:11:42:22 +0100] "GET /rhn/manager/download/sle-module-basesystem15-sp7-pool-x86_64/getPackage/NULL/00875c6eb07e76f347a9f8589543f99092163c4b80a4c5160af5c209e1705bf3/sg3_utils-1.48+11.56e7b2f-150600.3.3.11.x86_64.rpm?eyJhbGciOiJIUzI1NiJ9.eyJqdGkiOiJIOXluRHVNb2tMMzdxQ2RBTy1yNDRBIiwiZXhwIjoxODAxMzA1NjM3LCJpYXQiOjE3Njk3Njk2MzcsIm5iZiI6MTc2OTc2OTUxNywib3JnIjoxLCJvbmx5Q2hhbm5lbHMiOlsic2xlLW1vZHVsZS1iYXNlc3lzdGVtMTUtc3A3LXBvb2wteDg2XzY0Il19.QR_62llDQRpDqj-nxfJy6T7XKKoUM3VrObh01PtKTuE HTTP/1.1" 200 3664
172.16.3.7 - - [30/Jan/2026:11:42:22 +0100] "HEAD /rhn/manager/download/sle-module-basesystem15-sp7-pool-x86_64/getPackage/NULL/4e65625cd30e305210b1efe8f5cd584c305ceca98e2d805bb9cc0a66e5d7a170/skopeo-zsh-completion-1.14.4-150300.11.22.1.noarch.rpm?eyJhbGciOiJIUzI1NiJ9.eyJqdGkiOiJIOXluRHVNb2tMMzdxQ2RBTy1yNDRBIiwiZXhwIjoxODAxMzA1NjM3LCJpYXQiOjE3Njk3Njk2MzcsIm5iZiI6MTc2OTc2OTUxNywib3JnIjoxLCJvbmx5Q2hhbm5lbHMiOlsic2xlLW1vZHVsZS1iYXNlc3lzdGVtMTUtc3A3LXBvb2wteDg2XzY0Il19.QR_62llDQRpDqj-nxfJy6T7XKKoUM3VrObh01PtKTuE HTTP/1.1" 200 -
172.16.3.5 - - [30/Jan/2026:11:42:22 +0100] "POST /rhn/manager/frontend-log HTTP/1.1" 200 16
172.16.3.7 - - [30/Jan/2026:11:42:22 +0100] "GET /rhn/manager/download/sle-module-basesystem15-sp7-pool-x86_64/getPackage/NULL/4e65625cd30e305210b1efe8f5cd584c305ceca98e2d805bb9cc0a66e5d7a170/skopeo-zsh-completion-1.14.4-150300.11.22.1.noarch.rpm?eyJhbGciOiJIUzI1NiJ9.eyJqdGkiOiJIOXluRHVNb2tMMzdxQ2RBTy1yNDRBIiwiZXhwIjoxODAxMzA1NjM3LCJpYXQiOjE3Njk3Njk2MzcsIm5iZiI6MTc2OTc2OTUxNywib3JnIjoxLCJvbmx5Q2hhbm5lbHMiOlsic2xlLW1vZHVsZS1iYXNlc3lzdGVtMTUtc3A3LXBvb2wteDg2XzY0Il19.QR_62llDQRpDqj-nxfJy6T7XKKoUM3VrObh01PtKTuE HTTP/1.1" 200 3664
172.16.3.7 - - [30/Jan/2026:11:42:22 +0100] "HEAD /rhn/manager/download/sle-module-basesystem15-sp7-pool-x86_64/getPackage/NULL/e8b9c1d1949edf3caaf86ca1d50c611a1e22586a4fa8234e40f79ac52332039c/libisoburn1-1.5.6-150600.1.6.x86_64.rpm?eyJhbGciOiJIUzI1NiJ9.eyJqdGkiOiJIOXluRHVNb2tMMzdxQ2RBTy1yNDRBIiwiZXhwIjoxODAxMzA1NjM3LCJpYXQiOjE3Njk3Njk2MzcsIm5iZiI6MTc2OTc2OTUxNywib3JnIjoxLCJvbmx5Q2hhbm5lbHMiOlsic2xlLW1vZHVsZS1iYXNlc3lzdGVtMTUtc3A3LXBvb2wteDg2XzY0Il19.QR_62llDQRpDqj-nxfJy6T7XKKoUM3VrObh01PtKTuE HTTP/1.1" 200 -
127.0.0.1 - - [30/Jan/2026:11:42:22 +0100] "GET /rhn/websocket/notifications HTTP/1.1" 101 -
172.16.3.7 - - [30/Jan/2026:11:42:22 +0100] "GET /rhn/manager/download/sle-module-basesystem15-sp7-pool-x86_64/getPackage/NULL/e8b9c1d1949edf3caaf86ca1d50c611a1e22586a4fa8234e40f79ac52332039c/libisoburn1-1.5.6-150600.1.6.x86_64.rpm?eyJhbGciOiJIUzI1NiJ9.eyJqdGkiOiJIOXluRHVNb2tMMzdxQ2RBTy1yNDRBIiwiZXhwIjoxODAxMzA1NjM3LCJpYXQiOjE3Njk3Njk2MzcsIm5iZiI6MTc2OTc2OTUxNywib3JnIjoxLCJvbmx5Q2hhbm5lbHMiOlsic2xlLW1vZHVsZS1iYXNlc3lzdGVtMTUtc3A3LXBvb2wteDg2XzY0Il19.QR_62llDQRpDqj-nxfJy6T7XKKoUM3VrObh01PtKTuE HTTP/1.1" 200 3664
172.16.3.5 - - [30/Jan/2026:11:42:23 +0100] "POST /rhn/manager/frontend-log HTTP/1.1" 200 16
172.16.3.7 - - [30/Jan/2026:11:42:23 +0100] "HEAD /rhn/manager/download/sle-module-basesystem15-sp7-pool-x86_64/getPackage/NULL/07abaa531b0b0c4de28e2341e44ae8b71f34b4b4f997fa736d6b3910e758b243/javapackages-tools-6.3.4-150200.3.15.1.x86_64.rpm?eyJhbGciOiJIUzI1NiJ9.eyJqdGkiOiJIOXluRHVNb2tMMzdxQ2RBTy1yNDRBIiwiZXhwIjoxODAxMzA1NjM3LCJpYXQiOjE3Njk3Njk2MzcsIm5iZiI6MTc2OTc2OTUxNywib3JnIjoxLCJvbmx5Q2hhbm5lbHMiOlsic2xlLW1vZHVsZS1iYXNlc3lzdGVtMTUtc3A3LXBvb2wteDg2XzY0Il19.QR_62llDQRpDqj-nxfJy6T7XKKoUM3VrObh01PtKTuE HTTP/1.1" 200 -
172.16.3.7 - - [30/Jan/2026:11:42:23 +0100] "GET /rhn/manager/download/sle-module-basesystem15-sp7-pool-x86_64/getPackage/NULL/07abaa531b0b0c4de28e2341e44ae8b71f34b4b4f997fa736d6b3910e758b243/javapackages-tools-6.3.4-150200.3.15.1.x86_64.rpm?eyJhbGciOiJIUzI1NiJ9.eyJqdGkiOiJIOXluRHVNb2tMMzdxQ2RBTy1yNDRBIiwiZXhwIjoxODAxMzA1NjM3LCJpYXQiOjE3Njk3Njk2MzcsIm5iZiI6MTc2OTc2OTUxNywib3JnIjoxLCJvbmx5Q2hhbm5lbHMiOlsic2xlLW1vZHVsZS1iYXNlc3lzdGVtMTUtc3A3LXBvb2wteDg2XzY0Il19.QR_62llDQRpDqj-nxfJy6T7XKKoUM3VrObh01PtKTuE HTTP/1.1" 200 3664
172.16.3.7 - - [30/Jan/2026:11:42:23 +0100] "HEAD /rhn/manager/download/sle-module-basesystem15-sp7-pool-x86_64/getPackage/NULL/c26dc3f61181a851b9765347c1acddb3075e4ff675f7dedd9f2422433b3b73e5/xkeyboard-config-lang-2.42-150700.1.1.noarch.rpm?eyJhbGciOiJIUzI1NiJ9.eyJqdGkiOiJIOXluRHVNb2tMMzdxQ2RBTy1yNDRBIiwiZXhwIjoxODAxMzA1NjM3LCJpYXQiOjE3Njk3Njk2MzcsIm5iZiI6MTc2OTc2OTUxNywib3JnIjoxLCJvbmx5Q2hhbm5lbHMiOlsic2xlLW1vZHVsZS1iYXNlc3lzdGVtMTUtc3A3LXBvb2wteDg2XzY0Il19.QR_62llDQRpDqj-nxfJy6T7XKKoUM3VrObh01PtKTuE HTTP/1.1" 200 -
172.16.3.7 - - [30/Jan/2026:11:42:23 +0100] "GET /rhn/manager/download/sle-module-basesystem15-sp7-pool-x86_64/getPackage/NULL/c26dc3f61181a851b9765347c1acddb3075e4ff675f7dedd9f2422433b3b73e5/xkeyboard-config-lang-2.42-150700.1.1.noarch.rpm?eyJhbGciOiJIUzI1NiJ9.eyJqdGkiOiJIOXluRHVNb2tMMzdxQ2RBTy1yNDRBIiwiZXhwIjoxODAxMzA1NjM3LCJpYXQiOjE3Njk3Njk2MzcsIm5iZiI6MTc2OTc2OTUxNywib3JnIjoxLCJvbmx5Q2hhbm5lbHMiOlsic2xlLW1vZHVsZS1iYXNlc3lzdGVtMTUtc3A3LXBvb2wteDg2XzY0Il19.QR_62llDQRpDqj-nxfJy6T7XKKoUM3VrObh01PtKTuE HTTP/1.1" 200 3664
172.16.3.7 - - [30/Jan/2026:11:42:23 +0100] "HEAD /rhn/manager/download/sle-module-basesystem15-sp7-pool-x86_64/getPackage/NULL/aeb895d4f8173ba7e0da6e9b4e57b49d6cb90dd57572d1b958665fe9ad6ce859/libxkbcommon0-1.5.0-150600.3.3.1.x86_64.rpm?eyJhbGciOiJIUzI1NiJ9.eyJqdGkiOiJIOXluRHVNb2tMMzdxQ2RBTy1yNDRBIiwiZXhwIjoxODAxMzA1NjM3LCJpYXQiOjE3Njk3Njk2MzcsIm5iZiI6MTc2OTc2OTUxNywib3JnIjoxLCJvbmx5Q2hhbm5lbHMiOlsic2xlLW1vZHVsZS1iYXNlc3lzdGVtMTUtc3A3LXBvb2wteDg2XzY0Il19.QR_62llDQRpDqj-nxfJy6T7XKKoUM3VrObh01PtKTuE HTTP/1.1" 200 -
172.16.3.5 - - [30/Jan/2026:11:42:23 +0100] "POST /rhn/manager/api/auth/login HTTP/1.1" 200 16
172.16.3.7 - - [30/Jan/2026:11:42:23 +0100] "GET /rhn/manager/download/sle-module-basesystem15-sp7-pool-x86_64/getPackage/NULL/aeb895d4f8173ba7e0da6e9b4e57b49d6cb90dd57572d1b958665fe9ad6ce859/libxkbcommon0-1.5.0-150600.3.3.1.x86_64.rpm?eyJhbGciOiJIUzI1NiJ9.eyJqdGkiOiJIOXluRHVNb2tMMzdxQ2RBTy1yNDRBIiwiZXhwIjoxODAxMzA1NjM3LCJpYXQiOjE3Njk3Njk2MzcsIm5iZiI6MTc2OTc2OTUxNywib3JnIjoxLCJvbmx5Q2hhbm5lbHMiOlsic2xlLW1vZHVsZS1iYXNlc3lzdGVtMTUtc3A3LXBvb2wteDg2XzY0Il19.QR_62llDQRpDqj-nxfJy6T7XKKoUM3VrObh01PtKTuE HTTP/1.1" 200 3664
172.16.3.7 - - [30/Jan/2026:11:42:23 +0100] "HEAD /rhn/manager/download/sle-module-basesystem15-sp7-pool-x86_64/getPackage/NULL/b8eba9e9deb667e95fb25b50b0e98df1ac01e8b4a891a79e509f3c22057d80fa/xorriso-1.5.6-150600.1.6.x86_64.rpm?eyJhbGciOiJIUzI1NiJ9.eyJqdGkiOiJIOXluRHVNb2tMMzdxQ2RBTy1yNDRBIiwiZXhwIjoxODAxMzA1NjM3LCJpYXQiOjE3Njk3Njk2MzcsIm5iZiI6MTc2OTc2OTUxNywib3JnIjoxLCJvbmx5Q2hhbm5lbHMiOlsic2xlLW1vZHVsZS1iYXNlc3lzdGVtMTUtc3A3LXBvb2wteDg2XzY0Il19.QR_62llDQRpDqj-nxfJy6T7XKKoUM3VrObh01PtKTuE HTTP/1.1" 200 -
172.16.3.7 - - [30/Jan/2026:11:42:23 +0100] "GET /rhn/manager/download/sle-module-basesystem15-sp7-pool-x86_64/getPackage/NULL/b8eba9e9deb667e95fb25b50b0e98df1ac01e8b4a891a79e509f3c22057d80fa/xorriso-1.5.6-150600.1.6.x86_64.rpm?eyJhbGciOiJIUzI1NiJ9.eyJqdGkiOiJIOXluRHVNb2tMMzdxQ2RBTy1yNDRBIiwiZXhwIjoxODAxMzA1NjM3LCJpYXQiOjE3Njk3Njk2MzcsIm5iZiI6MTc2OTc2OTUxNywib3JnIjoxLCJvbmx5Q2hhbm5lbHMiOlsic2xlLW1vZHVsZS1iYXNlc3lzdGVtMTUtc3A3LXBvb2wteDg2XzY0Il19.QR_62llDQRpDqj-nxfJy6T7XKKoUM3VrObh01PtKTuE HTTP/1.1" 200 3664
172.16.3.7 - - [30/Jan/2026:11:42:23 +0100] "HEAD /rhn/manager/download/sle-module-basesystem15-sp7-updates-x86_64/getPackage/NULL/11a9210a12538d8efab528217057e8e05bbc6caa2c1fdb9d8d25afe6cbdb0bd0/kpartx-0.10.5+198+suse.5875f383-150700.3.6.1.x86_64.rpm?eyJhbGciOiJIUzI1NiJ9.eyJqdGkiOiJvZ0JwMlQ2ZXhOa1FobUZGcEVWeEZnIiwiZXhwIjoxODAxMzA1NjM3LCJpYXQiOjE3Njk3Njk2MzcsIm5iZiI6MTc2OTc2OTUxNywib3JnIjoxLCJvbmx5Q2hhbm5lbHMiOlsic2xlLW1vZHVsZS1iYXNlc3lzdGVtMTUtc3A3LXVwZGF0ZXMteDg2XzY0Il19._8zSWa2DSTIs1eGO6EHolKa4glx2E9heMVGXTB0QpDA HTTP/1.1" 200 -
172.16.3.5 - - [30/Jan/2026:11:42:23 +0100] "POST /rhn/manager/api/system/searchByName HTTP/1.1" 200 166
172.16.3.7 - - [30/Jan/2026:11:42:23 +0100] "GET /rhn/manager/download/sle-module-basesystem15-sp7-updates-x86_64/getPackage/NULL/11a9210a12538d8efab528217057e8e05bbc6caa2c1fdb9d8d25afe6cbdb0bd0/kpartx-0.10.5+198+suse.5875f383-150700.3.6.1.x86_64.rpm?eyJhbGciOiJIUzI1NiJ9.eyJqdGkiOiJvZ0JwMlQ2ZXhOa1FobUZGcEVWeEZnIiwiZXhwIjoxODAxMzA1NjM3LCJpYXQiOjE3Njk3Njk2MzcsIm5iZiI6MTc2OTc2OTUxNywib3JnIjoxLCJvbmx5Q2hhbm5lbHMiOlsic2xlLW1vZHVsZS1iYXNlc3lzdGVtMTUtc3A3LXVwZGF0ZXMteDg2XzY0Il19._8zSWa2DSTIs1eGO6EHolKa4glx2E9heMVGXTB0QpDA HTTP/1.1" 200 3664
172.16.3.7 - - [30/Jan/2026:11:42:23 +0100] "HEAD /rhn/manager/download/sle-module-basesystem15-sp7-updates-x86_64/getPackage/NULL/410c729d3c4f3756794d00dc1788cd42188d63edab97c6e4a4cd4473a45b153e/liblcms2-2-2.15-150600.3.3.2.x86_64.rpm?eyJhbGciOiJIUzI1NiJ9.eyJqdGkiOiJvZ0JwMlQ2ZXhOa1FobUZGcEVWeEZnIiwiZXhwIjoxODAxMzA1NjM3LCJpYXQiOjE3Njk3Njk2MzcsIm5iZiI6MTc2OTc2OTUxNywib3JnIjoxLCJvbmx5Q2hhbm5lbHMiOlsic2xlLW1vZHVsZS1iYXNlc3lzdGVtMTUtc3A3LXVwZGF0ZXMteDg2XzY0Il19._8zSWa2DSTIs1eGO6EHolKa4glx2E9heMVGXTB0QpDA HTTP/1.1" 200 -
172.16.3.7 - - [30/Jan/2026:11:42:23 +0100] "GET /rhn/manager/download/sle-module-basesystem15-sp7-updates-x86_64/getPackage/NULL/410c729d3c4f3756794d00dc1788cd42188d63edab97c6e4a4cd4473a45b153e/liblcms2-2-2.15-150600.3.3.2.x86_64.rpm?eyJhbGciOiJIUzI1NiJ9.eyJqdGkiOiJvZ0JwMlQ2ZXhOa1FobUZGcEVWeEZnIiwiZXhwIjoxODAxMzA1NjM3LCJpYXQiOjE3Njk3Njk2MzcsIm5iZiI6MTc2OTc2OTUxNywib3JnIjoxLCJvbmx5Q2hhbm5lbHMiOlsic2xlLW1vZHVsZS1iYXNlc3lzdGVtMTUtc3A3LXVwZGF0ZXMteDg2XzY0Il19._8zSWa2DSTIs1eGO6EHolKa4glx2E9heMVGXTB0QpDA HTTP/1.1" 200 3664
172.16.3.5 - - [30/Jan/2026:11:42:23 +0100] "GET /rhn/systems/details/Overview.do?sid=1000010000& HTTP/1.1" 200 43368
172.16.3.5 - - [30/Jan/2026:11:42:23 +0100] "GET /rhn/manager/api/auth/logout HTTP/1.1" 200 16
172.16.3.7 - - [30/Jan/2026:11:42:23 +0100] "HEAD /rhn/manager/download/sle-module-basesystem15-sp7-updates-x86_64/getPackage/NULL/4edd65b8d585200a25bbe15ae05d61107ba2c33c701729b3a11cb437c84dc5cb/umoci-0.6.0-150000.3.20.1.x86_64.rpm?eyJhbGciOiJIUzI1NiJ9.eyJqdGkiOiJvZ0JwMlQ2ZXhOa1FobUZGcEVWeEZnIiwiZXhwIjoxODAxMzA1NjM3LCJpYXQiOjE3Njk3Njk2MzcsIm5iZiI6MTc2OTc2OTUxNywib3JnIjoxLCJvbmx5Q2hhbm5lbHMiOlsic2xlLW1vZHVsZS1iYXNlc3lzdGVtMTUtc3A3LXVwZGF0ZXMteDg2XzY0Il19._8zSWa2DSTIs1eGO6EHolKa4glx2E9heMVGXTB0QpDA HTTP/1.1" 200 -
172.16.3.7 - - [30/Jan/2026:11:42:23 +0100] "GET /rhn/manager/download/sle-module-basesystem15-sp7-updates-x86_64/getPackage/NULL/4edd65b8d585200a25bbe15ae05d61107ba2c33c701729b3a11cb437c84dc5cb/umoci-0.6.0-150000.3.20.1.x86_64.rpm?eyJhbGciOiJIUzI1NiJ9.eyJqdGkiOiJvZ0JwMlQ2ZXhOa1FobUZGcEVWeEZnIiwiZXhwIjoxODAxMzA1NjM3LCJpYXQiOjE3Njk3Njk2MzcsIm5iZiI6MTc2OTc2OTUxNywib3JnIjoxLCJvbmx5Q2hhbm5lbHMiOlsic2xlLW1vZHVsZS1iYXNlc3lzdGVtMTUtc3A3LXVwZGF0ZXMteDg2XzY0Il19._8zSWa2DSTIs1eGO6EHolKa4glx2E9heMVGXTB0QpDA HTTP/1.1" 200 3664
172.16.3.7 - - [30/Jan/2026:11:42:23 +0100] "HEAD /rhn/manager/download/sle-module-basesystem15-sp7-updates-x86_64/getPackage/NULL/3cb208506f3300d24249fdbb1d22ff055afbebd11b96b563675d5494f7488bf2/libmediacheck6-6.5-150600.3.3.1.x86_64.rpm?eyJhbGciOiJIUzI1NiJ9.eyJqdGkiOiJvZ0JwMlQ2ZXhOa1FobUZGcEVWeEZnIiwiZXhwIjoxODAxMzA1NjM3LCJpYXQiOjE3Njk3Njk2MzcsIm5iZiI6MTc2OTc2OTUxNywib3JnIjoxLCJvbmx5Q2hhbm5lbHMiOlsic2xlLW1vZHVsZS1iYXNlc3lzdGVtMTUtc3A3LXVwZGF0ZXMteDg2XzY0Il19._8zSWa2DSTIs1eGO6EHolKa4glx2E9heMVGXTB0QpDA HTTP/1.1" 200 -
127.0.0.1 - - [30/Jan/2026:11:42:23 +0100] "GET /rhn/websocket/notifications HTTP/1.1" 101 -
172.16.3.7 - - [30/Jan/2026:11:42:23 +0100] "GET /rhn/manager/download/sle-module-basesystem15-sp7-updates-x86_64/getPackage/NULL/3cb208506f3300d24249fdbb1d22ff055afbebd11b96b563675d5494f7488bf2/libmediacheck6-6.5-150600.3.3.1.x86_64.rpm?eyJhbGciOiJIUzI1NiJ9.eyJqdGkiOiJvZ0JwMlQ2ZXhOa1FobUZGcEVWeEZnIiwiZXhwIjoxODAxMzA1NjM3LCJpYXQiOjE3Njk3Njk2MzcsIm5iZiI6MTc2OTc2OTUxNywib3JnIjoxLCJvbmx5Q2hhbm5lbHMiOlsic2xlLW1vZHVsZS1iYXNlc3lzdGVtMTUtc3A3LXVwZGF0ZXMteDg2XzY0Il19._8zSWa2DSTIs1eGO6EHolKa4glx2E9heMVGXTB0QpDA HTTP/1.1" 200 3664
172.16.3.5 - - [30/Jan/2026:11:42:23 +0100] "POST /rhn/manager/frontend-log HTTP/1.1" 200 16
172.16.3.7 - - [30/Jan/2026:11:42:23 +0100] "HEAD /rhn/manager/download/sle-module-basesystem15-sp7-updates-x86_64/getPackage/NULL/47b7add303d4be6064f4fbb716edb3cd601bfaf87c5872131c057e6bc7a74124/libfreebl3-3.112.2-150400.3.60.1.x86_64.rpm?eyJhbGciOiJIUzI1NiJ9.eyJqdGkiOiJvZ0JwMlQ2ZXhOa1FobUZGcEVWeEZnIiwiZXhwIjoxODAxMzA1NjM3LCJpYXQiOjE3Njk3Njk2MzcsIm5iZiI6MTc2OTc2OTUxNywib3JnIjoxLCJvbmx5Q2hhbm5lbHMiOlsic2xlLW1vZHVsZS1iYXNlc3lzdGVtMTUtc3A3LXVwZGF0ZXMteDg2XzY0Il19._8zSWa2DSTIs1eGO6EHolKa4glx2E9heMVGXTB0QpDA HTTP/1.1" 200 -
172.16.3.7 - - [30/Jan/2026:11:42:23 +0100] "GET /rhn/manager/download/sle-module-basesystem15-sp7-updates-x86_64/getPackage/NULL/47b7add303d4be6064f4fbb716edb3cd601bfaf87c5872131c057e6bc7a74124/libfreebl3-3.112.2-150400.3.60.1.x86_64.rpm?eyJhbGciOiJIUzI1NiJ9.eyJqdGkiOiJvZ0JwMlQ2ZXhOa1FobUZGcEVWeEZnIiwiZXhwIjoxODAxMzA1NjM3LCJpYXQiOjE3Njk3Njk2MzcsIm5iZiI6MTc2OTc2OTUxNywib3JnIjoxLCJvbmx5Q2hhbm5lbHMiOlsic2xlLW1vZHVsZS1iYXNlc3lzdGVtMTUtc3A3LXVwZGF0ZXMteDg2XzY0Il19._8zSWa2DSTIs1eGO6EHolKa4glx2E9heMVGXTB0QpDA HTTP/1.1" 200 3664
172.16.3.7 - - [30/Jan/2026:11:42:23 +0100] "HEAD /rhn/manager/download/sle-module-basesystem15-sp7-updates-x86_64/getPackage/NULL/0b0c3ba14d7e8e192919f7a008aca5898850af93ea10ad092a03d1d896e8b198/liburing2-2.9-150700.10.3.1.x86_64.rpm?eyJhbGciOiJIUzI1NiJ9.eyJqdGkiOiJvZ0JwMlQ2ZXhOa1FobUZGcEVWeEZnIiwiZXhwIjoxODAxMzA1NjM3LCJpYXQiOjE3Njk3Njk2MzcsIm5iZiI6MTc2OTc2OTUxNywib3JnIjoxLCJvbmx5Q2hhbm5lbHMiOlsic2xlLW1vZHVsZS1iYXNlc3lzdGVtMTUtc3A3LXVwZGF0ZXMteDg2XzY0Il19._8zSWa2DSTIs1eGO6EHolKa4glx2E9heMVGXTB0QpDA HTTP/1.1" 200 -
172.16.3.5 - - [30/Jan/2026:11:42:23 +0100] "GET /rhn/systems/details/history/Pending.do?sid=1000010003& HTTP/1.1" 200 37862
172.16.3.7 - - [30/Jan/2026:11:42:23 +0100] "GET /rhn/manager/download/sle-module-basesystem15-sp7-updates-x86_64/getPackage/NULL/0b0c3ba14d7e8e192919f7a008aca5898850af93ea10ad092a03d1d896e8b198/liburing2-2.9-150700.10.3.1.x86_64.rpm?eyJhbGciOiJIUzI1NiJ9.eyJqdGkiOiJvZ0JwMlQ2ZXhOa1FobUZGcEVWeEZnIiwiZXhwIjoxODAxMzA1NjM3LCJpYXQiOjE3Njk3Njk2MzcsIm5iZiI6MTc2OTc2OTUxNywib3JnIjoxLCJvbmx5Q2hhbm5lbHMiOlsic2xlLW1vZHVsZS1iYXNlc3lzdGVtMTUtc3A3LXVwZGF0ZXMteDg2XzY0Il19._8zSWa2DSTIs1eGO6EHolKa4glx2E9heMVGXTB0QpDA HTTP/1.1" 200 3663
172.16.3.7 - - [30/Jan/2026:11:42:23 +0100] "HEAD /rhn/manager/download/sle-module-basesystem15-sp7-updates-x86_64/getPackage/NULL/e50fa44f386a0944ac3337000850e4ba302d99e288886da95ca55783ca946d1b/libmpath0-0.10.5+198+suse.5875f383-150700.3.6.1.x86_64.rpm?eyJhbGciOiJIUzI1NiJ9.eyJqdGkiOiJvZ0JwMlQ2ZXhOa1FobUZGcEVWeEZnIiwiZXhwIjoxODAxMzA1NjM3LCJpYXQiOjE3Njk3Njk2MzcsIm5iZiI6MTc2OTc2OTUxNywib3JnIjoxLCJvbmx5Q2hhbm5lbHMiOlsic2xlLW1vZHVsZS1iYXNlc3lzdGVtMTUtc3A3LXVwZGF0ZXMteDg2XzY0Il19._8zSWa2DSTIs1eGO6EHolKa4glx2E9heMVGXTB0QpDA HTTP/1.1" 200 -
172.16.3.7 - - [30/Jan/2026:11:42:24 +0100] "GET /rhn/manager/download/sle-module-basesystem15-sp7-updates-x86_64/getPackage/NULL/e50fa44f386a0944ac3337000850e4ba302d99e288886da95ca55783ca946d1b/libmpath0-0.10.5+198+suse.5875f383-150700.3.6.1.x86_64.rpm?eyJhbGciOiJIUzI1NiJ9.eyJqdGkiOiJvZ0JwMlQ2ZXhOa1FobUZGcEVWeEZnIiwiZXhwIjoxODAxMzA1NjM3LCJpYXQiOjE3Njk3Njk2MzcsIm5iZiI6MTc2OTc2OTUxNywib3JnIjoxLCJvbmx5Q2hhbm5lbHMiOlsic2xlLW1vZHVsZS1iYXNlc3lzdGVtMTUtc3A3LXVwZGF0ZXMteDg2XzY0Il19._8zSWa2DSTIs1eGO6EHolKa4glx2E9heMVGXTB0QpDA HTTP/1.1" 200 3664
172.16.3.5 - - [30/Jan/2026:11:42:24 +0100] "POST /rhn/manager/frontend-log HTTP/1.1" 200 16
172.16.3.7 - - [30/Jan/2026:11:42:24 +0100] "HEAD /rhn/manager/download/sle-module-basesystem15-sp7-updates-x86_64/getPackage/NULL/432c0a790a3742444070109a635f958492c6bd596c08b17825f17a94af7bf2af/multipath-tools-0.10.5+198+suse.5875f383-150700.3.6.1.x86_64.rpm?eyJhbGciOiJIUzI1NiJ9.eyJqdGkiOiJvZ0JwMlQ2ZXhOa1FobUZGcEVWeEZnIiwiZXhwIjoxODAxMzA1NjM3LCJpYXQiOjE3Njk3Njk2MzcsIm5iZiI6MTc2OTc2OTUxNywib3JnIjoxLCJvbmx5Q2hhbm5lbHMiOlsic2xlLW1vZHVsZS1iYXNlc3lzdGVtMTUtc3A3LXVwZGF0ZXMteDg2XzY0Il19._8zSWa2DSTIs1eGO6EHolKa4glx2E9heMVGXTB0QpDA HTTP/1.1" 200 -
172.16.3.7 - - [30/Jan/2026:11:42:24 +0100] "GET /rhn/manager/download/sle-module-basesystem15-sp7-updates-x86_64/getPackage/NULL/432c0a790a3742444070109a635f958492c6bd596c08b17825f17a94af7bf2af/multipath-tools-0.10.5+198+suse.5875f383-150700.3.6.1.x86_64.rpm?eyJhbGciOiJIUzI1NiJ9.eyJqdGkiOiJvZ0JwMlQ2ZXhOa1FobUZGcEVWeEZnIiwiZXhwIjoxODAxMzA1NjM3LCJpYXQiOjE3Njk3Njk2MzcsIm5iZiI6MTc2OTc2OTUxNywib3JnIjoxLCJvbmx5Q2hhbm5lbHMiOlsic2xlLW1vZHVsZS1iYXNlc3lzdGVtMTUtc3A3LXVwZGF0ZXMteDg2XzY0Il19._8zSWa2DSTIs1eGO6EHolKa4glx2E9heMVGXTB0QpDA HTTP/1.1" 200 3664
127.0.0.1 - - [30/Jan/2026:11:42:24 +0100] "GET /rhn/websocket/notifications HTTP/1.1" 101 -
172.16.3.5 - - [30/Jan/2026:11:42:24 +0100] "POST /rhn/manager/frontend-log HTTP/1.1" 200 16
172.16.3.7 - - [30/Jan/2026:11:42:24 +0100] "HEAD /rhn/manager/download/sle-module-basesystem15-sp7-updates-x86_64/getPackage/NULL/8e6807c8f2e54024192f700634585e1e9d3a0a7512930e8a3654ab680e9c989d/checkmedia-6.5-150600.3.3.1.x86_64.rpm?eyJhbGciOiJIUzI1NiJ9.eyJqdGkiOiJvZ0JwMlQ2ZXhOa1FobUZGcEVWeEZnIiwiZXhwIjoxODAxMzA1NjM3LCJpYXQiOjE3Njk3Njk2MzcsIm5iZiI6MTc2OTc2OTUxNywib3JnIjoxLCJvbmx5Q2hhbm5lbHMiOlsic2xlLW1vZHVsZS1iYXNlc3lzdGVtMTUtc3A3LXVwZGF0ZXMteDg2XzY0Il19._8zSWa2DSTIs1eGO6EHolKa4glx2E9heMVGXTB0QpDA HTTP/1.1" 200 -
172.16.3.5 - - [30/Jan/2026:11:42:24 +0100] "GET /rhn/systems/details/Overview.do?sid=1000010001 HTTP/1.1" 200 44075
172.16.3.5 - - [30/Jan/2026:11:42:24 +0100] "GET /rhn/systems/details/ProxyClients.do?sid=1000010000& HTTP/1.1" 200 51588
172.16.3.7 - - [30/Jan/2026:11:42:24 +0100] "GET /rhn/manager/download/sle-module-basesystem15-sp7-updates-x86_64/getPackage/NULL/8e6807c8f2e54024192f700634585e1e9d3a0a7512930e8a3654ab680e9c989d/checkmedia-6.5-150600.3.3.1.x86_64.rpm?eyJhbGciOiJIUzI1NiJ9.eyJqdGkiOiJvZ0JwMlQ2ZXhOa1FobUZGcEVWeEZnIiwiZXhwIjoxODAxMzA1NjM3LCJpYXQiOjE3Njk3Njk2MzcsIm5iZiI6MTc2OTc2OTUxNywib3JnIjoxLCJvbmx5Q2hhbm5lbHMiOlsic2xlLW1vZHVsZS1iYXNlc3lzdGVtMTUtc3A3LXVwZGF0ZXMteDg2XzY0Il19._8zSWa2DSTIs1eGO6EHolKa4glx2E9heMVGXTB0QpDA HTTP/1.1" 200 3664
172.16.3.7 - - [30/Jan/2026:11:42:24 +0100] "HEAD /rhn/manager/download/sle-module-basesystem15-sp7-updates-x86_64/getPackage/NULL/9f705e6c8aea3722e5b79c40e29f0f7f259bc53a59b2addf9b6b0764f4275ed1/mozilla-nss-3.112.2-150400.3.60.1.x86_64.rpm?eyJhbGciOiJIUzI1NiJ9.eyJqdGkiOiJvZ0JwMlQ2ZXhOa1FobUZGcEVWeEZnIiwiZXhwIjoxODAxMzA1NjM3LCJpYXQiOjE3Njk3Njk2MzcsIm5iZiI6MTc2OTc2OTUxNywib3JnIjoxLCJvbmx5Q2hhbm5lbHMiOlsic2xlLW1vZHVsZS1iYXNlc3lzdGVtMTUtc3A3LXVwZGF0ZXMteDg2XzY0Il19._8zSWa2DSTIs1eGO6EHolKa4glx2E9heMVGXTB0QpDA HTTP/1.1" 200 -
127.0.0.1 - - [30/Jan/2026:11:42:24 +0100] "GET /rhn/websocket/notifications HTTP/1.1" 101 -
172.16.3.7 - - [30/Jan/2026:11:42:24 +0100] "GET /rhn/manager/download/sle-module-basesystem15-sp7-updates-x86_64/getPackage/NULL/9f705e6c8aea3722e5b79c40e29f0f7f259bc53a59b2addf9b6b0764f4275ed1/mozilla-nss-3.112.2-150400.3.60.1.x86_64.rpm?eyJhbGciOiJIUzI1NiJ9.eyJqdGkiOiJvZ0JwMlQ2ZXhOa1FobUZGcEVWeEZnIiwiZXhwIjoxODAxMzA1NjM3LCJpYXQiOjE3Njk3Njk2MzcsIm5iZiI6MTc2OTc2OTUxNywib3JnIjoxLCJvbmx5Q2hhbm5lbHMiOlsic2xlLW1vZHVsZS1iYXNlc3lzdGVtMTUtc3A3LXVwZGF0ZXMteDg2XzY0Il19._8zSWa2DSTIs1eGO6EHolKa4glx2E9heMVGXTB0QpDA HTTP/1.1" 200 3664
172.16.3.7 - - [30/Jan/2026:11:42:24 +0100] "HEAD /rhn/manager/download/sle-module-basesystem15-sp7-updates-x86_64/getPackage/NULL/8d01a476d927ab1a155d34a04811f4856e354cf399d9022c8f963758df2f672b/libsoftokn3-3.112.2-150400.3.60.1.x86_64.rpm?eyJhbGciOiJIUzI1NiJ9.eyJqdGkiOiJvZ0JwMlQ2ZXhOa1FobUZGcEVWeEZnIiwiZXhwIjoxODAxMzA1NjM3LCJpYXQiOjE3Njk3Njk2MzcsIm5iZiI6MTc2OTc2OTUxNywib3JnIjoxLCJvbmx5Q2hhbm5lbHMiOlsic2xlLW1vZHVsZS1iYXNlc3lzdGVtMTUtc3A3LXVwZGF0ZXMteDg2XzY0Il19._8zSWa2DSTIs1eGO6EHolKa4glx2E9heMVGXTB0QpDA HTTP/1.1" 200 -
172.16.3.5 - - [30/Jan/2026:11:42:24 +0100] "POST /rhn/manager/frontend-log HTTP/1.1" 200 16
127.0.0.1 - - [30/Jan/2026:11:42:24 +0100] "GET /rhn/websocket/notifications HTTP/1.1" 101 -
172.16.3.7 - - [30/Jan/2026:11:42:24 +0100] "GET /rhn/manager/download/sle-module-basesystem15-sp7-updates-x86_64/getPackage/NULL/8d01a476d927ab1a155d34a04811f4856e354cf399d9022c8f963758df2f672b/libsoftokn3-3.112.2-150400.3.60.1.x86_64.rpm?eyJhbGciOiJIUzI1NiJ9.eyJqdGkiOiJvZ0JwMlQ2ZXhOa1FobUZGcEVWeEZnIiwiZXhwIjoxODAxMzA1NjM3LCJpYXQiOjE3Njk3Njk2MzcsIm5iZiI6MTc2OTc2OTUxNywib3JnIjoxLCJvbmx5Q2hhbm5lbHMiOlsic2xlLW1vZHVsZS1iYXNlc3lzdGVtMTUtc3A3LXVwZGF0ZXMteDg2XzY0Il19._8zSWa2DSTIs1eGO6EHolKa4glx2E9heMVGXTB0QpDA HTTP/1.1" 200 3664
