172.16.3.5 - - [30/Jan/2026:11:35:03 +0100] "POST /rhn/manager/api/auth/login HTTP/1.1" 200 16
172.16.3.5 - - [30/Jan/2026:11:35:03 +0100] "POST /rhn/manager/api/user/addRole HTTP/1.1" 200 27
172.16.3.5 - - [30/Jan/2026:11:35:04 +0100] "GET /rhn/manager/api/auth/logout HTTP/1.1" 200 16
172.16.3.5 - - [30/Jan/2026:11:35:04 +0100] "POST /rhn/manager/api/auth/login HTTP/1.1" 200 16
172.16.3.5 - - [30/Jan/2026:11:35:04 +0100] "POST /rhn/manager/api/user/addRole HTTP/1.1" 200 27
172.16.3.5 - - [30/Jan/2026:11:35:04 +0100] "GET /rhn/manager/api/auth/logout HTTP/1.1" 200 16
172.16.3.5 - - [30/Jan/2026:11:35:04 +0100] "POST /rhn/manager/api/auth/login HTTP/1.1" 200 16
172.16.3.5 - - [30/Jan/2026:11:35:04 +0100] "POST /rhn/manager/api/user/addRole HTTP/1.1" 200 27
172.16.3.5 - - [30/Jan/2026:11:35:04 +0100] "GET /rhn/manager/api/auth/logout HTTP/1.1" 200 16
::1 - - [30/Jan/2026:11:35:09 +0100] "GET /rhn/manager/login HTTP/1.1" 302 -
172.16.3.5 - - [30/Jan/2026:11:35:37 +0100] "GET /rhn/manager/login HTTP/1.1" 200 2221
172.16.3.5 - - [30/Jan/2026:11:35:37 +0100] "POST /rhn/manager/frontend-log HTTP/1.1" 302 -
172.16.3.5 - - [30/Jan/2026:11:35:37 +0100] "GET /rhn/manager/login?url_bounce=%2Frhn%2Fmanager%2Ffrontend-log&request_method=POST HTTP/1.1" 200 2225
172.16.3.5 - - [30/Jan/2026:11:35:48 +0100] "POST /rhn/manager/api/login HTTP/1.1" 200 16
172.16.3.5 - - [30/Jan/2026:11:35:48 +0100] "GET /rhn/YourRhn.do HTTP/1.1" 200 36306
172.16.3.5 - - [30/Jan/2026:11:35:48 +0100] "POST /rhn/manager/frontend-log HTTP/1.1" 401 755
172.16.3.5 - - [30/Jan/2026:11:35:48 +0100] "POST /rhn/ajax/inactive-systems HTTP/1.1" 200 540
172.16.3.5 - - [30/Jan/2026:11:35:48 +0100] "POST /rhn/ajax/critical-systems HTTP/1.1" 200 2026
172.16.3.5 - - [30/Jan/2026:11:35:48 +0100] "POST /rhn/ajax/subscription-warning HTTP/1.1" 200 -
172.16.3.5 - - [30/Jan/2026:11:35:48 +0100] "POST /rhn/ajax/pending-actions HTTP/1.1" 200 636
172.16.3.5 - - [30/Jan/2026:11:35:48 +0100] "POST /rhn/ajax/systems-groups HTTP/1.1" 200 1491
127.0.0.1 - - [30/Jan/2026:11:35:48 +0100] "GET /rhn/websocket/notifications HTTP/1.1" 101 -
172.16.3.5 - - [30/Jan/2026:11:35:48 +0100] "POST /rhn/ajax/latest-errata HTTP/1.1" 200 539
172.16.3.5 - - [30/Jan/2026:11:35:48 +0100] "POST /rhn/ajax/tasks HTTP/1.1" 200 2232
172.16.3.5 - - [30/Jan/2026:11:35:48 +0100] "POST /rhn/ajax/recent-systems HTTP/1.1" 200 2059
172.16.3.5 - - [30/Jan/2026:11:35:48 +0100] "POST /rhn/manager/frontend-log HTTP/1.1" 200 16
127.0.0.1 - - [30/Jan/2026:11:35:48 +0100] "GET /rhn/websocket/notifications HTTP/1.1" 101 -
172.16.3.5 - - [30/Jan/2026:11:35:49 +0100] "GET /rhn/manager/systems/bootstrap HTTP/1.1" 200 34534
127.0.0.1 - - [30/Jan/2026:11:35:49 +0100] "GET /rhn/websocket/notifications HTTP/1.1" 101 -
172.16.3.5 - - [30/Jan/2026:11:35:49 +0100] "POST /rhn/manager/frontend-log HTTP/1.1" 200 16
::1 - - [30/Jan/2026:11:36:12 +0100] "GET /rhn/manager/login HTTP/1.1" 302 -
172.16.3.7 - - [30/Jan/2026:11:36:17 +0100] "GET /rhn/errors/404.jsp HTTP/1.1" 404 4500
172.16.3.7 - - [30/Jan/2026:11:36:17 +0100] "GET /rhn/errors/404.jsp HTTP/1.1" 404 4500
172.16.3.5 - - [30/Jan/2026:11:36:24 +0100] "POST /rhn/manager/api/systems/bootstrap HTTP/1.1" 200 28
172.16.3.5 - - [30/Jan/2026:11:36:25 +0100] "GET /rhn/manager/systems/list/all HTTP/1.1" 200 34441
127.0.0.1 - - [30/Jan/2026:11:36:25 +0100] "GET /rhn/websocket/notifications HTTP/1.1" 101 -
172.16.3.5 - - [30/Jan/2026:11:36:25 +0100] "POST /rhn/manager/frontend-log HTTP/1.1" 200 16
172.16.3.5 - - [30/Jan/2026:11:36:25 +0100] "GET /rhn/manager/api/systems/list/all?p=1&ps=100&s=1&sc=server_name HTTP/1.1" 200 39
172.16.3.5 - - [30/Jan/2026:11:36:26 +0100] "POST /rhn/manager/api/sets/system_list HTTP/1.1" 200 1
172.16.3.5 - - [30/Jan/2026:11:36:32 +0100] "GET /rhn/manager/systems/list/all HTTP/1.1" 200 34441
172.16.3.5 - - [30/Jan/2026:11:36:32 +0100] "POST /rhn/manager/frontend-log HTTP/1.1" 200 16
127.0.0.1 - - [30/Jan/2026:11:36:32 +0100] "GET /rhn/websocket/notifications HTTP/1.1" 101 -
172.16.3.5 - - [30/Jan/2026:11:36:32 +0100] "POST /rhn/manager/frontend-log HTTP/1.1" 200 16
127.0.0.1 - - [30/Jan/2026:11:36:32 +0100] "GET /rhn/websocket/notifications HTTP/1.1" 101 -
172.16.3.5 - - [30/Jan/2026:11:36:33 +0100] "GET /rhn/manager/api/systems/list/all?p=1&ps=100&s=1&sc=server_name HTTP/1.1" 200 39
172.16.3.5 - - [30/Jan/2026:11:36:33 +0100] "POST /rhn/manager/api/sets/system_list HTTP/1.1" 200 1
172.16.3.5 - - [30/Jan/2026:11:36:45 +0100] "GET /rhn/manager/systems/list/all HTTP/1.1" 200 34441
172.16.3.5 - - [30/Jan/2026:11:36:46 +0100] "POST /rhn/manager/frontend-log HTTP/1.1" 200 16
127.0.0.1 - - [30/Jan/2026:11:36:46 +0100] "GET /rhn/websocket/notifications HTTP/1.1" 101 -
172.16.3.5 - - [30/Jan/2026:11:36:46 +0100] "POST /rhn/manager/frontend-log HTTP/1.1" 200 16
127.0.0.1 - - [30/Jan/2026:11:36:46 +0100] "GET /rhn/websocket/notifications HTTP/1.1" 101 -
172.16.3.5 - - [30/Jan/2026:11:36:46 +0100] "GET /rhn/manager/api/systems/list/all?p=1&ps=100&s=1&sc=server_name HTTP/1.1" 200 39
172.16.3.5 - - [30/Jan/2026:11:36:46 +0100] "POST /rhn/manager/api/sets/system_list HTTP/1.1" 200 1
172.16.3.5 - - [30/Jan/2026:11:36:59 +0100] "GET /rhn/manager/systems/list/all HTTP/1.1" 200 34441
172.16.3.5 - - [30/Jan/2026:11:36:59 +0100] "POST /rhn/manager/frontend-log HTTP/1.1" 200 16
127.0.0.1 - - [30/Jan/2026:11:36:59 +0100] "GET /rhn/websocket/notifications HTTP/1.1" 101 -
172.16.3.5 - - [30/Jan/2026:11:36:59 +0100] "POST /rhn/manager/frontend-log HTTP/1.1" 200 16
127.0.0.1 - - [30/Jan/2026:11:36:59 +0100] "GET /rhn/websocket/notifications HTTP/1.1" 101 -
172.16.3.5 - - [30/Jan/2026:11:36:59 +0100] "GET /rhn/manager/api/systems/list/all?p=1&ps=100&s=1&sc=server_name HTTP/1.1" 200 39
172.16.3.5 - - [30/Jan/2026:11:37:00 +0100] "POST /rhn/manager/api/sets/system_list HTTP/1.1" 200 1
172.16.3.5 - - [30/Jan/2026:11:37:13 +0100] "GET /rhn/manager/systems/list/all HTTP/1.1" 200 34441
172.16.3.5 - - [30/Jan/2026:11:37:13 +0100] "POST /rhn/manager/frontend-log HTTP/1.1" 200 16
127.0.0.1 - - [30/Jan/2026:11:37:13 +0100] "GET /rhn/websocket/notifications HTTP/1.1" 101 -
172.16.3.5 - - [30/Jan/2026:11:37:13 +0100] "POST /rhn/manager/frontend-log HTTP/1.1" 200 16
127.0.0.1 - - [30/Jan/2026:11:37:13 +0100] "GET /rhn/websocket/notifications HTTP/1.1" 101 -
172.16.3.5 - - [30/Jan/2026:11:37:13 +0100] "GET /rhn/manager/api/systems/list/all?p=1&ps=100&s=1&sc=server_name HTTP/1.1" 200 780
172.16.3.5 - - [30/Jan/2026:11:37:13 +0100] "POST /rhn/manager/api/sets/system_list HTTP/1.1" 200 1
::1 - - [30/Jan/2026:11:37:15 +0100] "GET /rhn/manager/login HTTP/1.1" 302 -
172.16.3.5 - - [30/Jan/2026:11:37:24 +0100] "GET /rhn/systems/details/Overview.do?sid=1000010000 HTTP/1.1" 200 42511
127.0.0.1 - - [30/Jan/2026:11:37:24 +0100] "GET /rhn/websocket/notifications HTTP/1.1" 101 -
172.16.3.5 - - [30/Jan/2026:11:37:24 +0100] "POST /rhn/manager/frontend-log HTTP/1.1" 200 16
172.16.3.5 - - [30/Jan/2026:11:37:24 +0100] "GET /rhn/systems/details/history/Pending.do?sid=1000010000& HTTP/1.1" 200 40609
127.0.0.1 - - [30/Jan/2026:11:37:24 +0100] "GET /rhn/websocket/notifications HTTP/1.1" 101 -
172.16.3.5 - - [30/Jan/2026:11:37:24 +0100] "POST /rhn/manager/frontend-log HTTP/1.1" 200 16
172.16.3.5 - - [30/Jan/2026:11:37:25 +0100] "GET /rhn/systems/details/history/Pending.do?sid=1000010000& HTTP/1.1" 200 40609
127.0.0.1 - - [30/Jan/2026:11:37:25 +0100] "GET /rhn/websocket/notifications HTTP/1.1" 101 -
172.16.3.5 - - [30/Jan/2026:11:37:25 +0100] "POST /rhn/manager/frontend-log HTTP/1.1" 200 16
172.16.3.5 - - [30/Jan/2026:11:37:25 +0100] "GET /rhn/systems/details/history/History.do?sid=1000010000& HTTP/1.1" 200 42920
127.0.0.1 - - [30/Jan/2026:11:37:25 +0100] "GET /rhn/websocket/notifications HTTP/1.1" 101 -
172.16.3.5 - - [30/Jan/2026:11:37:25 +0100] "POST /rhn/manager/frontend-log HTTP/1.1" 200 16
172.16.3.5 - - [30/Jan/2026:11:37:26 +0100] "GET /rhn/systems/details/history/Event.do?sid=1000010000&aid=3 HTTP/1.1" 200 46230
127.0.0.1 - - [30/Jan/2026:11:37:26 +0100] "GET /rhn/websocket/notifications HTTP/1.1" 101 -
172.16.3.5 - - [30/Jan/2026:11:37:26 +0100] "POST /rhn/manager/frontend-log HTTP/1.1" 200 16
172.16.3.5 - - [30/Jan/2026:11:37:26 +0100] "GET /rhn/systems/details/history/Pending.do?sid=1000010000& HTTP/1.1" 200 40609
127.0.0.1 - - [30/Jan/2026:11:37:26 +0100] "GET /rhn/websocket/notifications HTTP/1.1" 101 -
172.16.3.5 - - [30/Jan/2026:11:37:27 +0100] "POST /rhn/manager/frontend-log HTTP/1.1" 200 16
172.16.3.5 - - [30/Jan/2026:11:37:27 +0100] "GET /rhn/systems/details/history/Pending.do?sid=1000010000& HTTP/1.1" 200 40609
127.0.0.1 - - [30/Jan/2026:11:37:27 +0100] "GET /rhn/websocket/notifications HTTP/1.1" 101 -
172.16.3.5 - - [30/Jan/2026:11:37:27 +0100] "POST /rhn/manager/frontend-log HTTP/1.1" 200 16
172.16.3.5 - - [30/Jan/2026:11:37:33 +0100] "GET /rhn/systems/details/history/Pending.do?sid=1000010000& HTTP/1.1" 200 37856
172.16.3.5 - - [30/Jan/2026:11:37:33 +0100] "POST /rhn/manager/frontend-log HTTP/1.1" 200 16
127.0.0.1 - - [30/Jan/2026:11:37:33 +0100] "GET /rhn/websocket/notifications HTTP/1.1" 101 -
172.16.3.5 - - [30/Jan/2026:11:37:34 +0100] "POST /rhn/manager/frontend-log HTTP/1.1" 200 16
127.0.0.1 - - [30/Jan/2026:11:37:34 +0100] "GET /rhn/websocket/notifications HTTP/1.1" 101 -
172.16.3.5 - - [30/Jan/2026:11:37:44 +0100] "GET /rhn/systems/details/history/History.do?sid=1000010000& HTTP/1.1" 200 44031
127.0.0.1 - - [30/Jan/2026:11:37:44 +0100] "GET /rhn/websocket/notifications HTTP/1.1" 101 -
172.16.3.5 - - [30/Jan/2026:11:37:44 +0100] "POST /rhn/manager/frontend-log HTTP/1.1" 200 16
172.16.3.5 - - [30/Jan/2026:11:37:44 +0100] "GET /rhn/systems/details/history/Event.do?sid=1000010000&aid=2 HTTP/1.1" 200 38104
127.0.0.1 - - [30/Jan/2026:11:37:45 +0100] "GET /rhn/websocket/notifications HTTP/1.1" 101 -
172.16.3.5 - - [30/Jan/2026:11:37:45 +0100] "POST /rhn/manager/frontend-log HTTP/1.1" 200 16
172.16.3.5 - - [30/Jan/2026:11:37:45 +0100] "GET /rhn/systems/details/history/Pending.do?sid=1000010000& HTTP/1.1" 200 37856
172.16.3.5 - - [30/Jan/2026:11:37:45 +0100] "POST /rhn/manager/frontend-log HTTP/1.1" 200 16
127.0.0.1 - - [30/Jan/2026:11:37:45 +0100] "GET /rhn/websocket/notifications HTTP/1.1" 101 -
172.16.3.5 - - [30/Jan/2026:11:37:45 +0100] "GET /rhn/systems/details/history/Pending.do?sid=1000010000& HTTP/1.1" 200 37856
127.0.0.1 - - [30/Jan/2026:11:37:46 +0100] "GET /rhn/websocket/notifications HTTP/1.1" 101 -
172.16.3.5 - - [30/Jan/2026:11:37:46 +0100] "POST /rhn/manager/frontend-log HTTP/1.1" 200 16
172.16.3.5 - - [30/Jan/2026:11:37:46 +0100] "GET /rhn/systems/details/history/History.do?sid=1000010000& HTTP/1.1" 200 44031
127.0.0.1 - - [30/Jan/2026:11:37:46 +0100] "GET /rhn/websocket/notifications HTTP/1.1" 101 -
172.16.3.5 - - [30/Jan/2026:11:37:46 +0100] "POST /rhn/manager/frontend-log HTTP/1.1" 200 16
172.16.3.5 - - [30/Jan/2026:11:37:46 +0100] "GET /rhn/systems/details/history/Event.do?sid=1000010000&aid=4 HTTP/1.1" 200 38137
127.0.0.1 - - [30/Jan/2026:11:37:47 +0100] "GET /rhn/websocket/notifications HTTP/1.1" 101 -
172.16.3.5 - - [30/Jan/2026:11:37:47 +0100] "POST /rhn/manager/frontend-log HTTP/1.1" 200 16
::1 - - [30/Jan/2026:11:37:48 +0100] "POST /rhn/rpc/api HTTP/1.1" 200 137
::1 - - [30/Jan/2026:11:37:48 +0100] "POST /rhn/rpc/api HTTP/1.1" 200 204
::1 - - [30/Jan/2026:11:37:48 +0100] "POST /rhn/rpc/api HTTP/1.1" 200 138
::1 - - [30/Jan/2026:11:37:55 +0100] "POST /rhn/rpc/api HTTP/1.1" 200 19023
::1 - - [30/Jan/2026:11:38:18 +0100] "GET /rhn/manager/login HTTP/1.1" 302 -
172.16.3.5 - - [30/Jan/2026:11:38:20 +0100] "GET /rhn/manager/systems/list/all HTTP/1.1" 200 34441
127.0.0.1 - - [30/Jan/2026:11:38:20 +0100] "GET /rhn/websocket/notifications HTTP/1.1" 101 -
172.16.3.5 - - [30/Jan/2026:11:38:20 +0100] "POST /rhn/manager/frontend-log HTTP/1.1" 200 16
172.16.3.5 - - [30/Jan/2026:11:38:20 +0100] "GET /rhn/manager/api/systems/list/all?p=1&ps=100&s=1&sc=server_name HTTP/1.1" 200 792
172.16.3.5 - - [30/Jan/2026:11:38:21 +0100] "POST /rhn/manager/api/sets/system_list HTTP/1.1" 200 1
172.16.3.5 - - [30/Jan/2026:11:38:21 +0100] "POST /rhn/manager/api/auth/login HTTP/1.1" 200 16
172.16.3.5 - - [30/Jan/2026:11:38:21 +0100] "POST /rhn/manager/api/system/searchByName HTTP/1.1" 200 157
172.16.3.5 - - [30/Jan/2026:11:38:21 +0100] "GET /rhn/manager/api/auth/logout HTTP/1.1" 200 16
172.16.3.5 - - [30/Jan/2026:11:38:21 +0100] "GET /rhn/systems/details/Overview.do?sid=1000010000 HTTP/1.1" 200 43367
172.16.3.5 - - [30/Jan/2026:11:38:22 +0100] "POST /rhn/manager/frontend-log HTTP/1.1" 200 16
127.0.0.1 - - [30/Jan/2026:11:38:22 +0100] "GET /rhn/websocket/notifications HTTP/1.1" 101 -
172.16.3.5 - - [30/Jan/2026:11:38:22 +0100] "POST /rhn/manager/frontend-log HTTP/1.1" 200 16
172.16.3.5 - - [30/Jan/2026:11:38:22 +0100] "GET /rhn/systems/details/Edit.do?sid=1000010000& HTTP/1.1" 200 59804
127.0.0.1 - - [30/Jan/2026:11:38:22 +0100] "GET /rhn/websocket/notifications HTTP/1.1" 101 -
172.16.3.5 - - [30/Jan/2026:11:38:22 +0100] "POST /rhn/manager/frontend-log HTTP/1.1" 200 16
172.16.3.5 - - [30/Jan/2026:11:38:32 +0100] "POST /rhn/manager/api/auth/login HTTP/1.1" 200 16
172.16.3.5 - - [30/Jan/2026:11:38:32 +0100] "GET /rhn/manager/api/user/listUsers HTTP/1.1" 200 354
172.16.3.5 - - [30/Jan/2026:11:38:33 +0100] "GET /rhn/manager/api/auth/logout HTTP/1.1" 200 16
172.16.3.5 - - [30/Jan/2026:11:38:33 +0100] "POST /rhn/manager/api/auth/login HTTP/1.1" 200 16
172.16.3.5 - - [30/Jan/2026:11:38:33 +0100] "POST /rhn/manager/api/user/create HTTP/1.1" 200 27
172.16.3.5 - - [30/Jan/2026:11:38:33 +0100] "GET /rhn/manager/api/auth/logout HTTP/1.1" 200 16
172.16.3.5 - - [30/Jan/2026:11:38:33 +0100] "POST /rhn/manager/api/auth/login HTTP/1.1" 200 16
172.16.3.5 - - [30/Jan/2026:11:38:33 +0100] "POST /rhn/manager/api/user/addRole HTTP/1.1" 200 27
172.16.3.5 - - [30/Jan/2026:11:38:33 +0100] "GET /rhn/manager/api/auth/logout HTTP/1.1" 200 16
172.16.3.5 - - [30/Jan/2026:11:38:33 +0100] "POST /rhn/manager/api/auth/login HTTP/1.1" 200 16
172.16.3.5 - - [30/Jan/2026:11:38:33 +0100] "POST /rhn/manager/api/user/addRole HTTP/1.1" 200 27
172.16.3.5 - - [30/Jan/2026:11:38:33 +0100] "GET /rhn/manager/api/auth/logout HTTP/1.1" 200 16
172.16.3.5 - - [30/Jan/2026:11:38:33 +0100] "POST /rhn/manager/api/auth/login HTTP/1.1" 200 16
172.16.3.5 - - [30/Jan/2026:11:38:34 +0100] "POST /rhn/manager/api/user/addRole HTTP/1.1" 200 27
172.16.3.5 - - [30/Jan/2026:11:38:34 +0100] "GET /rhn/manager/api/auth/logout HTTP/1.1" 200 16
172.16.3.5 - - [30/Jan/2026:11:38:34 +0100] "POST /rhn/manager/api/auth/login HTTP/1.1" 200 16
172.16.3.5 - - [30/Jan/2026:11:38:34 +0100] "POST /rhn/manager/api/user/addRole HTTP/1.1" 200 27
172.16.3.5 - - [30/Jan/2026:11:38:34 +0100] "GET /rhn/manager/api/auth/logout HTTP/1.1" 200 16
172.16.3.5 - - [30/Jan/2026:11:38:34 +0100] "POST /rhn/manager/api/auth/login HTTP/1.1" 200 16
172.16.3.5 - - [30/Jan/2026:11:38:34 +0100] "POST /rhn/manager/api/user/addRole HTTP/1.1" 200 27
172.16.3.5 - - [30/Jan/2026:11:38:34 +0100] "GET /rhn/manager/api/auth/logout HTTP/1.1" 200 16
172.16.3.5 - - [30/Jan/2026:11:38:34 +0100] "POST /rhn/manager/api/auth/login HTTP/1.1" 200 16
172.16.3.5 - - [30/Jan/2026:11:38:35 +0100] "POST /rhn/manager/api/user/addRole HTTP/1.1" 200 27
172.16.3.5 - - [30/Jan/2026:11:38:35 +0100] "GET /rhn/manager/api/auth/logout HTTP/1.1" 200 16
172.16.3.5 - - [30/Jan/2026:11:38:51 +0100] "POST /rhn/manager/api/auth/login HTTP/1.1" 200 16
172.16.3.5 - - [30/Jan/2026:11:38:52 +0100] "POST /rhn/manager/api/auth/login HTTP/1.1" 200 16
172.16.3.5 - - [30/Jan/2026:11:38:52 +0100] "GET /rhn/manager/api/user/listUsers HTTP/1.1" 200 471
172.16.3.5 - - [30/Jan/2026:11:38:52 +0100] "GET /rhn/manager/api/user/listUsers HTTP/1.1" 200 471
172.16.3.5 - - [30/Jan/2026:11:38:52 +0100] "GET /rhn/manager/api/auth/logout HTTP/1.1" 200 16
172.16.3.5 - - [30/Jan/2026:11:38:52 +0100] "POST /rhn/manager/api/auth/login HTTP/1.1" 200 16
172.16.3.5 - - [30/Jan/2026:11:38:52 +0100] "POST /rhn/manager/api/auth/login HTTP/1.1" 200 16
172.16.3.5 - - [30/Jan/2026:11:38:52 +0100] "GET /rhn/manager/api/auth/logout HTTP/1.1" 200 16
172.16.3.5 - - [30/Jan/2026:11:38:52 +0100] "POST /rhn/manager/api/auth/login HTTP/1.1" 200 16
172.16.3.5 - - [30/Jan/2026:11:38:52 +0100] "GET /rhn/manager/api/user/listUsers HTTP/1.1" 200 471
172.16.3.5 - - [30/Jan/2026:11:38:52 +0100] "POST /rhn/manager/api/user/create HTTP/1.1" 200 27
172.16.3.5 - - [30/Jan/2026:11:38:52 +0100] "POST /rhn/manager/api/auth/login HTTP/1.1" 200 16
172.16.3.5 - - [30/Jan/2026:11:38:52 +0100] "GET /rhn/manager/api/auth/logout HTTP/1.1" 200 16
172.16.3.5 - - [30/Jan/2026:11:38:52 +0100] "POST /rhn/manager/api/user/create HTTP/1.1" 200 27
172.16.3.5 - - [30/Jan/2026:11:38:52 +0100] "POST /rhn/manager/api/auth/login HTTP/1.1" 200 16
172.16.3.5 - - [30/Jan/2026:11:38:52 +0100] "GET /rhn/manager/api/auth/logout HTTP/1.1" 200 16
172.16.3.5 - - [30/Jan/2026:11:38:52 +0100] "POST /rhn/manager/api/auth/login HTTP/1.1" 200 16
172.16.3.5 - - [30/Jan/2026:11:38:52 +0100] "POST /rhn/manager/api/auth/login HTTP/1.1" 200 16
172.16.3.5 - - [30/Jan/2026:11:38:52 +0100] "GET /rhn/manager/api/user/listUsers HTTP/1.1" 200 637
172.16.3.5 - - [30/Jan/2026:11:38:52 +0100] "GET /rhn/manager/api/user/listUsers HTTP/1.1" 200 637
172.16.3.5 - - [30/Jan/2026:11:38:53 +0100] "GET /rhn/manager/api/auth/logout HTTP/1.1" 200 16
172.16.3.5 - - [30/Jan/2026:11:38:53 +0100] "GET /rhn/manager/api/auth/logout HTTP/1.1" 200 16
172.16.3.5 - - [30/Jan/2026:11:38:53 +0100] "POST /rhn/manager/api/auth/login HTTP/1.1" 200 16
172.16.3.5 - - [30/Jan/2026:11:38:53 +0100] "POST /rhn/manager/api/user/create HTTP/1.1" 200 27
172.16.3.5 - - [30/Jan/2026:11:38:53 +0100] "POST /rhn/manager/api/user/addRole HTTP/1.1" 200 27
172.16.3.5 - - [30/Jan/2026:11:38:53 +0100] "GET /rhn/manager/api/auth/logout HTTP/1.1" 200 16
172.16.3.5 - - [30/Jan/2026:11:38:53 +0100] "POST /rhn/manager/api/auth/login HTTP/1.1" 200 16
172.16.3.5 - - [30/Jan/2026:11:38:53 +0100] "POST /rhn/manager/api/auth/login HTTP/1.1" 200 16
172.16.3.5 - - [30/Jan/2026:11:38:53 +0100] "POST /rhn/manager/api/user/addRole HTTP/1.1" 200 27
172.16.3.5 - - [30/Jan/2026:11:38:53 +0100] "GET /rhn/manager/api/auth/logout HTTP/1.1" 200 16
172.16.3.5 - - [30/Jan/2026:11:38:53 +0100] "GET /rhn/manager/api/auth/logout HTTP/1.1" 200 16
172.16.3.5 - - [30/Jan/2026:11:38:53 +0100] "POST /rhn/manager/api/auth/login HTTP/1.1" 200 16
172.16.3.5 - - [30/Jan/2026:11:38:53 +0100] "POST /rhn/manager/api/auth/login HTTP/1.1" 200 16
172.16.3.5 - - [30/Jan/2026:11:38:53 +0100] "POST /rhn/manager/api/user/create HTTP/1.1" 200 27
172.16.3.5 - - [30/Jan/2026:11:38:53 +0100] "GET /rhn/manager/api/auth/logout HTTP/1.1" 200 16
172.16.3.5 - - [30/Jan/2026:11:38:53 +0100] "POST /rhn/manager/api/user/create HTTP/1.1" 200 27
172.16.3.5 - - [30/Jan/2026:11:38:53 +0100] "POST /rhn/manager/api/auth/login HTTP/1.1" 200 16
172.16.3.5 - - [30/Jan/2026:11:38:53 +0100] "POST /rhn/manager/api/user/addRole HTTP/1.1" 200 27
172.16.3.5 - - [30/Jan/2026:11:38:53 +0100] "GET /rhn/manager/api/auth/logout HTTP/1.1" 200 16
172.16.3.5 - - [30/Jan/2026:11:38:53 +0100] "POST /rhn/manager/api/user/addRole HTTP/1.1" 200 27
172.16.3.5 - - [30/Jan/2026:11:38:53 +0100] "POST /rhn/manager/api/user/addRole HTTP/1.1" 200 27
172.16.3.5 - - [30/Jan/2026:11:38:53 +0100] "POST /rhn/manager/api/auth/login HTTP/1.1" 200 16
172.16.3.5 - - [30/Jan/2026:11:38:54 +0100] "GET /rhn/manager/api/auth/logout HTTP/1.1" 200 16
172.16.3.5 - - [30/Jan/2026:11:38:54 +0100] "GET /rhn/manager/api/auth/logout HTTP/1.1" 200 16
172.16.3.5 - - [30/Jan/2026:11:38:54 +0100] "GET /rhn/manager/api/auth/logout HTTP/1.1" 200 16
172.16.3.5 - - [30/Jan/2026:11:38:54 +0100] "GET /rhn/manager/api/auth/logout HTTP/1.1" 200 16
172.16.3.5 - - [30/Jan/2026:11:38:54 +0100] "POST /rhn/manager/api/auth/login HTTP/1.1" 200 16
172.16.3.5 - - [30/Jan/2026:11:38:54 +0100] "POST /rhn/manager/api/auth/login HTTP/1.1" 200 16
172.16.3.5 - - [30/Jan/2026:11:38:54 +0100] "POST /rhn/manager/api/auth/login HTTP/1.1" 200 16
172.16.3.5 - - [30/Jan/2026:11:38:54 +0100] "POST /rhn/manager/api/user/addRole HTTP/1.1" 200 27
172.16.3.5 - - [30/Jan/2026:11:38:54 +0100] "POST /rhn/manager/api/auth/login HTTP/1.1" 200 16
172.16.3.5 - - [30/Jan/2026:11:38:54 +0100] "POST /rhn/manager/api/user/addRole HTTP/1.1" 200 27
172.16.3.5 - - [30/Jan/2026:11:38:54 +0100] "POST /rhn/manager/api/user/addRole HTTP/1.1" 200 27
172.16.3.5 - - [30/Jan/2026:11:38:54 +0100] "POST /rhn/manager/api/user/addRole HTTP/1.1" 200 27
172.16.3.5 - - [30/Jan/2026:11:38:54 +0100] "GET /rhn/manager/api/auth/logout HTTP/1.1" 200 16
172.16.3.5 - - [30/Jan/2026:11:38:54 +0100] "POST /rhn/manager/api/user/addRole HTTP/1.1" 200 27
172.16.3.5 - - [30/Jan/2026:11:38:54 +0100] "POST /rhn/manager/api/auth/login HTTP/1.1" 200 16
172.16.3.5 - - [30/Jan/2026:11:38:54 +0100] "GET /rhn/manager/api/auth/logout HTTP/1.1" 200 16
172.16.3.5 - - [30/Jan/2026:11:38:54 +0100] "GET /rhn/manager/api/auth/logout HTTP/1.1" 200 16
172.16.3.5 - - [30/Jan/2026:11:38:54 +0100] "GET /rhn/manager/api/auth/logout HTTP/1.1" 200 16
172.16.3.5 - - [30/Jan/2026:11:38:54 +0100] "POST /rhn/manager/api/auth/login HTTP/1.1" 200 16
172.16.3.5 - - [30/Jan/2026:11:38:54 +0100] "GET /rhn/manager/api/auth/logout HTTP/1.1" 200 16
172.16.3.5 - - [30/Jan/2026:11:38:54 +0100] "POST /rhn/manager/api/user/addRole HTTP/1.1" 200 27
172.16.3.5 - - [30/Jan/2026:11:38:54 +0100] "POST /rhn/manager/api/auth/login HTTP/1.1" 200 16
172.16.3.5 - - [30/Jan/2026:11:38:54 +0100] "POST /rhn/manager/api/auth/login HTTP/1.1" 200 16
172.16.3.5 - - [30/Jan/2026:11:38:54 +0100] "POST /rhn/manager/api/auth/login HTTP/1.1" 200 16
172.16.3.5 - - [30/Jan/2026:11:38:55 +0100] "POST /rhn/manager/api/user/addRole HTTP/1.1" 200 27
172.16.3.5 - - [30/Jan/2026:11:38:55 +0100] "POST /rhn/manager/api/user/addRole HTTP/1.1" 200 27
172.16.3.5 - - [30/Jan/2026:11:38:55 +0100] "GET /rhn/manager/api/auth/logout HTTP/1.1" 200 16
172.16.3.5 - - [30/Jan/2026:11:38:55 +0100] "POST /rhn/manager/api/user/addRole HTTP/1.1" 200 27
172.16.3.5 - - [30/Jan/2026:11:38:55 +0100] "POST /rhn/manager/api/user/addRole HTTP/1.1" 200 27
172.16.3.5 - - [30/Jan/2026:11:38:55 +0100] "POST /rhn/manager/api/auth/login HTTP/1.1" 200 16
172.16.3.5 - - [30/Jan/2026:11:38:55 +0100] "GET /rhn/manager/api/auth/logout HTTP/1.1" 200 16
172.16.3.5 - - [30/Jan/2026:11:38:55 +0100] "GET /rhn/manager/api/auth/logout HTTP/1.1" 200 16
172.16.3.5 - - [30/Jan/2026:11:38:55 +0100] "GET /rhn/manager/api/auth/logout HTTP/1.1" 200 16
172.16.3.5 - - [30/Jan/2026:11:38:55 +0100] "GET /rhn/manager/api/auth/logout HTTP/1.1" 200 16
172.16.3.5 - - [30/Jan/2026:11:38:55 +0100] "POST /rhn/manager/api/auth/login HTTP/1.1" 200 16
172.16.3.5 - - [30/Jan/2026:11:38:55 +0100] "POST /rhn/manager/api/auth/login HTTP/1.1" 200 16
172.16.3.5 - - [30/Jan/2026:11:38:55 +0100] "POST /rhn/manager/api/auth/login HTTP/1.1" 200 16
172.16.3.5 - - [30/Jan/2026:11:38:55 +0100] "POST /rhn/manager/api/auth/login HTTP/1.1" 200 16
172.16.3.5 - - [30/Jan/2026:11:38:55 +0100] "POST /rhn/manager/api/user/addRole HTTP/1.1" 200 27
172.16.3.5 - - [30/Jan/2026:11:38:55 +0100] "POST /rhn/manager/api/user/addRole HTTP/1.1" 200 27
172.16.3.5 - - [30/Jan/2026:11:38:55 +0100] "POST /rhn/manager/api/user/addRole HTTP/1.1" 200 27
172.16.3.5 - - [30/Jan/2026:11:38:55 +0100] "POST /rhn/manager/api/user/addRole HTTP/1.1" 200 27
172.16.3.5 - - [30/Jan/2026:11:38:55 +0100] "GET /rhn/manager/api/auth/logout HTTP/1.1" 200 16
172.16.3.5 - - [30/Jan/2026:11:38:55 +0100] "POST /rhn/manager/api/user/addRole HTTP/1.1" 200 27
172.16.3.5 - - [30/Jan/2026:11:38:55 +0100] "GET /rhn/manager/api/auth/logout HTTP/1.1" 200 16
172.16.3.5 - - [30/Jan/2026:11:38:56 +0100] "POST /rhn/manager/api/auth/login HTTP/1.1" 200 16
172.16.3.5 - - [30/Jan/2026:11:38:56 +0100] "GET /rhn/manager/api/auth/logout HTTP/1.1" 200 16
172.16.3.5 - - [30/Jan/2026:11:38:56 +0100] "GET /rhn/manager/api/auth/logout HTTP/1.1" 200 16
172.16.3.5 - - [30/Jan/2026:11:38:56 +0100] "POST /rhn/manager/api/auth/login HTTP/1.1" 200 16
172.16.3.5 - - [30/Jan/2026:11:38:56 +0100] "POST /rhn/manager/api/auth/login HTTP/1.1" 200 16
172.16.3.5 - - [30/Jan/2026:11:38:56 +0100] "POST /rhn/manager/api/auth/login HTTP/1.1" 200 16
172.16.3.5 - - [30/Jan/2026:11:38:56 +0100] "GET /rhn/manager/api/auth/logout HTTP/1.1" 200 16
172.16.3.5 - - [30/Jan/2026:11:38:56 +0100] "POST /rhn/manager/api/auth/login HTTP/1.1" 200 16
172.16.3.5 - - [30/Jan/2026:11:38:56 +0100] "POST /rhn/manager/api/user/addRole HTTP/1.1" 200 27
172.16.3.5 - - [30/Jan/2026:11:38:56 +0100] "POST /rhn/manager/api/user/addRole HTTP/1.1" 200 27
172.16.3.5 - - [30/Jan/2026:11:38:56 +0100] "POST /rhn/manager/api/user/addRole HTTP/1.1" 200 27
172.16.3.5 - - [30/Jan/2026:11:38:56 +0100] "POST /rhn/manager/api/user/addRole HTTP/1.1" 200 27
172.16.3.5 - - [30/Jan/2026:11:38:56 +0100] "POST /rhn/manager/api/user/addRole HTTP/1.1" 200 27
172.16.3.5 - - [30/Jan/2026:11:38:56 +0100] "GET /rhn/manager/api/auth/logout HTTP/1.1" 200 16
172.16.3.5 - - [30/Jan/2026:11:38:56 +0100] "GET /rhn/manager/api/auth/logout HTTP/1.1" 200 16
172.16.3.5 - - [30/Jan/2026:11:38:56 +0100] "GET /rhn/manager/api/auth/logout HTTP/1.1" 200 16
172.16.3.5 - - [30/Jan/2026:11:38:56 +0100] "GET /rhn/manager/api/auth/logout HTTP/1.1" 200 16
172.16.3.5 - - [30/Jan/2026:11:38:56 +0100] "GET /rhn/manager/api/auth/logout HTTP/1.1" 200 16
172.16.3.5 - - [30/Jan/2026:11:38:56 +0100] "POST /rhn/manager/api/auth/login HTTP/1.1" 200 16
172.16.3.5 - - [30/Jan/2026:11:38:56 +0100] "POST /rhn/manager/api/auth/login HTTP/1.1" 200 16
172.16.3.5 - - [30/Jan/2026:11:38:56 +0100] "POST /rhn/manager/api/auth/login HTTP/1.1" 200 16
172.16.3.5 - - [30/Jan/2026:11:38:56 +0100] "POST /rhn/manager/api/user/addRole HTTP/1.1" 200 27
172.16.3.5 - - [30/Jan/2026:11:38:56 +0100] "POST /rhn/manager/api/user/addRole HTTP/1.1" 200 27
172.16.3.5 - - [30/Jan/2026:11:38:57 +0100] "POST /rhn/manager/api/user/addRole HTTP/1.1" 200 27
172.16.3.5 - - [30/Jan/2026:11:38:57 +0100] "GET /rhn/manager/api/auth/logout HTTP/1.1" 200 16
172.16.3.5 - - [30/Jan/2026:11:38:57 +0100] "GET /rhn/manager/api/auth/logout HTTP/1.1" 200 16
172.16.3.5 - - [30/Jan/2026:11:38:57 +0100] "POST /rhn/manager/api/auth/login HTTP/1.1" 200 16
172.16.3.5 - - [30/Jan/2026:11:38:57 +0100] "GET /rhn/manager/api/auth/logout HTTP/1.1" 200 16
172.16.3.5 - - [30/Jan/2026:11:38:57 +0100] "POST /rhn/manager/api/auth/login HTTP/1.1" 200 16
172.16.3.5 - - [30/Jan/2026:11:38:57 +0100] "POST /rhn/manager/api/user/addRole HTTP/1.1" 200 27
172.16.3.5 - - [30/Jan/2026:11:38:57 +0100] "POST /rhn/manager/api/user/addRole HTTP/1.1" 200 27
172.16.3.5 - - [30/Jan/2026:11:38:57 +0100] "GET /rhn/manager/api/auth/logout HTTP/1.1" 200 16
172.16.3.5 - - [30/Jan/2026:11:38:57 +0100] "GET /rhn/manager/api/auth/logout HTTP/1.1" 200 16
::1 - - [30/Jan/2026:11:39:21 +0100] "GET /rhn/manager/login HTTP/1.1" 302 -
172.16.3.5 - - [30/Jan/2026:11:39:22 +0100] "GET /rhn/manager/login HTTP/1.1" 200 2219
172.16.3.5 - - [30/Jan/2026:11:39:23 +0100] "POST /rhn/manager/frontend-log HTTP/1.1" 302 -
172.16.3.5 - - [30/Jan/2026:11:39:23 +0100] "GET /rhn/manager/login?url_bounce=%2Frhn%2Fmanager%2Ffrontend-log&request_method=POST HTTP/1.1" 200 2225
172.16.3.5 - - [30/Jan/2026:11:39:23 +0100] "GET /rhn/manager/login HTTP/1.1" 200 2221
172.16.3.5 - - [30/Jan/2026:11:39:24 +0100] "POST /rhn/manager/frontend-log HTTP/1.1" 302 -
172.16.3.5 - - [30/Jan/2026:11:39:24 +0100] "GET /rhn/manager/login?url_bounce=%2Frhn%2Fmanager%2Ffrontend-log&request_method=POST HTTP/1.1" 200 2225
172.16.3.5 - - [30/Jan/2026:11:39:31 +0100] "GET /rhn/manager/login HTTP/1.1" 200 2221
172.16.3.5 - - [30/Jan/2026:11:39:31 +0100] "POST /rhn/manager/frontend-log HTTP/1.1" 302 -
172.16.3.5 - - [30/Jan/2026:11:39:31 +0100] "GET /rhn/manager/login?url_bounce=%2Frhn%2Fmanager%2Ffrontend-log&request_method=POST HTTP/1.1" 200 2225
172.16.3.5 - - [30/Jan/2026:11:39:33 +0100] "POST /rhn/manager/api/login HTTP/1.1" 200 16
172.16.3.5 - - [30/Jan/2026:11:39:33 +0100] "GET /rhn/YourRhn.do HTTP/1.1" 200 36306
172.16.3.5 - - [30/Jan/2026:11:39:33 +0100] "POST /rhn/manager/frontend-log HTTP/1.1" 401 755
172.16.3.5 - - [30/Jan/2026:11:39:34 +0100] "POST /rhn/ajax/subscription-warning HTTP/1.1" 200 -
172.16.3.5 - - [30/Jan/2026:11:39:34 +0100] "POST /rhn/ajax/critical-systems HTTP/1.1" 200 2025
172.16.3.5 - - [30/Jan/2026:11:39:34 +0100] "POST /rhn/ajax/inactive-systems HTTP/1.1" 200 540
127.0.0.1 - - [30/Jan/2026:11:39:34 +0100] "GET /rhn/websocket/notifications HTTP/1.1" 101 -
172.16.3.5 - - [30/Jan/2026:11:39:34 +0100] "POST /rhn/ajax/tasks HTTP/1.1" 200 2232
172.16.3.5 - - [30/Jan/2026:11:39:34 +0100] "POST /rhn/ajax/systems-groups HTTP/1.1" 200 1490
172.16.3.5 - - [30/Jan/2026:11:39:34 +0100] "POST /rhn/ajax/latest-errata HTTP/1.1" 200 539
172.16.3.5 - - [30/Jan/2026:11:39:34 +0100] "POST /rhn/ajax/pending-actions HTTP/1.1" 200 3272
127.0.0.1 - - [30/Jan/2026:11:39:34 +0100] "GET /rhn/websocket/notifications HTTP/1.1" 101 -
172.16.3.5 - - [30/Jan/2026:11:39:34 +0100] "POST /rhn/ajax/recent-systems HTTP/1.1" 200 3173
172.16.3.5 - - [30/Jan/2026:11:39:34 +0100] "POST /rhn/manager/api/login HTTP/1.1" 200 16
172.16.3.5 - - [30/Jan/2026:11:39:34 +0100] "POST /rhn/manager/frontend-log HTTP/1.1" 200 16
172.16.3.5 - - [30/Jan/2026:11:39:34 +0100] "GET /rhn/YourRhn.do HTTP/1.1" 200 36306
172.16.3.5 - - [30/Jan/2026:11:39:35 +0100] "GET /rhn/manager/systems/bootstrap HTTP/1.1" 200 34641
172.16.3.5 - - [30/Jan/2026:11:39:35 +0100] "POST /rhn/manager/frontend-log HTTP/1.1" 401 755
127.0.0.1 - - [30/Jan/2026:11:39:35 +0100] "GET /rhn/websocket/notifications HTTP/1.1" 101 -
172.16.3.5 - - [30/Jan/2026:11:39:35 +0100] "POST /rhn/manager/frontend-log HTTP/1.1" 200 16
172.16.3.5 - - [30/Jan/2026:11:39:35 +0100] "POST /rhn/ajax/subscription-warning HTTP/1.1" 200 -
172.16.3.5 - - [30/Jan/2026:11:39:35 +0100] "POST /rhn/ajax/latest-errata HTTP/1.1" 200 539
127.0.0.1 - - [30/Jan/2026:11:39:35 +0100] "GET /rhn/websocket/notifications HTTP/1.1" 101 -
172.16.3.5 - - [30/Jan/2026:11:39:35 +0100] "POST /rhn/ajax/inactive-systems HTTP/1.1" 200 540
172.16.3.5 - - [30/Jan/2026:11:39:35 +0100] "POST /rhn/ajax/tasks HTTP/1.1" 200 2232
172.16.3.5 - - [30/Jan/2026:11:39:35 +0100] "POST /rhn/ajax/critical-systems HTTP/1.1" 200 2026
172.16.3.5 - - [30/Jan/2026:11:39:35 +0100] "POST /rhn/ajax/pending-actions HTTP/1.1" 200 3272
172.16.3.5 - - [30/Jan/2026:11:39:35 +0100] "POST /rhn/ajax/systems-groups HTTP/1.1" 200 1491
127.0.0.1 - - [30/Jan/2026:11:39:35 +0100] "GET /rhn/websocket/notifications HTTP/1.1" 101 -
172.16.3.5 - - [30/Jan/2026:11:39:35 +0100] "POST /rhn/ajax/recent-systems HTTP/1.1" 200 3174
172.16.3.5 - - [30/Jan/2026:11:39:35 +0100] "POST /rhn/manager/frontend-log HTTP/1.1" 401 755
172.16.3.5 - - [30/Jan/2026:11:39:36 +0100] "GET /rhn/manager/systems/bootstrap HTTP/1.1" 200 34643
127.0.0.1 - - [30/Jan/2026:11:39:36 +0100] "GET /rhn/websocket/notifications HTTP/1.1" 101 -
172.16.3.5 - - [30/Jan/2026:11:39:36 +0100] "POST /rhn/manager/frontend-log HTTP/1.1" 200 16
172.16.3.5 - - [30/Jan/2026:11:39:42 +0100] "POST /rhn/manager/api/login HTTP/1.1" 200 16
172.16.3.5 - - [30/Jan/2026:11:39:42 +0100] "GET /rhn/YourRhn.do HTTP/1.1" 200 36306
172.16.3.5 - - [30/Jan/2026:11:39:42 +0100] "POST /rhn/manager/frontend-log HTTP/1.1" 401 755
172.16.3.5 - - [30/Jan/2026:11:39:42 +0100] "POST /rhn/ajax/latest-errata HTTP/1.1" 200 539
172.16.3.5 - - [30/Jan/2026:11:39:42 +0100] "POST /rhn/ajax/subscription-warning HTTP/1.1" 200 -
127.0.0.1 - - [30/Jan/2026:11:39:42 +0100] "GET /rhn/websocket/notifications HTTP/1.1" 101 -
172.16.3.5 - - [30/Jan/2026:11:39:42 +0100] "POST /rhn/ajax/inactive-systems HTTP/1.1" 200 540
172.16.3.5 - - [30/Jan/2026:11:39:43 +0100] "POST /rhn/ajax/tasks HTTP/1.1" 200 2232
172.16.3.5 - - [30/Jan/2026:11:39:43 +0100] "POST /rhn/ajax/critical-systems HTTP/1.1" 200 2025
172.16.3.5 - - [30/Jan/2026:11:39:43 +0100] "POST /rhn/ajax/pending-actions HTTP/1.1" 200 3272
172.16.3.5 - - [30/Jan/2026:11:39:43 +0100] "POST /rhn/ajax/recent-systems HTTP/1.1" 200 3173
127.0.0.1 - - [30/Jan/2026:11:39:43 +0100] "GET /rhn/websocket/notifications HTTP/1.1" 101 -
172.16.3.5 - - [30/Jan/2026:11:39:43 +0100] "POST /rhn/manager/frontend-log HTTP/1.1" 401 755
172.16.3.5 - - [30/Jan/2026:11:39:43 +0100] "POST /rhn/ajax/systems-groups HTTP/1.1" 200 1490
172.16.3.5 - - [30/Jan/2026:11:39:43 +0100] "GET /rhn/manager/systems/bootstrap HTTP/1.1" 200 34641
172.16.3.5 - - [30/Jan/2026:11:39:43 +0100] "POST /rhn/manager/frontend-log HTTP/1.1" 200 16
127.0.0.1 - - [30/Jan/2026:11:39:43 +0100] "GET /rhn/websocket/notifications HTTP/1.1" 101 -
172.16.3.7 - - [30/Jan/2026:11:39:45 +0100] "GET /rhn/errors/404.jsp HTTP/1.1" 404 4500
172.16.3.7 - - [30/Jan/2026:11:39:45 +0100] "GET /rhn/errors/404.jsp HTTP/1.1" 404 4500
172.16.3.7 - - [30/Jan/2026:11:39:47 +0100] "GET /rhn/errors/404.jsp HTTP/1.1" 404 4500
172.16.3.7 - - [30/Jan/2026:11:40:01 +0100] "GET /rhn/errors/404.jsp HTTP/1.1" 404 4500
172.16.3.7 - - [30/Jan/2026:11:40:02 +0100] "GET /rhn/errors/404.jsp HTTP/1.1" 404 4500
172.16.3.7 - - [30/Jan/2026:11:40:04 +0100] "GET /rhn/errors/404.jsp HTTP/1.1" 404 4500
172.16.3.7 - - [30/Jan/2026:11:40:16 +0100] "GET /rhn/errors/404.jsp HTTP/1.1" 404 4500
172.16.3.7 - - [30/Jan/2026:11:40:16 +0100] "GET /rhn/errors/404.jsp HTTP/1.1" 404 4500
::1 - - [30/Jan/2026:11:40:24 +0100] "GET /rhn/manager/login HTTP/1.1" 302 -
172.16.3.5 - - [30/Jan/2026:11:40:24 +0100] "POST /rhn/manager/api/systems/bootstrap HTTP/1.1" 200 28
172.16.3.5 - - [30/Jan/2026:11:40:25 +0100] "GET /rhn/manager/systems/list/all HTTP/1.1" 200 34441
127.0.0.1 - - [30/Jan/2026:11:40:25 +0100] "GET /rhn/websocket/notifications HTTP/1.1" 101 -
172.16.3.5 - - [30/Jan/2026:11:40:25 +0100] "POST /rhn/manager/frontend-log HTTP/1.1" 200 16
172.16.3.5 - - [30/Jan/2026:11:40:25 +0100] "GET /rhn/manager/api/systems/list/all?p=1&ps=100&s=1&sc=server_name HTTP/1.1" 200 792
172.16.3.5 - - [30/Jan/2026:11:40:26 +0100] "POST /rhn/manager/api/sets/system_list HTTP/1.1" 200 1
172.16.3.5 - - [30/Jan/2026:11:40:31 +0100] "POST /rhn/manager/api/systems/bootstrap HTTP/1.1" 200 28
172.16.3.5 - - [30/Jan/2026:11:40:31 +0100] "GET /rhn/manager/systems/keys HTTP/1.1" 200 34291
127.0.0.1 - - [30/Jan/2026:11:40:32 +0100] "GET /rhn/websocket/notifications HTTP/1.1" 101 -
172.16.3.5 - - [30/Jan/2026:11:40:32 +0100] "POST /rhn/manager/frontend-log HTTP/1.1" 200 16
172.16.3.5 - - [30/Jan/2026:11:40:32 +0100] "GET /rhn/manager/api/systems/keys HTTP/1.1" 200 767
172.16.3.5 - - [30/Jan/2026:11:40:32 +0100] "GET /rhn/manager/systems/list/all HTTP/1.1" 200 34441
172.16.3.5 - - [30/Jan/2026:11:40:32 +0100] "POST /rhn/manager/frontend-log HTTP/1.1" 200 16
127.0.0.1 - - [30/Jan/2026:11:40:32 +0100] "GET /rhn/websocket/notifications HTTP/1.1" 101 -
172.16.3.5 - - [30/Jan/2026:11:40:33 +0100] "GET /rhn/manager/systems/list/all HTTP/1.1" 200 34439
127.0.0.1 - - [30/Jan/2026:11:40:33 +0100] "GET /rhn/websocket/notifications HTTP/1.1" 101 -
172.16.3.5 - - [30/Jan/2026:11:40:33 +0100] "POST /rhn/manager/frontend-log HTTP/1.1" 200 16
172.16.3.5 - - [30/Jan/2026:11:40:33 +0100] "POST /rhn/manager/frontend-log HTTP/1.1" 200 16
127.0.0.1 - - [30/Jan/2026:11:40:33 +0100] "GET /rhn/websocket/notifications HTTP/1.1" 101 -
172.16.3.5 - - [30/Jan/2026:11:40:33 +0100] "GET /rhn/manager/api/systems/list/all?p=1&ps=100&s=1&sc=server_name HTTP/1.1" 200 792
172.16.3.5 - - [30/Jan/2026:11:40:33 +0100] "GET /rhn/manager/api/systems/list/all?p=1&ps=100&s=1&sc=server_name HTTP/1.1" 200 792
172.16.3.5 - - [30/Jan/2026:11:40:33 +0100] "POST /rhn/manager/api/sets/system_list HTTP/1.1" 200 1
172.16.3.5 - - [30/Jan/2026:11:40:34 +0100] "POST /rhn/manager/api/sets/system_list HTTP/1.1" 200 1
172.16.3.5 - - [30/Jan/2026:11:40:37 +0100] "GET /rhn/manager/systems/list/all HTTP/1.1" 200 34439
172.16.3.5 - - [30/Jan/2026:11:40:37 +0100] "POST /rhn/manager/frontend-log HTTP/1.1" 200 16
172.16.3.5 - - [30/Jan/2026:11:40:37 +0100] "POST /rhn/manager/api/systems/bootstrap HTTP/1.1" 200 28
127.0.0.1 - - [30/Jan/2026:11:40:37 +0100] "GET /rhn/websocket/notifications HTTP/1.1" 101 -
172.16.3.5 - - [30/Jan/2026:11:40:37 +0100] "POST /rhn/manager/frontend-log HTTP/1.1" 200 16
127.0.0.1 - - [30/Jan/2026:11:40:38 +0100] "GET /rhn/websocket/notifications HTTP/1.1" 101 -
172.16.3.5 - - [30/Jan/2026:11:40:38 +0100] "GET /rhn/manager/api/systems/list/all?p=1&ps=100&s=1&sc=server_name HTTP/1.1" 200 792
172.16.3.5 - - [30/Jan/2026:11:40:38 +0100] "POST /rhn/manager/api/sets/system_list HTTP/1.1" 200 1
172.16.3.5 - - [30/Jan/2026:11:40:38 +0100] "GET /rhn/manager/systems/list/all HTTP/1.1" 200 34439
127.0.0.1 - - [30/Jan/2026:11:40:38 +0100] "GET /rhn/websocket/notifications HTTP/1.1" 101 -
172.16.3.5 - - [30/Jan/2026:11:40:38 +0100] "POST /rhn/manager/frontend-log HTTP/1.1" 200 16
172.16.3.5 - - [30/Jan/2026:11:40:39 +0100] "GET /rhn/manager/api/systems/list/all?p=1&ps=100&s=1&sc=server_name HTTP/1.1" 200 792
172.16.3.5 - - [30/Jan/2026:11:40:39 +0100] "POST /rhn/manager/api/sets/system_list HTTP/1.1" 200 1
172.16.3.7 - - [30/Jan/2026:11:40:44 +0100] "HEAD /rhn/manager/download/devel-build-host-channel/repodata/repomd.xml?eyJhbGciOiJIUzI1NiJ9.eyJqdGkiOiJrM2tBUDRXMDRDUWVzcVlnNHBCQzlRIiwiZXhwIjoxODAxMzA1NjM3LCJpYXQiOjE3Njk3Njk2MzcsIm5iZiI6MTc2OTc2OTUxNywib3JnIjoxLCJvbmx5Q2hhbm5lbHMiOlsiZGV2ZWwtYnVpbGQtaG9zdC1jaGFubmVsIl19.bqJyjpRI8Qj9EqXw69yfslIpbrPO7q_J2pJzjfYa1Yg HTTP/1.1" 200 -
172.16.3.7 - - [30/Jan/2026:11:40:45 +0100] "HEAD /rhn/manager/download/devel-build-host-channel/media.1/media?eyJhbGciOiJIUzI1NiJ9.eyJqdGkiOiJrM2tBUDRXMDRDUWVzcVlnNHBCQzlRIiwiZXhwIjoxODAxMzA1NjM3LCJpYXQiOjE3Njk3Njk2MzcsIm5iZiI6MTc2OTc2OTUxNywib3JnIjoxLCJvbmx5Q2hhbm5lbHMiOlsiZGV2ZWwtYnVpbGQtaG9zdC1jaGFubmVsIl19.bqJyjpRI8Qj9EqXw69yfslIpbrPO7q_J2pJzjfYa1Yg HTTP/1.1" 404 -
172.16.3.7 - - [30/Jan/2026:11:40:45 +0100] "HEAD /rhn/manager/download/devel-build-host-channel/repodata/repomd.xml?eyJhbGciOiJIUzI1NiJ9.eyJqdGkiOiJrM2tBUDRXMDRDUWVzcVlnNHBCQzlRIiwiZXhwIjoxODAxMzA1NjM3LCJpYXQiOjE3Njk3Njk2MzcsIm5iZiI6MTc2OTc2OTUxNywib3JnIjoxLCJvbmx5Q2hhbm5lbHMiOlsiZGV2ZWwtYnVpbGQtaG9zdC1jaGFubmVsIl19.bqJyjpRI8Qj9EqXw69yfslIpbrPO7q_J2pJzjfYa1Yg HTTP/1.1" 200 -
172.16.3.7 - - [30/Jan/2026:11:40:45 +0100] "GET /rhn/manager/download/devel-build-host-channel/repodata/repomd.xml?eyJhbGciOiJIUzI1NiJ9.eyJqdGkiOiJrM2tBUDRXMDRDUWVzcVlnNHBCQzlRIiwiZXhwIjoxODAxMzA1NjM3LCJpYXQiOjE3Njk3Njk2MzcsIm5iZiI6MTc2OTc2OTUxNywib3JnIjoxLCJvbmx5Q2hhbm5lbHMiOlsiZGV2ZWwtYnVpbGQtaG9zdC1jaGFubmVsIl19.bqJyjpRI8Qj9EqXw69yfslIpbrPO7q_J2pJzjfYa1Yg HTTP/1.1" 200 3664
172.16.3.7 - - [30/Jan/2026:11:40:45 +0100] "HEAD /rhn/manager/download/devel-build-host-channel/repodata/repomd.xml.asc?eyJhbGciOiJIUzI1NiJ9.eyJqdGkiOiJrM2tBUDRXMDRDUWVzcVlnNHBCQzlRIiwiZXhwIjoxODAxMzA1NjM3LCJpYXQiOjE3Njk3Njk2MzcsIm5iZiI6MTc2OTc2OTUxNywib3JnIjoxLCJvbmx5Q2hhbm5lbHMiOlsiZGV2ZWwtYnVpbGQtaG9zdC1jaGFubmVsIl19.bqJyjpRI8Qj9EqXw69yfslIpbrPO7q_J2pJzjfYa1Yg HTTP/1.1" 404 -
172.16.3.7 - - [30/Jan/2026:11:40:45 +0100] "HEAD /rhn/manager/download/devel-build-host-channel/repodata/76dd65dfe61289c940dd5bb87f51f86bcd8d1ef8bdf1351d42418d358daabca4-primary.xml.gz?eyJhbGciOiJIUzI1NiJ9.eyJqdGkiOiJrM2tBUDRXMDRDUWVzcVlnNHBCQzlRIiwiZXhwIjoxODAxMzA1NjM3LCJpYXQiOjE3Njk3Njk2MzcsIm5iZiI6MTc2OTc2OTUxNywib3JnIjoxLCJvbmx5Q2hhbm5lbHMiOlsiZGV2ZWwtYnVpbGQtaG9zdC1jaGFubmVsIl19.bqJyjpRI8Qj9EqXw69yfslIpbrPO7q_J2pJzjfYa1Yg HTTP/1.1" 200 -
172.16.3.7 - - [30/Jan/2026:11:40:45 +0100] "GET /rhn/manager/download/devel-build-host-channel/repodata/76dd65dfe61289c940dd5bb87f51f86bcd8d1ef8bdf1351d42418d358daabca4-primary.xml.gz?eyJhbGciOiJIUzI1NiJ9.eyJqdGkiOiJrM2tBUDRXMDRDUWVzcVlnNHBCQzlRIiwiZXhwIjoxODAxMzA1NjM3LCJpYXQiOjE3Njk3Njk2MzcsIm5iZiI6MTc2OTc2OTUxNywib3JnIjoxLCJvbmx5Q2hhbm5lbHMiOlsiZGV2ZWwtYnVpbGQtaG9zdC1jaGFubmVsIl19.bqJyjpRI8Qj9EqXw69yfslIpbrPO7q_J2pJzjfYa1Yg HTTP/1.1" 200 3664
172.16.3.7 - - [30/Jan/2026:11:40:45 +0100] "HEAD /rhn/manager/download/devel-build-host-channel/repodata/6926b8e773cbec56d4a2fc6bd230dab8e9d090aba964e99078e01028260ba3f8-susedata.xml.gz?eyJhbGciOiJIUzI1NiJ9.eyJqdGkiOiJrM2tBUDRXMDRDUWVzcVlnNHBCQzlRIiwiZXhwIjoxODAxMzA1NjM3LCJpYXQiOjE3Njk3Njk2MzcsIm5iZiI6MTc2OTc2OTUxNywib3JnIjoxLCJvbmx5Q2hhbm5lbHMiOlsiZGV2ZWwtYnVpbGQtaG9zdC1jaGFubmVsIl19.bqJyjpRI8Qj9EqXw69yfslIpbrPO7q_J2pJzjfYa1Yg HTTP/1.1" 200 -
172.16.3.5 - - [30/Jan/2026:11:40:45 +0100] "GET /rhn/manager/systems/list/all HTTP/1.1" 200 34439
172.16.3.7 - - [30/Jan/2026:11:40:45 +0100] "GET /rhn/manager/download/devel-build-host-channel/repodata/6926b8e773cbec56d4a2fc6bd230dab8e9d090aba964e99078e01028260ba3f8-susedata.xml.gz?eyJhbGciOiJIUzI1NiJ9.eyJqdGkiOiJrM2tBUDRXMDRDUWVzcVlnNHBCQzlRIiwiZXhwIjoxODAxMzA1NjM3LCJpYXQiOjE3Njk3Njk2MzcsIm5iZiI6MTc2OTc2OTUxNywib3JnIjoxLCJvbmx5Q2hhbm5lbHMiOlsiZGV2ZWwtYnVpbGQtaG9zdC1jaGFubmVsIl19.bqJyjpRI8Qj9EqXw69yfslIpbrPO7q_J2pJzjfYa1Yg HTTP/1.1" 200 3664
172.16.3.5 - - [30/Jan/2026:11:40:45 +0100] "POST /rhn/manager/frontend-log HTTP/1.1" 200 16
172.16.3.7 - - [30/Jan/2026:11:40:45 +0100] "HEAD /rhn/manager/download/sle-module-basesystem15-sp7-pool-x86_64/repodata/repomd.xml?eyJhbGciOiJIUzI1NiJ9.eyJqdGkiOiJIOXluRHVNb2tMMzdxQ2RBTy1yNDRBIiwiZXhwIjoxODAxMzA1NjM3LCJpYXQiOjE3Njk3Njk2MzcsIm5iZiI6MTc2OTc2OTUxNywib3JnIjoxLCJvbmx5Q2hhbm5lbHMiOlsic2xlLW1vZHVsZS1iYXNlc3lzdGVtMTUtc3A3LXBvb2wteDg2XzY0Il19.QR_62llDQRpDqj-nxfJy6T7XKKoUM3VrObh01PtKTuE HTTP/1.1" 200 -
127.0.0.1 - - [30/Jan/2026:11:40:45 +0100] "GET /rhn/websocket/notifications HTTP/1.1" 101 -
172.16.3.7 - - [30/Jan/2026:11:40:45 +0100] "HEAD /rhn/manager/download/sle-module-basesystem15-sp7-pool-x86_64/media.1/media?eyJhbGciOiJIUzI1NiJ9.eyJqdGkiOiJIOXluRHVNb2tMMzdxQ2RBTy1yNDRBIiwiZXhwIjoxODAxMzA1NjM3LCJpYXQiOjE3Njk3Njk2MzcsIm5iZiI6MTc2OTc2OTUxNywib3JnIjoxLCJvbmx5Q2hhbm5lbHMiOlsic2xlLW1vZHVsZS1iYXNlc3lzdGVtMTUtc3A3LXBvb2wteDg2XzY0Il19.QR_62llDQRpDqj-nxfJy6T7XKKoUM3VrObh01PtKTuE HTTP/1.1" 404 -
172.16.3.5 - - [30/Jan/2026:11:40:46 +0100] "POST /rhn/manager/frontend-log HTTP/1.1" 200 16
127.0.0.1 - - [30/Jan/2026:11:40:46 +0100] "GET /rhn/websocket/notifications HTTP/1.1" 101 -
172.16.3.7 - - [30/Jan/2026:11:40:46 +0100] "HEAD /rhn/manager/download/sle-module-basesystem15-sp7-pool-x86_64/repodata/repomd.xml?eyJhbGciOiJIUzI1NiJ9.eyJqdGkiOiJIOXluRHVNb2tMMzdxQ2RBTy1yNDRBIiwiZXhwIjoxODAxMzA1NjM3LCJpYXQiOjE3Njk3Njk2MzcsIm5iZiI6MTc2OTc2OTUxNywib3JnIjoxLCJvbmx5Q2hhbm5lbHMiOlsic2xlLW1vZHVsZS1iYXNlc3lzdGVtMTUtc3A3LXBvb2wteDg2XzY0Il19.QR_62llDQRpDqj-nxfJy6T7XKKoUM3VrObh01PtKTuE HTTP/1.1" 200 -
172.16.3.7 - - [30/Jan/2026:11:40:46 +0100] "GET /rhn/manager/download/sle-module-basesystem15-sp7-pool-x86_64/repodata/repomd.xml?eyJhbGciOiJIUzI1NiJ9.eyJqdGkiOiJIOXluRHVNb2tMMzdxQ2RBTy1yNDRBIiwiZXhwIjoxODAxMzA1NjM3LCJpYXQiOjE3Njk3Njk2MzcsIm5iZiI6MTc2OTc2OTUxNywib3JnIjoxLCJvbmx5Q2hhbm5lbHMiOlsic2xlLW1vZHVsZS1iYXNlc3lzdGVtMTUtc3A3LXBvb2wteDg2XzY0Il19.QR_62llDQRpDqj-nxfJy6T7XKKoUM3VrObh01PtKTuE HTTP/1.1" 200 3664
172.16.3.7 - - [30/Jan/2026:11:40:46 +0100] "HEAD /rhn/manager/download/sle-module-basesystem15-sp7-pool-x86_64/repodata/repomd.xml.asc?eyJhbGciOiJIUzI1NiJ9.eyJqdGkiOiJIOXluRHVNb2tMMzdxQ2RBTy1yNDRBIiwiZXhwIjoxODAxMzA1NjM3LCJpYXQiOjE3Njk3Njk2MzcsIm5iZiI6MTc2OTc2OTUxNywib3JnIjoxLCJvbmx5Q2hhbm5lbHMiOlsic2xlLW1vZHVsZS1iYXNlc3lzdGVtMTUtc3A3LXBvb2wteDg2XzY0Il19.QR_62llDQRpDqj-nxfJy6T7XKKoUM3VrObh01PtKTuE HTTP/1.1" 404 -
172.16.3.5 - - [30/Jan/2026:11:40:46 +0100] "GET /rhn/manager/api/systems/list/all?p=1&ps=100&s=1&sc=server_name HTTP/1.1" 200 792
172.16.3.7 - - [30/Jan/2026:11:40:46 +0100] "HEAD /rhn/manager/download/sle-module-basesystem15-sp7-pool-x86_64/repodata/e684583997e9667bc14cfee4ddab32565481dee84c68d13fbee21256e27b500f-primary.xml.gz?eyJhbGciOiJIUzI1NiJ9.eyJqdGkiOiJIOXluRHVNb2tMMzdxQ2RBTy1yNDRBIiwiZXhwIjoxODAxMzA1NjM3LCJpYXQiOjE3Njk3Njk2MzcsIm5iZiI6MTc2OTc2OTUxNywib3JnIjoxLCJvbmx5Q2hhbm5lbHMiOlsic2xlLW1vZHVsZS1iYXNlc3lzdGVtMTUtc3A3LXBvb2wteDg2XzY0Il19.QR_62llDQRpDqj-nxfJy6T7XKKoUM3VrObh01PtKTuE HTTP/1.1" 200 -
172.16.3.5 - - [30/Jan/2026:11:40:46 +0100] "GET /rhn/manager/systems/list/all HTTP/1.1" 200 34441
172.16.3.7 - - [30/Jan/2026:11:40:46 +0100] "GET /rhn/manager/download/sle-module-basesystem15-sp7-pool-x86_64/repodata/e684583997e9667bc14cfee4ddab32565481dee84c68d13fbee21256e27b500f-primary.xml.gz?eyJhbGciOiJIUzI1NiJ9.eyJqdGkiOiJIOXluRHVNb2tMMzdxQ2RBTy1yNDRBIiwiZXhwIjoxODAxMzA1NjM3LCJpYXQiOjE3Njk3Njk2MzcsIm5iZiI6MTc2OTc2OTUxNywib3JnIjoxLCJvbmx5Q2hhbm5lbHMiOlsic2xlLW1vZHVsZS1iYXNlc3lzdGVtMTUtc3A3LXBvb2wteDg2XzY0Il19.QR_62llDQRpDqj-nxfJy6T7XKKoUM3VrObh01PtKTuE HTTP/1.1" 200 3664
172.16.3.5 - - [30/Jan/2026:11:40:46 +0100] "POST /rhn/manager/api/sets/system_list HTTP/1.1" 200 1
172.16.3.7 - - [30/Jan/2026:11:40:46 +0100] "HEAD /rhn/manager/download/sle-module-basesystem15-sp7-pool-x86_64/repodata/7630dbe3c7b30030e42eb06874d22b16ed841b9ce14d87e72ccbe01d3f52aeb4-susedata.xml.gz?eyJhbGciOiJIUzI1NiJ9.eyJqdGkiOiJIOXluRHVNb2tMMzdxQ2RBTy1yNDRBIiwiZXhwIjoxODAxMzA1NjM3LCJpYXQiOjE3Njk3Njk2MzcsIm5iZiI6MTc2OTc2OTUxNywib3JnIjoxLCJvbmx5Q2hhbm5lbHMiOlsic2xlLW1vZHVsZS1iYXNlc3lzdGVtMTUtc3A3LXBvb2wteDg2XzY0Il19.QR_62llDQRpDqj-nxfJy6T7XKKoUM3VrObh01PtKTuE HTTP/1.1" 200 -
172.16.3.7 - - [30/Jan/2026:11:40:46 +0100] "GET /rhn/manager/download/sle-module-basesystem15-sp7-pool-x86_64/repodata/7630dbe3c7b30030e42eb06874d22b16ed841b9ce14d87e72ccbe01d3f52aeb4-susedata.xml.gz?eyJhbGciOiJIUzI1NiJ9.eyJqdGkiOiJIOXluRHVNb2tMMzdxQ2RBTy1yNDRBIiwiZXhwIjoxODAxMzA1NjM3LCJpYXQiOjE3Njk3Njk2MzcsIm5iZiI6MTc2OTc2OTUxNywib3JnIjoxLCJvbmx5Q2hhbm5lbHMiOlsic2xlLW1vZHVsZS1iYXNlc3lzdGVtMTUtc3A3LXBvb2wteDg2XzY0Il19.QR_62llDQRpDqj-nxfJy6T7XKKoUM3VrObh01PtKTuE HTTP/1.1" 200 3664
172.16.3.5 - - [30/Jan/2026:11:40:46 +0100] "POST /rhn/manager/frontend-log HTTP/1.1" 200 16
127.0.0.1 - - [30/Jan/2026:11:40:46 +0100] "GET /rhn/websocket/notifications HTTP/1.1" 101 -
172.16.3.5 - - [30/Jan/2026:11:40:46 +0100] "POST /rhn/manager/frontend-log HTTP/1.1" 200 16
127.0.0.1 - - [30/Jan/2026:11:40:46 +0100] "GET /rhn/websocket/notifications HTTP/1.1" 101 -
172.16.3.5 - - [30/Jan/2026:11:40:46 +0100] "GET /rhn/manager/api/systems/list/all?p=1&ps=100&s=1&sc=server_name HTTP/1.1" 200 792
172.16.3.5 - - [30/Jan/2026:11:40:47 +0100] "POST /rhn/manager/api/sets/system_list HTTP/1.1" 200 1
172.16.3.7 - - [30/Jan/2026:11:40:47 +0100] "HEAD /rhn/manager/download/sle-module-basesystem15-sp7-updates-x86_64/repodata/repomd.xml?eyJhbGciOiJIUzI1NiJ9.eyJqdGkiOiJvZ0JwMlQ2ZXhOa1FobUZGcEVWeEZnIiwiZXhwIjoxODAxMzA1NjM3LCJpYXQiOjE3Njk3Njk2MzcsIm5iZiI6MTc2OTc2OTUxNywib3JnIjoxLCJvbmx5Q2hhbm5lbHMiOlsic2xlLW1vZHVsZS1iYXNlc3lzdGVtMTUtc3A3LXVwZGF0ZXMteDg2XzY0Il19._8zSWa2DSTIs1eGO6EHolKa4glx2E9heMVGXTB0QpDA HTTP/1.1" 200 -
172.16.3.7 - - [30/Jan/2026:11:40:47 +0100] "HEAD /rhn/manager/download/sle-module-basesystem15-sp7-updates-x86_64/media.1/media?eyJhbGciOiJIUzI1NiJ9.eyJqdGkiOiJvZ0JwMlQ2ZXhOa1FobUZGcEVWeEZnIiwiZXhwIjoxODAxMzA1NjM3LCJpYXQiOjE3Njk3Njk2MzcsIm5iZiI6MTc2OTc2OTUxNywib3JnIjoxLCJvbmx5Q2hhbm5lbHMiOlsic2xlLW1vZHVsZS1iYXNlc3lzdGVtMTUtc3A3LXVwZGF0ZXMteDg2XzY0Il19._8zSWa2DSTIs1eGO6EHolKa4glx2E9heMVGXTB0QpDA HTTP/1.1" 404 -
172.16.3.7 - - [30/Jan/2026:11:40:47 +0100] "HEAD /rhn/manager/download/sle-module-basesystem15-sp7-updates-x86_64/repodata/repomd.xml?eyJhbGciOiJIUzI1NiJ9.eyJqdGkiOiJvZ0JwMlQ2ZXhOa1FobUZGcEVWeEZnIiwiZXhwIjoxODAxMzA1NjM3LCJpYXQiOjE3Njk3Njk2MzcsIm5iZiI6MTc2OTc2OTUxNywib3JnIjoxLCJvbmx5Q2hhbm5lbHMiOlsic2xlLW1vZHVsZS1iYXNlc3lzdGVtMTUtc3A3LXVwZGF0ZXMteDg2XzY0Il19._8zSWa2DSTIs1eGO6EHolKa4glx2E9heMVGXTB0QpDA HTTP/1.1" 200 -
172.16.3.7 - - [30/Jan/2026:11:40:47 +0100] "GET /rhn/manager/download/sle-module-basesystem15-sp7-updates-x86_64/repodata/repomd.xml?eyJhbGciOiJIUzI1NiJ9.eyJqdGkiOiJvZ0JwMlQ2ZXhOa1FobUZGcEVWeEZnIiwiZXhwIjoxODAxMzA1NjM3LCJpYXQiOjE3Njk3Njk2MzcsIm5iZiI6MTc2OTc2OTUxNywib3JnIjoxLCJvbmx5Q2hhbm5lbHMiOlsic2xlLW1vZHVsZS1iYXNlc3lzdGVtMTUtc3A3LXVwZGF0ZXMteDg2XzY0Il19._8zSWa2DSTIs1eGO6EHolKa4glx2E9heMVGXTB0QpDA HTTP/1.1" 200 3664
172.16.3.7 - - [30/Jan/2026:11:40:47 +0100] "HEAD /rhn/manager/download/sle-module-basesystem15-sp7-updates-x86_64/repodata/repomd.xml.asc?eyJhbGciOiJIUzI1NiJ9.eyJqdGkiOiJvZ0JwMlQ2ZXhOa1FobUZGcEVWeEZnIiwiZXhwIjoxODAxMzA1NjM3LCJpYXQiOjE3Njk3Njk2MzcsIm5iZiI6MTc2OTc2OTUxNywib3JnIjoxLCJvbmx5Q2hhbm5lbHMiOlsic2xlLW1vZHVsZS1iYXNlc3lzdGVtMTUtc3A3LXVwZGF0ZXMteDg2XzY0Il19._8zSWa2DSTIs1eGO6EHolKa4glx2E9heMVGXTB0QpDA HTTP/1.1" 404 -
172.16.3.7 - - [30/Jan/2026:11:40:47 +0100] "HEAD /rhn/manager/download/sle-module-basesystem15-sp7-updates-x86_64/repodata/6fd8b020e9ebda88a8cd0d3b98af638a0a652cc927c4a221de0564dd8a118511-primary.xml.gz?eyJhbGciOiJIUzI1NiJ9.eyJqdGkiOiJvZ0JwMlQ2ZXhOa1FobUZGcEVWeEZnIiwiZXhwIjoxODAxMzA1NjM3LCJpYXQiOjE3Njk3Njk2MzcsIm5iZiI6MTc2OTc2OTUxNywib3JnIjoxLCJvbmx5Q2hhbm5lbHMiOlsic2xlLW1vZHVsZS1iYXNlc3lzdGVtMTUtc3A3LXVwZGF0ZXMteDg2XzY0Il19._8zSWa2DSTIs1eGO6EHolKa4glx2E9heMVGXTB0QpDA HTTP/1.1" 200 -
172.16.3.7 - - [30/Jan/2026:11:40:47 +0100] "GET /rhn/manager/download/sle-module-basesystem15-sp7-updates-x86_64/repodata/6fd8b020e9ebda88a8cd0d3b98af638a0a652cc927c4a221de0564dd8a118511-primary.xml.gz?eyJhbGciOiJIUzI1NiJ9.eyJqdGkiOiJvZ0JwMlQ2ZXhOa1FobUZGcEVWeEZnIiwiZXhwIjoxODAxMzA1NjM3LCJpYXQiOjE3Njk3Njk2MzcsIm5iZiI6MTc2OTc2OTUxNywib3JnIjoxLCJvbmx5Q2hhbm5lbHMiOlsic2xlLW1vZHVsZS1iYXNlc3lzdGVtMTUtc3A3LXVwZGF0ZXMteDg2XzY0Il19._8zSWa2DSTIs1eGO6EHolKa4glx2E9heMVGXTB0QpDA HTTP/1.1" 200 3664
172.16.3.7 - - [30/Jan/2026:11:40:47 +0100] "HEAD /rhn/manager/download/sle-module-basesystem15-sp7-updates-x86_64/repodata/471d268fc48a60b07aa1b7618dbd6cfa3fdbcfc2d8e51cce38b732e37f41bb07-susedata.xml.gz?eyJhbGciOiJIUzI1NiJ9.eyJqdGkiOiJvZ0JwMlQ2ZXhOa1FobUZGcEVWeEZnIiwiZXhwIjoxODAxMzA1NjM3LCJpYXQiOjE3Njk3Njk2MzcsIm5iZiI6MTc2OTc2OTUxNywib3JnIjoxLCJvbmx5Q2hhbm5lbHMiOlsic2xlLW1vZHVsZS1iYXNlc3lzdGVtMTUtc3A3LXVwZGF0ZXMteDg2XzY0Il19._8zSWa2DSTIs1eGO6EHolKa4glx2E9heMVGXTB0QpDA HTTP/1.1" 200 -
