172.16.3.5 - - [30/Jan/2026:11:42:05 +0100] "POST /rhn/manager/frontend-log HTTP/1.1" 200 16
172.16.3.7 - - [30/Jan/2026:11:42:05 +0100] "GET /rhn/manager/download/sle-module-python3-15-sp7-updates-x86_64/repodata/e4360eb52bb78bac3e0eaf43660d2697f1f314c670a866ab79bd2631c8a92cfe-primary.xml.gz?eyJhbGciOiJIUzI1NiJ9.eyJqdGkiOiJRTm5SamMwcEhQRF9tTlRoVExnUTR3IiwiZXhwIjoxODAxMzA1NjM3LCJpYXQiOjE3Njk3Njk2MzcsIm5iZiI6MTc2OTc2OTUxNywib3JnIjoxLCJvbmx5Q2hhbm5lbHMiOlsic2xlLW1vZHVsZS1weXRob24zLTE1LXNwNy11cGRhdGVzLXg4Nl82NCJdfQ.7XPrz_8yldrcIe4ubY0d1ftp_zBB-pPAjSFfYy-HESQ HTTP/1.1" 200 3664
172.16.3.7 - - [30/Jan/2026:11:42:05 +0100] "HEAD /rhn/manager/download/sle-module-python3-15-sp7-updates-x86_64/repodata/d438d4426819bc657a882d5ff0f70a8b45d22909385d5431d93352d930d779d2-susedata.xml.gz?eyJhbGciOiJIUzI1NiJ9.eyJqdGkiOiJRTm5SamMwcEhQRF9tTlRoVExnUTR3IiwiZXhwIjoxODAxMzA1NjM3LCJpYXQiOjE3Njk3Njk2MzcsIm5iZiI6MTc2OTc2OTUxNywib3JnIjoxLCJvbmx5Q2hhbm5lbHMiOlsic2xlLW1vZHVsZS1weXRob24zLTE1LXNwNy11cGRhdGVzLXg4Nl82NCJdfQ.7XPrz_8yldrcIe4ubY0d1ftp_zBB-pPAjSFfYy-HESQ HTTP/1.1" 200 -
172.16.3.7 - - [30/Jan/2026:11:42:05 +0100] "GET /rhn/manager/download/sle-module-python3-15-sp7-updates-x86_64/repodata/d438d4426819bc657a882d5ff0f70a8b45d22909385d5431d93352d930d779d2-susedata.xml.gz?eyJhbGciOiJIUzI1NiJ9.eyJqdGkiOiJRTm5SamMwcEhQRF9tTlRoVExnUTR3IiwiZXhwIjoxODAxMzA1NjM3LCJpYXQiOjE3Njk3Njk2MzcsIm5iZiI6MTc2OTc2OTUxNywib3JnIjoxLCJvbmx5Q2hhbm5lbHMiOlsic2xlLW1vZHVsZS1weXRob24zLTE1LXNwNy11cGRhdGVzLXg4Nl82NCJdfQ.7XPrz_8yldrcIe4ubY0d1ftp_zBB-pPAjSFfYy-HESQ HTTP/1.1" 200 3664
172.16.3.7 - - [30/Jan/2026:11:42:05 +0100] "HEAD /rhn/manager/download/sle-module-python3-15-sp7-updates-x86_64/repodata/5fa036c97fc44f6887175e1b1498ddca294fd9e9b5b4f2fcfd0ffdac727903e2-updateinfo.xml.gz?eyJhbGciOiJIUzI1NiJ9.eyJqdGkiOiJRTm5SamMwcEhQRF9tTlRoVExnUTR3IiwiZXhwIjoxODAxMzA1NjM3LCJpYXQiOjE3Njk3Njk2MzcsIm5iZiI6MTc2OTc2OTUxNywib3JnIjoxLCJvbmx5Q2hhbm5lbHMiOlsic2xlLW1vZHVsZS1weXRob24zLTE1LXNwNy11cGRhdGVzLXg4Nl82NCJdfQ.7XPrz_8yldrcIe4ubY0d1ftp_zBB-pPAjSFfYy-HESQ HTTP/1.1" 200 -
172.16.3.7 - - [30/Jan/2026:11:42:05 +0100] "GET /rhn/manager/download/sle-module-python3-15-sp7-updates-x86_64/repodata/5fa036c97fc44f6887175e1b1498ddca294fd9e9b5b4f2fcfd0ffdac727903e2-updateinfo.xml.gz?eyJhbGciOiJIUzI1NiJ9.eyJqdGkiOiJRTm5SamMwcEhQRF9tTlRoVExnUTR3IiwiZXhwIjoxODAxMzA1NjM3LCJpYXQiOjE3Njk3Njk2MzcsIm5iZiI6MTc2OTc2OTUxNywib3JnIjoxLCJvbmx5Q2hhbm5lbHMiOlsic2xlLW1vZHVsZS1weXRob24zLTE1LXNwNy11cGRhdGVzLXg4Nl82NCJdfQ.7XPrz_8yldrcIe4ubY0d1ftp_zBB-pPAjSFfYy-HESQ HTTP/1.1" 200 3664
172.16.3.7 - - [30/Jan/2026:11:42:06 +0100] "HEAD /rhn/manager/download/sle-module-server-applications15-sp7-updates-x86_64/repodata/repomd.xml?eyJhbGciOiJIUzI1NiJ9.eyJqdGkiOiJEdW54dWhQTVVvd2pmUF9qMXc0bDVRIiwiZXhwIjoxODAxMzA1NjM3LCJpYXQiOjE3Njk3Njk2MzcsIm5iZiI6MTc2OTc2OTUxNywib3JnIjoxLCJvbmx5Q2hhbm5lbHMiOlsic2xlLW1vZHVsZS1zZXJ2ZXItYXBwbGljYXRpb25zMTUtc3A3LXVwZGF0ZXMteDg2XzY0Il19.ViTrJ3ZFpR3ydcpEh5mfSf1CWVBOHIDDRT7AwGDc8qM HTTP/1.1" 200 -
172.16.3.7 - - [30/Jan/2026:11:42:06 +0100] "HEAD /rhn/manager/download/sle-module-server-applications15-sp7-updates-x86_64/media.1/media?eyJhbGciOiJIUzI1NiJ9.eyJqdGkiOiJEdW54dWhQTVVvd2pmUF9qMXc0bDVRIiwiZXhwIjoxODAxMzA1NjM3LCJpYXQiOjE3Njk3Njk2MzcsIm5iZiI6MTc2OTc2OTUxNywib3JnIjoxLCJvbmx5Q2hhbm5lbHMiOlsic2xlLW1vZHVsZS1zZXJ2ZXItYXBwbGljYXRpb25zMTUtc3A3LXVwZGF0ZXMteDg2XzY0Il19.ViTrJ3ZFpR3ydcpEh5mfSf1CWVBOHIDDRT7AwGDc8qM HTTP/1.1" 404 -
172.16.3.7 - - [30/Jan/2026:11:42:06 +0100] "HEAD /rhn/manager/download/sle-module-server-applications15-sp7-updates-x86_64/repodata/repomd.xml?eyJhbGciOiJIUzI1NiJ9.eyJqdGkiOiJEdW54dWhQTVVvd2pmUF9qMXc0bDVRIiwiZXhwIjoxODAxMzA1NjM3LCJpYXQiOjE3Njk3Njk2MzcsIm5iZiI6MTc2OTc2OTUxNywib3JnIjoxLCJvbmx5Q2hhbm5lbHMiOlsic2xlLW1vZHVsZS1zZXJ2ZXItYXBwbGljYXRpb25zMTUtc3A3LXVwZGF0ZXMteDg2XzY0Il19.ViTrJ3ZFpR3ydcpEh5mfSf1CWVBOHIDDRT7AwGDc8qM HTTP/1.1" 200 -
172.16.3.7 - - [30/Jan/2026:11:42:06 +0100] "GET /rhn/manager/download/sle-module-server-applications15-sp7-updates-x86_64/repodata/repomd.xml?eyJhbGciOiJIUzI1NiJ9.eyJqdGkiOiJEdW54dWhQTVVvd2pmUF9qMXc0bDVRIiwiZXhwIjoxODAxMzA1NjM3LCJpYXQiOjE3Njk3Njk2MzcsIm5iZiI6MTc2OTc2OTUxNywib3JnIjoxLCJvbmx5Q2hhbm5lbHMiOlsic2xlLW1vZHVsZS1zZXJ2ZXItYXBwbGljYXRpb25zMTUtc3A3LXVwZGF0ZXMteDg2XzY0Il19.ViTrJ3ZFpR3ydcpEh5mfSf1CWVBOHIDDRT7AwGDc8qM HTTP/1.1" 200 3664
172.16.3.7 - - [30/Jan/2026:11:42:06 +0100] "HEAD /rhn/manager/download/sle-module-server-applications15-sp7-updates-x86_64/repodata/repomd.xml.asc?eyJhbGciOiJIUzI1NiJ9.eyJqdGkiOiJEdW54dWhQTVVvd2pmUF9qMXc0bDVRIiwiZXhwIjoxODAxMzA1NjM3LCJpYXQiOjE3Njk3Njk2MzcsIm5iZiI6MTc2OTc2OTUxNywib3JnIjoxLCJvbmx5Q2hhbm5lbHMiOlsic2xlLW1vZHVsZS1zZXJ2ZXItYXBwbGljYXRpb25zMTUtc3A3LXVwZGF0ZXMteDg2XzY0Il19.ViTrJ3ZFpR3ydcpEh5mfSf1CWVBOHIDDRT7AwGDc8qM HTTP/1.1" 404 -
172.16.3.7 - - [30/Jan/2026:11:42:06 +0100] "HEAD /rhn/manager/download/sle-module-server-applications15-sp7-updates-x86_64/repodata/f1ed43ceb29658e565bd8cdc76b8c62fa4d4f7a1c8e10029ef4ef67524afdd2e-primary.xml.gz?eyJhbGciOiJIUzI1NiJ9.eyJqdGkiOiJEdW54dWhQTVVvd2pmUF9qMXc0bDVRIiwiZXhwIjoxODAxMzA1NjM3LCJpYXQiOjE3Njk3Njk2MzcsIm5iZiI6MTc2OTc2OTUxNywib3JnIjoxLCJvbmx5Q2hhbm5lbHMiOlsic2xlLW1vZHVsZS1zZXJ2ZXItYXBwbGljYXRpb25zMTUtc3A3LXVwZGF0ZXMteDg2XzY0Il19.ViTrJ3ZFpR3ydcpEh5mfSf1CWVBOHIDDRT7AwGDc8qM HTTP/1.1" 200 -
172.16.3.7 - - [30/Jan/2026:11:42:06 +0100] "GET /rhn/manager/download/sle-module-server-applications15-sp7-updates-x86_64/repodata/f1ed43ceb29658e565bd8cdc76b8c62fa4d4f7a1c8e10029ef4ef67524afdd2e-primary.xml.gz?eyJhbGciOiJIUzI1NiJ9.eyJqdGkiOiJEdW54dWhQTVVvd2pmUF9qMXc0bDVRIiwiZXhwIjoxODAxMzA1NjM3LCJpYXQiOjE3Njk3Njk2MzcsIm5iZiI6MTc2OTc2OTUxNywib3JnIjoxLCJvbmx5Q2hhbm5lbHMiOlsic2xlLW1vZHVsZS1zZXJ2ZXItYXBwbGljYXRpb25zMTUtc3A3LXVwZGF0ZXMteDg2XzY0Il19.ViTrJ3ZFpR3ydcpEh5mfSf1CWVBOHIDDRT7AwGDc8qM HTTP/1.1" 200 3664
172.16.3.7 - - [30/Jan/2026:11:42:06 +0100] "HEAD /rhn/manager/download/sle-module-server-applications15-sp7-updates-x86_64/repodata/b7e47697390123dda91f69dda7116d19d8cbcba2198ee7087f66331931c764a3-susedata.xml.gz?eyJhbGciOiJIUzI1NiJ9.eyJqdGkiOiJEdW54dWhQTVVvd2pmUF9qMXc0bDVRIiwiZXhwIjoxODAxMzA1NjM3LCJpYXQiOjE3Njk3Njk2MzcsIm5iZiI6MTc2OTc2OTUxNywib3JnIjoxLCJvbmx5Q2hhbm5lbHMiOlsic2xlLW1vZHVsZS1zZXJ2ZXItYXBwbGljYXRpb25zMTUtc3A3LXVwZGF0ZXMteDg2XzY0Il19.ViTrJ3ZFpR3ydcpEh5mfSf1CWVBOHIDDRT7AwGDc8qM HTTP/1.1" 200 -
172.16.3.7 - - [30/Jan/2026:11:42:06 +0100] "GET /rhn/manager/download/sle-module-server-applications15-sp7-updates-x86_64/repodata/b7e47697390123dda91f69dda7116d19d8cbcba2198ee7087f66331931c764a3-susedata.xml.gz?eyJhbGciOiJIUzI1NiJ9.eyJqdGkiOiJEdW54dWhQTVVvd2pmUF9qMXc0bDVRIiwiZXhwIjoxODAxMzA1NjM3LCJpYXQiOjE3Njk3Njk2MzcsIm5iZiI6MTc2OTc2OTUxNywib3JnIjoxLCJvbmx5Q2hhbm5lbHMiOlsic2xlLW1vZHVsZS1zZXJ2ZXItYXBwbGljYXRpb25zMTUtc3A3LXVwZGF0ZXMteDg2XzY0Il19.ViTrJ3ZFpR3ydcpEh5mfSf1CWVBOHIDDRT7AwGDc8qM HTTP/1.1" 200 3664
172.16.3.7 - - [30/Jan/2026:11:42:06 +0100] "HEAD /rhn/manager/download/sle-module-server-applications15-sp7-updates-x86_64/repodata/af0cf5b5f31597056ab986fdb7662ad6fc12a5458846643d6b284d42d0fbdbfd-updateinfo.xml.gz?eyJhbGciOiJIUzI1NiJ9.eyJqdGkiOiJEdW54dWhQTVVvd2pmUF9qMXc0bDVRIiwiZXhwIjoxODAxMzA1NjM3LCJpYXQiOjE3Njk3Njk2MzcsIm5iZiI6MTc2OTc2OTUxNywib3JnIjoxLCJvbmx5Q2hhbm5lbHMiOlsic2xlLW1vZHVsZS1zZXJ2ZXItYXBwbGljYXRpb25zMTUtc3A3LXVwZGF0ZXMteDg2XzY0Il19.ViTrJ3ZFpR3ydcpEh5mfSf1CWVBOHIDDRT7AwGDc8qM HTTP/1.1" 200 -
172.16.3.5 - - [30/Jan/2026:11:42:06 +0100] "GET /rhn/systems/details/Overview.do?sid=1000010003& HTTP/1.1" 200 44413
172.16.3.7 - - [30/Jan/2026:11:42:06 +0100] "GET /rhn/manager/download/sle-module-server-applications15-sp7-updates-x86_64/repodata/af0cf5b5f31597056ab986fdb7662ad6fc12a5458846643d6b284d42d0fbdbfd-updateinfo.xml.gz?eyJhbGciOiJIUzI1NiJ9.eyJqdGkiOiJEdW54dWhQTVVvd2pmUF9qMXc0bDVRIiwiZXhwIjoxODAxMzA1NjM3LCJpYXQiOjE3Njk3Njk2MzcsIm5iZiI6MTc2OTc2OTUxNywib3JnIjoxLCJvbmx5Q2hhbm5lbHMiOlsic2xlLW1vZHVsZS1zZXJ2ZXItYXBwbGljYXRpb25zMTUtc3A3LXVwZGF0ZXMteDg2XzY0Il19.ViTrJ3ZFpR3ydcpEh5mfSf1CWVBOHIDDRT7AwGDc8qM HTTP/1.1" 200 3664
127.0.0.1 - - [30/Jan/2026:11:42:06 +0100] "GET /rhn/websocket/notifications HTTP/1.1" 101 -
172.16.3.7 - - [30/Jan/2026:11:42:06 +0100] "HEAD /rhn/manager/download/sle-module-systems-management-15-sp7-updates-x86_64/repodata/repomd.xml?eyJhbGciOiJIUzI1NiJ9.eyJqdGkiOiI4a3pmZWg1Y2FZMTE2eHhZZnNnT2dnIiwiZXhwIjoxODAxMzA1NjM3LCJpYXQiOjE3Njk3Njk2MzcsIm5iZiI6MTc2OTc2OTUxNywib3JnIjoxLCJvbmx5Q2hhbm5lbHMiOlsic2xlLW1vZHVsZS1zeXN0ZW1zLW1hbmFnZW1lbnQtMTUtc3A3LXVwZGF0ZXMteDg2XzY0Il19.OTLKClj9OoUIx4e7pV8EHag4LDFC6kjDl2nXDKMBLRM HTTP/1.1" 200 -
172.16.3.5 - - [30/Jan/2026:11:42:06 +0100] "POST /rhn/manager/api/login HTTP/1.1" 200 16
172.16.3.5 - - [30/Jan/2026:11:42:06 +0100] "POST /rhn/manager/frontend-log HTTP/1.1" 200 16
172.16.3.7 - - [30/Jan/2026:11:42:06 +0100] "HEAD /rhn/manager/download/sle-module-systems-management-15-sp7-updates-x86_64/media.1/media?eyJhbGciOiJIUzI1NiJ9.eyJqdGkiOiI4a3pmZWg1Y2FZMTE2eHhZZnNnT2dnIiwiZXhwIjoxODAxMzA1NjM3LCJpYXQiOjE3Njk3Njk2MzcsIm5iZiI6MTc2OTc2OTUxNywib3JnIjoxLCJvbmx5Q2hhbm5lbHMiOlsic2xlLW1vZHVsZS1zeXN0ZW1zLW1hbmFnZW1lbnQtMTUtc3A3LXVwZGF0ZXMteDg2XzY0Il19.OTLKClj9OoUIx4e7pV8EHag4LDFC6kjDl2nXDKMBLRM HTTP/1.1" 404 -
172.16.3.7 - - [30/Jan/2026:11:42:06 +0100] "HEAD /rhn/manager/download/sle-module-systems-management-15-sp7-updates-x86_64/repodata/repomd.xml?eyJhbGciOiJIUzI1NiJ9.eyJqdGkiOiI4a3pmZWg1Y2FZMTE2eHhZZnNnT2dnIiwiZXhwIjoxODAxMzA1NjM3LCJpYXQiOjE3Njk3Njk2MzcsIm5iZiI6MTc2OTc2OTUxNywib3JnIjoxLCJvbmx5Q2hhbm5lbHMiOlsic2xlLW1vZHVsZS1zeXN0ZW1zLW1hbmFnZW1lbnQtMTUtc3A3LXVwZGF0ZXMteDg2XzY0Il19.OTLKClj9OoUIx4e7pV8EHag4LDFC6kjDl2nXDKMBLRM HTTP/1.1" 200 -
172.16.3.7 - - [30/Jan/2026:11:42:06 +0100] "GET /rhn/manager/download/sle-module-systems-management-15-sp7-updates-x86_64/repodata/repomd.xml?eyJhbGciOiJIUzI1NiJ9.eyJqdGkiOiI4a3pmZWg1Y2FZMTE2eHhZZnNnT2dnIiwiZXhwIjoxODAxMzA1NjM3LCJpYXQiOjE3Njk3Njk2MzcsIm5iZiI6MTc2OTc2OTUxNywib3JnIjoxLCJvbmx5Q2hhbm5lbHMiOlsic2xlLW1vZHVsZS1zeXN0ZW1zLW1hbmFnZW1lbnQtMTUtc3A3LXVwZGF0ZXMteDg2XzY0Il19.OTLKClj9OoUIx4e7pV8EHag4LDFC6kjDl2nXDKMBLRM HTTP/1.1" 200 3663
172.16.3.7 - - [30/Jan/2026:11:42:06 +0100] "HEAD /rhn/manager/download/sle-module-systems-management-15-sp7-updates-x86_64/repodata/repomd.xml.asc?eyJhbGciOiJIUzI1NiJ9.eyJqdGkiOiI4a3pmZWg1Y2FZMTE2eHhZZnNnT2dnIiwiZXhwIjoxODAxMzA1NjM3LCJpYXQiOjE3Njk3Njk2MzcsIm5iZiI6MTc2OTc2OTUxNywib3JnIjoxLCJvbmx5Q2hhbm5lbHMiOlsic2xlLW1vZHVsZS1zeXN0ZW1zLW1hbmFnZW1lbnQtMTUtc3A3LXVwZGF0ZXMteDg2XzY0Il19.OTLKClj9OoUIx4e7pV8EHag4LDFC6kjDl2nXDKMBLRM HTTP/1.1" 404 -
172.16.3.7 - - [30/Jan/2026:11:42:06 +0100] "HEAD /rhn/manager/download/sle-module-systems-management-15-sp7-updates-x86_64/repodata/a4bff6400d735dc05a408503bc62fdb6f643c5e74d75f9060cb15af4e3ce7c3d-primary.xml.gz?eyJhbGciOiJIUzI1NiJ9.eyJqdGkiOiI4a3pmZWg1Y2FZMTE2eHhZZnNnT2dnIiwiZXhwIjoxODAxMzA1NjM3LCJpYXQiOjE3Njk3Njk2MzcsIm5iZiI6MTc2OTc2OTUxNywib3JnIjoxLCJvbmx5Q2hhbm5lbHMiOlsic2xlLW1vZHVsZS1zeXN0ZW1zLW1hbmFnZW1lbnQtMTUtc3A3LXVwZGF0ZXMteDg2XzY0Il19.OTLKClj9OoUIx4e7pV8EHag4LDFC6kjDl2nXDKMBLRM HTTP/1.1" 200 -
172.16.3.7 - - [30/Jan/2026:11:42:06 +0100] "GET /rhn/manager/download/sle-module-systems-management-15-sp7-updates-x86_64/repodata/a4bff6400d735dc05a408503bc62fdb6f643c5e74d75f9060cb15af4e3ce7c3d-primary.xml.gz?eyJhbGciOiJIUzI1NiJ9.eyJqdGkiOiI4a3pmZWg1Y2FZMTE2eHhZZnNnT2dnIiwiZXhwIjoxODAxMzA1NjM3LCJpYXQiOjE3Njk3Njk2MzcsIm5iZiI6MTc2OTc2OTUxNywib3JnIjoxLCJvbmx5Q2hhbm5lbHMiOlsic2xlLW1vZHVsZS1zeXN0ZW1zLW1hbmFnZW1lbnQtMTUtc3A3LXVwZGF0ZXMteDg2XzY0Il19.OTLKClj9OoUIx4e7pV8EHag4LDFC6kjDl2nXDKMBLRM HTTP/1.1" 200 3664
172.16.3.7 - - [30/Jan/2026:11:42:06 +0100] "HEAD /rhn/manager/download/sle-module-systems-management-15-sp7-updates-x86_64/repodata/98a58ffdc33a8d9c724bfca0765e6dad1ccf06b67edf0656540b1af3a46fd029-susedata.xml.gz?eyJhbGciOiJIUzI1NiJ9.eyJqdGkiOiI4a3pmZWg1Y2FZMTE2eHhZZnNnT2dnIiwiZXhwIjoxODAxMzA1NjM3LCJpYXQiOjE3Njk3Njk2MzcsIm5iZiI6MTc2OTc2OTUxNywib3JnIjoxLCJvbmx5Q2hhbm5lbHMiOlsic2xlLW1vZHVsZS1zeXN0ZW1zLW1hbmFnZW1lbnQtMTUtc3A3LXVwZGF0ZXMteDg2XzY0Il19.OTLKClj9OoUIx4e7pV8EHag4LDFC6kjDl2nXDKMBLRM HTTP/1.1" 200 -
172.16.3.5 - - [30/Jan/2026:11:42:06 +0100] "GET /rhn/YourRhn.do HTTP/1.1" 200 36306
172.16.3.7 - - [30/Jan/2026:11:42:06 +0100] "GET /rhn/manager/download/sle-module-systems-management-15-sp7-updates-x86_64/repodata/98a58ffdc33a8d9c724bfca0765e6dad1ccf06b67edf0656540b1af3a46fd029-susedata.xml.gz?eyJhbGciOiJIUzI1NiJ9.eyJqdGkiOiI4a3pmZWg1Y2FZMTE2eHhZZnNnT2dnIiwiZXhwIjoxODAxMzA1NjM3LCJpYXQiOjE3Njk3Njk2MzcsIm5iZiI6MTc2OTc2OTUxNywib3JnIjoxLCJvbmx5Q2hhbm5lbHMiOlsic2xlLW1vZHVsZS1zeXN0ZW1zLW1hbmFnZW1lbnQtMTUtc3A3LXVwZGF0ZXMteDg2XzY0Il19.OTLKClj9OoUIx4e7pV8EHag4LDFC6kjDl2nXDKMBLRM HTTP/1.1" 200 3664
172.16.3.7 - - [30/Jan/2026:11:42:06 +0100] "HEAD /rhn/manager/download/sle-module-systems-management-15-sp7-updates-x86_64/repodata/a4d5611a4ccf31afe6ea7713114039dc4410180645a59d99aa3c39d940bf067d-updateinfo.xml.gz?eyJhbGciOiJIUzI1NiJ9.eyJqdGkiOiI4a3pmZWg1Y2FZMTE2eHhZZnNnT2dnIiwiZXhwIjoxODAxMzA1NjM3LCJpYXQiOjE3Njk3Njk2MzcsIm5iZiI6MTc2OTc2OTUxNywib3JnIjoxLCJvbmx5Q2hhbm5lbHMiOlsic2xlLW1vZHVsZS1zeXN0ZW1zLW1hbmFnZW1lbnQtMTUtc3A3LXVwZGF0ZXMteDg2XzY0Il19.OTLKClj9OoUIx4e7pV8EHag4LDFC6kjDl2nXDKMBLRM HTTP/1.1" 200 -
172.16.3.7 - - [30/Jan/2026:11:42:06 +0100] "GET /rhn/manager/download/sle-module-systems-management-15-sp7-updates-x86_64/repodata/a4d5611a4ccf31afe6ea7713114039dc4410180645a59d99aa3c39d940bf067d-updateinfo.xml.gz?eyJhbGciOiJIUzI1NiJ9.eyJqdGkiOiI4a3pmZWg1Y2FZMTE2eHhZZnNnT2dnIiwiZXhwIjoxODAxMzA1NjM3LCJpYXQiOjE3Njk3Njk2MzcsIm5iZiI6MTc2OTc2OTUxNywib3JnIjoxLCJvbmx5Q2hhbm5lbHMiOlsic2xlLW1vZHVsZS1zeXN0ZW1zLW1hbmFnZW1lbnQtMTUtc3A3LXVwZGF0ZXMteDg2XzY0Il19.OTLKClj9OoUIx4e7pV8EHag4LDFC6kjDl2nXDKMBLRM HTTP/1.1" 200 3664
172.16.3.5 - - [30/Jan/2026:11:42:06 +0100] "POST /rhn/manager/frontend-log HTTP/1.1" 401 755
172.16.3.7 - - [30/Jan/2026:11:42:07 +0100] "HEAD /rhn/manager/download/sle-product-sles15-sp7-updates-x86_64/repodata/repomd.xml?eyJhbGciOiJIUzI1NiJ9.eyJqdGkiOiJCTHZMOV9HaC1KMVR0cGoxa3VNbUlBIiwiZXhwIjoxODAxMzA1NjM3LCJpYXQiOjE3Njk3Njk2MzcsIm5iZiI6MTc2OTc2OTUxNywib3JnIjoxLCJvbmx5Q2hhbm5lbHMiOlsic2xlLXByb2R1Y3Qtc2xlczE1LXNwNy11cGRhdGVzLXg4Nl82NCJdfQ.6p08s7ypiyAnyC91UjdFBF5RJyLdqpPJiWpThKKLfIM HTTP/1.1" 200 -
172.16.3.7 - - [30/Jan/2026:11:42:07 +0100] "HEAD /rhn/manager/download/sle-product-sles15-sp7-updates-x86_64/media.1/media?eyJhbGciOiJIUzI1NiJ9.eyJqdGkiOiJCTHZMOV9HaC1KMVR0cGoxa3VNbUlBIiwiZXhwIjoxODAxMzA1NjM3LCJpYXQiOjE3Njk3Njk2MzcsIm5iZiI6MTc2OTc2OTUxNywib3JnIjoxLCJvbmx5Q2hhbm5lbHMiOlsic2xlLXByb2R1Y3Qtc2xlczE1LXNwNy11cGRhdGVzLXg4Nl82NCJdfQ.6p08s7ypiyAnyC91UjdFBF5RJyLdqpPJiWpThKKLfIM HTTP/1.1" 404 -
172.16.3.5 - - [30/Jan/2026:11:42:07 +0100] "GET /rhn/systems/details/Connection.do?sid=1000010003& HTTP/1.1" 200 39134
172.16.3.7 - - [30/Jan/2026:11:42:07 +0100] "HEAD /rhn/manager/download/sle-product-sles15-sp7-updates-x86_64/repodata/repomd.xml?eyJhbGciOiJIUzI1NiJ9.eyJqdGkiOiJCTHZMOV9HaC1KMVR0cGoxa3VNbUlBIiwiZXhwIjoxODAxMzA1NjM3LCJpYXQiOjE3Njk3Njk2MzcsIm5iZiI6MTc2OTc2OTUxNywib3JnIjoxLCJvbmx5Q2hhbm5lbHMiOlsic2xlLXByb2R1Y3Qtc2xlczE1LXNwNy11cGRhdGVzLXg4Nl82NCJdfQ.6p08s7ypiyAnyC91UjdFBF5RJyLdqpPJiWpThKKLfIM HTTP/1.1" 200 -
172.16.3.7 - - [30/Jan/2026:11:42:07 +0100] "HEAD /rhn/manager/download/sle-product-sles15-sp7-updates-x86_64/repodata/repomd.xml.asc?eyJhbGciOiJIUzI1NiJ9.eyJqdGkiOiJCTHZMOV9HaC1KMVR0cGoxa3VNbUlBIiwiZXhwIjoxODAxMzA1NjM3LCJpYXQiOjE3Njk3Njk2MzcsIm5iZiI6MTc2OTc2OTUxNywib3JnIjoxLCJvbmx5Q2hhbm5lbHMiOlsic2xlLXByb2R1Y3Qtc2xlczE1LXNwNy11cGRhdGVzLXg4Nl82NCJdfQ.6p08s7ypiyAnyC91UjdFBF5RJyLdqpPJiWpThKKLfIM HTTP/1.1" 404 -
127.0.0.1 - - [30/Jan/2026:11:42:07 +0100] "GET /rhn/websocket/notifications HTTP/1.1" 101 -
172.16.3.5 - - [30/Jan/2026:11:42:07 +0100] "POST /rhn/ajax/inactive-systems HTTP/1.1" 200 540
172.16.3.7 - - [30/Jan/2026:11:42:07 +0100] "HEAD /rhn/manager/download/sle-product-sles15-sp7-updates-x86_64/repodata/b83109a2ce58be72fff82032c8d0009a2480b9107f553bfb85c5670d6eaa7aef-primary.xml.gz?eyJhbGciOiJIUzI1NiJ9.eyJqdGkiOiJCTHZMOV9HaC1KMVR0cGoxa3VNbUlBIiwiZXhwIjoxODAxMzA1NjM3LCJpYXQiOjE3Njk3Njk2MzcsIm5iZiI6MTc2OTc2OTUxNywib3JnIjoxLCJvbmx5Q2hhbm5lbHMiOlsic2xlLXByb2R1Y3Qtc2xlczE1LXNwNy11cGRhdGVzLXg4Nl82NCJdfQ.6p08s7ypiyAnyC91UjdFBF5RJyLdqpPJiWpThKKLfIM HTTP/1.1" 200 -
172.16.3.5 - - [30/Jan/2026:11:42:07 +0100] "POST /rhn/ajax/subscription-warning HTTP/1.1" 200 -
172.16.3.5 - - [30/Jan/2026:11:42:07 +0100] "POST /rhn/ajax/pending-actions HTTP/1.1" 200 4675
172.16.3.5 - - [30/Jan/2026:11:42:07 +0100] "POST /rhn/manager/api/auth/login HTTP/1.1" 200 16
172.16.3.5 - - [30/Jan/2026:11:42:07 +0100] "POST /rhn/ajax/tasks HTTP/1.1" 200 2232
172.16.3.7 - - [30/Jan/2026:11:42:07 +0100] "HEAD /rhn/manager/download/sle-product-sles15-sp7-updates-x86_64/repodata/e19d9f529dfe864d1f94ec942cfd14b9029745b58cf991409428bc3c9a278f9b-susedata.xml.gz?eyJhbGciOiJIUzI1NiJ9.eyJqdGkiOiJCTHZMOV9HaC1KMVR0cGoxa3VNbUlBIiwiZXhwIjoxODAxMzA1NjM3LCJpYXQiOjE3Njk3Njk2MzcsIm5iZiI6MTc2OTc2OTUxNywib3JnIjoxLCJvbmx5Q2hhbm5lbHMiOlsic2xlLXByb2R1Y3Qtc2xlczE1LXNwNy11cGRhdGVzLXg4Nl82NCJdfQ.6p08s7ypiyAnyC91UjdFBF5RJyLdqpPJiWpThKKLfIM HTTP/1.1" 200 -
172.16.3.5 - - [30/Jan/2026:11:42:07 +0100] "POST /rhn/manager/frontend-log HTTP/1.1" 200 16
172.16.3.5 - - [30/Jan/2026:11:42:07 +0100] "POST /rhn/ajax/critical-systems HTTP/1.1" 200 3615
172.16.3.5 - - [30/Jan/2026:11:42:07 +0100] "POST /rhn/ajax/latest-errata HTTP/1.1" 200 5253
172.16.3.5 - - [30/Jan/2026:11:42:07 +0100] "POST /rhn/ajax/systems-groups HTTP/1.1" 200 1489
172.16.3.5 - - [30/Jan/2026:11:42:08 +0100] "POST /rhn/manager/api/system/searchByName HTTP/1.1" 200 157
172.16.3.7 - - [30/Jan/2026:11:42:08 +0100] "HEAD /rhn/manager/download/sle-product-sles15-sp7-updates-x86_64/repodata/336c84c852c84f68dca8f2308fadc6dd7f630982d8fc38bb3d80af3cfac51b43-updateinfo.xml.gz?eyJhbGciOiJIUzI1NiJ9.eyJqdGkiOiJCTHZMOV9HaC1KMVR0cGoxa3VNbUlBIiwiZXhwIjoxODAxMzA1NjM3LCJpYXQiOjE3Njk3Njk2MzcsIm5iZiI6MTc2OTc2OTUxNywib3JnIjoxLCJvbmx5Q2hhbm5lbHMiOlsic2xlLXByb2R1Y3Qtc2xlczE1LXNwNy11cGRhdGVzLXg4Nl82NCJdfQ.6p08s7ypiyAnyC91UjdFBF5RJyLdqpPJiWpThKKLfIM HTTP/1.1" 200 -
127.0.0.1 - - [30/Jan/2026:11:42:08 +0100] "GET /rhn/websocket/notifications HTTP/1.1" 101 -
127.0.0.1 - - [30/Jan/2026:11:42:08 +0100] "GET /rhn/websocket/notifications HTTP/1.1" 101 -
172.16.3.5 - - [30/Jan/2026:11:42:08 +0100] "POST /rhn/manager/frontend-log HTTP/1.1" 401 755
172.16.3.7 - - [30/Jan/2026:11:42:08 +0100] "HEAD /rhn/manager/download/devel-build-host-channel/repodata/repomd.xml?eyJhbGciOiJIUzI1NiJ9.eyJqdGkiOiJrM2tBUDRXMDRDUWVzcVlnNHBCQzlRIiwiZXhwIjoxODAxMzA1NjM3LCJpYXQiOjE3Njk3Njk2MzcsIm5iZiI6MTc2OTc2OTUxNywib3JnIjoxLCJvbmx5Q2hhbm5lbHMiOlsiZGV2ZWwtYnVpbGQtaG9zdC1jaGFubmVsIl19.bqJyjpRI8Qj9EqXw69yfslIpbrPO7q_J2pJzjfYa1Yg HTTP/1.1" 200 -
172.16.3.7 - - [30/Jan/2026:11:42:08 +0100] "HEAD /rhn/manager/download/devel-build-host-channel/media.1/media?eyJhbGciOiJIUzI1NiJ9.eyJqdGkiOiJrM2tBUDRXMDRDUWVzcVlnNHBCQzlRIiwiZXhwIjoxODAxMzA1NjM3LCJpYXQiOjE3Njk3Njk2MzcsIm5iZiI6MTc2OTc2OTUxNywib3JnIjoxLCJvbmx5Q2hhbm5lbHMiOlsiZGV2ZWwtYnVpbGQtaG9zdC1jaGFubmVsIl19.bqJyjpRI8Qj9EqXw69yfslIpbrPO7q_J2pJzjfYa1Yg HTTP/1.1" 404 -
172.16.3.7 - - [30/Jan/2026:11:42:08 +0100] "HEAD /rhn/manager/download/devel-build-host-channel/repodata/repomd.xml?eyJhbGciOiJIUzI1NiJ9.eyJqdGkiOiJrM2tBUDRXMDRDUWVzcVlnNHBCQzlRIiwiZXhwIjoxODAxMzA1NjM3LCJpYXQiOjE3Njk3Njk2MzcsIm5iZiI6MTc2OTc2OTUxNywib3JnIjoxLCJvbmx5Q2hhbm5lbHMiOlsiZGV2ZWwtYnVpbGQtaG9zdC1jaGFubmVsIl19.bqJyjpRI8Qj9EqXw69yfslIpbrPO7q_J2pJzjfYa1Yg HTTP/1.1" 200 -
172.16.3.7 - - [30/Jan/2026:11:42:08 +0100] "GET /rhn/manager/download/devel-build-host-channel/repodata/repomd.xml?eyJhbGciOiJIUzI1NiJ9.eyJqdGkiOiJrM2tBUDRXMDRDUWVzcVlnNHBCQzlRIiwiZXhwIjoxODAxMzA1NjM3LCJpYXQiOjE3Njk3Njk2MzcsIm5iZiI6MTc2OTc2OTUxNywib3JnIjoxLCJvbmx5Q2hhbm5lbHMiOlsiZGV2ZWwtYnVpbGQtaG9zdC1jaGFubmVsIl19.bqJyjpRI8Qj9EqXw69yfslIpbrPO7q_J2pJzjfYa1Yg HTTP/1.1" 200 3664
172.16.3.5 - - [30/Jan/2026:11:42:08 +0100] "POST /rhn/ajax/recent-systems HTTP/1.1" 200 6998
172.16.3.7 - - [30/Jan/2026:11:42:08 +0100] "HEAD /rhn/manager/download/devel-build-host-channel/repodata/repomd.xml.asc?eyJhbGciOiJIUzI1NiJ9.eyJqdGkiOiJrM2tBUDRXMDRDUWVzcVlnNHBCQzlRIiwiZXhwIjoxODAxMzA1NjM3LCJpYXQiOjE3Njk3Njk2MzcsIm5iZiI6MTc2OTc2OTUxNywib3JnIjoxLCJvbmx5Q2hhbm5lbHMiOlsiZGV2ZWwtYnVpbGQtaG9zdC1jaGFubmVsIl19.bqJyjpRI8Qj9EqXw69yfslIpbrPO7q_J2pJzjfYa1Yg HTTP/1.1" 404 -
172.16.3.7 - - [30/Jan/2026:11:42:08 +0100] "HEAD /rhn/manager/download/devel-build-host-channel/repodata/76dd65dfe61289c940dd5bb87f51f86bcd8d1ef8bdf1351d42418d358daabca4-primary.xml.gz?eyJhbGciOiJIUzI1NiJ9.eyJqdGkiOiJrM2tBUDRXMDRDUWVzcVlnNHBCQzlRIiwiZXhwIjoxODAxMzA1NjM3LCJpYXQiOjE3Njk3Njk2MzcsIm5iZiI6MTc2OTc2OTUxNywib3JnIjoxLCJvbmx5Q2hhbm5lbHMiOlsiZGV2ZWwtYnVpbGQtaG9zdC1jaGFubmVsIl19.bqJyjpRI8Qj9EqXw69yfslIpbrPO7q_J2pJzjfYa1Yg HTTP/1.1" 200 -
172.16.3.5 - - [30/Jan/2026:11:42:08 +0100] "GET /rhn/manager/api/auth/logout HTTP/1.1" 200 16
172.16.3.5 - - [30/Jan/2026:11:42:08 +0100] "GET /rhn/manager/login?url_bounce=%2Frhn%2Fsystems%2Fdetails%2FOverview.do%3Fsid%3D1000010000&request_method=GET HTTP/1.1" 302 -
172.16.3.7 - - [30/Jan/2026:11:42:08 +0100] "GET /rhn/manager/download/devel-build-host-channel/repodata/76dd65dfe61289c940dd5bb87f51f86bcd8d1ef8bdf1351d42418d358daabca4-primary.xml.gz?eyJhbGciOiJIUzI1NiJ9.eyJqdGkiOiJrM2tBUDRXMDRDUWVzcVlnNHBCQzlRIiwiZXhwIjoxODAxMzA1NjM3LCJpYXQiOjE3Njk3Njk2MzcsIm5iZiI6MTc2OTc2OTUxNywib3JnIjoxLCJvbmx5Q2hhbm5lbHMiOlsiZGV2ZWwtYnVpbGQtaG9zdC1jaGFubmVsIl19.bqJyjpRI8Qj9EqXw69yfslIpbrPO7q_J2pJzjfYa1Yg HTTP/1.1" 200 3663
172.16.3.7 - - [30/Jan/2026:11:42:08 +0100] "HEAD /rhn/manager/download/devel-build-host-channel/repodata/6926b8e773cbec56d4a2fc6bd230dab8e9d090aba964e99078e01028260ba3f8-susedata.xml.gz?eyJhbGciOiJIUzI1NiJ9.eyJqdGkiOiJrM2tBUDRXMDRDUWVzcVlnNHBCQzlRIiwiZXhwIjoxODAxMzA1NjM3LCJpYXQiOjE3Njk3Njk2MzcsIm5iZiI6MTc2OTc2OTUxNywib3JnIjoxLCJvbmx5Q2hhbm5lbHMiOlsiZGV2ZWwtYnVpbGQtaG9zdC1jaGFubmVsIl19.bqJyjpRI8Qj9EqXw69yfslIpbrPO7q_J2pJzjfYa1Yg HTTP/1.1" 200 -
172.16.3.7 - - [30/Jan/2026:11:42:08 +0100] "GET /rhn/manager/download/devel-build-host-channel/repodata/6926b8e773cbec56d4a2fc6bd230dab8e9d090aba964e99078e01028260ba3f8-susedata.xml.gz?eyJhbGciOiJIUzI1NiJ9.eyJqdGkiOiJrM2tBUDRXMDRDUWVzcVlnNHBCQzlRIiwiZXhwIjoxODAxMzA1NjM3LCJpYXQiOjE3Njk3Njk2MzcsIm5iZiI6MTc2OTc2OTUxNywib3JnIjoxLCJvbmx5Q2hhbm5lbHMiOlsiZGV2ZWwtYnVpbGQtaG9zdC1jaGFubmVsIl19.bqJyjpRI8Qj9EqXw69yfslIpbrPO7q_J2pJzjfYa1Yg HTTP/1.1" 200 3664
172.16.3.7 - - [30/Jan/2026:11:42:08 +0100] "HEAD /rhn/manager/download/sle-module-basesystem15-sp7-pool-x86_64/repodata/repomd.xml?eyJhbGciOiJIUzI1NiJ9.eyJqdGkiOiJIOXluRHVNb2tMMzdxQ2RBTy1yNDRBIiwiZXhwIjoxODAxMzA1NjM3LCJpYXQiOjE3Njk3Njk2MzcsIm5iZiI6MTc2OTc2OTUxNywib3JnIjoxLCJvbmx5Q2hhbm5lbHMiOlsic2xlLW1vZHVsZS1iYXNlc3lzdGVtMTUtc3A3LXBvb2wteDg2XzY0Il19.QR_62llDQRpDqj-nxfJy6T7XKKoUM3VrObh01PtKTuE HTTP/1.1" 200 -
172.16.3.7 - - [30/Jan/2026:11:42:08 +0100] "HEAD /rhn/manager/download/sle-module-basesystem15-sp7-pool-x86_64/media.1/media?eyJhbGciOiJIUzI1NiJ9.eyJqdGkiOiJIOXluRHVNb2tMMzdxQ2RBTy1yNDRBIiwiZXhwIjoxODAxMzA1NjM3LCJpYXQiOjE3Njk3Njk2MzcsIm5iZiI6MTc2OTc2OTUxNywib3JnIjoxLCJvbmx5Q2hhbm5lbHMiOlsic2xlLW1vZHVsZS1iYXNlc3lzdGVtMTUtc3A3LXBvb2wteDg2XzY0Il19.QR_62llDQRpDqj-nxfJy6T7XKKoUM3VrObh01PtKTuE HTTP/1.1" 404 -
172.16.3.7 - - [30/Jan/2026:11:42:08 +0100] "HEAD /rhn/manager/download/sle-module-basesystem15-sp7-pool-x86_64/repodata/repomd.xml?eyJhbGciOiJIUzI1NiJ9.eyJqdGkiOiJIOXluRHVNb2tMMzdxQ2RBTy1yNDRBIiwiZXhwIjoxODAxMzA1NjM3LCJpYXQiOjE3Njk3Njk2MzcsIm5iZiI6MTc2OTc2OTUxNywib3JnIjoxLCJvbmx5Q2hhbm5lbHMiOlsic2xlLW1vZHVsZS1iYXNlc3lzdGVtMTUtc3A3LXBvb2wteDg2XzY0Il19.QR_62llDQRpDqj-nxfJy6T7XKKoUM3VrObh01PtKTuE HTTP/1.1" 200 -
172.16.3.7 - - [30/Jan/2026:11:42:08 +0100] "HEAD /rhn/manager/download/sle-module-basesystem15-sp7-pool-x86_64/repodata/repomd.xml.asc?eyJhbGciOiJIUzI1NiJ9.eyJqdGkiOiJIOXluRHVNb2tMMzdxQ2RBTy1yNDRBIiwiZXhwIjoxODAxMzA1NjM3LCJpYXQiOjE3Njk3Njk2MzcsIm5iZiI6MTc2OTc2OTUxNywib3JnIjoxLCJvbmx5Q2hhbm5lbHMiOlsic2xlLW1vZHVsZS1iYXNlc3lzdGVtMTUtc3A3LXBvb2wteDg2XzY0Il19.QR_62llDQRpDqj-nxfJy6T7XKKoUM3VrObh01PtKTuE HTTP/1.1" 404 -
172.16.3.7 - - [30/Jan/2026:11:42:08 +0100] "HEAD /rhn/manager/download/sle-module-basesystem15-sp7-pool-x86_64/repodata/e684583997e9667bc14cfee4ddab32565481dee84c68d13fbee21256e27b500f-primary.xml.gz?eyJhbGciOiJIUzI1NiJ9.eyJqdGkiOiJIOXluRHVNb2tMMzdxQ2RBTy1yNDRBIiwiZXhwIjoxODAxMzA1NjM3LCJpYXQiOjE3Njk3Njk2MzcsIm5iZiI6MTc2OTc2OTUxNywib3JnIjoxLCJvbmx5Q2hhbm5lbHMiOlsic2xlLW1vZHVsZS1iYXNlc3lzdGVtMTUtc3A3LXBvb2wteDg2XzY0Il19.QR_62llDQRpDqj-nxfJy6T7XKKoUM3VrObh01PtKTuE HTTP/1.1" 200 -
172.16.3.7 - - [30/Jan/2026:11:42:08 +0100] "HEAD /rhn/manager/download/sle-module-basesystem15-sp7-pool-x86_64/repodata/7630dbe3c7b30030e42eb06874d22b16ed841b9ce14d87e72ccbe01d3f52aeb4-susedata.xml.gz?eyJhbGciOiJIUzI1NiJ9.eyJqdGkiOiJIOXluRHVNb2tMMzdxQ2RBTy1yNDRBIiwiZXhwIjoxODAxMzA1NjM3LCJpYXQiOjE3Njk3Njk2MzcsIm5iZiI6MTc2OTc2OTUxNywib3JnIjoxLCJvbmx5Q2hhbm5lbHMiOlsic2xlLW1vZHVsZS1iYXNlc3lzdGVtMTUtc3A3LXBvb2wteDg2XzY0Il19.QR_62llDQRpDqj-nxfJy6T7XKKoUM3VrObh01PtKTuE HTTP/1.1" 200 -
172.16.3.5 - - [30/Jan/2026:11:42:08 +0100] "GET /rhn/systems/details/Overview.do?sid=1000010000 HTTP/1.1" 200 43368
172.16.3.5 - - [30/Jan/2026:11:42:08 +0100] "GET /rhn/systems/details/Overview.do?sid=1000010000 HTTP/1.1" 200 43367
172.16.3.5 - - [30/Jan/2026:11:42:09 +0100] "POST /rhn/manager/frontend-log HTTP/1.1" 200 16
172.16.3.7 - - [30/Jan/2026:11:42:09 +0100] "HEAD /rhn/manager/download/sle-module-desktop-applications15-sp7-pool-x86_64/repodata/repomd.xml?eyJhbGciOiJIUzI1NiJ9.eyJqdGkiOiJIZjVQSTI2alMyTFQ2LTVJMnlLYUt3IiwiZXhwIjoxODAxMzA1NjM3LCJpYXQiOjE3Njk3Njk2MzcsIm5iZiI6MTc2OTc2OTUxNywib3JnIjoxLCJvbmx5Q2hhbm5lbHMiOlsic2xlLW1vZHVsZS1kZXNrdG9wLWFwcGxpY2F0aW9uczE1LXNwNy1wb29sLXg4Nl82NCJdfQ.jrPsP5_DoWcvUoot5CcQMvxEe5IXzvNe3odXJ2MMUIw HTTP/1.1" 200 -
172.16.3.7 - - [30/Jan/2026:11:42:09 +0100] "HEAD /rhn/manager/download/sle-module-desktop-applications15-sp7-pool-x86_64/media.1/media?eyJhbGciOiJIUzI1NiJ9.eyJqdGkiOiJIZjVQSTI2alMyTFQ2LTVJMnlLYUt3IiwiZXhwIjoxODAxMzA1NjM3LCJpYXQiOjE3Njk3Njk2MzcsIm5iZiI6MTc2OTc2OTUxNywib3JnIjoxLCJvbmx5Q2hhbm5lbHMiOlsic2xlLW1vZHVsZS1kZXNrdG9wLWFwcGxpY2F0aW9uczE1LXNwNy1wb29sLXg4Nl82NCJdfQ.jrPsP5_DoWcvUoot5CcQMvxEe5IXzvNe3odXJ2MMUIw HTTP/1.1" 404 -
172.16.3.5 - - [30/Jan/2026:11:42:09 +0100] "POST /rhn/manager/frontend-log HTTP/1.1" 200 16
127.0.0.1 - - [30/Jan/2026:11:42:09 +0100] "GET /rhn/websocket/notifications HTTP/1.1" 101 -
172.16.3.7 - - [30/Jan/2026:11:42:09 +0100] "HEAD /rhn/manager/download/sle-module-desktop-applications15-sp7-pool-x86_64/repodata/repomd.xml?eyJhbGciOiJIUzI1NiJ9.eyJqdGkiOiJIZjVQSTI2alMyTFQ2LTVJMnlLYUt3IiwiZXhwIjoxODAxMzA1NjM3LCJpYXQiOjE3Njk3Njk2MzcsIm5iZiI6MTc2OTc2OTUxNywib3JnIjoxLCJvbmx5Q2hhbm5lbHMiOlsic2xlLW1vZHVsZS1kZXNrdG9wLWFwcGxpY2F0aW9uczE1LXNwNy1wb29sLXg4Nl82NCJdfQ.jrPsP5_DoWcvUoot5CcQMvxEe5IXzvNe3odXJ2MMUIw HTTP/1.1" 200 -
127.0.0.1 - - [30/Jan/2026:11:42:09 +0100] "GET /rhn/websocket/notifications HTTP/1.1" 101 -
172.16.3.5 - - [30/Jan/2026:11:42:09 +0100] "POST /rhn/manager/frontend-log HTTP/1.1" 200 16
172.16.3.7 - - [30/Jan/2026:11:42:09 +0100] "GET /rhn/manager/download/sle-module-desktop-applications15-sp7-pool-x86_64/repodata/repomd.xml?eyJhbGciOiJIUzI1NiJ9.eyJqdGkiOiJIZjVQSTI2alMyTFQ2LTVJMnlLYUt3IiwiZXhwIjoxODAxMzA1NjM3LCJpYXQiOjE3Njk3Njk2MzcsIm5iZiI6MTc2OTc2OTUxNywib3JnIjoxLCJvbmx5Q2hhbm5lbHMiOlsic2xlLW1vZHVsZS1kZXNrdG9wLWFwcGxpY2F0aW9uczE1LXNwNy1wb29sLXg4Nl82NCJdfQ.jrPsP5_DoWcvUoot5CcQMvxEe5IXzvNe3odXJ2MMUIw HTTP/1.1" 200 3664
172.16.3.7 - - [30/Jan/2026:11:42:09 +0100] "HEAD /rhn/manager/download/sle-module-desktop-applications15-sp7-pool-x86_64/repodata/repomd.xml.asc?eyJhbGciOiJIUzI1NiJ9.eyJqdGkiOiJIZjVQSTI2alMyTFQ2LTVJMnlLYUt3IiwiZXhwIjoxODAxMzA1NjM3LCJpYXQiOjE3Njk3Njk2MzcsIm5iZiI6MTc2OTc2OTUxNywib3JnIjoxLCJvbmx5Q2hhbm5lbHMiOlsic2xlLW1vZHVsZS1kZXNrdG9wLWFwcGxpY2F0aW9uczE1LXNwNy1wb29sLXg4Nl82NCJdfQ.jrPsP5_DoWcvUoot5CcQMvxEe5IXzvNe3odXJ2MMUIw HTTP/1.1" 404 -
172.16.3.5 - - [30/Jan/2026:11:42:09 +0100] "POST /rhn/manager/frontend-log HTTP/1.1" 200 16
172.16.3.7 - - [30/Jan/2026:11:42:09 +0100] "HEAD /rhn/manager/download/sle-module-desktop-applications15-sp7-pool-x86_64/repodata/16ff6be702e88c07d9e069d170ebfb4f25dd70001d026a5102d7d391b403302c-primary.xml.gz?eyJhbGciOiJIUzI1NiJ9.eyJqdGkiOiJIZjVQSTI2alMyTFQ2LTVJMnlLYUt3IiwiZXhwIjoxODAxMzA1NjM3LCJpYXQiOjE3Njk3Njk2MzcsIm5iZiI6MTc2OTc2OTUxNywib3JnIjoxLCJvbmx5Q2hhbm5lbHMiOlsic2xlLW1vZHVsZS1kZXNrdG9wLWFwcGxpY2F0aW9uczE1LXNwNy1wb29sLXg4Nl82NCJdfQ.jrPsP5_DoWcvUoot5CcQMvxEe5IXzvNe3odXJ2MMUIw HTTP/1.1" 200 -
172.16.3.7 - - [30/Jan/2026:11:42:09 +0100] "GET /rhn/manager/download/sle-module-desktop-applications15-sp7-pool-x86_64/repodata/16ff6be702e88c07d9e069d170ebfb4f25dd70001d026a5102d7d391b403302c-primary.xml.gz?eyJhbGciOiJIUzI1NiJ9.eyJqdGkiOiJIZjVQSTI2alMyTFQ2LTVJMnlLYUt3IiwiZXhwIjoxODAxMzA1NjM3LCJpYXQiOjE3Njk3Njk2MzcsIm5iZiI6MTc2OTc2OTUxNywib3JnIjoxLCJvbmx5Q2hhbm5lbHMiOlsic2xlLW1vZHVsZS1kZXNrdG9wLWFwcGxpY2F0aW9uczE1LXNwNy1wb29sLXg4Nl82NCJdfQ.jrPsP5_DoWcvUoot5CcQMvxEe5IXzvNe3odXJ2MMUIw HTTP/1.1" 200 3664
172.16.3.7 - - [30/Jan/2026:11:42:09 +0100] "HEAD /rhn/manager/download/sle-module-desktop-applications15-sp7-pool-x86_64/repodata/d889b4d14d8470cba7b23e7fe8ab510526f49e2b85e3b7045aa123fdd1b82cdb-susedata.xml.gz?eyJhbGciOiJIUzI1NiJ9.eyJqdGkiOiJIZjVQSTI2alMyTFQ2LTVJMnlLYUt3IiwiZXhwIjoxODAxMzA1NjM3LCJpYXQiOjE3Njk3Njk2MzcsIm5iZiI6MTc2OTc2OTUxNywib3JnIjoxLCJvbmx5Q2hhbm5lbHMiOlsic2xlLW1vZHVsZS1kZXNrdG9wLWFwcGxpY2F0aW9uczE1LXNwNy1wb29sLXg4Nl82NCJdfQ.jrPsP5_DoWcvUoot5CcQMvxEe5IXzvNe3odXJ2MMUIw HTTP/1.1" 200 -
127.0.0.1 - - [30/Jan/2026:11:42:09 +0100] "GET /rhn/websocket/notifications HTTP/1.1" 101 -
172.16.3.7 - - [30/Jan/2026:11:42:10 +0100] "GET /rhn/manager/download/sle-module-desktop-applications15-sp7-pool-x86_64/repodata/d889b4d14d8470cba7b23e7fe8ab510526f49e2b85e3b7045aa123fdd1b82cdb-susedata.xml.gz?eyJhbGciOiJIUzI1NiJ9.eyJqdGkiOiJIZjVQSTI2alMyTFQ2LTVJMnlLYUt3IiwiZXhwIjoxODAxMzA1NjM3LCJpYXQiOjE3Njk3Njk2MzcsIm5iZiI6MTc2OTc2OTUxNywib3JnIjoxLCJvbmx5Q2hhbm5lbHMiOlsic2xlLW1vZHVsZS1kZXNrdG9wLWFwcGxpY2F0aW9uczE1LXNwNy1wb29sLXg4Nl82NCJdfQ.jrPsP5_DoWcvUoot5CcQMvxEe5IXzvNe3odXJ2MMUIw HTTP/1.1" 200 3664
172.16.3.5 - - [30/Jan/2026:11:42:10 +0100] "GET /rhn/systems/details/Overview.do?sid=1000010000& HTTP/1.1" 200 43368
172.16.3.5 - - [30/Jan/2026:11:42:10 +0100] "GET /rhn/systems/details/history/Pending.do?sid=1000010001& HTTP/1.1" 200 37865
127.0.0.1 - - [30/Jan/2026:11:42:10 +0100] "GET /rhn/websocket/notifications HTTP/1.1" 101 -
172.16.3.7 - - [30/Jan/2026:11:42:10 +0100] "HEAD /rhn/manager/download/sle-module-devtools15-sp7-pool-x86_64/repodata/repomd.xml?eyJhbGciOiJIUzI1NiJ9.eyJqdGkiOiJsbUZXTnZhTUZwdnpFZ3ZxNzA0VGhBIiwiZXhwIjoxODAxMzA1NjM3LCJpYXQiOjE3Njk3Njk2MzcsIm5iZiI6MTc2OTc2OTUxNywib3JnIjoxLCJvbmx5Q2hhbm5lbHMiOlsic2xlLW1vZHVsZS1kZXZ0b29sczE1LXNwNy1wb29sLXg4Nl82NCJdfQ.RteEINSSZubPpdi3Hmrg9zFIIaGuD5YvkWpu6XQ6Tac HTTP/1.1" 200 -
172.16.3.5 - - [30/Jan/2026:11:42:11 +0100] "POST /rhn/manager/frontend-log HTTP/1.1" 200 16
172.16.3.7 - - [30/Jan/2026:11:42:11 +0100] "HEAD /rhn/manager/download/sle-module-devtools15-sp7-pool-x86_64/media.1/media?eyJhbGciOiJIUzI1NiJ9.eyJqdGkiOiJsbUZXTnZhTUZwdnpFZ3ZxNzA0VGhBIiwiZXhwIjoxODAxMzA1NjM3LCJpYXQiOjE3Njk3Njk2MzcsIm5iZiI6MTc2OTc2OTUxNywib3JnIjoxLCJvbmx5Q2hhbm5lbHMiOlsic2xlLW1vZHVsZS1kZXZ0b29sczE1LXNwNy1wb29sLXg4Nl82NCJdfQ.RteEINSSZubPpdi3Hmrg9zFIIaGuD5YvkWpu6XQ6Tac HTTP/1.1" 404 -
172.16.3.7 - - [30/Jan/2026:11:42:11 +0100] "HEAD /rhn/manager/download/sle-module-devtools15-sp7-pool-x86_64/repodata/repomd.xml?eyJhbGciOiJIUzI1NiJ9.eyJqdGkiOiJsbUZXTnZhTUZwdnpFZ3ZxNzA0VGhBIiwiZXhwIjoxODAxMzA1NjM3LCJpYXQiOjE3Njk3Njk2MzcsIm5iZiI6MTc2OTc2OTUxNywib3JnIjoxLCJvbmx5Q2hhbm5lbHMiOlsic2xlLW1vZHVsZS1kZXZ0b29sczE1LXNwNy1wb29sLXg4Nl82NCJdfQ.RteEINSSZubPpdi3Hmrg9zFIIaGuD5YvkWpu6XQ6Tac HTTP/1.1" 200 -
172.16.3.7 - - [30/Jan/2026:11:42:11 +0100] "GET /rhn/manager/download/sle-module-devtools15-sp7-pool-x86_64/repodata/repomd.xml?eyJhbGciOiJIUzI1NiJ9.eyJqdGkiOiJsbUZXTnZhTUZwdnpFZ3ZxNzA0VGhBIiwiZXhwIjoxODAxMzA1NjM3LCJpYXQiOjE3Njk3Njk2MzcsIm5iZiI6MTc2OTc2OTUxNywib3JnIjoxLCJvbmx5Q2hhbm5lbHMiOlsic2xlLW1vZHVsZS1kZXZ0b29sczE1LXNwNy1wb29sLXg4Nl82NCJdfQ.RteEINSSZubPpdi3Hmrg9zFIIaGuD5YvkWpu6XQ6Tac HTTP/1.1" 200 3664
172.16.3.5 - - [30/Jan/2026:11:42:11 +0100] "POST /rhn/manager/frontend-log HTTP/1.1" 200 16
172.16.3.7 - - [30/Jan/2026:11:42:11 +0100] "HEAD /rhn/manager/download/sle-module-devtools15-sp7-pool-x86_64/repodata/repomd.xml.asc?eyJhbGciOiJIUzI1NiJ9.eyJqdGkiOiJsbUZXTnZhTUZwdnpFZ3ZxNzA0VGhBIiwiZXhwIjoxODAxMzA1NjM3LCJpYXQiOjE3Njk3Njk2MzcsIm5iZiI6MTc2OTc2OTUxNywib3JnIjoxLCJvbmx5Q2hhbm5lbHMiOlsic2xlLW1vZHVsZS1kZXZ0b29sczE1LXNwNy1wb29sLXg4Nl82NCJdfQ.RteEINSSZubPpdi3Hmrg9zFIIaGuD5YvkWpu6XQ6Tac HTTP/1.1" 404 -
172.16.3.5 - - [30/Jan/2026:11:42:11 +0100] "POST /rhn/manager/frontend-log HTTP/1.1" 200 16
127.0.0.1 - - [30/Jan/2026:11:42:11 +0100] "GET /rhn/websocket/notifications HTTP/1.1" 101 -
172.16.3.7 - - [30/Jan/2026:11:42:11 +0100] "HEAD /rhn/manager/download/sle-module-devtools15-sp7-pool-x86_64/repodata/f8ed6e8fab5f5c7f880a5b210d8dba12cfd481558555d3131e7f9f32f53e214e-primary.xml.gz?eyJhbGciOiJIUzI1NiJ9.eyJqdGkiOiJsbUZXTnZhTUZwdnpFZ3ZxNzA0VGhBIiwiZXhwIjoxODAxMzA1NjM3LCJpYXQiOjE3Njk3Njk2MzcsIm5iZiI6MTc2OTc2OTUxNywib3JnIjoxLCJvbmx5Q2hhbm5lbHMiOlsic2xlLW1vZHVsZS1kZXZ0b29sczE1LXNwNy1wb29sLXg4Nl82NCJdfQ.RteEINSSZubPpdi3Hmrg9zFIIaGuD5YvkWpu6XQ6Tac HTTP/1.1" 200 -
172.16.3.7 - - [30/Jan/2026:11:42:11 +0100] "GET /rhn/manager/download/sle-module-devtools15-sp7-pool-x86_64/repodata/f8ed6e8fab5f5c7f880a5b210d8dba12cfd481558555d3131e7f9f32f53e214e-primary.xml.gz?eyJhbGciOiJIUzI1NiJ9.eyJqdGkiOiJsbUZXTnZhTUZwdnpFZ3ZxNzA0VGhBIiwiZXhwIjoxODAxMzA1NjM3LCJpYXQiOjE3Njk3Njk2MzcsIm5iZiI6MTc2OTc2OTUxNywib3JnIjoxLCJvbmx5Q2hhbm5lbHMiOlsic2xlLW1vZHVsZS1kZXZ0b29sczE1LXNwNy1wb29sLXg4Nl82NCJdfQ.RteEINSSZubPpdi3Hmrg9zFIIaGuD5YvkWpu6XQ6Tac HTTP/1.1" 200 3664
172.16.3.7 - - [30/Jan/2026:11:42:11 +0100] "HEAD /rhn/manager/download/sle-module-devtools15-sp7-pool-x86_64/repodata/77a26163d26d84c6bc8568cfd9f0b2d99c344f5de2a4c6e81d009d97f96678bb-susedata.xml.gz?eyJhbGciOiJIUzI1NiJ9.eyJqdGkiOiJsbUZXTnZhTUZwdnpFZ3ZxNzA0VGhBIiwiZXhwIjoxODAxMzA1NjM3LCJpYXQiOjE3Njk3Njk2MzcsIm5iZiI6MTc2OTc2OTUxNywib3JnIjoxLCJvbmx5Q2hhbm5lbHMiOlsic2xlLW1vZHVsZS1kZXZ0b29sczE1LXNwNy1wb29sLXg4Nl82NCJdfQ.RteEINSSZubPpdi3Hmrg9zFIIaGuD5YvkWpu6XQ6Tac HTTP/1.1" 200 -
172.16.3.7 - - [30/Jan/2026:11:42:11 +0100] "GET /rhn/manager/download/sle-module-devtools15-sp7-pool-x86_64/repodata/77a26163d26d84c6bc8568cfd9f0b2d99c344f5de2a4c6e81d009d97f96678bb-susedata.xml.gz?eyJhbGciOiJIUzI1NiJ9.eyJqdGkiOiJsbUZXTnZhTUZwdnpFZ3ZxNzA0VGhBIiwiZXhwIjoxODAxMzA1NjM3LCJpYXQiOjE3Njk3Njk2MzcsIm5iZiI6MTc2OTc2OTUxNywib3JnIjoxLCJvbmx5Q2hhbm5lbHMiOlsic2xlLW1vZHVsZS1kZXZ0b29sczE1LXNwNy1wb29sLXg4Nl82NCJdfQ.RteEINSSZubPpdi3Hmrg9zFIIaGuD5YvkWpu6XQ6Tac HTTP/1.1" 200 3664
127.0.0.1 - - [30/Jan/2026:11:42:11 +0100] "GET /rhn/websocket/notifications HTTP/1.1" 101 -
172.16.3.7 - - [30/Jan/2026:11:42:11 +0100] "HEAD /rhn/manager/download/sle-module-python3-15-sp7-pool-x86_64/repodata/repomd.xml?eyJhbGciOiJIUzI1NiJ9.eyJqdGkiOiJqTnQzUjZuX3c2WVJ2MmphOFlWc093IiwiZXhwIjoxODAxMzA1NjM3LCJpYXQiOjE3Njk3Njk2MzcsIm5iZiI6MTc2OTc2OTUxNywib3JnIjoxLCJvbmx5Q2hhbm5lbHMiOlsic2xlLW1vZHVsZS1weXRob24zLTE1LXNwNy1wb29sLXg4Nl82NCJdfQ.1CNb2YeKpBfgMSqQhmyqVZDQQImJz0E1gyw8J7WWgIY HTTP/1.1" 200 -
172.16.3.7 - - [30/Jan/2026:11:42:11 +0100] "HEAD /rhn/manager/download/sle-module-python3-15-sp7-pool-x86_64/media.1/media?eyJhbGciOiJIUzI1NiJ9.eyJqdGkiOiJqTnQzUjZuX3c2WVJ2MmphOFlWc093IiwiZXhwIjoxODAxMzA1NjM3LCJpYXQiOjE3Njk3Njk2MzcsIm5iZiI6MTc2OTc2OTUxNywib3JnIjoxLCJvbmx5Q2hhbm5lbHMiOlsic2xlLW1vZHVsZS1weXRob24zLTE1LXNwNy1wb29sLXg4Nl82NCJdfQ.1CNb2YeKpBfgMSqQhmyqVZDQQImJz0E1gyw8J7WWgIY HTTP/1.1" 404 -
172.16.3.7 - - [30/Jan/2026:11:42:11 +0100] "HEAD /rhn/manager/download/sle-module-python3-15-sp7-pool-x86_64/repodata/repomd.xml?eyJhbGciOiJIUzI1NiJ9.eyJqdGkiOiJqTnQzUjZuX3c2WVJ2MmphOFlWc093IiwiZXhwIjoxODAxMzA1NjM3LCJpYXQiOjE3Njk3Njk2MzcsIm5iZiI6MTc2OTc2OTUxNywib3JnIjoxLCJvbmx5Q2hhbm5lbHMiOlsic2xlLW1vZHVsZS1weXRob24zLTE1LXNwNy1wb29sLXg4Nl82NCJdfQ.1CNb2YeKpBfgMSqQhmyqVZDQQImJz0E1gyw8J7WWgIY HTTP/1.1" 200 -
172.16.3.5 - - [30/Jan/2026:11:42:11 +0100] "GET /rhn/systems/details/ProxyClients.do?sid=1000010000& HTTP/1.1" 200 51588
172.16.3.7 - - [30/Jan/2026:11:42:11 +0100] "GET /rhn/manager/download/sle-module-python3-15-sp7-pool-x86_64/repodata/repomd.xml?eyJhbGciOiJIUzI1NiJ9.eyJqdGkiOiJqTnQzUjZuX3c2WVJ2MmphOFlWc093IiwiZXhwIjoxODAxMzA1NjM3LCJpYXQiOjE3Njk3Njk2MzcsIm5iZiI6MTc2OTc2OTUxNywib3JnIjoxLCJvbmx5Q2hhbm5lbHMiOlsic2xlLW1vZHVsZS1weXRob24zLTE1LXNwNy1wb29sLXg4Nl82NCJdfQ.1CNb2YeKpBfgMSqQhmyqVZDQQImJz0E1gyw8J7WWgIY HTTP/1.1" 200 3664
172.16.3.7 - - [30/Jan/2026:11:42:11 +0100] "HEAD /rhn/manager/download/sle-module-python3-15-sp7-pool-x86_64/repodata/repomd.xml.asc?eyJhbGciOiJIUzI1NiJ9.eyJqdGkiOiJqTnQzUjZuX3c2WVJ2MmphOFlWc093IiwiZXhwIjoxODAxMzA1NjM3LCJpYXQiOjE3Njk3Njk2MzcsIm5iZiI6MTc2OTc2OTUxNywib3JnIjoxLCJvbmx5Q2hhbm5lbHMiOlsic2xlLW1vZHVsZS1weXRob24zLTE1LXNwNy1wb29sLXg4Nl82NCJdfQ.1CNb2YeKpBfgMSqQhmyqVZDQQImJz0E1gyw8J7WWgIY HTTP/1.1" 404 -
172.16.3.7 - - [30/Jan/2026:11:42:11 +0100] "HEAD /rhn/manager/download/sle-module-python3-15-sp7-pool-x86_64/repodata/87d3a0cf2fdb75b12527a7eb662286a2491d79e950d5dfbbc31f9dd7a0e65c59-primary.xml.gz?eyJhbGciOiJIUzI1NiJ9.eyJqdGkiOiJqTnQzUjZuX3c2WVJ2MmphOFlWc093IiwiZXhwIjoxODAxMzA1NjM3LCJpYXQiOjE3Njk3Njk2MzcsIm5iZiI6MTc2OTc2OTUxNywib3JnIjoxLCJvbmx5Q2hhbm5lbHMiOlsic2xlLW1vZHVsZS1weXRob24zLTE1LXNwNy1wb29sLXg4Nl82NCJdfQ.1CNb2YeKpBfgMSqQhmyqVZDQQImJz0E1gyw8J7WWgIY HTTP/1.1" 200 -
172.16.3.7 - - [30/Jan/2026:11:42:11 +0100] "GET /rhn/manager/download/sle-module-python3-15-sp7-pool-x86_64/repodata/87d3a0cf2fdb75b12527a7eb662286a2491d79e950d5dfbbc31f9dd7a0e65c59-primary.xml.gz?eyJhbGciOiJIUzI1NiJ9.eyJqdGkiOiJqTnQzUjZuX3c2WVJ2MmphOFlWc093IiwiZXhwIjoxODAxMzA1NjM3LCJpYXQiOjE3Njk3Njk2MzcsIm5iZiI6MTc2OTc2OTUxNywib3JnIjoxLCJvbmx5Q2hhbm5lbHMiOlsic2xlLW1vZHVsZS1weXRob24zLTE1LXNwNy1wb29sLXg4Nl82NCJdfQ.1CNb2YeKpBfgMSqQhmyqVZDQQImJz0E1gyw8J7WWgIY HTTP/1.1" 200 3664
172.16.3.7 - - [30/Jan/2026:11:42:11 +0100] "HEAD /rhn/manager/download/sle-module-python3-15-sp7-pool-x86_64/repodata/b3e188c100136ef6051009272b90bc5c3aafe61518187e3963dc0f05c0a955e9-susedata.xml.gz?eyJhbGciOiJIUzI1NiJ9.eyJqdGkiOiJqTnQzUjZuX3c2WVJ2MmphOFlWc093IiwiZXhwIjoxODAxMzA1NjM3LCJpYXQiOjE3Njk3Njk2MzcsIm5iZiI6MTc2OTc2OTUxNywib3JnIjoxLCJvbmx5Q2hhbm5lbHMiOlsic2xlLW1vZHVsZS1weXRob24zLTE1LXNwNy1wb29sLXg4Nl82NCJdfQ.1CNb2YeKpBfgMSqQhmyqVZDQQImJz0E1gyw8J7WWgIY HTTP/1.1" 200 -
172.16.3.7 - - [30/Jan/2026:11:42:11 +0100] "GET /rhn/manager/download/sle-module-python3-15-sp7-pool-x86_64/repodata/b3e188c100136ef6051009272b90bc5c3aafe61518187e3963dc0f05c0a955e9-susedata.xml.gz?eyJhbGciOiJIUzI1NiJ9.eyJqdGkiOiJqTnQzUjZuX3c2WVJ2MmphOFlWc093IiwiZXhwIjoxODAxMzA1NjM3LCJpYXQiOjE3Njk3Njk2MzcsIm5iZiI6MTc2OTc2OTUxNywib3JnIjoxLCJvbmx5Q2hhbm5lbHMiOlsic2xlLW1vZHVsZS1weXRob24zLTE1LXNwNy1wb29sLXg4Nl82NCJdfQ.1CNb2YeKpBfgMSqQhmyqVZDQQImJz0E1gyw8J7WWgIY HTTP/1.1" 200 3664
127.0.0.1 - - [30/Jan/2026:11:42:11 +0100] "GET /rhn/websocket/notifications HTTP/1.1" 101 -
172.16.3.5 - - [30/Jan/2026:11:42:11 +0100] "POST /rhn/manager/frontend-log HTTP/1.1" 200 16
172.16.3.7 - - [30/Jan/2026:11:42:12 +0100] "HEAD /rhn/manager/download/sle-module-server-applications15-sp7-pool-x86_64/repodata/repomd.xml?eyJhbGciOiJIUzI1NiJ9.eyJqdGkiOiJfeTJ0NUFXaGhPZ2RSZ0FrZTYwTFRRIiwiZXhwIjoxODAxMzA1NjM3LCJpYXQiOjE3Njk3Njk2MzcsIm5iZiI6MTc2OTc2OTUxNywib3JnIjoxLCJvbmx5Q2hhbm5lbHMiOlsic2xlLW1vZHVsZS1zZXJ2ZXItYXBwbGljYXRpb25zMTUtc3A3LXBvb2wteDg2XzY0Il19.hnaXCxGlULy6-5CtsWVdRpR6XVFJqadUwmNNlzk4ivw HTTP/1.1" 200 -
172.16.3.5 - - [30/Jan/2026:11:42:12 +0100] "POST /rhn/manager/api/auth/login HTTP/1.1" 200 16
172.16.3.7 - - [30/Jan/2026:11:42:12 +0100] "HEAD /rhn/manager/download/sle-module-server-applications15-sp7-pool-x86_64/media.1/media?eyJhbGciOiJIUzI1NiJ9.eyJqdGkiOiJfeTJ0NUFXaGhPZ2RSZ0FrZTYwTFRRIiwiZXhwIjoxODAxMzA1NjM3LCJpYXQiOjE3Njk3Njk2MzcsIm5iZiI6MTc2OTc2OTUxNywib3JnIjoxLCJvbmx5Q2hhbm5lbHMiOlsic2xlLW1vZHVsZS1zZXJ2ZXItYXBwbGljYXRpb25zMTUtc3A3LXBvb2wteDg2XzY0Il19.hnaXCxGlULy6-5CtsWVdRpR6XVFJqadUwmNNlzk4ivw HTTP/1.1" 404 -
172.16.3.7 - - [30/Jan/2026:11:42:12 +0100] "HEAD /rhn/manager/download/sle-module-server-applications15-sp7-pool-x86_64/repodata/repomd.xml?eyJhbGciOiJIUzI1NiJ9.eyJqdGkiOiJfeTJ0NUFXaGhPZ2RSZ0FrZTYwTFRRIiwiZXhwIjoxODAxMzA1NjM3LCJpYXQiOjE3Njk3Njk2MzcsIm5iZiI6MTc2OTc2OTUxNywib3JnIjoxLCJvbmx5Q2hhbm5lbHMiOlsic2xlLW1vZHVsZS1zZXJ2ZXItYXBwbGljYXRpb25zMTUtc3A3LXBvb2wteDg2XzY0Il19.hnaXCxGlULy6-5CtsWVdRpR6XVFJqadUwmNNlzk4ivw HTTP/1.1" 200 -
172.16.3.7 - - [30/Jan/2026:11:42:12 +0100] "GET /rhn/manager/download/sle-module-server-applications15-sp7-pool-x86_64/repodata/repomd.xml?eyJhbGciOiJIUzI1NiJ9.eyJqdGkiOiJfeTJ0NUFXaGhPZ2RSZ0FrZTYwTFRRIiwiZXhwIjoxODAxMzA1NjM3LCJpYXQiOjE3Njk3Njk2MzcsIm5iZiI6MTc2OTc2OTUxNywib3JnIjoxLCJvbmx5Q2hhbm5lbHMiOlsic2xlLW1vZHVsZS1zZXJ2ZXItYXBwbGljYXRpb25zMTUtc3A3LXBvb2wteDg2XzY0Il19.hnaXCxGlULy6-5CtsWVdRpR6XVFJqadUwmNNlzk4ivw HTTP/1.1" 200 3664
172.16.3.7 - - [30/Jan/2026:11:42:12 +0100] "HEAD /rhn/manager/download/sle-module-server-applications15-sp7-pool-x86_64/repodata/repomd.xml.asc?eyJhbGciOiJIUzI1NiJ9.eyJqdGkiOiJfeTJ0NUFXaGhPZ2RSZ0FrZTYwTFRRIiwiZXhwIjoxODAxMzA1NjM3LCJpYXQiOjE3Njk3Njk2MzcsIm5iZiI6MTc2OTc2OTUxNywib3JnIjoxLCJvbmx5Q2hhbm5lbHMiOlsic2xlLW1vZHVsZS1zZXJ2ZXItYXBwbGljYXRpb25zMTUtc3A3LXBvb2wteDg2XzY0Il19.hnaXCxGlULy6-5CtsWVdRpR6XVFJqadUwmNNlzk4ivw HTTP/1.1" 404 -
172.16.3.7 - - [30/Jan/2026:11:42:12 +0100] "HEAD /rhn/manager/download/sle-module-server-applications15-sp7-pool-x86_64/repodata/023da1a722534ad76628fe883fafc7910ff6c406cf19d3bbbbd5dc9551109471-primary.xml.gz?eyJhbGciOiJIUzI1NiJ9.eyJqdGkiOiJfeTJ0NUFXaGhPZ2RSZ0FrZTYwTFRRIiwiZXhwIjoxODAxMzA1NjM3LCJpYXQiOjE3Njk3Njk2MzcsIm5iZiI6MTc2OTc2OTUxNywib3JnIjoxLCJvbmx5Q2hhbm5lbHMiOlsic2xlLW1vZHVsZS1zZXJ2ZXItYXBwbGljYXRpb25zMTUtc3A3LXBvb2wteDg2XzY0Il19.hnaXCxGlULy6-5CtsWVdRpR6XVFJqadUwmNNlzk4ivw HTTP/1.1" 200 -
172.16.3.5 - - [30/Jan/2026:11:42:12 +0100] "POST /rhn/manager/api/system/searchByName HTTP/1.1" 200 165
172.16.3.7 - - [30/Jan/2026:11:42:12 +0100] "GET /rhn/manager/download/sle-module-server-applications15-sp7-pool-x86_64/repodata/023da1a722534ad76628fe883fafc7910ff6c406cf19d3bbbbd5dc9551109471-primary.xml.gz?eyJhbGciOiJIUzI1NiJ9.eyJqdGkiOiJfeTJ0NUFXaGhPZ2RSZ0FrZTYwTFRRIiwiZXhwIjoxODAxMzA1NjM3LCJpYXQiOjE3Njk3Njk2MzcsIm5iZiI6MTc2OTc2OTUxNywib3JnIjoxLCJvbmx5Q2hhbm5lbHMiOlsic2xlLW1vZHVsZS1zZXJ2ZXItYXBwbGljYXRpb25zMTUtc3A3LXBvb2wteDg2XzY0Il19.hnaXCxGlULy6-5CtsWVdRpR6XVFJqadUwmNNlzk4ivw HTTP/1.1" 200 3664
172.16.3.7 - - [30/Jan/2026:11:42:12 +0100] "HEAD /rhn/manager/download/sle-module-server-applications15-sp7-pool-x86_64/repodata/7cc52cb918400ffe8e255e6e378c0f7c6120ffd7203bf6a00175b14639dcb468-susedata.xml.gz?eyJhbGciOiJIUzI1NiJ9.eyJqdGkiOiJfeTJ0NUFXaGhPZ2RSZ0FrZTYwTFRRIiwiZXhwIjoxODAxMzA1NjM3LCJpYXQiOjE3Njk3Njk2MzcsIm5iZiI6MTc2OTc2OTUxNywib3JnIjoxLCJvbmx5Q2hhbm5lbHMiOlsic2xlLW1vZHVsZS1zZXJ2ZXItYXBwbGljYXRpb25zMTUtc3A3LXBvb2wteDg2XzY0Il19.hnaXCxGlULy6-5CtsWVdRpR6XVFJqadUwmNNlzk4ivw HTTP/1.1" 200 -
172.16.3.7 - - [30/Jan/2026:11:42:12 +0100] "GET /rhn/manager/download/sle-module-server-applications15-sp7-pool-x86_64/repodata/7cc52cb918400ffe8e255e6e378c0f7c6120ffd7203bf6a00175b14639dcb468-susedata.xml.gz?eyJhbGciOiJIUzI1NiJ9.eyJqdGkiOiJfeTJ0NUFXaGhPZ2RSZ0FrZTYwTFRRIiwiZXhwIjoxODAxMzA1NjM3LCJpYXQiOjE3Njk3Njk2MzcsIm5iZiI6MTc2OTc2OTUxNywib3JnIjoxLCJvbmx5Q2hhbm5lbHMiOlsic2xlLW1vZHVsZS1zZXJ2ZXItYXBwbGljYXRpb25zMTUtc3A3LXBvb2wteDg2XzY0Il19.hnaXCxGlULy6-5CtsWVdRpR6XVFJqadUwmNNlzk4ivw HTTP/1.1" 200 3664
172.16.3.5 - - [30/Jan/2026:11:42:12 +0100] "GET /rhn/manager/api/auth/logout HTTP/1.1" 200 16
172.16.3.7 - - [30/Jan/2026:11:42:12 +0100] "HEAD /rhn/manager/download/sle-module-systems-management-15-sp7-pool-x86_64/repodata/repomd.xml?eyJhbGciOiJIUzI1NiJ9.eyJqdGkiOiIxOURnNDhDSU52Z1VBNnFxaWZZZU13IiwiZXhwIjoxODAxMzA1NjM3LCJpYXQiOjE3Njk3Njk2MzcsIm5iZiI6MTc2OTc2OTUxNywib3JnIjoxLCJvbmx5Q2hhbm5lbHMiOlsic2xlLW1vZHVsZS1zeXN0ZW1zLW1hbmFnZW1lbnQtMTUtc3A3LXBvb2wteDg2XzY0Il19.JC5nXN92QiYemlOlmZl8PmgwsBnRi7dNfgdl9h8WE4Y HTTP/1.1" 200 -
172.16.3.7 - - [30/Jan/2026:11:42:12 +0100] "HEAD /rhn/manager/download/sle-module-systems-management-15-sp7-pool-x86_64/media.1/media?eyJhbGciOiJIUzI1NiJ9.eyJqdGkiOiIxOURnNDhDSU52Z1VBNnFxaWZZZU13IiwiZXhwIjoxODAxMzA1NjM3LCJpYXQiOjE3Njk3Njk2MzcsIm5iZiI6MTc2OTc2OTUxNywib3JnIjoxLCJvbmx5Q2hhbm5lbHMiOlsic2xlLW1vZHVsZS1zeXN0ZW1zLW1hbmFnZW1lbnQtMTUtc3A3LXBvb2wteDg2XzY0Il19.JC5nXN92QiYemlOlmZl8PmgwsBnRi7dNfgdl9h8WE4Y HTTP/1.1" 404 -
172.16.3.7 - - [30/Jan/2026:11:42:12 +0100] "HEAD /rhn/manager/download/sle-module-systems-management-15-sp7-pool-x86_64/repodata/repomd.xml?eyJhbGciOiJIUzI1NiJ9.eyJqdGkiOiIxOURnNDhDSU52Z1VBNnFxaWZZZU13IiwiZXhwIjoxODAxMzA1NjM3LCJpYXQiOjE3Njk3Njk2MzcsIm5iZiI6MTc2OTc2OTUxNywib3JnIjoxLCJvbmx5Q2hhbm5lbHMiOlsic2xlLW1vZHVsZS1zeXN0ZW1zLW1hbmFnZW1lbnQtMTUtc3A3LXBvb2wteDg2XzY0Il19.JC5nXN92QiYemlOlmZl8PmgwsBnRi7dNfgdl9h8WE4Y HTTP/1.1" 200 -
172.16.3.7 - - [30/Jan/2026:11:42:12 +0100] "GET /rhn/manager/download/sle-module-systems-management-15-sp7-pool-x86_64/repodata/repomd.xml?eyJhbGciOiJIUzI1NiJ9.eyJqdGkiOiIxOURnNDhDSU52Z1VBNnFxaWZZZU13IiwiZXhwIjoxODAxMzA1NjM3LCJpYXQiOjE3Njk3Njk2MzcsIm5iZiI6MTc2OTc2OTUxNywib3JnIjoxLCJvbmx5Q2hhbm5lbHMiOlsic2xlLW1vZHVsZS1zeXN0ZW1zLW1hbmFnZW1lbnQtMTUtc3A3LXBvb2wteDg2XzY0Il19.JC5nXN92QiYemlOlmZl8PmgwsBnRi7dNfgdl9h8WE4Y HTTP/1.1" 200 3664
172.16.3.7 - - [30/Jan/2026:11:42:12 +0100] "HEAD /rhn/manager/download/sle-module-systems-management-15-sp7-pool-x86_64/repodata/repomd.xml.asc?eyJhbGciOiJIUzI1NiJ9.eyJqdGkiOiIxOURnNDhDSU52Z1VBNnFxaWZZZU13IiwiZXhwIjoxODAxMzA1NjM3LCJpYXQiOjE3Njk3Njk2MzcsIm5iZiI6MTc2OTc2OTUxNywib3JnIjoxLCJvbmx5Q2hhbm5lbHMiOlsic2xlLW1vZHVsZS1zeXN0ZW1zLW1hbmFnZW1lbnQtMTUtc3A3LXBvb2wteDg2XzY0Il19.JC5nXN92QiYemlOlmZl8PmgwsBnRi7dNfgdl9h8WE4Y HTTP/1.1" 404 -
172.16.3.7 - - [30/Jan/2026:11:42:12 +0100] "HEAD /rhn/manager/download/sle-module-systems-management-15-sp7-pool-x86_64/repodata/6cd5a3f53c24dfa4def66c412d12f3b69022a11f1bfeaec15e4678ad8d79610b-primary.xml.gz?eyJhbGciOiJIUzI1NiJ9.eyJqdGkiOiIxOURnNDhDSU52Z1VBNnFxaWZZZU13IiwiZXhwIjoxODAxMzA1NjM3LCJpYXQiOjE3Njk3Njk2MzcsIm5iZiI6MTc2OTc2OTUxNywib3JnIjoxLCJvbmx5Q2hhbm5lbHMiOlsic2xlLW1vZHVsZS1zeXN0ZW1zLW1hbmFnZW1lbnQtMTUtc3A3LXBvb2wteDg2XzY0Il19.JC5nXN92QiYemlOlmZl8PmgwsBnRi7dNfgdl9h8WE4Y HTTP/1.1" 200 -
172.16.3.7 - - [30/Jan/2026:11:42:12 +0100] "GET /rhn/manager/download/sle-module-systems-management-15-sp7-pool-x86_64/repodata/6cd5a3f53c24dfa4def66c412d12f3b69022a11f1bfeaec15e4678ad8d79610b-primary.xml.gz?eyJhbGciOiJIUzI1NiJ9.eyJqdGkiOiIxOURnNDhDSU52Z1VBNnFxaWZZZU13IiwiZXhwIjoxODAxMzA1NjM3LCJpYXQiOjE3Njk3Njk2MzcsIm5iZiI6MTc2OTc2OTUxNywib3JnIjoxLCJvbmx5Q2hhbm5lbHMiOlsic2xlLW1vZHVsZS1zeXN0ZW1zLW1hbmFnZW1lbnQtMTUtc3A3LXBvb2wteDg2XzY0Il19.JC5nXN92QiYemlOlmZl8PmgwsBnRi7dNfgdl9h8WE4Y HTTP/1.1" 200 3664
172.16.3.7 - - [30/Jan/2026:11:42:12 +0100] "HEAD /rhn/manager/download/sle-module-systems-management-15-sp7-pool-x86_64/repodata/110e2a801f4c7d14b5f7b05e63d0fb1a775f607931d93ddbe94e1dbbd080c248-susedata.xml.gz?eyJhbGciOiJIUzI1NiJ9.eyJqdGkiOiIxOURnNDhDSU52Z1VBNnFxaWZZZU13IiwiZXhwIjoxODAxMzA1NjM3LCJpYXQiOjE3Njk3Njk2MzcsIm5iZiI6MTc2OTc2OTUxNywib3JnIjoxLCJvbmx5Q2hhbm5lbHMiOlsic2xlLW1vZHVsZS1zeXN0ZW1zLW1hbmFnZW1lbnQtMTUtc3A3LXBvb2wteDg2XzY0Il19.JC5nXN92QiYemlOlmZl8PmgwsBnRi7dNfgdl9h8WE4Y HTTP/1.1" 200 -
172.16.3.7 - - [30/Jan/2026:11:42:12 +0100] "GET /rhn/manager/download/sle-module-systems-management-15-sp7-pool-x86_64/repodata/110e2a801f4c7d14b5f7b05e63d0fb1a775f607931d93ddbe94e1dbbd080c248-susedata.xml.gz?eyJhbGciOiJIUzI1NiJ9.eyJqdGkiOiIxOURnNDhDSU52Z1VBNnFxaWZZZU13IiwiZXhwIjoxODAxMzA1NjM3LCJpYXQiOjE3Njk3Njk2MzcsIm5iZiI6MTc2OTc2OTUxNywib3JnIjoxLCJvbmx5Q2hhbm5lbHMiOlsic2xlLW1vZHVsZS1zeXN0ZW1zLW1hbmFnZW1lbnQtMTUtc3A3LXBvb2wteDg2XzY0Il19.JC5nXN92QiYemlOlmZl8PmgwsBnRi7dNfgdl9h8WE4Y HTTP/1.1" 200 3664
172.16.3.7 - - [30/Jan/2026:11:42:12 +0100] "HEAD /rhn/manager/download/sle-product-sles15-sp7-pool-x86_64/repodata/repomd.xml?eyJhbGciOiJIUzI1NiJ9.eyJqdGkiOiJLTnpCbE1nSi1ZZlFfMU5nZUtjakNnIiwiZXhwIjoxODAxMzA1NjM3LCJpYXQiOjE3Njk3Njk2MzcsIm5iZiI6MTc2OTc2OTUxNywib3JnIjoxLCJvbmx5Q2hhbm5lbHMiOlsic2xlLXByb2R1Y3Qtc2xlczE1LXNwNy1wb29sLXg4Nl82NCJdfQ.VNhB3ndRQkeFF_Tu-T8_yIuD6DTIrBiaErG6hZRADe8 HTTP/1.1" 200 -
172.16.3.7 - - [30/Jan/2026:11:42:12 +0100] "HEAD /rhn/manager/download/sle-product-sles15-sp7-pool-x86_64/media.1/media?eyJhbGciOiJIUzI1NiJ9.eyJqdGkiOiJLTnpCbE1nSi1ZZlFfMU5nZUtjakNnIiwiZXhwIjoxODAxMzA1NjM3LCJpYXQiOjE3Njk3Njk2MzcsIm5iZiI6MTc2OTc2OTUxNywib3JnIjoxLCJvbmx5Q2hhbm5lbHMiOlsic2xlLXByb2R1Y3Qtc2xlczE1LXNwNy1wb29sLXg4Nl82NCJdfQ.VNhB3ndRQkeFF_Tu-T8_yIuD6DTIrBiaErG6hZRADe8 HTTP/1.1" 404 -
172.16.3.7 - - [30/Jan/2026:11:42:12 +0100] "HEAD /rhn/manager/download/sle-product-sles15-sp7-pool-x86_64/repodata/repomd.xml?eyJhbGciOiJIUzI1NiJ9.eyJqdGkiOiJLTnpCbE1nSi1ZZlFfMU5nZUtjakNnIiwiZXhwIjoxODAxMzA1NjM3LCJpYXQiOjE3Njk3Njk2MzcsIm5iZiI6MTc2OTc2OTUxNywib3JnIjoxLCJvbmx5Q2hhbm5lbHMiOlsic2xlLXByb2R1Y3Qtc2xlczE1LXNwNy1wb29sLXg4Nl82NCJdfQ.VNhB3ndRQkeFF_Tu-T8_yIuD6DTIrBiaErG6hZRADe8 HTTP/1.1" 200 -
172.16.3.7 - - [30/Jan/2026:11:42:12 +0100] "HEAD /rhn/manager/download/sle-product-sles15-sp7-pool-x86_64/repodata/repomd.xml.asc?eyJhbGciOiJIUzI1NiJ9.eyJqdGkiOiJLTnpCbE1nSi1ZZlFfMU5nZUtjakNnIiwiZXhwIjoxODAxMzA1NjM3LCJpYXQiOjE3Njk3Njk2MzcsIm5iZiI6MTc2OTc2OTUxNywib3JnIjoxLCJvbmx5Q2hhbm5lbHMiOlsic2xlLXByb2R1Y3Qtc2xlczE1LXNwNy1wb29sLXg4Nl82NCJdfQ.VNhB3ndRQkeFF_Tu-T8_yIuD6DTIrBiaErG6hZRADe8 HTTP/1.1" 404 -
172.16.3.7 - - [30/Jan/2026:11:42:12 +0100] "HEAD /rhn/manager/download/sle-product-sles15-sp7-pool-x86_64/repodata/a93f797a7ac21c27ba1681a885d93e8e7d7be5297cc67140f0a29920083b0a60-primary.xml.gz?eyJhbGciOiJIUzI1NiJ9.eyJqdGkiOiJLTnpCbE1nSi1ZZlFfMU5nZUtjakNnIiwiZXhwIjoxODAxMzA1NjM3LCJpYXQiOjE3Njk3Njk2MzcsIm5iZiI6MTc2OTc2OTUxNywib3JnIjoxLCJvbmx5Q2hhbm5lbHMiOlsic2xlLXByb2R1Y3Qtc2xlczE1LXNwNy1wb29sLXg4Nl82NCJdfQ.VNhB3ndRQkeFF_Tu-T8_yIuD6DTIrBiaErG6hZRADe8 HTTP/1.1" 200 -
