172.16.3.5 - - [29/Jan/2026:17:02:36 +0100] "GET /rhn/manager/api/systems/list/all?p=1&ps=100&s=1&sc=server_name HTTP/1.1" 200 39
172.16.3.5 - - [29/Jan/2026:17:02:37 +0100] "POST /rhn/manager/api/sets/system_list HTTP/1.1" 200 1
::1 - - [29/Jan/2026:17:02:48 +0100] "GET /rhn/manager/login HTTP/1.1" 302 -
172.16.3.5 - - [29/Jan/2026:17:02:49 +0100] "GET /rhn/manager/systems/list/all HTTP/1.1" 200 34441
172.16.3.5 - - [29/Jan/2026:17:02:49 +0100] "POST /rhn/manager/frontend-log HTTP/1.1" 200 16
127.0.0.1 - - [29/Jan/2026:17:02:50 +0100] "GET /rhn/websocket/notifications HTTP/1.1" 101 -
172.16.3.5 - - [29/Jan/2026:17:02:50 +0100] "POST /rhn/manager/frontend-log HTTP/1.1" 200 16
127.0.0.1 - - [29/Jan/2026:17:02:50 +0100] "GET /rhn/websocket/notifications HTTP/1.1" 101 -
172.16.3.5 - - [29/Jan/2026:17:02:50 +0100] "GET /rhn/manager/api/systems/list/all?p=1&ps=100&s=1&sc=server_name HTTP/1.1" 200 39
172.16.3.5 - - [29/Jan/2026:17:02:50 +0100] "POST /rhn/manager/api/sets/system_list HTTP/1.1" 200 1
172.16.3.5 - - [29/Jan/2026:17:03:03 +0100] "GET /rhn/manager/systems/list/all HTTP/1.1" 200 34441
172.16.3.5 - - [29/Jan/2026:17:03:03 +0100] "POST /rhn/manager/frontend-log HTTP/1.1" 200 16
127.0.0.1 - - [29/Jan/2026:17:03:03 +0100] "GET /rhn/websocket/notifications HTTP/1.1" 101 -
172.16.3.5 - - [29/Jan/2026:17:03:03 +0100] "POST /rhn/manager/frontend-log HTTP/1.1" 200 16
127.0.0.1 - - [29/Jan/2026:17:03:03 +0100] "GET /rhn/websocket/notifications HTTP/1.1" 101 -
172.16.3.5 - - [29/Jan/2026:17:03:03 +0100] "GET /rhn/manager/api/systems/list/all?p=1&ps=100&s=1&sc=server_name HTTP/1.1" 200 777
172.16.3.5 - - [29/Jan/2026:17:03:04 +0100] "POST /rhn/manager/api/sets/system_list HTTP/1.1" 200 1
172.16.3.5 - - [29/Jan/2026:17:03:14 +0100] "GET /rhn/systems/details/Overview.do?sid=1000010000 HTTP/1.1" 200 42511
172.16.3.5 - - [29/Jan/2026:17:03:14 +0100] "POST /rhn/manager/frontend-log HTTP/1.1" 200 16
127.0.0.1 - - [29/Jan/2026:17:03:14 +0100] "GET /rhn/websocket/notifications HTTP/1.1" 101 -
172.16.3.5 - - [29/Jan/2026:17:03:14 +0100] "GET /rhn/systems/details/history/Pending.do?sid=1000010000& HTTP/1.1" 200 40609
127.0.0.1 - - [29/Jan/2026:17:03:15 +0100] "GET /rhn/websocket/notifications HTTP/1.1" 101 -
172.16.3.5 - - [29/Jan/2026:17:03:15 +0100] "POST /rhn/manager/frontend-log HTTP/1.1" 200 16
172.16.3.5 - - [29/Jan/2026:17:03:15 +0100] "GET /rhn/systems/details/history/Pending.do?sid=1000010000& HTTP/1.1" 200 40609
127.0.0.1 - - [29/Jan/2026:17:03:15 +0100] "GET /rhn/websocket/notifications HTTP/1.1" 101 -
172.16.3.5 - - [29/Jan/2026:17:03:15 +0100] "POST /rhn/manager/frontend-log HTTP/1.1" 200 16
172.16.3.5 - - [29/Jan/2026:17:03:16 +0100] "GET /rhn/systems/details/history/History.do?sid=1000010000& HTTP/1.1" 200 42920
127.0.0.1 - - [29/Jan/2026:17:03:16 +0100] "GET /rhn/websocket/notifications HTTP/1.1" 101 -
172.16.3.5 - - [29/Jan/2026:17:03:16 +0100] "POST /rhn/manager/frontend-log HTTP/1.1" 200 16
172.16.3.5 - - [29/Jan/2026:17:03:16 +0100] "GET /rhn/systems/details/history/Event.do?sid=1000010000&aid=3 HTTP/1.1" 200 46224
127.0.0.1 - - [29/Jan/2026:17:03:16 +0100] "GET /rhn/websocket/notifications HTTP/1.1" 101 -
172.16.3.5 - - [29/Jan/2026:17:03:16 +0100] "POST /rhn/manager/frontend-log HTTP/1.1" 200 16
172.16.3.5 - - [29/Jan/2026:17:03:17 +0100] "GET /rhn/systems/details/history/Pending.do?sid=1000010000& HTTP/1.1" 200 40609
127.0.0.1 - - [29/Jan/2026:17:03:17 +0100] "GET /rhn/websocket/notifications HTTP/1.1" 101 -
172.16.3.5 - - [29/Jan/2026:17:03:17 +0100] "POST /rhn/manager/frontend-log HTTP/1.1" 200 16
172.16.3.5 - - [29/Jan/2026:17:03:17 +0100] "GET /rhn/systems/details/history/Pending.do?sid=1000010000& HTTP/1.1" 200 40609
127.0.0.1 - - [29/Jan/2026:17:03:17 +0100] "GET /rhn/websocket/notifications HTTP/1.1" 101 -
172.16.3.5 - - [29/Jan/2026:17:03:17 +0100] "POST /rhn/manager/frontend-log HTTP/1.1" 200 16
172.16.3.5 - - [29/Jan/2026:17:03:24 +0100] "GET /rhn/systems/details/history/Pending.do?sid=1000010000& HTTP/1.1" 200 40609
172.16.3.5 - - [29/Jan/2026:17:03:24 +0100] "POST /rhn/manager/frontend-log HTTP/1.1" 200 16
127.0.0.1 - - [29/Jan/2026:17:03:24 +0100] "GET /rhn/websocket/notifications HTTP/1.1" 101 -
172.16.3.5 - - [29/Jan/2026:17:03:24 +0100] "POST /rhn/manager/frontend-log HTTP/1.1" 200 16
127.0.0.1 - - [29/Jan/2026:17:03:24 +0100] "GET /rhn/websocket/notifications HTTP/1.1" 101 -
172.16.3.5 - - [29/Jan/2026:17:03:38 +0100] "GET /rhn/systems/details/history/Pending.do?sid=1000010000& HTTP/1.1" 200 37838
172.16.3.5 - - [29/Jan/2026:17:03:38 +0100] "POST /rhn/manager/frontend-log HTTP/1.1" 200 16
127.0.0.1 - - [29/Jan/2026:17:03:38 +0100] "GET /rhn/websocket/notifications HTTP/1.1" 101 -
172.16.3.5 - - [29/Jan/2026:17:03:38 +0100] "POST /rhn/manager/frontend-log HTTP/1.1" 200 16
127.0.0.1 - - [29/Jan/2026:17:03:38 +0100] "GET /rhn/websocket/notifications HTTP/1.1" 101 -
172.16.3.5 - - [29/Jan/2026:17:03:48 +0100] "GET /rhn/systems/details/history/History.do?sid=1000010000& HTTP/1.1" 200 44031
127.0.0.1 - - [29/Jan/2026:17:03:48 +0100] "GET /rhn/websocket/notifications HTTP/1.1" 101 -
172.16.3.5 - - [29/Jan/2026:17:03:48 +0100] "POST /rhn/manager/frontend-log HTTP/1.1" 200 16
172.16.3.5 - - [29/Jan/2026:17:03:49 +0100] "GET /rhn/systems/details/history/Event.do?sid=1000010000&aid=2 HTTP/1.1" 200 38101
172.16.3.5 - - [29/Jan/2026:17:03:49 +0100] "POST /rhn/manager/frontend-log HTTP/1.1" 200 16
127.0.0.1 - - [29/Jan/2026:17:03:49 +0100] "GET /rhn/websocket/notifications HTTP/1.1" 101 -
172.16.3.5 - - [29/Jan/2026:17:03:49 +0100] "GET /rhn/systems/details/history/Pending.do?sid=1000010000& HTTP/1.1" 200 37856
127.0.0.1 - - [29/Jan/2026:17:03:50 +0100] "GET /rhn/websocket/notifications HTTP/1.1" 101 -
172.16.3.5 - - [29/Jan/2026:17:03:50 +0100] "POST /rhn/manager/frontend-log HTTP/1.1" 200 16
172.16.3.5 - - [29/Jan/2026:17:03:50 +0100] "GET /rhn/systems/details/history/Pending.do?sid=1000010000& HTTP/1.1" 200 37856
127.0.0.1 - - [29/Jan/2026:17:03:50 +0100] "GET /rhn/websocket/notifications HTTP/1.1" 101 -
172.16.3.5 - - [29/Jan/2026:17:03:50 +0100] "POST /rhn/manager/frontend-log HTTP/1.1" 200 16
172.16.3.5 - - [29/Jan/2026:17:03:50 +0100] "GET /rhn/systems/details/history/History.do?sid=1000010000& HTTP/1.1" 200 44031
127.0.0.1 - - [29/Jan/2026:17:03:50 +0100] "GET /rhn/websocket/notifications HTTP/1.1" 101 -
172.16.3.5 - - [29/Jan/2026:17:03:50 +0100] "POST /rhn/manager/frontend-log HTTP/1.1" 200 16
172.16.3.5 - - [29/Jan/2026:17:03:51 +0100] "GET /rhn/systems/details/history/Event.do?sid=1000010000&aid=4 HTTP/1.1" 200 38134
127.0.0.1 - - [29/Jan/2026:17:03:51 +0100] "GET /rhn/websocket/notifications HTTP/1.1" 101 -
172.16.3.5 - - [29/Jan/2026:17:03:51 +0100] "POST /rhn/manager/frontend-log HTTP/1.1" 200 16
::1 - - [29/Jan/2026:17:03:51 +0100] "GET /rhn/manager/login HTTP/1.1" 302 -
::1 - - [29/Jan/2026:17:03:53 +0100] "POST /rhn/rpc/api HTTP/1.1" 200 137
::1 - - [29/Jan/2026:17:03:53 +0100] "POST /rhn/rpc/api HTTP/1.1" 200 204
::1 - - [29/Jan/2026:17:03:53 +0100] "POST /rhn/rpc/api HTTP/1.1" 200 138
::1 - - [29/Jan/2026:17:04:00 +0100] "POST /rhn/rpc/api HTTP/1.1" 200 19539
172.16.3.5 - - [29/Jan/2026:17:04:25 +0100] "GET /rhn/manager/systems/list/all HTTP/1.1" 200 34441
127.0.0.1 - - [29/Jan/2026:17:04:25 +0100] "GET /rhn/websocket/notifications HTTP/1.1" 101 -
172.16.3.5 - - [29/Jan/2026:17:04:25 +0100] "POST /rhn/manager/frontend-log HTTP/1.1" 200 16
172.16.3.5 - - [29/Jan/2026:17:04:26 +0100] "GET /rhn/manager/api/systems/list/all?p=1&ps=100&s=1&sc=server_name HTTP/1.1" 200 766
172.16.3.5 - - [29/Jan/2026:17:04:26 +0100] "POST /rhn/manager/api/sets/system_list HTTP/1.1" 200 1
172.16.3.5 - - [29/Jan/2026:17:04:26 +0100] "POST /rhn/manager/api/auth/login HTTP/1.1" 200 16
172.16.3.5 - - [29/Jan/2026:17:04:26 +0100] "POST /rhn/manager/api/system/searchByName HTTP/1.1" 200 157
172.16.3.5 - - [29/Jan/2026:17:04:26 +0100] "GET /rhn/manager/api/auth/logout HTTP/1.1" 200 16
172.16.3.5 - - [29/Jan/2026:17:04:27 +0100] "GET /rhn/systems/details/Overview.do?sid=1000010000 HTTP/1.1" 200 43366
172.16.3.5 - - [29/Jan/2026:17:04:27 +0100] "POST /rhn/manager/frontend-log HTTP/1.1" 200 16
127.0.0.1 - - [29/Jan/2026:17:04:27 +0100] "GET /rhn/websocket/notifications HTTP/1.1" 101 -
172.16.3.5 - - [29/Jan/2026:17:04:27 +0100] "POST /rhn/manager/frontend-log HTTP/1.1" 200 16
172.16.3.5 - - [29/Jan/2026:17:04:27 +0100] "GET /rhn/systems/details/Edit.do?sid=1000010000& HTTP/1.1" 200 59804
127.0.0.1 - - [29/Jan/2026:17:04:27 +0100] "GET /rhn/websocket/notifications HTTP/1.1" 101 -
172.16.3.5 - - [29/Jan/2026:17:04:27 +0100] "POST /rhn/manager/frontend-log HTTP/1.1" 200 16
172.16.3.5 - - [29/Jan/2026:17:04:37 +0100] "POST /rhn/manager/api/auth/login HTTP/1.1" 200 16
172.16.3.5 - - [29/Jan/2026:17:04:38 +0100] "GET /rhn/manager/api/user/listUsers HTTP/1.1" 200 354
172.16.3.5 - - [29/Jan/2026:17:04:38 +0100] "GET /rhn/manager/api/auth/logout HTTP/1.1" 200 16
172.16.3.5 - - [29/Jan/2026:17:04:38 +0100] "POST /rhn/manager/api/auth/login HTTP/1.1" 200 16
172.16.3.5 - - [29/Jan/2026:17:04:38 +0100] "POST /rhn/manager/api/user/create HTTP/1.1" 200 27
172.16.3.5 - - [29/Jan/2026:17:04:38 +0100] "GET /rhn/manager/api/auth/logout HTTP/1.1" 200 16
172.16.3.5 - - [29/Jan/2026:17:04:38 +0100] "POST /rhn/manager/api/auth/login HTTP/1.1" 200 16
172.16.3.5 - - [29/Jan/2026:17:04:38 +0100] "POST /rhn/manager/api/user/addRole HTTP/1.1" 200 27
172.16.3.5 - - [29/Jan/2026:17:04:38 +0100] "GET /rhn/manager/api/auth/logout HTTP/1.1" 200 16
172.16.3.5 - - [29/Jan/2026:17:04:38 +0100] "POST /rhn/manager/api/auth/login HTTP/1.1" 200 16
172.16.3.5 - - [29/Jan/2026:17:04:39 +0100] "POST /rhn/manager/api/user/addRole HTTP/1.1" 200 27
172.16.3.5 - - [29/Jan/2026:17:04:39 +0100] "GET /rhn/manager/api/auth/logout HTTP/1.1" 200 16
172.16.3.5 - - [29/Jan/2026:17:04:39 +0100] "POST /rhn/manager/api/auth/login HTTP/1.1" 200 16
172.16.3.5 - - [29/Jan/2026:17:04:39 +0100] "POST /rhn/manager/api/user/addRole HTTP/1.1" 200 27
172.16.3.5 - - [29/Jan/2026:17:04:39 +0100] "GET /rhn/manager/api/auth/logout HTTP/1.1" 200 16
172.16.3.5 - - [29/Jan/2026:17:04:39 +0100] "POST /rhn/manager/api/auth/login HTTP/1.1" 200 16
172.16.3.5 - - [29/Jan/2026:17:04:39 +0100] "POST /rhn/manager/api/user/addRole HTTP/1.1" 200 27
172.16.3.5 - - [29/Jan/2026:17:04:39 +0100] "GET /rhn/manager/api/auth/logout HTTP/1.1" 200 16
172.16.3.5 - - [29/Jan/2026:17:04:39 +0100] "POST /rhn/manager/api/auth/login HTTP/1.1" 200 16
172.16.3.5 - - [29/Jan/2026:17:04:39 +0100] "POST /rhn/manager/api/user/addRole HTTP/1.1" 200 27
172.16.3.5 - - [29/Jan/2026:17:04:40 +0100] "GET /rhn/manager/api/auth/logout HTTP/1.1" 200 16
172.16.3.5 - - [29/Jan/2026:17:04:40 +0100] "POST /rhn/manager/api/auth/login HTTP/1.1" 200 16
172.16.3.5 - - [29/Jan/2026:17:04:40 +0100] "POST /rhn/manager/api/user/addRole HTTP/1.1" 200 27
172.16.3.5 - - [29/Jan/2026:17:04:40 +0100] "GET /rhn/manager/api/auth/logout HTTP/1.1" 200 16
::1 - - [29/Jan/2026:17:04:55 +0100] "GET /rhn/manager/login HTTP/1.1" 302 -
172.16.3.5 - - [29/Jan/2026:17:04:57 +0100] "POST /rhn/manager/api/auth/login HTTP/1.1" 200 16
172.16.3.5 - - [29/Jan/2026:17:04:57 +0100] "GET /rhn/manager/api/user/listUsers HTTP/1.1" 200 471
172.16.3.5 - - [29/Jan/2026:17:04:57 +0100] "GET /rhn/manager/api/auth/logout HTTP/1.1" 200 16
172.16.3.5 - - [29/Jan/2026:17:04:57 +0100] "POST /rhn/manager/api/auth/login HTTP/1.1" 200 16
172.16.3.5 - - [29/Jan/2026:17:04:57 +0100] "POST /rhn/manager/api/auth/login HTTP/1.1" 200 16
172.16.3.5 - - [29/Jan/2026:17:04:57 +0100] "POST /rhn/manager/api/user/create HTTP/1.1" 200 27
172.16.3.5 - - [29/Jan/2026:17:04:57 +0100] "POST /rhn/manager/api/auth/login HTTP/1.1" 200 16
172.16.3.5 - - [29/Jan/2026:17:04:57 +0100] "GET /rhn/manager/api/user/listUsers HTTP/1.1" 200 548
172.16.3.5 - - [29/Jan/2026:17:04:57 +0100] "GET /rhn/manager/api/auth/logout HTTP/1.1" 200 16
172.16.3.5 - - [29/Jan/2026:17:04:57 +0100] "GET /rhn/manager/api/auth/logout HTTP/1.1" 200 16
172.16.3.5 - - [29/Jan/2026:17:04:57 +0100] "POST /rhn/manager/api/auth/login HTTP/1.1" 200 16
172.16.3.5 - - [29/Jan/2026:17:04:58 +0100] "POST /rhn/manager/api/auth/login HTTP/1.1" 200 16
172.16.3.5 - - [29/Jan/2026:17:04:58 +0100] "GET /rhn/manager/api/user/listUsers HTTP/1.1" 200 548
172.16.3.5 - - [29/Jan/2026:17:04:58 +0100] "POST /rhn/manager/api/auth/login HTTP/1.1" 200 16
172.16.3.5 - - [29/Jan/2026:17:04:58 +0100] "POST /rhn/manager/api/user/addRole HTTP/1.1" 200 27
172.16.3.5 - - [29/Jan/2026:17:04:58 +0100] "GET /rhn/manager/api/auth/logout HTTP/1.1" 200 16
172.16.3.5 - - [29/Jan/2026:17:04:58 +0100] "POST /rhn/manager/api/user/create HTTP/1.1" 200 27
172.16.3.5 - - [29/Jan/2026:17:04:58 +0100] "POST /rhn/manager/api/auth/login HTTP/1.1" 200 16
172.16.3.5 - - [29/Jan/2026:17:04:58 +0100] "GET /rhn/manager/api/auth/logout HTTP/1.1" 200 16
172.16.3.5 - - [29/Jan/2026:17:04:58 +0100] "GET /rhn/manager/api/user/listUsers HTTP/1.1" 200 627
172.16.3.5 - - [29/Jan/2026:17:04:58 +0100] "POST /rhn/manager/api/auth/login HTTP/1.1" 200 16
172.16.3.5 - - [29/Jan/2026:17:04:58 +0100] "POST /rhn/manager/api/auth/login HTTP/1.1" 200 16
172.16.3.5 - - [29/Jan/2026:17:04:58 +0100] "GET /rhn/manager/api/auth/logout HTTP/1.1" 200 16
172.16.3.5 - - [29/Jan/2026:17:04:58 +0100] "GET /rhn/manager/api/auth/logout HTTP/1.1" 200 16
172.16.3.5 - - [29/Jan/2026:17:04:58 +0100] "POST /rhn/manager/api/auth/login HTTP/1.1" 200 16
172.16.3.5 - - [29/Jan/2026:17:04:58 +0100] "POST /rhn/manager/api/user/create HTTP/1.1" 200 27
172.16.3.5 - - [29/Jan/2026:17:04:58 +0100] "GET /rhn/manager/api/user/listUsers HTTP/1.1" 200 627
172.16.3.5 - - [29/Jan/2026:17:04:58 +0100] "POST /rhn/manager/api/auth/login HTTP/1.1" 200 16
172.16.3.5 - - [29/Jan/2026:17:04:58 +0100] "POST /rhn/manager/api/user/addRole HTTP/1.1" 200 27
172.16.3.5 - - [29/Jan/2026:17:04:58 +0100] "GET /rhn/manager/api/auth/logout HTTP/1.1" 200 16
172.16.3.5 - - [29/Jan/2026:17:04:59 +0100] "POST /rhn/manager/api/user/addRole HTTP/1.1" 200 27
172.16.3.5 - - [29/Jan/2026:17:04:59 +0100] "GET /rhn/manager/api/auth/logout HTTP/1.1" 200 16
172.16.3.5 - - [29/Jan/2026:17:04:59 +0100] "POST /rhn/manager/api/auth/login HTTP/1.1" 200 16
172.16.3.5 - - [29/Jan/2026:17:04:59 +0100] "GET /rhn/manager/api/auth/logout HTTP/1.1" 200 16
172.16.3.5 - - [29/Jan/2026:17:04:59 +0100] "POST /rhn/manager/api/auth/login HTTP/1.1" 200 16
172.16.3.5 - - [29/Jan/2026:17:04:59 +0100] "POST /rhn/manager/api/user/create HTTP/1.1" 200 27
172.16.3.5 - - [29/Jan/2026:17:04:59 +0100] "GET /rhn/manager/api/auth/logout HTTP/1.1" 200 16
172.16.3.5 - - [29/Jan/2026:17:04:59 +0100] "POST /rhn/manager/api/auth/login HTTP/1.1" 200 16
172.16.3.5 - - [29/Jan/2026:17:04:59 +0100] "GET /rhn/manager/api/auth/logout HTTP/1.1" 200 16
172.16.3.5 - - [29/Jan/2026:17:04:59 +0100] "POST /rhn/manager/api/user/create HTTP/1.1" 200 27
172.16.3.5 - - [29/Jan/2026:17:04:59 +0100] "POST /rhn/manager/api/auth/login HTTP/1.1" 200 16
172.16.3.5 - - [29/Jan/2026:17:04:59 +0100] "POST /rhn/manager/api/user/addRole HTTP/1.1" 200 27
172.16.3.5 - - [29/Jan/2026:17:04:59 +0100] "POST /rhn/manager/api/auth/login HTTP/1.1" 200 16
172.16.3.5 - - [29/Jan/2026:17:04:59 +0100] "POST /rhn/manager/api/user/addRole HTTP/1.1" 200 27
172.16.3.5 - - [29/Jan/2026:17:04:59 +0100] "GET /rhn/manager/api/auth/logout HTTP/1.1" 200 16
172.16.3.5 - - [29/Jan/2026:17:04:59 +0100] "POST /rhn/manager/api/user/addRole HTTP/1.1" 200 27
172.16.3.5 - - [29/Jan/2026:17:05:00 +0100] "GET /rhn/manager/api/auth/logout HTTP/1.1" 200 16
172.16.3.5 - - [29/Jan/2026:17:05:00 +0100] "POST /rhn/manager/api/user/addRole HTTP/1.1" 200 27
172.16.3.5 - - [29/Jan/2026:17:05:00 +0100] "POST /rhn/manager/api/auth/login HTTP/1.1" 200 16
172.16.3.5 - - [29/Jan/2026:17:05:00 +0100] "GET /rhn/manager/api/auth/logout HTTP/1.1" 200 16
172.16.3.5 - - [29/Jan/2026:17:05:00 +0100] "POST /rhn/manager/api/auth/login HTTP/1.1" 200 16
172.16.3.5 - - [29/Jan/2026:17:05:00 +0100] "GET /rhn/manager/api/auth/logout HTTP/1.1" 200 16
172.16.3.5 - - [29/Jan/2026:17:05:00 +0100] "GET /rhn/manager/api/auth/logout HTTP/1.1" 200 16
172.16.3.5 - - [29/Jan/2026:17:05:00 +0100] "POST /rhn/manager/api/auth/login HTTP/1.1" 200 16
172.16.3.5 - - [29/Jan/2026:17:05:00 +0100] "POST /rhn/manager/api/auth/login HTTP/1.1" 200 16
172.16.3.5 - - [29/Jan/2026:17:05:00 +0100] "POST /rhn/manager/api/user/addRole HTTP/1.1" 200 27
172.16.3.5 - - [29/Jan/2026:17:05:00 +0100] "POST /rhn/manager/api/user/addRole HTTP/1.1" 200 27
172.16.3.5 - - [29/Jan/2026:17:05:00 +0100] "POST /rhn/manager/api/auth/login HTTP/1.1" 200 16
172.16.3.5 - - [29/Jan/2026:17:05:00 +0100] "POST /rhn/manager/api/user/addRole HTTP/1.1" 200 27
172.16.3.5 - - [29/Jan/2026:17:05:00 +0100] "GET /rhn/manager/api/auth/logout HTTP/1.1" 200 16
172.16.3.5 - - [29/Jan/2026:17:05:00 +0100] "GET /rhn/manager/api/auth/logout HTTP/1.1" 200 16
172.16.3.5 - - [29/Jan/2026:17:05:00 +0100] "POST /rhn/manager/api/user/addRole HTTP/1.1" 200 27
172.16.3.5 - - [29/Jan/2026:17:05:00 +0100] "POST /rhn/manager/api/user/addRole HTTP/1.1" 200 27
172.16.3.5 - - [29/Jan/2026:17:05:00 +0100] "POST /rhn/manager/api/auth/login HTTP/1.1" 200 16
172.16.3.5 - - [29/Jan/2026:17:05:00 +0100] "GET /rhn/manager/api/auth/logout HTTP/1.1" 200 16
172.16.3.5 - - [29/Jan/2026:17:05:00 +0100] "POST /rhn/manager/api/auth/login HTTP/1.1" 200 16
172.16.3.5 - - [29/Jan/2026:17:05:00 +0100] "GET /rhn/manager/api/auth/logout HTTP/1.1" 200 16
172.16.3.5 - - [29/Jan/2026:17:05:00 +0100] "POST /rhn/manager/api/auth/login HTTP/1.1" 200 16
172.16.3.5 - - [29/Jan/2026:17:05:00 +0100] "GET /rhn/manager/api/auth/logout HTTP/1.1" 200 16
172.16.3.5 - - [29/Jan/2026:17:05:01 +0100] "POST /rhn/manager/api/auth/login HTTP/1.1" 200 16
172.16.3.5 - - [29/Jan/2026:17:05:01 +0100] "POST /rhn/manager/api/user/addRole HTTP/1.1" 200 27
172.16.3.5 - - [29/Jan/2026:17:05:01 +0100] "POST /rhn/manager/api/auth/login HTTP/1.1" 200 16
172.16.3.5 - - [29/Jan/2026:17:05:01 +0100] "POST /rhn/manager/api/user/addRole HTTP/1.1" 200 27
172.16.3.5 - - [29/Jan/2026:17:05:01 +0100] "POST /rhn/manager/api/user/addRole HTTP/1.1" 200 27
172.16.3.5 - - [29/Jan/2026:17:05:01 +0100] "POST /rhn/manager/api/user/addRole HTTP/1.1" 200 27
172.16.3.5 - - [29/Jan/2026:17:05:01 +0100] "GET /rhn/manager/api/auth/logout HTTP/1.1" 200 16
172.16.3.5 - - [29/Jan/2026:17:05:01 +0100] "POST /rhn/manager/api/user/addRole HTTP/1.1" 200 27
172.16.3.5 - - [29/Jan/2026:17:05:01 +0100] "GET /rhn/manager/api/auth/logout HTTP/1.1" 200 16
172.16.3.5 - - [29/Jan/2026:17:05:01 +0100] "POST /rhn/manager/api/auth/login HTTP/1.1" 200 16
172.16.3.5 - - [29/Jan/2026:17:05:01 +0100] "GET /rhn/manager/api/auth/logout HTTP/1.1" 200 16
172.16.3.5 - - [29/Jan/2026:17:05:01 +0100] "POST /rhn/manager/api/auth/login HTTP/1.1" 200 16
172.16.3.5 - - [29/Jan/2026:17:05:01 +0100] "GET /rhn/manager/api/auth/logout HTTP/1.1" 200 16
172.16.3.5 - - [29/Jan/2026:17:05:01 +0100] "GET /rhn/manager/api/auth/logout HTTP/1.1" 200 16
172.16.3.5 - - [29/Jan/2026:17:05:01 +0100] "POST /rhn/manager/api/auth/login HTTP/1.1" 200 16
172.16.3.5 - - [29/Jan/2026:17:05:01 +0100] "POST /rhn/manager/api/auth/login HTTP/1.1" 200 16
172.16.3.5 - - [29/Jan/2026:17:05:01 +0100] "POST /rhn/manager/api/user/addRole HTTP/1.1" 200 27
172.16.3.5 - - [29/Jan/2026:17:05:01 +0100] "POST /rhn/manager/api/auth/login HTTP/1.1" 200 16
172.16.3.5 - - [29/Jan/2026:17:05:01 +0100] "POST /rhn/manager/api/user/addRole HTTP/1.1" 200 27
172.16.3.5 - - [29/Jan/2026:17:05:01 +0100] "POST /rhn/manager/api/user/addRole HTTP/1.1" 200 27
172.16.3.5 - - [29/Jan/2026:17:05:01 +0100] "POST /rhn/manager/api/user/addRole HTTP/1.1" 200 27
172.16.3.5 - - [29/Jan/2026:17:05:01 +0100] "GET /rhn/manager/api/auth/logout HTTP/1.1" 200 16
172.16.3.5 - - [29/Jan/2026:17:05:01 +0100] "POST /rhn/manager/api/user/addRole HTTP/1.1" 200 27
172.16.3.5 - - [29/Jan/2026:17:05:01 +0100] "POST /rhn/manager/api/auth/login HTTP/1.1" 200 16
172.16.3.5 - - [29/Jan/2026:17:05:01 +0100] "GET /rhn/manager/api/auth/logout HTTP/1.1" 200 16
172.16.3.5 - - [29/Jan/2026:17:05:02 +0100] "GET /rhn/manager/api/auth/logout HTTP/1.1" 200 16
172.16.3.5 - - [29/Jan/2026:17:05:02 +0100] "GET /rhn/manager/api/auth/logout HTTP/1.1" 200 16
172.16.3.5 - - [29/Jan/2026:17:05:02 +0100] "POST /rhn/manager/api/auth/login HTTP/1.1" 200 16
172.16.3.5 - - [29/Jan/2026:17:05:02 +0100] "POST /rhn/manager/api/auth/login HTTP/1.1" 200 16
172.16.3.5 - - [29/Jan/2026:17:05:02 +0100] "GET /rhn/manager/api/auth/logout HTTP/1.1" 200 16
172.16.3.5 - - [29/Jan/2026:17:05:02 +0100] "POST /rhn/manager/api/user/addRole HTTP/1.1" 200 27
172.16.3.5 - - [29/Jan/2026:17:05:02 +0100] "POST /rhn/manager/api/auth/login HTTP/1.1" 200 16
172.16.3.5 - - [29/Jan/2026:17:05:02 +0100] "POST /rhn/manager/api/user/addRole HTTP/1.1" 200 27
172.16.3.5 - - [29/Jan/2026:17:05:02 +0100] "POST /rhn/manager/api/user/addRole HTTP/1.1" 200 27
172.16.3.5 - - [29/Jan/2026:17:05:02 +0100] "GET /rhn/manager/api/auth/logout HTTP/1.1" 200 16
172.16.3.5 - - [29/Jan/2026:17:05:02 +0100] "POST /rhn/manager/api/user/addRole HTTP/1.1" 200 27
172.16.3.5 - - [29/Jan/2026:17:05:02 +0100] "POST /rhn/manager/api/auth/login HTTP/1.1" 200 16
172.16.3.5 - - [29/Jan/2026:17:05:02 +0100] "GET /rhn/manager/api/auth/logout HTTP/1.1" 200 16
172.16.3.5 - - [29/Jan/2026:17:05:02 +0100] "GET /rhn/manager/api/auth/logout HTTP/1.1" 200 16
172.16.3.5 - - [29/Jan/2026:17:05:02 +0100] "GET /rhn/manager/api/auth/logout HTTP/1.1" 200 16
172.16.3.5 - - [29/Jan/2026:17:05:02 +0100] "POST /rhn/manager/api/auth/login HTTP/1.1" 200 16
172.16.3.5 - - [29/Jan/2026:17:05:02 +0100] "POST /rhn/manager/api/auth/login HTTP/1.1" 200 16
172.16.3.5 - - [29/Jan/2026:17:05:02 +0100] "POST /rhn/manager/api/user/addRole HTTP/1.1" 200 27
172.16.3.5 - - [29/Jan/2026:17:05:02 +0100] "POST /rhn/manager/api/user/addRole HTTP/1.1" 200 27
172.16.3.5 - - [29/Jan/2026:17:05:02 +0100] "POST /rhn/manager/api/user/addRole HTTP/1.1" 200 27
172.16.3.5 - - [29/Jan/2026:17:05:02 +0100] "GET /rhn/manager/api/auth/logout HTTP/1.1" 200 16
172.16.3.5 - - [29/Jan/2026:17:05:02 +0100] "POST /rhn/manager/api/auth/login HTTP/1.1" 200 16
172.16.3.5 - - [29/Jan/2026:17:05:02 +0100] "GET /rhn/manager/api/auth/logout HTTP/1.1" 200 16
172.16.3.5 - - [29/Jan/2026:17:05:02 +0100] "GET /rhn/manager/api/auth/logout HTTP/1.1" 200 16
172.16.3.5 - - [29/Jan/2026:17:05:02 +0100] "POST /rhn/manager/api/user/addRole HTTP/1.1" 200 27
172.16.3.5 - - [29/Jan/2026:17:05:03 +0100] "GET /rhn/manager/api/auth/logout HTTP/1.1" 200 16
172.16.3.5 - - [29/Jan/2026:17:05:28 +0100] "GET /rhn/manager/login HTTP/1.1" 200 2219
172.16.3.5 - - [29/Jan/2026:17:05:29 +0100] "GET /rhn/manager/login HTTP/1.1" 200 2219
172.16.3.5 - - [29/Jan/2026:17:05:29 +0100] "POST /rhn/manager/frontend-log HTTP/1.1" 302 -
172.16.3.5 - - [29/Jan/2026:17:05:29 +0100] "GET /rhn/manager/login?url_bounce=%2Frhn%2Fmanager%2Ffrontend-log&request_method=POST HTTP/1.1" 200 2225
172.16.3.5 - - [29/Jan/2026:17:05:29 +0100] "POST /rhn/manager/frontend-log HTTP/1.1" 302 -
172.16.3.5 - - [29/Jan/2026:17:05:29 +0100] "GET /rhn/manager/login?url_bounce=%2Frhn%2Fmanager%2Ffrontend-log&request_method=POST HTTP/1.1" 200 2225
172.16.3.5 - - [29/Jan/2026:17:05:37 +0100] "GET /rhn/manager/login HTTP/1.1" 200 2221
172.16.3.5 - - [29/Jan/2026:17:05:37 +0100] "POST /rhn/manager/frontend-log HTTP/1.1" 302 -
172.16.3.5 - - [29/Jan/2026:17:05:37 +0100] "GET /rhn/manager/login?url_bounce=%2Frhn%2Fmanager%2Ffrontend-log&request_method=POST HTTP/1.1" 200 2225
172.16.3.5 - - [29/Jan/2026:17:05:38 +0100] "GET /rhn/manager/login HTTP/1.1" 200 2221
172.16.3.5 - - [29/Jan/2026:17:05:39 +0100] "POST /rhn/manager/frontend-log HTTP/1.1" 302 -
172.16.3.5 - - [29/Jan/2026:17:05:39 +0100] "GET /rhn/manager/login?url_bounce=%2Frhn%2Fmanager%2Ffrontend-log&request_method=POST HTTP/1.1" 200 2225
172.16.3.5 - - [29/Jan/2026:17:05:39 +0100] "POST /rhn/manager/api/login HTTP/1.1" 200 16
172.16.3.5 - - [29/Jan/2026:17:05:39 +0100] "GET /rhn/manager/login HTTP/1.1" 200 2221
172.16.3.5 - - [29/Jan/2026:17:05:39 +0100] "GET /rhn/YourRhn.do HTTP/1.1" 200 36306
172.16.3.5 - - [29/Jan/2026:17:05:39 +0100] "POST /rhn/manager/frontend-log HTTP/1.1" 401 755
172.16.3.5 - - [29/Jan/2026:17:05:40 +0100] "POST /rhn/ajax/subscription-warning HTTP/1.1" 200 -
172.16.3.5 - - [29/Jan/2026:17:05:40 +0100] "POST /rhn/manager/api/login HTTP/1.1" 200 16
172.16.3.5 - - [29/Jan/2026:17:05:40 +0100] "POST /rhn/ajax/critical-systems HTTP/1.1" 200 2026
172.16.3.5 - - [29/Jan/2026:17:05:40 +0100] "POST /rhn/ajax/inactive-systems HTTP/1.1" 200 540
172.16.3.5 - - [29/Jan/2026:17:05:40 +0100] "POST /rhn/ajax/latest-errata HTTP/1.1" 200 539
172.16.3.5 - - [29/Jan/2026:17:05:40 +0100] "POST /rhn/ajax/pending-actions HTTP/1.1" 200 3272
172.16.3.5 - - [29/Jan/2026:17:05:40 +0100] "POST /rhn/ajax/tasks HTTP/1.1" 200 2232
172.16.3.5 - - [29/Jan/2026:17:05:40 +0100] "POST /rhn/ajax/systems-groups HTTP/1.1" 200 1491
172.16.3.5 - - [29/Jan/2026:17:05:40 +0100] "POST /rhn/manager/frontend-log HTTP/1.1" 302 -
172.16.3.5 - - [29/Jan/2026:17:05:40 +0100] "GET /rhn/YourRhn.do HTTP/1.1" 200 36306
172.16.3.5 - - [29/Jan/2026:17:05:40 +0100] "POST /rhn/ajax/recent-systems HTTP/1.1" 200 3174
172.16.3.5 - - [29/Jan/2026:17:05:40 +0100] "POST /rhn/manager/frontend-log HTTP/1.1" 200 16
172.16.3.5 - - [29/Jan/2026:17:05:40 +0100] "GET /rhn/manager/login?url_bounce=%2Frhn%2Fmanager%2Ffrontend-log&request_method=POST HTTP/1.1" 200 2223
172.16.3.5 - - [29/Jan/2026:17:05:40 +0100] "POST /rhn/manager/frontend-log HTTP/1.1" 401 755
172.16.3.5 - - [29/Jan/2026:17:05:41 +0100] "POST /rhn/ajax/inactive-systems HTTP/1.1" 200 540
172.16.3.5 - - [29/Jan/2026:17:05:41 +0100] "POST /rhn/ajax/subscription-warning HTTP/1.1" 200 -
127.0.0.1 - - [29/Jan/2026:17:05:41 +0100] "GET /rhn/websocket/notifications HTTP/1.1" 101 -
172.16.3.5 - - [29/Jan/2026:17:05:41 +0100] "POST /rhn/ajax/critical-systems HTTP/1.1" 200 2025
172.16.3.5 - - [29/Jan/2026:17:05:41 +0100] "POST /rhn/ajax/tasks HTTP/1.1" 200 2232
172.16.3.5 - - [29/Jan/2026:17:05:41 +0100] "POST /rhn/ajax/latest-errata HTTP/1.1" 200 539
172.16.3.5 - - [29/Jan/2026:17:05:41 +0100] "POST /rhn/ajax/pending-actions HTTP/1.1" 200 3272
172.16.3.5 - - [29/Jan/2026:17:05:41 +0100] "POST /rhn/ajax/systems-groups HTTP/1.1" 200 1490
127.0.0.1 - - [29/Jan/2026:17:05:41 +0100] "GET /rhn/websocket/notifications HTTP/1.1" 101 -
172.16.3.5 - - [29/Jan/2026:17:05:42 +0100] "POST /rhn/manager/frontend-log HTTP/1.1" 200 16
172.16.3.5 - - [29/Jan/2026:17:05:42 +0100] "POST /rhn/ajax/recent-systems HTTP/1.1" 200 3173
127.0.0.1 - - [29/Jan/2026:17:05:42 +0100] "GET /rhn/websocket/notifications HTTP/1.1" 101 -
172.16.3.5 - - [29/Jan/2026:17:05:42 +0100] "GET /rhn/manager/systems/bootstrap HTTP/1.1" 200 34643
127.0.0.1 - - [29/Jan/2026:17:05:42 +0100] "GET /rhn/websocket/notifications HTTP/1.1" 101 -
172.16.3.5 - - [29/Jan/2026:17:05:42 +0100] "GET /rhn/manager/systems/bootstrap HTTP/1.1" 200 34641
172.16.3.5 - - [29/Jan/2026:17:05:42 +0100] "POST /rhn/manager/frontend-log HTTP/1.1" 200 16
172.16.3.5 - - [29/Jan/2026:17:05:42 +0100] "POST /rhn/manager/frontend-log HTTP/1.1" 200 16
127.0.0.1 - - [29/Jan/2026:17:05:42 +0100] "GET /rhn/websocket/notifications HTTP/1.1" 101 -
172.16.3.5 - - [29/Jan/2026:17:05:48 +0100] "POST /rhn/manager/api/login HTTP/1.1" 200 16
172.16.3.5 - - [29/Jan/2026:17:05:48 +0100] "GET /rhn/YourRhn.do HTTP/1.1" 200 36306
172.16.3.5 - - [29/Jan/2026:17:05:48 +0100] "POST /rhn/manager/frontend-log HTTP/1.1" 401 755
172.16.3.5 - - [29/Jan/2026:17:05:48 +0100] "POST /rhn/ajax/latest-errata HTTP/1.1" 200 539
172.16.3.5 - - [29/Jan/2026:17:05:48 +0100] "POST /rhn/ajax/pending-actions HTTP/1.1" 200 3272
127.0.0.1 - - [29/Jan/2026:17:05:48 +0100] "GET /rhn/websocket/notifications HTTP/1.1" 101 -
172.16.3.5 - - [29/Jan/2026:17:05:48 +0100] "POST /rhn/ajax/subscription-warning HTTP/1.1" 200 -
172.16.3.5 - - [29/Jan/2026:17:05:49 +0100] "POST /rhn/ajax/inactive-systems HTTP/1.1" 200 540
172.16.3.5 - - [29/Jan/2026:17:05:49 +0100] "POST /rhn/ajax/tasks HTTP/1.1" 200 2232
172.16.3.5 - - [29/Jan/2026:17:05:49 +0100] "POST /rhn/ajax/critical-systems HTTP/1.1" 200 2024
172.16.3.5 - - [29/Jan/2026:17:05:49 +0100] "POST /rhn/ajax/systems-groups HTTP/1.1" 200 1489
172.16.3.5 - - [29/Jan/2026:17:05:49 +0100] "POST /rhn/manager/frontend-log HTTP/1.1" 401 755
127.0.0.1 - - [29/Jan/2026:17:05:49 +0100] "GET /rhn/websocket/notifications HTTP/1.1" 101 -
172.16.3.5 - - [29/Jan/2026:17:05:49 +0100] "POST /rhn/ajax/recent-systems HTTP/1.1" 200 3172
172.16.3.5 - - [29/Jan/2026:17:05:49 +0100] "GET /rhn/manager/systems/bootstrap HTTP/1.1" 200 34639
172.16.3.5 - - [29/Jan/2026:17:05:49 +0100] "POST /rhn/manager/api/login HTTP/1.1" 200 16
172.16.3.5 - - [29/Jan/2026:17:05:49 +0100] "POST /rhn/manager/frontend-log HTTP/1.1" 200 16
127.0.0.1 - - [29/Jan/2026:17:05:50 +0100] "GET /rhn/websocket/notifications HTTP/1.1" 101 -
172.16.3.5 - - [29/Jan/2026:17:05:50 +0100] "GET /rhn/YourRhn.do HTTP/1.1" 200 36306
172.16.3.5 - - [29/Jan/2026:17:05:50 +0100] "POST /rhn/manager/frontend-log HTTP/1.1" 401 755
172.16.3.5 - - [29/Jan/2026:17:05:50 +0100] "POST /rhn/ajax/subscription-warning HTTP/1.1" 200 -
172.16.3.5 - - [29/Jan/2026:17:05:50 +0100] "POST /rhn/ajax/critical-systems HTTP/1.1" 200 2026
127.0.0.1 - - [29/Jan/2026:17:05:50 +0100] "GET /rhn/websocket/notifications HTTP/1.1" 101 -
172.16.3.5 - - [29/Jan/2026:17:05:50 +0100] "POST /rhn/ajax/inactive-systems HTTP/1.1" 200 540
172.16.3.5 - - [29/Jan/2026:17:05:50 +0100] "POST /rhn/ajax/pending-actions HTTP/1.1" 200 3272
172.16.3.5 - - [29/Jan/2026:17:05:50 +0100] "POST /rhn/ajax/latest-errata HTTP/1.1" 200 539
172.16.3.5 - - [29/Jan/2026:17:05:50 +0100] "POST /rhn/ajax/tasks HTTP/1.1" 200 2232
172.16.3.5 - - [29/Jan/2026:17:05:50 +0100] "POST /rhn/ajax/systems-groups HTTP/1.1" 200 1491
172.16.3.5 - - [29/Jan/2026:17:05:50 +0100] "POST /rhn/ajax/recent-systems HTTP/1.1" 200 3174
127.0.0.1 - - [29/Jan/2026:17:05:50 +0100] "GET /rhn/websocket/notifications HTTP/1.1" 101 -
172.16.3.5 - - [29/Jan/2026:17:05:51 +0100] "POST /rhn/manager/frontend-log HTTP/1.1" 200 16
172.16.3.7 - - [29/Jan/2026:17:05:51 +0100] "GET /rhn/errors/404.jsp HTTP/1.1" 404 4500
172.16.3.5 - - [29/Jan/2026:17:05:51 +0100] "POST /rhn/manager/api/login HTTP/1.1" 200 16
172.16.3.7 - - [29/Jan/2026:17:05:51 +0100] "GET /rhn/errors/404.jsp HTTP/1.1" 404 4500
172.16.3.5 - - [29/Jan/2026:17:05:51 +0100] "GET /rhn/YourRhn.do HTTP/1.1" 200 36306
172.16.3.5 - - [29/Jan/2026:17:05:51 +0100] "POST /rhn/manager/frontend-log HTTP/1.1" 401 755
172.16.3.5 - - [29/Jan/2026:17:05:51 +0100] "GET /rhn/manager/systems/bootstrap HTTP/1.1" 200 34643
172.16.3.5 - - [29/Jan/2026:17:05:51 +0100] "POST /rhn/ajax/inactive-systems HTTP/1.1" 200 540
172.16.3.5 - - [29/Jan/2026:17:05:51 +0100] "POST /rhn/ajax/subscription-warning HTTP/1.1" 200 -
127.0.0.1 - - [29/Jan/2026:17:05:51 +0100] "GET /rhn/websocket/notifications HTTP/1.1" 101 -
172.16.3.5 - - [29/Jan/2026:17:05:52 +0100] "POST /rhn/ajax/pending-actions HTTP/1.1" 200 3272
172.16.3.5 - - [29/Jan/2026:17:05:52 +0100] "POST /rhn/ajax/critical-systems HTTP/1.1" 200 2025
172.16.3.5 - - [29/Jan/2026:17:05:52 +0100] "POST /rhn/ajax/tasks HTTP/1.1" 200 2232
127.0.0.1 - - [29/Jan/2026:17:05:52 +0100] "GET /rhn/websocket/notifications HTTP/1.1" 101 -
172.16.3.5 - - [29/Jan/2026:17:05:52 +0100] "POST /rhn/manager/frontend-log HTTP/1.1" 200 16
172.16.3.5 - - [29/Jan/2026:17:05:52 +0100] "POST /rhn/ajax/latest-errata HTTP/1.1" 200 539
172.16.3.5 - - [29/Jan/2026:17:05:52 +0100] "POST /rhn/ajax/recent-systems HTTP/1.1" 200 3173
172.16.3.5 - - [29/Jan/2026:17:05:52 +0100] "POST /rhn/ajax/systems-groups HTTP/1.1" 200 1490
127.0.0.1 - - [29/Jan/2026:17:05:52 +0100] "GET /rhn/websocket/notifications HTTP/1.1" 101 -
172.16.3.5 - - [29/Jan/2026:17:05:52 +0100] "POST /rhn/manager/frontend-log HTTP/1.1" 200 16
172.16.3.5 - - [29/Jan/2026:17:05:52 +0100] "GET /rhn/manager/systems/bootstrap HTTP/1.1" 200 34641
127.0.0.1 - - [29/Jan/2026:17:05:53 +0100] "GET /rhn/websocket/notifications HTTP/1.1" 101 -
172.16.3.5 - - [29/Jan/2026:17:05:53 +0100] "POST /rhn/manager/frontend-log HTTP/1.1" 200 16
172.16.3.7 - - [29/Jan/2026:17:05:54 +0100] "GET /rhn/errors/404.jsp HTTP/1.1" 404 4500
::1 - - [29/Jan/2026:17:05:58 +0100] "GET /rhn/manager/login HTTP/1.1" 302 -
172.16.3.7 - - [29/Jan/2026:17:06:03 +0100] "GET /rhn/errors/404.jsp HTTP/1.1" 404 4500
172.16.3.5 - - [29/Jan/2026:17:06:04 +0100] "POST /rhn/manager/api/systems/bootstrap HTTP/1.1" 200 624
172.16.3.7 - - [29/Jan/2026:17:06:04 +0100] "GET /rhn/errors/404.jsp HTTP/1.1" 404 4500
172.16.3.7 - - [29/Jan/2026:17:06:07 +0100] "GET /rhn/errors/404.jsp HTTP/1.1" 404 4500
172.16.3.5 - - [29/Jan/2026:17:06:21 +0100] "POST /rhn/manager/api/systems/bootstrap HTTP/1.1" 200 28
172.16.3.5 - - [29/Jan/2026:17:06:22 +0100] "GET /rhn/manager/systems/list/all HTTP/1.1" 200 34441
127.0.0.1 - - [29/Jan/2026:17:06:23 +0100] "GET /rhn/websocket/notifications HTTP/1.1" 101 -
172.16.3.5 - - [29/Jan/2026:17:06:23 +0100] "POST /rhn/manager/frontend-log HTTP/1.1" 200 16
172.16.3.5 - - [29/Jan/2026:17:06:23 +0100] "GET /rhn/manager/api/systems/list/all?p=1&ps=100&s=1&sc=server_name HTTP/1.1" 200 789
172.16.3.5 - - [29/Jan/2026:17:06:23 +0100] "POST /rhn/manager/api/sets/system_list HTTP/1.1" 200 1
172.16.3.7 - - [29/Jan/2026:17:06:26 +0100] "GET /rhn/errors/404.jsp HTTP/1.1" 404 4500
172.16.3.7 - - [29/Jan/2026:17:06:26 +0100] "GET /rhn/errors/404.jsp HTTP/1.1" 404 4500
172.16.3.5 - - [29/Jan/2026:17:06:28 +0100] "POST /rhn/manager/api/systems/bootstrap HTTP/1.1" 200 28
172.16.3.5 - - [29/Jan/2026:17:06:29 +0100] "GET /rhn/manager/systems/list/all HTTP/1.1" 200 34439
172.16.3.5 - - [29/Jan/2026:17:06:29 +0100] "POST /rhn/manager/frontend-log HTTP/1.1" 200 16
127.0.0.1 - - [29/Jan/2026:17:06:29 +0100] "GET /rhn/websocket/notifications HTTP/1.1" 101 -
172.16.3.5 - - [29/Jan/2026:17:06:30 +0100] "GET /rhn/manager/api/systems/list/all?p=1&ps=100&s=1&sc=server_name HTTP/1.1" 200 789
172.16.3.5 - - [29/Jan/2026:17:06:30 +0100] "GET /rhn/manager/systems/list/all HTTP/1.1" 200 34441
172.16.3.5 - - [29/Jan/2026:17:06:30 +0100] "POST /rhn/manager/api/sets/system_list HTTP/1.1" 200 1
172.16.3.5 - - [29/Jan/2026:17:06:30 +0100] "POST /rhn/manager/frontend-log HTTP/1.1" 200 16
127.0.0.1 - - [29/Jan/2026:17:06:30 +0100] "GET /rhn/websocket/notifications HTTP/1.1" 101 -
127.0.0.1 - - [29/Jan/2026:17:06:30 +0100] "GET /rhn/websocket/notifications HTTP/1.1" 101 -
172.16.3.5 - - [29/Jan/2026:17:06:31 +0100] "POST /rhn/manager/frontend-log HTTP/1.1" 200 16
172.16.3.5 - - [29/Jan/2026:17:06:31 +0100] "GET /rhn/manager/api/systems/list/all?p=1&ps=100&s=1&sc=server_name HTTP/1.1" 200 789
172.16.3.5 - - [29/Jan/2026:17:06:31 +0100] "POST /rhn/manager/api/sets/system_list HTTP/1.1" 200 1
172.16.3.5 - - [29/Jan/2026:17:06:37 +0100] "GET /rhn/manager/systems/list/all HTTP/1.1" 200 34439
172.16.3.5 - - [29/Jan/2026:17:06:37 +0100] "POST /rhn/manager/frontend-log HTTP/1.1" 200 16
127.0.0.1 - - [29/Jan/2026:17:06:37 +0100] "GET /rhn/websocket/notifications HTTP/1.1" 101 -
172.16.3.5 - - [29/Jan/2026:17:06:37 +0100] "POST /rhn/manager/api/systems/bootstrap HTTP/1.1" 200 28
127.0.0.1 - - [29/Jan/2026:17:06:37 +0100] "GET /rhn/websocket/notifications HTTP/1.1" 101 -
172.16.3.5 - - [29/Jan/2026:17:06:37 +0100] "POST /rhn/manager/frontend-log HTTP/1.1" 200 16
172.16.3.5 - - [29/Jan/2026:17:06:37 +0100] "GET /rhn/manager/api/systems/list/all?p=1&ps=100&s=1&sc=server_name HTTP/1.1" 200 789
172.16.3.5 - - [29/Jan/2026:17:06:37 +0100] "POST /rhn/manager/api/sets/system_list HTTP/1.1" 200 1
172.16.3.5 - - [29/Jan/2026:17:06:38 +0100] "GET /rhn/manager/systems/keys HTTP/1.1" 200 34291
127.0.0.1 - - [29/Jan/2026:17:06:38 +0100] "GET /rhn/websocket/notifications HTTP/1.1" 101 -
172.16.3.5 - - [29/Jan/2026:17:06:38 +0100] "POST /rhn/manager/frontend-log HTTP/1.1" 200 16
172.16.3.5 - - [29/Jan/2026:17:06:38 +0100] "GET /rhn/manager/api/systems/keys HTTP/1.1" 200 785
172.16.3.5 - - [29/Jan/2026:17:06:39 +0100] "GET /rhn/manager/systems/list/all HTTP/1.1" 200 34439
127.0.0.1 - - [29/Jan/2026:17:06:39 +0100] "GET /rhn/websocket/notifications HTTP/1.1" 101 -
172.16.3.5 - - [29/Jan/2026:17:06:39 +0100] "POST /rhn/manager/frontend-log HTTP/1.1" 200 16
172.16.3.7 - - [29/Jan/2026:17:06:39 +0100] "HEAD /rhn/manager/download/devel-rh-like-channel/repodata/repomd.xml?eyJhbGciOiJIUzI1NiJ9.eyJqdGkiOiJFbnkyelcxdGJ5S0NmOFB3aEZUU0RBIiwiZXhwIjoxODAxMjM4Nzg2LCJpYXQiOjE3Njk3MDI3ODYsIm5iZiI6MTc2OTcwMjY2Niwib3JnIjoxLCJvbmx5Q2hhbm5lbHMiOlsiZGV2ZWwtcmgtbGlrZS1jaGFubmVsIl19.HyxEi3FCiwauO3i6ZrRDkoLKDoi3NX-tqzq7eA_gNBo HTTP/1.1" 200 -
172.16.3.7 - - [29/Jan/2026:17:06:40 +0100] "GET /rhn/manager/download/devel-rh-like-channel/repodata/repomd.xml?eyJhbGciOiJIUzI1NiJ9.eyJqdGkiOiJFbnkyelcxdGJ5S0NmOFB3aEZUU0RBIiwiZXhwIjoxODAxMjM4Nzg2LCJpYXQiOjE3Njk3MDI3ODYsIm5iZiI6MTc2OTcwMjY2Niwib3JnIjoxLCJvbmx5Q2hhbm5lbHMiOlsiZGV2ZWwtcmgtbGlrZS1jaGFubmVsIl19.HyxEi3FCiwauO3i6ZrRDkoLKDoi3NX-tqzq7eA_gNBo HTTP/1.1" 200 3664
172.16.3.5 - - [29/Jan/2026:17:06:40 +0100] "GET /rhn/manager/api/systems/list/all?p=1&ps=100&s=1&sc=server_name HTTP/1.1" 200 789
172.16.3.5 - - [29/Jan/2026:17:06:40 +0100] "POST /rhn/manager/api/sets/system_list HTTP/1.1" 200 1
172.16.3.7 - - [29/Jan/2026:17:06:40 +0100] "HEAD /rhn/manager/download/devel-rh-like-channel/repodata/b64441d4f684ee10a2abacb9da87e13813c68ed6-primary.xml.gz?eyJhbGciOiJIUzI1NiJ9.eyJqdGkiOiJFbnkyelcxdGJ5S0NmOFB3aEZUU0RBIiwiZXhwIjoxODAxMjM4Nzg2LCJpYXQiOjE3Njk3MDI3ODYsIm5iZiI6MTc2OTcwMjY2Niwib3JnIjoxLCJvbmx5Q2hhbm5lbHMiOlsiZGV2ZWwtcmgtbGlrZS1jaGFubmVsIl19.HyxEi3FCiwauO3i6ZrRDkoLKDoi3NX-tqzq7eA_gNBo HTTP/1.1" 200 -
172.16.3.7 - - [29/Jan/2026:17:06:40 +0100] "HEAD /rhn/manager/download/devel-rh-like-channel/repodata/a56f05f1e075bfefa57a93b993a28efb4fbbd053-filelists.xml.gz?eyJhbGciOiJIUzI1NiJ9.eyJqdGkiOiJFbnkyelcxdGJ5S0NmOFB3aEZUU0RBIiwiZXhwIjoxODAxMjM4Nzg2LCJpYXQiOjE3Njk3MDI3ODYsIm5iZiI6MTc2OTcwMjY2Niwib3JnIjoxLCJvbmx5Q2hhbm5lbHMiOlsiZGV2ZWwtcmgtbGlrZS1jaGFubmVsIl19.HyxEi3FCiwauO3i6ZrRDkoLKDoi3NX-tqzq7eA_gNBo HTTP/1.1" 200 -
172.16.3.7 - - [29/Jan/2026:17:06:40 +0100] "GET /rhn/manager/download/devel-rh-like-channel/repodata/b64441d4f684ee10a2abacb9da87e13813c68ed6-primary.xml.gz?eyJhbGciOiJIUzI1NiJ9.eyJqdGkiOiJFbnkyelcxdGJ5S0NmOFB3aEZUU0RBIiwiZXhwIjoxODAxMjM4Nzg2LCJpYXQiOjE3Njk3MDI3ODYsIm5iZiI6MTc2OTcwMjY2Niwib3JnIjoxLCJvbmx5Q2hhbm5lbHMiOlsiZGV2ZWwtcmgtbGlrZS1jaGFubmVsIl19.HyxEi3FCiwauO3i6ZrRDkoLKDoi3NX-tqzq7eA_gNBo HTTP/1.1" 200 3664
172.16.3.7 - - [29/Jan/2026:17:06:40 +0100] "GET /rhn/manager/download/devel-rh-like-channel/repodata/a56f05f1e075bfefa57a93b993a28efb4fbbd053-filelists.xml.gz?eyJhbGciOiJIUzI1NiJ9.eyJqdGkiOiJFbnkyelcxdGJ5S0NmOFB3aEZUU0RBIiwiZXhwIjoxODAxMjM4Nzg2LCJpYXQiOjE3Njk3MDI3ODYsIm5iZiI6MTc2OTcwMjY2Niwib3JnIjoxLCJvbmx5Q2hhbm5lbHMiOlsiZGV2ZWwtcmgtbGlrZS1jaGFubmVsIl19.HyxEi3FCiwauO3i6ZrRDkoLKDoi3NX-tqzq7eA_gNBo HTTP/1.1" 200 3664
172.16.3.7 - - [29/Jan/2026:17:06:41 +0100] "HEAD /rhn/manager/download/fake-base-channel-rh-like/repodata/repomd.xml?eyJhbGciOiJIUzI1NiJ9.eyJqdGkiOiJacWxRMV94TWRQbV8xei1FZTAzOFhnIiwiZXhwIjoxODAxMjM4Nzg2LCJpYXQiOjE3Njk3MDI3ODYsIm5iZiI6MTc2OTcwMjY2Niwib3JnIjoxLCJvbmx5Q2hhbm5lbHMiOlsiZmFrZS1iYXNlLWNoYW5uZWwtcmgtbGlrZSJdfQ.vKbK49UQRoqKmseFjRw5Q7EiH4CWzyvMkek1ButcGKg HTTP/1.1" 200 -
172.16.3.7 - - [29/Jan/2026:17:06:41 +0100] "GET /rhn/manager/download/fake-base-channel-rh-like/repodata/repomd.xml?eyJhbGciOiJIUzI1NiJ9.eyJqdGkiOiJacWxRMV94TWRQbV8xei1FZTAzOFhnIiwiZXhwIjoxODAxMjM4Nzg2LCJpYXQiOjE3Njk3MDI3ODYsIm5iZiI6MTc2OTcwMjY2Niwib3JnIjoxLCJvbmx5Q2hhbm5lbHMiOlsiZmFrZS1iYXNlLWNoYW5uZWwtcmgtbGlrZSJdfQ.vKbK49UQRoqKmseFjRw5Q7EiH4CWzyvMkek1ButcGKg HTTP/1.1" 200 3663
172.16.3.7 - - [29/Jan/2026:17:06:41 +0100] "HEAD /rhn/manager/download/fake-base-channel-rh-like/repodata/a814722d8a0b5d0f3d79a343c07c5ce5264b0df8-filelists.xml.gz?eyJhbGciOiJIUzI1NiJ9.eyJqdGkiOiJacWxRMV94TWRQbV8xei1FZTAzOFhnIiwiZXhwIjoxODAxMjM4Nzg2LCJpYXQiOjE3Njk3MDI3ODYsIm5iZiI6MTc2OTcwMjY2Niwib3JnIjoxLCJvbmx5Q2hhbm5lbHMiOlsiZmFrZS1iYXNlLWNoYW5uZWwtcmgtbGlrZSJdfQ.vKbK49UQRoqKmseFjRw5Q7EiH4CWzyvMkek1ButcGKg HTTP/1.1" 200 -
172.16.3.7 - - [29/Jan/2026:17:06:41 +0100] "GET /rhn/manager/download/fake-base-channel-rh-like/repodata/a814722d8a0b5d0f3d79a343c07c5ce5264b0df8-filelists.xml.gz?eyJhbGciOiJIUzI1NiJ9.eyJqdGkiOiJacWxRMV94TWRQbV8xei1FZTAzOFhnIiwiZXhwIjoxODAxMjM4Nzg2LCJpYXQiOjE3Njk3MDI3ODYsIm5iZiI6MTc2OTcwMjY2Niwib3JnIjoxLCJvbmx5Q2hhbm5lbHMiOlsiZmFrZS1iYXNlLWNoYW5uZWwtcmgtbGlrZSJdfQ.vKbK49UQRoqKmseFjRw5Q7EiH4CWzyvMkek1ButcGKg HTTP/1.1" 200 3664
172.16.3.7 - - [29/Jan/2026:17:06:41 +0100] "HEAD /rhn/manager/download/fake-base-channel-rh-like/repodata/b9c22487b6504e4f3eb63567565eb45b9dd52603-primary.xml.gz?eyJhbGciOiJIUzI1NiJ9.eyJqdGkiOiJacWxRMV94TWRQbV8xei1FZTAzOFhnIiwiZXhwIjoxODAxMjM4Nzg2LCJpYXQiOjE3Njk3MDI3ODYsIm5iZiI6MTc2OTcwMjY2Niwib3JnIjoxLCJvbmx5Q2hhbm5lbHMiOlsiZmFrZS1iYXNlLWNoYW5uZWwtcmgtbGlrZSJdfQ.vKbK49UQRoqKmseFjRw5Q7EiH4CWzyvMkek1ButcGKg HTTP/1.1" 200 -
172.16.3.7 - - [29/Jan/2026:17:06:41 +0100] "HEAD /rhn/manager/download/fake-base-channel-rh-like/repodata/23980ad95a3bb47a9d525b6ed5f51acd0e01f418-updateinfo.xml.gz?eyJhbGciOiJIUzI1NiJ9.eyJqdGkiOiJacWxRMV94TWRQbV8xei1FZTAzOFhnIiwiZXhwIjoxODAxMjM4Nzg2LCJpYXQiOjE3Njk3MDI3ODYsIm5iZiI6MTc2OTcwMjY2Niwib3JnIjoxLCJvbmx5Q2hhbm5lbHMiOlsiZmFrZS1iYXNlLWNoYW5uZWwtcmgtbGlrZSJdfQ.vKbK49UQRoqKmseFjRw5Q7EiH4CWzyvMkek1ButcGKg HTTP/1.1" 200 -
172.16.3.7 - - [29/Jan/2026:17:06:41 +0100] "GET /rhn/manager/download/fake-base-channel-rh-like/repodata/b9c22487b6504e4f3eb63567565eb45b9dd52603-primary.xml.gz?eyJhbGciOiJIUzI1NiJ9.eyJqdGkiOiJacWxRMV94TWRQbV8xei1FZTAzOFhnIiwiZXhwIjoxODAxMjM4Nzg2LCJpYXQiOjE3Njk3MDI3ODYsIm5iZiI6MTc2OTcwMjY2Niwib3JnIjoxLCJvbmx5Q2hhbm5lbHMiOlsiZmFrZS1iYXNlLWNoYW5uZWwtcmgtbGlrZSJdfQ.vKbK49UQRoqKmseFjRw5Q7EiH4CWzyvMkek1ButcGKg HTTP/1.1" 200 3663
172.16.3.7 - - [29/Jan/2026:17:06:41 +0100] "GET /rhn/manager/download/fake-base-channel-rh-like/repodata/23980ad95a3bb47a9d525b6ed5f51acd0e01f418-updateinfo.xml.gz?eyJhbGciOiJIUzI1NiJ9.eyJqdGkiOiJacWxRMV94TWRQbV8xei1FZTAzOFhnIiwiZXhwIjoxODAxMjM4Nzg2LCJpYXQiOjE3Njk3MDI3ODYsIm5iZiI6MTc2OTcwMjY2Niwib3JnIjoxLCJvbmx5Q2hhbm5lbHMiOlsiZmFrZS1iYXNlLWNoYW5uZWwtcmgtbGlrZSJdfQ.vKbK49UQRoqKmseFjRw5Q7EiH4CWzyvMkek1ButcGKg HTTP/1.1" 200 3664
172.16.3.5 - - [29/Jan/2026:17:06:44 +0100] "GET /rhn/manager/systems/list/all HTTP/1.1" 200 34441
172.16.3.5 - - [29/Jan/2026:17:06:44 +0100] "POST /rhn/manager/frontend-log HTTP/1.1" 200 16
127.0.0.1 - - [29/Jan/2026:17:06:44 +0100] "GET /rhn/websocket/notifications HTTP/1.1" 101 -
172.16.3.5 - - [29/Jan/2026:17:06:44 +0100] "POST /rhn/manager/frontend-log HTTP/1.1" 200 16
127.0.0.1 - - [29/Jan/2026:17:06:45 +0100] "GET /rhn/websocket/notifications HTTP/1.1" 101 -
172.16.3.5 - - [29/Jan/2026:17:06:45 +0100] "GET /rhn/manager/api/systems/list/all?p=1&ps=100&s=1&sc=server_name HTTP/1.1" 200 789
172.16.3.5 - - [29/Jan/2026:17:06:45 +0100] "POST /rhn/manager/api/sets/system_list HTTP/1.1" 200 1
172.16.3.5 - - [29/Jan/2026:17:06:46 +0100] "GET /rhn/manager/systems/list/all HTTP/1.1" 200 34439
172.16.3.5 - - [29/Jan/2026:17:06:47 +0100] "POST /rhn/manager/frontend-log HTTP/1.1" 200 16
127.0.0.1 - - [29/Jan/2026:17:06:47 +0100] "GET /rhn/websocket/notifications HTTP/1.1" 101 -
127.0.0.1 - - [29/Jan/2026:17:06:47 +0100] "GET /rhn/websocket/notifications HTTP/1.1" 101 -
172.16.3.5 - - [29/Jan/2026:17:06:47 +0100] "POST /rhn/manager/frontend-log HTTP/1.1" 200 16
172.16.3.5 - - [29/Jan/2026:17:06:47 +0100] "GET /rhn/manager/api/systems/list/all?p=1&ps=100&s=1&sc=server_name HTTP/1.1" 200 789
172.16.3.5 - - [29/Jan/2026:17:06:47 +0100] "POST /rhn/manager/api/sets/system_list HTTP/1.1" 200 1
172.16.3.7 - - [29/Jan/2026:17:06:48 +0100] "HEAD /rhn/manager/download/devel-suse-channel/repodata/repomd.xml?eyJhbGciOiJIUzI1NiJ9.eyJqdGkiOiJrLThYYk9WRUhwcTQ4b1hlczBfN1FnIiwiZXhwIjoxODAxMjM4ODAxLCJpYXQiOjE3Njk3MDI4MDEsIm5iZiI6MTc2OTcwMjY4MSwib3JnIjoxLCJvbmx5Q2hhbm5lbHMiOlsiZGV2ZWwtc3VzZS1jaGFubmVsIl19.z8jpMMr5FpshvCRpTxibAWDiOq9At5C6Fo4e0mnhOqA HTTP/1.1" 200 -
172.16.3.7 - - [29/Jan/2026:17:06:48 +0100] "HEAD /rhn/manager/download/devel-suse-channel/media.1/media?eyJhbGciOiJIUzI1NiJ9.eyJqdGkiOiJrLThYYk9WRUhwcTQ4b1hlczBfN1FnIiwiZXhwIjoxODAxMjM4ODAxLCJpYXQiOjE3Njk3MDI4MDEsIm5iZiI6MTc2OTcwMjY4MSwib3JnIjoxLCJvbmx5Q2hhbm5lbHMiOlsiZGV2ZWwtc3VzZS1jaGFubmVsIl19.z8jpMMr5FpshvCRpTxibAWDiOq9At5C6Fo4e0mnhOqA HTTP/1.1" 404 -
172.16.3.7 - - [29/Jan/2026:17:06:48 +0100] "HEAD /rhn/manager/download/devel-suse-channel/repodata/repomd.xml?eyJhbGciOiJIUzI1NiJ9.eyJqdGkiOiJrLThYYk9WRUhwcTQ4b1hlczBfN1FnIiwiZXhwIjoxODAxMjM4ODAxLCJpYXQiOjE3Njk3MDI4MDEsIm5iZiI6MTc2OTcwMjY4MSwib3JnIjoxLCJvbmx5Q2hhbm5lbHMiOlsiZGV2ZWwtc3VzZS1jaGFubmVsIl19.z8jpMMr5FpshvCRpTxibAWDiOq9At5C6Fo4e0mnhOqA HTTP/1.1" 200 -
172.16.3.7 - - [29/Jan/2026:17:06:49 +0100] "GET /rhn/manager/download/devel-suse-channel/repodata/repomd.xml?eyJhbGciOiJIUzI1NiJ9.eyJqdGkiOiJrLThYYk9WRUhwcTQ4b1hlczBfN1FnIiwiZXhwIjoxODAxMjM4ODAxLCJpYXQiOjE3Njk3MDI4MDEsIm5iZiI6MTc2OTcwMjY4MSwib3JnIjoxLCJvbmx5Q2hhbm5lbHMiOlsiZGV2ZWwtc3VzZS1jaGFubmVsIl19.z8jpMMr5FpshvCRpTxibAWDiOq9At5C6Fo4e0mnhOqA HTTP/1.1" 200 3664
172.16.3.7 - - [29/Jan/2026:17:06:49 +0100] "HEAD /rhn/manager/download/devel-suse-channel/repodata/repomd.xml.asc?eyJhbGciOiJIUzI1NiJ9.eyJqdGkiOiJrLThYYk9WRUhwcTQ4b1hlczBfN1FnIiwiZXhwIjoxODAxMjM4ODAxLCJpYXQiOjE3Njk3MDI4MDEsIm5iZiI6MTc2OTcwMjY4MSwib3JnIjoxLCJvbmx5Q2hhbm5lbHMiOlsiZGV2ZWwtc3VzZS1jaGFubmVsIl19.z8jpMMr5FpshvCRpTxibAWDiOq9At5C6Fo4e0mnhOqA HTTP/1.1" 404 -
172.16.3.7 - - [29/Jan/2026:17:06:49 +0100] "HEAD /rhn/manager/download/devel-suse-channel/repodata/9e8425540367a1ea9d9c516a9d888cee2babb1a1e836b62f11ec32ed14e4e203297c04b5f8753e03363e3cd6de62c7166249d457340fea847ba5be70345b5f7a-primary.xml.gz?eyJhbGciOiJIUzI1NiJ9.eyJqdGkiOiJrLThYYk9WRUhwcTQ4b1hlczBfN1FnIiwiZXhwIjoxODAxMjM4ODAxLCJpYXQiOjE3Njk3MDI4MDEsIm5iZiI6MTc2OTcwMjY4MSwib3JnIjoxLCJvbmx5Q2hhbm5lbHMiOlsiZGV2ZWwtc3VzZS1jaGFubmVsIl19.z8jpMMr5FpshvCRpTxibAWDiOq9At5C6Fo4e0mnhOqA HTTP/1.1" 200 -
172.16.3.7 - - [29/Jan/2026:17:06:49 +0100] "GET /rhn/manager/download/devel-suse-channel/repodata/9e8425540367a1ea9d9c516a9d888cee2babb1a1e836b62f11ec32ed14e4e203297c04b5f8753e03363e3cd6de62c7166249d457340fea847ba5be70345b5f7a-primary.xml.gz?eyJhbGciOiJIUzI1NiJ9.eyJqdGkiOiJrLThYYk9WRUhwcTQ4b1hlczBfN1FnIiwiZXhwIjoxODAxMjM4ODAxLCJpYXQiOjE3Njk3MDI4MDEsIm5iZiI6MTc2OTcwMjY4MSwib3JnIjoxLCJvbmx5Q2hhbm5lbHMiOlsiZGV2ZWwtc3VzZS1jaGFubmVsIl19.z8jpMMr5FpshvCRpTxibAWDiOq9At5C6Fo4e0mnhOqA HTTP/1.1" 200 3664
172.16.3.7 - - [29/Jan/2026:17:06:49 +0100] "HEAD /rhn/manager/download/devel-suse-channel/repodata/f4e8102061d4ee9a19ec0277091d6f296d38e08889709945cfca61716972b1e2d0201d09ea891a9f2753acb8f1211aa85e6123208a82a4c64199c1f5014356ee-susedata.xml.gz?eyJhbGciOiJIUzI1NiJ9.eyJqdGkiOiJrLThYYk9WRUhwcTQ4b1hlczBfN1FnIiwiZXhwIjoxODAxMjM4ODAxLCJpYXQiOjE3Njk3MDI4MDEsIm5iZiI6MTc2OTcwMjY4MSwib3JnIjoxLCJvbmx5Q2hhbm5lbHMiOlsiZGV2ZWwtc3VzZS1jaGFubmVsIl19.z8jpMMr5FpshvCRpTxibAWDiOq9At5C6Fo4e0mnhOqA HTTP/1.1" 200 -
172.16.3.7 - - [29/Jan/2026:17:06:49 +0100] "GET /rhn/manager/download/devel-suse-channel/repodata/f4e8102061d4ee9a19ec0277091d6f296d38e08889709945cfca61716972b1e2d0201d09ea891a9f2753acb8f1211aa85e6123208a82a4c64199c1f5014356ee-susedata.xml.gz?eyJhbGciOiJIUzI1NiJ9.eyJqdGkiOiJrLThYYk9WRUhwcTQ4b1hlczBfN1FnIiwiZXhwIjoxODAxMjM4ODAxLCJpYXQiOjE3Njk3MDI4MDEsIm5iZiI6MTc2OTcwMjY4MSwib3JnIjoxLCJvbmx5Q2hhbm5lbHMiOlsiZGV2ZWwtc3VzZS1jaGFubmVsIl19.z8jpMMr5FpshvCRpTxibAWDiOq9At5C6Fo4e0mnhOqA HTTP/1.1" 200 3664
172.16.3.7 - - [29/Jan/2026:17:06:49 +0100] "HEAD /rhn/manager/download/fake-rpm-suse-channel/repodata/repomd.xml?eyJhbGciOiJIUzI1NiJ9.eyJqdGkiOiJiTFp3YXUxWFV2b3FCd2ZUc0lWem53IiwiZXhwIjoxODAxMjM4ODAxLCJpYXQiOjE3Njk3MDI4MDEsIm5iZiI6MTc2OTcwMjY4MSwib3JnIjoxLCJvbmx5Q2hhbm5lbHMiOlsiZmFrZS1ycG0tc3VzZS1jaGFubmVsIl19.jbK-Bxp1IU_rQlGLy9CbGKx4nW9pWBHti82Td8fYtwI HTTP/1.1" 200 -
172.16.3.7 - - [29/Jan/2026:17:06:49 +0100] "HEAD /rhn/manager/download/fake-rpm-suse-channel/media.1/media?eyJhbGciOiJIUzI1NiJ9.eyJqdGkiOiJiTFp3YXUxWFV2b3FCd2ZUc0lWem53IiwiZXhwIjoxODAxMjM4ODAxLCJpYXQiOjE3Njk3MDI4MDEsIm5iZiI6MTc2OTcwMjY4MSwib3JnIjoxLCJvbmx5Q2hhbm5lbHMiOlsiZmFrZS1ycG0tc3VzZS1jaGFubmVsIl19.jbK-Bxp1IU_rQlGLy9CbGKx4nW9pWBHti82Td8fYtwI HTTP/1.1" 404 -
172.16.3.7 - - [29/Jan/2026:17:06:49 +0100] "HEAD /rhn/manager/download/fake-rpm-suse-channel/repodata/repomd.xml?eyJhbGciOiJIUzI1NiJ9.eyJqdGkiOiJiTFp3YXUxWFV2b3FCd2ZUc0lWem53IiwiZXhwIjoxODAxMjM4ODAxLCJpYXQiOjE3Njk3MDI4MDEsIm5iZiI6MTc2OTcwMjY4MSwib3JnIjoxLCJvbmx5Q2hhbm5lbHMiOlsiZmFrZS1ycG0tc3VzZS1jaGFubmVsIl19.jbK-Bxp1IU_rQlGLy9CbGKx4nW9pWBHti82Td8fYtwI HTTP/1.1" 200 -
172.16.3.7 - - [29/Jan/2026:17:06:49 +0100] "GET /rhn/manager/download/fake-rpm-suse-channel/repodata/repomd.xml?eyJhbGciOiJIUzI1NiJ9.eyJqdGkiOiJiTFp3YXUxWFV2b3FCd2ZUc0lWem53IiwiZXhwIjoxODAxMjM4ODAxLCJpYXQiOjE3Njk3MDI4MDEsIm5iZiI6MTc2OTcwMjY4MSwib3JnIjoxLCJvbmx5Q2hhbm5lbHMiOlsiZmFrZS1ycG0tc3VzZS1jaGFubmVsIl19.jbK-Bxp1IU_rQlGLy9CbGKx4nW9pWBHti82Td8fYtwI HTTP/1.1" 200 3664
172.16.3.7 - - [29/Jan/2026:17:06:49 +0100] "HEAD /rhn/manager/download/fake-rpm-suse-channel/repodata/repomd.xml.asc?eyJhbGciOiJIUzI1NiJ9.eyJqdGkiOiJiTFp3YXUxWFV2b3FCd2ZUc0lWem53IiwiZXhwIjoxODAxMjM4ODAxLCJpYXQiOjE3Njk3MDI4MDEsIm5iZiI6MTc2OTcwMjY4MSwib3JnIjoxLCJvbmx5Q2hhbm5lbHMiOlsiZmFrZS1ycG0tc3VzZS1jaGFubmVsIl19.jbK-Bxp1IU_rQlGLy9CbGKx4nW9pWBHti82Td8fYtwI HTTP/1.1" 404 -
172.16.3.7 - - [29/Jan/2026:17:06:49 +0100] "HEAD /rhn/manager/download/fake-rpm-suse-channel/repodata/e1567d017143ba31ed3f952c60daabd3446d2cf4e6c8f4d9a03172a48382beef1a03cca2a5452c222d1c6fbfc26e8f0dfdb40eef16c6b7f4f7fc0bbca5b345ba-primary.xml.gz?eyJhbGciOiJIUzI1NiJ9.eyJqdGkiOiJiTFp3YXUxWFV2b3FCd2ZUc0lWem53IiwiZXhwIjoxODAxMjM4ODAxLCJpYXQiOjE3Njk3MDI4MDEsIm5iZiI6MTc2OTcwMjY4MSwib3JnIjoxLCJvbmx5Q2hhbm5lbHMiOlsiZmFrZS1ycG0tc3VzZS1jaGFubmVsIl19.jbK-Bxp1IU_rQlGLy9CbGKx4nW9pWBHti82Td8fYtwI HTTP/1.1" 200 -
