172.16.3.5 - - [14/Jan/2026:15:38:21 +0100] "POST /rhn/manager/api/sets/system_list HTTP/1.1" 200 1
172.16.3.5 - - [14/Jan/2026:15:38:21 +0100] "POST /rhn/manager/api/auth/login HTTP/1.1" 200 16
172.16.3.5 - - [14/Jan/2026:15:38:21 +0100] "POST /rhn/manager/api/system/searchByName HTTP/1.1" 200 157
172.16.3.5 - - [14/Jan/2026:15:38:21 +0100] "GET /rhn/manager/api/auth/logout HTTP/1.1" 200 16
172.16.3.5 - - [14/Jan/2026:15:38:22 +0100] "GET /rhn/systems/details/Overview.do?sid=1000010000 HTTP/1.1" 200 43160
172.16.3.5 - - [14/Jan/2026:15:38:22 +0100] "POST /rhn/manager/frontend-log HTTP/1.1" 200 16
127.0.0.1 - - [14/Jan/2026:15:38:22 +0100] "GET /rhn/websocket/notifications HTTP/1.1" 101 -
172.16.3.5 - - [14/Jan/2026:15:38:22 +0100] "POST /rhn/manager/frontend-log HTTP/1.1" 200 16
172.16.3.5 - - [14/Jan/2026:15:38:22 +0100] "GET /rhn/systems/details/Edit.do?sid=1000010000& HTTP/1.1" 200 59596
127.0.0.1 - - [14/Jan/2026:15:38:23 +0100] "GET /rhn/websocket/notifications HTTP/1.1" 101 -
172.16.3.5 - - [14/Jan/2026:15:38:23 +0100] "POST /rhn/manager/frontend-log HTTP/1.1" 200 16
172.16.3.5 - - [14/Jan/2026:15:38:33 +0100] "POST /rhn/manager/api/auth/login HTTP/1.1" 200 16
172.16.3.5 - - [14/Jan/2026:15:38:33 +0100] "GET /rhn/manager/api/user/listUsers HTTP/1.1" 200 354
172.16.3.5 - - [14/Jan/2026:15:38:33 +0100] "GET /rhn/manager/api/auth/logout HTTP/1.1" 200 16
172.16.3.5 - - [14/Jan/2026:15:38:33 +0100] "POST /rhn/manager/api/auth/login HTTP/1.1" 200 16
172.16.3.5 - - [14/Jan/2026:15:38:33 +0100] "POST /rhn/manager/api/user/create HTTP/1.1" 200 27
172.16.3.5 - - [14/Jan/2026:15:38:33 +0100] "GET /rhn/manager/api/auth/logout HTTP/1.1" 200 16
172.16.3.5 - - [14/Jan/2026:15:38:33 +0100] "POST /rhn/manager/api/auth/login HTTP/1.1" 200 16
172.16.3.5 - - [14/Jan/2026:15:38:34 +0100] "POST /rhn/manager/api/user/addRole HTTP/1.1" 200 27
172.16.3.5 - - [14/Jan/2026:15:38:34 +0100] "GET /rhn/manager/api/auth/logout HTTP/1.1" 200 16
172.16.3.5 - - [14/Jan/2026:15:38:34 +0100] "POST /rhn/manager/api/auth/login HTTP/1.1" 200 16
172.16.3.5 - - [14/Jan/2026:15:38:34 +0100] "POST /rhn/manager/api/user/addRole HTTP/1.1" 200 27
172.16.3.5 - - [14/Jan/2026:15:38:34 +0100] "GET /rhn/manager/api/auth/logout HTTP/1.1" 200 16
172.16.3.5 - - [14/Jan/2026:15:38:34 +0100] "POST /rhn/manager/api/auth/login HTTP/1.1" 200 16
172.16.3.5 - - [14/Jan/2026:15:38:34 +0100] "POST /rhn/manager/api/user/addRole HTTP/1.1" 200 27
172.16.3.5 - - [14/Jan/2026:15:38:34 +0100] "GET /rhn/manager/api/auth/logout HTTP/1.1" 200 16
172.16.3.5 - - [14/Jan/2026:15:38:34 +0100] "POST /rhn/manager/api/auth/login HTTP/1.1" 200 16
172.16.3.5 - - [14/Jan/2026:15:38:34 +0100] "POST /rhn/manager/api/user/addRole HTTP/1.1" 200 27
172.16.3.5 - - [14/Jan/2026:15:38:35 +0100] "GET /rhn/manager/api/auth/logout HTTP/1.1" 200 16
172.16.3.5 - - [14/Jan/2026:15:38:35 +0100] "POST /rhn/manager/api/auth/login HTTP/1.1" 200 16
172.16.3.5 - - [14/Jan/2026:15:38:35 +0100] "POST /rhn/manager/api/user/addRole HTTP/1.1" 200 27
172.16.3.5 - - [14/Jan/2026:15:38:35 +0100] "GET /rhn/manager/api/auth/logout HTTP/1.1" 200 16
172.16.3.5 - - [14/Jan/2026:15:38:35 +0100] "POST /rhn/manager/api/auth/login HTTP/1.1" 200 16
172.16.3.5 - - [14/Jan/2026:15:38:35 +0100] "POST /rhn/manager/api/user/addRole HTTP/1.1" 200 27
172.16.3.5 - - [14/Jan/2026:15:38:35 +0100] "GET /rhn/manager/api/auth/logout HTTP/1.1" 200 16
172.16.3.5 - - [14/Jan/2026:15:38:52 +0100] "POST /rhn/manager/api/auth/login HTTP/1.1" 200 16
172.16.3.5 - - [14/Jan/2026:15:38:52 +0100] "GET /rhn/manager/api/user/listUsers HTTP/1.1" 200 471
172.16.3.5 - - [14/Jan/2026:15:38:52 +0100] "GET /rhn/manager/api/auth/logout HTTP/1.1" 200 16
172.16.3.5 - - [14/Jan/2026:15:38:52 +0100] "POST /rhn/manager/api/auth/login HTTP/1.1" 200 16
172.16.3.5 - - [14/Jan/2026:15:38:52 +0100] "POST /rhn/manager/api/auth/login HTTP/1.1" 200 16
172.16.3.5 - - [14/Jan/2026:15:38:52 +0100] "POST /rhn/manager/api/auth/login HTTP/1.1" 200 16
172.16.3.5 - - [14/Jan/2026:15:38:52 +0100] "GET /rhn/manager/api/user/listUsers HTTP/1.1" 200 471
172.16.3.5 - - [14/Jan/2026:15:38:52 +0100] "POST /rhn/manager/api/user/create HTTP/1.1" 200 27
172.16.3.5 - - [14/Jan/2026:15:38:52 +0100] "GET /rhn/manager/api/user/listUsers HTTP/1.1" 200 540
172.16.3.5 - - [14/Jan/2026:15:38:52 +0100] "POST /rhn/manager/api/auth/login HTTP/1.1" 200 16
172.16.3.5 - - [14/Jan/2026:15:38:52 +0100] "GET /rhn/manager/api/auth/logout HTTP/1.1" 200 16
172.16.3.5 - - [14/Jan/2026:15:38:53 +0100] "GET /rhn/manager/api/auth/logout HTTP/1.1" 200 16
172.16.3.5 - - [14/Jan/2026:15:38:53 +0100] "POST /rhn/manager/api/auth/login HTTP/1.1" 200 16
172.16.3.5 - - [14/Jan/2026:15:38:53 +0100] "GET /rhn/manager/api/auth/logout HTTP/1.1" 200 16
172.16.3.5 - - [14/Jan/2026:15:38:53 +0100] "POST /rhn/manager/api/auth/login HTTP/1.1" 200 16
172.16.3.5 - - [14/Jan/2026:15:38:53 +0100] "POST /rhn/manager/api/auth/login HTTP/1.1" 200 16
172.16.3.5 - - [14/Jan/2026:15:38:53 +0100] "POST /rhn/manager/api/auth/login HTTP/1.1" 200 16
172.16.3.5 - - [14/Jan/2026:15:38:53 +0100] "GET /rhn/manager/api/user/listUsers HTTP/1.1" 200 540
172.16.3.5 - - [14/Jan/2026:15:38:53 +0100] "POST /rhn/manager/api/user/create HTTP/1.1" 200 27
172.16.3.5 - - [14/Jan/2026:15:38:53 +0100] "GET /rhn/manager/api/user/listUsers HTTP/1.1" 200 619
172.16.3.5 - - [14/Jan/2026:15:38:53 +0100] "POST /rhn/manager/api/user/addRole HTTP/1.1" 200 27
172.16.3.5 - - [14/Jan/2026:15:38:53 +0100] "GET /rhn/manager/api/auth/logout HTTP/1.1" 200 16
172.16.3.5 - - [14/Jan/2026:15:38:53 +0100] "POST /rhn/manager/api/user/create HTTP/1.1" 200 27
172.16.3.5 - - [14/Jan/2026:15:38:53 +0100] "POST /rhn/manager/api/auth/login HTTP/1.1" 200 16
172.16.3.5 - - [14/Jan/2026:15:38:53 +0100] "GET /rhn/manager/api/auth/logout HTTP/1.1" 200 16
172.16.3.5 - - [14/Jan/2026:15:38:53 +0100] "GET /rhn/manager/api/auth/logout HTTP/1.1" 200 16
172.16.3.5 - - [14/Jan/2026:15:38:53 +0100] "POST /rhn/manager/api/auth/login HTTP/1.1" 200 16
172.16.3.5 - - [14/Jan/2026:15:38:53 +0100] "GET /rhn/manager/api/auth/logout HTTP/1.1" 200 16
172.16.3.5 - - [14/Jan/2026:15:38:53 +0100] "GET /rhn/manager/api/auth/logout HTTP/1.1" 200 16
172.16.3.5 - - [14/Jan/2026:15:38:53 +0100] "POST /rhn/manager/api/auth/login HTTP/1.1" 200 16
172.16.3.5 - - [14/Jan/2026:15:38:53 +0100] "POST /rhn/manager/api/user/create HTTP/1.1" 200 27
172.16.3.5 - - [14/Jan/2026:15:38:53 +0100] "POST /rhn/manager/api/auth/login HTTP/1.1" 200 16
172.16.3.5 - - [14/Jan/2026:15:38:53 +0100] "POST /rhn/manager/api/auth/login HTTP/1.1" 200 16
172.16.3.5 - - [14/Jan/2026:15:38:54 +0100] "POST /rhn/manager/api/user/addRole HTTP/1.1" 200 27
172.16.3.5 - - [14/Jan/2026:15:38:54 +0100] "POST /rhn/manager/api/user/addRole HTTP/1.1" 200 27
172.16.3.5 - - [14/Jan/2026:15:38:54 +0100] "POST /rhn/manager/api/user/addRole HTTP/1.1" 200 27
172.16.3.5 - - [14/Jan/2026:15:38:54 +0100] "GET /rhn/manager/api/auth/logout HTTP/1.1" 200 16
172.16.3.5 - - [14/Jan/2026:15:38:54 +0100] "POST /rhn/manager/api/user/create HTTP/1.1" 200 27
172.16.3.5 - - [14/Jan/2026:15:38:54 +0100] "GET /rhn/manager/api/auth/logout HTTP/1.1" 200 16
172.16.3.5 - - [14/Jan/2026:15:38:54 +0100] "GET /rhn/manager/api/auth/logout HTTP/1.1" 200 16
172.16.3.5 - - [14/Jan/2026:15:38:54 +0100] "POST /rhn/manager/api/auth/login HTTP/1.1" 200 16
172.16.3.5 - - [14/Jan/2026:15:38:54 +0100] "POST /rhn/manager/api/auth/login HTTP/1.1" 200 16
172.16.3.5 - - [14/Jan/2026:15:38:54 +0100] "GET /rhn/manager/api/auth/logout HTTP/1.1" 200 16
172.16.3.5 - - [14/Jan/2026:15:38:54 +0100] "GET /rhn/manager/api/auth/logout HTTP/1.1" 200 16
172.16.3.5 - - [14/Jan/2026:15:38:54 +0100] "POST /rhn/manager/api/auth/login HTTP/1.1" 200 16
172.16.3.5 - - [14/Jan/2026:15:38:54 +0100] "POST /rhn/manager/api/auth/login HTTP/1.1" 200 16
172.16.3.5 - - [14/Jan/2026:15:38:54 +0100] "POST /rhn/manager/api/auth/login HTTP/1.1" 200 16
172.16.3.5 - - [14/Jan/2026:15:38:54 +0100] "POST /rhn/manager/api/user/addRole HTTP/1.1" 200 27
172.16.3.5 - - [14/Jan/2026:15:38:54 +0100] "POST /rhn/manager/api/user/addRole HTTP/1.1" 200 27
172.16.3.5 - - [14/Jan/2026:15:38:54 +0100] "POST /rhn/manager/api/user/addRole HTTP/1.1" 200 27
172.16.3.5 - - [14/Jan/2026:15:38:54 +0100] "POST /rhn/manager/api/user/addRole HTTP/1.1" 200 27
172.16.3.5 - - [14/Jan/2026:15:38:54 +0100] "POST /rhn/manager/api/user/addRole HTTP/1.1" 200 27
172.16.3.5 - - [14/Jan/2026:15:38:54 +0100] "GET /rhn/manager/api/auth/logout HTTP/1.1" 200 16
172.16.3.5 - - [14/Jan/2026:15:38:54 +0100] "GET /rhn/manager/api/auth/logout HTTP/1.1" 200 16
172.16.3.5 - - [14/Jan/2026:15:38:55 +0100] "POST /rhn/manager/api/auth/login HTTP/1.1" 200 16
172.16.3.5 - - [14/Jan/2026:15:38:55 +0100] "GET /rhn/manager/api/auth/logout HTTP/1.1" 200 16
172.16.3.5 - - [14/Jan/2026:15:38:55 +0100] "GET /rhn/manager/api/auth/logout HTTP/1.1" 200 16
172.16.3.5 - - [14/Jan/2026:15:38:55 +0100] "GET /rhn/manager/api/auth/logout HTTP/1.1" 200 16
172.16.3.5 - - [14/Jan/2026:15:38:55 +0100] "POST /rhn/manager/api/auth/login HTTP/1.1" 200 16
172.16.3.5 - - [14/Jan/2026:15:38:55 +0100] "POST /rhn/manager/api/auth/login HTTP/1.1" 200 16
172.16.3.5 - - [14/Jan/2026:15:38:55 +0100] "POST /rhn/manager/api/auth/login HTTP/1.1" 200 16
172.16.3.5 - - [14/Jan/2026:15:38:55 +0100] "POST /rhn/manager/api/auth/login HTTP/1.1" 200 16
172.16.3.5 - - [14/Jan/2026:15:38:55 +0100] "POST /rhn/manager/api/user/addRole HTTP/1.1" 200 27
172.16.3.5 - - [14/Jan/2026:15:38:55 +0100] "POST /rhn/manager/api/user/addRole HTTP/1.1" 200 27
172.16.3.5 - - [14/Jan/2026:15:38:55 +0100] "POST /rhn/manager/api/user/addRole HTTP/1.1" 200 27
172.16.3.5 - - [14/Jan/2026:15:38:55 +0100] "POST /rhn/manager/api/user/addRole HTTP/1.1" 200 27
172.16.3.5 - - [14/Jan/2026:15:38:55 +0100] "POST /rhn/manager/api/user/addRole HTTP/1.1" 200 27
172.16.3.5 - - [14/Jan/2026:15:38:55 +0100] "GET /rhn/manager/api/auth/logout HTTP/1.1" 200 16
172.16.3.5 - - [14/Jan/2026:15:38:55 +0100] "GET /rhn/manager/api/auth/logout HTTP/1.1" 200 16
172.16.3.5 - - [14/Jan/2026:15:38:55 +0100] "GET /rhn/manager/api/auth/logout HTTP/1.1" 200 16
172.16.3.5 - - [14/Jan/2026:15:38:55 +0100] "POST /rhn/manager/api/auth/login HTTP/1.1" 200 16
172.16.3.5 - - [14/Jan/2026:15:38:55 +0100] "POST /rhn/manager/api/auth/login HTTP/1.1" 200 16
172.16.3.5 - - [14/Jan/2026:15:38:55 +0100] "GET /rhn/manager/api/auth/logout HTTP/1.1" 200 16
172.16.3.5 - - [14/Jan/2026:15:38:55 +0100] "GET /rhn/manager/api/auth/logout HTTP/1.1" 200 16
172.16.3.5 - - [14/Jan/2026:15:38:55 +0100] "POST /rhn/manager/api/auth/login HTTP/1.1" 200 16
172.16.3.5 - - [14/Jan/2026:15:38:55 +0100] "POST /rhn/manager/api/auth/login HTTP/1.1" 200 16
172.16.3.5 - - [14/Jan/2026:15:38:55 +0100] "POST /rhn/manager/api/auth/login HTTP/1.1" 200 16
172.16.3.5 - - [14/Jan/2026:15:38:56 +0100] "POST /rhn/manager/api/user/addRole HTTP/1.1" 200 27
172.16.3.5 - - [14/Jan/2026:15:38:56 +0100] "POST /rhn/manager/api/user/addRole HTTP/1.1" 200 27
172.16.3.5 - - [14/Jan/2026:15:38:56 +0100] "POST /rhn/manager/api/user/addRole HTTP/1.1" 200 27
172.16.3.5 - - [14/Jan/2026:15:38:56 +0100] "POST /rhn/manager/api/user/addRole HTTP/1.1" 200 27
172.16.3.5 - - [14/Jan/2026:15:38:56 +0100] "POST /rhn/manager/api/user/addRole HTTP/1.1" 200 27
172.16.3.5 - - [14/Jan/2026:15:38:56 +0100] "GET /rhn/manager/api/auth/logout HTTP/1.1" 200 16
172.16.3.5 - - [14/Jan/2026:15:38:56 +0100] "GET /rhn/manager/api/auth/logout HTTP/1.1" 200 16
172.16.3.5 - - [14/Jan/2026:15:38:56 +0100] "POST /rhn/manager/api/auth/login HTTP/1.1" 200 16
172.16.3.5 - - [14/Jan/2026:15:38:56 +0100] "POST /rhn/manager/api/auth/login HTTP/1.1" 200 16
172.16.3.5 - - [14/Jan/2026:15:38:56 +0100] "GET /rhn/manager/api/auth/logout HTTP/1.1" 200 16
172.16.3.5 - - [14/Jan/2026:15:38:56 +0100] "GET /rhn/manager/api/auth/logout HTTP/1.1" 200 16
172.16.3.5 - - [14/Jan/2026:15:38:56 +0100] "GET /rhn/manager/api/auth/logout HTTP/1.1" 200 16
172.16.3.5 - - [14/Jan/2026:15:38:56 +0100] "POST /rhn/manager/api/auth/login HTTP/1.1" 200 16
172.16.3.5 - - [14/Jan/2026:15:38:56 +0100] "POST /rhn/manager/api/user/addRole HTTP/1.1" 200 27
172.16.3.5 - - [14/Jan/2026:15:38:56 +0100] "POST /rhn/manager/api/auth/login HTTP/1.1" 200 16
172.16.3.5 - - [14/Jan/2026:15:38:56 +0100] "POST /rhn/manager/api/user/addRole HTTP/1.1" 200 27
172.16.3.5 - - [14/Jan/2026:15:38:56 +0100] "POST /rhn/manager/api/auth/login HTTP/1.1" 200 16
172.16.3.5 - - [14/Jan/2026:15:38:56 +0100] "POST /rhn/manager/api/user/addRole HTTP/1.1" 200 27
172.16.3.5 - - [14/Jan/2026:15:38:56 +0100] "GET /rhn/manager/api/auth/logout HTTP/1.1" 200 16
172.16.3.5 - - [14/Jan/2026:15:38:56 +0100] "POST /rhn/manager/api/user/addRole HTTP/1.1" 200 27
172.16.3.5 - - [14/Jan/2026:15:38:56 +0100] "GET /rhn/manager/api/auth/logout HTTP/1.1" 200 16
172.16.3.5 - - [14/Jan/2026:15:38:56 +0100] "POST /rhn/manager/api/auth/login HTTP/1.1" 200 16
172.16.3.5 - - [14/Jan/2026:15:38:56 +0100] "POST /rhn/manager/api/user/addRole HTTP/1.1" 200 27
172.16.3.5 - - [14/Jan/2026:15:38:57 +0100] "POST /rhn/manager/api/auth/login HTTP/1.1" 200 16
172.16.3.5 - - [14/Jan/2026:15:38:57 +0100] "GET /rhn/manager/api/auth/logout HTTP/1.1" 200 16
172.16.3.5 - - [14/Jan/2026:15:38:57 +0100] "GET /rhn/manager/api/auth/logout HTTP/1.1" 200 16
172.16.3.5 - - [14/Jan/2026:15:38:57 +0100] "GET /rhn/manager/api/auth/logout HTTP/1.1" 200 16
172.16.3.5 - - [14/Jan/2026:15:38:57 +0100] "POST /rhn/manager/api/auth/login HTTP/1.1" 200 16
172.16.3.5 - - [14/Jan/2026:15:38:57 +0100] "POST /rhn/manager/api/auth/login HTTP/1.1" 200 16
172.16.3.5 - - [14/Jan/2026:15:38:57 +0100] "POST /rhn/manager/api/user/addRole HTTP/1.1" 200 27
172.16.3.5 - - [14/Jan/2026:15:38:57 +0100] "POST /rhn/manager/api/user/addRole HTTP/1.1" 200 27
172.16.3.5 - - [14/Jan/2026:15:38:57 +0100] "POST /rhn/manager/api/user/addRole HTTP/1.1" 200 27
172.16.3.5 - - [14/Jan/2026:15:38:57 +0100] "POST /rhn/manager/api/user/addRole HTTP/1.1" 200 27
172.16.3.5 - - [14/Jan/2026:15:38:57 +0100] "GET /rhn/manager/api/auth/logout HTTP/1.1" 200 16
172.16.3.5 - - [14/Jan/2026:15:38:57 +0100] "GET /rhn/manager/api/auth/logout HTTP/1.1" 200 16
172.16.3.5 - - [14/Jan/2026:15:38:57 +0100] "POST /rhn/manager/api/auth/login HTTP/1.1" 200 16
172.16.3.5 - - [14/Jan/2026:15:38:57 +0100] "GET /rhn/manager/api/auth/logout HTTP/1.1" 200 16
172.16.3.5 - - [14/Jan/2026:15:38:57 +0100] "GET /rhn/manager/api/auth/logout HTTP/1.1" 200 16
172.16.3.5 - - [14/Jan/2026:15:38:57 +0100] "POST /rhn/manager/api/auth/login HTTP/1.1" 200 16
172.16.3.5 - - [14/Jan/2026:15:38:57 +0100] "POST /rhn/manager/api/user/addRole HTTP/1.1" 200 27
172.16.3.5 - - [14/Jan/2026:15:38:57 +0100] "POST /rhn/manager/api/user/addRole HTTP/1.1" 200 27
172.16.3.5 - - [14/Jan/2026:15:38:57 +0100] "GET /rhn/manager/api/auth/logout HTTP/1.1" 200 16
172.16.3.5 - - [14/Jan/2026:15:38:57 +0100] "GET /rhn/manager/api/auth/logout HTTP/1.1" 200 16
::1 - - [14/Jan/2026:15:39:01 +0100] "GET /rhn/manager/login HTTP/1.1" 302 -
172.16.3.5 - - [14/Jan/2026:15:39:32 +0100] "GET /rhn/manager/login HTTP/1.1" 200 2217
172.16.3.5 - - [14/Jan/2026:15:39:33 +0100] "POST /rhn/manager/frontend-log HTTP/1.1" 302 -
172.16.3.5 - - [14/Jan/2026:15:39:33 +0100] "GET /rhn/manager/login?url_bounce=%2Frhn%2Fmanager%2Ffrontend-log&request_method=POST HTTP/1.1" 200 2225
172.16.3.5 - - [14/Jan/2026:15:39:33 +0100] "GET /rhn/manager/login HTTP/1.1" 200 2219
172.16.3.5 - - [14/Jan/2026:15:39:34 +0100] "GET /rhn/manager/login HTTP/1.1" 200 2219
172.16.3.5 - - [14/Jan/2026:15:39:34 +0100] "POST /rhn/manager/frontend-log HTTP/1.1" 302 -
172.16.3.5 - - [14/Jan/2026:15:39:34 +0100] "GET /rhn/manager/login?url_bounce=%2Frhn%2Fmanager%2Ffrontend-log&request_method=POST HTTP/1.1" 200 2225
172.16.3.5 - - [14/Jan/2026:15:39:35 +0100] "POST /rhn/manager/frontend-log HTTP/1.1" 302 -
172.16.3.5 - - [14/Jan/2026:15:39:35 +0100] "GET /rhn/manager/login?url_bounce=%2Frhn%2Fmanager%2Ffrontend-log&request_method=POST HTTP/1.1" 200 2225
172.16.3.5 - - [14/Jan/2026:15:39:43 +0100] "POST /rhn/manager/api/login HTTP/1.1" 200 16
172.16.3.5 - - [14/Jan/2026:15:39:43 +0100] "GET /rhn/YourRhn.do HTTP/1.1" 200 36100
172.16.3.5 - - [14/Jan/2026:15:39:43 +0100] "POST /rhn/manager/frontend-log HTTP/1.1" 401 755
172.16.3.5 - - [14/Jan/2026:15:39:44 +0100] "POST /rhn/ajax/inactive-systems HTTP/1.1" 200 540
127.0.0.1 - - [14/Jan/2026:15:39:44 +0100] "GET /rhn/websocket/notifications HTTP/1.1" 101 -
172.16.3.5 - - [14/Jan/2026:15:39:44 +0100] "POST /rhn/ajax/critical-systems HTTP/1.1" 200 2026
172.16.3.5 - - [14/Jan/2026:15:39:44 +0100] "POST /rhn/ajax/subscription-warning HTTP/1.1" 200 -
172.16.3.5 - - [14/Jan/2026:15:39:44 +0100] "POST /rhn/ajax/systems-groups HTTP/1.1" 200 1491
172.16.3.5 - - [14/Jan/2026:15:39:44 +0100] "POST /rhn/ajax/pending-actions HTTP/1.1" 200 3272
172.16.3.5 - - [14/Jan/2026:15:39:44 +0100] "POST /rhn/ajax/latest-errata HTTP/1.1" 200 539
172.16.3.5 - - [14/Jan/2026:15:39:44 +0100] "POST /rhn/manager/frontend-log HTTP/1.1" 200 16
127.0.0.1 - - [14/Jan/2026:15:39:44 +0100] "GET /rhn/websocket/notifications HTTP/1.1" 101 -
172.16.3.5 - - [14/Jan/2026:15:39:44 +0100] "POST /rhn/ajax/tasks HTTP/1.1" 200 2232
172.16.3.5 - - [14/Jan/2026:15:39:44 +0100] "POST /rhn/ajax/recent-systems HTTP/1.1" 200 3174
172.16.3.5 - - [14/Jan/2026:15:39:44 +0100] "GET /rhn/manager/systems/bootstrap HTTP/1.1" 200 34437
172.16.3.5 - - [14/Jan/2026:15:39:44 +0100] "POST /rhn/manager/api/login HTTP/1.1" 200 16
127.0.0.1 - - [14/Jan/2026:15:39:45 +0100] "GET /rhn/websocket/notifications HTTP/1.1" 101 -
172.16.3.5 - - [14/Jan/2026:15:39:45 +0100] "POST /rhn/manager/frontend-log HTTP/1.1" 200 16
172.16.3.5 - - [14/Jan/2026:15:39:45 +0100] "GET /rhn/YourRhn.do HTTP/1.1" 200 36100
172.16.3.5 - - [14/Jan/2026:15:39:45 +0100] "POST /rhn/manager/frontend-log HTTP/1.1" 401 755
127.0.0.1 - - [14/Jan/2026:15:39:45 +0100] "GET /rhn/websocket/notifications HTTP/1.1" 101 -
172.16.3.5 - - [14/Jan/2026:15:39:45 +0100] "POST /rhn/ajax/inactive-systems HTTP/1.1" 200 540
172.16.3.5 - - [14/Jan/2026:15:39:45 +0100] "POST /rhn/ajax/subscription-warning HTTP/1.1" 200 -
172.16.3.5 - - [14/Jan/2026:15:39:45 +0100] "POST /rhn/manager/api/login HTTP/1.1" 200 16
172.16.3.5 - - [14/Jan/2026:15:39:45 +0100] "POST /rhn/ajax/critical-systems HTTP/1.1" 200 2025
172.16.3.5 - - [14/Jan/2026:15:39:45 +0100] "POST /rhn/ajax/pending-actions HTTP/1.1" 200 3272
172.16.3.5 - - [14/Jan/2026:15:39:45 +0100] "POST /rhn/ajax/latest-errata HTTP/1.1" 200 539
172.16.3.5 - - [14/Jan/2026:15:39:45 +0100] "POST /rhn/ajax/tasks HTTP/1.1" 200 2232
172.16.3.5 - - [14/Jan/2026:15:39:45 +0100] "POST /rhn/ajax/systems-groups HTTP/1.1" 200 1490
127.0.0.1 - - [14/Jan/2026:15:39:45 +0100] "GET /rhn/websocket/notifications HTTP/1.1" 101 -
172.16.3.5 - - [14/Jan/2026:15:39:46 +0100] "POST /rhn/manager/frontend-log HTTP/1.1" 200 16
172.16.3.5 - - [14/Jan/2026:15:39:46 +0100] "GET /rhn/YourRhn.do HTTP/1.1" 200 36100
172.16.3.5 - - [14/Jan/2026:15:39:46 +0100] "POST /rhn/ajax/recent-systems HTTP/1.1" 200 3173
172.16.3.5 - - [14/Jan/2026:15:39:46 +0100] "POST /rhn/manager/frontend-log HTTP/1.1" 401 755
172.16.3.5 - - [14/Jan/2026:15:39:46 +0100] "GET /rhn/manager/systems/bootstrap HTTP/1.1" 200 34435
172.16.3.5 - - [14/Jan/2026:15:39:46 +0100] "POST /rhn/ajax/pending-actions HTTP/1.1" 200 3272
127.0.0.1 - - [14/Jan/2026:15:39:46 +0100] "GET /rhn/websocket/notifications HTTP/1.1" 101 -
172.16.3.5 - - [14/Jan/2026:15:39:46 +0100] "POST /rhn/ajax/subscription-warning HTTP/1.1" 200 -
172.16.3.5 - - [14/Jan/2026:15:39:46 +0100] "POST /rhn/ajax/inactive-systems HTTP/1.1" 200 540
172.16.3.5 - - [14/Jan/2026:15:39:46 +0100] "POST /rhn/ajax/systems-groups HTTP/1.1" 200 1490
172.16.3.5 - - [14/Jan/2026:15:39:46 +0100] "POST /rhn/ajax/latest-errata HTTP/1.1" 200 539
172.16.3.5 - - [14/Jan/2026:15:39:46 +0100] "POST /rhn/ajax/critical-systems HTTP/1.1" 200 2025
172.16.3.5 - - [14/Jan/2026:15:39:46 +0100] "POST /rhn/ajax/tasks HTTP/1.1" 200 2232
172.16.3.5 - - [14/Jan/2026:15:39:47 +0100] "POST /rhn/manager/frontend-log HTTP/1.1" 401 755
127.0.0.1 - - [14/Jan/2026:15:39:47 +0100] "GET /rhn/websocket/notifications HTTP/1.1" 101 -
172.16.3.5 - - [14/Jan/2026:15:39:47 +0100] "POST /rhn/manager/frontend-log HTTP/1.1" 200 16
127.0.0.1 - - [14/Jan/2026:15:39:47 +0100] "GET /rhn/websocket/notifications HTTP/1.1" 101 -
172.16.3.5 - - [14/Jan/2026:15:39:47 +0100] "POST /rhn/ajax/recent-systems HTTP/1.1" 200 3173
172.16.3.5 - - [14/Jan/2026:15:39:47 +0100] "GET /rhn/manager/systems/bootstrap HTTP/1.1" 200 34435
172.16.3.5 - - [14/Jan/2026:15:39:47 +0100] "POST /rhn/manager/frontend-log HTTP/1.1" 200 16
127.0.0.1 - - [14/Jan/2026:15:39:47 +0100] "GET /rhn/websocket/notifications HTTP/1.1" 101 -
172.16.3.5 - - [14/Jan/2026:15:39:59 +0100] "POST /rhn/manager/api/systems/bootstrap HTTP/1.1" 200 735
::1 - - [14/Jan/2026:15:40:04 +0100] "GET /rhn/manager/login HTTP/1.1" 302 -
172.16.3.7 - - [14/Jan/2026:15:40:23 +0100] "GET /rhn/errors/404.jsp HTTP/1.1" 404 4500
172.16.3.7 - - [14/Jan/2026:15:40:23 +0100] "GET /rhn/errors/404.jsp HTTP/1.1" 404 4500
172.16.3.5 - - [14/Jan/2026:15:40:35 +0100] "POST /rhn/manager/api/systems/bootstrap HTTP/1.1" 200 28
172.16.3.5 - - [14/Jan/2026:15:40:35 +0100] "GET /rhn/manager/systems/keys HTTP/1.1" 200 34085
172.16.3.5 - - [14/Jan/2026:15:40:35 +0100] "POST /rhn/manager/frontend-log HTTP/1.1" 200 16
127.0.0.1 - - [14/Jan/2026:15:40:36 +0100] "GET /rhn/websocket/notifications HTTP/1.1" 101 -
172.16.3.5 - - [14/Jan/2026:15:40:36 +0100] "GET /rhn/manager/api/systems/keys HTTP/1.1" 200 394
172.16.3.5 - - [14/Jan/2026:15:40:36 +0100] "GET /rhn/manager/systems/list/all HTTP/1.1" 200 34233
127.0.0.1 - - [14/Jan/2026:15:40:37 +0100] "GET /rhn/websocket/notifications HTTP/1.1" 101 -
172.16.3.5 - - [14/Jan/2026:15:40:37 +0100] "POST /rhn/manager/frontend-log HTTP/1.1" 200 16
172.16.3.5 - - [14/Jan/2026:15:40:37 +0100] "GET /rhn/manager/api/systems/list/all?p=1&ps=100&s=1&sc=server_name HTTP/1.1" 200 789
172.16.3.5 - - [14/Jan/2026:15:40:37 +0100] "POST /rhn/manager/api/sets/system_list HTTP/1.1" 200 1
172.16.3.5 - - [14/Jan/2026:15:40:44 +0100] "GET /rhn/manager/systems/list/all HTTP/1.1" 200 34233
172.16.3.5 - - [14/Jan/2026:15:40:44 +0100] "POST /rhn/manager/frontend-log HTTP/1.1" 200 16
127.0.0.1 - - [14/Jan/2026:15:40:44 +0100] "GET /rhn/websocket/notifications HTTP/1.1" 101 -
172.16.3.5 - - [14/Jan/2026:15:40:44 +0100] "POST /rhn/manager/frontend-log HTTP/1.1" 200 16
127.0.0.1 - - [14/Jan/2026:15:40:44 +0100] "GET /rhn/websocket/notifications HTTP/1.1" 101 -
172.16.3.5 - - [14/Jan/2026:15:40:44 +0100] "GET /rhn/manager/api/systems/list/all?p=1&ps=100&s=1&sc=server_name HTTP/1.1" 200 789
172.16.3.5 - - [14/Jan/2026:15:40:44 +0100] "POST /rhn/manager/api/sets/system_list HTTP/1.1" 200 1
172.16.3.7 - - [14/Jan/2026:15:40:46 +0100] "HEAD /rhn/manager/download/devel-suse-channel/repodata/repomd.xml?eyJhbGciOiJIUzI1NiJ9.eyJqdGkiOiJtV0phMjBIT3RjZ0pMcnBtRUxtNkt3IiwiZXhwIjoxNzk5OTM3NjM5LCJpYXQiOjE3Njg0MDE2MzksIm5iZiI6MTc2ODQwMTUxOSwib3JnIjoxLCJvbmx5Q2hhbm5lbHMiOlsiZGV2ZWwtc3VzZS1jaGFubmVsIl19.HTsYgVVkd5lNrf32JItm1N7mHI9sJkYZz-ZUq6nq0Rk HTTP/1.1" 200 -
172.16.3.7 - - [14/Jan/2026:15:40:46 +0100] "HEAD /rhn/manager/download/devel-suse-channel/media.1/media?eyJhbGciOiJIUzI1NiJ9.eyJqdGkiOiJtV0phMjBIT3RjZ0pMcnBtRUxtNkt3IiwiZXhwIjoxNzk5OTM3NjM5LCJpYXQiOjE3Njg0MDE2MzksIm5iZiI6MTc2ODQwMTUxOSwib3JnIjoxLCJvbmx5Q2hhbm5lbHMiOlsiZGV2ZWwtc3VzZS1jaGFubmVsIl19.HTsYgVVkd5lNrf32JItm1N7mHI9sJkYZz-ZUq6nq0Rk HTTP/1.1" 404 -
172.16.3.7 - - [14/Jan/2026:15:40:47 +0100] "HEAD /rhn/manager/download/devel-suse-channel/repodata/repomd.xml?eyJhbGciOiJIUzI1NiJ9.eyJqdGkiOiJtV0phMjBIT3RjZ0pMcnBtRUxtNkt3IiwiZXhwIjoxNzk5OTM3NjM5LCJpYXQiOjE3Njg0MDE2MzksIm5iZiI6MTc2ODQwMTUxOSwib3JnIjoxLCJvbmx5Q2hhbm5lbHMiOlsiZGV2ZWwtc3VzZS1jaGFubmVsIl19.HTsYgVVkd5lNrf32JItm1N7mHI9sJkYZz-ZUq6nq0Rk HTTP/1.1" 200 -
172.16.3.5 - - [14/Jan/2026:15:40:47 +0100] "POST /rhn/manager/api/systems/bootstrap-ssh HTTP/1.1" 200 28
172.16.3.7 - - [14/Jan/2026:15:40:47 +0100] "GET /rhn/manager/download/devel-suse-channel/repodata/repomd.xml?eyJhbGciOiJIUzI1NiJ9.eyJqdGkiOiJtV0phMjBIT3RjZ0pMcnBtRUxtNkt3IiwiZXhwIjoxNzk5OTM3NjM5LCJpYXQiOjE3Njg0MDE2MzksIm5iZiI6MTc2ODQwMTUxOSwib3JnIjoxLCJvbmx5Q2hhbm5lbHMiOlsiZGV2ZWwtc3VzZS1jaGFubmVsIl19.HTsYgVVkd5lNrf32JItm1N7mHI9sJkYZz-ZUq6nq0Rk HTTP/1.1" 200 3664
172.16.3.7 - - [14/Jan/2026:15:40:47 +0100] "HEAD /rhn/manager/download/devel-suse-channel/repodata/repomd.xml.asc?eyJhbGciOiJIUzI1NiJ9.eyJqdGkiOiJtV0phMjBIT3RjZ0pMcnBtRUxtNkt3IiwiZXhwIjoxNzk5OTM3NjM5LCJpYXQiOjE3Njg0MDE2MzksIm5iZiI6MTc2ODQwMTUxOSwib3JnIjoxLCJvbmx5Q2hhbm5lbHMiOlsiZGV2ZWwtc3VzZS1jaGFubmVsIl19.HTsYgVVkd5lNrf32JItm1N7mHI9sJkYZz-ZUq6nq0Rk HTTP/1.1" 404 -
172.16.3.7 - - [14/Jan/2026:15:40:47 +0100] "HEAD /rhn/manager/download/devel-suse-channel/repodata/6ca814118519beae800738bd4ac0ca42a113648c9a51ffce2bcbfdcd5da0830fc94af58efe6d6fb00415f0addd305526edd1f80ed3fcbcd0f702a90507b55ac4-primary.xml.gz?eyJhbGciOiJIUzI1NiJ9.eyJqdGkiOiJtV0phMjBIT3RjZ0pMcnBtRUxtNkt3IiwiZXhwIjoxNzk5OTM3NjM5LCJpYXQiOjE3Njg0MDE2MzksIm5iZiI6MTc2ODQwMTUxOSwib3JnIjoxLCJvbmx5Q2hhbm5lbHMiOlsiZGV2ZWwtc3VzZS1jaGFubmVsIl19.HTsYgVVkd5lNrf32JItm1N7mHI9sJkYZz-ZUq6nq0Rk HTTP/1.1" 200 -
172.16.3.7 - - [14/Jan/2026:15:40:47 +0100] "GET /rhn/manager/download/devel-suse-channel/repodata/6ca814118519beae800738bd4ac0ca42a113648c9a51ffce2bcbfdcd5da0830fc94af58efe6d6fb00415f0addd305526edd1f80ed3fcbcd0f702a90507b55ac4-primary.xml.gz?eyJhbGciOiJIUzI1NiJ9.eyJqdGkiOiJtV0phMjBIT3RjZ0pMcnBtRUxtNkt3IiwiZXhwIjoxNzk5OTM3NjM5LCJpYXQiOjE3Njg0MDE2MzksIm5iZiI6MTc2ODQwMTUxOSwib3JnIjoxLCJvbmx5Q2hhbm5lbHMiOlsiZGV2ZWwtc3VzZS1jaGFubmVsIl19.HTsYgVVkd5lNrf32JItm1N7mHI9sJkYZz-ZUq6nq0Rk HTTP/1.1" 200 3664
172.16.3.7 - - [14/Jan/2026:15:40:47 +0100] "HEAD /rhn/manager/download/devel-suse-channel/repodata/f4e8102061d4ee9a19ec0277091d6f296d38e08889709945cfca61716972b1e2d0201d09ea891a9f2753acb8f1211aa85e6123208a82a4c64199c1f5014356ee-susedata.xml.gz?eyJhbGciOiJIUzI1NiJ9.eyJqdGkiOiJtV0phMjBIT3RjZ0pMcnBtRUxtNkt3IiwiZXhwIjoxNzk5OTM3NjM5LCJpYXQiOjE3Njg0MDE2MzksIm5iZiI6MTc2ODQwMTUxOSwib3JnIjoxLCJvbmx5Q2hhbm5lbHMiOlsiZGV2ZWwtc3VzZS1jaGFubmVsIl19.HTsYgVVkd5lNrf32JItm1N7mHI9sJkYZz-ZUq6nq0Rk HTTP/1.1" 200 -
172.16.3.7 - - [14/Jan/2026:15:40:47 +0100] "GET /rhn/manager/download/devel-suse-channel/repodata/f4e8102061d4ee9a19ec0277091d6f296d38e08889709945cfca61716972b1e2d0201d09ea891a9f2753acb8f1211aa85e6123208a82a4c64199c1f5014356ee-susedata.xml.gz?eyJhbGciOiJIUzI1NiJ9.eyJqdGkiOiJtV0phMjBIT3RjZ0pMcnBtRUxtNkt3IiwiZXhwIjoxNzk5OTM3NjM5LCJpYXQiOjE3Njg0MDE2MzksIm5iZiI6MTc2ODQwMTUxOSwib3JnIjoxLCJvbmx5Q2hhbm5lbHMiOlsiZGV2ZWwtc3VzZS1jaGFubmVsIl19.HTsYgVVkd5lNrf32JItm1N7mHI9sJkYZz-ZUq6nq0Rk HTTP/1.1" 200 3664
172.16.3.5 - - [14/Jan/2026:15:40:47 +0100] "GET /rhn/manager/systems/list/all HTTP/1.1" 200 34233
172.16.3.7 - - [14/Jan/2026:15:40:47 +0100] "HEAD /rhn/manager/download/fake-rpm-suse-channel/repodata/repomd.xml?eyJhbGciOiJIUzI1NiJ9.eyJqdGkiOiI3bnFkRkRpelYxcWFkUzk5akgtYVpnIiwiZXhwIjoxNzk5OTM3NjM5LCJpYXQiOjE3Njg0MDE2MzksIm5iZiI6MTc2ODQwMTUxOSwib3JnIjoxLCJvbmx5Q2hhbm5lbHMiOlsiZmFrZS1ycG0tc3VzZS1jaGFubmVsIl19.ECw4wVEV_HKZjt9_DNR6v60LAJvHGmFW_rXEOlMvaSI HTTP/1.1" 200 -
172.16.3.7 - - [14/Jan/2026:15:40:47 +0100] "HEAD /rhn/manager/download/fake-rpm-suse-channel/media.1/media?eyJhbGciOiJIUzI1NiJ9.eyJqdGkiOiI3bnFkRkRpelYxcWFkUzk5akgtYVpnIiwiZXhwIjoxNzk5OTM3NjM5LCJpYXQiOjE3Njg0MDE2MzksIm5iZiI6MTc2ODQwMTUxOSwib3JnIjoxLCJvbmx5Q2hhbm5lbHMiOlsiZmFrZS1ycG0tc3VzZS1jaGFubmVsIl19.ECw4wVEV_HKZjt9_DNR6v60LAJvHGmFW_rXEOlMvaSI HTTP/1.1" 404 -
127.0.0.1 - - [14/Jan/2026:15:40:47 +0100] "GET /rhn/websocket/notifications HTTP/1.1" 101 -
172.16.3.5 - - [14/Jan/2026:15:40:47 +0100] "POST /rhn/manager/frontend-log HTTP/1.1" 200 16
172.16.3.7 - - [14/Jan/2026:15:40:47 +0100] "HEAD /rhn/manager/download/fake-rpm-suse-channel/repodata/repomd.xml?eyJhbGciOiJIUzI1NiJ9.eyJqdGkiOiI3bnFkRkRpelYxcWFkUzk5akgtYVpnIiwiZXhwIjoxNzk5OTM3NjM5LCJpYXQiOjE3Njg0MDE2MzksIm5iZiI6MTc2ODQwMTUxOSwib3JnIjoxLCJvbmx5Q2hhbm5lbHMiOlsiZmFrZS1ycG0tc3VzZS1jaGFubmVsIl19.ECw4wVEV_HKZjt9_DNR6v60LAJvHGmFW_rXEOlMvaSI HTTP/1.1" 200 -
172.16.3.7 - - [14/Jan/2026:15:40:47 +0100] "GET /rhn/manager/download/fake-rpm-suse-channel/repodata/repomd.xml?eyJhbGciOiJIUzI1NiJ9.eyJqdGkiOiI3bnFkRkRpelYxcWFkUzk5akgtYVpnIiwiZXhwIjoxNzk5OTM3NjM5LCJpYXQiOjE3Njg0MDE2MzksIm5iZiI6MTc2ODQwMTUxOSwib3JnIjoxLCJvbmx5Q2hhbm5lbHMiOlsiZmFrZS1ycG0tc3VzZS1jaGFubmVsIl19.ECw4wVEV_HKZjt9_DNR6v60LAJvHGmFW_rXEOlMvaSI HTTP/1.1" 200 3664
172.16.3.7 - - [14/Jan/2026:15:40:48 +0100] "HEAD /rhn/manager/download/fake-rpm-suse-channel/repodata/repomd.xml.asc?eyJhbGciOiJIUzI1NiJ9.eyJqdGkiOiI3bnFkRkRpelYxcWFkUzk5akgtYVpnIiwiZXhwIjoxNzk5OTM3NjM5LCJpYXQiOjE3Njg0MDE2MzksIm5iZiI6MTc2ODQwMTUxOSwib3JnIjoxLCJvbmx5Q2hhbm5lbHMiOlsiZmFrZS1ycG0tc3VzZS1jaGFubmVsIl19.ECw4wVEV_HKZjt9_DNR6v60LAJvHGmFW_rXEOlMvaSI HTTP/1.1" 404 -
172.16.3.5 - - [14/Jan/2026:15:40:48 +0100] "GET /rhn/manager/api/systems/list/all?p=1&ps=100&s=1&sc=server_name HTTP/1.1" 200 789
172.16.3.7 - - [14/Jan/2026:15:40:48 +0100] "HEAD /rhn/manager/download/fake-rpm-suse-channel/repodata/e6a738af741a51e161a8e8f791294cc68b07cb960695b0c61a071e412a6975edede38c3318a1b364eea45c50799402fcad8e096eca9b85c442dae0e8656fe85a-primary.xml.gz?eyJhbGciOiJIUzI1NiJ9.eyJqdGkiOiI3bnFkRkRpelYxcWFkUzk5akgtYVpnIiwiZXhwIjoxNzk5OTM3NjM5LCJpYXQiOjE3Njg0MDE2MzksIm5iZiI6MTc2ODQwMTUxOSwib3JnIjoxLCJvbmx5Q2hhbm5lbHMiOlsiZmFrZS1ycG0tc3VzZS1jaGFubmVsIl19.ECw4wVEV_HKZjt9_DNR6v60LAJvHGmFW_rXEOlMvaSI HTTP/1.1" 200 -
172.16.3.7 - - [14/Jan/2026:15:40:48 +0100] "GET /rhn/manager/download/fake-rpm-suse-channel/repodata/e6a738af741a51e161a8e8f791294cc68b07cb960695b0c61a071e412a6975edede38c3318a1b364eea45c50799402fcad8e096eca9b85c442dae0e8656fe85a-primary.xml.gz?eyJhbGciOiJIUzI1NiJ9.eyJqdGkiOiI3bnFkRkRpelYxcWFkUzk5akgtYVpnIiwiZXhwIjoxNzk5OTM3NjM5LCJpYXQiOjE3Njg0MDE2MzksIm5iZiI6MTc2ODQwMTUxOSwib3JnIjoxLCJvbmx5Q2hhbm5lbHMiOlsiZmFrZS1ycG0tc3VzZS1jaGFubmVsIl19.ECw4wVEV_HKZjt9_DNR6v60LAJvHGmFW_rXEOlMvaSI HTTP/1.1" 200 3664
172.16.3.7 - - [14/Jan/2026:15:40:48 +0100] "HEAD /rhn/manager/download/fake-rpm-suse-channel/repodata/4265c37a4258c7ec3ffb0407ebee44404e3ef332947485981a0d05618ad65760daae226dfb51e08266af0a81e427ebd3e75f697fc78bdc613eee8558c585d840-susedata.xml.gz?eyJhbGciOiJIUzI1NiJ9.eyJqdGkiOiI3bnFkRkRpelYxcWFkUzk5akgtYVpnIiwiZXhwIjoxNzk5OTM3NjM5LCJpYXQiOjE3Njg0MDE2MzksIm5iZiI6MTc2ODQwMTUxOSwib3JnIjoxLCJvbmx5Q2hhbm5lbHMiOlsiZmFrZS1ycG0tc3VzZS1jaGFubmVsIl19.ECw4wVEV_HKZjt9_DNR6v60LAJvHGmFW_rXEOlMvaSI HTTP/1.1" 200 -
172.16.3.7 - - [14/Jan/2026:15:40:48 +0100] "GET /rhn/manager/download/fake-rpm-suse-channel/repodata/4265c37a4258c7ec3ffb0407ebee44404e3ef332947485981a0d05618ad65760daae226dfb51e08266af0a81e427ebd3e75f697fc78bdc613eee8558c585d840-susedata.xml.gz?eyJhbGciOiJIUzI1NiJ9.eyJqdGkiOiI3bnFkRkRpelYxcWFkUzk5akgtYVpnIiwiZXhwIjoxNzk5OTM3NjM5LCJpYXQiOjE3Njg0MDE2MzksIm5iZiI6MTc2ODQwMTUxOSwib3JnIjoxLCJvbmx5Q2hhbm5lbHMiOlsiZmFrZS1ycG0tc3VzZS1jaGFubmVsIl19.ECw4wVEV_HKZjt9_DNR6v60LAJvHGmFW_rXEOlMvaSI HTTP/1.1" 200 3664
172.16.3.7 - - [14/Jan/2026:15:40:48 +0100] "HEAD /rhn/manager/download/fake-rpm-suse-channel/repodata/3b0ec649eb06208f664dc738be9e4ba4e0ffe7dd7ca7374fcaf8a5fadf52a7e38e3ab5fb5938405c33df69db53231137406dcc717dae9a40eb7c65166bc22837-updateinfo.xml.gz?eyJhbGciOiJIUzI1NiJ9.eyJqdGkiOiI3bnFkRkRpelYxcWFkUzk5akgtYVpnIiwiZXhwIjoxNzk5OTM3NjM5LCJpYXQiOjE3Njg0MDE2MzksIm5iZiI6MTc2ODQwMTUxOSwib3JnIjoxLCJvbmx5Q2hhbm5lbHMiOlsiZmFrZS1ycG0tc3VzZS1jaGFubmVsIl19.ECw4wVEV_HKZjt9_DNR6v60LAJvHGmFW_rXEOlMvaSI HTTP/1.1" 200 -
172.16.3.5 - - [14/Jan/2026:15:40:48 +0100] "POST /rhn/manager/api/sets/system_list HTTP/1.1" 200 1
172.16.3.7 - - [14/Jan/2026:15:40:48 +0100] "GET /rhn/manager/download/fake-rpm-suse-channel/repodata/3b0ec649eb06208f664dc738be9e4ba4e0ffe7dd7ca7374fcaf8a5fadf52a7e38e3ab5fb5938405c33df69db53231137406dcc717dae9a40eb7c65166bc22837-updateinfo.xml.gz?eyJhbGciOiJIUzI1NiJ9.eyJqdGkiOiI3bnFkRkRpelYxcWFkUzk5akgtYVpnIiwiZXhwIjoxNzk5OTM3NjM5LCJpYXQiOjE3Njg0MDE2MzksIm5iZiI6MTc2ODQwMTUxOSwib3JnIjoxLCJvbmx5Q2hhbm5lbHMiOlsiZmFrZS1ycG0tc3VzZS1jaGFubmVsIl19.ECw4wVEV_HKZjt9_DNR6v60LAJvHGmFW_rXEOlMvaSI HTTP/1.1" 200 3664
172.16.3.7 - - [14/Jan/2026:15:40:48 +0100] "HEAD /rhn/manager/download/opensuse_tumbleweed-uyuni-client-devel-x86_64/repodata/repomd.xml?eyJhbGciOiJIUzI1NiJ9.eyJqdGkiOiJhYlhvQnFGamdkUWR3T0MzTzNDQmJnIiwiZXhwIjoxNzk5OTM3NjM5LCJpYXQiOjE3Njg0MDE2MzksIm5iZiI6MTc2ODQwMTUxOSwib3JnIjoxLCJvbmx5Q2hhbm5lbHMiOlsib3BlbnN1c2VfdHVtYmxld2VlZC11eXVuaS1jbGllbnQtZGV2ZWwteDg2XzY0Il19.QLsgGi6r1WFXqdgdIesrXCy0_KYL1q7RcLV8tAJUyDc HTTP/1.1" 200 -
172.16.3.7 - - [14/Jan/2026:15:40:48 +0100] "HEAD /rhn/manager/download/opensuse_tumbleweed-uyuni-client-devel-x86_64/media.1/media?eyJhbGciOiJIUzI1NiJ9.eyJqdGkiOiJhYlhvQnFGamdkUWR3T0MzTzNDQmJnIiwiZXhwIjoxNzk5OTM3NjM5LCJpYXQiOjE3Njg0MDE2MzksIm5iZiI6MTc2ODQwMTUxOSwib3JnIjoxLCJvbmx5Q2hhbm5lbHMiOlsib3BlbnN1c2VfdHVtYmxld2VlZC11eXVuaS1jbGllbnQtZGV2ZWwteDg2XzY0Il19.QLsgGi6r1WFXqdgdIesrXCy0_KYL1q7RcLV8tAJUyDc HTTP/1.1" 404 -
172.16.3.7 - - [14/Jan/2026:15:40:48 +0100] "HEAD /rhn/manager/download/opensuse_tumbleweed-uyuni-client-devel-x86_64/repodata/repomd.xml?eyJhbGciOiJIUzI1NiJ9.eyJqdGkiOiJhYlhvQnFGamdkUWR3T0MzTzNDQmJnIiwiZXhwIjoxNzk5OTM3NjM5LCJpYXQiOjE3Njg0MDE2MzksIm5iZiI6MTc2ODQwMTUxOSwib3JnIjoxLCJvbmx5Q2hhbm5lbHMiOlsib3BlbnN1c2VfdHVtYmxld2VlZC11eXVuaS1jbGllbnQtZGV2ZWwteDg2XzY0Il19.QLsgGi6r1WFXqdgdIesrXCy0_KYL1q7RcLV8tAJUyDc HTTP/1.1" 200 -
172.16.3.7 - - [14/Jan/2026:15:40:48 +0100] "GET /rhn/manager/download/opensuse_tumbleweed-uyuni-client-devel-x86_64/repodata/repomd.xml?eyJhbGciOiJIUzI1NiJ9.eyJqdGkiOiJhYlhvQnFGamdkUWR3T0MzTzNDQmJnIiwiZXhwIjoxNzk5OTM3NjM5LCJpYXQiOjE3Njg0MDE2MzksIm5iZiI6MTc2ODQwMTUxOSwib3JnIjoxLCJvbmx5Q2hhbm5lbHMiOlsib3BlbnN1c2VfdHVtYmxld2VlZC11eXVuaS1jbGllbnQtZGV2ZWwteDg2XzY0Il19.QLsgGi6r1WFXqdgdIesrXCy0_KYL1q7RcLV8tAJUyDc HTTP/1.1" 200 3664
172.16.3.7 - - [14/Jan/2026:15:40:48 +0100] "HEAD /rhn/manager/download/opensuse_tumbleweed-uyuni-client-devel-x86_64/repodata/repomd.xml.asc?eyJhbGciOiJIUzI1NiJ9.eyJqdGkiOiJhYlhvQnFGamdkUWR3T0MzTzNDQmJnIiwiZXhwIjoxNzk5OTM3NjM5LCJpYXQiOjE3Njg0MDE2MzksIm5iZiI6MTc2ODQwMTUxOSwib3JnIjoxLCJvbmx5Q2hhbm5lbHMiOlsib3BlbnN1c2VfdHVtYmxld2VlZC11eXVuaS1jbGllbnQtZGV2ZWwteDg2XzY0Il19.QLsgGi6r1WFXqdgdIesrXCy0_KYL1q7RcLV8tAJUyDc HTTP/1.1" 404 -
172.16.3.7 - - [14/Jan/2026:15:40:48 +0100] "HEAD /rhn/manager/download/opensuse_tumbleweed-uyuni-client-devel-x86_64/repodata/b396cd07f25693057d64d695af7bd7fa7e5c794f8ff7abaaa6441cd640849afe4420b3291dfea4439f9b886a90ff9f8f186a4c25cefbbc403b7001c0f814a2ce-primary.xml.gz?eyJhbGciOiJIUzI1NiJ9.eyJqdGkiOiJhYlhvQnFGamdkUWR3T0MzTzNDQmJnIiwiZXhwIjoxNzk5OTM3NjM5LCJpYXQiOjE3Njg0MDE2MzksIm5iZiI6MTc2ODQwMTUxOSwib3JnIjoxLCJvbmx5Q2hhbm5lbHMiOlsib3BlbnN1c2VfdHVtYmxld2VlZC11eXVuaS1jbGllbnQtZGV2ZWwteDg2XzY0Il19.QLsgGi6r1WFXqdgdIesrXCy0_KYL1q7RcLV8tAJUyDc HTTP/1.1" 200 -
172.16.3.7 - - [14/Jan/2026:15:40:48 +0100] "GET /rhn/manager/download/opensuse_tumbleweed-uyuni-client-devel-x86_64/repodata/b396cd07f25693057d64d695af7bd7fa7e5c794f8ff7abaaa6441cd640849afe4420b3291dfea4439f9b886a90ff9f8f186a4c25cefbbc403b7001c0f814a2ce-primary.xml.gz?eyJhbGciOiJIUzI1NiJ9.eyJqdGkiOiJhYlhvQnFGamdkUWR3T0MzTzNDQmJnIiwiZXhwIjoxNzk5OTM3NjM5LCJpYXQiOjE3Njg0MDE2MzksIm5iZiI6MTc2ODQwMTUxOSwib3JnIjoxLCJvbmx5Q2hhbm5lbHMiOlsib3BlbnN1c2VfdHVtYmxld2VlZC11eXVuaS1jbGllbnQtZGV2ZWwteDg2XzY0Il19.QLsgGi6r1WFXqdgdIesrXCy0_KYL1q7RcLV8tAJUyDc HTTP/1.1" 200 3664
172.16.3.7 - - [14/Jan/2026:15:40:48 +0100] "HEAD /rhn/manager/download/opensuse_tumbleweed-uyuni-client-devel-x86_64/repodata/edea975e521d321fe79560b1203c950a6f2f1e316d8bd2c13a4fc5953bdbbcdd762265df3fc57f3cd10c9fff1d8f8e436d8a9835a81cd7ea13aa0c33f9d30034-susedata.xml.gz?eyJhbGciOiJIUzI1NiJ9.eyJqdGkiOiJhYlhvQnFGamdkUWR3T0MzTzNDQmJnIiwiZXhwIjoxNzk5OTM3NjM5LCJpYXQiOjE3Njg0MDE2MzksIm5iZiI6MTc2ODQwMTUxOSwib3JnIjoxLCJvbmx5Q2hhbm5lbHMiOlsib3BlbnN1c2VfdHVtYmxld2VlZC11eXVuaS1jbGllbnQtZGV2ZWwteDg2XzY0Il19.QLsgGi6r1WFXqdgdIesrXCy0_KYL1q7RcLV8tAJUyDc HTTP/1.1" 200 -
172.16.3.7 - - [14/Jan/2026:15:40:48 +0100] "GET /rhn/manager/download/opensuse_tumbleweed-uyuni-client-devel-x86_64/repodata/edea975e521d321fe79560b1203c950a6f2f1e316d8bd2c13a4fc5953bdbbcdd762265df3fc57f3cd10c9fff1d8f8e436d8a9835a81cd7ea13aa0c33f9d30034-susedata.xml.gz?eyJhbGciOiJIUzI1NiJ9.eyJqdGkiOiJhYlhvQnFGamdkUWR3T0MzTzNDQmJnIiwiZXhwIjoxNzk5OTM3NjM5LCJpYXQiOjE3Njg0MDE2MzksIm5iZiI6MTc2ODQwMTUxOSwib3JnIjoxLCJvbmx5Q2hhbm5lbHMiOlsib3BlbnN1c2VfdHVtYmxld2VlZC11eXVuaS1jbGllbnQtZGV2ZWwteDg2XzY0Il19.QLsgGi6r1WFXqdgdIesrXCy0_KYL1q7RcLV8tAJUyDc HTTP/1.1" 200 3664
172.16.3.7 - - [14/Jan/2026:15:40:48 +0100] "HEAD /rhn/manager/download/opensuse_tumbleweed-x86_64/repodata/repomd.xml?eyJhbGciOiJIUzI1NiJ9.eyJqdGkiOiJuTHpzTkpQYktfZ3hSZXZ2RjlkZkZnIiwiZXhwIjoxNzk5OTM3NjM5LCJpYXQiOjE3Njg0MDE2MzksIm5iZiI6MTc2ODQwMTUxOSwib3JnIjoxLCJvbmx5Q2hhbm5lbHMiOlsib3BlbnN1c2VfdHVtYmxld2VlZC14ODZfNjQiXX0.V8lXAIyiu51AdPM8L_xjCqwF8wwpS8EWkqfzcbBuQn0 HTTP/1.1" 200 -
172.16.3.7 - - [14/Jan/2026:15:40:48 +0100] "HEAD /rhn/manager/download/opensuse_tumbleweed-x86_64/media.1/media?eyJhbGciOiJIUzI1NiJ9.eyJqdGkiOiJuTHpzTkpQYktfZ3hSZXZ2RjlkZkZnIiwiZXhwIjoxNzk5OTM3NjM5LCJpYXQiOjE3Njg0MDE2MzksIm5iZiI6MTc2ODQwMTUxOSwib3JnIjoxLCJvbmx5Q2hhbm5lbHMiOlsib3BlbnN1c2VfdHVtYmxld2VlZC14ODZfNjQiXX0.V8lXAIyiu51AdPM8L_xjCqwF8wwpS8EWkqfzcbBuQn0 HTTP/1.1" 404 -
172.16.3.7 - - [14/Jan/2026:15:40:48 +0100] "HEAD /rhn/manager/download/opensuse_tumbleweed-x86_64/repodata/repomd.xml?eyJhbGciOiJIUzI1NiJ9.eyJqdGkiOiJuTHpzTkpQYktfZ3hSZXZ2RjlkZkZnIiwiZXhwIjoxNzk5OTM3NjM5LCJpYXQiOjE3Njg0MDE2MzksIm5iZiI6MTc2ODQwMTUxOSwib3JnIjoxLCJvbmx5Q2hhbm5lbHMiOlsib3BlbnN1c2VfdHVtYmxld2VlZC14ODZfNjQiXX0.V8lXAIyiu51AdPM8L_xjCqwF8wwpS8EWkqfzcbBuQn0 HTTP/1.1" 200 -
172.16.3.7 - - [14/Jan/2026:15:40:48 +0100] "GET /rhn/manager/download/opensuse_tumbleweed-x86_64/repodata/repomd.xml?eyJhbGciOiJIUzI1NiJ9.eyJqdGkiOiJuTHpzTkpQYktfZ3hSZXZ2RjlkZkZnIiwiZXhwIjoxNzk5OTM3NjM5LCJpYXQiOjE3Njg0MDE2MzksIm5iZiI6MTc2ODQwMTUxOSwib3JnIjoxLCJvbmx5Q2hhbm5lbHMiOlsib3BlbnN1c2VfdHVtYmxld2VlZC14ODZfNjQiXX0.V8lXAIyiu51AdPM8L_xjCqwF8wwpS8EWkqfzcbBuQn0 HTTP/1.1" 200 3664
172.16.3.7 - - [14/Jan/2026:15:40:48 +0100] "HEAD /rhn/manager/download/opensuse_tumbleweed-x86_64/repodata/repomd.xml.asc?eyJhbGciOiJIUzI1NiJ9.eyJqdGkiOiJuTHpzTkpQYktfZ3hSZXZ2RjlkZkZnIiwiZXhwIjoxNzk5OTM3NjM5LCJpYXQiOjE3Njg0MDE2MzksIm5iZiI6MTc2ODQwMTUxOSwib3JnIjoxLCJvbmx5Q2hhbm5lbHMiOlsib3BlbnN1c2VfdHVtYmxld2VlZC14ODZfNjQiXX0.V8lXAIyiu51AdPM8L_xjCqwF8wwpS8EWkqfzcbBuQn0 HTTP/1.1" 404 -
172.16.3.7 - - [14/Jan/2026:15:40:48 +0100] "HEAD /rhn/manager/download/opensuse_tumbleweed-x86_64/repodata/6857f50c351c332b151e935042c977e94668a240b90326a286c3d78d06f8bb0aa508d7dfc45b41a537f6cb8b716411772101a80299c453a659ae6ab777617916-primary.xml.gz?eyJhbGciOiJIUzI1NiJ9.eyJqdGkiOiJuTHpzTkpQYktfZ3hSZXZ2RjlkZkZnIiwiZXhwIjoxNzk5OTM3NjM5LCJpYXQiOjE3Njg0MDE2MzksIm5iZiI6MTc2ODQwMTUxOSwib3JnIjoxLCJvbmx5Q2hhbm5lbHMiOlsib3BlbnN1c2VfdHVtYmxld2VlZC14ODZfNjQiXX0.V8lXAIyiu51AdPM8L_xjCqwF8wwpS8EWkqfzcbBuQn0 HTTP/1.1" 200 -
172.16.3.7 - - [14/Jan/2026:15:40:48 +0100] "GET /rhn/manager/download/opensuse_tumbleweed-x86_64/repodata/6857f50c351c332b151e935042c977e94668a240b90326a286c3d78d06f8bb0aa508d7dfc45b41a537f6cb8b716411772101a80299c453a659ae6ab777617916-primary.xml.gz?eyJhbGciOiJIUzI1NiJ9.eyJqdGkiOiJuTHpzTkpQYktfZ3hSZXZ2RjlkZkZnIiwiZXhwIjoxNzk5OTM3NjM5LCJpYXQiOjE3Njg0MDE2MzksIm5iZiI6MTc2ODQwMTUxOSwib3JnIjoxLCJvbmx5Q2hhbm5lbHMiOlsib3BlbnN1c2VfdHVtYmxld2VlZC14ODZfNjQiXX0.V8lXAIyiu51AdPM8L_xjCqwF8wwpS8EWkqfzcbBuQn0 HTTP/1.1" 200 3664
172.16.3.7 - - [14/Jan/2026:15:40:49 +0100] "HEAD /rhn/manager/download/opensuse_tumbleweed-x86_64/repodata/59e6ae461b16a296239ef01c0b287e4ab5586e2b589f72ce33719a10b37bada12cfad93aa13c07b7aac1945185beee1f0f5e28b91855ac62ce0b19106960e4a2-susedata.xml.gz?eyJhbGciOiJIUzI1NiJ9.eyJqdGkiOiJuTHpzTkpQYktfZ3hSZXZ2RjlkZkZnIiwiZXhwIjoxNzk5OTM3NjM5LCJpYXQiOjE3Njg0MDE2MzksIm5iZiI6MTc2ODQwMTUxOSwib3JnIjoxLCJvbmx5Q2hhbm5lbHMiOlsib3BlbnN1c2VfdHVtYmxld2VlZC14ODZfNjQiXX0.V8lXAIyiu51AdPM8L_xjCqwF8wwpS8EWkqfzcbBuQn0 HTTP/1.1" 200 -
172.16.3.7 - - [14/Jan/2026:15:40:49 +0100] "GET /rhn/manager/download/opensuse_tumbleweed-x86_64/repodata/59e6ae461b16a296239ef01c0b287e4ab5586e2b589f72ce33719a10b37bada12cfad93aa13c07b7aac1945185beee1f0f5e28b91855ac62ce0b19106960e4a2-susedata.xml.gz?eyJhbGciOiJIUzI1NiJ9.eyJqdGkiOiJuTHpzTkpQYktfZ3hSZXZ2RjlkZkZnIiwiZXhwIjoxNzk5OTM3NjM5LCJpYXQiOjE3Njg0MDE2MzksIm5iZiI6MTc2ODQwMTUxOSwib3JnIjoxLCJvbmx5Q2hhbm5lbHMiOlsib3BlbnN1c2VfdHVtYmxld2VlZC14ODZfNjQiXX0.V8lXAIyiu51AdPM8L_xjCqwF8wwpS8EWkqfzcbBuQn0 HTTP/1.1" 200 3664
172.16.3.5 - - [14/Jan/2026:15:40:54 +0100] "GET /rhn/manager/systems/list/all HTTP/1.1" 200 34233
172.16.3.5 - - [14/Jan/2026:15:40:54 +0100] "POST /rhn/manager/frontend-log HTTP/1.1" 200 16
127.0.0.1 - - [14/Jan/2026:15:40:54 +0100] "GET /rhn/websocket/notifications HTTP/1.1" 101 -
172.16.3.5 - - [14/Jan/2026:15:40:54 +0100] "POST /rhn/manager/frontend-log HTTP/1.1" 200 16
127.0.0.1 - - [14/Jan/2026:15:40:55 +0100] "GET /rhn/websocket/notifications HTTP/1.1" 101 -
172.16.3.5 - - [14/Jan/2026:15:40:55 +0100] "GET /rhn/manager/api/systems/list/all?p=1&ps=100&s=1&sc=server_name HTTP/1.1" 200 789
172.16.3.5 - - [14/Jan/2026:15:40:55 +0100] "POST /rhn/manager/api/sets/system_list HTTP/1.1" 200 1
172.16.3.5 - - [14/Jan/2026:15:40:57 +0100] "GET /rhn/manager/systems/list/all HTTP/1.1" 200 34233
172.16.3.5 - - [14/Jan/2026:15:40:57 +0100] "POST /rhn/manager/frontend-log HTTP/1.1" 200 16
127.0.0.1 - - [14/Jan/2026:15:40:57 +0100] "GET /rhn/websocket/notifications HTTP/1.1" 101 -
172.16.3.5 - - [14/Jan/2026:15:40:57 +0100] "POST /rhn/manager/frontend-log HTTP/1.1" 200 16
127.0.0.1 - - [14/Jan/2026:15:40:57 +0100] "GET /rhn/websocket/notifications HTTP/1.1" 101 -
172.16.3.5 - - [14/Jan/2026:15:40:58 +0100] "GET /rhn/manager/api/systems/list/all?p=1&ps=100&s=1&sc=server_name HTTP/1.1" 200 789
172.16.3.5 - - [14/Jan/2026:15:40:58 +0100] "POST /rhn/manager/api/sets/system_list HTTP/1.1" 200 1
172.16.3.5 - - [14/Jan/2026:15:41:01 +0100] "POST /rhn/manager/api/auth/login HTTP/1.1" 200 16
172.16.3.5 - - [14/Jan/2026:15:41:01 +0100] "POST /rhn/manager/api/system/searchByName HTTP/1.1" 200 28
172.16.3.5 - - [14/Jan/2026:15:41:01 +0100] "GET /rhn/manager/api/auth/logout HTTP/1.1" 200 16
172.16.3.5 - - [14/Jan/2026:15:41:06 +0100] "POST /rhn/manager/api/auth/login HTTP/1.1" 200 16
172.16.3.5 - - [14/Jan/2026:15:41:06 +0100] "POST /rhn/manager/api/system/searchByName HTTP/1.1" 200 157
172.16.3.5 - - [14/Jan/2026:15:41:06 +0100] "GET /rhn/manager/api/auth/logout HTTP/1.1" 200 16
::1 - - [14/Jan/2026:15:41:07 +0100] "GET /rhn/manager/login HTTP/1.1" 302 -
172.16.3.5 - - [14/Jan/2026:15:41:08 +0100] "GET /rhn/manager/systems/list/all HTTP/1.1" 200 34233
172.16.3.5 - - [14/Jan/2026:15:41:08 +0100] "POST /rhn/manager/frontend-log HTTP/1.1" 200 16
127.0.0.1 - - [14/Jan/2026:15:41:08 +0100] "GET /rhn/websocket/notifications HTTP/1.1" 101 -
172.16.3.5 - - [14/Jan/2026:15:41:08 +0100] "POST /rhn/manager/frontend-log HTTP/1.1" 200 16
127.0.0.1 - - [14/Jan/2026:15:41:08 +0100] "GET /rhn/websocket/notifications HTTP/1.1" 101 -
172.16.3.5 - - [14/Jan/2026:15:41:08 +0100] "GET /rhn/manager/api/systems/list/all?p=1&ps=100&s=1&sc=server_name HTTP/1.1" 200 2344
172.16.3.5 - - [14/Jan/2026:15:41:09 +0100] "POST /rhn/manager/api/sets/system_list HTTP/1.1" 200 1
172.16.3.5 - - [14/Jan/2026:15:41:09 +0100] "POST /rhn/manager/api/auth/login HTTP/1.1" 200 16
172.16.3.5 - - [14/Jan/2026:15:41:09 +0100] "POST /rhn/manager/api/system/searchByName HTTP/1.1" 200 28
172.16.3.5 - - [14/Jan/2026:15:41:09 +0100] "GET /rhn/manager/api/auth/logout HTTP/1.1" 200 16
172.16.3.5 - - [14/Jan/2026:15:41:11 +0100] "GET /rhn/manager/systems/list/all HTTP/1.1" 200 34233
172.16.3.5 - - [14/Jan/2026:15:41:11 +0100] "POST /rhn/manager/frontend-log HTTP/1.1" 200 16
127.0.0.1 - - [14/Jan/2026:15:41:11 +0100] "GET /rhn/websocket/notifications HTTP/1.1" 101 -
172.16.3.5 - - [14/Jan/2026:15:41:11 +0100] "POST /rhn/manager/frontend-log HTTP/1.1" 200 16
127.0.0.1 - - [14/Jan/2026:15:41:11 +0100] "GET /rhn/websocket/notifications HTTP/1.1" 101 -
172.16.3.5 - - [14/Jan/2026:15:41:11 +0100] "GET /rhn/manager/api/systems/list/all?p=1&ps=100&s=1&sc=server_name HTTP/1.1" 200 2344
172.16.3.5 - - [14/Jan/2026:15:41:12 +0100] "POST /rhn/manager/api/sets/system_list HTTP/1.1" 200 1
172.16.3.5 - - [14/Jan/2026:15:41:13 +0100] "POST /rhn/manager/api/auth/login HTTP/1.1" 200 16
172.16.3.5 - - [14/Jan/2026:15:41:14 +0100] "POST /rhn/manager/api/system/searchByName HTTP/1.1" 200 28
172.16.3.5 - - [14/Jan/2026:15:41:14 +0100] "GET /rhn/manager/api/auth/logout HTTP/1.1" 200 16
172.16.3.5 - - [14/Jan/2026:15:41:18 +0100] "GET /rhn/manager/systems/list/all HTTP/1.1" 200 34233
127.0.0.1 - - [14/Jan/2026:15:41:19 +0100] "GET /rhn/websocket/notifications HTTP/1.1" 101 -
172.16.3.5 - - [14/Jan/2026:15:41:19 +0100] "POST /rhn/manager/frontend-log HTTP/1.1" 200 16
172.16.3.5 - - [14/Jan/2026:15:41:19 +0100] "GET /rhn/manager/api/systems/list/all?p=1&ps=100&s=1&sc=server_name HTTP/1.1" 200 2344
172.16.3.5 - - [14/Jan/2026:15:41:19 +0100] "POST /rhn/manager/api/sets/system_list HTTP/1.1" 200 1
172.16.3.5 - - [14/Jan/2026:15:41:20 +0100] "GET /rhn/systems/details/Overview.do?sid=1000010002 HTTP/1.1" 200 42334
127.0.0.1 - - [14/Jan/2026:15:41:20 +0100] "GET /rhn/websocket/notifications HTTP/1.1" 101 -
172.16.3.5 - - [14/Jan/2026:15:41:20 +0100] "POST /rhn/manager/frontend-log HTTP/1.1" 200 16
172.16.3.5 - - [14/Jan/2026:15:41:20 +0100] "GET /rhn/systems/details/history/Pending.do?sid=1000010002& HTTP/1.1" 200 40416
127.0.0.1 - - [14/Jan/2026:15:41:20 +0100] "GET /rhn/websocket/notifications HTTP/1.1" 101 -
172.16.3.5 - - [14/Jan/2026:15:41:20 +0100] "POST /rhn/manager/frontend-log HTTP/1.1" 200 16
172.16.3.5 - - [14/Jan/2026:15:41:21 +0100] "GET /rhn/systems/details/history/Pending.do?sid=1000010002& HTTP/1.1" 200 40416
127.0.0.1 - - [14/Jan/2026:15:41:21 +0100] "GET /rhn/websocket/notifications HTTP/1.1" 101 -
172.16.3.5 - - [14/Jan/2026:15:41:21 +0100] "POST /rhn/manager/frontend-log HTTP/1.1" 200 16
172.16.3.5 - - [14/Jan/2026:15:41:21 +0100] "GET /rhn/systems/details/history/History.do?sid=1000010002& HTTP/1.1" 200 42352
127.0.0.1 - - [14/Jan/2026:15:41:21 +0100] "GET /rhn/websocket/notifications HTTP/1.1" 101 -
172.16.3.5 - - [14/Jan/2026:15:41:21 +0100] "POST /rhn/manager/frontend-log HTTP/1.1" 200 16
172.16.3.5 - - [14/Jan/2026:15:41:22 +0100] "GET /rhn/manager/systems/list/all HTTP/1.1" 200 34233
127.0.0.1 - - [14/Jan/2026:15:41:22 +0100] "GET /rhn/websocket/notifications HTTP/1.1" 101 -
172.16.3.5 - - [14/Jan/2026:15:41:22 +0100] "POST /rhn/manager/frontend-log HTTP/1.1" 200 16
172.16.3.5 - - [14/Jan/2026:15:41:22 +0100] "GET /rhn/systems/details/history/Event.do?sid=1000010002&aid=11 HTTP/1.1" 200 43704
127.0.0.1 - - [14/Jan/2026:15:41:22 +0100] "GET /rhn/websocket/notifications HTTP/1.1" 101 -
172.16.3.5 - - [14/Jan/2026:15:41:22 +0100] "POST /rhn/manager/frontend-log HTTP/1.1" 200 16
172.16.3.5 - - [14/Jan/2026:15:41:22 +0100] "GET /rhn/manager/api/systems/list/all?p=1&ps=100&s=1&sc=server_name HTTP/1.1" 200 2344
172.16.3.5 - - [14/Jan/2026:15:41:22 +0100] "POST /rhn/manager/api/sets/system_list HTTP/1.1" 200 1
172.16.3.5 - - [14/Jan/2026:15:41:23 +0100] "GET /rhn/systems/details/history/Pending.do?sid=1000010002& HTTP/1.1" 200 40416
127.0.0.1 - - [14/Jan/2026:15:41:23 +0100] "GET /rhn/websocket/notifications HTTP/1.1" 101 -
172.16.3.5 - - [14/Jan/2026:15:41:23 +0100] "POST /rhn/manager/frontend-log HTTP/1.1" 200 16
172.16.3.5 - - [14/Jan/2026:15:41:23 +0100] "GET /rhn/systems/details/Overview.do?sid=1000010001 HTTP/1.1" 200 43999
172.16.3.5 - - [14/Jan/2026:15:41:23 +0100] "GET /rhn/systems/details/history/Pending.do?sid=1000010002& HTTP/1.1" 200 40416
127.0.0.1 - - [14/Jan/2026:15:41:23 +0100] "GET /rhn/websocket/notifications HTTP/1.1" 101 -
172.16.3.5 - - [14/Jan/2026:15:41:23 +0100] "POST /rhn/manager/frontend-log HTTP/1.1" 200 16
127.0.0.1 - - [14/Jan/2026:15:41:23 +0100] "GET /rhn/websocket/notifications HTTP/1.1" 101 -
172.16.3.5 - - [14/Jan/2026:15:41:23 +0100] "POST /rhn/manager/frontend-log HTTP/1.1" 200 16
172.16.3.5 - - [14/Jan/2026:15:41:24 +0100] "POST /rhn/manager/api/auth/login HTTP/1.1" 200 16
172.16.3.5 - - [14/Jan/2026:15:41:24 +0100] "GET /rhn/systems/details/history/Pending.do?sid=1000010001& HTTP/1.1" 200 40407
172.16.3.5 - - [14/Jan/2026:15:41:24 +0100] "POST /rhn/manager/api/system/searchByName HTTP/1.1" 200 28
127.0.0.1 - - [14/Jan/2026:15:41:24 +0100] "GET /rhn/websocket/notifications HTTP/1.1" 101 -
172.16.3.5 - - [14/Jan/2026:15:41:24 +0100] "POST /rhn/manager/frontend-log HTTP/1.1" 200 16
172.16.3.5 - - [14/Jan/2026:15:41:24 +0100] "GET /rhn/manager/api/auth/logout HTTP/1.1" 200 16
172.16.3.5 - - [14/Jan/2026:15:41:24 +0100] "GET /rhn/systems/details/history/Pending.do?sid=1000010001& HTTP/1.1" 200 40407
172.16.3.5 - - [14/Jan/2026:15:41:25 +0100] "POST /rhn/manager/frontend-log HTTP/1.1" 200 16
127.0.0.1 - - [14/Jan/2026:15:41:25 +0100] "GET /rhn/websocket/notifications HTTP/1.1" 101 -
172.16.3.5 - - [14/Jan/2026:15:41:25 +0100] "GET /rhn/systems/details/history/History.do?sid=1000010001& HTTP/1.1" 200 42422
127.0.0.1 - - [14/Jan/2026:15:41:25 +0100] "GET /rhn/websocket/notifications HTTP/1.1" 101 -
172.16.3.5 - - [14/Jan/2026:15:41:25 +0100] "POST /rhn/manager/frontend-log HTTP/1.1" 200 16
172.16.3.5 - - [14/Jan/2026:15:41:26 +0100] "GET /rhn/systems/details/history/Event.do?sid=1000010001&aid=8 HTTP/1.1" 200 46607
127.0.0.1 - - [14/Jan/2026:15:41:26 +0100] "GET /rhn/websocket/notifications HTTP/1.1" 101 -
172.16.3.5 - - [14/Jan/2026:15:41:26 +0100] "POST /rhn/manager/frontend-log HTTP/1.1" 200 16
172.16.3.5 - - [14/Jan/2026:15:41:27 +0100] "GET /rhn/systems/details/history/Pending.do?sid=1000010001& HTTP/1.1" 200 40407
127.0.0.1 - - [14/Jan/2026:15:41:27 +0100] "GET /rhn/websocket/notifications HTTP/1.1" 101 -
172.16.3.5 - - [14/Jan/2026:15:41:27 +0100] "POST /rhn/manager/frontend-log HTTP/1.1" 200 16
