172.16.3.5 - - [14/Jan/2026:15:25:57 +0100] "GET /rhn/manager/api/channel/software/getDetails?channelLabel=sle-module-devtools15-sp7-pool-x86_64 HTTP/1.1" 200 1142
172.16.3.5 - - [14/Jan/2026:15:25:58 +0100] "GET /rhn/manager/api/auth/logout HTTP/1.1" 200 16
172.16.3.5 - - [14/Jan/2026:15:26:08 +0100] "POST /rhn/manager/api/auth/login HTTP/1.1" 200 16
172.16.3.5 - - [14/Jan/2026:15:26:08 +0100] "GET /rhn/manager/api/channel/software/getDetails?channelLabel=sle-module-devtools15-sp7-updates-x86_64 HTTP/1.1" 200 1194
172.16.3.5 - - [14/Jan/2026:15:26:09 +0100] "GET /rhn/manager/api/auth/logout HTTP/1.1" 200 16
172.16.3.5 - - [14/Jan/2026:15:26:09 +0100] "POST /rhn/manager/api/auth/login HTTP/1.1" 200 16
172.16.3.5 - - [14/Jan/2026:15:26:09 +0100] "GET /rhn/manager/api/channel/software/getDetails?channelLabel=sle-module-devtools15-sp7-pool-x86_64 HTTP/1.1" 200 1142
172.16.3.5 - - [14/Jan/2026:15:26:09 +0100] "GET /rhn/manager/api/auth/logout HTTP/1.1" 200 16
172.16.3.5 - - [14/Jan/2026:15:26:19 +0100] "POST /rhn/manager/api/auth/login HTTP/1.1" 200 16
172.16.3.5 - - [14/Jan/2026:15:26:20 +0100] "GET /rhn/manager/api/channel/software/getDetails?channelLabel=sle-module-devtools15-sp7-updates-x86_64 HTTP/1.1" 200 1194
172.16.3.5 - - [14/Jan/2026:15:26:20 +0100] "GET /rhn/manager/api/auth/logout HTTP/1.1" 200 16
172.16.3.5 - - [14/Jan/2026:15:26:20 +0100] "POST /rhn/manager/api/auth/login HTTP/1.1" 200 16
172.16.3.5 - - [14/Jan/2026:15:26:20 +0100] "GET /rhn/manager/api/channel/software/getDetails?channelLabel=sle-module-devtools15-sp7-pool-x86_64 HTTP/1.1" 200 1142
172.16.3.5 - - [14/Jan/2026:15:26:21 +0100] "GET /rhn/manager/api/auth/logout HTTP/1.1" 200 16
::1 - - [14/Jan/2026:15:26:21 +0100] "GET /rhn/manager/login HTTP/1.1" 302 -
172.16.3.5 - - [14/Jan/2026:15:26:31 +0100] "POST /rhn/manager/api/auth/login HTTP/1.1" 200 16
172.16.3.5 - - [14/Jan/2026:15:26:31 +0100] "GET /rhn/manager/api/channel/software/getDetails?channelLabel=sle-module-devtools15-sp7-updates-x86_64 HTTP/1.1" 200 1194
172.16.3.5 - - [14/Jan/2026:15:26:31 +0100] "GET /rhn/manager/api/auth/logout HTTP/1.1" 200 16
172.16.3.5 - - [14/Jan/2026:15:26:31 +0100] "POST /rhn/manager/api/auth/login HTTP/1.1" 200 16
172.16.3.5 - - [14/Jan/2026:15:26:32 +0100] "GET /rhn/manager/api/channel/software/getDetails?channelLabel=sle-module-devtools15-sp7-pool-x86_64 HTTP/1.1" 200 1142
172.16.3.5 - - [14/Jan/2026:15:26:32 +0100] "GET /rhn/manager/api/auth/logout HTTP/1.1" 200 16
172.16.3.5 - - [14/Jan/2026:15:26:42 +0100] "POST /rhn/manager/api/auth/login HTTP/1.1" 200 16
172.16.3.5 - - [14/Jan/2026:15:26:42 +0100] "GET /rhn/manager/api/channel/software/getDetails?channelLabel=sle-module-devtools15-sp7-updates-x86_64 HTTP/1.1" 200 1194
172.16.3.5 - - [14/Jan/2026:15:26:43 +0100] "GET /rhn/manager/api/auth/logout HTTP/1.1" 200 16
172.16.3.5 - - [14/Jan/2026:15:26:43 +0100] "POST /rhn/manager/api/auth/login HTTP/1.1" 200 16
172.16.3.5 - - [14/Jan/2026:15:26:43 +0100] "GET /rhn/manager/api/channel/software/getDetails?channelLabel=sle-module-devtools15-sp7-pool-x86_64 HTTP/1.1" 200 1142
172.16.3.5 - - [14/Jan/2026:15:26:43 +0100] "GET /rhn/manager/api/auth/logout HTTP/1.1" 200 16
172.16.3.5 - - [14/Jan/2026:15:26:53 +0100] "POST /rhn/manager/api/auth/login HTTP/1.1" 200 16
172.16.3.5 - - [14/Jan/2026:15:26:54 +0100] "GET /rhn/manager/api/channel/software/getDetails?channelLabel=sle-module-devtools15-sp7-updates-x86_64 HTTP/1.1" 200 1194
172.16.3.5 - - [14/Jan/2026:15:26:54 +0100] "GET /rhn/manager/api/auth/logout HTTP/1.1" 200 16
172.16.3.5 - - [14/Jan/2026:15:26:54 +0100] "POST /rhn/manager/api/auth/login HTTP/1.1" 200 16
172.16.3.5 - - [14/Jan/2026:15:26:54 +0100] "GET /rhn/manager/api/channel/software/getDetails?channelLabel=sle-module-devtools15-sp7-pool-x86_64 HTTP/1.1" 200 1142
172.16.3.5 - - [14/Jan/2026:15:26:54 +0100] "GET /rhn/manager/api/auth/logout HTTP/1.1" 200 16
172.16.3.5 - - [14/Jan/2026:15:27:04 +0100] "POST /rhn/manager/api/auth/login HTTP/1.1" 200 16
172.16.3.5 - - [14/Jan/2026:15:27:05 +0100] "GET /rhn/manager/api/channel/software/getDetails?channelLabel=sle-module-devtools15-sp7-updates-x86_64 HTTP/1.1" 200 1194
172.16.3.5 - - [14/Jan/2026:15:27:05 +0100] "GET /rhn/manager/api/auth/logout HTTP/1.1" 200 16
172.16.3.5 - - [14/Jan/2026:15:27:05 +0100] "POST /rhn/manager/api/auth/login HTTP/1.1" 200 16
172.16.3.5 - - [14/Jan/2026:15:27:05 +0100] "GET /rhn/manager/api/channel/software/getDetails?channelLabel=sle-module-devtools15-sp7-pool-x86_64 HTTP/1.1" 200 1142
172.16.3.5 - - [14/Jan/2026:15:27:06 +0100] "GET /rhn/manager/api/auth/logout HTTP/1.1" 200 16
172.16.3.5 - - [14/Jan/2026:15:27:16 +0100] "POST /rhn/manager/api/auth/login HTTP/1.1" 200 16
172.16.3.5 - - [14/Jan/2026:15:27:16 +0100] "GET /rhn/manager/api/channel/software/getDetails?channelLabel=sle-module-devtools15-sp7-updates-x86_64 HTTP/1.1" 200 1194
172.16.3.5 - - [14/Jan/2026:15:27:16 +0100] "GET /rhn/manager/api/auth/logout HTTP/1.1" 200 16
172.16.3.5 - - [14/Jan/2026:15:27:17 +0100] "POST /rhn/manager/api/auth/login HTTP/1.1" 200 16
172.16.3.5 - - [14/Jan/2026:15:27:17 +0100] "GET /rhn/manager/api/channel/software/getDetails?channelLabel=sle-module-devtools15-sp7-pool-x86_64 HTTP/1.1" 200 1142
172.16.3.5 - - [14/Jan/2026:15:27:17 +0100] "GET /rhn/manager/api/auth/logout HTTP/1.1" 200 16
::1 - - [14/Jan/2026:15:27:25 +0100] "GET /rhn/manager/login HTTP/1.1" 302 -
172.16.3.5 - - [14/Jan/2026:15:27:27 +0100] "POST /rhn/manager/api/auth/login HTTP/1.1" 200 16
172.16.3.5 - - [14/Jan/2026:15:27:27 +0100] "GET /rhn/manager/api/channel/software/getDetails?channelLabel=sle-module-devtools15-sp7-updates-x86_64 HTTP/1.1" 200 1194
172.16.3.5 - - [14/Jan/2026:15:27:28 +0100] "GET /rhn/manager/api/auth/logout HTTP/1.1" 200 16
172.16.3.5 - - [14/Jan/2026:15:27:28 +0100] "POST /rhn/manager/api/auth/login HTTP/1.1" 200 16
172.16.3.5 - - [14/Jan/2026:15:27:28 +0100] "GET /rhn/manager/api/channel/software/getDetails?channelLabel=sle-module-devtools15-sp7-pool-x86_64 HTTP/1.1" 200 1142
172.16.3.5 - - [14/Jan/2026:15:27:29 +0100] "GET /rhn/manager/api/auth/logout HTTP/1.1" 200 16
172.16.3.5 - - [14/Jan/2026:15:27:39 +0100] "POST /rhn/manager/api/auth/login HTTP/1.1" 200 16
172.16.3.5 - - [14/Jan/2026:15:27:39 +0100] "GET /rhn/manager/api/channel/software/getDetails?channelLabel=sle-module-devtools15-sp7-updates-x86_64 HTTP/1.1" 200 1194
172.16.3.5 - - [14/Jan/2026:15:27:40 +0100] "GET /rhn/manager/api/auth/logout HTTP/1.1" 200 16
172.16.3.5 - - [14/Jan/2026:15:27:40 +0100] "POST /rhn/manager/api/auth/login HTTP/1.1" 200 16
172.16.3.5 - - [14/Jan/2026:15:27:40 +0100] "GET /rhn/manager/api/channel/software/getDetails?channelLabel=sle-module-devtools15-sp7-pool-x86_64 HTTP/1.1" 200 1142
172.16.3.5 - - [14/Jan/2026:15:27:41 +0100] "GET /rhn/manager/api/auth/logout HTTP/1.1" 200 16
172.16.3.5 - - [14/Jan/2026:15:27:51 +0100] "POST /rhn/manager/api/auth/login HTTP/1.1" 200 16
172.16.3.5 - - [14/Jan/2026:15:27:51 +0100] "GET /rhn/manager/api/channel/software/getDetails?channelLabel=sle-module-devtools15-sp7-updates-x86_64 HTTP/1.1" 200 1194
172.16.3.5 - - [14/Jan/2026:15:27:51 +0100] "GET /rhn/manager/api/auth/logout HTTP/1.1" 200 16
172.16.3.5 - - [14/Jan/2026:15:27:51 +0100] "POST /rhn/manager/api/auth/login HTTP/1.1" 200 16
172.16.3.5 - - [14/Jan/2026:15:27:52 +0100] "GET /rhn/manager/api/channel/software/getDetails?channelLabel=sle-module-devtools15-sp7-pool-x86_64 HTTP/1.1" 200 1142
172.16.3.5 - - [14/Jan/2026:15:27:52 +0100] "GET /rhn/manager/api/auth/logout HTTP/1.1" 200 16
172.16.3.5 - - [14/Jan/2026:15:28:02 +0100] "POST /rhn/manager/api/auth/login HTTP/1.1" 200 16
172.16.3.5 - - [14/Jan/2026:15:28:02 +0100] "GET /rhn/manager/api/channel/software/getDetails?channelLabel=sle-module-devtools15-sp7-pool-x86_64 HTTP/1.1" 200 1142
172.16.3.5 - - [14/Jan/2026:15:28:02 +0100] "GET /rhn/manager/api/auth/logout HTTP/1.1" 200 16
172.16.3.5 - - [14/Jan/2026:15:28:12 +0100] "POST /rhn/manager/api/auth/login HTTP/1.1" 200 16
172.16.3.5 - - [14/Jan/2026:15:28:13 +0100] "GET /rhn/manager/api/channel/software/getDetails?channelLabel=sle-module-devtools15-sp7-pool-x86_64 HTTP/1.1" 200 1142
172.16.3.5 - - [14/Jan/2026:15:28:13 +0100] "GET /rhn/manager/api/auth/logout HTTP/1.1" 200 16
172.16.3.5 - - [14/Jan/2026:15:28:23 +0100] "POST /rhn/manager/api/auth/login HTTP/1.1" 200 16
172.16.3.5 - - [14/Jan/2026:15:28:23 +0100] "GET /rhn/manager/api/channel/software/getDetails?channelLabel=sle-module-devtools15-sp7-pool-x86_64 HTTP/1.1" 200 1142
172.16.3.5 - - [14/Jan/2026:15:28:23 +0100] "GET /rhn/manager/api/auth/logout HTTP/1.1" 200 16
::1 - - [14/Jan/2026:15:28:28 +0100] "GET /rhn/manager/login HTTP/1.1" 302 -
172.16.3.5 - - [14/Jan/2026:15:28:33 +0100] "POST /rhn/manager/api/auth/login HTTP/1.1" 200 16
172.16.3.5 - - [14/Jan/2026:15:28:33 +0100] "GET /rhn/manager/api/channel/software/getDetails?channelLabel=sle-module-devtools15-sp7-pool-x86_64 HTTP/1.1" 200 1142
172.16.3.5 - - [14/Jan/2026:15:28:34 +0100] "GET /rhn/manager/api/auth/logout HTTP/1.1" 200 16
172.16.3.5 - - [14/Jan/2026:15:28:44 +0100] "POST /rhn/manager/api/auth/login HTTP/1.1" 200 16
172.16.3.5 - - [14/Jan/2026:15:28:44 +0100] "GET /rhn/manager/api/channel/software/getDetails?channelLabel=sle-module-devtools15-sp7-pool-x86_64 HTTP/1.1" 200 1187
172.16.3.5 - - [14/Jan/2026:15:28:44 +0100] "GET /rhn/manager/api/auth/logout HTTP/1.1" 200 16
172.16.3.5 - - [14/Jan/2026:15:28:54 +0100] "POST /rhn/manager/api/auth/login HTTP/1.1" 200 16
172.16.3.5 - - [14/Jan/2026:15:28:54 +0100] "GET /rhn/manager/api/channel/software/getDetails?channelLabel=sle-module-devtools15-sp7-pool-x86_64 HTTP/1.1" 200 1187
172.16.3.5 - - [14/Jan/2026:15:28:54 +0100] "GET /rhn/manager/api/auth/logout HTTP/1.1" 200 16
172.16.3.5 - - [14/Jan/2026:15:29:04 +0100] "POST /rhn/manager/api/auth/login HTTP/1.1" 200 16
172.16.3.5 - - [14/Jan/2026:15:29:04 +0100] "GET /rhn/manager/api/channel/software/getDetails?channelLabel=sle-module-devtools15-sp7-pool-x86_64 HTTP/1.1" 200 1187
172.16.3.5 - - [14/Jan/2026:15:29:04 +0100] "GET /rhn/manager/api/auth/logout HTTP/1.1" 200 16
172.16.3.5 - - [14/Jan/2026:15:29:15 +0100] "POST /rhn/manager/api/auth/login HTTP/1.1" 200 16
172.16.3.5 - - [14/Jan/2026:15:29:15 +0100] "GET /rhn/manager/api/channel/software/getDetails?channelLabel=sle-module-devtools15-sp7-pool-x86_64 HTTP/1.1" 200 1187
172.16.3.5 - - [14/Jan/2026:15:29:15 +0100] "GET /rhn/manager/api/auth/logout HTTP/1.1" 200 16
172.16.3.5 - - [14/Jan/2026:15:29:25 +0100] "POST /rhn/manager/api/auth/login HTTP/1.1" 200 16
172.16.3.5 - - [14/Jan/2026:15:29:25 +0100] "GET /rhn/manager/api/channel/software/getDetails?channelLabel=sle-module-devtools15-sp7-pool-x86_64 HTTP/1.1" 200 1187
172.16.3.5 - - [14/Jan/2026:15:29:25 +0100] "GET /rhn/manager/api/auth/logout HTTP/1.1" 200 16
::1 - - [14/Jan/2026:15:29:31 +0100] "GET /rhn/manager/login HTTP/1.1" 302 -
172.16.3.5 - - [14/Jan/2026:15:29:35 +0100] "POST /rhn/manager/api/auth/login HTTP/1.1" 200 16
172.16.3.5 - - [14/Jan/2026:15:29:35 +0100] "GET /rhn/manager/api/channel/software/getDetails?channelLabel=sle-module-devtools15-sp7-pool-x86_64 HTTP/1.1" 200 1187
172.16.3.5 - - [14/Jan/2026:15:29:35 +0100] "GET /rhn/manager/api/auth/logout HTTP/1.1" 200 16
172.16.3.5 - - [14/Jan/2026:15:29:36 +0100] "GET /rhn/manager/login HTTP/1.1" 302 -
172.16.3.5 - - [14/Jan/2026:15:29:36 +0100] "GET /rhn/YourRhn.do HTTP/1.1" 200 36120
172.16.3.5 - - [14/Jan/2026:15:29:36 +0100] "POST /rhn/manager/frontend-log HTTP/1.1" 401 749
172.16.3.5 - - [14/Jan/2026:15:29:37 +0100] "POST /rhn/ajax/subscription-warning HTTP/1.1" 200 -
172.16.3.5 - - [14/Jan/2026:15:29:37 +0100] "POST /rhn/ajax/inactive-systems HTTP/1.1" 200 540
172.16.3.5 - - [14/Jan/2026:15:29:37 +0100] "POST /rhn/ajax/tasks HTTP/1.1" 200 2232
172.16.3.5 - - [14/Jan/2026:15:29:37 +0100] "POST /rhn/ajax/critical-systems HTTP/1.1" 200 2026
172.16.3.5 - - [14/Jan/2026:15:29:37 +0100] "POST /rhn/ajax/pending-actions HTTP/1.1" 200 636
172.16.3.5 - - [14/Jan/2026:15:29:37 +0100] "POST /rhn/ajax/recent-systems HTTP/1.1" 200 2059
172.16.3.5 - - [14/Jan/2026:15:29:37 +0100] "POST /rhn/ajax/latest-errata HTTP/1.1" 200 539
127.0.0.1 - - [14/Jan/2026:15:29:37 +0100] "GET /rhn/websocket/notifications HTTP/1.1" 101 -
172.16.3.5 - - [14/Jan/2026:15:29:37 +0100] "POST /rhn/ajax/systems-groups HTTP/1.1" 200 1491
172.16.3.5 - - [14/Jan/2026:15:29:37 +0100] "POST /rhn/manager/frontend-log HTTP/1.1" 200 16
172.16.3.5 - - [14/Jan/2026:15:29:38 +0100] "GET /rhn/manager/admin/setup/products HTTP/1.1" 200 34325
127.0.0.1 - - [14/Jan/2026:15:29:38 +0100] "GET /rhn/websocket/notifications HTTP/1.1" 101 -
172.16.3.5 - - [14/Jan/2026:15:29:38 +0100] "POST /rhn/manager/frontend-log HTTP/1.1" 200 16
172.16.3.5 - - [14/Jan/2026:15:29:38 +0100] "GET /rhn/manager/api/admin/products/metadata HTTP/1.1" 200 124
172.16.3.5 - - [14/Jan/2026:15:29:38 +0100] "GET /rhn/manager/api/admin/products HTTP/1.1" 200 31834
172.16.3.5 - - [14/Jan/2026:15:30:20 +0100] "GET /rhn/manager/login HTTP/1.1" 302 -
172.16.3.5 - - [14/Jan/2026:15:30:20 +0100] "GET /rhn/YourRhn.do HTTP/1.1" 200 36120
172.16.3.5 - - [14/Jan/2026:15:30:20 +0100] "POST /rhn/manager/frontend-log HTTP/1.1" 200 16
172.16.3.5 - - [14/Jan/2026:15:30:21 +0100] "POST /rhn/ajax/subscription-warning HTTP/1.1" 200 -
172.16.3.5 - - [14/Jan/2026:15:30:21 +0100] "POST /rhn/ajax/pending-actions HTTP/1.1" 200 636
127.0.0.1 - - [14/Jan/2026:15:30:21 +0100] "GET /rhn/websocket/notifications HTTP/1.1" 101 -
172.16.3.5 - - [14/Jan/2026:15:30:21 +0100] "POST /rhn/ajax/inactive-systems HTTP/1.1" 200 540
172.16.3.5 - - [14/Jan/2026:15:30:21 +0100] "POST /rhn/ajax/critical-systems HTTP/1.1" 200 2026
172.16.3.5 - - [14/Jan/2026:15:30:21 +0100] "POST /rhn/ajax/latest-errata HTTP/1.1" 200 539
172.16.3.5 - - [14/Jan/2026:15:30:21 +0100] "POST /rhn/ajax/systems-groups HTTP/1.1" 200 1491
172.16.3.5 - - [14/Jan/2026:15:30:21 +0100] "POST /rhn/ajax/tasks HTTP/1.1" 200 2232
172.16.3.5 - - [14/Jan/2026:15:30:21 +0100] "POST /rhn/ajax/recent-systems HTTP/1.1" 200 2059
172.16.3.5 - - [14/Jan/2026:15:30:21 +0100] "POST /rhn/manager/frontend-log HTTP/1.1" 200 16
172.16.3.5 - - [14/Jan/2026:15:30:21 +0100] "GET /rhn/channels/manage/Manage.do HTTP/1.1" 200 40816
172.16.3.5 - - [14/Jan/2026:15:30:21 +0100] "POST /rhn/manager/frontend-log HTTP/1.1" 200 16
127.0.0.1 - - [14/Jan/2026:15:30:21 +0100] "GET /rhn/websocket/notifications HTTP/1.1" 101 -
172.16.3.5 - - [14/Jan/2026:15:30:22 +0100] "GET /rhn/channels/manage/Edit.do HTTP/1.1" 200 51653
127.0.0.1 - - [14/Jan/2026:15:30:22 +0100] "GET /rhn/websocket/notifications HTTP/1.1" 101 -
172.16.3.5 - - [14/Jan/2026:15:30:22 +0100] "POST /rhn/manager/frontend-log HTTP/1.1" 200 16
172.16.3.5 - - [14/Jan/2026:15:30:22 +0100] "POST /rhn/channels/manage/Edit.do HTTP/1.1" 302 -
172.16.3.5 - - [14/Jan/2026:15:30:23 +0100] "GET /rhn/channels/manage/Edit.do?cid=121 HTTP/1.1" 200 52207
172.16.3.5 - - [14/Jan/2026:15:30:23 +0100] "POST /rhn/manager/frontend-log HTTP/1.1" 200 16
127.0.0.1 - - [14/Jan/2026:15:30:23 +0100] "GET /rhn/websocket/notifications HTTP/1.1" 101 -
172.16.3.5 - - [14/Jan/2026:15:30:23 +0100] "POST /rhn/manager/frontend-log HTTP/1.1" 200 16
127.0.0.1 - - [14/Jan/2026:15:30:23 +0100] "GET /rhn/websocket/notifications HTTP/1.1" 101 -
172.16.3.5 - - [14/Jan/2026:15:30:23 +0100] "GET /rhn/channels/manage/Manage.do HTTP/1.1" 200 41300
172.16.3.5 - - [14/Jan/2026:15:30:23 +0100] "POST /rhn/manager/frontend-log HTTP/1.1" 200 16
127.0.0.1 - - [14/Jan/2026:15:30:23 +0100] "GET /rhn/websocket/notifications HTTP/1.1" 101 -
172.16.3.5 - - [14/Jan/2026:15:30:23 +0100] "GET /rhn/channels/manage/Edit.do HTTP/1.1" 200 51876
127.0.0.1 - - [14/Jan/2026:15:30:24 +0100] "GET /rhn/websocket/notifications HTTP/1.1" 101 -
172.16.3.5 - - [14/Jan/2026:15:30:24 +0100] "POST /rhn/manager/frontend-log HTTP/1.1" 200 16
172.16.3.5 - - [14/Jan/2026:15:30:24 +0100] "POST /rhn/channels/manage/Edit.do HTTP/1.1" 302 -
172.16.3.5 - - [14/Jan/2026:15:30:24 +0100] "GET /rhn/channels/manage/Edit.do?cid=122 HTTP/1.1" 200 52247
172.16.3.5 - - [14/Jan/2026:15:30:25 +0100] "POST /rhn/manager/frontend-log HTTP/1.1" 200 16
127.0.0.1 - - [14/Jan/2026:15:30:25 +0100] "GET /rhn/websocket/notifications HTTP/1.1" 101 -
172.16.3.5 - - [14/Jan/2026:15:30:25 +0100] "POST /rhn/manager/frontend-log HTTP/1.1" 200 16
127.0.0.1 - - [14/Jan/2026:15:30:25 +0100] "GET /rhn/websocket/notifications HTTP/1.1" 101 -
172.16.3.5 - - [14/Jan/2026:15:30:25 +0100] "GET /rhn/channels/manage/Manage.do HTTP/1.1" 200 41942
127.0.0.1 - - [14/Jan/2026:15:30:25 +0100] "GET /rhn/websocket/notifications HTTP/1.1" 101 -
172.16.3.5 - - [14/Jan/2026:15:30:25 +0100] "POST /rhn/manager/frontend-log HTTP/1.1" 200 16
172.16.3.5 - - [14/Jan/2026:15:30:25 +0100] "GET /rhn/channels/manage/Edit.do HTTP/1.1" 200 51876
127.0.0.1 - - [14/Jan/2026:15:30:25 +0100] "GET /rhn/websocket/notifications HTTP/1.1" 101 -
172.16.3.5 - - [14/Jan/2026:15:30:25 +0100] "POST /rhn/manager/frontend-log HTTP/1.1" 200 16
172.16.3.5 - - [14/Jan/2026:15:30:26 +0100] "POST /rhn/channels/manage/Edit.do HTTP/1.1" 302 -
172.16.3.5 - - [14/Jan/2026:15:30:26 +0100] "GET /rhn/channels/manage/Edit.do?cid=123 HTTP/1.1" 200 52228
172.16.3.5 - - [14/Jan/2026:15:30:26 +0100] "POST /rhn/manager/frontend-log HTTP/1.1" 200 16
127.0.0.1 - - [14/Jan/2026:15:30:26 +0100] "GET /rhn/websocket/notifications HTTP/1.1" 101 -
172.16.3.5 - - [14/Jan/2026:15:30:26 +0100] "POST /rhn/manager/frontend-log HTTP/1.1" 200 16
127.0.0.1 - - [14/Jan/2026:15:30:26 +0100] "GET /rhn/websocket/notifications HTTP/1.1" 101 -
172.16.3.5 - - [14/Jan/2026:15:30:27 +0100] "GET /rhn/channels/manage/Manage.do HTTP/1.1" 200 42576
172.16.3.5 - - [14/Jan/2026:15:30:27 +0100] "POST /rhn/manager/frontend-log HTTP/1.1" 200 16
127.0.0.1 - - [14/Jan/2026:15:30:27 +0100] "GET /rhn/websocket/notifications HTTP/1.1" 101 -
172.16.3.5 - - [14/Jan/2026:15:30:27 +0100] "GET /rhn/channels/manage/Edit.do HTTP/1.1" 200 51876
127.0.0.1 - - [14/Jan/2026:15:30:27 +0100] "GET /rhn/websocket/notifications HTTP/1.1" 101 -
172.16.3.5 - - [14/Jan/2026:15:30:27 +0100] "POST /rhn/manager/frontend-log HTTP/1.1" 200 16
172.16.3.5 - - [14/Jan/2026:15:30:28 +0100] "POST /rhn/channels/manage/Edit.do HTTP/1.1" 302 -
172.16.3.5 - - [14/Jan/2026:15:30:28 +0100] "GET /rhn/channels/manage/Edit.do?cid=124 HTTP/1.1" 200 52475
172.16.3.5 - - [14/Jan/2026:15:30:28 +0100] "POST /rhn/manager/frontend-log HTTP/1.1" 200 16
127.0.0.1 - - [14/Jan/2026:15:30:28 +0100] "GET /rhn/websocket/notifications HTTP/1.1" 101 -
172.16.3.5 - - [14/Jan/2026:15:30:28 +0100] "POST /rhn/manager/frontend-log HTTP/1.1" 200 16
127.0.0.1 - - [14/Jan/2026:15:30:28 +0100] "GET /rhn/websocket/notifications HTTP/1.1" 101 -
172.16.3.5 - - [14/Jan/2026:15:30:28 +0100] "GET /rhn/channels/manage/Manage.do HTTP/1.1" 200 43058
127.0.0.1 - - [14/Jan/2026:15:30:28 +0100] "GET /rhn/websocket/notifications HTTP/1.1" 101 -
172.16.3.5 - - [14/Jan/2026:15:30:28 +0100] "POST /rhn/manager/frontend-log HTTP/1.1" 200 16
172.16.3.5 - - [14/Jan/2026:15:30:29 +0100] "GET /rhn/channels/manage/Edit.do HTTP/1.1" 200 52208
172.16.3.5 - - [14/Jan/2026:15:30:29 +0100] "POST /rhn/manager/frontend-log HTTP/1.1" 200 16
127.0.0.1 - - [14/Jan/2026:15:30:29 +0100] "GET /rhn/websocket/notifications HTTP/1.1" 101 -
172.16.3.5 - - [14/Jan/2026:15:30:29 +0100] "POST /rhn/channels/manage/Edit.do HTTP/1.1" 302 -
172.16.3.5 - - [14/Jan/2026:15:30:29 +0100] "GET /rhn/channels/manage/Edit.do?cid=125 HTTP/1.1" 200 52497
172.16.3.5 - - [14/Jan/2026:15:30:30 +0100] "POST /rhn/manager/frontend-log HTTP/1.1" 200 16
127.0.0.1 - - [14/Jan/2026:15:30:30 +0100] "GET /rhn/websocket/notifications HTTP/1.1" 101 -
172.16.3.5 - - [14/Jan/2026:15:30:30 +0100] "POST /rhn/manager/frontend-log HTTP/1.1" 200 16
127.0.0.1 - - [14/Jan/2026:15:30:30 +0100] "GET /rhn/websocket/notifications HTTP/1.1" 101 -
172.16.3.5 - - [14/Jan/2026:15:30:30 +0100] "GET /rhn/channels/manage/Manage.do HTTP/1.1" 200 43694
127.0.0.1 - - [14/Jan/2026:15:30:30 +0100] "GET /rhn/websocket/notifications HTTP/1.1" 101 -
172.16.3.5 - - [14/Jan/2026:15:30:30 +0100] "POST /rhn/manager/frontend-log HTTP/1.1" 200 16
172.16.3.5 - - [14/Jan/2026:15:30:30 +0100] "GET /rhn/channels/manage/Edit.do HTTP/1.1" 200 52208
127.0.0.1 - - [14/Jan/2026:15:30:30 +0100] "GET /rhn/websocket/notifications HTTP/1.1" 101 -
172.16.3.5 - - [14/Jan/2026:15:30:30 +0100] "POST /rhn/manager/frontend-log HTTP/1.1" 200 16
172.16.3.5 - - [14/Jan/2026:15:30:31 +0100] "POST /rhn/channels/manage/Edit.do HTTP/1.1" 302 -
172.16.3.5 - - [14/Jan/2026:15:30:31 +0100] "GET /rhn/channels/manage/Edit.do?cid=126 HTTP/1.1" 200 52656
172.16.3.5 - - [14/Jan/2026:15:30:31 +0100] "POST /rhn/manager/frontend-log HTTP/1.1" 200 16
127.0.0.1 - - [14/Jan/2026:15:30:31 +0100] "GET /rhn/websocket/notifications HTTP/1.1" 101 -
172.16.3.5 - - [14/Jan/2026:15:30:31 +0100] "POST /rhn/manager/frontend-log HTTP/1.1" 200 16
127.0.0.1 - - [14/Jan/2026:15:30:32 +0100] "GET /rhn/websocket/notifications HTTP/1.1" 101 -
172.16.3.5 - - [14/Jan/2026:15:30:32 +0100] "GET /rhn/channels/manage/Manage.do HTTP/1.1" 200 44176
172.16.3.5 - - [14/Jan/2026:15:30:32 +0100] "POST /rhn/manager/frontend-log HTTP/1.1" 200 16
127.0.0.1 - - [14/Jan/2026:15:30:32 +0100] "GET /rhn/websocket/notifications HTTP/1.1" 101 -
172.16.3.5 - - [14/Jan/2026:15:30:32 +0100] "GET /rhn/channels/manage/Edit.do HTTP/1.1" 200 52428
172.16.3.5 - - [14/Jan/2026:15:30:32 +0100] "POST /rhn/manager/frontend-log HTTP/1.1" 200 16
127.0.0.1 - - [14/Jan/2026:15:30:32 +0100] "GET /rhn/websocket/notifications HTTP/1.1" 101 -
172.16.3.5 - - [14/Jan/2026:15:30:33 +0100] "POST /rhn/channels/manage/Edit.do HTTP/1.1" 302 -
172.16.3.5 - - [14/Jan/2026:15:30:33 +0100] "GET /rhn/channels/manage/Edit.do?cid=127 HTTP/1.1" 200 52698
172.16.3.5 - - [14/Jan/2026:15:30:33 +0100] "POST /rhn/manager/frontend-log HTTP/1.1" 200 16
127.0.0.1 - - [14/Jan/2026:15:30:33 +0100] "GET /rhn/websocket/notifications HTTP/1.1" 101 -
172.16.3.5 - - [14/Jan/2026:15:30:33 +0100] "POST /rhn/manager/frontend-log HTTP/1.1" 200 16
127.0.0.1 - - [14/Jan/2026:15:30:33 +0100] "GET /rhn/websocket/notifications HTTP/1.1" 101 -
172.16.3.5 - - [14/Jan/2026:15:30:33 +0100] "GET /rhn/channels/manage/Manage.do HTTP/1.1" 200 44814
172.16.3.5 - - [14/Jan/2026:15:30:34 +0100] "POST /rhn/manager/frontend-log HTTP/1.1" 200 16
127.0.0.1 - - [14/Jan/2026:15:30:34 +0100] "GET /rhn/websocket/notifications HTTP/1.1" 101 -
172.16.3.5 - - [14/Jan/2026:15:30:34 +0100] "GET /rhn/channels/manage/Edit.do HTTP/1.1" 200 52428
127.0.0.1 - - [14/Jan/2026:15:30:34 +0100] "GET /rhn/websocket/notifications HTTP/1.1" 101 -
172.16.3.5 - - [14/Jan/2026:15:30:34 +0100] "POST /rhn/manager/frontend-log HTTP/1.1" 200 16
::1 - - [14/Jan/2026:15:30:34 +0100] "GET /rhn/manager/login HTTP/1.1" 302 -
172.16.3.5 - - [14/Jan/2026:15:30:45 +0100] "POST /rhn/channels/manage/Edit.do HTTP/1.1" 302 -
172.16.3.5 - - [14/Jan/2026:15:30:45 +0100] "GET /rhn/channels/manage/Edit.do?cid=128 HTTP/1.1" 200 52976
172.16.3.5 - - [14/Jan/2026:15:30:45 +0100] "POST /rhn/manager/frontend-log HTTP/1.1" 200 16
127.0.0.1 - - [14/Jan/2026:15:30:45 +0100] "GET /rhn/websocket/notifications HTTP/1.1" 101 -
172.16.3.5 - - [14/Jan/2026:15:30:45 +0100] "POST /rhn/manager/frontend-log HTTP/1.1" 200 16
127.0.0.1 - - [14/Jan/2026:15:30:45 +0100] "GET /rhn/websocket/notifications HTTP/1.1" 101 -
172.16.3.5 - - [14/Jan/2026:15:30:45 +0100] "GET /rhn/channels/manage/Manage.do HTTP/1.1" 200 45301
172.16.3.5 - - [14/Jan/2026:15:30:45 +0100] "POST /rhn/manager/frontend-log HTTP/1.1" 200 16
127.0.0.1 - - [14/Jan/2026:15:30:45 +0100] "GET /rhn/websocket/notifications HTTP/1.1" 101 -
172.16.3.5 - - [14/Jan/2026:15:30:46 +0100] "GET /rhn/channels/manage/Edit.do HTTP/1.1" 200 52840
127.0.0.1 - - [14/Jan/2026:15:30:46 +0100] "GET /rhn/websocket/notifications HTTP/1.1" 101 -
172.16.3.5 - - [14/Jan/2026:15:30:46 +0100] "POST /rhn/manager/frontend-log HTTP/1.1" 200 16
172.16.3.5 - - [14/Jan/2026:15:30:46 +0100] "POST /rhn/channels/manage/Edit.do HTTP/1.1" 302 -
172.16.3.5 - - [14/Jan/2026:15:30:46 +0100] "GET /rhn/channels/manage/Edit.do?cid=129 HTTP/1.1" 200 53171
172.16.3.5 - - [14/Jan/2026:15:30:47 +0100] "POST /rhn/manager/frontend-log HTTP/1.1" 200 16
127.0.0.1 - - [14/Jan/2026:15:30:47 +0100] "GET /rhn/websocket/notifications HTTP/1.1" 101 -
172.16.3.5 - - [14/Jan/2026:15:30:47 +0100] "POST /rhn/manager/frontend-log HTTP/1.1" 200 16
127.0.0.1 - - [14/Jan/2026:15:30:47 +0100] "GET /rhn/websocket/notifications HTTP/1.1" 101 -
172.16.3.5 - - [14/Jan/2026:15:30:47 +0100] "GET /rhn/channels/manage/Manage.do HTTP/1.1" 200 45783
127.0.0.1 - - [14/Jan/2026:15:30:47 +0100] "GET /rhn/websocket/notifications HTTP/1.1" 101 -
172.16.3.5 - - [14/Jan/2026:15:30:47 +0100] "POST /rhn/manager/frontend-log HTTP/1.1" 200 16
172.16.3.5 - - [14/Jan/2026:15:30:47 +0100] "GET /rhn/channels/manage/Edit.do HTTP/1.1" 200 53061
127.0.0.1 - - [14/Jan/2026:15:30:47 +0100] "GET /rhn/websocket/notifications HTTP/1.1" 101 -
172.16.3.5 - - [14/Jan/2026:15:30:47 +0100] "POST /rhn/manager/frontend-log HTTP/1.1" 200 16
172.16.3.5 - - [14/Jan/2026:15:30:48 +0100] "POST /rhn/channels/manage/Edit.do HTTP/1.1" 302 -
172.16.3.5 - - [14/Jan/2026:15:30:48 +0100] "GET /rhn/channels/manage/Edit.do?cid=130 HTTP/1.1" 200 53355
172.16.3.5 - - [14/Jan/2026:15:30:48 +0100] "POST /rhn/manager/frontend-log HTTP/1.1" 200 16
127.0.0.1 - - [14/Jan/2026:15:30:48 +0100] "GET /rhn/websocket/notifications HTTP/1.1" 101 -
172.16.3.5 - - [14/Jan/2026:15:30:48 +0100] "POST /rhn/manager/frontend-log HTTP/1.1" 200 16
127.0.0.1 - - [14/Jan/2026:15:30:48 +0100] "GET /rhn/websocket/notifications HTTP/1.1" 101 -
172.16.3.5 - - [14/Jan/2026:15:30:48 +0100] "POST /rhn/manager/frontend-log HTTP/1.1" 200 16
172.16.3.5 - - [14/Jan/2026:15:30:48 +0100] "GET /rhn/manager/login HTTP/1.1" 302 -
172.16.3.5 - - [14/Jan/2026:15:30:49 +0100] "GET /rhn/YourRhn.do HTTP/1.1" 200 36120
172.16.3.5 - - [14/Jan/2026:15:30:49 +0100] "POST /rhn/manager/frontend-log HTTP/1.1" 200 16
172.16.3.5 - - [14/Jan/2026:15:30:49 +0100] "POST /rhn/ajax/pending-actions HTTP/1.1" 200 636
172.16.3.5 - - [14/Jan/2026:15:30:49 +0100] "POST /rhn/ajax/latest-errata HTTP/1.1" 200 539
127.0.0.1 - - [14/Jan/2026:15:30:49 +0100] "GET /rhn/websocket/notifications HTTP/1.1" 101 -
172.16.3.5 - - [14/Jan/2026:15:30:49 +0100] "POST /rhn/ajax/subscription-warning HTTP/1.1" 200 -
172.16.3.5 - - [14/Jan/2026:15:30:49 +0100] "POST /rhn/ajax/systems-groups HTTP/1.1" 200 1491
172.16.3.5 - - [14/Jan/2026:15:30:49 +0100] "POST /rhn/ajax/critical-systems HTTP/1.1" 200 2026
172.16.3.5 - - [14/Jan/2026:15:30:49 +0100] "POST /rhn/ajax/inactive-systems HTTP/1.1" 200 540
172.16.3.5 - - [14/Jan/2026:15:30:49 +0100] "POST /rhn/manager/frontend-log HTTP/1.1" 200 16
172.16.3.5 - - [14/Jan/2026:15:30:49 +0100] "POST /rhn/ajax/recent-systems HTTP/1.1" 200 2059
172.16.3.5 - - [14/Jan/2026:15:30:49 +0100] "POST /rhn/ajax/tasks HTTP/1.1" 200 2232
172.16.3.5 - - [14/Jan/2026:15:30:49 +0100] "GET /rhn/channels/manage/repos/RepoList.do HTTP/1.1" 200 39615
172.16.3.5 - - [14/Jan/2026:15:30:50 +0100] "POST /rhn/manager/frontend-log HTTP/1.1" 200 16
127.0.0.1 - - [14/Jan/2026:15:30:50 +0100] "GET /rhn/websocket/notifications HTTP/1.1" 101 -
172.16.3.5 - - [14/Jan/2026:15:30:50 +0100] "GET /rhn/channels/manage/repos/RepoCreate.do HTTP/1.1" 200 38822
127.0.0.1 - - [14/Jan/2026:15:30:50 +0100] "GET /rhn/websocket/notifications HTTP/1.1" 101 -
172.16.3.5 - - [14/Jan/2026:15:30:50 +0100] "POST /rhn/manager/frontend-log HTTP/1.1" 200 16
172.16.3.5 - - [14/Jan/2026:15:30:50 +0100] "POST /rhn/channels/manage/repos/RepoCreate.do HTTP/1.1" 302 -
172.16.3.5 - - [14/Jan/2026:15:30:50 +0100] "GET /rhn/channels/manage/repos/RepoEdit.do?id=520 HTTP/1.1" 200 39470
172.16.3.5 - - [14/Jan/2026:15:30:50 +0100] "POST /rhn/manager/frontend-log HTTP/1.1" 200 16
127.0.0.1 - - [14/Jan/2026:15:30:50 +0100] "GET /rhn/websocket/notifications HTTP/1.1" 101 -
172.16.3.5 - - [14/Jan/2026:15:30:50 +0100] "POST /rhn/manager/frontend-log HTTP/1.1" 200 16
127.0.0.1 - - [14/Jan/2026:15:30:51 +0100] "GET /rhn/websocket/notifications HTTP/1.1" 101 -
172.16.3.5 - - [14/Jan/2026:15:30:51 +0100] "GET /rhn/channels/manage/repos/RepoList.do HTTP/1.1" 200 39976
127.0.0.1 - - [14/Jan/2026:15:30:51 +0100] "GET /rhn/websocket/notifications HTTP/1.1" 101 -
172.16.3.5 - - [14/Jan/2026:15:30:51 +0100] "POST /rhn/manager/frontend-log HTTP/1.1" 200 16
172.16.3.5 - - [14/Jan/2026:15:30:51 +0100] "GET /rhn/channels/manage/repos/RepoEdit.do?id=520 HTTP/1.1" 200 39379
127.0.0.1 - - [14/Jan/2026:15:30:51 +0100] "GET /rhn/websocket/notifications HTTP/1.1" 101 -
172.16.3.5 - - [14/Jan/2026:15:30:51 +0100] "POST /rhn/manager/frontend-log HTTP/1.1" 200 16
172.16.3.5 - - [14/Jan/2026:15:31:01 +0100] "POST /rhn/channels/manage/repos/RepoEdit.do HTTP/1.1" 302 -
172.16.3.5 - - [14/Jan/2026:15:31:01 +0100] "GET /rhn/channels/manage/repos/RepoEdit.do?id=520 HTTP/1.1" 200 39452
172.16.3.5 - - [14/Jan/2026:15:31:02 +0100] "POST /rhn/manager/frontend-log HTTP/1.1" 200 16
127.0.0.1 - - [14/Jan/2026:15:31:02 +0100] "GET /rhn/websocket/notifications HTTP/1.1" 101 -
172.16.3.5 - - [14/Jan/2026:15:31:02 +0100] "POST /rhn/manager/frontend-log HTTP/1.1" 200 16
127.0.0.1 - - [14/Jan/2026:15:31:02 +0100] "GET /rhn/websocket/notifications HTTP/1.1" 101 -
172.16.3.5 - - [14/Jan/2026:15:31:02 +0100] "GET /rhn/channels/manage/repos/RepoList.do HTTP/1.1" 200 39976
127.0.0.1 - - [14/Jan/2026:15:31:02 +0100] "GET /rhn/websocket/notifications HTTP/1.1" 101 -
172.16.3.5 - - [14/Jan/2026:15:31:02 +0100] "POST /rhn/manager/frontend-log HTTP/1.1" 200 16
172.16.3.5 - - [14/Jan/2026:15:31:02 +0100] "GET /rhn/channels/manage/repos/RepoCreate.do HTTP/1.1" 200 38822
127.0.0.1 - - [14/Jan/2026:15:31:02 +0100] "GET /rhn/websocket/notifications HTTP/1.1" 101 -
172.16.3.5 - - [14/Jan/2026:15:31:02 +0100] "POST /rhn/manager/frontend-log HTTP/1.1" 200 16
172.16.3.5 - - [14/Jan/2026:15:31:03 +0100] "POST /rhn/channels/manage/repos/RepoCreate.do HTTP/1.1" 302 -
172.16.3.5 - - [14/Jan/2026:15:31:03 +0100] "GET /rhn/channels/manage/repos/RepoEdit.do?id=521 HTTP/1.1" 200 39481
172.16.3.5 - - [14/Jan/2026:15:31:03 +0100] "POST /rhn/manager/frontend-log HTTP/1.1" 200 16
127.0.0.1 - - [14/Jan/2026:15:31:03 +0100] "GET /rhn/websocket/notifications HTTP/1.1" 101 -
172.16.3.5 - - [14/Jan/2026:15:31:03 +0100] "POST /rhn/manager/frontend-log HTTP/1.1" 200 16
127.0.0.1 - - [14/Jan/2026:15:31:03 +0100] "GET /rhn/websocket/notifications HTTP/1.1" 101 -
172.16.3.5 - - [14/Jan/2026:15:31:03 +0100] "GET /rhn/channels/manage/repos/RepoList.do HTTP/1.1" 200 40342
127.0.0.1 - - [14/Jan/2026:15:31:03 +0100] "GET /rhn/websocket/notifications HTTP/1.1" 101 -
172.16.3.5 - - [14/Jan/2026:15:31:03 +0100] "POST /rhn/manager/frontend-log HTTP/1.1" 200 16
172.16.3.5 - - [14/Jan/2026:15:31:03 +0100] "GET /rhn/channels/manage/repos/RepoEdit.do?id=521 HTTP/1.1" 200 39390
127.0.0.1 - - [14/Jan/2026:15:31:04 +0100] "GET /rhn/websocket/notifications HTTP/1.1" 101 -
172.16.3.5 - - [14/Jan/2026:15:31:04 +0100] "POST /rhn/manager/frontend-log HTTP/1.1" 200 16
172.16.3.5 - - [14/Jan/2026:15:31:14 +0100] "POST /rhn/channels/manage/repos/RepoEdit.do HTTP/1.1" 302 -
172.16.3.5 - - [14/Jan/2026:15:31:14 +0100] "GET /rhn/channels/manage/repos/RepoEdit.do?id=521 HTTP/1.1" 200 39463
172.16.3.5 - - [14/Jan/2026:15:31:14 +0100] "POST /rhn/manager/frontend-log HTTP/1.1" 200 16
127.0.0.1 - - [14/Jan/2026:15:31:14 +0100] "GET /rhn/websocket/notifications HTTP/1.1" 101 -
172.16.3.5 - - [14/Jan/2026:15:31:14 +0100] "POST /rhn/manager/frontend-log HTTP/1.1" 200 16
127.0.0.1 - - [14/Jan/2026:15:31:14 +0100] "GET /rhn/websocket/notifications HTTP/1.1" 101 -
172.16.3.5 - - [14/Jan/2026:15:31:14 +0100] "GET /rhn/channels/manage/Manage.do HTTP/1.1" 200 46268
127.0.0.1 - - [14/Jan/2026:15:31:15 +0100] "GET /rhn/websocket/notifications HTTP/1.1" 101 -
172.16.3.5 - - [14/Jan/2026:15:31:15 +0100] "POST /rhn/manager/frontend-log HTTP/1.1" 200 16
172.16.3.5 - - [14/Jan/2026:15:31:15 +0100] "GET /rhn/channels/manage/Edit.do?cid=123 HTTP/1.1" 200 53239
127.0.0.1 - - [14/Jan/2026:15:31:15 +0100] "GET /rhn/websocket/notifications HTTP/1.1" 101 -
172.16.3.5 - - [14/Jan/2026:15:31:15 +0100] "POST /rhn/manager/frontend-log HTTP/1.1" 200 16
172.16.3.5 - - [14/Jan/2026:15:31:15 +0100] "POST /rhn/channels/manage/Edit.do HTTP/1.1" 302 -
172.16.3.5 - - [14/Jan/2026:15:31:15 +0100] "GET /rhn/channels/manage/Edit.do?cid=123 HTTP/1.1" 200 53413
172.16.3.5 - - [14/Jan/2026:15:31:16 +0100] "POST /rhn/manager/frontend-log HTTP/1.1" 200 16
127.0.0.1 - - [14/Jan/2026:15:31:16 +0100] "GET /rhn/websocket/notifications HTTP/1.1" 101 -
172.16.3.5 - - [14/Jan/2026:15:31:16 +0100] "POST /rhn/manager/frontend-log HTTP/1.1" 200 16
127.0.0.1 - - [14/Jan/2026:15:31:16 +0100] "GET /rhn/websocket/notifications HTTP/1.1" 101 -
172.16.3.5 - - [14/Jan/2026:15:31:16 +0100] "GET /rhn/channels/manage/Repositories.do?cid=123 HTTP/1.1" 200 44182
127.0.0.1 - - [14/Jan/2026:15:31:16 +0100] "GET /rhn/websocket/notifications HTTP/1.1" 101 -
172.16.3.5 - - [14/Jan/2026:15:31:16 +0100] "POST /rhn/manager/frontend-log HTTP/1.1" 200 16
172.16.3.5 - - [14/Jan/2026:15:31:16 +0100] "POST /rhn/ajax/item-selector HTTP/1.1" 200 35
172.16.3.5 - - [14/Jan/2026:15:31:16 +0100] "POST /rhn/channels/manage/Repositories.do?cid=123 HTTP/1.1" 302 -
172.16.3.5 - - [14/Jan/2026:15:31:17 +0100] "GET /rhn/channels/manage/Repositories.do?cid=123 HTTP/1.1" 200 44738
172.16.3.5 - - [14/Jan/2026:15:31:17 +0100] "POST /rhn/manager/frontend-log HTTP/1.1" 200 16
127.0.0.1 - - [14/Jan/2026:15:31:17 +0100] "GET /rhn/websocket/notifications HTTP/1.1" 101 -
172.16.3.5 - - [14/Jan/2026:15:31:17 +0100] "GET /rhn/channels/manage/Manage.do HTTP/1.1" 200 46268
172.16.3.5 - - [14/Jan/2026:15:31:17 +0100] "POST /rhn/manager/frontend-log HTTP/1.1" 200 16
127.0.0.1 - - [14/Jan/2026:15:31:17 +0100] "GET /rhn/websocket/notifications HTTP/1.1" 101 -
172.16.3.5 - - [14/Jan/2026:15:31:17 +0100] "GET /rhn/channels/manage/Edit.do?cid=127 HTTP/1.1" 200 53261
127.0.0.1 - - [14/Jan/2026:15:31:18 +0100] "GET /rhn/websocket/notifications HTTP/1.1" 101 -
172.16.3.5 - - [14/Jan/2026:15:31:18 +0100] "POST /rhn/manager/frontend-log HTTP/1.1" 200 16
172.16.3.5 - - [14/Jan/2026:15:31:18 +0100] "POST /rhn/channels/manage/Edit.do HTTP/1.1" 302 -
172.16.3.5 - - [14/Jan/2026:15:31:18 +0100] "GET /rhn/channels/manage/Edit.do?cid=127 HTTP/1.1" 200 53439
172.16.3.5 - - [14/Jan/2026:15:31:18 +0100] "POST /rhn/manager/frontend-log HTTP/1.1" 200 16
127.0.0.1 - - [14/Jan/2026:15:31:18 +0100] "GET /rhn/websocket/notifications HTTP/1.1" 101 -
172.16.3.5 - - [14/Jan/2026:15:31:18 +0100] "POST /rhn/manager/frontend-log HTTP/1.1" 200 16
127.0.0.1 - - [14/Jan/2026:15:31:18 +0100] "GET /rhn/websocket/notifications HTTP/1.1" 101 -
172.16.3.5 - - [14/Jan/2026:15:31:18 +0100] "GET /rhn/channels/manage/Repositories.do?cid=127 HTTP/1.1" 200 44186
127.0.0.1 - - [14/Jan/2026:15:31:19 +0100] "GET /rhn/websocket/notifications HTTP/1.1" 101 -
172.16.3.5 - - [14/Jan/2026:15:31:19 +0100] "POST /rhn/manager/frontend-log HTTP/1.1" 200 16
172.16.3.5 - - [14/Jan/2026:15:31:19 +0100] "POST /rhn/ajax/item-selector HTTP/1.1" 200 35
::1 - - [14/Jan/2026:15:31:19 +0100] "GET /rhn/errors/404.jsp HTTP/1.1" 404 4500
172.16.3.5 - - [14/Jan/2026:15:31:20 +0100] "POST /rhn/channels/manage/Repositories.do?cid=127 HTTP/1.1" 302 -
172.16.3.5 - - [14/Jan/2026:15:31:20 +0100] "GET /rhn/channels/manage/Repositories.do?cid=127 HTTP/1.1" 200 44746
172.16.3.5 - - [14/Jan/2026:15:31:20 +0100] "POST /rhn/manager/frontend-log HTTP/1.1" 200 16
127.0.0.1 - - [14/Jan/2026:15:31:20 +0100] "GET /rhn/websocket/notifications HTTP/1.1" 101 -
172.16.3.5 - - [14/Jan/2026:15:31:20 +0100] "GET /rhn/channels/manage/Manage.do HTTP/1.1" 200 46268
127.0.0.1 - - [14/Jan/2026:15:31:21 +0100] "GET /rhn/websocket/notifications HTTP/1.1" 101 -
172.16.3.5 - - [14/Jan/2026:15:31:21 +0100] "POST /rhn/manager/frontend-log HTTP/1.1" 200 16
172.16.3.5 - - [14/Jan/2026:15:31:21 +0100] "GET /rhn/channels/manage/Edit.do?cid=129 HTTP/1.1" 200 53217
127.0.0.1 - - [14/Jan/2026:15:31:21 +0100] "GET /rhn/websocket/notifications HTTP/1.1" 101 -
172.16.3.5 - - [14/Jan/2026:15:31:21 +0100] "POST /rhn/manager/frontend-log HTTP/1.1" 200 16
172.16.3.5 - - [14/Jan/2026:15:31:21 +0100] "POST /rhn/channels/manage/Edit.do HTTP/1.1" 302 -
::1 - - [14/Jan/2026:15:31:21 +0100] "GET /rhn/errors/404.jsp HTTP/1.1" 404 4500
172.16.3.5 - - [14/Jan/2026:15:31:21 +0100] "GET /rhn/channels/manage/Edit.do?cid=129 HTTP/1.1" 200 53395
172.16.3.5 - - [14/Jan/2026:15:31:22 +0100] "POST /rhn/manager/frontend-log HTTP/1.1" 200 16
127.0.0.1 - - [14/Jan/2026:15:31:22 +0100] "GET /rhn/websocket/notifications HTTP/1.1" 101 -
172.16.3.5 - - [14/Jan/2026:15:31:22 +0100] "POST /rhn/manager/frontend-log HTTP/1.1" 200 16
127.0.0.1 - - [14/Jan/2026:15:31:22 +0100] "GET /rhn/websocket/notifications HTTP/1.1" 101 -
172.16.3.5 - - [14/Jan/2026:15:31:22 +0100] "GET /rhn/channels/manage/Repositories.do?cid=129 HTTP/1.1" 200 44186
127.0.0.1 - - [14/Jan/2026:15:31:22 +0100] "GET /rhn/websocket/notifications HTTP/1.1" 101 -
172.16.3.5 - - [14/Jan/2026:15:31:22 +0100] "POST /rhn/manager/frontend-log HTTP/1.1" 200 16
172.16.3.5 - - [14/Jan/2026:15:31:22 +0100] "POST /rhn/ajax/item-selector HTTP/1.1" 200 35
172.16.3.5 - - [14/Jan/2026:15:31:23 +0100] "POST /rhn/channels/manage/Repositories.do?cid=129 HTTP/1.1" 302 -
172.16.3.5 - - [14/Jan/2026:15:31:23 +0100] "GET /rhn/channels/manage/Repositories.do?cid=129 HTTP/1.1" 200 44746
127.0.0.1 - - [14/Jan/2026:15:31:23 +0100] "GET /rhn/websocket/notifications HTTP/1.1" 101 -
172.16.3.5 - - [14/Jan/2026:15:31:23 +0100] "POST /rhn/manager/frontend-log HTTP/1.1" 200 16
172.16.3.5 - - [14/Jan/2026:15:31:24 +0100] "GET /rhn/channels/manage/Manage.do HTTP/1.1" 200 46269
127.0.0.1 - - [14/Jan/2026:15:31:24 +0100] "GET /rhn/websocket/notifications HTTP/1.1" 101 -
172.16.3.5 - - [14/Jan/2026:15:31:24 +0100] "POST /rhn/manager/frontend-log HTTP/1.1" 200 16
172.16.3.5 - - [14/Jan/2026:15:31:24 +0100] "GET /rhn/channels/manage/Edit.do?cid=130 HTTP/1.1" 200 53234
172.16.3.5 - - [14/Jan/2026:15:31:24 +0100] "POST /rhn/manager/frontend-log HTTP/1.1" 200 16
127.0.0.1 - - [14/Jan/2026:15:31:24 +0100] "GET /rhn/websocket/notifications HTTP/1.1" 101 -
172.16.3.5 - - [14/Jan/2026:15:31:24 +0100] "POST /rhn/channels/manage/Edit.do HTTP/1.1" 302 -
172.16.3.5 - - [14/Jan/2026:15:31:25 +0100] "GET /rhn/channels/manage/Edit.do?cid=130 HTTP/1.1" 200 53414
172.16.3.5 - - [14/Jan/2026:15:31:25 +0100] "POST /rhn/manager/frontend-log HTTP/1.1" 200 16
127.0.0.1 - - [14/Jan/2026:15:31:25 +0100] "GET /rhn/websocket/notifications HTTP/1.1" 101 -
172.16.3.5 - - [14/Jan/2026:15:31:25 +0100] "POST /rhn/manager/frontend-log HTTP/1.1" 200 16
127.0.0.1 - - [14/Jan/2026:15:31:25 +0100] "GET /rhn/websocket/notifications HTTP/1.1" 101 -
172.16.3.5 - - [14/Jan/2026:15:31:25 +0100] "GET /rhn/channels/manage/Repositories.do?cid=130 HTTP/1.1" 200 44188
172.16.3.5 - - [14/Jan/2026:15:31:25 +0100] "POST /rhn/manager/frontend-log HTTP/1.1" 200 16
127.0.0.1 - - [14/Jan/2026:15:31:25 +0100] "GET /rhn/websocket/notifications HTTP/1.1" 101 -
172.16.3.5 - - [14/Jan/2026:15:31:25 +0100] "POST /rhn/ajax/item-selector HTTP/1.1" 200 35
::1 - - [14/Jan/2026:15:31:25 +0100] "GET /rhn/errors/404.jsp HTTP/1.1" 404 4500
::1 - - [14/Jan/2026:15:31:26 +0100] "GET /rhn/errors/404.jsp HTTP/1.1" 404 4500
172.16.3.5 - - [14/Jan/2026:15:31:26 +0100] "POST /rhn/channels/manage/Repositories.do?cid=130 HTTP/1.1" 302 -
172.16.3.5 - - [14/Jan/2026:15:31:27 +0100] "GET /rhn/channels/manage/Repositories.do?cid=130 HTTP/1.1" 200 44750
172.16.3.5 - - [14/Jan/2026:15:31:27 +0100] "POST /rhn/manager/frontend-log HTTP/1.1" 200 16
127.0.0.1 - - [14/Jan/2026:15:31:27 +0100] "GET /rhn/websocket/notifications HTTP/1.1" 101 -
172.16.3.5 - - [14/Jan/2026:15:31:27 +0100] "GET /rhn/channels/manage/repos/RepoList.do HTTP/1.1" 200 40342
127.0.0.1 - - [14/Jan/2026:15:31:27 +0100] "GET /rhn/websocket/notifications HTTP/1.1" 101 -
172.16.3.5 - - [14/Jan/2026:15:31:27 +0100] "POST /rhn/manager/frontend-log HTTP/1.1" 200 16
172.16.3.5 - - [14/Jan/2026:15:31:27 +0100] "GET /rhn/channels/manage/repos/RepoCreate.do HTTP/1.1" 200 38822
127.0.0.1 - - [14/Jan/2026:15:31:27 +0100] "GET /rhn/websocket/notifications HTTP/1.1" 101 -
172.16.3.5 - - [14/Jan/2026:15:31:27 +0100] "POST /rhn/manager/frontend-log HTTP/1.1" 200 16
::1 - - [14/Jan/2026:15:31:37 +0100] "GET /rhn/manager/login HTTP/1.1" 302 -
172.16.3.5 - - [14/Jan/2026:15:31:38 +0100] "POST /rhn/channels/manage/repos/RepoCreate.do HTTP/1.1" 302 -
172.16.3.5 - - [14/Jan/2026:15:31:38 +0100] "GET /rhn/channels/manage/repos/RepoEdit.do?id=522 HTTP/1.1" 200 39460
172.16.3.5 - - [14/Jan/2026:15:31:38 +0100] "POST /rhn/manager/frontend-log HTTP/1.1" 200 16
127.0.0.1 - - [14/Jan/2026:15:31:38 +0100] "GET /rhn/websocket/notifications HTTP/1.1" 101 -
172.16.3.5 - - [14/Jan/2026:15:31:38 +0100] "POST /rhn/manager/frontend-log HTTP/1.1" 200 16
127.0.0.1 - - [14/Jan/2026:15:31:38 +0100] "GET /rhn/websocket/notifications HTTP/1.1" 101 -
172.16.3.5 - - [14/Jan/2026:15:31:38 +0100] "GET /rhn/channels/manage/Manage.do HTTP/1.1" 200 46270
172.16.3.5 - - [14/Jan/2026:15:31:38 +0100] "POST /rhn/manager/frontend-log HTTP/1.1" 200 16
127.0.0.1 - - [14/Jan/2026:15:31:38 +0100] "GET /rhn/websocket/notifications HTTP/1.1" 101 -
172.16.3.5 - - [14/Jan/2026:15:31:39 +0100] "GET /rhn/channels/manage/Edit.do?cid=125 HTTP/1.1" 200 53227
127.0.0.1 - - [14/Jan/2026:15:31:39 +0100] "GET /rhn/websocket/notifications HTTP/1.1" 101 -
172.16.3.5 - - [14/Jan/2026:15:31:39 +0100] "POST /rhn/manager/frontend-log HTTP/1.1" 200 16
172.16.3.5 - - [14/Jan/2026:15:31:39 +0100] "POST /rhn/channels/manage/Edit.do HTTP/1.1" 302 -
172.16.3.5 - - [14/Jan/2026:15:31:39 +0100] "GET /rhn/channels/manage/Edit.do?cid=125 HTTP/1.1" 200 53403
172.16.3.5 - - [14/Jan/2026:15:31:39 +0100] "POST /rhn/manager/frontend-log HTTP/1.1" 200 16
127.0.0.1 - - [14/Jan/2026:15:31:39 +0100] "GET /rhn/websocket/notifications HTTP/1.1" 101 -
172.16.3.5 - - [14/Jan/2026:15:31:39 +0100] "POST /rhn/manager/frontend-log HTTP/1.1" 200 16
127.0.0.1 - - [14/Jan/2026:15:31:39 +0100] "GET /rhn/websocket/notifications HTTP/1.1" 101 -
172.16.3.5 - - [14/Jan/2026:15:31:40 +0100] "GET /rhn/channels/manage/Repositories.do?cid=125 HTTP/1.1" 200 44854
127.0.0.1 - - [14/Jan/2026:15:31:40 +0100] "GET /rhn/websocket/notifications HTTP/1.1" 101 -
172.16.3.5 - - [14/Jan/2026:15:31:40 +0100] "POST /rhn/manager/frontend-log HTTP/1.1" 200 16
172.16.3.5 - - [14/Jan/2026:15:31:40 +0100] "POST /rhn/ajax/item-selector HTTP/1.1" 200 35
172.16.3.5 - - [14/Jan/2026:15:31:40 +0100] "POST /rhn/channels/manage/Repositories.do?cid=125 HTTP/1.1" 302 -
172.16.3.5 - - [14/Jan/2026:15:31:40 +0100] "GET /rhn/channels/manage/Repositories.do?cid=125 HTTP/1.1" 200 45412
172.16.3.5 - - [14/Jan/2026:15:31:40 +0100] "POST /rhn/manager/frontend-log HTTP/1.1" 200 16
127.0.0.1 - - [14/Jan/2026:15:31:40 +0100] "GET /rhn/websocket/notifications HTTP/1.1" 101 -
172.16.3.5 - - [14/Jan/2026:15:31:41 +0100] "GET /rhn/channels/manage/Manage.do HTTP/1.1" 200 46270
172.16.3.5 - - [14/Jan/2026:15:31:41 +0100] "POST /rhn/manager/frontend-log HTTP/1.1" 200 16
127.0.0.1 - - [14/Jan/2026:15:31:41 +0100] "GET /rhn/websocket/notifications HTTP/1.1" 101 -
172.16.3.5 - - [14/Jan/2026:15:31:41 +0100] "GET /rhn/channels/manage/Edit.do?cid=122 HTTP/1.1" 200 53251
127.0.0.1 - - [14/Jan/2026:15:31:41 +0100] "GET /rhn/websocket/notifications HTTP/1.1" 101 -
172.16.3.5 - - [14/Jan/2026:15:31:41 +0100] "POST /rhn/manager/frontend-log HTTP/1.1" 200 16
172.16.3.5 - - [14/Jan/2026:15:31:41 +0100] "GET /rhn/channels/manage/Repositories.do?cid=122 HTTP/1.1" 200 44859
127.0.0.1 - - [14/Jan/2026:15:31:42 +0100] "GET /rhn/websocket/notifications HTTP/1.1" 101 -
172.16.3.5 - - [14/Jan/2026:15:31:42 +0100] "POST /rhn/manager/frontend-log HTTP/1.1" 200 16
172.16.3.5 - - [14/Jan/2026:15:31:42 +0100] "POST /rhn/ajax/item-selector HTTP/1.1" 200 35
172.16.3.5 - - [14/Jan/2026:15:31:42 +0100] "POST /rhn/channels/manage/Repositories.do?cid=122 HTTP/1.1" 302 -
172.16.3.5 - - [14/Jan/2026:15:31:43 +0100] "GET /rhn/channels/manage/Repositories.do?cid=122 HTTP/1.1" 200 45422
172.16.3.5 - - [14/Jan/2026:15:31:43 +0100] "POST /rhn/manager/frontend-log HTTP/1.1" 200 16
127.0.0.1 - - [14/Jan/2026:15:31:43 +0100] "GET /rhn/websocket/notifications HTTP/1.1" 101 -
172.16.3.5 - - [14/Jan/2026:15:31:43 +0100] "GET /rhn/channels/manage/repos/RepoList.do HTTP/1.1" 200 40704
172.16.3.5 - - [14/Jan/2026:15:31:43 +0100] "POST /rhn/manager/frontend-log HTTP/1.1" 200 16
127.0.0.1 - - [14/Jan/2026:15:31:43 +0100] "GET /rhn/websocket/notifications HTTP/1.1" 101 -
172.16.3.5 - - [14/Jan/2026:15:31:43 +0100] "GET /rhn/channels/manage/repos/RepoCreate.do HTTP/1.1" 200 38822
127.0.0.1 - - [14/Jan/2026:15:31:43 +0100] "GET /rhn/websocket/notifications HTTP/1.1" 101 -
172.16.3.5 - - [14/Jan/2026:15:31:43 +0100] "POST /rhn/manager/frontend-log HTTP/1.1" 200 16
172.16.3.5 - - [14/Jan/2026:15:31:44 +0100] "POST /rhn/channels/manage/repos/RepoCreate.do HTTP/1.1" 302 -
172.16.3.5 - - [14/Jan/2026:15:31:44 +0100] "GET /rhn/channels/manage/repos/RepoEdit.do?id=523 HTTP/1.1" 200 39476
172.16.3.5 - - [14/Jan/2026:15:31:44 +0100] "POST /rhn/manager/frontend-log HTTP/1.1" 200 16
127.0.0.1 - - [14/Jan/2026:15:31:44 +0100] "GET /rhn/websocket/notifications HTTP/1.1" 101 -
172.16.3.5 - - [14/Jan/2026:15:31:44 +0100] "POST /rhn/manager/frontend-log HTTP/1.1" 200 16
127.0.0.1 - - [14/Jan/2026:15:31:44 +0100] "GET /rhn/websocket/notifications HTTP/1.1" 101 -
172.16.3.5 - - [14/Jan/2026:15:31:44 +0100] "GET /rhn/channels/manage/Manage.do HTTP/1.1" 200 46271
172.16.3.5 - - [14/Jan/2026:15:31:44 +0100] "POST /rhn/manager/frontend-log HTTP/1.1" 200 16
127.0.0.1 - - [14/Jan/2026:15:31:45 +0100] "GET /rhn/websocket/notifications HTTP/1.1" 101 -
172.16.3.5 - - [14/Jan/2026:15:31:45 +0100] "GET /rhn/channels/manage/Edit.do?cid=128 HTTP/1.1" 200 53183
127.0.0.1 - - [14/Jan/2026:15:31:45 +0100] "GET /rhn/websocket/notifications HTTP/1.1" 101 -
172.16.3.5 - - [14/Jan/2026:15:31:45 +0100] "POST /rhn/manager/frontend-log HTTP/1.1" 200 16
172.16.3.5 - - [14/Jan/2026:15:31:45 +0100] "GET /rhn/channels/manage/Repositories.do?cid=128 HTTP/1.1" 200 45531
127.0.0.1 - - [14/Jan/2026:15:31:45 +0100] "GET /rhn/websocket/notifications HTTP/1.1" 101 -
172.16.3.5 - - [14/Jan/2026:15:31:45 +0100] "POST /rhn/manager/frontend-log HTTP/1.1" 200 16
172.16.3.5 - - [14/Jan/2026:15:31:45 +0100] "POST /rhn/ajax/item-selector HTTP/1.1" 200 35
172.16.3.5 - - [14/Jan/2026:15:31:46 +0100] "POST /rhn/channels/manage/Repositories.do?cid=128 HTTP/1.1" 302 -
172.16.3.5 - - [14/Jan/2026:15:31:46 +0100] "GET /rhn/channels/manage/Repositories.do?cid=128 HTTP/1.1" 200 46095
127.0.0.1 - - [14/Jan/2026:15:31:46 +0100] "GET /rhn/websocket/notifications HTTP/1.1" 101 -
172.16.3.5 - - [14/Jan/2026:15:31:46 +0100] "POST /rhn/manager/frontend-log HTTP/1.1" 200 16
172.16.3.5 - - [14/Jan/2026:15:31:46 +0100] "GET /rhn/manager/login HTTP/1.1" 302 -
172.16.3.5 - - [14/Jan/2026:15:31:46 +0100] "GET /rhn/YourRhn.do HTTP/1.1" 200 36120
172.16.3.5 - - [14/Jan/2026:15:31:47 +0100] "POST /rhn/manager/frontend-log HTTP/1.1" 200 16
172.16.3.5 - - [14/Jan/2026:15:31:47 +0100] "POST /rhn/ajax/inactive-systems HTTP/1.1" 200 540
172.16.3.5 - - [14/Jan/2026:15:31:47 +0100] "POST /rhn/ajax/pending-actions HTTP/1.1" 200 636
172.16.3.5 - - [14/Jan/2026:15:31:47 +0100] "POST /rhn/ajax/latest-errata HTTP/1.1" 200 539
172.16.3.5 - - [14/Jan/2026:15:31:47 +0100] "POST /rhn/ajax/subscription-warning HTTP/1.1" 200 -
127.0.0.1 - - [14/Jan/2026:15:31:47 +0100] "GET /rhn/websocket/notifications HTTP/1.1" 101 -
::1 - - [14/Jan/2026:15:31:47 +0100] "GET /rhn/errors/404.jsp HTTP/1.1" 404 4500
::1 - - [14/Jan/2026:15:31:47 +0100] "GET /rhn/errors/404.jsp HTTP/1.1" 404 4500
::1 - - [14/Jan/2026:15:31:47 +0100] "GET /rhn/errors/404.jsp HTTP/1.1" 404 4500
172.16.3.5 - - [14/Jan/2026:15:31:47 +0100] "POST /rhn/ajax/critical-systems HTTP/1.1" 200 2026
::1 - - [14/Jan/2026:15:31:47 +0100] "GET /rhn/errors/404.jsp HTTP/1.1" 404 4500
172.16.3.5 - - [14/Jan/2026:15:31:47 +0100] "POST /rhn/ajax/systems-groups HTTP/1.1" 200 1491
172.16.3.5 - - [14/Jan/2026:15:31:47 +0100] "POST /rhn/manager/frontend-log HTTP/1.1" 200 16
172.16.3.5 - - [14/Jan/2026:15:31:47 +0100] "POST /rhn/ajax/recent-systems HTTP/1.1" 200 2059
172.16.3.5 - - [14/Jan/2026:15:31:47 +0100] "POST /rhn/ajax/tasks HTTP/1.1" 200 2232
172.16.3.5 - - [14/Jan/2026:15:31:47 +0100] "GET /rhn/channels/manage/Manage.do HTTP/1.1" 200 46271
127.0.0.1 - - [14/Jan/2026:15:31:47 +0100] "GET /rhn/websocket/notifications HTTP/1.1" 101 -
172.16.3.5 - - [14/Jan/2026:15:31:47 +0100] "POST /rhn/manager/frontend-log HTTP/1.1" 200 16
172.16.3.5 - - [14/Jan/2026:15:31:48 +0100] "GET /rhn/channels/manage/Edit.do HTTP/1.1" 200 53284
127.0.0.1 - - [14/Jan/2026:15:31:48 +0100] "GET /rhn/websocket/notifications HTTP/1.1" 101 -
172.16.3.5 - - [14/Jan/2026:15:31:48 +0100] "POST /rhn/manager/frontend-log HTTP/1.1" 200 16
172.16.3.5 - - [14/Jan/2026:15:31:48 +0100] "POST /rhn/channels/manage/Edit.do HTTP/1.1" 302 -
172.16.3.5 - - [14/Jan/2026:15:31:49 +0100] "GET /rhn/channels/manage/Edit.do?cid=131 HTTP/1.1" 200 53344
172.16.3.5 - - [14/Jan/2026:15:31:49 +0100] "POST /rhn/manager/frontend-log HTTP/1.1" 200 16
127.0.0.1 - - [14/Jan/2026:15:31:49 +0100] "GET /rhn/websocket/notifications HTTP/1.1" 101 -
172.16.3.5 - - [14/Jan/2026:15:31:49 +0100] "POST /rhn/manager/frontend-log HTTP/1.1" 200 16
127.0.0.1 - - [14/Jan/2026:15:31:49 +0100] "GET /rhn/websocket/notifications HTTP/1.1" 101 -
::1 - - [14/Jan/2026:15:31:52 +0100] "GET /rhn/errors/404.jsp HTTP/1.1" 404 4500
::1 - - [14/Jan/2026:15:31:52 +0100] "GET /rhn/errors/404.jsp HTTP/1.1" 404 4500
172.16.3.5 - - [14/Jan/2026:15:31:53 +0100] "POST /rhn/manager/api/auth/login HTTP/1.1" 200 16
172.16.3.5 - - [14/Jan/2026:15:31:53 +0100] "GET /rhn/manager/api/channel/software/listUserRepos HTTP/1.1" 200 1435
