172.16.3.5 - - [14/Jan/2026:15:41:27 +0100] "GET /rhn/systems/details/history/Pending.do?sid=1000010001& HTTP/1.1" 200 40407
127.0.0.1 - - [14/Jan/2026:15:41:27 +0100] "GET /rhn/websocket/notifications HTTP/1.1" 101 -
172.16.3.5 - - [14/Jan/2026:15:41:27 +0100] "POST /rhn/manager/frontend-log HTTP/1.1" 200 16
172.16.3.5 - - [14/Jan/2026:15:41:30 +0100] "GET /rhn/systems/details/history/Pending.do?sid=1000010002& HTTP/1.1" 200 40416
172.16.3.5 - - [14/Jan/2026:15:41:30 +0100] "POST /rhn/manager/frontend-log HTTP/1.1" 200 16
127.0.0.1 - - [14/Jan/2026:15:41:30 +0100] "GET /rhn/websocket/notifications HTTP/1.1" 101 -
172.16.3.5 - - [14/Jan/2026:15:41:30 +0100] "POST /rhn/manager/frontend-log HTTP/1.1" 200 16
127.0.0.1 - - [14/Jan/2026:15:41:30 +0100] "GET /rhn/websocket/notifications HTTP/1.1" 101 -
172.16.3.5 - - [14/Jan/2026:15:41:34 +0100] "GET /rhn/systems/details/history/Pending.do?sid=1000010001& HTTP/1.1" 200 40407
172.16.3.5 - - [14/Jan/2026:15:41:34 +0100] "POST /rhn/manager/frontend-log HTTP/1.1" 200 16
127.0.0.1 - - [14/Jan/2026:15:41:34 +0100] "GET /rhn/websocket/notifications HTTP/1.1" 101 -
172.16.3.5 - - [14/Jan/2026:15:41:34 +0100] "POST /rhn/manager/frontend-log HTTP/1.1" 200 16
127.0.0.1 - - [14/Jan/2026:15:41:34 +0100] "GET /rhn/websocket/notifications HTTP/1.1" 101 -
172.16.3.7 - - [14/Jan/2026:15:41:43 +0100] "HEAD /rhn/manager/download/devel-suse-channel/repodata/repomd.xml?eyJhbGciOiJIUzI1NiJ9.eyJqdGkiOiJtV0phMjBIT3RjZ0pMcnBtRUxtNkt3IiwiZXhwIjoxNzk5OTM3NjM5LCJpYXQiOjE3Njg0MDE2MzksIm5iZiI6MTc2ODQwMTUxOSwib3JnIjoxLCJvbmx5Q2hhbm5lbHMiOlsiZGV2ZWwtc3VzZS1jaGFubmVsIl19.HTsYgVVkd5lNrf32JItm1N7mHI9sJkYZz-ZUq6nq0Rk HTTP/1.1" 200 -
172.16.3.7 - - [14/Jan/2026:15:41:43 +0100] "HEAD /rhn/manager/download/devel-suse-channel/media.1/media?eyJhbGciOiJIUzI1NiJ9.eyJqdGkiOiJtV0phMjBIT3RjZ0pMcnBtRUxtNkt3IiwiZXhwIjoxNzk5OTM3NjM5LCJpYXQiOjE3Njg0MDE2MzksIm5iZiI6MTc2ODQwMTUxOSwib3JnIjoxLCJvbmx5Q2hhbm5lbHMiOlsiZGV2ZWwtc3VzZS1jaGFubmVsIl19.HTsYgVVkd5lNrf32JItm1N7mHI9sJkYZz-ZUq6nq0Rk HTTP/1.1" 404 -
172.16.3.7 - - [14/Jan/2026:15:41:43 +0100] "HEAD /rhn/manager/download/devel-suse-channel/repodata/repomd.xml?eyJhbGciOiJIUzI1NiJ9.eyJqdGkiOiJtV0phMjBIT3RjZ0pMcnBtRUxtNkt3IiwiZXhwIjoxNzk5OTM3NjM5LCJpYXQiOjE3Njg0MDE2MzksIm5iZiI6MTc2ODQwMTUxOSwib3JnIjoxLCJvbmx5Q2hhbm5lbHMiOlsiZGV2ZWwtc3VzZS1jaGFubmVsIl19.HTsYgVVkd5lNrf32JItm1N7mHI9sJkYZz-ZUq6nq0Rk HTTP/1.1" 200 -
172.16.3.7 - - [14/Jan/2026:15:41:43 +0100] "GET /rhn/manager/download/devel-suse-channel/repodata/repomd.xml?eyJhbGciOiJIUzI1NiJ9.eyJqdGkiOiJtV0phMjBIT3RjZ0pMcnBtRUxtNkt3IiwiZXhwIjoxNzk5OTM3NjM5LCJpYXQiOjE3Njg0MDE2MzksIm5iZiI6MTc2ODQwMTUxOSwib3JnIjoxLCJvbmx5Q2hhbm5lbHMiOlsiZGV2ZWwtc3VzZS1jaGFubmVsIl19.HTsYgVVkd5lNrf32JItm1N7mHI9sJkYZz-ZUq6nq0Rk HTTP/1.1" 200 3664
172.16.3.7 - - [14/Jan/2026:15:41:43 +0100] "HEAD /rhn/manager/download/devel-suse-channel/repodata/repomd.xml.asc?eyJhbGciOiJIUzI1NiJ9.eyJqdGkiOiJtV0phMjBIT3RjZ0pMcnBtRUxtNkt3IiwiZXhwIjoxNzk5OTM3NjM5LCJpYXQiOjE3Njg0MDE2MzksIm5iZiI6MTc2ODQwMTUxOSwib3JnIjoxLCJvbmx5Q2hhbm5lbHMiOlsiZGV2ZWwtc3VzZS1jaGFubmVsIl19.HTsYgVVkd5lNrf32JItm1N7mHI9sJkYZz-ZUq6nq0Rk HTTP/1.1" 404 -
172.16.3.7 - - [14/Jan/2026:15:41:43 +0100] "HEAD /rhn/manager/download/devel-suse-channel/repodata/6ca814118519beae800738bd4ac0ca42a113648c9a51ffce2bcbfdcd5da0830fc94af58efe6d6fb00415f0addd305526edd1f80ed3fcbcd0f702a90507b55ac4-primary.xml.gz?eyJhbGciOiJIUzI1NiJ9.eyJqdGkiOiJtV0phMjBIT3RjZ0pMcnBtRUxtNkt3IiwiZXhwIjoxNzk5OTM3NjM5LCJpYXQiOjE3Njg0MDE2MzksIm5iZiI6MTc2ODQwMTUxOSwib3JnIjoxLCJvbmx5Q2hhbm5lbHMiOlsiZGV2ZWwtc3VzZS1jaGFubmVsIl19.HTsYgVVkd5lNrf32JItm1N7mHI9sJkYZz-ZUq6nq0Rk HTTP/1.1" 200 -
172.16.3.7 - - [14/Jan/2026:15:41:43 +0100] "GET /rhn/manager/download/devel-suse-channel/repodata/6ca814118519beae800738bd4ac0ca42a113648c9a51ffce2bcbfdcd5da0830fc94af58efe6d6fb00415f0addd305526edd1f80ed3fcbcd0f702a90507b55ac4-primary.xml.gz?eyJhbGciOiJIUzI1NiJ9.eyJqdGkiOiJtV0phMjBIT3RjZ0pMcnBtRUxtNkt3IiwiZXhwIjoxNzk5OTM3NjM5LCJpYXQiOjE3Njg0MDE2MzksIm5iZiI6MTc2ODQwMTUxOSwib3JnIjoxLCJvbmx5Q2hhbm5lbHMiOlsiZGV2ZWwtc3VzZS1jaGFubmVsIl19.HTsYgVVkd5lNrf32JItm1N7mHI9sJkYZz-ZUq6nq0Rk HTTP/1.1" 200 3664
172.16.3.7 - - [14/Jan/2026:15:41:43 +0100] "HEAD /rhn/manager/download/devel-suse-channel/repodata/f4e8102061d4ee9a19ec0277091d6f296d38e08889709945cfca61716972b1e2d0201d09ea891a9f2753acb8f1211aa85e6123208a82a4c64199c1f5014356ee-susedata.xml.gz?eyJhbGciOiJIUzI1NiJ9.eyJqdGkiOiJtV0phMjBIT3RjZ0pMcnBtRUxtNkt3IiwiZXhwIjoxNzk5OTM3NjM5LCJpYXQiOjE3Njg0MDE2MzksIm5iZiI6MTc2ODQwMTUxOSwib3JnIjoxLCJvbmx5Q2hhbm5lbHMiOlsiZGV2ZWwtc3VzZS1jaGFubmVsIl19.HTsYgVVkd5lNrf32JItm1N7mHI9sJkYZz-ZUq6nq0Rk HTTP/1.1" 200 -
172.16.3.7 - - [14/Jan/2026:15:41:43 +0100] "GET /rhn/manager/download/devel-suse-channel/repodata/f4e8102061d4ee9a19ec0277091d6f296d38e08889709945cfca61716972b1e2d0201d09ea891a9f2753acb8f1211aa85e6123208a82a4c64199c1f5014356ee-susedata.xml.gz?eyJhbGciOiJIUzI1NiJ9.eyJqdGkiOiJtV0phMjBIT3RjZ0pMcnBtRUxtNkt3IiwiZXhwIjoxNzk5OTM3NjM5LCJpYXQiOjE3Njg0MDE2MzksIm5iZiI6MTc2ODQwMTUxOSwib3JnIjoxLCJvbmx5Q2hhbm5lbHMiOlsiZGV2ZWwtc3VzZS1jaGFubmVsIl19.HTsYgVVkd5lNrf32JItm1N7mHI9sJkYZz-ZUq6nq0Rk HTTP/1.1" 200 3664
172.16.3.5 - - [14/Jan/2026:15:41:44 +0100] "GET /rhn/systems/details/history/Pending.do?sid=1000010002& HTTP/1.1" 200 40416
172.16.3.7 - - [14/Jan/2026:15:41:44 +0100] "HEAD /rhn/manager/download/fake-rpm-suse-channel/repodata/repomd.xml?eyJhbGciOiJIUzI1NiJ9.eyJqdGkiOiI3bnFkRkRpelYxcWFkUzk5akgtYVpnIiwiZXhwIjoxNzk5OTM3NjM5LCJpYXQiOjE3Njg0MDE2MzksIm5iZiI6MTc2ODQwMTUxOSwib3JnIjoxLCJvbmx5Q2hhbm5lbHMiOlsiZmFrZS1ycG0tc3VzZS1jaGFubmVsIl19.ECw4wVEV_HKZjt9_DNR6v60LAJvHGmFW_rXEOlMvaSI HTTP/1.1" 200 -
172.16.3.7 - - [14/Jan/2026:15:41:44 +0100] "HEAD /rhn/manager/download/fake-rpm-suse-channel/media.1/media?eyJhbGciOiJIUzI1NiJ9.eyJqdGkiOiI3bnFkRkRpelYxcWFkUzk5akgtYVpnIiwiZXhwIjoxNzk5OTM3NjM5LCJpYXQiOjE3Njg0MDE2MzksIm5iZiI6MTc2ODQwMTUxOSwib3JnIjoxLCJvbmx5Q2hhbm5lbHMiOlsiZmFrZS1ycG0tc3VzZS1jaGFubmVsIl19.ECw4wVEV_HKZjt9_DNR6v60LAJvHGmFW_rXEOlMvaSI HTTP/1.1" 404 -
172.16.3.7 - - [14/Jan/2026:15:41:44 +0100] "HEAD /rhn/manager/download/fake-rpm-suse-channel/repodata/repomd.xml?eyJhbGciOiJIUzI1NiJ9.eyJqdGkiOiI3bnFkRkRpelYxcWFkUzk5akgtYVpnIiwiZXhwIjoxNzk5OTM3NjM5LCJpYXQiOjE3Njg0MDE2MzksIm5iZiI6MTc2ODQwMTUxOSwib3JnIjoxLCJvbmx5Q2hhbm5lbHMiOlsiZmFrZS1ycG0tc3VzZS1jaGFubmVsIl19.ECw4wVEV_HKZjt9_DNR6v60LAJvHGmFW_rXEOlMvaSI HTTP/1.1" 200 -
172.16.3.7 - - [14/Jan/2026:15:41:44 +0100] "GET /rhn/manager/download/fake-rpm-suse-channel/repodata/repomd.xml?eyJhbGciOiJIUzI1NiJ9.eyJqdGkiOiI3bnFkRkRpelYxcWFkUzk5akgtYVpnIiwiZXhwIjoxNzk5OTM3NjM5LCJpYXQiOjE3Njg0MDE2MzksIm5iZiI6MTc2ODQwMTUxOSwib3JnIjoxLCJvbmx5Q2hhbm5lbHMiOlsiZmFrZS1ycG0tc3VzZS1jaGFubmVsIl19.ECw4wVEV_HKZjt9_DNR6v60LAJvHGmFW_rXEOlMvaSI HTTP/1.1" 200 3663
172.16.3.5 - - [14/Jan/2026:15:41:44 +0100] "POST /rhn/manager/frontend-log HTTP/1.1" 200 16
172.16.3.7 - - [14/Jan/2026:15:41:44 +0100] "HEAD /rhn/manager/download/fake-rpm-suse-channel/repodata/repomd.xml.asc?eyJhbGciOiJIUzI1NiJ9.eyJqdGkiOiI3bnFkRkRpelYxcWFkUzk5akgtYVpnIiwiZXhwIjoxNzk5OTM3NjM5LCJpYXQiOjE3Njg0MDE2MzksIm5iZiI6MTc2ODQwMTUxOSwib3JnIjoxLCJvbmx5Q2hhbm5lbHMiOlsiZmFrZS1ycG0tc3VzZS1jaGFubmVsIl19.ECw4wVEV_HKZjt9_DNR6v60LAJvHGmFW_rXEOlMvaSI HTTP/1.1" 404 -
127.0.0.1 - - [14/Jan/2026:15:41:44 +0100] "GET /rhn/websocket/notifications HTTP/1.1" 101 -
172.16.3.7 - - [14/Jan/2026:15:41:44 +0100] "HEAD /rhn/manager/download/fake-rpm-suse-channel/repodata/e6a738af741a51e161a8e8f791294cc68b07cb960695b0c61a071e412a6975edede38c3318a1b364eea45c50799402fcad8e096eca9b85c442dae0e8656fe85a-primary.xml.gz?eyJhbGciOiJIUzI1NiJ9.eyJqdGkiOiI3bnFkRkRpelYxcWFkUzk5akgtYVpnIiwiZXhwIjoxNzk5OTM3NjM5LCJpYXQiOjE3Njg0MDE2MzksIm5iZiI6MTc2ODQwMTUxOSwib3JnIjoxLCJvbmx5Q2hhbm5lbHMiOlsiZmFrZS1ycG0tc3VzZS1jaGFubmVsIl19.ECw4wVEV_HKZjt9_DNR6v60LAJvHGmFW_rXEOlMvaSI HTTP/1.1" 200 -
172.16.3.5 - - [14/Jan/2026:15:41:44 +0100] "POST /rhn/manager/frontend-log HTTP/1.1" 200 16
172.16.3.7 - - [14/Jan/2026:15:41:44 +0100] "GET /rhn/manager/download/fake-rpm-suse-channel/repodata/e6a738af741a51e161a8e8f791294cc68b07cb960695b0c61a071e412a6975edede38c3318a1b364eea45c50799402fcad8e096eca9b85c442dae0e8656fe85a-primary.xml.gz?eyJhbGciOiJIUzI1NiJ9.eyJqdGkiOiI3bnFkRkRpelYxcWFkUzk5akgtYVpnIiwiZXhwIjoxNzk5OTM3NjM5LCJpYXQiOjE3Njg0MDE2MzksIm5iZiI6MTc2ODQwMTUxOSwib3JnIjoxLCJvbmx5Q2hhbm5lbHMiOlsiZmFrZS1ycG0tc3VzZS1jaGFubmVsIl19.ECw4wVEV_HKZjt9_DNR6v60LAJvHGmFW_rXEOlMvaSI HTTP/1.1" 200 3662
172.16.3.7 - - [14/Jan/2026:15:41:44 +0100] "HEAD /rhn/manager/download/fake-rpm-suse-channel/repodata/4265c37a4258c7ec3ffb0407ebee44404e3ef332947485981a0d05618ad65760daae226dfb51e08266af0a81e427ebd3e75f697fc78bdc613eee8558c585d840-susedata.xml.gz?eyJhbGciOiJIUzI1NiJ9.eyJqdGkiOiI3bnFkRkRpelYxcWFkUzk5akgtYVpnIiwiZXhwIjoxNzk5OTM3NjM5LCJpYXQiOjE3Njg0MDE2MzksIm5iZiI6MTc2ODQwMTUxOSwib3JnIjoxLCJvbmx5Q2hhbm5lbHMiOlsiZmFrZS1ycG0tc3VzZS1jaGFubmVsIl19.ECw4wVEV_HKZjt9_DNR6v60LAJvHGmFW_rXEOlMvaSI HTTP/1.1" 200 -
172.16.3.7 - - [14/Jan/2026:15:41:44 +0100] "GET /rhn/manager/download/fake-rpm-suse-channel/repodata/4265c37a4258c7ec3ffb0407ebee44404e3ef332947485981a0d05618ad65760daae226dfb51e08266af0a81e427ebd3e75f697fc78bdc613eee8558c585d840-susedata.xml.gz?eyJhbGciOiJIUzI1NiJ9.eyJqdGkiOiI3bnFkRkRpelYxcWFkUzk5akgtYVpnIiwiZXhwIjoxNzk5OTM3NjM5LCJpYXQiOjE3Njg0MDE2MzksIm5iZiI6MTc2ODQwMTUxOSwib3JnIjoxLCJvbmx5Q2hhbm5lbHMiOlsiZmFrZS1ycG0tc3VzZS1jaGFubmVsIl19.ECw4wVEV_HKZjt9_DNR6v60LAJvHGmFW_rXEOlMvaSI HTTP/1.1" 200 3664
172.16.3.7 - - [14/Jan/2026:15:41:44 +0100] "HEAD /rhn/manager/download/fake-rpm-suse-channel/repodata/3b0ec649eb06208f664dc738be9e4ba4e0ffe7dd7ca7374fcaf8a5fadf52a7e38e3ab5fb5938405c33df69db53231137406dcc717dae9a40eb7c65166bc22837-updateinfo.xml.gz?eyJhbGciOiJIUzI1NiJ9.eyJqdGkiOiI3bnFkRkRpelYxcWFkUzk5akgtYVpnIiwiZXhwIjoxNzk5OTM3NjM5LCJpYXQiOjE3Njg0MDE2MzksIm5iZiI6MTc2ODQwMTUxOSwib3JnIjoxLCJvbmx5Q2hhbm5lbHMiOlsiZmFrZS1ycG0tc3VzZS1jaGFubmVsIl19.ECw4wVEV_HKZjt9_DNR6v60LAJvHGmFW_rXEOlMvaSI HTTP/1.1" 200 -
127.0.0.1 - - [14/Jan/2026:15:41:44 +0100] "GET /rhn/websocket/notifications HTTP/1.1" 101 -
172.16.3.7 - - [14/Jan/2026:15:41:44 +0100] "GET /rhn/manager/download/fake-rpm-suse-channel/repodata/3b0ec649eb06208f664dc738be9e4ba4e0ffe7dd7ca7374fcaf8a5fadf52a7e38e3ab5fb5938405c33df69db53231137406dcc717dae9a40eb7c65166bc22837-updateinfo.xml.gz?eyJhbGciOiJIUzI1NiJ9.eyJqdGkiOiI3bnFkRkRpelYxcWFkUzk5akgtYVpnIiwiZXhwIjoxNzk5OTM3NjM5LCJpYXQiOjE3Njg0MDE2MzksIm5iZiI6MTc2ODQwMTUxOSwib3JnIjoxLCJvbmx5Q2hhbm5lbHMiOlsiZmFrZS1ycG0tc3VzZS1jaGFubmVsIl19.ECw4wVEV_HKZjt9_DNR6v60LAJvHGmFW_rXEOlMvaSI HTTP/1.1" 200 3664
172.16.3.7 - - [14/Jan/2026:15:41:44 +0100] "HEAD /rhn/manager/download/opensuse_tumbleweed-uyuni-client-devel-x86_64/repodata/repomd.xml?eyJhbGciOiJIUzI1NiJ9.eyJqdGkiOiJhYlhvQnFGamdkUWR3T0MzTzNDQmJnIiwiZXhwIjoxNzk5OTM3NjM5LCJpYXQiOjE3Njg0MDE2MzksIm5iZiI6MTc2ODQwMTUxOSwib3JnIjoxLCJvbmx5Q2hhbm5lbHMiOlsib3BlbnN1c2VfdHVtYmxld2VlZC11eXVuaS1jbGllbnQtZGV2ZWwteDg2XzY0Il19.QLsgGi6r1WFXqdgdIesrXCy0_KYL1q7RcLV8tAJUyDc HTTP/1.1" 200 -
172.16.3.7 - - [14/Jan/2026:15:41:44 +0100] "HEAD /rhn/manager/download/opensuse_tumbleweed-uyuni-client-devel-x86_64/media.1/media?eyJhbGciOiJIUzI1NiJ9.eyJqdGkiOiJhYlhvQnFGamdkUWR3T0MzTzNDQmJnIiwiZXhwIjoxNzk5OTM3NjM5LCJpYXQiOjE3Njg0MDE2MzksIm5iZiI6MTc2ODQwMTUxOSwib3JnIjoxLCJvbmx5Q2hhbm5lbHMiOlsib3BlbnN1c2VfdHVtYmxld2VlZC11eXVuaS1jbGllbnQtZGV2ZWwteDg2XzY0Il19.QLsgGi6r1WFXqdgdIesrXCy0_KYL1q7RcLV8tAJUyDc HTTP/1.1" 404 -
172.16.3.7 - - [14/Jan/2026:15:41:44 +0100] "HEAD /rhn/manager/download/opensuse_tumbleweed-uyuni-client-devel-x86_64/repodata/repomd.xml?eyJhbGciOiJIUzI1NiJ9.eyJqdGkiOiJhYlhvQnFGamdkUWR3T0MzTzNDQmJnIiwiZXhwIjoxNzk5OTM3NjM5LCJpYXQiOjE3Njg0MDE2MzksIm5iZiI6MTc2ODQwMTUxOSwib3JnIjoxLCJvbmx5Q2hhbm5lbHMiOlsib3BlbnN1c2VfdHVtYmxld2VlZC11eXVuaS1jbGllbnQtZGV2ZWwteDg2XzY0Il19.QLsgGi6r1WFXqdgdIesrXCy0_KYL1q7RcLV8tAJUyDc HTTP/1.1" 200 -
172.16.3.7 - - [14/Jan/2026:15:41:44 +0100] "GET /rhn/manager/download/opensuse_tumbleweed-uyuni-client-devel-x86_64/repodata/repomd.xml?eyJhbGciOiJIUzI1NiJ9.eyJqdGkiOiJhYlhvQnFGamdkUWR3T0MzTzNDQmJnIiwiZXhwIjoxNzk5OTM3NjM5LCJpYXQiOjE3Njg0MDE2MzksIm5iZiI6MTc2ODQwMTUxOSwib3JnIjoxLCJvbmx5Q2hhbm5lbHMiOlsib3BlbnN1c2VfdHVtYmxld2VlZC11eXVuaS1jbGllbnQtZGV2ZWwteDg2XzY0Il19.QLsgGi6r1WFXqdgdIesrXCy0_KYL1q7RcLV8tAJUyDc HTTP/1.1" 200 3664
172.16.3.7 - - [14/Jan/2026:15:41:44 +0100] "HEAD /rhn/manager/download/opensuse_tumbleweed-uyuni-client-devel-x86_64/repodata/repomd.xml.asc?eyJhbGciOiJIUzI1NiJ9.eyJqdGkiOiJhYlhvQnFGamdkUWR3T0MzTzNDQmJnIiwiZXhwIjoxNzk5OTM3NjM5LCJpYXQiOjE3Njg0MDE2MzksIm5iZiI6MTc2ODQwMTUxOSwib3JnIjoxLCJvbmx5Q2hhbm5lbHMiOlsib3BlbnN1c2VfdHVtYmxld2VlZC11eXVuaS1jbGllbnQtZGV2ZWwteDg2XzY0Il19.QLsgGi6r1WFXqdgdIesrXCy0_KYL1q7RcLV8tAJUyDc HTTP/1.1" 404 -
172.16.3.7 - - [14/Jan/2026:15:41:44 +0100] "HEAD /rhn/manager/download/opensuse_tumbleweed-uyuni-client-devel-x86_64/repodata/b396cd07f25693057d64d695af7bd7fa7e5c794f8ff7abaaa6441cd640849afe4420b3291dfea4439f9b886a90ff9f8f186a4c25cefbbc403b7001c0f814a2ce-primary.xml.gz?eyJhbGciOiJIUzI1NiJ9.eyJqdGkiOiJhYlhvQnFGamdkUWR3T0MzTzNDQmJnIiwiZXhwIjoxNzk5OTM3NjM5LCJpYXQiOjE3Njg0MDE2MzksIm5iZiI6MTc2ODQwMTUxOSwib3JnIjoxLCJvbmx5Q2hhbm5lbHMiOlsib3BlbnN1c2VfdHVtYmxld2VlZC11eXVuaS1jbGllbnQtZGV2ZWwteDg2XzY0Il19.QLsgGi6r1WFXqdgdIesrXCy0_KYL1q7RcLV8tAJUyDc HTTP/1.1" 200 -
172.16.3.7 - - [14/Jan/2026:15:41:44 +0100] "GET /rhn/manager/download/opensuse_tumbleweed-uyuni-client-devel-x86_64/repodata/b396cd07f25693057d64d695af7bd7fa7e5c794f8ff7abaaa6441cd640849afe4420b3291dfea4439f9b886a90ff9f8f186a4c25cefbbc403b7001c0f814a2ce-primary.xml.gz?eyJhbGciOiJIUzI1NiJ9.eyJqdGkiOiJhYlhvQnFGamdkUWR3T0MzTzNDQmJnIiwiZXhwIjoxNzk5OTM3NjM5LCJpYXQiOjE3Njg0MDE2MzksIm5iZiI6MTc2ODQwMTUxOSwib3JnIjoxLCJvbmx5Q2hhbm5lbHMiOlsib3BlbnN1c2VfdHVtYmxld2VlZC11eXVuaS1jbGllbnQtZGV2ZWwteDg2XzY0Il19.QLsgGi6r1WFXqdgdIesrXCy0_KYL1q7RcLV8tAJUyDc HTTP/1.1" 200 3664
172.16.3.7 - - [14/Jan/2026:15:41:44 +0100] "HEAD /rhn/manager/download/opensuse_tumbleweed-uyuni-client-devel-x86_64/repodata/edea975e521d321fe79560b1203c950a6f2f1e316d8bd2c13a4fc5953bdbbcdd762265df3fc57f3cd10c9fff1d8f8e436d8a9835a81cd7ea13aa0c33f9d30034-susedata.xml.gz?eyJhbGciOiJIUzI1NiJ9.eyJqdGkiOiJhYlhvQnFGamdkUWR3T0MzTzNDQmJnIiwiZXhwIjoxNzk5OTM3NjM5LCJpYXQiOjE3Njg0MDE2MzksIm5iZiI6MTc2ODQwMTUxOSwib3JnIjoxLCJvbmx5Q2hhbm5lbHMiOlsib3BlbnN1c2VfdHVtYmxld2VlZC11eXVuaS1jbGllbnQtZGV2ZWwteDg2XzY0Il19.QLsgGi6r1WFXqdgdIesrXCy0_KYL1q7RcLV8tAJUyDc HTTP/1.1" 200 -
172.16.3.7 - - [14/Jan/2026:15:41:44 +0100] "GET /rhn/manager/download/opensuse_tumbleweed-uyuni-client-devel-x86_64/repodata/edea975e521d321fe79560b1203c950a6f2f1e316d8bd2c13a4fc5953bdbbcdd762265df3fc57f3cd10c9fff1d8f8e436d8a9835a81cd7ea13aa0c33f9d30034-susedata.xml.gz?eyJhbGciOiJIUzI1NiJ9.eyJqdGkiOiJhYlhvQnFGamdkUWR3T0MzTzNDQmJnIiwiZXhwIjoxNzk5OTM3NjM5LCJpYXQiOjE3Njg0MDE2MzksIm5iZiI6MTc2ODQwMTUxOSwib3JnIjoxLCJvbmx5Q2hhbm5lbHMiOlsib3BlbnN1c2VfdHVtYmxld2VlZC11eXVuaS1jbGllbnQtZGV2ZWwteDg2XzY0Il19.QLsgGi6r1WFXqdgdIesrXCy0_KYL1q7RcLV8tAJUyDc HTTP/1.1" 200 3664
172.16.3.7 - - [14/Jan/2026:15:41:44 +0100] "HEAD /rhn/manager/download/opensuse_tumbleweed-x86_64/repodata/repomd.xml?eyJhbGciOiJIUzI1NiJ9.eyJqdGkiOiJuTHpzTkpQYktfZ3hSZXZ2RjlkZkZnIiwiZXhwIjoxNzk5OTM3NjM5LCJpYXQiOjE3Njg0MDE2MzksIm5iZiI6MTc2ODQwMTUxOSwib3JnIjoxLCJvbmx5Q2hhbm5lbHMiOlsib3BlbnN1c2VfdHVtYmxld2VlZC14ODZfNjQiXX0.V8lXAIyiu51AdPM8L_xjCqwF8wwpS8EWkqfzcbBuQn0 HTTP/1.1" 200 -
172.16.3.7 - - [14/Jan/2026:15:41:44 +0100] "HEAD /rhn/manager/download/opensuse_tumbleweed-x86_64/media.1/media?eyJhbGciOiJIUzI1NiJ9.eyJqdGkiOiJuTHpzTkpQYktfZ3hSZXZ2RjlkZkZnIiwiZXhwIjoxNzk5OTM3NjM5LCJpYXQiOjE3Njg0MDE2MzksIm5iZiI6MTc2ODQwMTUxOSwib3JnIjoxLCJvbmx5Q2hhbm5lbHMiOlsib3BlbnN1c2VfdHVtYmxld2VlZC14ODZfNjQiXX0.V8lXAIyiu51AdPM8L_xjCqwF8wwpS8EWkqfzcbBuQn0 HTTP/1.1" 404 -
172.16.3.7 - - [14/Jan/2026:15:41:44 +0100] "HEAD /rhn/manager/download/opensuse_tumbleweed-x86_64/repodata/repomd.xml?eyJhbGciOiJIUzI1NiJ9.eyJqdGkiOiJuTHpzTkpQYktfZ3hSZXZ2RjlkZkZnIiwiZXhwIjoxNzk5OTM3NjM5LCJpYXQiOjE3Njg0MDE2MzksIm5iZiI6MTc2ODQwMTUxOSwib3JnIjoxLCJvbmx5Q2hhbm5lbHMiOlsib3BlbnN1c2VfdHVtYmxld2VlZC14ODZfNjQiXX0.V8lXAIyiu51AdPM8L_xjCqwF8wwpS8EWkqfzcbBuQn0 HTTP/1.1" 200 -
172.16.3.7 - - [14/Jan/2026:15:41:44 +0100] "GET /rhn/manager/download/opensuse_tumbleweed-x86_64/repodata/repomd.xml?eyJhbGciOiJIUzI1NiJ9.eyJqdGkiOiJuTHpzTkpQYktfZ3hSZXZ2RjlkZkZnIiwiZXhwIjoxNzk5OTM3NjM5LCJpYXQiOjE3Njg0MDE2MzksIm5iZiI6MTc2ODQwMTUxOSwib3JnIjoxLCJvbmx5Q2hhbm5lbHMiOlsib3BlbnN1c2VfdHVtYmxld2VlZC14ODZfNjQiXX0.V8lXAIyiu51AdPM8L_xjCqwF8wwpS8EWkqfzcbBuQn0 HTTP/1.1" 200 3664
172.16.3.7 - - [14/Jan/2026:15:41:44 +0100] "HEAD /rhn/manager/download/opensuse_tumbleweed-x86_64/repodata/repomd.xml.asc?eyJhbGciOiJIUzI1NiJ9.eyJqdGkiOiJuTHpzTkpQYktfZ3hSZXZ2RjlkZkZnIiwiZXhwIjoxNzk5OTM3NjM5LCJpYXQiOjE3Njg0MDE2MzksIm5iZiI6MTc2ODQwMTUxOSwib3JnIjoxLCJvbmx5Q2hhbm5lbHMiOlsib3BlbnN1c2VfdHVtYmxld2VlZC14ODZfNjQiXX0.V8lXAIyiu51AdPM8L_xjCqwF8wwpS8EWkqfzcbBuQn0 HTTP/1.1" 404 -
172.16.3.7 - - [14/Jan/2026:15:41:44 +0100] "HEAD /rhn/manager/download/opensuse_tumbleweed-x86_64/repodata/6857f50c351c332b151e935042c977e94668a240b90326a286c3d78d06f8bb0aa508d7dfc45b41a537f6cb8b716411772101a80299c453a659ae6ab777617916-primary.xml.gz?eyJhbGciOiJIUzI1NiJ9.eyJqdGkiOiJuTHpzTkpQYktfZ3hSZXZ2RjlkZkZnIiwiZXhwIjoxNzk5OTM3NjM5LCJpYXQiOjE3Njg0MDE2MzksIm5iZiI6MTc2ODQwMTUxOSwib3JnIjoxLCJvbmx5Q2hhbm5lbHMiOlsib3BlbnN1c2VfdHVtYmxld2VlZC14ODZfNjQiXX0.V8lXAIyiu51AdPM8L_xjCqwF8wwpS8EWkqfzcbBuQn0 HTTP/1.1" 200 -
172.16.3.7 - - [14/Jan/2026:15:41:44 +0100] "GET /rhn/manager/download/opensuse_tumbleweed-x86_64/repodata/6857f50c351c332b151e935042c977e94668a240b90326a286c3d78d06f8bb0aa508d7dfc45b41a537f6cb8b716411772101a80299c453a659ae6ab777617916-primary.xml.gz?eyJhbGciOiJIUzI1NiJ9.eyJqdGkiOiJuTHpzTkpQYktfZ3hSZXZ2RjlkZkZnIiwiZXhwIjoxNzk5OTM3NjM5LCJpYXQiOjE3Njg0MDE2MzksIm5iZiI6MTc2ODQwMTUxOSwib3JnIjoxLCJvbmx5Q2hhbm5lbHMiOlsib3BlbnN1c2VfdHVtYmxld2VlZC14ODZfNjQiXX0.V8lXAIyiu51AdPM8L_xjCqwF8wwpS8EWkqfzcbBuQn0 HTTP/1.1" 200 3664
172.16.3.7 - - [14/Jan/2026:15:41:45 +0100] "HEAD /rhn/manager/download/opensuse_tumbleweed-x86_64/repodata/59e6ae461b16a296239ef01c0b287e4ab5586e2b589f72ce33719a10b37bada12cfad93aa13c07b7aac1945185beee1f0f5e28b91855ac62ce0b19106960e4a2-susedata.xml.gz?eyJhbGciOiJIUzI1NiJ9.eyJqdGkiOiJuTHpzTkpQYktfZ3hSZXZ2RjlkZkZnIiwiZXhwIjoxNzk5OTM3NjM5LCJpYXQiOjE3Njg0MDE2MzksIm5iZiI6MTc2ODQwMTUxOSwib3JnIjoxLCJvbmx5Q2hhbm5lbHMiOlsib3BlbnN1c2VfdHVtYmxld2VlZC14ODZfNjQiXX0.V8lXAIyiu51AdPM8L_xjCqwF8wwpS8EWkqfzcbBuQn0 HTTP/1.1" 200 -
172.16.3.7 - - [14/Jan/2026:15:41:45 +0100] "GET /rhn/manager/download/opensuse_tumbleweed-x86_64/repodata/59e6ae461b16a296239ef01c0b287e4ab5586e2b589f72ce33719a10b37bada12cfad93aa13c07b7aac1945185beee1f0f5e28b91855ac62ce0b19106960e4a2-susedata.xml.gz?eyJhbGciOiJIUzI1NiJ9.eyJqdGkiOiJuTHpzTkpQYktfZ3hSZXZ2RjlkZkZnIiwiZXhwIjoxNzk5OTM3NjM5LCJpYXQiOjE3Njg0MDE2MzksIm5iZiI6MTc2ODQwMTUxOSwib3JnIjoxLCJvbmx5Q2hhbm5lbHMiOlsib3BlbnN1c2VfdHVtYmxld2VlZC14ODZfNjQiXX0.V8lXAIyiu51AdPM8L_xjCqwF8wwpS8EWkqfzcbBuQn0 HTTP/1.1" 200 3664
172.16.3.5 - - [14/Jan/2026:15:41:47 +0100] "GET /rhn/systems/details/history/Pending.do?sid=1000010001& HTTP/1.1" 200 37654
172.16.3.5 - - [14/Jan/2026:15:41:47 +0100] "POST /rhn/manager/frontend-log HTTP/1.1" 200 16
127.0.0.1 - - [14/Jan/2026:15:41:47 +0100] "GET /rhn/websocket/notifications HTTP/1.1" 101 -
172.16.3.5 - - [14/Jan/2026:15:41:47 +0100] "POST /rhn/manager/frontend-log HTTP/1.1" 200 16
127.0.0.1 - - [14/Jan/2026:15:41:47 +0100] "GET /rhn/websocket/notifications HTTP/1.1" 101 -
172.16.3.5 - - [14/Jan/2026:15:41:49 +0100] "POST /rhn/manager/api/auth/login HTTP/1.1" 200 16
172.16.3.5 - - [14/Jan/2026:15:41:49 +0100] "POST /rhn/manager/api/system/searchByName HTTP/1.1" 200 157
172.16.3.5 - - [14/Jan/2026:15:41:49 +0100] "GET /rhn/manager/api/auth/logout HTTP/1.1" 200 16
172.16.3.5 - - [14/Jan/2026:15:41:49 +0100] "GET /rhn/systems/details/Overview.do?sid=1000010000 HTTP/1.1" 302 -
172.16.3.5 - - [14/Jan/2026:15:41:49 +0100] "GET /rhn/manager/login?url_bounce=%2Frhn%2Fsystems%2Fdetails%2FOverview.do%3Fsid%3D1000010000&request_method=GET HTTP/1.1" 200 2252
172.16.3.5 - - [14/Jan/2026:15:41:50 +0100] "POST /rhn/manager/frontend-log HTTP/1.1" 302 -
172.16.3.5 - - [14/Jan/2026:15:41:50 +0100] "GET /rhn/systems/details/Overview.do?sid=1000010000 HTTP/1.1" 302 -
172.16.3.5 - - [14/Jan/2026:15:41:50 +0100] "GET /rhn/manager/login?url_bounce=%2Frhn%2Fmanager%2Ffrontend-log&request_method=POST HTTP/1.1" 200 2223
172.16.3.5 - - [14/Jan/2026:15:41:50 +0100] "GET /rhn/manager/login?url_bounce=%2Frhn%2Fsystems%2Fdetails%2FOverview.do%3Fsid%3D1000010000&request_method=GET HTTP/1.1" 200 2254
172.16.3.5 - - [14/Jan/2026:15:41:50 +0100] "POST /rhn/manager/frontend-log HTTP/1.1" 302 -
172.16.3.5 - - [14/Jan/2026:15:41:50 +0100] "POST /rhn/manager/frontend-log HTTP/1.1" 302 -
172.16.3.5 - - [14/Jan/2026:15:41:50 +0100] "GET /rhn/manager/login?url_bounce=%2Frhn%2Fmanager%2Ffrontend-log&request_method=POST HTTP/1.1" 200 2223
172.16.3.5 - - [14/Jan/2026:15:41:57 +0100] "GET /rhn/systems/details/history/Pending.do?sid=1000010002& HTTP/1.1" 200 37639
172.16.3.5 - - [14/Jan/2026:15:41:57 +0100] "POST /rhn/manager/frontend-log HTTP/1.1" 200 16
127.0.0.1 - - [14/Jan/2026:15:41:57 +0100] "GET /rhn/websocket/notifications HTTP/1.1" 101 -
172.16.3.5 - - [14/Jan/2026:15:41:57 +0100] "POST /rhn/manager/frontend-log HTTP/1.1" 200 16
127.0.0.1 - - [14/Jan/2026:15:41:57 +0100] "GET /rhn/websocket/notifications HTTP/1.1" 101 -
172.16.3.5 - - [14/Jan/2026:15:41:58 +0100] "GET /rhn/systems/details/history/History.do?sid=1000010001& HTTP/1.1" 200 43468
127.0.0.1 - - [14/Jan/2026:15:41:58 +0100] "GET /rhn/websocket/notifications HTTP/1.1" 101 -
172.16.3.5 - - [14/Jan/2026:15:41:58 +0100] "POST /rhn/manager/frontend-log HTTP/1.1" 200 16
172.16.3.5 - - [14/Jan/2026:15:41:58 +0100] "GET /rhn/systems/details/history/Event.do?sid=1000010001&aid=7 HTTP/1.1" 200 37681
127.0.0.1 - - [14/Jan/2026:15:41:59 +0100] "GET /rhn/websocket/notifications HTTP/1.1" 101 -
172.16.3.5 - - [14/Jan/2026:15:41:59 +0100] "POST /rhn/manager/frontend-log HTTP/1.1" 200 16
172.16.3.5 - - [14/Jan/2026:15:41:59 +0100] "GET /rhn/systems/details/history/Pending.do?sid=1000010001& HTTP/1.1" 200 37654
127.0.0.1 - - [14/Jan/2026:15:41:59 +0100] "GET /rhn/websocket/notifications HTTP/1.1" 101 -
172.16.3.5 - - [14/Jan/2026:15:41:59 +0100] "POST /rhn/manager/frontend-log HTTP/1.1" 200 16
172.16.3.5 - - [14/Jan/2026:15:41:59 +0100] "GET /rhn/systems/details/history/Pending.do?sid=1000010001& HTTP/1.1" 200 37654
127.0.0.1 - - [14/Jan/2026:15:42:00 +0100] "GET /rhn/websocket/notifications HTTP/1.1" 101 -
172.16.3.5 - - [14/Jan/2026:15:42:00 +0100] "POST /rhn/manager/frontend-log HTTP/1.1" 200 16
172.16.3.5 - - [14/Jan/2026:15:42:00 +0100] "GET /rhn/systems/details/history/History.do?sid=1000010001& HTTP/1.1" 200 43468
127.0.0.1 - - [14/Jan/2026:15:42:00 +0100] "GET /rhn/websocket/notifications HTTP/1.1" 101 -
172.16.3.5 - - [14/Jan/2026:15:42:00 +0100] "POST /rhn/manager/frontend-log HTTP/1.1" 200 16
172.16.3.5 - - [14/Jan/2026:15:42:00 +0100] "POST /rhn/manager/frontend-log HTTP/1.1" 302 -
172.16.3.5 - - [14/Jan/2026:15:42:01 +0100] "GET /rhn/systems/details/history/Event.do?sid=1000010001&aid=12 HTTP/1.1" 200 37715
172.16.3.5 - - [14/Jan/2026:15:42:01 +0100] "GET /rhn/manager/login HTTP/1.1" 200 2219
172.16.3.5 - - [14/Jan/2026:15:42:01 +0100] "POST /rhn/manager/frontend-log HTTP/1.1" 302 -
172.16.3.5 - - [14/Jan/2026:15:42:01 +0100] "GET /rhn/manager/login?url_bounce=%2Frhn%2Fmanager%2Ffrontend-log&request_method=POST HTTP/1.1" 200 2225
127.0.0.1 - - [14/Jan/2026:15:42:01 +0100] "GET /rhn/websocket/notifications HTTP/1.1" 101 -
172.16.3.5 - - [14/Jan/2026:15:42:01 +0100] "POST /rhn/manager/frontend-log HTTP/1.1" 200 16
172.16.3.5 - - [14/Jan/2026:15:42:03 +0100] "POST /rhn/manager/api/auth/login HTTP/1.1" 200 16
172.16.3.5 - - [14/Jan/2026:15:42:03 +0100] "POST /rhn/manager/api/system/searchByName HTTP/1.1" 200 163
172.16.3.5 - - [14/Jan/2026:15:42:03 +0100] "GET /rhn/manager/api/auth/logout HTTP/1.1" 200 16
172.16.3.5 - - [14/Jan/2026:15:42:04 +0100] "GET /rhn/systems/details/Overview.do?sid=1000010001 HTTP/1.1" 200 44548
172.16.3.5 - - [14/Jan/2026:15:42:04 +0100] "POST /rhn/manager/frontend-log HTTP/1.1" 200 16
127.0.0.1 - - [14/Jan/2026:15:42:04 +0100] "GET /rhn/websocket/notifications HTTP/1.1" 101 -
172.16.3.5 - - [14/Jan/2026:15:42:04 +0100] "POST /rhn/manager/frontend-log HTTP/1.1" 200 16
127.0.0.1 - - [14/Jan/2026:15:42:04 +0100] "GET /rhn/websocket/notifications HTTP/1.1" 101 -
172.16.3.5 - - [14/Jan/2026:15:42:04 +0100] "GET /rhn/systems/details/Overview.do?sid=1000010001& HTTP/1.1" 200 44548
127.0.0.1 - - [14/Jan/2026:15:42:05 +0100] "GET /rhn/websocket/notifications HTTP/1.1" 101 -
172.16.3.5 - - [14/Jan/2026:15:42:05 +0100] "POST /rhn/manager/frontend-log HTTP/1.1" 200 16
172.16.3.5 - - [14/Jan/2026:15:42:05 +0100] "GET /rhn/systems/details/Connection.do?sid=1000010001& HTTP/1.1" 200 38926
172.16.3.5 - - [14/Jan/2026:15:42:05 +0100] "POST /rhn/manager/frontend-log HTTP/1.1" 200 16
127.0.0.1 - - [14/Jan/2026:15:42:05 +0100] "GET /rhn/websocket/notifications HTTP/1.1" 101 -
172.16.3.5 - - [14/Jan/2026:15:42:05 +0100] "POST /rhn/manager/api/auth/login HTTP/1.1" 200 16
172.16.3.5 - - [14/Jan/2026:15:42:05 +0100] "POST /rhn/manager/api/system/searchByName HTTP/1.1" 200 157
172.16.3.5 - - [14/Jan/2026:15:42:06 +0100] "GET /rhn/manager/api/auth/logout HTTP/1.1" 200 16
172.16.3.5 - - [14/Jan/2026:15:42:06 +0100] "GET /rhn/systems/details/Overview.do?sid=1000010000 HTTP/1.1" 200 43163
172.16.3.5 - - [14/Jan/2026:15:42:06 +0100] "POST /rhn/manager/frontend-log HTTP/1.1" 200 16
127.0.0.1 - - [14/Jan/2026:15:42:06 +0100] "GET /rhn/websocket/notifications HTTP/1.1" 101 -
172.16.3.5 - - [14/Jan/2026:15:42:06 +0100] "POST /rhn/manager/frontend-log HTTP/1.1" 200 16
172.16.3.5 - - [14/Jan/2026:15:42:07 +0100] "GET /rhn/systems/details/Overview.do?sid=1000010000& HTTP/1.1" 200 43163
127.0.0.1 - - [14/Jan/2026:15:42:07 +0100] "GET /rhn/websocket/notifications HTTP/1.1" 101 -
172.16.3.5 - - [14/Jan/2026:15:42:07 +0100] "POST /rhn/manager/frontend-log HTTP/1.1" 200 16
172.16.3.5 - - [14/Jan/2026:15:42:07 +0100] "GET /rhn/systems/details/ProxyClients.do?sid=1000010000& HTTP/1.1" 200 48792
127.0.0.1 - - [14/Jan/2026:15:42:07 +0100] "GET /rhn/websocket/notifications HTTP/1.1" 101 -
172.16.3.5 - - [14/Jan/2026:15:42:07 +0100] "POST /rhn/manager/frontend-log HTTP/1.1" 200 16
172.16.3.5 - - [14/Jan/2026:15:42:08 +0100] "GET /rhn/systems/details/history/History.do?sid=1000010002& HTTP/1.1" 200 43468
127.0.0.1 - - [14/Jan/2026:15:42:08 +0100] "GET /rhn/websocket/notifications HTTP/1.1" 101 -
172.16.3.5 - - [14/Jan/2026:15:42:08 +0100] "POST /rhn/manager/frontend-log HTTP/1.1" 200 16
172.16.3.5 - - [14/Jan/2026:15:42:08 +0100] "GET /rhn/systems/details/history/Event.do?sid=1000010002&aid=10 HTTP/1.1" 200 37688
127.0.0.1 - - [14/Jan/2026:15:42:09 +0100] "GET /rhn/websocket/notifications HTTP/1.1" 101 -
172.16.3.5 - - [14/Jan/2026:15:42:09 +0100] "POST /rhn/manager/frontend-log HTTP/1.1" 200 16
172.16.3.5 - - [14/Jan/2026:15:42:09 +0100] "GET /rhn/systems/details/history/Pending.do?sid=1000010002& HTTP/1.1" 200 37657
127.0.0.1 - - [14/Jan/2026:15:42:09 +0100] "GET /rhn/websocket/notifications HTTP/1.1" 101 -
172.16.3.5 - - [14/Jan/2026:15:42:09 +0100] "POST /rhn/manager/frontend-log HTTP/1.1" 200 16
172.16.3.5 - - [14/Jan/2026:15:42:09 +0100] "GET /rhn/systems/details/history/Pending.do?sid=1000010002& HTTP/1.1" 200 37657
127.0.0.1 - - [14/Jan/2026:15:42:10 +0100] "GET /rhn/websocket/notifications HTTP/1.1" 101 -
172.16.3.5 - - [14/Jan/2026:15:42:10 +0100] "POST /rhn/manager/frontend-log HTTP/1.1" 200 16
172.16.3.5 - - [14/Jan/2026:15:42:10 +0100] "GET /rhn/systems/details/history/History.do?sid=1000010002& HTTP/1.1" 200 43468
::1 - - [14/Jan/2026:15:42:10 +0100] "GET /rhn/manager/login HTTP/1.1" 302 -
127.0.0.1 - - [14/Jan/2026:15:42:10 +0100] "GET /rhn/websocket/notifications HTTP/1.1" 101 -
172.16.3.5 - - [14/Jan/2026:15:42:10 +0100] "POST /rhn/manager/frontend-log HTTP/1.1" 200 16
172.16.3.5 - - [14/Jan/2026:15:42:11 +0100] "GET /rhn/systems/details/history/Event.do?sid=1000010002&aid=13 HTTP/1.1" 200 37721
127.0.0.1 - - [14/Jan/2026:15:42:11 +0100] "GET /rhn/websocket/notifications HTTP/1.1" 101 -
172.16.3.5 - - [14/Jan/2026:15:42:11 +0100] "POST /rhn/manager/frontend-log HTTP/1.1" 200 16
172.16.3.5 - - [14/Jan/2026:15:42:11 +0100] "POST /rhn/manager/api/login HTTP/1.1" 200 16
172.16.3.5 - - [14/Jan/2026:15:42:11 +0100] "POST /rhn/manager/api/auth/login HTTP/1.1" 200 16
172.16.3.5 - - [14/Jan/2026:15:42:11 +0100] "POST /rhn/manager/api/system/searchByName HTTP/1.1" 200 166
172.16.3.5 - - [14/Jan/2026:15:42:11 +0100] "GET /rhn/YourRhn.do HTTP/1.1" 200 36100
172.16.3.5 - - [14/Jan/2026:15:42:11 +0100] "POST /rhn/manager/frontend-log HTTP/1.1" 401 755
172.16.3.5 - - [14/Jan/2026:15:42:11 +0100] "GET /rhn/manager/api/auth/logout HTTP/1.1" 200 16
172.16.3.5 - - [14/Jan/2026:15:42:12 +0100] "POST /rhn/ajax/inactive-systems HTTP/1.1" 200 540
172.16.3.5 - - [14/Jan/2026:15:42:12 +0100] "POST /rhn/ajax/subscription-warning HTTP/1.1" 200 -
172.16.3.5 - - [14/Jan/2026:15:42:12 +0100] "POST /rhn/ajax/tasks HTTP/1.1" 200 2232
172.16.3.5 - - [14/Jan/2026:15:42:12 +0100] "POST /rhn/ajax/latest-errata HTTP/1.1" 200 1529
172.16.3.5 - - [14/Jan/2026:15:42:12 +0100] "POST /rhn/ajax/pending-actions HTTP/1.1" 200 4734
172.16.3.5 - - [14/Jan/2026:15:42:12 +0100] "POST /rhn/ajax/critical-systems HTTP/1.1" 200 2861
172.16.3.5 - - [14/Jan/2026:15:42:12 +0100] "POST /rhn/ajax/systems-groups HTTP/1.1" 200 1491
127.0.0.1 - - [14/Jan/2026:15:42:12 +0100] "GET /rhn/websocket/notifications HTTP/1.1" 101 -
172.16.3.5 - - [14/Jan/2026:15:42:12 +0100] "POST /rhn/manager/frontend-log HTTP/1.1" 401 755
127.0.0.1 - - [14/Jan/2026:15:42:12 +0100] "GET /rhn/websocket/notifications HTTP/1.1" 101 -
172.16.3.5 - - [14/Jan/2026:15:42:12 +0100] "POST /rhn/manager/frontend-log HTTP/1.1" 401 755
172.16.3.5 - - [14/Jan/2026:15:42:12 +0100] "POST /rhn/ajax/recent-systems HTTP/1.1" 200 5647
172.16.3.5 - - [14/Jan/2026:15:42:12 +0100] "GET /rhn/manager/login?url_bounce=%2Frhn%2Fsystems%2Fdetails%2FOverview.do%3Fsid%3D1000010000&request_method=GET HTTP/1.1" 302 -
172.16.3.5 - - [14/Jan/2026:15:42:13 +0100] "GET /rhn/systems/details/Overview.do?sid=1000010002 HTTP/1.1" 200 42999
172.16.3.5 - - [14/Jan/2026:15:42:13 +0100] "POST /rhn/manager/frontend-log HTTP/1.1" 200 16
127.0.0.1 - - [14/Jan/2026:15:42:13 +0100] "GET /rhn/websocket/notifications HTTP/1.1" 101 -
172.16.3.5 - - [14/Jan/2026:15:42:13 +0100] "POST /rhn/manager/frontend-log HTTP/1.1" 200 16
172.16.3.5 - - [14/Jan/2026:15:42:13 +0100] "GET /rhn/systems/details/Overview.do?sid=1000010000 HTTP/1.1" 200 43164
172.16.3.5 - - [14/Jan/2026:15:42:13 +0100] "POST /rhn/manager/frontend-log HTTP/1.1" 200 16
127.0.0.1 - - [14/Jan/2026:15:42:13 +0100] "GET /rhn/websocket/notifications HTTP/1.1" 101 -
172.16.3.5 - - [14/Jan/2026:15:42:13 +0100] "GET /rhn/systems/details/Overview.do?sid=1000010002& HTTP/1.1" 200 42999
172.16.3.5 - - [14/Jan/2026:15:42:13 +0100] "POST /rhn/manager/frontend-log HTTP/1.1" 200 16
127.0.0.1 - - [14/Jan/2026:15:42:13 +0100] "GET /rhn/websocket/notifications HTTP/1.1" 101 -
172.16.3.5 - - [14/Jan/2026:15:42:14 +0100] "POST /rhn/manager/frontend-log HTTP/1.1" 200 16
127.0.0.1 - - [14/Jan/2026:15:42:14 +0100] "GET /rhn/websocket/notifications HTTP/1.1" 101 -
172.16.3.5 - - [14/Jan/2026:15:42:14 +0100] "GET /rhn/systems/details/Connection.do?sid=1000010002& HTTP/1.1" 200 38929
127.0.0.1 - - [14/Jan/2026:15:42:14 +0100] "GET /rhn/websocket/notifications HTTP/1.1" 101 -
172.16.3.5 - - [14/Jan/2026:15:42:14 +0100] "POST /rhn/manager/frontend-log HTTP/1.1" 200 16
172.16.3.5 - - [14/Jan/2026:15:42:14 +0100] "POST /rhn/manager/api/auth/login HTTP/1.1" 200 16
172.16.3.5 - - [14/Jan/2026:15:42:14 +0100] "POST /rhn/manager/api/system/searchByName HTTP/1.1" 200 157
172.16.3.5 - - [14/Jan/2026:15:42:14 +0100] "GET /rhn/manager/api/auth/logout HTTP/1.1" 200 16
172.16.3.5 - - [14/Jan/2026:15:42:15 +0100] "GET /rhn/systems/details/Overview.do?sid=1000010000 HTTP/1.1" 200 43163
172.16.3.5 - - [14/Jan/2026:15:42:15 +0100] "POST /rhn/manager/frontend-log HTTP/1.1" 200 16
127.0.0.1 - - [14/Jan/2026:15:42:15 +0100] "GET /rhn/websocket/notifications HTTP/1.1" 101 -
172.16.3.5 - - [14/Jan/2026:15:42:15 +0100] "POST /rhn/manager/frontend-log HTTP/1.1" 200 16
172.16.3.5 - - [14/Jan/2026:15:42:15 +0100] "POST /rhn/manager/api/auth/login HTTP/1.1" 200 16
172.16.3.5 - - [14/Jan/2026:15:42:16 +0100] "POST /rhn/manager/api/system/searchByName HTTP/1.1" 200 28
172.16.3.5 - - [14/Jan/2026:15:42:16 +0100] "GET /rhn/systems/details/Overview.do?sid=1000010000& HTTP/1.1" 200 43163
172.16.3.5 - - [14/Jan/2026:15:42:16 +0100] "GET /rhn/manager/api/auth/logout HTTP/1.1" 200 16
127.0.0.1 - - [14/Jan/2026:15:42:16 +0100] "GET /rhn/websocket/notifications HTTP/1.1" 101 -
172.16.3.5 - - [14/Jan/2026:15:42:16 +0100] "POST /rhn/manager/frontend-log HTTP/1.1" 200 16
172.16.3.5 - - [14/Jan/2026:15:42:16 +0100] "GET /rhn/systems/details/ProxyClients.do?sid=1000010000& HTTP/1.1" 200 48792
172.16.3.5 - - [14/Jan/2026:15:42:16 +0100] "POST /rhn/manager/frontend-log HTTP/1.1" 200 16
172.16.3.5 - - [14/Jan/2026:15:42:16 +0100] "GET /rhn/manager/login HTTP/1.1" 200 2221
172.16.3.5 - - [14/Jan/2026:15:42:16 +0100] "POST /rhn/manager/frontend-log HTTP/1.1" 302 -
172.16.3.5 - - [14/Jan/2026:15:42:17 +0100] "POST /rhn/manager/frontend-log HTTP/1.1" 200 16
127.0.0.1 - - [14/Jan/2026:15:42:17 +0100] "GET /rhn/websocket/notifications HTTP/1.1" 101 -
172.16.3.5 - - [14/Jan/2026:15:42:17 +0100] "GET /rhn/manager/login?url_bounce=%2Frhn%2Fmanager%2Ffrontend-log&request_method=POST HTTP/1.1" 200 2225
172.16.3.5 - - [14/Jan/2026:15:42:27 +0100] "POST /rhn/manager/api/login HTTP/1.1" 200 16
172.16.3.5 - - [14/Jan/2026:15:42:27 +0100] "GET /rhn/YourRhn.do HTTP/1.1" 200 36100
172.16.3.5 - - [14/Jan/2026:15:42:27 +0100] "POST /rhn/manager/frontend-log HTTP/1.1" 401 755
172.16.3.5 - - [14/Jan/2026:15:42:27 +0100] "POST /rhn/ajax/inactive-systems HTTP/1.1" 200 540
127.0.0.1 - - [14/Jan/2026:15:42:27 +0100] "GET /rhn/websocket/notifications HTTP/1.1" 101 -
127.0.0.1 - - [14/Jan/2026:15:42:27 +0100] "GET /rhn/websocket/notifications HTTP/1.1" 101 -
172.16.3.5 - - [14/Jan/2026:15:42:27 +0100] "POST /rhn/ajax/tasks HTTP/1.1" 200 2232
172.16.3.5 - - [14/Jan/2026:15:42:27 +0100] "POST /rhn/ajax/subscription-warning HTTP/1.1" 200 -
172.16.3.5 - - [14/Jan/2026:15:42:27 +0100] "POST /rhn/ajax/critical-systems HTTP/1.1" 200 2861
172.16.3.5 - - [14/Jan/2026:15:42:28 +0100] "POST /rhn/ajax/latest-errata HTTP/1.1" 200 1529
172.16.3.5 - - [14/Jan/2026:15:42:28 +0100] "POST /rhn/ajax/pending-actions HTTP/1.1" 200 4734
172.16.3.5 - - [14/Jan/2026:15:42:28 +0100] "POST /rhn/ajax/recent-systems HTTP/1.1" 200 5647
172.16.3.5 - - [14/Jan/2026:15:42:28 +0100] "POST /rhn/manager/frontend-log HTTP/1.1" 401 755
172.16.3.5 - - [14/Jan/2026:15:42:28 +0100] "POST /rhn/ajax/systems-groups HTTP/1.1" 200 1491
172.16.3.5 - - [14/Jan/2026:15:42:28 +0100] "POST /rhn/manager/frontend-log HTTP/1.1" 401 755
172.16.3.5 - - [14/Jan/2026:15:42:28 +0100] "GET /rhn/systems/details/Overview.do?sid=1000010000 HTTP/1.1" 200 43164
172.16.3.5 - - [14/Jan/2026:15:42:28 +0100] "POST /rhn/manager/frontend-log HTTP/1.1" 200 16
127.0.0.1 - - [14/Jan/2026:15:42:28 +0100] "GET /rhn/websocket/notifications HTTP/1.1" 101 -
172.16.3.5 - - [14/Jan/2026:15:42:28 +0100] "POST /rhn/manager/frontend-log HTTP/1.1" 200 16
127.0.0.1 - - [14/Jan/2026:15:42:28 +0100] "GET /rhn/websocket/notifications HTTP/1.1" 101 -
172.16.3.5 - - [14/Jan/2026:15:42:31 +0100] "POST /rhn/manager/api/auth/login HTTP/1.1" 200 16
172.16.3.5 - - [14/Jan/2026:15:42:31 +0100] "POST /rhn/manager/api/system/searchByName HTTP/1.1" 200 28
172.16.3.5 - - [14/Jan/2026:15:42:31 +0100] "GET /rhn/manager/api/auth/logout HTTP/1.1" 200 16
172.16.3.5 - - [14/Jan/2026:15:42:32 +0100] "GET /rhn/manager/login HTTP/1.1" 200 2219
172.16.3.5 - - [14/Jan/2026:15:42:32 +0100] "POST /rhn/manager/frontend-log HTTP/1.1" 200 16
172.16.3.5 - - [14/Jan/2026:15:42:32 +0100] "POST /rhn/manager/frontend-log HTTP/1.1" 302 -
172.16.3.5 - - [14/Jan/2026:15:42:32 +0100] "GET /rhn/manager/login?url_bounce=%2Frhn%2Fmanager%2Ffrontend-log&request_method=POST HTTP/1.1" 200 2223
172.16.3.5 - - [14/Jan/2026:15:42:42 +0100] "POST /rhn/manager/api/login HTTP/1.1" 200 16
172.16.3.5 - - [14/Jan/2026:15:42:42 +0100] "GET /rhn/YourRhn.do HTTP/1.1" 200 36100
172.16.3.5 - - [14/Jan/2026:15:42:42 +0100] "POST /rhn/manager/frontend-log HTTP/1.1" 401 755
127.0.0.1 - - [14/Jan/2026:15:42:42 +0100] "GET /rhn/websocket/notifications HTTP/1.1" 101 -
172.16.3.5 - - [14/Jan/2026:15:42:42 +0100] "POST /rhn/ajax/subscription-warning HTTP/1.1" 200 -
172.16.3.5 - - [14/Jan/2026:15:42:43 +0100] "POST /rhn/ajax/inactive-systems HTTP/1.1" 200 540
172.16.3.5 - - [14/Jan/2026:15:42:43 +0100] "POST /rhn/ajax/critical-systems HTTP/1.1" 200 2861
172.16.3.5 - - [14/Jan/2026:15:42:43 +0100] "POST /rhn/ajax/pending-actions HTTP/1.1" 200 4734
127.0.0.1 - - [14/Jan/2026:15:42:43 +0100] "GET /rhn/websocket/notifications HTTP/1.1" 101 -
172.16.3.5 - - [14/Jan/2026:15:42:43 +0100] "POST /rhn/ajax/latest-errata HTTP/1.1" 200 1529
172.16.3.5 - - [14/Jan/2026:15:42:43 +0100] "POST /rhn/ajax/systems-groups HTTP/1.1" 200 1491
172.16.3.5 - - [14/Jan/2026:15:42:43 +0100] "POST /rhn/ajax/recent-systems HTTP/1.1" 200 5647
172.16.3.5 - - [14/Jan/2026:15:42:43 +0100] "POST /rhn/manager/frontend-log HTTP/1.1" 401 755
172.16.3.5 - - [14/Jan/2026:15:42:43 +0100] "POST /rhn/ajax/tasks HTTP/1.1" 200 2232
172.16.3.5 - - [14/Jan/2026:15:42:43 +0100] "POST /rhn/manager/frontend-log HTTP/1.1" 401 755
172.16.3.5 - - [14/Jan/2026:15:42:43 +0100] "GET /rhn/systems/details/Overview.do?sid=1000010000 HTTP/1.1" 200 43164
172.16.3.5 - - [14/Jan/2026:15:42:43 +0100] "POST /rhn/manager/frontend-log HTTP/1.1" 200 16
127.0.0.1 - - [14/Jan/2026:15:42:43 +0100] "GET /rhn/websocket/notifications HTTP/1.1" 101 -
172.16.3.5 - - [14/Jan/2026:15:42:43 +0100] "POST /rhn/manager/frontend-log HTTP/1.1" 200 16
127.0.0.1 - - [14/Jan/2026:15:42:44 +0100] "GET /rhn/websocket/notifications HTTP/1.1" 101 -
::1 - - [14/Jan/2026:15:43:13 +0100] "GET /rhn/manager/login HTTP/1.1" 302 -
172.16.3.5 - - [14/Jan/2026:15:43:59 +0100] "GET /rhn/manager/login HTTP/1.1" 200 2219
172.16.3.5 - - [14/Jan/2026:15:43:59 +0100] "POST /rhn/manager/frontend-log HTTP/1.1" 302 -
172.16.3.5 - - [14/Jan/2026:15:43:59 +0100] "GET /rhn/manager/login?url_bounce=%2Frhn%2Fmanager%2Ffrontend-log&request_method=POST HTTP/1.1" 200 2223
172.16.3.5 - - [14/Jan/2026:15:44:10 +0100] "POST /rhn/manager/api/login HTTP/1.1" 200 16
172.16.3.5 - - [14/Jan/2026:15:44:10 +0100] "GET /rhn/YourRhn.do HTTP/1.1" 200 36100
172.16.3.5 - - [14/Jan/2026:15:44:10 +0100] "POST /rhn/manager/frontend-log HTTP/1.1" 401 755
172.16.3.5 - - [14/Jan/2026:15:44:10 +0100] "POST /rhn/ajax/pending-actions HTTP/1.1" 200 4734
127.0.0.1 - - [14/Jan/2026:15:44:10 +0100] "GET /rhn/websocket/notifications HTTP/1.1" 101 -
172.16.3.5 - - [14/Jan/2026:15:44:10 +0100] "POST /rhn/ajax/critical-systems HTTP/1.1" 200 2861
127.0.0.1 - - [14/Jan/2026:15:44:10 +0100] "GET /rhn/websocket/notifications HTTP/1.1" 101 -
172.16.3.5 - - [14/Jan/2026:15:44:10 +0100] "POST /rhn/ajax/latest-errata HTTP/1.1" 200 1529
172.16.3.5 - - [14/Jan/2026:15:44:10 +0100] "POST /rhn/ajax/inactive-systems HTTP/1.1" 200 540
172.16.3.5 - - [14/Jan/2026:15:44:10 +0100] "POST /rhn/ajax/subscription-warning HTTP/1.1" 200 -
172.16.3.5 - - [14/Jan/2026:15:44:10 +0100] "POST /rhn/manager/frontend-log HTTP/1.1" 401 755
172.16.3.5 - - [14/Jan/2026:15:44:11 +0100] "POST /rhn/ajax/systems-groups HTTP/1.1" 200 1491
172.16.3.5 - - [14/Jan/2026:15:44:11 +0100] "POST /rhn/manager/frontend-log HTTP/1.1" 401 755
172.16.3.5 - - [14/Jan/2026:15:44:11 +0100] "POST /rhn/ajax/recent-systems HTTP/1.1" 200 5647
172.16.3.5 - - [14/Jan/2026:15:44:11 +0100] "POST /rhn/ajax/tasks HTTP/1.1" 200 2232
172.16.3.5 - - [14/Jan/2026:15:44:11 +0100] "GET /rhn/manager/systems/bootstrap HTTP/1.1" 200 34437
172.16.3.5 - - [14/Jan/2026:15:44:11 +0100] "POST /rhn/manager/frontend-log HTTP/1.1" 200 16
127.0.0.1 - - [14/Jan/2026:15:44:11 +0100] "GET /rhn/websocket/notifications HTTP/1.1" 101 -
172.16.3.5 - - [14/Jan/2026:15:44:11 +0100] "POST /rhn/manager/frontend-log HTTP/1.1" 200 16
127.0.0.1 - - [14/Jan/2026:15:44:11 +0100] "GET /rhn/websocket/notifications HTTP/1.1" 101 -
172.16.3.5 - - [14/Jan/2026:15:44:13 +0100] "GET /rhn/manager/systems/keys HTTP/1.1" 200 34087
127.0.0.1 - - [14/Jan/2026:15:44:13 +0100] "GET /rhn/websocket/notifications HTTP/1.1" 101 -
172.16.3.5 - - [14/Jan/2026:15:44:13 +0100] "POST /rhn/manager/frontend-log HTTP/1.1" 200 16
172.16.3.5 - - [14/Jan/2026:15:44:13 +0100] "GET /rhn/manager/api/systems/keys HTTP/1.1" 200 411
172.16.3.5 - - [14/Jan/2026:15:44:14 +0100] "GET /rhn/manager/systems/list/all HTTP/1.1" 200 34235
127.0.0.1 - - [14/Jan/2026:15:44:14 +0100] "GET /rhn/websocket/notifications HTTP/1.1" 101 -
172.16.3.5 - - [14/Jan/2026:15:44:14 +0100] "POST /rhn/manager/frontend-log HTTP/1.1" 200 16
172.16.3.5 - - [14/Jan/2026:15:44:14 +0100] "GET /rhn/manager/api/systems/list/all?p=1&ps=100&s=1&sc=server_name HTTP/1.1" 200 2326
172.16.3.5 - - [14/Jan/2026:15:44:14 +0100] "POST /rhn/manager/api/sets/system_list HTTP/1.1" 200 1
::1 - - [14/Jan/2026:15:44:16 +0100] "GET /rhn/manager/login HTTP/1.1" 302 -
172.16.3.5 - - [14/Jan/2026:15:44:18 +0100] "GET /rhn/manager/systems/list/all HTTP/1.1" 200 34235
172.16.3.5 - - [14/Jan/2026:15:44:18 +0100] "POST /rhn/manager/frontend-log HTTP/1.1" 200 16
127.0.0.1 - - [14/Jan/2026:15:44:18 +0100] "GET /rhn/websocket/notifications HTTP/1.1" 101 -
172.16.3.5 - - [14/Jan/2026:15:44:18 +0100] "POST /rhn/manager/frontend-log HTTP/1.1" 200 16
127.0.0.1 - - [14/Jan/2026:15:44:18 +0100] "GET /rhn/websocket/notifications HTTP/1.1" 101 -
172.16.3.5 - - [14/Jan/2026:15:44:18 +0100] "GET /rhn/manager/api/systems/list/all?p=1&ps=100&s=1&sc=server_name HTTP/1.1" 200 2326
172.16.3.5 - - [14/Jan/2026:15:44:18 +0100] "POST /rhn/manager/api/sets/system_list HTTP/1.1" 200 1
172.16.3.5 - - [14/Jan/2026:15:44:31 +0100] "GET /rhn/manager/systems/list/all HTTP/1.1" 200 34235
172.16.3.5 - - [14/Jan/2026:15:44:31 +0100] "POST /rhn/manager/frontend-log HTTP/1.1" 200 16
127.0.0.1 - - [14/Jan/2026:15:44:31 +0100] "GET /rhn/websocket/notifications HTTP/1.1" 101 -
172.16.3.5 - - [14/Jan/2026:15:44:31 +0100] "POST /rhn/manager/frontend-log HTTP/1.1" 200 16
127.0.0.1 - - [14/Jan/2026:15:44:32 +0100] "GET /rhn/websocket/notifications HTTP/1.1" 101 -
172.16.3.5 - - [14/Jan/2026:15:44:32 +0100] "GET /rhn/manager/api/systems/list/all?p=1&ps=100&s=1&sc=server_name HTTP/1.1" 200 2326
172.16.3.5 - - [14/Jan/2026:15:44:32 +0100] "POST /rhn/manager/api/sets/system_list HTTP/1.1" 200 1
172.16.3.5 - - [14/Jan/2026:15:44:45 +0100] "GET /rhn/manager/systems/list/all HTTP/1.1" 200 34235
172.16.3.5 - - [14/Jan/2026:15:44:45 +0100] "POST /rhn/manager/frontend-log HTTP/1.1" 200 16
127.0.0.1 - - [14/Jan/2026:15:44:45 +0100] "GET /rhn/websocket/notifications HTTP/1.1" 101 -
172.16.3.5 - - [14/Jan/2026:15:44:45 +0100] "POST /rhn/manager/frontend-log HTTP/1.1" 200 16
127.0.0.1 - - [14/Jan/2026:15:44:45 +0100] "GET /rhn/websocket/notifications HTTP/1.1" 101 -
172.16.3.5 - - [14/Jan/2026:15:44:45 +0100] "GET /rhn/manager/api/systems/list/all?p=1&ps=100&s=1&sc=server_name HTTP/1.1" 200 2326
172.16.3.5 - - [14/Jan/2026:15:44:45 +0100] "POST /rhn/manager/api/sets/system_list HTTP/1.1" 200 1
172.16.3.5 - - [14/Jan/2026:15:44:58 +0100] "GET /rhn/manager/systems/list/all HTTP/1.1" 200 34235
172.16.3.5 - - [14/Jan/2026:15:44:58 +0100] "POST /rhn/manager/frontend-log HTTP/1.1" 200 16
127.0.0.1 - - [14/Jan/2026:15:44:59 +0100] "GET /rhn/websocket/notifications HTTP/1.1" 101 -
172.16.3.5 - - [14/Jan/2026:15:44:59 +0100] "POST /rhn/manager/frontend-log HTTP/1.1" 200 16
127.0.0.1 - - [14/Jan/2026:15:44:59 +0100] "GET /rhn/websocket/notifications HTTP/1.1" 101 -
172.16.3.5 - - [14/Jan/2026:15:44:59 +0100] "GET /rhn/manager/api/systems/list/all?p=1&ps=100&s=1&sc=server_name HTTP/1.1" 200 2326
172.16.3.5 - - [14/Jan/2026:15:44:59 +0100] "POST /rhn/manager/api/sets/system_list HTTP/1.1" 200 1
172.16.3.5 - - [14/Jan/2026:15:45:12 +0100] "GET /rhn/manager/systems/list/all HTTP/1.1" 200 34235
172.16.3.5 - - [14/Jan/2026:15:45:12 +0100] "POST /rhn/manager/frontend-log HTTP/1.1" 200 16
127.0.0.1 - - [14/Jan/2026:15:45:12 +0100] "GET /rhn/websocket/notifications HTTP/1.1" 101 -
172.16.3.5 - - [14/Jan/2026:15:45:12 +0100] "POST /rhn/manager/frontend-log HTTP/1.1" 200 16
127.0.0.1 - - [14/Jan/2026:15:45:12 +0100] "GET /rhn/websocket/notifications HTTP/1.1" 101 -
172.16.3.5 - - [14/Jan/2026:15:45:12 +0100] "GET /rhn/manager/api/systems/list/all?p=1&ps=100&s=1&sc=server_name HTTP/1.1" 200 2326
172.16.3.5 - - [14/Jan/2026:15:45:13 +0100] "POST /rhn/manager/api/sets/system_list HTTP/1.1" 200 1
::1 - - [14/Jan/2026:15:45:19 +0100] "GET /rhn/manager/login HTTP/1.1" 302 -
172.16.3.5 - - [14/Jan/2026:15:45:25 +0100] "GET /rhn/manager/systems/list/all HTTP/1.1" 200 34235
172.16.3.5 - - [14/Jan/2026:15:45:26 +0100] "POST /rhn/manager/frontend-log HTTP/1.1" 200 16
127.0.0.1 - - [14/Jan/2026:15:45:26 +0100] "GET /rhn/websocket/notifications HTTP/1.1" 101 -
172.16.3.5 - - [14/Jan/2026:15:45:26 +0100] "POST /rhn/manager/frontend-log HTTP/1.1" 200 16
127.0.0.1 - - [14/Jan/2026:15:45:26 +0100] "GET /rhn/websocket/notifications HTTP/1.1" 101 -
172.16.3.5 - - [14/Jan/2026:15:45:26 +0100] "GET /rhn/manager/api/systems/list/all?p=1&ps=100&s=1&sc=server_name HTTP/1.1" 200 2326
172.16.3.5 - - [14/Jan/2026:15:45:26 +0100] "POST /rhn/manager/api/sets/system_list HTTP/1.1" 200 1
172.16.3.5 - - [14/Jan/2026:15:45:39 +0100] "GET /rhn/manager/systems/list/all HTTP/1.1" 200 34235
172.16.3.5 - - [14/Jan/2026:15:45:39 +0100] "POST /rhn/manager/frontend-log HTTP/1.1" 200 16
127.0.0.1 - - [14/Jan/2026:15:45:39 +0100] "GET /rhn/websocket/notifications HTTP/1.1" 101 -
172.16.3.5 - - [14/Jan/2026:15:45:39 +0100] "POST /rhn/manager/frontend-log HTTP/1.1" 200 16
127.0.0.1 - - [14/Jan/2026:15:45:39 +0100] "GET /rhn/websocket/notifications HTTP/1.1" 101 -
172.16.3.5 - - [14/Jan/2026:15:45:40 +0100] "GET /rhn/manager/api/systems/list/all?p=1&ps=100&s=1&sc=server_name HTTP/1.1" 200 2326
172.16.3.5 - - [14/Jan/2026:15:45:40 +0100] "POST /rhn/manager/api/sets/system_list HTTP/1.1" 200 1
172.16.3.5 - - [14/Jan/2026:15:45:53 +0100] "GET /rhn/manager/systems/list/all HTTP/1.1" 200 34235
172.16.3.5 - - [14/Jan/2026:15:45:53 +0100] "POST /rhn/manager/frontend-log HTTP/1.1" 200 16
127.0.0.1 - - [14/Jan/2026:15:45:53 +0100] "GET /rhn/websocket/notifications HTTP/1.1" 101 -
172.16.3.5 - - [14/Jan/2026:15:45:53 +0100] "POST /rhn/manager/frontend-log HTTP/1.1" 200 16
127.0.0.1 - - [14/Jan/2026:15:45:53 +0100] "GET /rhn/websocket/notifications HTTP/1.1" 101 -
172.16.3.5 - - [14/Jan/2026:15:45:53 +0100] "GET /rhn/manager/api/systems/list/all?p=1&ps=100&s=1&sc=server_name HTTP/1.1" 200 2326
172.16.3.5 - - [14/Jan/2026:15:45:53 +0100] "POST /rhn/manager/api/sets/system_list HTTP/1.1" 200 1
172.16.3.5 - - [14/Jan/2026:15:46:06 +0100] "GET /rhn/manager/systems/list/all HTTP/1.1" 200 34235
172.16.3.5 - - [14/Jan/2026:15:46:06 +0100] "POST /rhn/manager/frontend-log HTTP/1.1" 200 16
127.0.0.1 - - [14/Jan/2026:15:46:06 +0100] "GET /rhn/websocket/notifications HTTP/1.1" 101 -
172.16.3.5 - - [14/Jan/2026:15:46:06 +0100] "POST /rhn/manager/frontend-log HTTP/1.1" 200 16
127.0.0.1 - - [14/Jan/2026:15:46:06 +0100] "GET /rhn/websocket/notifications HTTP/1.1" 101 -
172.16.3.5 - - [14/Jan/2026:15:46:07 +0100] "GET /rhn/manager/api/systems/list/all?p=1&ps=100&s=1&sc=server_name HTTP/1.1" 200 2326
172.16.3.5 - - [14/Jan/2026:15:46:07 +0100] "POST /rhn/manager/api/sets/system_list HTTP/1.1" 200 1
172.16.3.5 - - [14/Jan/2026:15:46:20 +0100] "GET /rhn/manager/systems/list/all HTTP/1.1" 200 34235
172.16.3.5 - - [14/Jan/2026:15:46:20 +0100] "POST /rhn/manager/frontend-log HTTP/1.1" 200 16
127.0.0.1 - - [14/Jan/2026:15:46:20 +0100] "GET /rhn/websocket/notifications HTTP/1.1" 101 -
172.16.3.5 - - [14/Jan/2026:15:46:20 +0100] "POST /rhn/manager/frontend-log HTTP/1.1" 200 16
127.0.0.1 - - [14/Jan/2026:15:46:20 +0100] "GET /rhn/websocket/notifications HTTP/1.1" 101 -
172.16.3.5 - - [14/Jan/2026:15:46:20 +0100] "GET /rhn/manager/api/systems/list/all?p=1&ps=100&s=1&sc=server_name HTTP/1.1" 200 2326
172.16.3.5 - - [14/Jan/2026:15:46:20 +0100] "POST /rhn/manager/api/sets/system_list HTTP/1.1" 200 1
::1 - - [14/Jan/2026:15:46:22 +0100] "GET /rhn/manager/login HTTP/1.1" 302 -
172.16.3.5 - - [14/Jan/2026:15:46:33 +0100] "GET /rhn/manager/systems/list/all HTTP/1.1" 200 34235
172.16.3.5 - - [14/Jan/2026:15:46:33 +0100] "POST /rhn/manager/frontend-log HTTP/1.1" 200 16
127.0.0.1 - - [14/Jan/2026:15:46:34 +0100] "GET /rhn/websocket/notifications HTTP/1.1" 101 -
172.16.3.5 - - [14/Jan/2026:15:46:34 +0100] "POST /rhn/manager/frontend-log HTTP/1.1" 200 16
127.0.0.1 - - [14/Jan/2026:15:46:34 +0100] "GET /rhn/websocket/notifications HTTP/1.1" 101 -
172.16.3.5 - - [14/Jan/2026:15:46:34 +0100] "GET /rhn/manager/api/systems/list/all?p=1&ps=100&s=1&sc=server_name HTTP/1.1" 200 2326
172.16.3.5 - - [14/Jan/2026:15:46:34 +0100] "POST /rhn/manager/api/sets/system_list HTTP/1.1" 200 1
172.16.3.5 - - [14/Jan/2026:15:46:47 +0100] "GET /rhn/manager/systems/list/all HTTP/1.1" 200 34235
172.16.3.5 - - [14/Jan/2026:15:46:47 +0100] "POST /rhn/manager/frontend-log HTTP/1.1" 200 16
127.0.0.1 - - [14/Jan/2026:15:46:47 +0100] "GET /rhn/websocket/notifications HTTP/1.1" 101 -
172.16.3.5 - - [14/Jan/2026:15:46:47 +0100] "POST /rhn/manager/frontend-log HTTP/1.1" 200 16
127.0.0.1 - - [14/Jan/2026:15:46:47 +0100] "GET /rhn/websocket/notifications HTTP/1.1" 101 -
172.16.3.5 - - [14/Jan/2026:15:46:47 +0100] "GET /rhn/manager/api/systems/list/all?p=1&ps=100&s=1&sc=server_name HTTP/1.1" 200 2326
172.16.3.5 - - [14/Jan/2026:15:46:48 +0100] "POST /rhn/manager/api/sets/system_list HTTP/1.1" 200 1
