172.16.3.5 - - [14/Jan/2026:11:46:41 +0100] "GET /rhn/manager/api/auth/logout HTTP/1.1" 200 16
172.16.3.5 - - [14/Jan/2026:11:46:41 +0100] "POST /rhn/manager/api/auth/login HTTP/1.1" 200 16
172.16.3.5 - - [14/Jan/2026:11:46:42 +0100] "GET /rhn/manager/api/channel/software/getDetails?channelLabel=sle-module-devtools15-sp7-pool-x86_64 HTTP/1.1" 200 1142
172.16.3.5 - - [14/Jan/2026:11:46:42 +0100] "GET /rhn/manager/api/auth/logout HTTP/1.1" 200 16
172.16.3.5 - - [14/Jan/2026:11:46:52 +0100] "POST /rhn/manager/api/auth/login HTTP/1.1" 200 16
172.16.3.5 - - [14/Jan/2026:11:46:52 +0100] "GET /rhn/manager/api/channel/software/getDetails?channelLabel=sle-module-devtools15-sp7-updates-x86_64 HTTP/1.1" 200 1149
172.16.3.5 - - [14/Jan/2026:11:46:52 +0100] "GET /rhn/manager/api/auth/logout HTTP/1.1" 200 16
172.16.3.5 - - [14/Jan/2026:11:46:52 +0100] "POST /rhn/manager/api/auth/login HTTP/1.1" 200 16
172.16.3.5 - - [14/Jan/2026:11:46:52 +0100] "GET /rhn/manager/api/channel/software/getDetails?channelLabel=sle-module-devtools15-sp7-pool-x86_64 HTTP/1.1" 200 1142
172.16.3.5 - - [14/Jan/2026:11:46:52 +0100] "GET /rhn/manager/api/auth/logout HTTP/1.1" 200 16
172.16.3.5 - - [14/Jan/2026:11:47:03 +0100] "POST /rhn/manager/api/auth/login HTTP/1.1" 200 16
172.16.3.5 - - [14/Jan/2026:11:47:03 +0100] "GET /rhn/manager/api/channel/software/getDetails?channelLabel=sle-module-devtools15-sp7-updates-x86_64 HTTP/1.1" 200 1149
172.16.3.5 - - [14/Jan/2026:11:47:03 +0100] "GET /rhn/manager/api/auth/logout HTTP/1.1" 200 16
172.16.3.5 - - [14/Jan/2026:11:47:03 +0100] "POST /rhn/manager/api/auth/login HTTP/1.1" 200 16
172.16.3.5 - - [14/Jan/2026:11:47:03 +0100] "GET /rhn/manager/api/channel/software/getDetails?channelLabel=sle-module-devtools15-sp7-pool-x86_64 HTTP/1.1" 200 1142
172.16.3.5 - - [14/Jan/2026:11:47:03 +0100] "GET /rhn/manager/api/auth/logout HTTP/1.1" 200 16
172.16.3.5 - - [14/Jan/2026:11:47:13 +0100] "POST /rhn/manager/api/auth/login HTTP/1.1" 200 16
172.16.3.5 - - [14/Jan/2026:11:47:13 +0100] "GET /rhn/manager/api/channel/software/getDetails?channelLabel=sle-module-devtools15-sp7-updates-x86_64 HTTP/1.1" 200 1149
172.16.3.5 - - [14/Jan/2026:11:47:14 +0100] "GET /rhn/manager/api/auth/logout HTTP/1.1" 200 16
172.16.3.5 - - [14/Jan/2026:11:47:14 +0100] "POST /rhn/manager/api/auth/login HTTP/1.1" 200 16
172.16.3.5 - - [14/Jan/2026:11:47:14 +0100] "GET /rhn/manager/api/channel/software/getDetails?channelLabel=sle-module-devtools15-sp7-pool-x86_64 HTTP/1.1" 200 1142
172.16.3.5 - - [14/Jan/2026:11:47:14 +0100] "GET /rhn/manager/api/auth/logout HTTP/1.1" 200 16
172.16.3.5 - - [14/Jan/2026:11:47:24 +0100] "POST /rhn/manager/api/auth/login HTTP/1.1" 200 16
172.16.3.5 - - [14/Jan/2026:11:47:24 +0100] "GET /rhn/manager/api/channel/software/getDetails?channelLabel=sle-module-devtools15-sp7-updates-x86_64 HTTP/1.1" 200 1149
172.16.3.5 - - [14/Jan/2026:11:47:24 +0100] "GET /rhn/manager/api/auth/logout HTTP/1.1" 200 16
172.16.3.5 - - [14/Jan/2026:11:47:24 +0100] "POST /rhn/manager/api/auth/login HTTP/1.1" 200 16
172.16.3.5 - - [14/Jan/2026:11:47:24 +0100] "GET /rhn/manager/api/channel/software/getDetails?channelLabel=sle-module-devtools15-sp7-pool-x86_64 HTTP/1.1" 200 1142
172.16.3.5 - - [14/Jan/2026:11:47:25 +0100] "GET /rhn/manager/api/auth/logout HTTP/1.1" 200 16
::1 - - [14/Jan/2026:11:47:32 +0100] "GET /rhn/manager/login HTTP/1.1" 302 -
172.16.3.5 - - [14/Jan/2026:11:47:35 +0100] "POST /rhn/manager/api/auth/login HTTP/1.1" 200 16
172.16.3.5 - - [14/Jan/2026:11:47:35 +0100] "GET /rhn/manager/api/channel/software/getDetails?channelLabel=sle-module-devtools15-sp7-updates-x86_64 HTTP/1.1" 200 1194
172.16.3.5 - - [14/Jan/2026:11:47:35 +0100] "GET /rhn/manager/api/auth/logout HTTP/1.1" 200 16
172.16.3.5 - - [14/Jan/2026:11:47:35 +0100] "POST /rhn/manager/api/auth/login HTTP/1.1" 200 16
172.16.3.5 - - [14/Jan/2026:11:47:35 +0100] "GET /rhn/manager/api/channel/software/getDetails?channelLabel=sle-module-devtools15-sp7-pool-x86_64 HTTP/1.1" 200 1142
172.16.3.5 - - [14/Jan/2026:11:47:35 +0100] "GET /rhn/manager/api/auth/logout HTTP/1.1" 200 16
172.16.3.5 - - [14/Jan/2026:11:47:45 +0100] "POST /rhn/manager/api/auth/login HTTP/1.1" 200 16
172.16.3.5 - - [14/Jan/2026:11:47:45 +0100] "GET /rhn/manager/api/channel/software/getDetails?channelLabel=sle-module-devtools15-sp7-updates-x86_64 HTTP/1.1" 200 1194
172.16.3.5 - - [14/Jan/2026:11:47:46 +0100] "GET /rhn/manager/api/auth/logout HTTP/1.1" 200 16
172.16.3.5 - - [14/Jan/2026:11:47:46 +0100] "POST /rhn/manager/api/auth/login HTTP/1.1" 200 16
172.16.3.5 - - [14/Jan/2026:11:47:46 +0100] "GET /rhn/manager/api/channel/software/getDetails?channelLabel=sle-module-devtools15-sp7-pool-x86_64 HTTP/1.1" 200 1142
172.16.3.5 - - [14/Jan/2026:11:47:46 +0100] "GET /rhn/manager/api/auth/logout HTTP/1.1" 200 16
172.16.3.5 - - [14/Jan/2026:11:47:56 +0100] "POST /rhn/manager/api/auth/login HTTP/1.1" 200 16
172.16.3.5 - - [14/Jan/2026:11:47:56 +0100] "GET /rhn/manager/api/channel/software/getDetails?channelLabel=sle-module-devtools15-sp7-updates-x86_64 HTTP/1.1" 200 1194
172.16.3.5 - - [14/Jan/2026:11:47:56 +0100] "GET /rhn/manager/api/auth/logout HTTP/1.1" 200 16
172.16.3.5 - - [14/Jan/2026:11:47:56 +0100] "POST /rhn/manager/api/auth/login HTTP/1.1" 200 16
172.16.3.5 - - [14/Jan/2026:11:47:57 +0100] "GET /rhn/manager/api/channel/software/getDetails?channelLabel=sle-module-devtools15-sp7-pool-x86_64 HTTP/1.1" 200 1142
172.16.3.5 - - [14/Jan/2026:11:47:57 +0100] "GET /rhn/manager/api/auth/logout HTTP/1.1" 200 16
172.16.3.5 - - [14/Jan/2026:11:48:07 +0100] "POST /rhn/manager/api/auth/login HTTP/1.1" 200 16
172.16.3.5 - - [14/Jan/2026:11:48:07 +0100] "GET /rhn/manager/api/channel/software/getDetails?channelLabel=sle-module-devtools15-sp7-updates-x86_64 HTTP/1.1" 200 1194
172.16.3.5 - - [14/Jan/2026:11:48:07 +0100] "GET /rhn/manager/api/auth/logout HTTP/1.1" 200 16
172.16.3.5 - - [14/Jan/2026:11:48:07 +0100] "POST /rhn/manager/api/auth/login HTTP/1.1" 200 16
172.16.3.5 - - [14/Jan/2026:11:48:08 +0100] "GET /rhn/manager/api/channel/software/getDetails?channelLabel=sle-module-devtools15-sp7-pool-x86_64 HTTP/1.1" 200 1142
172.16.3.5 - - [14/Jan/2026:11:48:08 +0100] "GET /rhn/manager/api/auth/logout HTTP/1.1" 200 16
172.16.3.5 - - [14/Jan/2026:11:48:18 +0100] "POST /rhn/manager/api/auth/login HTTP/1.1" 200 16
172.16.3.5 - - [14/Jan/2026:11:48:19 +0100] "GET /rhn/manager/api/channel/software/getDetails?channelLabel=sle-module-devtools15-sp7-updates-x86_64 HTTP/1.1" 200 1194
172.16.3.5 - - [14/Jan/2026:11:48:19 +0100] "GET /rhn/manager/api/auth/logout HTTP/1.1" 200 16
172.16.3.5 - - [14/Jan/2026:11:48:20 +0100] "POST /rhn/manager/api/auth/login HTTP/1.1" 200 16
172.16.3.5 - - [14/Jan/2026:11:48:20 +0100] "GET /rhn/manager/api/channel/software/getDetails?channelLabel=sle-module-devtools15-sp7-pool-x86_64 HTTP/1.1" 200 1142
172.16.3.5 - - [14/Jan/2026:11:48:21 +0100] "GET /rhn/manager/api/auth/logout HTTP/1.1" 200 16
172.16.3.5 - - [14/Jan/2026:11:48:31 +0100] "POST /rhn/manager/api/auth/login HTTP/1.1" 200 16
172.16.3.5 - - [14/Jan/2026:11:48:32 +0100] "GET /rhn/manager/api/channel/software/getDetails?channelLabel=sle-module-devtools15-sp7-updates-x86_64 HTTP/1.1" 200 1194
172.16.3.5 - - [14/Jan/2026:11:48:32 +0100] "GET /rhn/manager/api/auth/logout HTTP/1.1" 200 16
172.16.3.5 - - [14/Jan/2026:11:48:32 +0100] "POST /rhn/manager/api/auth/login HTTP/1.1" 200 16
172.16.3.5 - - [14/Jan/2026:11:48:33 +0100] "GET /rhn/manager/api/channel/software/getDetails?channelLabel=sle-module-devtools15-sp7-pool-x86_64 HTTP/1.1" 200 1142
172.16.3.5 - - [14/Jan/2026:11:48:33 +0100] "GET /rhn/manager/api/auth/logout HTTP/1.1" 200 16
::1 - - [14/Jan/2026:11:48:36 +0100] "GET /rhn/manager/login HTTP/1.1" 302 -
172.16.3.5 - - [14/Jan/2026:11:48:43 +0100] "POST /rhn/manager/api/auth/login HTTP/1.1" 200 16
172.16.3.5 - - [14/Jan/2026:11:48:44 +0100] "GET /rhn/manager/api/channel/software/getDetails?channelLabel=sle-module-devtools15-sp7-updates-x86_64 HTTP/1.1" 200 1194
172.16.3.5 - - [14/Jan/2026:11:48:45 +0100] "GET /rhn/manager/api/auth/logout HTTP/1.1" 200 16
172.16.3.5 - - [14/Jan/2026:11:48:45 +0100] "POST /rhn/manager/api/auth/login HTTP/1.1" 200 16
172.16.3.5 - - [14/Jan/2026:11:48:46 +0100] "GET /rhn/manager/api/channel/software/getDetails?channelLabel=sle-module-devtools15-sp7-pool-x86_64 HTTP/1.1" 200 1142
172.16.3.5 - - [14/Jan/2026:11:48:46 +0100] "GET /rhn/manager/api/auth/logout HTTP/1.1" 200 16
172.16.3.5 - - [14/Jan/2026:11:48:57 +0100] "POST /rhn/manager/api/auth/login HTTP/1.1" 200 16
172.16.3.5 - - [14/Jan/2026:11:48:57 +0100] "GET /rhn/manager/api/channel/software/getDetails?channelLabel=sle-module-devtools15-sp7-updates-x86_64 HTTP/1.1" 200 1194
172.16.3.5 - - [14/Jan/2026:11:48:58 +0100] "GET /rhn/manager/api/auth/logout HTTP/1.1" 200 16
172.16.3.5 - - [14/Jan/2026:11:48:58 +0100] "POST /rhn/manager/api/auth/login HTTP/1.1" 200 16
172.16.3.5 - - [14/Jan/2026:11:48:58 +0100] "GET /rhn/manager/api/channel/software/getDetails?channelLabel=sle-module-devtools15-sp7-pool-x86_64 HTTP/1.1" 200 1142
172.16.3.5 - - [14/Jan/2026:11:48:58 +0100] "GET /rhn/manager/api/auth/logout HTTP/1.1" 200 16
172.16.3.5 - - [14/Jan/2026:11:49:08 +0100] "POST /rhn/manager/api/auth/login HTTP/1.1" 200 16
172.16.3.5 - - [14/Jan/2026:11:49:09 +0100] "GET /rhn/manager/api/channel/software/getDetails?channelLabel=sle-module-devtools15-sp7-updates-x86_64 HTTP/1.1" 200 1194
172.16.3.5 - - [14/Jan/2026:11:49:09 +0100] "GET /rhn/manager/api/auth/logout HTTP/1.1" 200 16
172.16.3.5 - - [14/Jan/2026:11:49:09 +0100] "POST /rhn/manager/api/auth/login HTTP/1.1" 200 16
172.16.3.5 - - [14/Jan/2026:11:49:10 +0100] "GET /rhn/manager/api/channel/software/getDetails?channelLabel=sle-module-devtools15-sp7-pool-x86_64 HTTP/1.1" 200 1142
172.16.3.5 - - [14/Jan/2026:11:49:10 +0100] "GET /rhn/manager/api/auth/logout HTTP/1.1" 200 16
172.16.3.5 - - [14/Jan/2026:11:49:20 +0100] "POST /rhn/manager/api/auth/login HTTP/1.1" 200 16
172.16.3.5 - - [14/Jan/2026:11:49:21 +0100] "GET /rhn/manager/api/channel/software/getDetails?channelLabel=sle-module-devtools15-sp7-updates-x86_64 HTTP/1.1" 200 1194
172.16.3.5 - - [14/Jan/2026:11:49:21 +0100] "GET /rhn/manager/api/auth/logout HTTP/1.1" 200 16
172.16.3.5 - - [14/Jan/2026:11:49:21 +0100] "POST /rhn/manager/api/auth/login HTTP/1.1" 200 16
172.16.3.5 - - [14/Jan/2026:11:49:21 +0100] "GET /rhn/manager/api/channel/software/getDetails?channelLabel=sle-module-devtools15-sp7-pool-x86_64 HTTP/1.1" 200 1142
172.16.3.5 - - [14/Jan/2026:11:49:22 +0100] "GET /rhn/manager/api/auth/logout HTTP/1.1" 200 16
172.16.3.5 - - [14/Jan/2026:11:49:32 +0100] "POST /rhn/manager/api/auth/login HTTP/1.1" 200 16
172.16.3.5 - - [14/Jan/2026:11:49:32 +0100] "GET /rhn/manager/api/channel/software/getDetails?channelLabel=sle-module-devtools15-sp7-updates-x86_64 HTTP/1.1" 200 1194
172.16.3.5 - - [14/Jan/2026:11:49:32 +0100] "GET /rhn/manager/api/auth/logout HTTP/1.1" 200 16
172.16.3.5 - - [14/Jan/2026:11:49:32 +0100] "POST /rhn/manager/api/auth/login HTTP/1.1" 200 16
172.16.3.5 - - [14/Jan/2026:11:49:33 +0100] "GET /rhn/manager/api/channel/software/getDetails?channelLabel=sle-module-devtools15-sp7-pool-x86_64 HTTP/1.1" 200 1142
172.16.3.5 - - [14/Jan/2026:11:49:33 +0100] "GET /rhn/manager/api/auth/logout HTTP/1.1" 200 16
::1 - - [14/Jan/2026:11:49:39 +0100] "GET /rhn/manager/login HTTP/1.1" 302 -
172.16.3.5 - - [14/Jan/2026:11:49:43 +0100] "POST /rhn/manager/api/auth/login HTTP/1.1" 200 16
172.16.3.5 - - [14/Jan/2026:11:49:43 +0100] "GET /rhn/manager/api/channel/software/getDetails?channelLabel=sle-module-devtools15-sp7-updates-x86_64 HTTP/1.1" 200 1194
172.16.3.5 - - [14/Jan/2026:11:49:43 +0100] "GET /rhn/manager/api/auth/logout HTTP/1.1" 200 16
172.16.3.5 - - [14/Jan/2026:11:49:43 +0100] "POST /rhn/manager/api/auth/login HTTP/1.1" 200 16
172.16.3.5 - - [14/Jan/2026:11:49:43 +0100] "GET /rhn/manager/api/channel/software/getDetails?channelLabel=sle-module-devtools15-sp7-pool-x86_64 HTTP/1.1" 200 1142
172.16.3.5 - - [14/Jan/2026:11:49:44 +0100] "GET /rhn/manager/api/auth/logout HTTP/1.1" 200 16
172.16.3.5 - - [14/Jan/2026:11:49:54 +0100] "POST /rhn/manager/api/auth/login HTTP/1.1" 200 16
172.16.3.5 - - [14/Jan/2026:11:49:54 +0100] "GET /rhn/manager/api/channel/software/getDetails?channelLabel=sle-module-devtools15-sp7-updates-x86_64 HTTP/1.1" 200 1194
172.16.3.5 - - [14/Jan/2026:11:49:54 +0100] "GET /rhn/manager/api/auth/logout HTTP/1.1" 200 16
172.16.3.5 - - [14/Jan/2026:11:49:54 +0100] "POST /rhn/manager/api/auth/login HTTP/1.1" 200 16
172.16.3.5 - - [14/Jan/2026:11:49:54 +0100] "GET /rhn/manager/api/channel/software/getDetails?channelLabel=sle-module-devtools15-sp7-pool-x86_64 HTTP/1.1" 200 1142
172.16.3.5 - - [14/Jan/2026:11:49:54 +0100] "GET /rhn/manager/api/auth/logout HTTP/1.1" 200 16
172.16.3.5 - - [14/Jan/2026:11:50:04 +0100] "POST /rhn/manager/api/auth/login HTTP/1.1" 200 16
172.16.3.5 - - [14/Jan/2026:11:50:05 +0100] "GET /rhn/manager/api/channel/software/getDetails?channelLabel=sle-module-devtools15-sp7-updates-x86_64 HTTP/1.1" 200 1194
172.16.3.5 - - [14/Jan/2026:11:50:05 +0100] "GET /rhn/manager/api/auth/logout HTTP/1.1" 200 16
172.16.3.5 - - [14/Jan/2026:11:50:05 +0100] "POST /rhn/manager/api/auth/login HTTP/1.1" 200 16
172.16.3.5 - - [14/Jan/2026:11:50:05 +0100] "GET /rhn/manager/api/channel/software/getDetails?channelLabel=sle-module-devtools15-sp7-pool-x86_64 HTTP/1.1" 200 1187
172.16.3.5 - - [14/Jan/2026:11:50:05 +0100] "GET /rhn/manager/api/auth/logout HTTP/1.1" 200 16
172.16.3.5 - - [14/Jan/2026:11:50:15 +0100] "POST /rhn/manager/api/auth/login HTTP/1.1" 200 16
172.16.3.5 - - [14/Jan/2026:11:50:15 +0100] "GET /rhn/manager/api/channel/software/getDetails?channelLabel=sle-module-devtools15-sp7-updates-x86_64 HTTP/1.1" 200 1194
172.16.3.5 - - [14/Jan/2026:11:50:15 +0100] "GET /rhn/manager/api/auth/logout HTTP/1.1" 200 16
172.16.3.5 - - [14/Jan/2026:11:50:16 +0100] "POST /rhn/manager/api/auth/login HTTP/1.1" 200 16
172.16.3.5 - - [14/Jan/2026:11:50:16 +0100] "GET /rhn/manager/api/channel/software/getDetails?channelLabel=sle-module-devtools15-sp7-pool-x86_64 HTTP/1.1" 200 1187
172.16.3.5 - - [14/Jan/2026:11:50:16 +0100] "GET /rhn/manager/api/auth/logout HTTP/1.1" 200 16
172.16.3.5 - - [14/Jan/2026:11:50:26 +0100] "POST /rhn/manager/api/auth/login HTTP/1.1" 200 16
172.16.3.5 - - [14/Jan/2026:11:50:26 +0100] "GET /rhn/manager/api/channel/software/getDetails?channelLabel=sle-module-devtools15-sp7-pool-x86_64 HTTP/1.1" 200 1187
172.16.3.5 - - [14/Jan/2026:11:50:26 +0100] "GET /rhn/manager/api/auth/logout HTTP/1.1" 200 16
172.16.3.5 - - [14/Jan/2026:11:50:36 +0100] "POST /rhn/manager/api/auth/login HTTP/1.1" 200 16
172.16.3.5 - - [14/Jan/2026:11:50:36 +0100] "GET /rhn/manager/api/channel/software/getDetails?channelLabel=sle-module-devtools15-sp7-pool-x86_64 HTTP/1.1" 200 1187
172.16.3.5 - - [14/Jan/2026:11:50:36 +0100] "GET /rhn/manager/api/auth/logout HTTP/1.1" 200 16
::1 - - [14/Jan/2026:11:50:42 +0100] "GET /rhn/manager/login HTTP/1.1" 302 -
172.16.3.5 - - [14/Jan/2026:11:50:47 +0100] "POST /rhn/manager/api/auth/login HTTP/1.1" 200 16
172.16.3.5 - - [14/Jan/2026:11:50:47 +0100] "GET /rhn/manager/api/channel/software/getDetails?channelLabel=sle-module-devtools15-sp7-pool-x86_64 HTTP/1.1" 200 1187
172.16.3.5 - - [14/Jan/2026:11:50:47 +0100] "GET /rhn/manager/api/auth/logout HTTP/1.1" 200 16
172.16.3.5 - - [14/Jan/2026:11:50:57 +0100] "POST /rhn/manager/api/auth/login HTTP/1.1" 200 16
172.16.3.5 - - [14/Jan/2026:11:50:57 +0100] "GET /rhn/manager/api/channel/software/getDetails?channelLabel=sle-module-devtools15-sp7-pool-x86_64 HTTP/1.1" 200 1187
172.16.3.5 - - [14/Jan/2026:11:50:57 +0100] "GET /rhn/manager/api/auth/logout HTTP/1.1" 200 16
172.16.3.5 - - [14/Jan/2026:11:51:07 +0100] "POST /rhn/manager/api/auth/login HTTP/1.1" 200 16
172.16.3.5 - - [14/Jan/2026:11:51:08 +0100] "GET /rhn/manager/api/channel/software/getDetails?channelLabel=sle-module-devtools15-sp7-pool-x86_64 HTTP/1.1" 200 1187
172.16.3.5 - - [14/Jan/2026:11:51:08 +0100] "GET /rhn/manager/api/auth/logout HTTP/1.1" 200 16
172.16.3.5 - - [14/Jan/2026:11:51:18 +0100] "POST /rhn/manager/api/auth/login HTTP/1.1" 200 16
172.16.3.5 - - [14/Jan/2026:11:51:18 +0100] "GET /rhn/manager/api/channel/software/getDetails?channelLabel=sle-module-devtools15-sp7-pool-x86_64 HTTP/1.1" 200 1187
172.16.3.5 - - [14/Jan/2026:11:51:18 +0100] "GET /rhn/manager/api/auth/logout HTTP/1.1" 200 16
172.16.3.5 - - [14/Jan/2026:11:51:28 +0100] "POST /rhn/manager/api/auth/login HTTP/1.1" 200 16
172.16.3.5 - - [14/Jan/2026:11:51:28 +0100] "GET /rhn/manager/api/channel/software/getDetails?channelLabel=sle-module-devtools15-sp7-pool-x86_64 HTTP/1.1" 200 1187
172.16.3.5 - - [14/Jan/2026:11:51:28 +0100] "GET /rhn/manager/api/auth/logout HTTP/1.1" 200 16
172.16.3.5 - - [14/Jan/2026:11:51:38 +0100] "POST /rhn/manager/api/auth/login HTTP/1.1" 200 16
172.16.3.5 - - [14/Jan/2026:11:51:39 +0100] "GET /rhn/manager/api/channel/software/getDetails?channelLabel=sle-module-devtools15-sp7-pool-x86_64 HTTP/1.1" 200 1187
172.16.3.5 - - [14/Jan/2026:11:51:39 +0100] "GET /rhn/manager/api/auth/logout HTTP/1.1" 200 16
172.16.3.5 - - [14/Jan/2026:11:51:39 +0100] "GET /rhn/manager/login HTTP/1.1" 302 -
172.16.3.5 - - [14/Jan/2026:11:51:39 +0100] "GET /rhn/YourRhn.do HTTP/1.1" 200 36119
172.16.3.5 - - [14/Jan/2026:11:51:40 +0100] "POST /rhn/manager/frontend-log HTTP/1.1" 401 749
172.16.3.5 - - [14/Jan/2026:11:51:40 +0100] "POST /rhn/ajax/subscription-warning HTTP/1.1" 200 -
172.16.3.5 - - [14/Jan/2026:11:51:40 +0100] "POST /rhn/ajax/critical-systems HTTP/1.1" 200 2025
172.16.3.5 - - [14/Jan/2026:11:51:40 +0100] "POST /rhn/ajax/inactive-systems HTTP/1.1" 200 540
172.16.3.5 - - [14/Jan/2026:11:51:40 +0100] "POST /rhn/ajax/tasks HTTP/1.1" 200 2232
127.0.0.1 - - [14/Jan/2026:11:51:40 +0100] "GET /rhn/websocket/notifications HTTP/1.1" 101 -
172.16.3.5 - - [14/Jan/2026:11:51:40 +0100] "POST /rhn/ajax/recent-systems HTTP/1.1" 200 2058
172.16.3.5 - - [14/Jan/2026:11:51:41 +0100] "POST /rhn/ajax/latest-errata HTTP/1.1" 200 539
172.16.3.5 - - [14/Jan/2026:11:51:41 +0100] "POST /rhn/manager/frontend-log HTTP/1.1" 200 16
127.0.0.1 - - [14/Jan/2026:11:51:41 +0100] "GET /rhn/websocket/notifications HTTP/1.1" 101 -
172.16.3.5 - - [14/Jan/2026:11:51:41 +0100] "POST /rhn/ajax/systems-groups HTTP/1.1" 200 1490
172.16.3.5 - - [14/Jan/2026:11:51:41 +0100] "POST /rhn/ajax/pending-actions HTTP/1.1" 200 636
172.16.3.5 - - [14/Jan/2026:11:51:41 +0100] "GET /rhn/manager/admin/setup/products HTTP/1.1" 200 34323
127.0.0.1 - - [14/Jan/2026:11:51:41 +0100] "GET /rhn/websocket/notifications HTTP/1.1" 101 -
172.16.3.5 - - [14/Jan/2026:11:51:41 +0100] "POST /rhn/manager/frontend-log HTTP/1.1" 200 16
172.16.3.5 - - [14/Jan/2026:11:51:42 +0100] "GET /rhn/manager/api/admin/products/metadata HTTP/1.1" 200 124
172.16.3.5 - - [14/Jan/2026:11:51:42 +0100] "GET /rhn/manager/api/admin/products HTTP/1.1" 200 31834
::1 - - [14/Jan/2026:11:51:45 +0100] "GET /rhn/manager/login HTTP/1.1" 302 -
172.16.3.5 - - [14/Jan/2026:11:52:24 +0100] "GET /rhn/manager/login HTTP/1.1" 302 -
172.16.3.5 - - [14/Jan/2026:11:52:24 +0100] "GET /rhn/YourRhn.do HTTP/1.1" 200 36119
172.16.3.5 - - [14/Jan/2026:11:52:24 +0100] "POST /rhn/manager/frontend-log HTTP/1.1" 200 16
127.0.0.1 - - [14/Jan/2026:11:52:24 +0100] "GET /rhn/websocket/notifications HTTP/1.1" 101 -
172.16.3.5 - - [14/Jan/2026:11:52:24 +0100] "POST /rhn/ajax/tasks HTTP/1.1" 200 2232
172.16.3.5 - - [14/Jan/2026:11:52:25 +0100] "POST /rhn/ajax/latest-errata HTTP/1.1" 200 539
172.16.3.5 - - [14/Jan/2026:11:52:25 +0100] "POST /rhn/ajax/subscription-warning HTTP/1.1" 200 -
127.0.0.1 - - [14/Jan/2026:11:52:25 +0100] "GET /rhn/websocket/notifications HTTP/1.1" 101 -
172.16.3.5 - - [14/Jan/2026:11:52:25 +0100] "POST /rhn/ajax/inactive-systems HTTP/1.1" 200 540
172.16.3.5 - - [14/Jan/2026:11:52:25 +0100] "POST /rhn/ajax/critical-systems HTTP/1.1" 200 2025
172.16.3.5 - - [14/Jan/2026:11:52:25 +0100] "POST /rhn/ajax/pending-actions HTTP/1.1" 200 636
172.16.3.5 - - [14/Jan/2026:11:52:25 +0100] "POST /rhn/ajax/systems-groups HTTP/1.1" 200 1490
172.16.3.5 - - [14/Jan/2026:11:52:25 +0100] "POST /rhn/ajax/recent-systems HTTP/1.1" 200 2058
172.16.3.5 - - [14/Jan/2026:11:52:25 +0100] "POST /rhn/manager/frontend-log HTTP/1.1" 200 16
172.16.3.5 - - [14/Jan/2026:11:52:25 +0100] "GET /rhn/channels/manage/Manage.do HTTP/1.1" 200 40814
172.16.3.5 - - [14/Jan/2026:11:52:25 +0100] "POST /rhn/manager/frontend-log HTTP/1.1" 200 16
127.0.0.1 - - [14/Jan/2026:11:52:25 +0100] "GET /rhn/websocket/notifications HTTP/1.1" 101 -
172.16.3.5 - - [14/Jan/2026:11:52:25 +0100] "GET /rhn/channels/manage/Edit.do HTTP/1.1" 200 51651
127.0.0.1 - - [14/Jan/2026:11:52:26 +0100] "GET /rhn/websocket/notifications HTTP/1.1" 101 -
172.16.3.5 - - [14/Jan/2026:11:52:26 +0100] "POST /rhn/manager/frontend-log HTTP/1.1" 200 16
172.16.3.5 - - [14/Jan/2026:11:52:27 +0100] "POST /rhn/channels/manage/Edit.do HTTP/1.1" 302 -
172.16.3.5 - - [14/Jan/2026:11:52:27 +0100] "GET /rhn/channels/manage/Edit.do?cid=121 HTTP/1.1" 200 52205
172.16.3.5 - - [14/Jan/2026:11:52:27 +0100] "POST /rhn/manager/frontend-log HTTP/1.1" 200 16
127.0.0.1 - - [14/Jan/2026:11:52:27 +0100] "GET /rhn/websocket/notifications HTTP/1.1" 101 -
172.16.3.5 - - [14/Jan/2026:11:52:27 +0100] "POST /rhn/manager/frontend-log HTTP/1.1" 200 16
127.0.0.1 - - [14/Jan/2026:11:52:27 +0100] "GET /rhn/websocket/notifications HTTP/1.1" 101 -
172.16.3.5 - - [14/Jan/2026:11:52:27 +0100] "GET /rhn/channels/manage/Manage.do HTTP/1.1" 200 41298
127.0.0.1 - - [14/Jan/2026:11:52:28 +0100] "GET /rhn/websocket/notifications HTTP/1.1" 101 -
172.16.3.5 - - [14/Jan/2026:11:52:28 +0100] "POST /rhn/manager/frontend-log HTTP/1.1" 200 16
172.16.3.5 - - [14/Jan/2026:11:52:28 +0100] "GET /rhn/channels/manage/Edit.do HTTP/1.1" 200 51874
127.0.0.1 - - [14/Jan/2026:11:52:28 +0100] "GET /rhn/websocket/notifications HTTP/1.1" 101 -
172.16.3.5 - - [14/Jan/2026:11:52:28 +0100] "POST /rhn/manager/frontend-log HTTP/1.1" 200 16
172.16.3.5 - - [14/Jan/2026:11:52:29 +0100] "POST /rhn/channels/manage/Edit.do HTTP/1.1" 302 -
172.16.3.5 - - [14/Jan/2026:11:52:29 +0100] "GET /rhn/channels/manage/Edit.do?cid=122 HTTP/1.1" 200 52245
172.16.3.5 - - [14/Jan/2026:11:52:29 +0100] "POST /rhn/manager/frontend-log HTTP/1.1" 200 16
127.0.0.1 - - [14/Jan/2026:11:52:29 +0100] "GET /rhn/websocket/notifications HTTP/1.1" 101 -
172.16.3.5 - - [14/Jan/2026:11:52:29 +0100] "POST /rhn/manager/frontend-log HTTP/1.1" 200 16
127.0.0.1 - - [14/Jan/2026:11:52:30 +0100] "GET /rhn/websocket/notifications HTTP/1.1" 101 -
172.16.3.5 - - [14/Jan/2026:11:52:30 +0100] "GET /rhn/channels/manage/Manage.do HTTP/1.1" 200 41940
127.0.0.1 - - [14/Jan/2026:11:52:30 +0100] "GET /rhn/websocket/notifications HTTP/1.1" 101 -
172.16.3.5 - - [14/Jan/2026:11:52:30 +0100] "POST /rhn/manager/frontend-log HTTP/1.1" 200 16
172.16.3.5 - - [14/Jan/2026:11:52:30 +0100] "GET /rhn/channels/manage/Edit.do HTTP/1.1" 200 51874
127.0.0.1 - - [14/Jan/2026:11:52:30 +0100] "GET /rhn/websocket/notifications HTTP/1.1" 101 -
172.16.3.5 - - [14/Jan/2026:11:52:30 +0100] "POST /rhn/manager/frontend-log HTTP/1.1" 200 16
172.16.3.5 - - [14/Jan/2026:11:52:31 +0100] "POST /rhn/channels/manage/Edit.do HTTP/1.1" 302 -
172.16.3.5 - - [14/Jan/2026:11:52:31 +0100] "GET /rhn/channels/manage/Edit.do?cid=123 HTTP/1.1" 200 52226
172.16.3.5 - - [14/Jan/2026:11:52:32 +0100] "POST /rhn/manager/frontend-log HTTP/1.1" 200 16
127.0.0.1 - - [14/Jan/2026:11:52:32 +0100] "GET /rhn/websocket/notifications HTTP/1.1" 101 -
172.16.3.5 - - [14/Jan/2026:11:52:32 +0100] "POST /rhn/manager/frontend-log HTTP/1.1" 200 16
127.0.0.1 - - [14/Jan/2026:11:52:32 +0100] "GET /rhn/websocket/notifications HTTP/1.1" 101 -
172.16.3.5 - - [14/Jan/2026:11:52:32 +0100] "GET /rhn/channels/manage/Manage.do HTTP/1.1" 200 42574
127.0.0.1 - - [14/Jan/2026:11:52:32 +0100] "GET /rhn/websocket/notifications HTTP/1.1" 101 -
172.16.3.5 - - [14/Jan/2026:11:52:32 +0100] "POST /rhn/manager/frontend-log HTTP/1.1" 200 16
172.16.3.5 - - [14/Jan/2026:11:52:32 +0100] "GET /rhn/channels/manage/Edit.do HTTP/1.1" 200 51874
127.0.0.1 - - [14/Jan/2026:11:52:33 +0100] "GET /rhn/websocket/notifications HTTP/1.1" 101 -
172.16.3.5 - - [14/Jan/2026:11:52:33 +0100] "POST /rhn/manager/frontend-log HTTP/1.1" 200 16
172.16.3.5 - - [14/Jan/2026:11:52:34 +0100] "POST /rhn/channels/manage/Edit.do HTTP/1.1" 302 -
172.16.3.5 - - [14/Jan/2026:11:52:34 +0100] "GET /rhn/channels/manage/Edit.do?cid=124 HTTP/1.1" 200 52473
172.16.3.5 - - [14/Jan/2026:11:52:34 +0100] "POST /rhn/manager/frontend-log HTTP/1.1" 200 16
127.0.0.1 - - [14/Jan/2026:11:52:34 +0100] "GET /rhn/websocket/notifications HTTP/1.1" 101 -
172.16.3.5 - - [14/Jan/2026:11:52:34 +0100] "POST /rhn/manager/frontend-log HTTP/1.1" 200 16
127.0.0.1 - - [14/Jan/2026:11:52:34 +0100] "GET /rhn/websocket/notifications HTTP/1.1" 101 -
172.16.3.5 - - [14/Jan/2026:11:52:34 +0100] "GET /rhn/channels/manage/Manage.do HTTP/1.1" 200 43056
127.0.0.1 - - [14/Jan/2026:11:52:35 +0100] "GET /rhn/websocket/notifications HTTP/1.1" 101 -
172.16.3.5 - - [14/Jan/2026:11:52:35 +0100] "POST /rhn/manager/frontend-log HTTP/1.1" 200 16
172.16.3.5 - - [14/Jan/2026:11:52:35 +0100] "GET /rhn/channels/manage/Edit.do HTTP/1.1" 200 52206
127.0.0.1 - - [14/Jan/2026:11:52:35 +0100] "GET /rhn/websocket/notifications HTTP/1.1" 101 -
172.16.3.5 - - [14/Jan/2026:11:52:35 +0100] "POST /rhn/manager/frontend-log HTTP/1.1" 200 16
172.16.3.5 - - [14/Jan/2026:11:52:36 +0100] "POST /rhn/channels/manage/Edit.do HTTP/1.1" 302 -
172.16.3.5 - - [14/Jan/2026:11:52:36 +0100] "GET /rhn/channels/manage/Edit.do?cid=125 HTTP/1.1" 200 52495
172.16.3.5 - - [14/Jan/2026:11:52:36 +0100] "POST /rhn/manager/frontend-log HTTP/1.1" 200 16
127.0.0.1 - - [14/Jan/2026:11:52:36 +0100] "GET /rhn/websocket/notifications HTTP/1.1" 101 -
172.16.3.5 - - [14/Jan/2026:11:52:36 +0100] "POST /rhn/manager/frontend-log HTTP/1.1" 200 16
127.0.0.1 - - [14/Jan/2026:11:52:36 +0100] "GET /rhn/websocket/notifications HTTP/1.1" 101 -
172.16.3.5 - - [14/Jan/2026:11:52:37 +0100] "GET /rhn/channels/manage/Manage.do HTTP/1.1" 200 43692
127.0.0.1 - - [14/Jan/2026:11:52:37 +0100] "GET /rhn/websocket/notifications HTTP/1.1" 101 -
172.16.3.5 - - [14/Jan/2026:11:52:37 +0100] "POST /rhn/manager/frontend-log HTTP/1.1" 200 16
172.16.3.5 - - [14/Jan/2026:11:52:37 +0100] "GET /rhn/channels/manage/Edit.do HTTP/1.1" 200 52206
127.0.0.1 - - [14/Jan/2026:11:52:37 +0100] "GET /rhn/websocket/notifications HTTP/1.1" 101 -
172.16.3.5 - - [14/Jan/2026:11:52:37 +0100] "POST /rhn/manager/frontend-log HTTP/1.1" 200 16
172.16.3.5 - - [14/Jan/2026:11:52:38 +0100] "POST /rhn/channels/manage/Edit.do HTTP/1.1" 302 -
172.16.3.5 - - [14/Jan/2026:11:52:38 +0100] "GET /rhn/channels/manage/Edit.do?cid=126 HTTP/1.1" 200 52654
172.16.3.5 - - [14/Jan/2026:11:52:38 +0100] "POST /rhn/manager/frontend-log HTTP/1.1" 200 16
127.0.0.1 - - [14/Jan/2026:11:52:39 +0100] "GET /rhn/websocket/notifications HTTP/1.1" 101 -
172.16.3.5 - - [14/Jan/2026:11:52:39 +0100] "POST /rhn/manager/frontend-log HTTP/1.1" 200 16
127.0.0.1 - - [14/Jan/2026:11:52:39 +0100] "GET /rhn/websocket/notifications HTTP/1.1" 101 -
172.16.3.5 - - [14/Jan/2026:11:52:39 +0100] "GET /rhn/channels/manage/Manage.do HTTP/1.1" 200 44174
127.0.0.1 - - [14/Jan/2026:11:52:39 +0100] "GET /rhn/websocket/notifications HTTP/1.1" 101 -
172.16.3.5 - - [14/Jan/2026:11:52:39 +0100] "POST /rhn/manager/frontend-log HTTP/1.1" 200 16
172.16.3.5 - - [14/Jan/2026:11:52:39 +0100] "GET /rhn/channels/manage/Edit.do HTTP/1.1" 200 52426
127.0.0.1 - - [14/Jan/2026:11:52:39 +0100] "GET /rhn/websocket/notifications HTTP/1.1" 101 -
172.16.3.5 - - [14/Jan/2026:11:52:39 +0100] "POST /rhn/manager/frontend-log HTTP/1.1" 200 16
172.16.3.5 - - [14/Jan/2026:11:52:40 +0100] "POST /rhn/channels/manage/Edit.do HTTP/1.1" 302 -
172.16.3.5 - - [14/Jan/2026:11:52:41 +0100] "GET /rhn/channels/manage/Edit.do?cid=127 HTTP/1.1" 200 52696
172.16.3.5 - - [14/Jan/2026:11:52:41 +0100] "POST /rhn/manager/frontend-log HTTP/1.1" 200 16
127.0.0.1 - - [14/Jan/2026:11:52:41 +0100] "GET /rhn/websocket/notifications HTTP/1.1" 101 -
172.16.3.5 - - [14/Jan/2026:11:52:41 +0100] "POST /rhn/manager/frontend-log HTTP/1.1" 200 16
127.0.0.1 - - [14/Jan/2026:11:52:41 +0100] "GET /rhn/websocket/notifications HTTP/1.1" 101 -
172.16.3.5 - - [14/Jan/2026:11:52:41 +0100] "GET /rhn/channels/manage/Manage.do HTTP/1.1" 200 44812
127.0.0.1 - - [14/Jan/2026:11:52:41 +0100] "GET /rhn/websocket/notifications HTTP/1.1" 101 -
172.16.3.5 - - [14/Jan/2026:11:52:41 +0100] "POST /rhn/manager/frontend-log HTTP/1.1" 200 16
172.16.3.5 - - [14/Jan/2026:11:52:42 +0100] "GET /rhn/channels/manage/Edit.do HTTP/1.1" 200 52426
127.0.0.1 - - [14/Jan/2026:11:52:42 +0100] "GET /rhn/websocket/notifications HTTP/1.1" 101 -
172.16.3.5 - - [14/Jan/2026:11:52:42 +0100] "POST /rhn/manager/frontend-log HTTP/1.1" 200 16
::1 - - [14/Jan/2026:11:52:48 +0100] "GET /rhn/manager/login HTTP/1.1" 302 -
172.16.3.5 - - [14/Jan/2026:11:52:53 +0100] "POST /rhn/channels/manage/Edit.do HTTP/1.1" 302 -
172.16.3.5 - - [14/Jan/2026:11:52:53 +0100] "GET /rhn/channels/manage/Edit.do?cid=128 HTTP/1.1" 200 52974
172.16.3.5 - - [14/Jan/2026:11:52:53 +0100] "POST /rhn/manager/frontend-log HTTP/1.1" 200 16
127.0.0.1 - - [14/Jan/2026:11:52:53 +0100] "GET /rhn/websocket/notifications HTTP/1.1" 101 -
172.16.3.5 - - [14/Jan/2026:11:52:53 +0100] "POST /rhn/manager/frontend-log HTTP/1.1" 200 16
127.0.0.1 - - [14/Jan/2026:11:52:53 +0100] "GET /rhn/websocket/notifications HTTP/1.1" 101 -
172.16.3.5 - - [14/Jan/2026:11:52:53 +0100] "GET /rhn/channels/manage/Manage.do HTTP/1.1" 200 45299
127.0.0.1 - - [14/Jan/2026:11:52:54 +0100] "GET /rhn/websocket/notifications HTTP/1.1" 101 -
172.16.3.5 - - [14/Jan/2026:11:52:54 +0100] "POST /rhn/manager/frontend-log HTTP/1.1" 200 16
172.16.3.5 - - [14/Jan/2026:11:52:54 +0100] "GET /rhn/channels/manage/Edit.do HTTP/1.1" 200 52838
127.0.0.1 - - [14/Jan/2026:11:52:54 +0100] "GET /rhn/websocket/notifications HTTP/1.1" 101 -
172.16.3.5 - - [14/Jan/2026:11:52:54 +0100] "POST /rhn/manager/frontend-log HTTP/1.1" 200 16
172.16.3.5 - - [14/Jan/2026:11:52:55 +0100] "POST /rhn/channels/manage/Edit.do HTTP/1.1" 302 -
172.16.3.5 - - [14/Jan/2026:11:52:55 +0100] "GET /rhn/channels/manage/Edit.do?cid=129 HTTP/1.1" 200 53169
172.16.3.5 - - [14/Jan/2026:11:52:55 +0100] "POST /rhn/manager/frontend-log HTTP/1.1" 200 16
127.0.0.1 - - [14/Jan/2026:11:52:55 +0100] "GET /rhn/websocket/notifications HTTP/1.1" 101 -
172.16.3.5 - - [14/Jan/2026:11:52:55 +0100] "POST /rhn/manager/frontend-log HTTP/1.1" 200 16
127.0.0.1 - - [14/Jan/2026:11:52:55 +0100] "GET /rhn/websocket/notifications HTTP/1.1" 101 -
172.16.3.5 - - [14/Jan/2026:11:52:55 +0100] "GET /rhn/channels/manage/Manage.do HTTP/1.1" 200 45781
172.16.3.5 - - [14/Jan/2026:11:52:55 +0100] "POST /rhn/manager/frontend-log HTTP/1.1" 200 16
127.0.0.1 - - [14/Jan/2026:11:52:55 +0100] "GET /rhn/websocket/notifications HTTP/1.1" 101 -
172.16.3.5 - - [14/Jan/2026:11:52:55 +0100] "GET /rhn/channels/manage/Edit.do HTTP/1.1" 200 53059
127.0.0.1 - - [14/Jan/2026:11:52:56 +0100] "GET /rhn/websocket/notifications HTTP/1.1" 101 -
172.16.3.5 - - [14/Jan/2026:11:52:56 +0100] "POST /rhn/manager/frontend-log HTTP/1.1" 200 16
172.16.3.5 - - [14/Jan/2026:11:52:56 +0100] "POST /rhn/channels/manage/Edit.do HTTP/1.1" 302 -
172.16.3.5 - - [14/Jan/2026:11:52:56 +0100] "GET /rhn/channels/manage/Edit.do?cid=130 HTTP/1.1" 200 53353
172.16.3.5 - - [14/Jan/2026:11:52:56 +0100] "POST /rhn/manager/frontend-log HTTP/1.1" 200 16
127.0.0.1 - - [14/Jan/2026:11:52:57 +0100] "GET /rhn/websocket/notifications HTTP/1.1" 101 -
172.16.3.5 - - [14/Jan/2026:11:52:57 +0100] "POST /rhn/manager/frontend-log HTTP/1.1" 200 16
172.16.3.5 - - [14/Jan/2026:11:52:57 +0100] "POST /rhn/manager/frontend-log HTTP/1.1" 200 16
127.0.0.1 - - [14/Jan/2026:11:52:57 +0100] "GET /rhn/websocket/notifications HTTP/1.1" 101 -
172.16.3.5 - - [14/Jan/2026:11:52:57 +0100] "GET /rhn/manager/login HTTP/1.1" 302 -
172.16.3.5 - - [14/Jan/2026:11:52:57 +0100] "GET /rhn/YourRhn.do HTTP/1.1" 200 36119
172.16.3.5 - - [14/Jan/2026:11:52:57 +0100] "POST /rhn/manager/frontend-log HTTP/1.1" 200 16
172.16.3.5 - - [14/Jan/2026:11:52:57 +0100] "POST /rhn/ajax/latest-errata HTTP/1.1" 200 539
172.16.3.5 - - [14/Jan/2026:11:52:57 +0100] "POST /rhn/ajax/subscription-warning HTTP/1.1" 200 -
127.0.0.1 - - [14/Jan/2026:11:52:57 +0100] "GET /rhn/websocket/notifications HTTP/1.1" 101 -
172.16.3.5 - - [14/Jan/2026:11:52:57 +0100] "POST /rhn/ajax/critical-systems HTTP/1.1" 200 2025
172.16.3.5 - - [14/Jan/2026:11:52:57 +0100] "POST /rhn/ajax/inactive-systems HTTP/1.1" 200 540
172.16.3.5 - - [14/Jan/2026:11:52:57 +0100] "POST /rhn/ajax/pending-actions HTTP/1.1" 200 636
172.16.3.5 - - [14/Jan/2026:11:52:58 +0100] "POST /rhn/ajax/recent-systems HTTP/1.1" 200 2058
172.16.3.5 - - [14/Jan/2026:11:52:58 +0100] "POST /rhn/ajax/tasks HTTP/1.1" 200 2232
172.16.3.5 - - [14/Jan/2026:11:52:58 +0100] "POST /rhn/ajax/systems-groups HTTP/1.1" 200 1490
172.16.3.5 - - [14/Jan/2026:11:52:58 +0100] "POST /rhn/manager/frontend-log HTTP/1.1" 200 16
172.16.3.5 - - [14/Jan/2026:11:52:58 +0100] "GET /rhn/channels/manage/repos/RepoList.do HTTP/1.1" 200 39613
127.0.0.1 - - [14/Jan/2026:11:52:58 +0100] "GET /rhn/websocket/notifications HTTP/1.1" 101 -
172.16.3.5 - - [14/Jan/2026:11:52:58 +0100] "POST /rhn/manager/frontend-log HTTP/1.1" 200 16
172.16.3.5 - - [14/Jan/2026:11:52:58 +0100] "GET /rhn/channels/manage/repos/RepoCreate.do HTTP/1.1" 200 38820
127.0.0.1 - - [14/Jan/2026:11:52:58 +0100] "GET /rhn/websocket/notifications HTTP/1.1" 101 -
172.16.3.5 - - [14/Jan/2026:11:52:58 +0100] "POST /rhn/manager/frontend-log HTTP/1.1" 200 16
172.16.3.5 - - [14/Jan/2026:11:52:58 +0100] "POST /rhn/channels/manage/repos/RepoCreate.do HTTP/1.1" 302 -
172.16.3.5 - - [14/Jan/2026:11:52:59 +0100] "GET /rhn/channels/manage/repos/RepoEdit.do?id=520 HTTP/1.1" 200 39468
172.16.3.5 - - [14/Jan/2026:11:52:59 +0100] "POST /rhn/manager/frontend-log HTTP/1.1" 200 16
127.0.0.1 - - [14/Jan/2026:11:52:59 +0100] "GET /rhn/websocket/notifications HTTP/1.1" 101 -
172.16.3.5 - - [14/Jan/2026:11:52:59 +0100] "POST /rhn/manager/frontend-log HTTP/1.1" 200 16
127.0.0.1 - - [14/Jan/2026:11:52:59 +0100] "GET /rhn/websocket/notifications HTTP/1.1" 101 -
172.16.3.5 - - [14/Jan/2026:11:52:59 +0100] "GET /rhn/channels/manage/repos/RepoList.do HTTP/1.1" 200 39974
127.0.0.1 - - [14/Jan/2026:11:52:59 +0100] "GET /rhn/websocket/notifications HTTP/1.1" 101 -
172.16.3.5 - - [14/Jan/2026:11:52:59 +0100] "POST /rhn/manager/frontend-log HTTP/1.1" 200 16
172.16.3.5 - - [14/Jan/2026:11:52:59 +0100] "GET /rhn/channels/manage/repos/RepoEdit.do?id=520 HTTP/1.1" 200 39377
127.0.0.1 - - [14/Jan/2026:11:52:59 +0100] "GET /rhn/websocket/notifications HTTP/1.1" 101 -
172.16.3.5 - - [14/Jan/2026:11:52:59 +0100] "POST /rhn/manager/frontend-log HTTP/1.1" 200 16
172.16.3.5 - - [14/Jan/2026:11:53:10 +0100] "POST /rhn/channels/manage/repos/RepoEdit.do HTTP/1.1" 302 -
172.16.3.5 - - [14/Jan/2026:11:53:10 +0100] "GET /rhn/channels/manage/repos/RepoEdit.do?id=520 HTTP/1.1" 200 39450
172.16.3.5 - - [14/Jan/2026:11:53:10 +0100] "POST /rhn/manager/frontend-log HTTP/1.1" 200 16
127.0.0.1 - - [14/Jan/2026:11:53:10 +0100] "GET /rhn/websocket/notifications HTTP/1.1" 101 -
172.16.3.5 - - [14/Jan/2026:11:53:10 +0100] "POST /rhn/manager/frontend-log HTTP/1.1" 200 16
127.0.0.1 - - [14/Jan/2026:11:53:10 +0100] "GET /rhn/websocket/notifications HTTP/1.1" 101 -
172.16.3.5 - - [14/Jan/2026:11:53:10 +0100] "GET /rhn/channels/manage/repos/RepoList.do HTTP/1.1" 200 39974
127.0.0.1 - - [14/Jan/2026:11:53:10 +0100] "GET /rhn/websocket/notifications HTTP/1.1" 101 -
172.16.3.5 - - [14/Jan/2026:11:53:10 +0100] "POST /rhn/manager/frontend-log HTTP/1.1" 200 16
172.16.3.5 - - [14/Jan/2026:11:53:10 +0100] "GET /rhn/channels/manage/repos/RepoCreate.do HTTP/1.1" 200 38820
127.0.0.1 - - [14/Jan/2026:11:53:11 +0100] "GET /rhn/websocket/notifications HTTP/1.1" 101 -
172.16.3.5 - - [14/Jan/2026:11:53:11 +0100] "POST /rhn/manager/frontend-log HTTP/1.1" 200 16
172.16.3.5 - - [14/Jan/2026:11:53:11 +0100] "POST /rhn/channels/manage/repos/RepoCreate.do HTTP/1.1" 302 -
172.16.3.5 - - [14/Jan/2026:11:53:11 +0100] "GET /rhn/channels/manage/repos/RepoEdit.do?id=521 HTTP/1.1" 200 39479
172.16.3.5 - - [14/Jan/2026:11:53:11 +0100] "POST /rhn/manager/frontend-log HTTP/1.1" 200 16
127.0.0.1 - - [14/Jan/2026:11:53:11 +0100] "GET /rhn/websocket/notifications HTTP/1.1" 101 -
172.16.3.5 - - [14/Jan/2026:11:53:11 +0100] "POST /rhn/manager/frontend-log HTTP/1.1" 200 16
127.0.0.1 - - [14/Jan/2026:11:53:11 +0100] "GET /rhn/websocket/notifications HTTP/1.1" 101 -
172.16.3.5 - - [14/Jan/2026:11:53:11 +0100] "GET /rhn/channels/manage/repos/RepoList.do HTTP/1.1" 200 40340
172.16.3.5 - - [14/Jan/2026:11:53:12 +0100] "POST /rhn/manager/frontend-log HTTP/1.1" 200 16
127.0.0.1 - - [14/Jan/2026:11:53:12 +0100] "GET /rhn/websocket/notifications HTTP/1.1" 101 -
172.16.3.5 - - [14/Jan/2026:11:53:12 +0100] "GET /rhn/channels/manage/repos/RepoEdit.do?id=521 HTTP/1.1" 200 39388
127.0.0.1 - - [14/Jan/2026:11:53:12 +0100] "GET /rhn/websocket/notifications HTTP/1.1" 101 -
172.16.3.5 - - [14/Jan/2026:11:53:12 +0100] "POST /rhn/manager/frontend-log HTTP/1.1" 200 16
172.16.3.5 - - [14/Jan/2026:11:53:22 +0100] "POST /rhn/channels/manage/repos/RepoEdit.do HTTP/1.1" 302 -
172.16.3.5 - - [14/Jan/2026:11:53:22 +0100] "GET /rhn/channels/manage/repos/RepoEdit.do?id=521 HTTP/1.1" 200 39461
172.16.3.5 - - [14/Jan/2026:11:53:22 +0100] "POST /rhn/manager/frontend-log HTTP/1.1" 200 16
127.0.0.1 - - [14/Jan/2026:11:53:22 +0100] "GET /rhn/websocket/notifications HTTP/1.1" 101 -
172.16.3.5 - - [14/Jan/2026:11:53:22 +0100] "POST /rhn/manager/frontend-log HTTP/1.1" 200 16
127.0.0.1 - - [14/Jan/2026:11:53:23 +0100] "GET /rhn/websocket/notifications HTTP/1.1" 101 -
172.16.3.5 - - [14/Jan/2026:11:53:23 +0100] "GET /rhn/channels/manage/Manage.do HTTP/1.1" 200 46266
127.0.0.1 - - [14/Jan/2026:11:53:23 +0100] "GET /rhn/websocket/notifications HTTP/1.1" 101 -
172.16.3.5 - - [14/Jan/2026:11:53:23 +0100] "POST /rhn/manager/frontend-log HTTP/1.1" 200 16
172.16.3.5 - - [14/Jan/2026:11:53:23 +0100] "GET /rhn/channels/manage/Edit.do?cid=123 HTTP/1.1" 200 53237
127.0.0.1 - - [14/Jan/2026:11:53:23 +0100] "GET /rhn/websocket/notifications HTTP/1.1" 101 -
172.16.3.5 - - [14/Jan/2026:11:53:23 +0100] "POST /rhn/manager/frontend-log HTTP/1.1" 200 16
172.16.3.5 - - [14/Jan/2026:11:53:23 +0100] "POST /rhn/channels/manage/Edit.do HTTP/1.1" 302 -
172.16.3.5 - - [14/Jan/2026:11:53:24 +0100] "GET /rhn/channels/manage/Edit.do?cid=123 HTTP/1.1" 200 53411
172.16.3.5 - - [14/Jan/2026:11:53:24 +0100] "POST /rhn/manager/frontend-log HTTP/1.1" 200 16
127.0.0.1 - - [14/Jan/2026:11:53:24 +0100] "GET /rhn/websocket/notifications HTTP/1.1" 101 -
172.16.3.5 - - [14/Jan/2026:11:53:24 +0100] "POST /rhn/manager/frontend-log HTTP/1.1" 200 16
127.0.0.1 - - [14/Jan/2026:11:53:24 +0100] "GET /rhn/websocket/notifications HTTP/1.1" 101 -
172.16.3.5 - - [14/Jan/2026:11:53:24 +0100] "GET /rhn/channels/manage/Repositories.do?cid=123 HTTP/1.1" 200 44180
127.0.0.1 - - [14/Jan/2026:11:53:24 +0100] "GET /rhn/websocket/notifications HTTP/1.1" 101 -
172.16.3.5 - - [14/Jan/2026:11:53:24 +0100] "POST /rhn/manager/frontend-log HTTP/1.1" 200 16
172.16.3.5 - - [14/Jan/2026:11:53:24 +0100] "POST /rhn/ajax/item-selector HTTP/1.1" 200 35
172.16.3.5 - - [14/Jan/2026:11:53:25 +0100] "POST /rhn/channels/manage/Repositories.do?cid=123 HTTP/1.1" 302 -
172.16.3.5 - - [14/Jan/2026:11:53:25 +0100] "GET /rhn/channels/manage/Repositories.do?cid=123 HTTP/1.1" 200 44736
127.0.0.1 - - [14/Jan/2026:11:53:25 +0100] "GET /rhn/websocket/notifications HTTP/1.1" 101 -
172.16.3.5 - - [14/Jan/2026:11:53:25 +0100] "POST /rhn/manager/frontend-log HTTP/1.1" 200 16
172.16.3.5 - - [14/Jan/2026:11:53:25 +0100] "GET /rhn/channels/manage/Manage.do HTTP/1.1" 200 46266
172.16.3.5 - - [14/Jan/2026:11:53:25 +0100] "POST /rhn/manager/frontend-log HTTP/1.1" 200 16
127.0.0.1 - - [14/Jan/2026:11:53:25 +0100] "GET /rhn/websocket/notifications HTTP/1.1" 101 -
172.16.3.5 - - [14/Jan/2026:11:53:26 +0100] "GET /rhn/channels/manage/Edit.do?cid=127 HTTP/1.1" 200 53259
127.0.0.1 - - [14/Jan/2026:11:53:26 +0100] "GET /rhn/websocket/notifications HTTP/1.1" 101 -
172.16.3.5 - - [14/Jan/2026:11:53:26 +0100] "POST /rhn/manager/frontend-log HTTP/1.1" 200 16
172.16.3.5 - - [14/Jan/2026:11:53:26 +0100] "POST /rhn/channels/manage/Edit.do HTTP/1.1" 302 -
172.16.3.5 - - [14/Jan/2026:11:53:26 +0100] "GET /rhn/channels/manage/Edit.do?cid=127 HTTP/1.1" 200 53437
172.16.3.5 - - [14/Jan/2026:11:53:26 +0100] "POST /rhn/manager/frontend-log HTTP/1.1" 200 16
127.0.0.1 - - [14/Jan/2026:11:53:26 +0100] "GET /rhn/websocket/notifications HTTP/1.1" 101 -
172.16.3.5 - - [14/Jan/2026:11:53:26 +0100] "POST /rhn/manager/frontend-log HTTP/1.1" 200 16
172.16.3.5 - - [14/Jan/2026:11:53:27 +0100] "GET /rhn/channels/manage/Repositories.do?cid=127 HTTP/1.1" 200 44184
172.16.3.5 - - [14/Jan/2026:11:53:27 +0100] "POST /rhn/manager/frontend-log HTTP/1.1" 200 16
127.0.0.1 - - [14/Jan/2026:11:53:27 +0100] "GET /rhn/websocket/notifications HTTP/1.1" 101 -
172.16.3.5 - - [14/Jan/2026:11:53:27 +0100] "POST /rhn/ajax/item-selector HTTP/1.1" 200 35
172.16.3.5 - - [14/Jan/2026:11:53:28 +0100] "POST /rhn/channels/manage/Repositories.do?cid=127 HTTP/1.1" 302 -
::1 - - [14/Jan/2026:11:53:28 +0100] "GET /rhn/errors/404.jsp HTTP/1.1" 404 4500
172.16.3.5 - - [14/Jan/2026:11:53:28 +0100] "GET /rhn/channels/manage/Repositories.do?cid=127 HTTP/1.1" 200 44744
172.16.3.5 - - [14/Jan/2026:11:53:28 +0100] "POST /rhn/manager/frontend-log HTTP/1.1" 200 16
127.0.0.1 - - [14/Jan/2026:11:53:28 +0100] "GET /rhn/websocket/notifications HTTP/1.1" 101 -
172.16.3.5 - - [14/Jan/2026:11:53:28 +0100] "GET /rhn/channels/manage/Manage.do HTTP/1.1" 200 46266
127.0.0.1 - - [14/Jan/2026:11:53:29 +0100] "GET /rhn/websocket/notifications HTTP/1.1" 101 -
172.16.3.5 - - [14/Jan/2026:11:53:29 +0100] "POST /rhn/manager/frontend-log HTTP/1.1" 200 16
172.16.3.5 - - [14/Jan/2026:11:53:29 +0100] "GET /rhn/channels/manage/Edit.do?cid=129 HTTP/1.1" 200 53215
127.0.0.1 - - [14/Jan/2026:11:53:29 +0100] "GET /rhn/websocket/notifications HTTP/1.1" 101 -
172.16.3.5 - - [14/Jan/2026:11:53:29 +0100] "POST /rhn/manager/frontend-log HTTP/1.1" 200 16
172.16.3.5 - - [14/Jan/2026:11:53:29 +0100] "POST /rhn/channels/manage/Edit.do HTTP/1.1" 302 -
172.16.3.5 - - [14/Jan/2026:11:53:29 +0100] "GET /rhn/channels/manage/Edit.do?cid=129 HTTP/1.1" 200 53393
172.16.3.5 - - [14/Jan/2026:11:53:29 +0100] "POST /rhn/manager/frontend-log HTTP/1.1" 200 16
127.0.0.1 - - [14/Jan/2026:11:53:30 +0100] "GET /rhn/websocket/notifications HTTP/1.1" 101 -
172.16.3.5 - - [14/Jan/2026:11:53:30 +0100] "POST /rhn/manager/frontend-log HTTP/1.1" 200 16
127.0.0.1 - - [14/Jan/2026:11:53:30 +0100] "GET /rhn/websocket/notifications HTTP/1.1" 101 -
172.16.3.5 - - [14/Jan/2026:11:53:30 +0100] "GET /rhn/channels/manage/Repositories.do?cid=129 HTTP/1.1" 200 44184
::1 - - [14/Jan/2026:11:53:30 +0100] "GET /rhn/errors/404.jsp HTTP/1.1" 404 4500
127.0.0.1 - - [14/Jan/2026:11:53:30 +0100] "GET /rhn/websocket/notifications HTTP/1.1" 101 -
172.16.3.5 - - [14/Jan/2026:11:53:30 +0100] "POST /rhn/manager/frontend-log HTTP/1.1" 200 16
172.16.3.5 - - [14/Jan/2026:11:53:30 +0100] "POST /rhn/ajax/item-selector HTTP/1.1" 200 35
172.16.3.5 - - [14/Jan/2026:11:53:31 +0100] "POST /rhn/channels/manage/Repositories.do?cid=129 HTTP/1.1" 302 -
172.16.3.5 - - [14/Jan/2026:11:53:31 +0100] "GET /rhn/channels/manage/Repositories.do?cid=129 HTTP/1.1" 200 44744
172.16.3.5 - - [14/Jan/2026:11:53:31 +0100] "POST /rhn/manager/frontend-log HTTP/1.1" 200 16
127.0.0.1 - - [14/Jan/2026:11:53:31 +0100] "GET /rhn/websocket/notifications HTTP/1.1" 101 -
172.16.3.5 - - [14/Jan/2026:11:53:32 +0100] "GET /rhn/channels/manage/Manage.do HTTP/1.1" 200 46267
172.16.3.5 - - [14/Jan/2026:11:53:32 +0100] "POST /rhn/manager/frontend-log HTTP/1.1" 200 16
127.0.0.1 - - [14/Jan/2026:11:53:32 +0100] "GET /rhn/websocket/notifications HTTP/1.1" 101 -
172.16.3.5 - - [14/Jan/2026:11:53:32 +0100] "GET /rhn/channels/manage/Edit.do?cid=130 HTTP/1.1" 200 53232
127.0.0.1 - - [14/Jan/2026:11:53:32 +0100] "GET /rhn/websocket/notifications HTTP/1.1" 101 -
172.16.3.5 - - [14/Jan/2026:11:53:32 +0100] "POST /rhn/manager/frontend-log HTTP/1.1" 200 16
172.16.3.5 - - [14/Jan/2026:11:53:32 +0100] "POST /rhn/channels/manage/Edit.do HTTP/1.1" 302 -
172.16.3.5 - - [14/Jan/2026:11:53:33 +0100] "GET /rhn/channels/manage/Edit.do?cid=130 HTTP/1.1" 200 53412
172.16.3.5 - - [14/Jan/2026:11:53:33 +0100] "POST /rhn/manager/frontend-log HTTP/1.1" 200 16
127.0.0.1 - - [14/Jan/2026:11:53:33 +0100] "GET /rhn/websocket/notifications HTTP/1.1" 101 -
172.16.3.5 - - [14/Jan/2026:11:53:33 +0100] "POST /rhn/manager/frontend-log HTTP/1.1" 200 16
127.0.0.1 - - [14/Jan/2026:11:53:33 +0100] "GET /rhn/websocket/notifications HTTP/1.1" 101 -
172.16.3.5 - - [14/Jan/2026:11:53:33 +0100] "GET /rhn/channels/manage/Repositories.do?cid=130 HTTP/1.1" 200 44186
172.16.3.5 - - [14/Jan/2026:11:53:33 +0100] "POST /rhn/manager/frontend-log HTTP/1.1" 200 16
127.0.0.1 - - [14/Jan/2026:11:53:33 +0100] "GET /rhn/websocket/notifications HTTP/1.1" 101 -
172.16.3.5 - - [14/Jan/2026:11:53:33 +0100] "POST /rhn/ajax/item-selector HTTP/1.1" 200 35
::1 - - [14/Jan/2026:11:53:34 +0100] "GET /rhn/errors/404.jsp HTTP/1.1" 404 4500
172.16.3.5 - - [14/Jan/2026:11:53:34 +0100] "POST /rhn/channels/manage/Repositories.do?cid=130 HTTP/1.1" 302 -
172.16.3.5 - - [14/Jan/2026:11:53:35 +0100] "GET /rhn/channels/manage/Repositories.do?cid=130 HTTP/1.1" 200 44748
::1 - - [14/Jan/2026:11:53:35 +0100] "GET /rhn/errors/404.jsp HTTP/1.1" 404 4500
127.0.0.1 - - [14/Jan/2026:11:53:35 +0100] "GET /rhn/websocket/notifications HTTP/1.1" 101 -
172.16.3.5 - - [14/Jan/2026:11:53:35 +0100] "POST /rhn/manager/frontend-log HTTP/1.1" 200 16
172.16.3.5 - - [14/Jan/2026:11:53:35 +0100] "GET /rhn/channels/manage/repos/RepoList.do HTTP/1.1" 200 40340
127.0.0.1 - - [14/Jan/2026:11:53:35 +0100] "GET /rhn/websocket/notifications HTTP/1.1" 101 -
172.16.3.5 - - [14/Jan/2026:11:53:35 +0100] "POST /rhn/manager/frontend-log HTTP/1.1" 200 16
172.16.3.5 - - [14/Jan/2026:11:53:35 +0100] "GET /rhn/channels/manage/repos/RepoCreate.do HTTP/1.1" 200 38820
172.16.3.5 - - [14/Jan/2026:11:53:35 +0100] "POST /rhn/manager/frontend-log HTTP/1.1" 200 16
127.0.0.1 - - [14/Jan/2026:11:53:36 +0100] "GET /rhn/websocket/notifications HTTP/1.1" 101 -
172.16.3.5 - - [14/Jan/2026:11:53:46 +0100] "POST /rhn/channels/manage/repos/RepoCreate.do HTTP/1.1" 302 -
172.16.3.5 - - [14/Jan/2026:11:53:46 +0100] "GET /rhn/channels/manage/repos/RepoEdit.do?id=522 HTTP/1.1" 200 39458
172.16.3.5 - - [14/Jan/2026:11:53:46 +0100] "POST /rhn/manager/frontend-log HTTP/1.1" 200 16
127.0.0.1 - - [14/Jan/2026:11:53:46 +0100] "GET /rhn/websocket/notifications HTTP/1.1" 101 -
172.16.3.5 - - [14/Jan/2026:11:53:46 +0100] "POST /rhn/manager/frontend-log HTTP/1.1" 200 16
127.0.0.1 - - [14/Jan/2026:11:53:46 +0100] "GET /rhn/websocket/notifications HTTP/1.1" 101 -
172.16.3.5 - - [14/Jan/2026:11:53:46 +0100] "GET /rhn/channels/manage/Manage.do HTTP/1.1" 200 46268
127.0.0.1 - - [14/Jan/2026:11:53:47 +0100] "GET /rhn/websocket/notifications HTTP/1.1" 101 -
172.16.3.5 - - [14/Jan/2026:11:53:47 +0100] "POST /rhn/manager/frontend-log HTTP/1.1" 200 16
172.16.3.5 - - [14/Jan/2026:11:53:47 +0100] "GET /rhn/channels/manage/Edit.do?cid=125 HTTP/1.1" 200 53225
127.0.0.1 - - [14/Jan/2026:11:53:47 +0100] "GET /rhn/websocket/notifications HTTP/1.1" 101 -
172.16.3.5 - - [14/Jan/2026:11:53:47 +0100] "POST /rhn/manager/frontend-log HTTP/1.1" 200 16
172.16.3.5 - - [14/Jan/2026:11:53:47 +0100] "POST /rhn/channels/manage/Edit.do HTTP/1.1" 302 -
172.16.3.5 - - [14/Jan/2026:11:53:47 +0100] "GET /rhn/channels/manage/Edit.do?cid=125 HTTP/1.1" 200 53401
172.16.3.5 - - [14/Jan/2026:11:53:47 +0100] "POST /rhn/manager/frontend-log HTTP/1.1" 200 16
127.0.0.1 - - [14/Jan/2026:11:53:47 +0100] "GET /rhn/websocket/notifications HTTP/1.1" 101 -
172.16.3.5 - - [14/Jan/2026:11:53:48 +0100] "POST /rhn/manager/frontend-log HTTP/1.1" 200 16
127.0.0.1 - - [14/Jan/2026:11:53:48 +0100] "GET /rhn/websocket/notifications HTTP/1.1" 101 -
172.16.3.5 - - [14/Jan/2026:11:53:48 +0100] "GET /rhn/channels/manage/Repositories.do?cid=125 HTTP/1.1" 200 44852
127.0.0.1 - - [14/Jan/2026:11:53:48 +0100] "GET /rhn/websocket/notifications HTTP/1.1" 101 -
172.16.3.5 - - [14/Jan/2026:11:53:48 +0100] "POST /rhn/manager/frontend-log HTTP/1.1" 200 16
172.16.3.5 - - [14/Jan/2026:11:53:48 +0100] "POST /rhn/ajax/item-selector HTTP/1.1" 200 35
172.16.3.5 - - [14/Jan/2026:11:53:48 +0100] "POST /rhn/channels/manage/Repositories.do?cid=125 HTTP/1.1" 302 -
172.16.3.5 - - [14/Jan/2026:11:53:49 +0100] "GET /rhn/channels/manage/Repositories.do?cid=125 HTTP/1.1" 200 45410
127.0.0.1 - - [14/Jan/2026:11:53:49 +0100] "GET /rhn/websocket/notifications HTTP/1.1" 101 -
172.16.3.5 - - [14/Jan/2026:11:53:49 +0100] "POST /rhn/manager/frontend-log HTTP/1.1" 200 16
172.16.3.5 - - [14/Jan/2026:11:53:49 +0100] "GET /rhn/channels/manage/Manage.do HTTP/1.1" 200 46268
172.16.3.5 - - [14/Jan/2026:11:53:49 +0100] "POST /rhn/manager/frontend-log HTTP/1.1" 200 16
127.0.0.1 - - [14/Jan/2026:11:53:49 +0100] "GET /rhn/websocket/notifications HTTP/1.1" 101 -
172.16.3.5 - - [14/Jan/2026:11:53:49 +0100] "GET /rhn/channels/manage/Edit.do?cid=122 HTTP/1.1" 200 53249
127.0.0.1 - - [14/Jan/2026:11:53:50 +0100] "GET /rhn/websocket/notifications HTTP/1.1" 101 -
172.16.3.5 - - [14/Jan/2026:11:53:50 +0100] "POST /rhn/manager/frontend-log HTTP/1.1" 200 16
172.16.3.5 - - [14/Jan/2026:11:53:50 +0100] "GET /rhn/channels/manage/Repositories.do?cid=122 HTTP/1.1" 200 44857
127.0.0.1 - - [14/Jan/2026:11:53:50 +0100] "GET /rhn/websocket/notifications HTTP/1.1" 101 -
172.16.3.5 - - [14/Jan/2026:11:53:50 +0100] "POST /rhn/manager/frontend-log HTTP/1.1" 200 16
172.16.3.5 - - [14/Jan/2026:11:53:50 +0100] "POST /rhn/ajax/item-selector HTTP/1.1" 200 35
