172.16.3.5 - - [10/Jan/2026:16:14:50 +0100] "GET /rhn/manager/api/auth/logout HTTP/1.1" 200 16
172.16.3.5 - - [10/Jan/2026:16:15:00 +0100] "POST /rhn/manager/api/auth/login HTTP/1.1" 200 16
172.16.3.5 - - [10/Jan/2026:16:15:01 +0100] "GET /rhn/manager/api/channel/software/getDetails?channelLabel=sle-module-devtools15-sp7-updates-x86_64 HTTP/1.1" 200 1194
172.16.3.5 - - [10/Jan/2026:16:15:01 +0100] "GET /rhn/manager/api/auth/logout HTTP/1.1" 200 16
172.16.3.5 - - [10/Jan/2026:16:15:01 +0100] "POST /rhn/manager/api/auth/login HTTP/1.1" 200 16
172.16.3.5 - - [10/Jan/2026:16:15:02 +0100] "GET /rhn/manager/api/channel/software/getDetails?channelLabel=sle-module-devtools15-sp7-pool-x86_64 HTTP/1.1" 200 1142
172.16.3.5 - - [10/Jan/2026:16:15:02 +0100] "GET /rhn/manager/api/auth/logout HTTP/1.1" 200 16
172.16.3.5 - - [10/Jan/2026:16:15:13 +0100] "POST /rhn/manager/api/auth/login HTTP/1.1" 200 16
172.16.3.5 - - [10/Jan/2026:16:15:13 +0100] "GET /rhn/manager/api/channel/software/getDetails?channelLabel=sle-module-devtools15-sp7-updates-x86_64 HTTP/1.1" 200 1194
172.16.3.5 - - [10/Jan/2026:16:15:13 +0100] "GET /rhn/manager/api/auth/logout HTTP/1.1" 200 16
172.16.3.5 - - [10/Jan/2026:16:15:13 +0100] "POST /rhn/manager/api/auth/login HTTP/1.1" 200 16
172.16.3.5 - - [10/Jan/2026:16:15:14 +0100] "GET /rhn/manager/api/channel/software/getDetails?channelLabel=sle-module-devtools15-sp7-pool-x86_64 HTTP/1.1" 200 1142
172.16.3.5 - - [10/Jan/2026:16:15:14 +0100] "GET /rhn/manager/api/auth/logout HTTP/1.1" 200 16
::1 - - [10/Jan/2026:16:15:20 +0100] "GET /rhn/manager/login HTTP/1.1" 302 -
172.16.3.5 - - [10/Jan/2026:16:15:24 +0100] "POST /rhn/manager/api/auth/login HTTP/1.1" 200 16
172.16.3.5 - - [10/Jan/2026:16:15:25 +0100] "GET /rhn/manager/api/channel/software/getDetails?channelLabel=sle-module-devtools15-sp7-updates-x86_64 HTTP/1.1" 200 1194
172.16.3.5 - - [10/Jan/2026:16:15:25 +0100] "GET /rhn/manager/api/auth/logout HTTP/1.1" 200 16
172.16.3.5 - - [10/Jan/2026:16:15:25 +0100] "POST /rhn/manager/api/auth/login HTTP/1.1" 200 16
172.16.3.5 - - [10/Jan/2026:16:15:26 +0100] "GET /rhn/manager/api/channel/software/getDetails?channelLabel=sle-module-devtools15-sp7-pool-x86_64 HTTP/1.1" 200 1142
172.16.3.5 - - [10/Jan/2026:16:15:26 +0100] "GET /rhn/manager/api/auth/logout HTTP/1.1" 200 16
172.16.3.5 - - [10/Jan/2026:16:15:36 +0100] "POST /rhn/manager/api/auth/login HTTP/1.1" 200 16
172.16.3.5 - - [10/Jan/2026:16:15:37 +0100] "GET /rhn/manager/api/channel/software/getDetails?channelLabel=sle-module-devtools15-sp7-updates-x86_64 HTTP/1.1" 200 1194
172.16.3.5 - - [10/Jan/2026:16:15:37 +0100] "GET /rhn/manager/api/auth/logout HTTP/1.1" 200 16
172.16.3.5 - - [10/Jan/2026:16:15:37 +0100] "POST /rhn/manager/api/auth/login HTTP/1.1" 200 16
172.16.3.5 - - [10/Jan/2026:16:15:38 +0100] "GET /rhn/manager/api/channel/software/getDetails?channelLabel=sle-module-devtools15-sp7-pool-x86_64 HTTP/1.1" 200 1142
172.16.3.5 - - [10/Jan/2026:16:15:38 +0100] "GET /rhn/manager/api/auth/logout HTTP/1.1" 200 16
172.16.3.5 - - [10/Jan/2026:16:15:48 +0100] "POST /rhn/manager/api/auth/login HTTP/1.1" 200 16
172.16.3.5 - - [10/Jan/2026:16:15:48 +0100] "GET /rhn/manager/api/channel/software/getDetails?channelLabel=sle-module-devtools15-sp7-updates-x86_64 HTTP/1.1" 200 1194
172.16.3.5 - - [10/Jan/2026:16:15:49 +0100] "GET /rhn/manager/api/auth/logout HTTP/1.1" 200 16
172.16.3.5 - - [10/Jan/2026:16:15:49 +0100] "POST /rhn/manager/api/auth/login HTTP/1.1" 200 16
172.16.3.5 - - [10/Jan/2026:16:15:49 +0100] "GET /rhn/manager/api/channel/software/getDetails?channelLabel=sle-module-devtools15-sp7-pool-x86_64 HTTP/1.1" 200 1142
172.16.3.5 - - [10/Jan/2026:16:15:49 +0100] "GET /rhn/manager/api/auth/logout HTTP/1.1" 200 16
172.16.3.5 - - [10/Jan/2026:16:15:59 +0100] "POST /rhn/manager/api/auth/login HTTP/1.1" 200 16
172.16.3.5 - - [10/Jan/2026:16:16:00 +0100] "GET /rhn/manager/api/channel/software/getDetails?channelLabel=sle-module-devtools15-sp7-updates-x86_64 HTTP/1.1" 200 1194
172.16.3.5 - - [10/Jan/2026:16:16:00 +0100] "GET /rhn/manager/api/auth/logout HTTP/1.1" 200 16
172.16.3.5 - - [10/Jan/2026:16:16:00 +0100] "POST /rhn/manager/api/auth/login HTTP/1.1" 200 16
172.16.3.5 - - [10/Jan/2026:16:16:01 +0100] "GET /rhn/manager/api/channel/software/getDetails?channelLabel=sle-module-devtools15-sp7-pool-x86_64 HTTP/1.1" 200 1142
172.16.3.5 - - [10/Jan/2026:16:16:01 +0100] "GET /rhn/manager/api/auth/logout HTTP/1.1" 200 16
172.16.3.5 - - [10/Jan/2026:16:16:11 +0100] "POST /rhn/manager/api/auth/login HTTP/1.1" 200 16
172.16.3.5 - - [10/Jan/2026:16:16:11 +0100] "GET /rhn/manager/api/channel/software/getDetails?channelLabel=sle-module-devtools15-sp7-updates-x86_64 HTTP/1.1" 200 1194
172.16.3.5 - - [10/Jan/2026:16:16:12 +0100] "GET /rhn/manager/api/auth/logout HTTP/1.1" 200 16
172.16.3.5 - - [10/Jan/2026:16:16:12 +0100] "POST /rhn/manager/api/auth/login HTTP/1.1" 200 16
172.16.3.5 - - [10/Jan/2026:16:16:12 +0100] "GET /rhn/manager/api/channel/software/getDetails?channelLabel=sle-module-devtools15-sp7-pool-x86_64 HTTP/1.1" 200 1142
172.16.3.5 - - [10/Jan/2026:16:16:12 +0100] "GET /rhn/manager/api/auth/logout HTTP/1.1" 200 16
172.16.3.5 - - [10/Jan/2026:16:16:23 +0100] "POST /rhn/manager/api/auth/login HTTP/1.1" 200 16
172.16.3.5 - - [10/Jan/2026:16:16:23 +0100] "GET /rhn/manager/api/channel/software/getDetails?channelLabel=sle-module-devtools15-sp7-updates-x86_64 HTTP/1.1" 200 1194
172.16.3.5 - - [10/Jan/2026:16:16:23 +0100] "GET /rhn/manager/api/auth/logout HTTP/1.1" 200 16
172.16.3.5 - - [10/Jan/2026:16:16:23 +0100] "POST /rhn/manager/api/auth/login HTTP/1.1" 200 16
172.16.3.5 - - [10/Jan/2026:16:16:23 +0100] "GET /rhn/manager/api/channel/software/getDetails?channelLabel=sle-module-devtools15-sp7-pool-x86_64 HTTP/1.1" 200 1142
172.16.3.5 - - [10/Jan/2026:16:16:23 +0100] "GET /rhn/manager/api/auth/logout HTTP/1.1" 200 16
::1 - - [10/Jan/2026:16:16:23 +0100] "GET /rhn/manager/login HTTP/1.1" 302 -
172.16.3.5 - - [10/Jan/2026:16:16:33 +0100] "POST /rhn/manager/api/auth/login HTTP/1.1" 200 16
172.16.3.5 - - [10/Jan/2026:16:16:33 +0100] "GET /rhn/manager/api/channel/software/getDetails?channelLabel=sle-module-devtools15-sp7-pool-x86_64 HTTP/1.1" 200 1142
172.16.3.5 - - [10/Jan/2026:16:16:34 +0100] "GET /rhn/manager/api/auth/logout HTTP/1.1" 200 16
172.16.3.5 - - [10/Jan/2026:16:16:44 +0100] "POST /rhn/manager/api/auth/login HTTP/1.1" 200 16
172.16.3.5 - - [10/Jan/2026:16:16:44 +0100] "GET /rhn/manager/api/channel/software/getDetails?channelLabel=sle-module-devtools15-sp7-pool-x86_64 HTTP/1.1" 200 1187
172.16.3.5 - - [10/Jan/2026:16:16:44 +0100] "GET /rhn/manager/api/auth/logout HTTP/1.1" 200 16
172.16.3.5 - - [10/Jan/2026:16:16:54 +0100] "POST /rhn/manager/api/auth/login HTTP/1.1" 200 16
172.16.3.5 - - [10/Jan/2026:16:16:54 +0100] "GET /rhn/manager/api/channel/software/getDetails?channelLabel=sle-module-devtools15-sp7-pool-x86_64 HTTP/1.1" 200 1187
172.16.3.5 - - [10/Jan/2026:16:16:54 +0100] "GET /rhn/manager/api/auth/logout HTTP/1.1" 200 16
172.16.3.5 - - [10/Jan/2026:16:17:04 +0100] "POST /rhn/manager/api/auth/login HTTP/1.1" 200 16
172.16.3.5 - - [10/Jan/2026:16:17:04 +0100] "GET /rhn/manager/api/channel/software/getDetails?channelLabel=sle-module-devtools15-sp7-pool-x86_64 HTTP/1.1" 200 1187
172.16.3.5 - - [10/Jan/2026:16:17:05 +0100] "GET /rhn/manager/api/auth/logout HTTP/1.1" 200 16
172.16.3.5 - - [10/Jan/2026:16:17:15 +0100] "POST /rhn/manager/api/auth/login HTTP/1.1" 200 16
172.16.3.5 - - [10/Jan/2026:16:17:15 +0100] "GET /rhn/manager/api/channel/software/getDetails?channelLabel=sle-module-devtools15-sp7-pool-x86_64 HTTP/1.1" 200 1187
172.16.3.5 - - [10/Jan/2026:16:17:15 +0100] "GET /rhn/manager/api/auth/logout HTTP/1.1" 200 16
172.16.3.5 - - [10/Jan/2026:16:17:25 +0100] "POST /rhn/manager/api/auth/login HTTP/1.1" 200 16
172.16.3.5 - - [10/Jan/2026:16:17:25 +0100] "GET /rhn/manager/api/channel/software/getDetails?channelLabel=sle-module-devtools15-sp7-pool-x86_64 HTTP/1.1" 200 1187
172.16.3.5 - - [10/Jan/2026:16:17:25 +0100] "GET /rhn/manager/api/auth/logout HTTP/1.1" 200 16
::1 - - [10/Jan/2026:16:17:26 +0100] "GET /rhn/manager/login HTTP/1.1" 302 -
172.16.3.5 - - [10/Jan/2026:16:17:35 +0100] "POST /rhn/manager/api/auth/login HTTP/1.1" 200 16
172.16.3.5 - - [10/Jan/2026:16:17:36 +0100] "GET /rhn/manager/api/channel/software/getDetails?channelLabel=sle-module-devtools15-sp7-pool-x86_64 HTTP/1.1" 200 1187
172.16.3.5 - - [10/Jan/2026:16:17:36 +0100] "GET /rhn/manager/api/auth/logout HTTP/1.1" 200 16
172.16.3.5 - - [10/Jan/2026:16:17:36 +0100] "GET /rhn/manager/login HTTP/1.1" 302 -
172.16.3.5 - - [10/Jan/2026:16:17:36 +0100] "GET /rhn/YourRhn.do HTTP/1.1" 200 36120
172.16.3.5 - - [10/Jan/2026:16:17:37 +0100] "POST /rhn/manager/frontend-log HTTP/1.1" 401 749
172.16.3.5 - - [10/Jan/2026:16:17:37 +0100] "POST /rhn/ajax/subscription-warning HTTP/1.1" 200 -
172.16.3.5 - - [10/Jan/2026:16:17:37 +0100] "POST /rhn/ajax/tasks HTTP/1.1" 200 2232
172.16.3.5 - - [10/Jan/2026:16:17:37 +0100] "POST /rhn/ajax/inactive-systems HTTP/1.1" 200 540
127.0.0.1 - - [10/Jan/2026:16:17:37 +0100] "GET /rhn/websocket/notifications HTTP/1.1" 101 -
172.16.3.5 - - [10/Jan/2026:16:17:37 +0100] "POST /rhn/ajax/critical-systems HTTP/1.1" 200 2026
172.16.3.5 - - [10/Jan/2026:16:17:37 +0100] "POST /rhn/ajax/systems-groups HTTP/1.1" 200 1491
172.16.3.5 - - [10/Jan/2026:16:17:38 +0100] "POST /rhn/ajax/pending-actions HTTP/1.1" 200 636
127.0.0.1 - - [10/Jan/2026:16:17:38 +0100] "GET /rhn/websocket/notifications HTTP/1.1" 101 -
172.16.3.5 - - [10/Jan/2026:16:17:38 +0100] "POST /rhn/manager/frontend-log HTTP/1.1" 200 16
172.16.3.5 - - [10/Jan/2026:16:17:38 +0100] "POST /rhn/ajax/latest-errata HTTP/1.1" 200 539
172.16.3.5 - - [10/Jan/2026:16:17:38 +0100] "POST /rhn/ajax/recent-systems HTTP/1.1" 200 2059
172.16.3.5 - - [10/Jan/2026:16:17:38 +0100] "GET /rhn/manager/admin/setup/products HTTP/1.1" 200 34325
172.16.3.5 - - [10/Jan/2026:16:17:38 +0100] "POST /rhn/manager/frontend-log HTTP/1.1" 200 16
127.0.0.1 - - [10/Jan/2026:16:17:38 +0100] "GET /rhn/websocket/notifications HTTP/1.1" 101 -
172.16.3.5 - - [10/Jan/2026:16:17:39 +0100] "GET /rhn/manager/api/admin/products/metadata HTTP/1.1" 200 124
172.16.3.5 - - [10/Jan/2026:16:17:39 +0100] "GET /rhn/manager/api/admin/products HTTP/1.1" 200 31834
172.16.3.5 - - [10/Jan/2026:16:18:21 +0100] "GET /rhn/manager/login HTTP/1.1" 302 -
172.16.3.5 - - [10/Jan/2026:16:18:21 +0100] "GET /rhn/YourRhn.do HTTP/1.1" 200 36120
172.16.3.5 - - [10/Jan/2026:16:18:21 +0100] "POST /rhn/manager/frontend-log HTTP/1.1" 200 16
172.16.3.5 - - [10/Jan/2026:16:18:21 +0100] "POST /rhn/ajax/subscription-warning HTTP/1.1" 200 -
172.16.3.5 - - [10/Jan/2026:16:18:21 +0100] "POST /rhn/ajax/inactive-systems HTTP/1.1" 200 540
127.0.0.1 - - [10/Jan/2026:16:18:21 +0100] "GET /rhn/websocket/notifications HTTP/1.1" 101 -
172.16.3.5 - - [10/Jan/2026:16:18:21 +0100] "POST /rhn/ajax/pending-actions HTTP/1.1" 200 636
172.16.3.5 - - [10/Jan/2026:16:18:21 +0100] "POST /rhn/ajax/critical-systems HTTP/1.1" 200 2026
172.16.3.5 - - [10/Jan/2026:16:18:21 +0100] "POST /rhn/ajax/latest-errata HTTP/1.1" 200 539
172.16.3.5 - - [10/Jan/2026:16:18:22 +0100] "POST /rhn/ajax/tasks HTTP/1.1" 200 2232
172.16.3.5 - - [10/Jan/2026:16:18:22 +0100] "POST /rhn/ajax/systems-groups HTTP/1.1" 200 1491
172.16.3.5 - - [10/Jan/2026:16:18:22 +0100] "POST /rhn/manager/frontend-log HTTP/1.1" 200 16
172.16.3.5 - - [10/Jan/2026:16:18:22 +0100] "POST /rhn/ajax/recent-systems HTTP/1.1" 200 2059
172.16.3.5 - - [10/Jan/2026:16:18:22 +0100] "GET /rhn/channels/manage/Manage.do HTTP/1.1" 200 40816
172.16.3.5 - - [10/Jan/2026:16:18:22 +0100] "POST /rhn/manager/frontend-log HTTP/1.1" 200 16
127.0.0.1 - - [10/Jan/2026:16:18:22 +0100] "GET /rhn/websocket/notifications HTTP/1.1" 101 -
172.16.3.5 - - [10/Jan/2026:16:18:22 +0100] "GET /rhn/channels/manage/Edit.do HTTP/1.1" 200 51653
127.0.0.1 - - [10/Jan/2026:16:18:22 +0100] "GET /rhn/websocket/notifications HTTP/1.1" 101 -
172.16.3.5 - - [10/Jan/2026:16:18:22 +0100] "POST /rhn/manager/frontend-log HTTP/1.1" 200 16
172.16.3.5 - - [10/Jan/2026:16:18:23 +0100] "POST /rhn/channels/manage/Edit.do HTTP/1.1" 302 -
172.16.3.5 - - [10/Jan/2026:16:18:23 +0100] "GET /rhn/channels/manage/Edit.do?cid=121 HTTP/1.1" 200 52207
127.0.0.1 - - [10/Jan/2026:16:18:23 +0100] "GET /rhn/websocket/notifications HTTP/1.1" 101 -
172.16.3.5 - - [10/Jan/2026:16:18:23 +0100] "POST /rhn/manager/frontend-log HTTP/1.1" 200 16
172.16.3.5 - - [10/Jan/2026:16:18:23 +0100] "POST /rhn/manager/frontend-log HTTP/1.1" 200 16
127.0.0.1 - - [10/Jan/2026:16:18:24 +0100] "GET /rhn/websocket/notifications HTTP/1.1" 101 -
172.16.3.5 - - [10/Jan/2026:16:18:24 +0100] "GET /rhn/channels/manage/Manage.do HTTP/1.1" 200 41300
127.0.0.1 - - [10/Jan/2026:16:18:24 +0100] "GET /rhn/websocket/notifications HTTP/1.1" 101 -
172.16.3.5 - - [10/Jan/2026:16:18:24 +0100] "POST /rhn/manager/frontend-log HTTP/1.1" 200 16
172.16.3.5 - - [10/Jan/2026:16:18:24 +0100] "GET /rhn/channels/manage/Edit.do HTTP/1.1" 200 51876
172.16.3.5 - - [10/Jan/2026:16:18:24 +0100] "POST /rhn/manager/frontend-log HTTP/1.1" 200 16
127.0.0.1 - - [10/Jan/2026:16:18:24 +0100] "GET /rhn/websocket/notifications HTTP/1.1" 101 -
172.16.3.5 - - [10/Jan/2026:16:18:25 +0100] "POST /rhn/channels/manage/Edit.do HTTP/1.1" 302 -
172.16.3.5 - - [10/Jan/2026:16:18:25 +0100] "GET /rhn/channels/manage/Edit.do?cid=122 HTTP/1.1" 200 52247
172.16.3.5 - - [10/Jan/2026:16:18:25 +0100] "POST /rhn/manager/frontend-log HTTP/1.1" 200 16
127.0.0.1 - - [10/Jan/2026:16:18:25 +0100] "GET /rhn/websocket/notifications HTTP/1.1" 101 -
172.16.3.5 - - [10/Jan/2026:16:18:25 +0100] "POST /rhn/manager/frontend-log HTTP/1.1" 200 16
127.0.0.1 - - [10/Jan/2026:16:18:25 +0100] "GET /rhn/websocket/notifications HTTP/1.1" 101 -
172.16.3.5 - - [10/Jan/2026:16:18:25 +0100] "GET /rhn/channels/manage/Manage.do HTTP/1.1" 200 41942
127.0.0.1 - - [10/Jan/2026:16:18:26 +0100] "GET /rhn/websocket/notifications HTTP/1.1" 101 -
172.16.3.5 - - [10/Jan/2026:16:18:26 +0100] "POST /rhn/manager/frontend-log HTTP/1.1" 200 16
172.16.3.5 - - [10/Jan/2026:16:18:26 +0100] "GET /rhn/channels/manage/Edit.do HTTP/1.1" 200 51876
127.0.0.1 - - [10/Jan/2026:16:18:26 +0100] "GET /rhn/websocket/notifications HTTP/1.1" 101 -
172.16.3.5 - - [10/Jan/2026:16:18:26 +0100] "POST /rhn/manager/frontend-log HTTP/1.1" 200 16
172.16.3.5 - - [10/Jan/2026:16:18:26 +0100] "POST /rhn/channels/manage/Edit.do HTTP/1.1" 302 -
172.16.3.5 - - [10/Jan/2026:16:18:27 +0100] "GET /rhn/channels/manage/Edit.do?cid=123 HTTP/1.1" 200 52228
172.16.3.5 - - [10/Jan/2026:16:18:27 +0100] "POST /rhn/manager/frontend-log HTTP/1.1" 200 16
127.0.0.1 - - [10/Jan/2026:16:18:27 +0100] "GET /rhn/websocket/notifications HTTP/1.1" 101 -
172.16.3.5 - - [10/Jan/2026:16:18:27 +0100] "POST /rhn/manager/frontend-log HTTP/1.1" 200 16
127.0.0.1 - - [10/Jan/2026:16:18:27 +0100] "GET /rhn/websocket/notifications HTTP/1.1" 101 -
172.16.3.5 - - [10/Jan/2026:16:18:27 +0100] "GET /rhn/channels/manage/Manage.do HTTP/1.1" 200 42576
172.16.3.5 - - [10/Jan/2026:16:18:27 +0100] "POST /rhn/manager/frontend-log HTTP/1.1" 200 16
127.0.0.1 - - [10/Jan/2026:16:18:27 +0100] "GET /rhn/websocket/notifications HTTP/1.1" 101 -
172.16.3.5 - - [10/Jan/2026:16:18:27 +0100] "GET /rhn/channels/manage/Edit.do HTTP/1.1" 200 51876
127.0.0.1 - - [10/Jan/2026:16:18:28 +0100] "GET /rhn/websocket/notifications HTTP/1.1" 101 -
172.16.3.5 - - [10/Jan/2026:16:18:28 +0100] "POST /rhn/manager/frontend-log HTTP/1.1" 200 16
172.16.3.5 - - [10/Jan/2026:16:18:28 +0100] "POST /rhn/channels/manage/Edit.do HTTP/1.1" 302 -
172.16.3.5 - - [10/Jan/2026:16:18:28 +0100] "GET /rhn/channels/manage/Edit.do?cid=124 HTTP/1.1" 200 52475
172.16.3.5 - - [10/Jan/2026:16:18:29 +0100] "POST /rhn/manager/frontend-log HTTP/1.1" 200 16
127.0.0.1 - - [10/Jan/2026:16:18:29 +0100] "GET /rhn/websocket/notifications HTTP/1.1" 101 -
172.16.3.5 - - [10/Jan/2026:16:18:29 +0100] "POST /rhn/manager/frontend-log HTTP/1.1" 200 16
127.0.0.1 - - [10/Jan/2026:16:18:29 +0100] "GET /rhn/websocket/notifications HTTP/1.1" 101 -
172.16.3.5 - - [10/Jan/2026:16:18:29 +0100] "GET /rhn/channels/manage/Manage.do HTTP/1.1" 200 43058
127.0.0.1 - - [10/Jan/2026:16:18:29 +0100] "GET /rhn/websocket/notifications HTTP/1.1" 101 -
172.16.3.5 - - [10/Jan/2026:16:18:29 +0100] "POST /rhn/manager/frontend-log HTTP/1.1" 200 16
172.16.3.5 - - [10/Jan/2026:16:18:29 +0100] "GET /rhn/channels/manage/Edit.do HTTP/1.1" 200 52208
127.0.0.1 - - [10/Jan/2026:16:18:29 +0100] "GET /rhn/websocket/notifications HTTP/1.1" 101 -
172.16.3.5 - - [10/Jan/2026:16:18:29 +0100] "POST /rhn/manager/frontend-log HTTP/1.1" 200 16
::1 - - [10/Jan/2026:16:18:30 +0100] "GET /rhn/manager/login HTTP/1.1" 302 -
172.16.3.5 - - [10/Jan/2026:16:18:30 +0100] "POST /rhn/channels/manage/Edit.do HTTP/1.1" 302 -
172.16.3.5 - - [10/Jan/2026:16:18:30 +0100] "GET /rhn/channels/manage/Edit.do?cid=125 HTTP/1.1" 200 52497
172.16.3.5 - - [10/Jan/2026:16:18:30 +0100] "POST /rhn/manager/frontend-log HTTP/1.1" 200 16
127.0.0.1 - - [10/Jan/2026:16:18:30 +0100] "GET /rhn/websocket/notifications HTTP/1.1" 101 -
172.16.3.5 - - [10/Jan/2026:16:18:30 +0100] "POST /rhn/manager/frontend-log HTTP/1.1" 200 16
127.0.0.1 - - [10/Jan/2026:16:18:30 +0100] "GET /rhn/websocket/notifications HTTP/1.1" 101 -
172.16.3.5 - - [10/Jan/2026:16:18:31 +0100] "GET /rhn/channels/manage/Manage.do HTTP/1.1" 200 43694
127.0.0.1 - - [10/Jan/2026:16:18:31 +0100] "GET /rhn/websocket/notifications HTTP/1.1" 101 -
172.16.3.5 - - [10/Jan/2026:16:18:31 +0100] "POST /rhn/manager/frontend-log HTTP/1.1" 200 16
172.16.3.5 - - [10/Jan/2026:16:18:31 +0100] "GET /rhn/channels/manage/Edit.do HTTP/1.1" 200 52208
127.0.0.1 - - [10/Jan/2026:16:18:31 +0100] "GET /rhn/websocket/notifications HTTP/1.1" 101 -
172.16.3.5 - - [10/Jan/2026:16:18:31 +0100] "POST /rhn/manager/frontend-log HTTP/1.1" 200 16
172.16.3.5 - - [10/Jan/2026:16:18:32 +0100] "POST /rhn/channels/manage/Edit.do HTTP/1.1" 302 -
172.16.3.5 - - [10/Jan/2026:16:18:32 +0100] "GET /rhn/channels/manage/Edit.do?cid=126 HTTP/1.1" 200 52656
172.16.3.5 - - [10/Jan/2026:16:18:32 +0100] "POST /rhn/manager/frontend-log HTTP/1.1" 200 16
127.0.0.1 - - [10/Jan/2026:16:18:32 +0100] "GET /rhn/websocket/notifications HTTP/1.1" 101 -
172.16.3.5 - - [10/Jan/2026:16:18:32 +0100] "POST /rhn/manager/frontend-log HTTP/1.1" 200 16
127.0.0.1 - - [10/Jan/2026:16:18:32 +0100] "GET /rhn/websocket/notifications HTTP/1.1" 101 -
172.16.3.5 - - [10/Jan/2026:16:18:32 +0100] "GET /rhn/channels/manage/Manage.do HTTP/1.1" 200 44176
172.16.3.5 - - [10/Jan/2026:16:18:32 +0100] "POST /rhn/manager/frontend-log HTTP/1.1" 200 16
127.0.0.1 - - [10/Jan/2026:16:18:32 +0100] "GET /rhn/websocket/notifications HTTP/1.1" 101 -
172.16.3.5 - - [10/Jan/2026:16:18:32 +0100] "GET /rhn/channels/manage/Edit.do HTTP/1.1" 200 52428
127.0.0.1 - - [10/Jan/2026:16:18:33 +0100] "GET /rhn/websocket/notifications HTTP/1.1" 101 -
172.16.3.5 - - [10/Jan/2026:16:18:33 +0100] "POST /rhn/manager/frontend-log HTTP/1.1" 200 16
172.16.3.5 - - [10/Jan/2026:16:18:33 +0100] "POST /rhn/channels/manage/Edit.do HTTP/1.1" 302 -
172.16.3.5 - - [10/Jan/2026:16:18:33 +0100] "GET /rhn/channels/manage/Edit.do?cid=127 HTTP/1.1" 200 52698
172.16.3.5 - - [10/Jan/2026:16:18:34 +0100] "POST /rhn/manager/frontend-log HTTP/1.1" 200 16
127.0.0.1 - - [10/Jan/2026:16:18:34 +0100] "GET /rhn/websocket/notifications HTTP/1.1" 101 -
172.16.3.5 - - [10/Jan/2026:16:18:34 +0100] "POST /rhn/manager/frontend-log HTTP/1.1" 200 16
127.0.0.1 - - [10/Jan/2026:16:18:34 +0100] "GET /rhn/websocket/notifications HTTP/1.1" 101 -
172.16.3.5 - - [10/Jan/2026:16:18:34 +0100] "GET /rhn/channels/manage/Manage.do HTTP/1.1" 200 44814
172.16.3.5 - - [10/Jan/2026:16:18:34 +0100] "POST /rhn/manager/frontend-log HTTP/1.1" 200 16
127.0.0.1 - - [10/Jan/2026:16:18:34 +0100] "GET /rhn/websocket/notifications HTTP/1.1" 101 -
172.16.3.5 - - [10/Jan/2026:16:18:34 +0100] "GET /rhn/channels/manage/Edit.do HTTP/1.1" 200 52428
127.0.0.1 - - [10/Jan/2026:16:18:34 +0100] "GET /rhn/websocket/notifications HTTP/1.1" 101 -
172.16.3.5 - - [10/Jan/2026:16:18:34 +0100] "POST /rhn/manager/frontend-log HTTP/1.1" 200 16
172.16.3.5 - - [10/Jan/2026:16:18:45 +0100] "POST /rhn/channels/manage/Edit.do HTTP/1.1" 302 -
172.16.3.5 - - [10/Jan/2026:16:18:45 +0100] "GET /rhn/channels/manage/Edit.do?cid=128 HTTP/1.1" 200 52976
172.16.3.5 - - [10/Jan/2026:16:18:45 +0100] "POST /rhn/manager/frontend-log HTTP/1.1" 200 16
127.0.0.1 - - [10/Jan/2026:16:18:45 +0100] "GET /rhn/websocket/notifications HTTP/1.1" 101 -
172.16.3.5 - - [10/Jan/2026:16:18:45 +0100] "POST /rhn/manager/frontend-log HTTP/1.1" 200 16
127.0.0.1 - - [10/Jan/2026:16:18:46 +0100] "GET /rhn/websocket/notifications HTTP/1.1" 101 -
172.16.3.5 - - [10/Jan/2026:16:18:46 +0100] "GET /rhn/channels/manage/Manage.do HTTP/1.1" 200 45301
172.16.3.5 - - [10/Jan/2026:16:18:46 +0100] "POST /rhn/manager/frontend-log HTTP/1.1" 200 16
127.0.0.1 - - [10/Jan/2026:16:18:46 +0100] "GET /rhn/websocket/notifications HTTP/1.1" 101 -
172.16.3.5 - - [10/Jan/2026:16:18:46 +0100] "GET /rhn/channels/manage/Edit.do HTTP/1.1" 200 52840
127.0.0.1 - - [10/Jan/2026:16:18:46 +0100] "GET /rhn/websocket/notifications HTTP/1.1" 101 -
172.16.3.5 - - [10/Jan/2026:16:18:46 +0100] "POST /rhn/manager/frontend-log HTTP/1.1" 200 16
172.16.3.5 - - [10/Jan/2026:16:18:47 +0100] "POST /rhn/channels/manage/Edit.do HTTP/1.1" 302 -
172.16.3.5 - - [10/Jan/2026:16:18:47 +0100] "GET /rhn/channels/manage/Edit.do?cid=129 HTTP/1.1" 200 53171
172.16.3.5 - - [10/Jan/2026:16:18:47 +0100] "POST /rhn/manager/frontend-log HTTP/1.1" 200 16
127.0.0.1 - - [10/Jan/2026:16:18:47 +0100] "GET /rhn/websocket/notifications HTTP/1.1" 101 -
172.16.3.5 - - [10/Jan/2026:16:18:47 +0100] "POST /rhn/manager/frontend-log HTTP/1.1" 200 16
127.0.0.1 - - [10/Jan/2026:16:18:47 +0100] "GET /rhn/websocket/notifications HTTP/1.1" 101 -
172.16.3.5 - - [10/Jan/2026:16:18:47 +0100] "GET /rhn/channels/manage/Manage.do HTTP/1.1" 200 45783
172.16.3.5 - - [10/Jan/2026:16:18:47 +0100] "POST /rhn/manager/frontend-log HTTP/1.1" 200 16
127.0.0.1 - - [10/Jan/2026:16:18:48 +0100] "GET /rhn/websocket/notifications HTTP/1.1" 101 -
172.16.3.5 - - [10/Jan/2026:16:18:48 +0100] "GET /rhn/channels/manage/Edit.do HTTP/1.1" 200 53061
127.0.0.1 - - [10/Jan/2026:16:18:48 +0100] "GET /rhn/websocket/notifications HTTP/1.1" 101 -
172.16.3.5 - - [10/Jan/2026:16:18:48 +0100] "POST /rhn/manager/frontend-log HTTP/1.1" 200 16
172.16.3.5 - - [10/Jan/2026:16:18:48 +0100] "POST /rhn/channels/manage/Edit.do HTTP/1.1" 302 -
172.16.3.5 - - [10/Jan/2026:16:18:48 +0100] "GET /rhn/channels/manage/Edit.do?cid=130 HTTP/1.1" 200 53355
172.16.3.5 - - [10/Jan/2026:16:18:49 +0100] "POST /rhn/manager/frontend-log HTTP/1.1" 200 16
127.0.0.1 - - [10/Jan/2026:16:18:49 +0100] "GET /rhn/websocket/notifications HTTP/1.1" 101 -
172.16.3.5 - - [10/Jan/2026:16:18:49 +0100] "POST /rhn/manager/frontend-log HTTP/1.1" 200 16
127.0.0.1 - - [10/Jan/2026:16:18:49 +0100] "GET /rhn/websocket/notifications HTTP/1.1" 101 -
172.16.3.5 - - [10/Jan/2026:16:18:49 +0100] "GET /rhn/manager/login HTTP/1.1" 302 -
172.16.3.5 - - [10/Jan/2026:16:18:49 +0100] "GET /rhn/YourRhn.do HTTP/1.1" 200 36120
172.16.3.5 - - [10/Jan/2026:16:18:49 +0100] "POST /rhn/manager/frontend-log HTTP/1.1" 200 16
172.16.3.5 - - [10/Jan/2026:16:18:49 +0100] "POST /rhn/ajax/subscription-warning HTTP/1.1" 200 -
127.0.0.1 - - [10/Jan/2026:16:18:49 +0100] "GET /rhn/websocket/notifications HTTP/1.1" 101 -
172.16.3.5 - - [10/Jan/2026:16:18:49 +0100] "POST /rhn/ajax/latest-errata HTTP/1.1" 200 539
172.16.3.5 - - [10/Jan/2026:16:18:49 +0100] "POST /rhn/ajax/systems-groups HTTP/1.1" 200 1491
172.16.3.5 - - [10/Jan/2026:16:18:49 +0100] "POST /rhn/ajax/critical-systems HTTP/1.1" 200 2026
172.16.3.5 - - [10/Jan/2026:16:18:50 +0100] "POST /rhn/ajax/inactive-systems HTTP/1.1" 200 540
172.16.3.5 - - [10/Jan/2026:16:18:50 +0100] "POST /rhn/ajax/pending-actions HTTP/1.1" 200 636
172.16.3.5 - - [10/Jan/2026:16:18:50 +0100] "POST /rhn/ajax/recent-systems HTTP/1.1" 200 2059
172.16.3.5 - - [10/Jan/2026:16:18:50 +0100] "POST /rhn/ajax/tasks HTTP/1.1" 200 2232
172.16.3.5 - - [10/Jan/2026:16:18:50 +0100] "POST /rhn/manager/frontend-log HTTP/1.1" 200 16
172.16.3.5 - - [10/Jan/2026:16:18:50 +0100] "GET /rhn/channels/manage/repos/RepoList.do HTTP/1.1" 200 39615
127.0.0.1 - - [10/Jan/2026:16:18:50 +0100] "GET /rhn/websocket/notifications HTTP/1.1" 101 -
172.16.3.5 - - [10/Jan/2026:16:18:50 +0100] "POST /rhn/manager/frontend-log HTTP/1.1" 200 16
172.16.3.5 - - [10/Jan/2026:16:18:50 +0100] "GET /rhn/channels/manage/repos/RepoCreate.do HTTP/1.1" 200 38822
127.0.0.1 - - [10/Jan/2026:16:18:50 +0100] "GET /rhn/websocket/notifications HTTP/1.1" 101 -
172.16.3.5 - - [10/Jan/2026:16:18:50 +0100] "POST /rhn/manager/frontend-log HTTP/1.1" 200 16
172.16.3.5 - - [10/Jan/2026:16:18:50 +0100] "POST /rhn/channels/manage/repos/RepoCreate.do HTTP/1.1" 302 -
172.16.3.5 - - [10/Jan/2026:16:18:51 +0100] "GET /rhn/channels/manage/repos/RepoEdit.do?id=520 HTTP/1.1" 200 39470
172.16.3.5 - - [10/Jan/2026:16:18:51 +0100] "POST /rhn/manager/frontend-log HTTP/1.1" 200 16
127.0.0.1 - - [10/Jan/2026:16:18:51 +0100] "GET /rhn/websocket/notifications HTTP/1.1" 101 -
172.16.3.5 - - [10/Jan/2026:16:18:51 +0100] "POST /rhn/manager/frontend-log HTTP/1.1" 200 16
127.0.0.1 - - [10/Jan/2026:16:18:51 +0100] "GET /rhn/websocket/notifications HTTP/1.1" 101 -
172.16.3.5 - - [10/Jan/2026:16:18:51 +0100] "GET /rhn/channels/manage/repos/RepoList.do HTTP/1.1" 200 39976
172.16.3.5 - - [10/Jan/2026:16:18:51 +0100] "POST /rhn/manager/frontend-log HTTP/1.1" 200 16
127.0.0.1 - - [10/Jan/2026:16:18:51 +0100] "GET /rhn/websocket/notifications HTTP/1.1" 101 -
172.16.3.5 - - [10/Jan/2026:16:18:51 +0100] "GET /rhn/channels/manage/repos/RepoEdit.do?id=520 HTTP/1.1" 200 39379
127.0.0.1 - - [10/Jan/2026:16:18:51 +0100] "GET /rhn/websocket/notifications HTTP/1.1" 101 -
172.16.3.5 - - [10/Jan/2026:16:18:51 +0100] "POST /rhn/manager/frontend-log HTTP/1.1" 200 16
172.16.3.5 - - [10/Jan/2026:16:19:02 +0100] "POST /rhn/channels/manage/repos/RepoEdit.do HTTP/1.1" 302 -
172.16.3.5 - - [10/Jan/2026:16:19:02 +0100] "GET /rhn/channels/manage/repos/RepoEdit.do?id=520 HTTP/1.1" 200 39452
172.16.3.5 - - [10/Jan/2026:16:19:02 +0100] "POST /rhn/manager/frontend-log HTTP/1.1" 200 16
127.0.0.1 - - [10/Jan/2026:16:19:02 +0100] "GET /rhn/websocket/notifications HTTP/1.1" 101 -
172.16.3.5 - - [10/Jan/2026:16:19:02 +0100] "POST /rhn/manager/frontend-log HTTP/1.1" 200 16
127.0.0.1 - - [10/Jan/2026:16:19:02 +0100] "GET /rhn/websocket/notifications HTTP/1.1" 101 -
172.16.3.5 - - [10/Jan/2026:16:19:02 +0100] "GET /rhn/channels/manage/repos/RepoList.do HTTP/1.1" 200 39976
127.0.0.1 - - [10/Jan/2026:16:19:02 +0100] "GET /rhn/websocket/notifications HTTP/1.1" 101 -
172.16.3.5 - - [10/Jan/2026:16:19:02 +0100] "POST /rhn/manager/frontend-log HTTP/1.1" 200 16
172.16.3.5 - - [10/Jan/2026:16:19:02 +0100] "GET /rhn/channels/manage/repos/RepoCreate.do HTTP/1.1" 200 38822
172.16.3.5 - - [10/Jan/2026:16:19:03 +0100] "POST /rhn/manager/frontend-log HTTP/1.1" 200 16
127.0.0.1 - - [10/Jan/2026:16:19:03 +0100] "GET /rhn/websocket/notifications HTTP/1.1" 101 -
172.16.3.5 - - [10/Jan/2026:16:19:03 +0100] "POST /rhn/channels/manage/repos/RepoCreate.do HTTP/1.1" 302 -
172.16.3.5 - - [10/Jan/2026:16:19:03 +0100] "GET /rhn/channels/manage/repos/RepoEdit.do?id=521 HTTP/1.1" 200 39481
172.16.3.5 - - [10/Jan/2026:16:19:03 +0100] "POST /rhn/manager/frontend-log HTTP/1.1" 200 16
127.0.0.1 - - [10/Jan/2026:16:19:03 +0100] "GET /rhn/websocket/notifications HTTP/1.1" 101 -
172.16.3.5 - - [10/Jan/2026:16:19:03 +0100] "POST /rhn/manager/frontend-log HTTP/1.1" 200 16
127.0.0.1 - - [10/Jan/2026:16:19:03 +0100] "GET /rhn/websocket/notifications HTTP/1.1" 101 -
172.16.3.5 - - [10/Jan/2026:16:19:03 +0100] "GET /rhn/channels/manage/repos/RepoList.do HTTP/1.1" 200 40342
172.16.3.5 - - [10/Jan/2026:16:19:04 +0100] "POST /rhn/manager/frontend-log HTTP/1.1" 200 16
127.0.0.1 - - [10/Jan/2026:16:19:04 +0100] "GET /rhn/websocket/notifications HTTP/1.1" 101 -
172.16.3.5 - - [10/Jan/2026:16:19:04 +0100] "GET /rhn/channels/manage/repos/RepoEdit.do?id=521 HTTP/1.1" 200 39390
127.0.0.1 - - [10/Jan/2026:16:19:04 +0100] "GET /rhn/websocket/notifications HTTP/1.1" 101 -
172.16.3.5 - - [10/Jan/2026:16:19:04 +0100] "POST /rhn/manager/frontend-log HTTP/1.1" 200 16
172.16.3.5 - - [10/Jan/2026:16:19:14 +0100] "POST /rhn/channels/manage/repos/RepoEdit.do HTTP/1.1" 302 -
172.16.3.5 - - [10/Jan/2026:16:19:14 +0100] "GET /rhn/channels/manage/repos/RepoEdit.do?id=521 HTTP/1.1" 200 39463
172.16.3.5 - - [10/Jan/2026:16:19:14 +0100] "POST /rhn/manager/frontend-log HTTP/1.1" 200 16
127.0.0.1 - - [10/Jan/2026:16:19:14 +0100] "GET /rhn/websocket/notifications HTTP/1.1" 101 -
172.16.3.5 - - [10/Jan/2026:16:19:14 +0100] "POST /rhn/manager/frontend-log HTTP/1.1" 200 16
127.0.0.1 - - [10/Jan/2026:16:19:15 +0100] "GET /rhn/websocket/notifications HTTP/1.1" 101 -
172.16.3.5 - - [10/Jan/2026:16:19:15 +0100] "GET /rhn/channels/manage/Manage.do HTTP/1.1" 200 46268
127.0.0.1 - - [10/Jan/2026:16:19:15 +0100] "GET /rhn/websocket/notifications HTTP/1.1" 101 -
172.16.3.5 - - [10/Jan/2026:16:19:15 +0100] "POST /rhn/manager/frontend-log HTTP/1.1" 200 16
172.16.3.5 - - [10/Jan/2026:16:19:15 +0100] "GET /rhn/channels/manage/Edit.do?cid=123 HTTP/1.1" 200 53239
127.0.0.1 - - [10/Jan/2026:16:19:15 +0100] "GET /rhn/websocket/notifications HTTP/1.1" 101 -
172.16.3.5 - - [10/Jan/2026:16:19:15 +0100] "POST /rhn/manager/frontend-log HTTP/1.1" 200 16
172.16.3.5 - - [10/Jan/2026:16:19:15 +0100] "POST /rhn/channels/manage/Edit.do HTTP/1.1" 302 -
172.16.3.5 - - [10/Jan/2026:16:19:16 +0100] "GET /rhn/channels/manage/Edit.do?cid=123 HTTP/1.1" 200 53413
172.16.3.5 - - [10/Jan/2026:16:19:16 +0100] "POST /rhn/manager/frontend-log HTTP/1.1" 200 16
127.0.0.1 - - [10/Jan/2026:16:19:16 +0100] "GET /rhn/websocket/notifications HTTP/1.1" 101 -
172.16.3.5 - - [10/Jan/2026:16:19:16 +0100] "POST /rhn/manager/frontend-log HTTP/1.1" 200 16
127.0.0.1 - - [10/Jan/2026:16:19:16 +0100] "GET /rhn/websocket/notifications HTTP/1.1" 101 -
172.16.3.5 - - [10/Jan/2026:16:19:16 +0100] "GET /rhn/channels/manage/Repositories.do?cid=123 HTTP/1.1" 200 44182
172.16.3.5 - - [10/Jan/2026:16:19:16 +0100] "POST /rhn/manager/frontend-log HTTP/1.1" 200 16
127.0.0.1 - - [10/Jan/2026:16:19:16 +0100] "GET /rhn/websocket/notifications HTTP/1.1" 101 -
172.16.3.5 - - [10/Jan/2026:16:19:16 +0100] "POST /rhn/ajax/item-selector HTTP/1.1" 200 35
172.16.3.5 - - [10/Jan/2026:16:19:16 +0100] "POST /rhn/channels/manage/Repositories.do?cid=123 HTTP/1.1" 302 -
172.16.3.5 - - [10/Jan/2026:16:19:17 +0100] "GET /rhn/channels/manage/Repositories.do?cid=123 HTTP/1.1" 200 44738
172.16.3.5 - - [10/Jan/2026:16:19:17 +0100] "POST /rhn/manager/frontend-log HTTP/1.1" 200 16
127.0.0.1 - - [10/Jan/2026:16:19:17 +0100] "GET /rhn/websocket/notifications HTTP/1.1" 101 -
172.16.3.5 - - [10/Jan/2026:16:19:17 +0100] "GET /rhn/channels/manage/Manage.do HTTP/1.1" 200 46268
172.16.3.5 - - [10/Jan/2026:16:19:17 +0100] "POST /rhn/manager/frontend-log HTTP/1.1" 200 16
127.0.0.1 - - [10/Jan/2026:16:19:17 +0100] "GET /rhn/websocket/notifications HTTP/1.1" 101 -
172.16.3.5 - - [10/Jan/2026:16:19:17 +0100] "GET /rhn/channels/manage/Edit.do?cid=127 HTTP/1.1" 200 53261
127.0.0.1 - - [10/Jan/2026:16:19:18 +0100] "GET /rhn/websocket/notifications HTTP/1.1" 101 -
172.16.3.5 - - [10/Jan/2026:16:19:18 +0100] "POST /rhn/manager/frontend-log HTTP/1.1" 200 16
172.16.3.5 - - [10/Jan/2026:16:19:18 +0100] "POST /rhn/channels/manage/Edit.do HTTP/1.1" 302 -
172.16.3.5 - - [10/Jan/2026:16:19:18 +0100] "GET /rhn/channels/manage/Edit.do?cid=127 HTTP/1.1" 200 53439
172.16.3.5 - - [10/Jan/2026:16:19:18 +0100] "POST /rhn/manager/frontend-log HTTP/1.1" 200 16
127.0.0.1 - - [10/Jan/2026:16:19:18 +0100] "GET /rhn/websocket/notifications HTTP/1.1" 101 -
172.16.3.5 - - [10/Jan/2026:16:19:18 +0100] "POST /rhn/manager/frontend-log HTTP/1.1" 200 16
127.0.0.1 - - [10/Jan/2026:16:19:18 +0100] "GET /rhn/websocket/notifications HTTP/1.1" 101 -
172.16.3.5 - - [10/Jan/2026:16:19:19 +0100] "GET /rhn/channels/manage/Repositories.do?cid=127 HTTP/1.1" 200 44186
172.16.3.5 - - [10/Jan/2026:16:19:19 +0100] "POST /rhn/manager/frontend-log HTTP/1.1" 200 16
127.0.0.1 - - [10/Jan/2026:16:19:19 +0100] "GET /rhn/websocket/notifications HTTP/1.1" 101 -
172.16.3.5 - - [10/Jan/2026:16:19:19 +0100] "POST /rhn/ajax/item-selector HTTP/1.1" 200 35
::1 - - [10/Jan/2026:16:19:20 +0100] "GET /rhn/errors/404.jsp HTTP/1.1" 404 4500
172.16.3.5 - - [10/Jan/2026:16:19:20 +0100] "POST /rhn/channels/manage/Repositories.do?cid=127 HTTP/1.1" 302 -
172.16.3.5 - - [10/Jan/2026:16:19:20 +0100] "GET /rhn/channels/manage/Repositories.do?cid=127 HTTP/1.1" 200 44746
172.16.3.5 - - [10/Jan/2026:16:19:20 +0100] "POST /rhn/manager/frontend-log HTTP/1.1" 200 16
127.0.0.1 - - [10/Jan/2026:16:19:20 +0100] "GET /rhn/websocket/notifications HTTP/1.1" 101 -
172.16.3.5 - - [10/Jan/2026:16:19:20 +0100] "GET /rhn/channels/manage/Manage.do HTTP/1.1" 200 46268
127.0.0.1 - - [10/Jan/2026:16:19:21 +0100] "GET /rhn/websocket/notifications HTTP/1.1" 101 -
172.16.3.5 - - [10/Jan/2026:16:19:21 +0100] "POST /rhn/manager/frontend-log HTTP/1.1" 200 16
172.16.3.5 - - [10/Jan/2026:16:19:21 +0100] "GET /rhn/channels/manage/Edit.do?cid=129 HTTP/1.1" 200 53217
127.0.0.1 - - [10/Jan/2026:16:19:21 +0100] "GET /rhn/websocket/notifications HTTP/1.1" 101 -
172.16.3.5 - - [10/Jan/2026:16:19:21 +0100] "POST /rhn/manager/frontend-log HTTP/1.1" 200 16
172.16.3.5 - - [10/Jan/2026:16:19:21 +0100] "POST /rhn/channels/manage/Edit.do HTTP/1.1" 302 -
172.16.3.5 - - [10/Jan/2026:16:19:21 +0100] "GET /rhn/channels/manage/Edit.do?cid=129 HTTP/1.1" 200 53395
172.16.3.5 - - [10/Jan/2026:16:19:22 +0100] "POST /rhn/manager/frontend-log HTTP/1.1" 200 16
127.0.0.1 - - [10/Jan/2026:16:19:22 +0100] "GET /rhn/websocket/notifications HTTP/1.1" 101 -
172.16.3.5 - - [10/Jan/2026:16:19:22 +0100] "POST /rhn/manager/frontend-log HTTP/1.1" 200 16
::1 - - [10/Jan/2026:16:19:22 +0100] "GET /rhn/errors/404.jsp HTTP/1.1" 404 4500
172.16.3.5 - - [10/Jan/2026:16:19:22 +0100] "GET /rhn/channels/manage/Repositories.do?cid=129 HTTP/1.1" 200 44186
172.16.3.5 - - [10/Jan/2026:16:19:22 +0100] "POST /rhn/manager/frontend-log HTTP/1.1" 200 16
127.0.0.1 - - [10/Jan/2026:16:19:22 +0100] "GET /rhn/websocket/notifications HTTP/1.1" 101 -
172.16.3.5 - - [10/Jan/2026:16:19:22 +0100] "POST /rhn/ajax/item-selector HTTP/1.1" 200 35
172.16.3.5 - - [10/Jan/2026:16:19:23 +0100] "POST /rhn/channels/manage/Repositories.do?cid=129 HTTP/1.1" 302 -
172.16.3.5 - - [10/Jan/2026:16:19:23 +0100] "GET /rhn/channels/manage/Repositories.do?cid=129 HTTP/1.1" 200 44746
127.0.0.1 - - [10/Jan/2026:16:19:23 +0100] "GET /rhn/websocket/notifications HTTP/1.1" 101 -
172.16.3.5 - - [10/Jan/2026:16:19:23 +0100] "POST /rhn/manager/frontend-log HTTP/1.1" 200 16
172.16.3.5 - - [10/Jan/2026:16:19:24 +0100] "GET /rhn/channels/manage/Manage.do HTTP/1.1" 200 46269
172.16.3.5 - - [10/Jan/2026:16:19:24 +0100] "POST /rhn/manager/frontend-log HTTP/1.1" 200 16
127.0.0.1 - - [10/Jan/2026:16:19:24 +0100] "GET /rhn/websocket/notifications HTTP/1.1" 101 -
172.16.3.5 - - [10/Jan/2026:16:19:24 +0100] "GET /rhn/channels/manage/Edit.do?cid=130 HTTP/1.1" 200 53234
127.0.0.1 - - [10/Jan/2026:16:19:24 +0100] "GET /rhn/websocket/notifications HTTP/1.1" 101 -
172.16.3.5 - - [10/Jan/2026:16:19:24 +0100] "POST /rhn/manager/frontend-log HTTP/1.1" 200 16
172.16.3.5 - - [10/Jan/2026:16:19:24 +0100] "POST /rhn/channels/manage/Edit.do HTTP/1.1" 302 -
172.16.3.5 - - [10/Jan/2026:16:19:25 +0100] "GET /rhn/channels/manage/Edit.do?cid=130 HTTP/1.1" 200 53414
172.16.3.5 - - [10/Jan/2026:16:19:25 +0100] "POST /rhn/manager/frontend-log HTTP/1.1" 200 16
127.0.0.1 - - [10/Jan/2026:16:19:25 +0100] "GET /rhn/websocket/notifications HTTP/1.1" 101 -
172.16.3.5 - - [10/Jan/2026:16:19:25 +0100] "POST /rhn/manager/frontend-log HTTP/1.1" 200 16
172.16.3.5 - - [10/Jan/2026:16:19:25 +0100] "GET /rhn/channels/manage/Repositories.do?cid=130 HTTP/1.1" 200 44188
127.0.0.1 - - [10/Jan/2026:16:19:25 +0100] "GET /rhn/websocket/notifications HTTP/1.1" 101 -
172.16.3.5 - - [10/Jan/2026:16:19:25 +0100] "POST /rhn/manager/frontend-log HTTP/1.1" 200 16
172.16.3.5 - - [10/Jan/2026:16:19:25 +0100] "POST /rhn/ajax/item-selector HTTP/1.1" 200 35
::1 - - [10/Jan/2026:16:19:26 +0100] "GET /rhn/errors/404.jsp HTTP/1.1" 404 4500
172.16.3.5 - - [10/Jan/2026:16:19:26 +0100] "POST /rhn/channels/manage/Repositories.do?cid=130 HTTP/1.1" 302 -
::1 - - [10/Jan/2026:16:19:27 +0100] "GET /rhn/errors/404.jsp HTTP/1.1" 404 4500
172.16.3.5 - - [10/Jan/2026:16:19:27 +0100] "GET /rhn/channels/manage/Repositories.do?cid=130 HTTP/1.1" 200 44750
127.0.0.1 - - [10/Jan/2026:16:19:27 +0100] "GET /rhn/websocket/notifications HTTP/1.1" 101 -
172.16.3.5 - - [10/Jan/2026:16:19:27 +0100] "POST /rhn/manager/frontend-log HTTP/1.1" 200 16
172.16.3.5 - - [10/Jan/2026:16:19:27 +0100] "GET /rhn/channels/manage/repos/RepoList.do HTTP/1.1" 200 40342
172.16.3.5 - - [10/Jan/2026:16:19:27 +0100] "POST /rhn/manager/frontend-log HTTP/1.1" 200 16
127.0.0.1 - - [10/Jan/2026:16:19:27 +0100] "GET /rhn/websocket/notifications HTTP/1.1" 101 -
172.16.3.5 - - [10/Jan/2026:16:19:27 +0100] "GET /rhn/channels/manage/repos/RepoCreate.do HTTP/1.1" 200 38822
127.0.0.1 - - [10/Jan/2026:16:19:28 +0100] "GET /rhn/websocket/notifications HTTP/1.1" 101 -
172.16.3.5 - - [10/Jan/2026:16:19:28 +0100] "POST /rhn/manager/frontend-log HTTP/1.1" 200 16
::1 - - [10/Jan/2026:16:19:32 +0100] "GET /rhn/manager/login HTTP/1.1" 302 -
172.16.3.5 - - [10/Jan/2026:16:19:38 +0100] "POST /rhn/channels/manage/repos/RepoCreate.do HTTP/1.1" 302 -
172.16.3.5 - - [10/Jan/2026:16:19:38 +0100] "GET /rhn/channels/manage/repos/RepoEdit.do?id=522 HTTP/1.1" 200 39460
172.16.3.5 - - [10/Jan/2026:16:19:38 +0100] "POST /rhn/manager/frontend-log HTTP/1.1" 200 16
127.0.0.1 - - [10/Jan/2026:16:19:38 +0100] "GET /rhn/websocket/notifications HTTP/1.1" 101 -
172.16.3.5 - - [10/Jan/2026:16:19:38 +0100] "POST /rhn/manager/frontend-log HTTP/1.1" 200 16
127.0.0.1 - - [10/Jan/2026:16:19:38 +0100] "GET /rhn/websocket/notifications HTTP/1.1" 101 -
172.16.3.5 - - [10/Jan/2026:16:19:38 +0100] "GET /rhn/channels/manage/Manage.do HTTP/1.1" 200 46270
172.16.3.5 - - [10/Jan/2026:16:19:39 +0100] "POST /rhn/manager/frontend-log HTTP/1.1" 200 16
127.0.0.1 - - [10/Jan/2026:16:19:39 +0100] "GET /rhn/websocket/notifications HTTP/1.1" 101 -
172.16.3.5 - - [10/Jan/2026:16:19:39 +0100] "GET /rhn/channels/manage/Edit.do?cid=125 HTTP/1.1" 200 53227
127.0.0.1 - - [10/Jan/2026:16:19:39 +0100] "GET /rhn/websocket/notifications HTTP/1.1" 101 -
172.16.3.5 - - [10/Jan/2026:16:19:39 +0100] "POST /rhn/manager/frontend-log HTTP/1.1" 200 16
172.16.3.5 - - [10/Jan/2026:16:19:39 +0100] "POST /rhn/channels/manage/Edit.do HTTP/1.1" 302 -
172.16.3.5 - - [10/Jan/2026:16:19:39 +0100] "GET /rhn/channels/manage/Edit.do?cid=125 HTTP/1.1" 200 53403
172.16.3.5 - - [10/Jan/2026:16:19:39 +0100] "POST /rhn/manager/frontend-log HTTP/1.1" 200 16
127.0.0.1 - - [10/Jan/2026:16:19:40 +0100] "GET /rhn/websocket/notifications HTTP/1.1" 101 -
172.16.3.5 - - [10/Jan/2026:16:19:40 +0100] "POST /rhn/manager/frontend-log HTTP/1.1" 200 16
127.0.0.1 - - [10/Jan/2026:16:19:40 +0100] "GET /rhn/websocket/notifications HTTP/1.1" 101 -
172.16.3.5 - - [10/Jan/2026:16:19:40 +0100] "GET /rhn/channels/manage/Repositories.do?cid=125 HTTP/1.1" 200 44854
127.0.0.1 - - [10/Jan/2026:16:19:40 +0100] "GET /rhn/websocket/notifications HTTP/1.1" 101 -
172.16.3.5 - - [10/Jan/2026:16:19:40 +0100] "POST /rhn/manager/frontend-log HTTP/1.1" 200 16
172.16.3.5 - - [10/Jan/2026:16:19:40 +0100] "POST /rhn/ajax/item-selector HTTP/1.1" 200 35
172.16.3.5 - - [10/Jan/2026:16:19:40 +0100] "POST /rhn/channels/manage/Repositories.do?cid=125 HTTP/1.1" 302 -
172.16.3.5 - - [10/Jan/2026:16:19:40 +0100] "GET /rhn/channels/manage/Repositories.do?cid=125 HTTP/1.1" 200 45412
127.0.0.1 - - [10/Jan/2026:16:19:40 +0100] "GET /rhn/websocket/notifications HTTP/1.1" 101 -
172.16.3.5 - - [10/Jan/2026:16:19:40 +0100] "POST /rhn/manager/frontend-log HTTP/1.1" 200 16
172.16.3.5 - - [10/Jan/2026:16:19:41 +0100] "GET /rhn/channels/manage/Manage.do HTTP/1.1" 200 46270
127.0.0.1 - - [10/Jan/2026:16:19:41 +0100] "GET /rhn/websocket/notifications HTTP/1.1" 101 -
172.16.3.5 - - [10/Jan/2026:16:19:41 +0100] "POST /rhn/manager/frontend-log HTTP/1.1" 200 16
172.16.3.5 - - [10/Jan/2026:16:19:41 +0100] "GET /rhn/channels/manage/Edit.do?cid=122 HTTP/1.1" 200 53251
127.0.0.1 - - [10/Jan/2026:16:19:41 +0100] "GET /rhn/websocket/notifications HTTP/1.1" 101 -
172.16.3.5 - - [10/Jan/2026:16:19:41 +0100] "POST /rhn/manager/frontend-log HTTP/1.1" 200 16
172.16.3.5 - - [10/Jan/2026:16:19:41 +0100] "GET /rhn/channels/manage/Repositories.do?cid=122 HTTP/1.1" 200 44859
127.0.0.1 - - [10/Jan/2026:16:19:42 +0100] "GET /rhn/websocket/notifications HTTP/1.1" 101 -
172.16.3.5 - - [10/Jan/2026:16:19:42 +0100] "POST /rhn/manager/frontend-log HTTP/1.1" 200 16
172.16.3.5 - - [10/Jan/2026:16:19:42 +0100] "POST /rhn/ajax/item-selector HTTP/1.1" 200 35
172.16.3.5 - - [10/Jan/2026:16:19:42 +0100] "POST /rhn/channels/manage/Repositories.do?cid=122 HTTP/1.1" 302 -
172.16.3.5 - - [10/Jan/2026:16:19:43 +0100] "GET /rhn/channels/manage/Repositories.do?cid=122 HTTP/1.1" 200 45422
172.16.3.5 - - [10/Jan/2026:16:19:43 +0100] "POST /rhn/manager/frontend-log HTTP/1.1" 200 16
127.0.0.1 - - [10/Jan/2026:16:19:43 +0100] "GET /rhn/websocket/notifications HTTP/1.1" 101 -
172.16.3.5 - - [10/Jan/2026:16:19:43 +0100] "GET /rhn/channels/manage/repos/RepoList.do HTTP/1.1" 200 40704
127.0.0.1 - - [10/Jan/2026:16:19:43 +0100] "GET /rhn/websocket/notifications HTTP/1.1" 101 -
172.16.3.5 - - [10/Jan/2026:16:19:43 +0100] "POST /rhn/manager/frontend-log HTTP/1.1" 200 16
172.16.3.5 - - [10/Jan/2026:16:19:43 +0100] "GET /rhn/channels/manage/repos/RepoCreate.do HTTP/1.1" 200 38822
127.0.0.1 - - [10/Jan/2026:16:19:44 +0100] "GET /rhn/websocket/notifications HTTP/1.1" 101 -
172.16.3.5 - - [10/Jan/2026:16:19:44 +0100] "POST /rhn/manager/frontend-log HTTP/1.1" 200 16
172.16.3.5 - - [10/Jan/2026:16:19:44 +0100] "POST /rhn/channels/manage/repos/RepoCreate.do HTTP/1.1" 302 -
172.16.3.5 - - [10/Jan/2026:16:19:44 +0100] "GET /rhn/channels/manage/repos/RepoEdit.do?id=523 HTTP/1.1" 200 39476
172.16.3.5 - - [10/Jan/2026:16:19:44 +0100] "POST /rhn/manager/frontend-log HTTP/1.1" 200 16
127.0.0.1 - - [10/Jan/2026:16:19:44 +0100] "GET /rhn/websocket/notifications HTTP/1.1" 101 -
172.16.3.5 - - [10/Jan/2026:16:19:44 +0100] "POST /rhn/manager/frontend-log HTTP/1.1" 200 16
127.0.0.1 - - [10/Jan/2026:16:19:44 +0100] "GET /rhn/websocket/notifications HTTP/1.1" 101 -
172.16.3.5 - - [10/Jan/2026:16:19:44 +0100] "GET /rhn/channels/manage/Manage.do HTTP/1.1" 200 46271
127.0.0.1 - - [10/Jan/2026:16:19:45 +0100] "GET /rhn/websocket/notifications HTTP/1.1" 101 -
172.16.3.5 - - [10/Jan/2026:16:19:45 +0100] "POST /rhn/manager/frontend-log HTTP/1.1" 200 16
172.16.3.5 - - [10/Jan/2026:16:19:45 +0100] "GET /rhn/channels/manage/Edit.do?cid=128 HTTP/1.1" 200 53183
127.0.0.1 - - [10/Jan/2026:16:19:45 +0100] "GET /rhn/websocket/notifications HTTP/1.1" 101 -
172.16.3.5 - - [10/Jan/2026:16:19:45 +0100] "POST /rhn/manager/frontend-log HTTP/1.1" 200 16
172.16.3.5 - - [10/Jan/2026:16:19:45 +0100] "GET /rhn/channels/manage/Repositories.do?cid=128 HTTP/1.1" 200 45531
127.0.0.1 - - [10/Jan/2026:16:19:45 +0100] "GET /rhn/websocket/notifications HTTP/1.1" 101 -
172.16.3.5 - - [10/Jan/2026:16:19:45 +0100] "POST /rhn/manager/frontend-log HTTP/1.1" 200 16
172.16.3.5 - - [10/Jan/2026:16:19:45 +0100] "POST /rhn/ajax/item-selector HTTP/1.1" 200 35
172.16.3.5 - - [10/Jan/2026:16:19:46 +0100] "POST /rhn/channels/manage/Repositories.do?cid=128 HTTP/1.1" 302 -
172.16.3.5 - - [10/Jan/2026:16:19:46 +0100] "GET /rhn/channels/manage/Repositories.do?cid=128 HTTP/1.1" 200 46095
127.0.0.1 - - [10/Jan/2026:16:19:46 +0100] "GET /rhn/websocket/notifications HTTP/1.1" 101 -
172.16.3.5 - - [10/Jan/2026:16:19:46 +0100] "POST /rhn/manager/frontend-log HTTP/1.1" 200 16
172.16.3.5 - - [10/Jan/2026:16:19:46 +0100] "GET /rhn/manager/login HTTP/1.1" 302 -
172.16.3.5 - - [10/Jan/2026:16:19:46 +0100] "GET /rhn/YourRhn.do HTTP/1.1" 200 36120
172.16.3.5 - - [10/Jan/2026:16:19:47 +0100] "POST /rhn/manager/frontend-log HTTP/1.1" 200 16
172.16.3.5 - - [10/Jan/2026:16:19:47 +0100] "POST /rhn/ajax/inactive-systems HTTP/1.1" 200 540
127.0.0.1 - - [10/Jan/2026:16:19:47 +0100] "GET /rhn/websocket/notifications HTTP/1.1" 101 -
172.16.3.5 - - [10/Jan/2026:16:19:47 +0100] "POST /rhn/ajax/critical-systems HTTP/1.1" 200 2026
172.16.3.5 - - [10/Jan/2026:16:19:47 +0100] "POST /rhn/ajax/subscription-warning HTTP/1.1" 200 -
172.16.3.5 - - [10/Jan/2026:16:19:47 +0100] "POST /rhn/ajax/latest-errata HTTP/1.1" 200 539
172.16.3.5 - - [10/Jan/2026:16:19:47 +0100] "POST /rhn/ajax/pending-actions HTTP/1.1" 200 636
::1 - - [10/Jan/2026:16:19:47 +0100] "GET /rhn/errors/404.jsp HTTP/1.1" 404 4500
::1 - - [10/Jan/2026:16:19:47 +0100] "GET /rhn/errors/404.jsp HTTP/1.1" 404 4500
172.16.3.5 - - [10/Jan/2026:16:19:47 +0100] "POST /rhn/ajax/systems-groups HTTP/1.1" 200 1491
172.16.3.5 - - [10/Jan/2026:16:19:47 +0100] "POST /rhn/ajax/tasks HTTP/1.1" 200 2232
::1 - - [10/Jan/2026:16:19:47 +0100] "GET /rhn/errors/404.jsp HTTP/1.1" 404 4500
172.16.3.5 - - [10/Jan/2026:16:19:47 +0100] "POST /rhn/manager/frontend-log HTTP/1.1" 200 16
172.16.3.5 - - [10/Jan/2026:16:19:47 +0100] "POST /rhn/ajax/recent-systems HTTP/1.1" 200 2059
172.16.3.5 - - [10/Jan/2026:16:19:47 +0100] "GET /rhn/channels/manage/Manage.do HTTP/1.1" 200 46271
::1 - - [10/Jan/2026:16:19:47 +0100] "GET /rhn/errors/404.jsp HTTP/1.1" 404 4500
172.16.3.5 - - [10/Jan/2026:16:19:48 +0100] "POST /rhn/manager/frontend-log HTTP/1.1" 200 16
127.0.0.1 - - [10/Jan/2026:16:19:48 +0100] "GET /rhn/websocket/notifications HTTP/1.1" 101 -
172.16.3.5 - - [10/Jan/2026:16:19:48 +0100] "GET /rhn/channels/manage/Edit.do HTTP/1.1" 200 53284
172.16.3.5 - - [10/Jan/2026:16:19:48 +0100] "POST /rhn/manager/frontend-log HTTP/1.1" 200 16
127.0.0.1 - - [10/Jan/2026:16:19:48 +0100] "GET /rhn/websocket/notifications HTTP/1.1" 101 -
172.16.3.5 - - [10/Jan/2026:16:19:48 +0100] "POST /rhn/channels/manage/Edit.do HTTP/1.1" 302 -
172.16.3.5 - - [10/Jan/2026:16:19:49 +0100] "GET /rhn/channels/manage/Edit.do?cid=131 HTTP/1.1" 200 53344
172.16.3.5 - - [10/Jan/2026:16:19:49 +0100] "POST /rhn/manager/frontend-log HTTP/1.1" 200 16
127.0.0.1 - - [10/Jan/2026:16:19:49 +0100] "GET /rhn/websocket/notifications HTTP/1.1" 101 -
172.16.3.5 - - [10/Jan/2026:16:19:49 +0100] "POST /rhn/manager/frontend-log HTTP/1.1" 200 16
127.0.0.1 - - [10/Jan/2026:16:19:49 +0100] "GET /rhn/websocket/notifications HTTP/1.1" 101 -
::1 - - [10/Jan/2026:16:19:52 +0100] "GET /rhn/errors/404.jsp HTTP/1.1" 404 4500
::1 - - [10/Jan/2026:16:19:53 +0100] "GET /rhn/errors/404.jsp HTTP/1.1" 404 4500
172.16.3.5 - - [10/Jan/2026:16:19:53 +0100] "POST /rhn/manager/api/auth/login HTTP/1.1" 200 16
172.16.3.5 - - [10/Jan/2026:16:19:54 +0100] "GET /rhn/manager/api/channel/software/listUserRepos HTTP/1.1" 200 1435
172.16.3.5 - - [10/Jan/2026:16:19:54 +0100] "GET /rhn/manager/api/auth/logout HTTP/1.1" 200 16
172.16.3.5 - - [10/Jan/2026:16:19:54 +0100] "POST /rhn/manager/api/auth/login HTTP/1.1" 200 16
172.16.3.5 - - [10/Jan/2026:16:19:54 +0100] "POST /rhn/manager/api/channel/software/createRepo HTTP/1.1" 200 314
172.16.3.5 - - [10/Jan/2026:16:19:54 +0100] "GET /rhn/manager/api/auth/logout HTTP/1.1" 200 16
172.16.3.5 - - [10/Jan/2026:16:19:54 +0100] "POST /rhn/manager/api/auth/login HTTP/1.1" 200 16
172.16.3.5 - - [10/Jan/2026:16:19:54 +0100] "POST /rhn/manager/api/channel/software/associateRepo HTTP/1.1" 200 895
172.16.3.5 - - [10/Jan/2026:16:19:54 +0100] "GET /rhn/manager/api/auth/logout HTTP/1.1" 200 16
172.16.3.5 - - [10/Jan/2026:16:19:55 +0100] "POST /rhn/manager/api/auth/login HTTP/1.1" 200 16
172.16.3.5 - - [10/Jan/2026:16:19:55 +0100] "GET /rhn/manager/api/channel/software/listUserRepos HTTP/1.1" 200 1662
172.16.3.5 - - [10/Jan/2026:16:19:55 +0100] "GET /rhn/manager/api/auth/logout HTTP/1.1" 200 16
172.16.3.5 - - [10/Jan/2026:16:19:55 +0100] "POST /rhn/manager/api/auth/login HTTP/1.1" 200 16
172.16.3.5 - - [10/Jan/2026:16:19:55 +0100] "POST /rhn/manager/api/channel/software/createRepo HTTP/1.1" 200 276
172.16.3.5 - - [10/Jan/2026:16:19:55 +0100] "GET /rhn/manager/api/auth/logout HTTP/1.1" 200 16
172.16.3.5 - - [10/Jan/2026:16:19:55 +0100] "POST /rhn/manager/api/auth/login HTTP/1.1" 200 16
172.16.3.5 - - [10/Jan/2026:16:19:55 +0100] "POST /rhn/manager/api/channel/software/associateRepo HTTP/1.1" 200 1146
172.16.3.5 - - [10/Jan/2026:16:19:56 +0100] "GET /rhn/manager/api/auth/logout HTTP/1.1" 200 16
172.16.3.5 - - [10/Jan/2026:16:19:56 +0100] "GET /rhn/channels/manage/Manage.do HTTP/1.1" 200 46903
172.16.3.5 - - [10/Jan/2026:16:19:56 +0100] "POST /rhn/manager/frontend-log HTTP/1.1" 200 16
127.0.0.1 - - [10/Jan/2026:16:19:56 +0100] "GET /rhn/websocket/notifications HTTP/1.1" 101 -
172.16.3.5 - - [10/Jan/2026:16:19:56 +0100] "GET /rhn/channels/manage/Edit.do HTTP/1.1" 200 53284
127.0.0.1 - - [10/Jan/2026:16:19:56 +0100] "GET /rhn/websocket/notifications HTTP/1.1" 101 -
172.16.3.5 - - [10/Jan/2026:16:19:56 +0100] "POST /rhn/manager/frontend-log HTTP/1.1" 200 16
172.16.3.5 - - [10/Jan/2026:16:19:57 +0100] "POST /rhn/channels/manage/Edit.do HTTP/1.1" 302 -
172.16.3.5 - - [10/Jan/2026:16:19:57 +0100] "GET /rhn/channels/manage/Edit.do?cid=132 HTTP/1.1" 200 53390
172.16.3.5 - - [10/Jan/2026:16:19:57 +0100] "POST /rhn/manager/frontend-log HTTP/1.1" 200 16
127.0.0.1 - - [10/Jan/2026:16:19:57 +0100] "GET /rhn/websocket/notifications HTTP/1.1" 101 -
172.16.3.5 - - [10/Jan/2026:16:19:57 +0100] "POST /rhn/manager/frontend-log HTTP/1.1" 200 16
127.0.0.1 - - [10/Jan/2026:16:19:57 +0100] "GET /rhn/websocket/notifications HTTP/1.1" 101 -
::1 - - [10/Jan/2026:16:19:59 +0100] "GET /rhn/errors/404.jsp HTTP/1.1" 404 4500
172.16.3.5 - - [10/Jan/2026:16:20:00 +0100] "POST /rhn/manager/api/auth/login HTTP/1.1" 200 16
