172.16.3.7 - - [06/Jun/2026:19:59:58 +0200] "GET /rhn/manager/download/sle-module-basesystem15-sp7-updates-x86_64/repodata/f74e72959411610ff5786b6a48be3998b97d4a799a03ae01afa7cdc926e2cd7a-updateinfo.xml.gz?eyJhbGciOiJIUzI1NiJ9.eyJqdGkiOiJrcXRzazhVcEtBaVNLbjdPbjAzSjlBIiwiZXhwIjoxODEyMzA0NzEyLCJpYXQiOjE3ODA3Njg3MTIsIm5iZiI6MTc4MDc2ODU5Miwib3JnIjoxLCJvbmx5Q2hhbm5lbHMiOlsic2xlLW1vZHVsZS1iYXNlc3lzdGVtMTUtc3A3LXVwZGF0ZXMteDg2XzY0Il19.GeKhE4Lb0Rt3mvT_FhlOjxYP1-RVQL1tlo_GwYWRxNk HTTP/1.1" 304 -
172.16.3.5 - - [06/Jun/2026:19:59:58 +0200] "POST /rhn/manager/frontend-log HTTP/1.1" 200 42
172.16.3.5 - - [06/Jun/2026:19:59:49 +0200] "GET /rhn/websocket/notifications HTTP/1.1" 101 -
172.16.3.5 - - [06/Jun/2026:19:59:59 +0200] "GET /rhn/systems/details/history/History.do?sid=1000010004& HTTP/1.1" 200 6877
172.16.3.5 - - [06/Jun/2026:19:59:59 +0200] "GET /img/favicon.ico?q=0.5224742407135439 HTTP/1.1" 200 1150
172.16.3.5 - - [06/Jun/2026:19:59:47 +0200] "GET /rhn/websocket/notifications HTTP/1.1" 101 -
172.16.3.5 - - [06/Jun/2026:19:59:58 +0200] "POST /rhn/manager/api/auth/login HTTP/1.1" 200 42
172.16.3.5 - - [06/Jun/2026:19:59:59 +0200] "POST /rhn/manager/frontend-log HTTP/1.1" 200 42
172.16.3.5 - - [06/Jun/2026:19:59:59 +0200] "GET /rhn/websocket/notifications HTTP/1.1" 101 -
172.16.3.5 - - [06/Jun/2026:19:59:59 +0200] "POST /rhn/manager/api/system/searchByName HTTP/1.1" 200 147
172.16.3.7 - - [06/Jun/2026:19:59:59 +0200] "HEAD /rhn/manager/download/sle-module-desktop-applications15-sp7-updates-x86_64/repodata/repomd.xml?eyJhbGciOiJIUzI1NiJ9.eyJqdGkiOiI2SmtQeVlrV0VMXzNjcVZhSC03RVZnIiwiZXhwIjoxODEyMzA0NzEyLCJpYXQiOjE3ODA3Njg3MTIsIm5iZiI6MTc4MDc2ODU5Miwib3JnIjoxLCJvbmx5Q2hhbm5lbHMiOlsic2xlLW1vZHVsZS1kZXNrdG9wLWFwcGxpY2F0aW9uczE1LXNwNy11cGRhdGVzLXg4Nl82NCJdfQ.tK93Jev5Mj0xhfANntapUU69T6pmjUHQo3bycQxYjjo HTTP/1.1" 200 -
172.16.3.7 - - [06/Jun/2026:20:00:00 +0200] "HEAD /rhn/manager/download/sle-module-desktop-applications15-sp7-updates-x86_64/media.1/media?eyJhbGciOiJIUzI1NiJ9.eyJqdGkiOiI2SmtQeVlrV0VMXzNjcVZhSC03RVZnIiwiZXhwIjoxODEyMzA0NzEyLCJpYXQiOjE3ODA3Njg3MTIsIm5iZiI6MTc4MDc2ODU5Miwib3JnIjoxLCJvbmx5Q2hhbm5lbHMiOlsic2xlLW1vZHVsZS1kZXNrdG9wLWFwcGxpY2F0aW9uczE1LXNwNy11cGRhdGVzLXg4Nl82NCJdfQ.tK93Jev5Mj0xhfANntapUU69T6pmjUHQo3bycQxYjjo HTTP/1.1" 404 -
172.16.3.7 - - [06/Jun/2026:20:00:00 +0200] "HEAD /rhn/manager/download/sle-module-desktop-applications15-sp7-updates-x86_64/repodata/repomd.xml?eyJhbGciOiJIUzI1NiJ9.eyJqdGkiOiI2SmtQeVlrV0VMXzNjcVZhSC03RVZnIiwiZXhwIjoxODEyMzA0NzEyLCJpYXQiOjE3ODA3Njg3MTIsIm5iZiI6MTc4MDc2ODU5Miwib3JnIjoxLCJvbmx5Q2hhbm5lbHMiOlsic2xlLW1vZHVsZS1kZXNrdG9wLWFwcGxpY2F0aW9uczE1LXNwNy11cGRhdGVzLXg4Nl82NCJdfQ.tK93Jev5Mj0xhfANntapUU69T6pmjUHQo3bycQxYjjo HTTP/1.1" 200 -
172.16.3.7 - - [06/Jun/2026:20:00:00 +0200] "GET /rhn/manager/download/sle-module-desktop-applications15-sp7-updates-x86_64/repodata/repomd.xml?eyJhbGciOiJIUzI1NiJ9.eyJqdGkiOiI2SmtQeVlrV0VMXzNjcVZhSC03RVZnIiwiZXhwIjoxODEyMzA0NzEyLCJpYXQiOjE3ODA3Njg3MTIsIm5iZiI6MTc4MDc2ODU5Miwib3JnIjoxLCJvbmx5Q2hhbm5lbHMiOlsic2xlLW1vZHVsZS1kZXNrdG9wLWFwcGxpY2F0aW9uczE1LXNwNy11cGRhdGVzLXg4Nl82NCJdfQ.tK93Jev5Mj0xhfANntapUU69T6pmjUHQo3bycQxYjjo HTTP/1.1" 304 -
172.16.3.5 - - [06/Jun/2026:19:59:59 +0200] "GET /rhn/systems/details/history/Pending.do?sid=1000010001& HTTP/1.1" 200 6216
172.16.3.5 - - [06/Jun/2026:19:59:59 +0200] "GET /rhn/manager/api/auth/logout HTTP/1.1" 200 42
172.16.3.5 - - [06/Jun/2026:19:59:53 +0200] "GET /rhn/websocket/notifications HTTP/1.1" 101 -
172.16.3.5 - - [06/Jun/2026:19:59:55 +0200] "GET /rhn/websocket/notifications HTTP/1.1" 101 -
172.16.3.7 - - [06/Jun/2026:20:00:00 +0200] "HEAD /rhn/manager/download/sle-module-desktop-applications15-sp7-updates-x86_64/repodata/repomd.xml.asc?eyJhbGciOiJIUzI1NiJ9.eyJqdGkiOiI2SmtQeVlrV0VMXzNjcVZhSC03RVZnIiwiZXhwIjoxODEyMzA0NzEyLCJpYXQiOjE3ODA3Njg3MTIsIm5iZiI6MTc4MDc2ODU5Miwib3JnIjoxLCJvbmx5Q2hhbm5lbHMiOlsic2xlLW1vZHVsZS1kZXNrdG9wLWFwcGxpY2F0aW9uczE1LXNwNy11cGRhdGVzLXg4Nl82NCJdfQ.tK93Jev5Mj0xhfANntapUU69T6pmjUHQo3bycQxYjjo HTTP/1.1" 404 -
172.16.3.5 - - [06/Jun/2026:19:59:59 +0200] "GET /rhn/systems/details/history/Event.do?sid=1000010004&aid=21 HTTP/1.1" 200 6158
172.16.3.7 - - [06/Jun/2026:20:00:00 +0200] "HEAD /rhn/manager/download/sle-module-desktop-applications15-sp7-updates-x86_64/repodata/efe1647cada4c81d935b9bc0b717cc5bc4f9a403166c29b29083371581c9bbdb-primary.xml.gz?eyJhbGciOiJIUzI1NiJ9.eyJqdGkiOiI2SmtQeVlrV0VMXzNjcVZhSC03RVZnIiwiZXhwIjoxODEyMzA0NzEyLCJpYXQiOjE3ODA3Njg3MTIsIm5iZiI6MTc4MDc2ODU5Miwib3JnIjoxLCJvbmx5Q2hhbm5lbHMiOlsic2xlLW1vZHVsZS1kZXNrdG9wLWFwcGxpY2F0aW9uczE1LXNwNy11cGRhdGVzLXg4Nl82NCJdfQ.tK93Jev5Mj0xhfANntapUU69T6pmjUHQo3bycQxYjjo HTTP/1.1" 200 -
172.16.3.5 - - [06/Jun/2026:20:00:00 +0200] "GET /img/favicon.ico?q=0.004420620855767665 HTTP/1.1" 200 1150
172.16.3.7 - - [06/Jun/2026:20:00:00 +0200] "GET /rhn/manager/download/sle-module-desktop-applications15-sp7-updates-x86_64/repodata/efe1647cada4c81d935b9bc0b717cc5bc4f9a403166c29b29083371581c9bbdb-primary.xml.gz?eyJhbGciOiJIUzI1NiJ9.eyJqdGkiOiI2SmtQeVlrV0VMXzNjcVZhSC03RVZnIiwiZXhwIjoxODEyMzA0NzEyLCJpYXQiOjE3ODA3Njg3MTIsIm5iZiI6MTc4MDc2ODU5Miwib3JnIjoxLCJvbmx5Q2hhbm5lbHMiOlsic2xlLW1vZHVsZS1kZXNrdG9wLWFwcGxpY2F0aW9uczE1LXNwNy11cGRhdGVzLXg4Nl82NCJdfQ.tK93Jev5Mj0xhfANntapUU69T6pmjUHQo3bycQxYjjo HTTP/1.1" 304 -
172.16.3.7 - - [06/Jun/2026:20:00:00 +0200] "HEAD /rhn/manager/download/sle-module-desktop-applications15-sp7-updates-x86_64/repodata/72fecd9f532cb7775875e535a5699f575383c53da435c14bbc5f0e2c718f761c-susedata.xml.gz?eyJhbGciOiJIUzI1NiJ9.eyJqdGkiOiI2SmtQeVlrV0VMXzNjcVZhSC03RVZnIiwiZXhwIjoxODEyMzA0NzEyLCJpYXQiOjE3ODA3Njg3MTIsIm5iZiI6MTc4MDc2ODU5Miwib3JnIjoxLCJvbmx5Q2hhbm5lbHMiOlsic2xlLW1vZHVsZS1kZXNrdG9wLWFwcGxpY2F0aW9uczE1LXNwNy11cGRhdGVzLXg4Nl82NCJdfQ.tK93Jev5Mj0xhfANntapUU69T6pmjUHQo3bycQxYjjo HTTP/1.1" 200 -
172.16.3.7 - - [06/Jun/2026:20:00:00 +0200] "GET /rhn/manager/download/sle-module-desktop-applications15-sp7-updates-x86_64/repodata/72fecd9f532cb7775875e535a5699f575383c53da435c14bbc5f0e2c718f761c-susedata.xml.gz?eyJhbGciOiJIUzI1NiJ9.eyJqdGkiOiI2SmtQeVlrV0VMXzNjcVZhSC03RVZnIiwiZXhwIjoxODEyMzA0NzEyLCJpYXQiOjE3ODA3Njg3MTIsIm5iZiI6MTc4MDc2ODU5Miwib3JnIjoxLCJvbmx5Q2hhbm5lbHMiOlsic2xlLW1vZHVsZS1kZXNrdG9wLWFwcGxpY2F0aW9uczE1LXNwNy11cGRhdGVzLXg4Nl82NCJdfQ.tK93Jev5Mj0xhfANntapUU69T6pmjUHQo3bycQxYjjo HTTP/1.1" 304 -
172.16.3.5 - - [06/Jun/2026:20:00:00 +0200] "POST /rhn/manager/frontend-log HTTP/1.1" 200 42
172.16.3.7 - - [06/Jun/2026:20:00:00 +0200] "HEAD /rhn/manager/download/sle-module-desktop-applications15-sp7-updates-x86_64/repodata/86380a3d0a0159047843cad5e41e1e251da1f0154a4a9aaff5da341113d76c89-updateinfo.xml.gz?eyJhbGciOiJIUzI1NiJ9.eyJqdGkiOiI2SmtQeVlrV0VMXzNjcVZhSC03RVZnIiwiZXhwIjoxODEyMzA0NzEyLCJpYXQiOjE3ODA3Njg3MTIsIm5iZiI6MTc4MDc2ODU5Miwib3JnIjoxLCJvbmx5Q2hhbm5lbHMiOlsic2xlLW1vZHVsZS1kZXNrdG9wLWFwcGxpY2F0aW9uczE1LXNwNy11cGRhdGVzLXg4Nl82NCJdfQ.tK93Jev5Mj0xhfANntapUU69T6pmjUHQo3bycQxYjjo HTTP/1.1" 200 -
172.16.3.7 - - [06/Jun/2026:20:00:01 +0200] "GET /rhn/manager/download/sle-module-desktop-applications15-sp7-updates-x86_64/repodata/86380a3d0a0159047843cad5e41e1e251da1f0154a4a9aaff5da341113d76c89-updateinfo.xml.gz?eyJhbGciOiJIUzI1NiJ9.eyJqdGkiOiI2SmtQeVlrV0VMXzNjcVZhSC03RVZnIiwiZXhwIjoxODEyMzA0NzEyLCJpYXQiOjE3ODA3Njg3MTIsIm5iZiI6MTc4MDc2ODU5Miwib3JnIjoxLCJvbmx5Q2hhbm5lbHMiOlsic2xlLW1vZHVsZS1kZXNrdG9wLWFwcGxpY2F0aW9uczE1LXNwNy11cGRhdGVzLXg4Nl82NCJdfQ.tK93Jev5Mj0xhfANntapUU69T6pmjUHQo3bycQxYjjo HTTP/1.1" 304 -
127.0.0.1 - - [06/Jun/2026:20:00:01 +0200] "POST /cobbler_api HTTP/1.1" 200 129 "-" "Java/17.0.19"
172.16.3.7 - - [06/Jun/2026:20:00:01 +0200] "HEAD /rhn/manager/download/sle-module-devtools15-sp7-updates-x86_64/repodata/repomd.xml?eyJhbGciOiJIUzI1NiJ9.eyJqdGkiOiJfZU03QnpiMjRUMkcyUkhHbnM4Ykd3IiwiZXhwIjoxODEyMzA0NzEyLCJpYXQiOjE3ODA3Njg3MTIsIm5iZiI6MTc4MDc2ODU5Miwib3JnIjoxLCJvbmx5Q2hhbm5lbHMiOlsic2xlLW1vZHVsZS1kZXZ0b29sczE1LXNwNy11cGRhdGVzLXg4Nl82NCJdfQ.Oy3oHypOHS8WLhDkwlSXi09qbYgeBo-mslRwqQ5kak0 HTTP/1.1" 200 -
172.16.3.7 - - [06/Jun/2026:20:00:01 +0200] "HEAD /rhn/manager/download/sle-module-devtools15-sp7-updates-x86_64/media.1/media?eyJhbGciOiJIUzI1NiJ9.eyJqdGkiOiJfZU03QnpiMjRUMkcyUkhHbnM4Ykd3IiwiZXhwIjoxODEyMzA0NzEyLCJpYXQiOjE3ODA3Njg3MTIsIm5iZiI6MTc4MDc2ODU5Miwib3JnIjoxLCJvbmx5Q2hhbm5lbHMiOlsic2xlLW1vZHVsZS1kZXZ0b29sczE1LXNwNy11cGRhdGVzLXg4Nl82NCJdfQ.Oy3oHypOHS8WLhDkwlSXi09qbYgeBo-mslRwqQ5kak0 HTTP/1.1" 404 -
172.16.3.7 - - [06/Jun/2026:20:00:01 +0200] "HEAD /rhn/manager/download/sle-module-devtools15-sp7-updates-x86_64/repodata/repomd.xml?eyJhbGciOiJIUzI1NiJ9.eyJqdGkiOiJfZU03QnpiMjRUMkcyUkhHbnM4Ykd3IiwiZXhwIjoxODEyMzA0NzEyLCJpYXQiOjE3ODA3Njg3MTIsIm5iZiI6MTc4MDc2ODU5Miwib3JnIjoxLCJvbmx5Q2hhbm5lbHMiOlsic2xlLW1vZHVsZS1kZXZ0b29sczE1LXNwNy11cGRhdGVzLXg4Nl82NCJdfQ.Oy3oHypOHS8WLhDkwlSXi09qbYgeBo-mslRwqQ5kak0 HTTP/1.1" 200 -
172.16.3.5 - - [06/Jun/2026:20:00:00 +0200] "POST /rhn/manager/frontend-log HTTP/1.1" 200 42
172.16.3.7 - - [06/Jun/2026:20:00:01 +0200] "GET /rhn/manager/download/sle-module-devtools15-sp7-updates-x86_64/repodata/repomd.xml?eyJhbGciOiJIUzI1NiJ9.eyJqdGkiOiJfZU03QnpiMjRUMkcyUkhHbnM4Ykd3IiwiZXhwIjoxODEyMzA0NzEyLCJpYXQiOjE3ODA3Njg3MTIsIm5iZiI6MTc4MDc2ODU5Miwib3JnIjoxLCJvbmx5Q2hhbm5lbHMiOlsic2xlLW1vZHVsZS1kZXZ0b29sczE1LXNwNy11cGRhdGVzLXg4Nl82NCJdfQ.Oy3oHypOHS8WLhDkwlSXi09qbYgeBo-mslRwqQ5kak0 HTTP/1.1" 304 -
172.16.3.5 - - [06/Jun/2026:20:00:00 +0200] "POST /rhn/manager/frontend-log HTTP/1.1" 200 42
172.16.3.7 - - [06/Jun/2026:20:00:01 +0200] "HEAD /rhn/manager/download/sle-module-devtools15-sp7-updates-x86_64/repodata/repomd.xml.asc?eyJhbGciOiJIUzI1NiJ9.eyJqdGkiOiJfZU03QnpiMjRUMkcyUkhHbnM4Ykd3IiwiZXhwIjoxODEyMzA0NzEyLCJpYXQiOjE3ODA3Njg3MTIsIm5iZiI6MTc4MDc2ODU5Miwib3JnIjoxLCJvbmx5Q2hhbm5lbHMiOlsic2xlLW1vZHVsZS1kZXZ0b29sczE1LXNwNy11cGRhdGVzLXg4Nl82NCJdfQ.Oy3oHypOHS8WLhDkwlSXi09qbYgeBo-mslRwqQ5kak0 HTTP/1.1" 404 -
172.16.3.7 - - [06/Jun/2026:20:00:01 +0200] "HEAD /rhn/manager/download/sle-module-devtools15-sp7-updates-x86_64/repodata/815ddd14672476a63a9932daae9c658a504563accc2782d299866a6da15c6d18-primary.xml.gz?eyJhbGciOiJIUzI1NiJ9.eyJqdGkiOiJfZU03QnpiMjRUMkcyUkhHbnM4Ykd3IiwiZXhwIjoxODEyMzA0NzEyLCJpYXQiOjE3ODA3Njg3MTIsIm5iZiI6MTc4MDc2ODU5Miwib3JnIjoxLCJvbmx5Q2hhbm5lbHMiOlsic2xlLW1vZHVsZS1kZXZ0b29sczE1LXNwNy11cGRhdGVzLXg4Nl82NCJdfQ.Oy3oHypOHS8WLhDkwlSXi09qbYgeBo-mslRwqQ5kak0 HTTP/1.1" 200 -
172.16.3.5 - - [06/Jun/2026:20:00:00 +0200] "GET /rhn/websocket/notifications HTTP/1.1" 101 -
172.16.3.7 - - [06/Jun/2026:20:00:01 +0200] "GET /rhn/manager/download/sle-module-devtools15-sp7-updates-x86_64/repodata/815ddd14672476a63a9932daae9c658a504563accc2782d299866a6da15c6d18-primary.xml.gz?eyJhbGciOiJIUzI1NiJ9.eyJqdGkiOiJfZU03QnpiMjRUMkcyUkhHbnM4Ykd3IiwiZXhwIjoxODEyMzA0NzEyLCJpYXQiOjE3ODA3Njg3MTIsIm5iZiI6MTc4MDc2ODU5Miwib3JnIjoxLCJvbmx5Q2hhbm5lbHMiOlsic2xlLW1vZHVsZS1kZXZ0b29sczE1LXNwNy11cGRhdGVzLXg4Nl82NCJdfQ.Oy3oHypOHS8WLhDkwlSXi09qbYgeBo-mslRwqQ5kak0 HTTP/1.1" 304 -
172.16.3.7 - - [06/Jun/2026:20:00:02 +0200] "HEAD /rhn/manager/download/sle-module-devtools15-sp7-updates-x86_64/repodata/576541f52117cde098a6ae64d9bc27dece71ec534a426ce37b2b81ed0bf1555c-susedata.xml.gz?eyJhbGciOiJIUzI1NiJ9.eyJqdGkiOiJfZU03QnpiMjRUMkcyUkhHbnM4Ykd3IiwiZXhwIjoxODEyMzA0NzEyLCJpYXQiOjE3ODA3Njg3MTIsIm5iZiI6MTc4MDc2ODU5Miwib3JnIjoxLCJvbmx5Q2hhbm5lbHMiOlsic2xlLW1vZHVsZS1kZXZ0b29sczE1LXNwNy11cGRhdGVzLXg4Nl82NCJdfQ.Oy3oHypOHS8WLhDkwlSXi09qbYgeBo-mslRwqQ5kak0 HTTP/1.1" 200 -
172.16.3.7 - - [06/Jun/2026:20:00:02 +0200] "GET /rhn/manager/download/sle-module-devtools15-sp7-updates-x86_64/repodata/576541f52117cde098a6ae64d9bc27dece71ec534a426ce37b2b81ed0bf1555c-susedata.xml.gz?eyJhbGciOiJIUzI1NiJ9.eyJqdGkiOiJfZU03QnpiMjRUMkcyUkhHbnM4Ykd3IiwiZXhwIjoxODEyMzA0NzEyLCJpYXQiOjE3ODA3Njg3MTIsIm5iZiI6MTc4MDc2ODU5Miwib3JnIjoxLCJvbmx5Q2hhbm5lbHMiOlsic2xlLW1vZHVsZS1kZXZ0b29sczE1LXNwNy11cGRhdGVzLXg4Nl82NCJdfQ.Oy3oHypOHS8WLhDkwlSXi09qbYgeBo-mslRwqQ5kak0 HTTP/1.1" 304 -
172.16.3.7 - - [06/Jun/2026:20:00:02 +0200] "HEAD /rhn/manager/download/sle-module-devtools15-sp7-updates-x86_64/repodata/a9b917fb256b4db9cae1039b354842efa09e30c269d4d72c008579840f6a107d-updateinfo.xml.gz?eyJhbGciOiJIUzI1NiJ9.eyJqdGkiOiJfZU03QnpiMjRUMkcyUkhHbnM4Ykd3IiwiZXhwIjoxODEyMzA0NzEyLCJpYXQiOjE3ODA3Njg3MTIsIm5iZiI6MTc4MDc2ODU5Miwib3JnIjoxLCJvbmx5Q2hhbm5lbHMiOlsic2xlLW1vZHVsZS1kZXZ0b29sczE1LXNwNy11cGRhdGVzLXg4Nl82NCJdfQ.Oy3oHypOHS8WLhDkwlSXi09qbYgeBo-mslRwqQ5kak0 HTTP/1.1" 200 -
172.16.3.7 - - [06/Jun/2026:20:00:02 +0200] "GET /rhn/manager/download/sle-module-devtools15-sp7-updates-x86_64/repodata/a9b917fb256b4db9cae1039b354842efa09e30c269d4d72c008579840f6a107d-updateinfo.xml.gz?eyJhbGciOiJIUzI1NiJ9.eyJqdGkiOiJfZU03QnpiMjRUMkcyUkhHbnM4Ykd3IiwiZXhwIjoxODEyMzA0NzEyLCJpYXQiOjE3ODA3Njg3MTIsIm5iZiI6MTc4MDc2ODU5Miwib3JnIjoxLCJvbmx5Q2hhbm5lbHMiOlsic2xlLW1vZHVsZS1kZXZ0b29sczE1LXNwNy11cGRhdGVzLXg4Nl82NCJdfQ.Oy3oHypOHS8WLhDkwlSXi09qbYgeBo-mslRwqQ5kak0 HTTP/1.1" 304 -
172.16.3.5 - - [06/Jun/2026:20:00:00 +0200] "GET /rhn/systems/details/Overview.do?sid=1000010002 HTTP/1.1" 200 6957
172.16.3.5 - - [06/Jun/2026:19:59:58 +0200] "GET /rhn/websocket/notifications HTTP/1.1" 101 -
172.16.3.7 - - [06/Jun/2026:20:00:02 +0200] "HEAD /rhn/manager/download/sle-module-python3-15-sp7-updates-x86_64/repodata/repomd.xml?eyJhbGciOiJIUzI1NiJ9.eyJqdGkiOiJlaXR0QURlbkNPNG1YTW1UMW9MN213IiwiZXhwIjoxODEyMzA0NzEyLCJpYXQiOjE3ODA3Njg3MTIsIm5iZiI6MTc4MDc2ODU5Miwib3JnIjoxLCJvbmx5Q2hhbm5lbHMiOlsic2xlLW1vZHVsZS1weXRob24zLTE1LXNwNy11cGRhdGVzLXg4Nl82NCJdfQ.x9op7TVz28011qvYlTILJZCl8FF8szyY6qTfpSus8BE HTTP/1.1" 200 -
172.16.3.5 - - [06/Jun/2026:20:00:02 +0200] "POST /rhn/manager/frontend-log HTTP/1.1" 200 42
172.16.3.5 - - [06/Jun/2026:20:00:00 +0200] "GET /rhn/systems/details/history/Pending.do?sid=1000010004& HTTP/1.1" 200 6216
172.16.3.7 - - [06/Jun/2026:20:00:02 +0200] "HEAD /rhn/manager/download/sle-module-python3-15-sp7-updates-x86_64/media.1/media?eyJhbGciOiJIUzI1NiJ9.eyJqdGkiOiJlaXR0QURlbkNPNG1YTW1UMW9MN213IiwiZXhwIjoxODEyMzA0NzEyLCJpYXQiOjE3ODA3Njg3MTIsIm5iZiI6MTc4MDc2ODU5Miwib3JnIjoxLCJvbmx5Q2hhbm5lbHMiOlsic2xlLW1vZHVsZS1weXRob24zLTE1LXNwNy11cGRhdGVzLXg4Nl82NCJdfQ.x9op7TVz28011qvYlTILJZCl8FF8szyY6qTfpSus8BE HTTP/1.1" 404 -
172.16.3.7 - - [06/Jun/2026:20:00:02 +0200] "HEAD /rhn/manager/download/sle-module-python3-15-sp7-updates-x86_64/repodata/repomd.xml?eyJhbGciOiJIUzI1NiJ9.eyJqdGkiOiJlaXR0QURlbkNPNG1YTW1UMW9MN213IiwiZXhwIjoxODEyMzA0NzEyLCJpYXQiOjE3ODA3Njg3MTIsIm5iZiI6MTc4MDc2ODU5Miwib3JnIjoxLCJvbmx5Q2hhbm5lbHMiOlsic2xlLW1vZHVsZS1weXRob24zLTE1LXNwNy11cGRhdGVzLXg4Nl82NCJdfQ.x9op7TVz28011qvYlTILJZCl8FF8szyY6qTfpSus8BE HTTP/1.1" 200 -
172.16.3.5 - - [06/Jun/2026:20:00:02 +0200] "POST /rhn/manager/frontend-log HTTP/1.1" 200 42
172.16.3.5 - - [06/Jun/2026:20:00:02 +0200] "GET /img/favicon.ico?q=0.5494060454570624 HTTP/1.1" 200 1150
172.16.3.7 - - [06/Jun/2026:20:00:02 +0200] "GET /rhn/manager/download/sle-module-python3-15-sp7-updates-x86_64/repodata/repomd.xml?eyJhbGciOiJIUzI1NiJ9.eyJqdGkiOiJlaXR0QURlbkNPNG1YTW1UMW9MN213IiwiZXhwIjoxODEyMzA0NzEyLCJpYXQiOjE3ODA3Njg3MTIsIm5iZiI6MTc4MDc2ODU5Miwib3JnIjoxLCJvbmx5Q2hhbm5lbHMiOlsic2xlLW1vZHVsZS1weXRob24zLTE1LXNwNy11cGRhdGVzLXg4Nl82NCJdfQ.x9op7TVz28011qvYlTILJZCl8FF8szyY6qTfpSus8BE HTTP/1.1" 304 -
172.16.3.7 - - [06/Jun/2026:20:00:02 +0200] "HEAD /rhn/manager/download/sle-module-python3-15-sp7-updates-x86_64/repodata/repomd.xml.asc?eyJhbGciOiJIUzI1NiJ9.eyJqdGkiOiJlaXR0QURlbkNPNG1YTW1UMW9MN213IiwiZXhwIjoxODEyMzA0NzEyLCJpYXQiOjE3ODA3Njg3MTIsIm5iZiI6MTc4MDc2ODU5Miwib3JnIjoxLCJvbmx5Q2hhbm5lbHMiOlsic2xlLW1vZHVsZS1weXRob24zLTE1LXNwNy11cGRhdGVzLXg4Nl82NCJdfQ.x9op7TVz28011qvYlTILJZCl8FF8szyY6qTfpSus8BE HTTP/1.1" 404 -
172.16.3.7 - - [06/Jun/2026:20:00:03 +0200] "HEAD /rhn/manager/download/sle-module-python3-15-sp7-updates-x86_64/repodata/f4cb3b7e8eaa1c20c99192a85d29a5b20813456d53dd3e1b3b81f7fcab63ba17-primary.xml.gz?eyJhbGciOiJIUzI1NiJ9.eyJqdGkiOiJlaXR0QURlbkNPNG1YTW1UMW9MN213IiwiZXhwIjoxODEyMzA0NzEyLCJpYXQiOjE3ODA3Njg3MTIsIm5iZiI6MTc4MDc2ODU5Miwib3JnIjoxLCJvbmx5Q2hhbm5lbHMiOlsic2xlLW1vZHVsZS1weXRob24zLTE1LXNwNy11cGRhdGVzLXg4Nl82NCJdfQ.x9op7TVz28011qvYlTILJZCl8FF8szyY6qTfpSus8BE HTTP/1.1" 200 -
172.16.3.5 - - [06/Jun/2026:20:00:02 +0200] "POST /rhn/manager/frontend-log HTTP/1.1" 200 42
172.16.3.5 - - [06/Jun/2026:20:00:02 +0200] "GET /rhn/websocket/notifications HTTP/1.1" 101 -
172.16.3.5 - - [06/Jun/2026:20:00:00 +0200] "POST /rhn/manager/api/auth/login HTTP/1.1" 200 42
172.16.3.7 - - [06/Jun/2026:20:00:03 +0200] "GET /rhn/manager/download/sle-module-python3-15-sp7-updates-x86_64/repodata/f4cb3b7e8eaa1c20c99192a85d29a5b20813456d53dd3e1b3b81f7fcab63ba17-primary.xml.gz?eyJhbGciOiJIUzI1NiJ9.eyJqdGkiOiJlaXR0QURlbkNPNG1YTW1UMW9MN213IiwiZXhwIjoxODEyMzA0NzEyLCJpYXQiOjE3ODA3Njg3MTIsIm5iZiI6MTc4MDc2ODU5Miwib3JnIjoxLCJvbmx5Q2hhbm5lbHMiOlsic2xlLW1vZHVsZS1weXRob24zLTE1LXNwNy11cGRhdGVzLXg4Nl82NCJdfQ.x9op7TVz28011qvYlTILJZCl8FF8szyY6qTfpSus8BE HTTP/1.1" 304 -
172.16.3.5 - - [06/Jun/2026:20:00:02 +0200] "GET /rhn/systems/details/packages/Packages.do?sid=1000010002& HTTP/1.1" 200 6086
172.16.3.7 - - [06/Jun/2026:20:00:03 +0200] "HEAD /rhn/manager/download/sle-module-python3-15-sp7-updates-x86_64/repodata/14a03e4abf28be37f9ea6ba53493b0c71f87d0cb6f70e34dbdfb12661e090cd1-susedata.xml.gz?eyJhbGciOiJIUzI1NiJ9.eyJqdGkiOiJlaXR0QURlbkNPNG1YTW1UMW9MN213IiwiZXhwIjoxODEyMzA0NzEyLCJpYXQiOjE3ODA3Njg3MTIsIm5iZiI6MTc4MDc2ODU5Miwib3JnIjoxLCJvbmx5Q2hhbm5lbHMiOlsic2xlLW1vZHVsZS1weXRob24zLTE1LXNwNy11cGRhdGVzLXg4Nl82NCJdfQ.x9op7TVz28011qvYlTILJZCl8FF8szyY6qTfpSus8BE HTTP/1.1" 200 -
172.16.3.5 - - [06/Jun/2026:20:00:03 +0200] "GET /img/favicon.ico?q=0.3791175535749395 HTTP/1.1" 200 1150
172.16.3.7 - - [06/Jun/2026:20:00:03 +0200] "GET /rhn/manager/download/sle-module-python3-15-sp7-updates-x86_64/repodata/14a03e4abf28be37f9ea6ba53493b0c71f87d0cb6f70e34dbdfb12661e090cd1-susedata.xml.gz?eyJhbGciOiJIUzI1NiJ9.eyJqdGkiOiJlaXR0QURlbkNPNG1YTW1UMW9MN213IiwiZXhwIjoxODEyMzA0NzEyLCJpYXQiOjE3ODA3Njg3MTIsIm5iZiI6MTc4MDc2ODU5Miwib3JnIjoxLCJvbmx5Q2hhbm5lbHMiOlsic2xlLW1vZHVsZS1weXRob24zLTE1LXNwNy11cGRhdGVzLXg4Nl82NCJdfQ.x9op7TVz28011qvYlTILJZCl8FF8szyY6qTfpSus8BE HTTP/1.1" 304 -
172.16.3.7 - - [06/Jun/2026:20:00:03 +0200] "HEAD /rhn/manager/download/sle-module-python3-15-sp7-updates-x86_64/repodata/d6b2eb031a3c33507463321ac3b63942ffdf1a1c5de0d897784e8f9226606cab-updateinfo.xml.gz?eyJhbGciOiJIUzI1NiJ9.eyJqdGkiOiJlaXR0QURlbkNPNG1YTW1UMW9MN213IiwiZXhwIjoxODEyMzA0NzEyLCJpYXQiOjE3ODA3Njg3MTIsIm5iZiI6MTc4MDc2ODU5Miwib3JnIjoxLCJvbmx5Q2hhbm5lbHMiOlsic2xlLW1vZHVsZS1weXRob24zLTE1LXNwNy11cGRhdGVzLXg4Nl82NCJdfQ.x9op7TVz28011qvYlTILJZCl8FF8szyY6qTfpSus8BE HTTP/1.1" 200 -
172.16.3.5 - - [06/Jun/2026:20:00:02 +0200] "GET /rhn/systems/details/history/Pending.do?sid=1000010004& HTTP/1.1" 200 6216
172.16.3.5 - - [06/Jun/2026:20:00:03 +0200] "GET /rhn/websocket/notifications HTTP/1.1" 101 -
172.16.3.5 - - [06/Jun/2026:20:00:03 +0200] "POST /rhn/manager/api/system/searchByName HTTP/1.1" 200 151
172.16.3.5 - - [06/Jun/2026:20:00:03 +0200] "POST /rhn/manager/frontend-log HTTP/1.1" 200 42
172.16.3.5 - - [06/Jun/2026:20:00:03 +0200] "GET /img/favicon.ico?q=0.35881342780568304 HTTP/1.1" 200 1150
172.16.3.7 - - [06/Jun/2026:20:00:03 +0200] "GET /rhn/manager/download/sle-module-python3-15-sp7-updates-x86_64/repodata/d6b2eb031a3c33507463321ac3b63942ffdf1a1c5de0d897784e8f9226606cab-updateinfo.xml.gz?eyJhbGciOiJIUzI1NiJ9.eyJqdGkiOiJlaXR0QURlbkNPNG1YTW1UMW9MN213IiwiZXhwIjoxODEyMzA0NzEyLCJpYXQiOjE3ODA3Njg3MTIsIm5iZiI6MTc4MDc2ODU5Miwib3JnIjoxLCJvbmx5Q2hhbm5lbHMiOlsic2xlLW1vZHVsZS1weXRob24zLTE1LXNwNy11cGRhdGVzLXg4Nl82NCJdfQ.x9op7TVz28011qvYlTILJZCl8FF8szyY6qTfpSus8BE HTTP/1.1" 304 -
172.16.3.7 - - [06/Jun/2026:20:00:03 +0200] "HEAD /rhn/manager/download/sle-module-server-applications15-sp7-updates-x86_64/repodata/repomd.xml?eyJhbGciOiJIUzI1NiJ9.eyJqdGkiOiJzODY4ck02N1Z6aVRJc29wSEFZZ3J3IiwiZXhwIjoxODEyMzA0NzEyLCJpYXQiOjE3ODA3Njg3MTIsIm5iZiI6MTc4MDc2ODU5Miwib3JnIjoxLCJvbmx5Q2hhbm5lbHMiOlsic2xlLW1vZHVsZS1zZXJ2ZXItYXBwbGljYXRpb25zMTUtc3A3LXVwZGF0ZXMteDg2XzY0Il19.fBtj4oCBDnqC8L-3so-aIFOIJrW_1JkhFL1VTIHHiPo HTTP/1.1" 200 -
172.16.3.7 - - [06/Jun/2026:20:00:03 +0200] "HEAD /rhn/manager/download/sle-module-server-applications15-sp7-updates-x86_64/media.1/media?eyJhbGciOiJIUzI1NiJ9.eyJqdGkiOiJzODY4ck02N1Z6aVRJc29wSEFZZ3J3IiwiZXhwIjoxODEyMzA0NzEyLCJpYXQiOjE3ODA3Njg3MTIsIm5iZiI6MTc4MDc2ODU5Miwib3JnIjoxLCJvbmx5Q2hhbm5lbHMiOlsic2xlLW1vZHVsZS1zZXJ2ZXItYXBwbGljYXRpb25zMTUtc3A3LXVwZGF0ZXMteDg2XzY0Il19.fBtj4oCBDnqC8L-3so-aIFOIJrW_1JkhFL1VTIHHiPo HTTP/1.1" 404 -
172.16.3.5 - - [06/Jun/2026:20:00:03 +0200] "POST /rhn/manager/frontend-log HTTP/1.1" 200 42
172.16.3.5 - - [06/Jun/2026:20:00:03 +0200] "GET /rhn/manager/api/auth/logout HTTP/1.1" 200 42
172.16.3.7 - - [06/Jun/2026:20:00:03 +0200] "HEAD /rhn/manager/download/sle-module-server-applications15-sp7-updates-x86_64/repodata/repomd.xml?eyJhbGciOiJIUzI1NiJ9.eyJqdGkiOiJzODY4ck02N1Z6aVRJc29wSEFZZ3J3IiwiZXhwIjoxODEyMzA0NzEyLCJpYXQiOjE3ODA3Njg3MTIsIm5iZiI6MTc4MDc2ODU5Miwib3JnIjoxLCJvbmx5Q2hhbm5lbHMiOlsic2xlLW1vZHVsZS1zZXJ2ZXItYXBwbGljYXRpb25zMTUtc3A3LXVwZGF0ZXMteDg2XzY0Il19.fBtj4oCBDnqC8L-3so-aIFOIJrW_1JkhFL1VTIHHiPo HTTP/1.1" 200 -
172.16.3.5 - - [06/Jun/2026:19:59:38 +0200] "GET /rhn/websocket/notifications HTTP/1.1" 101 -
172.16.3.7 - - [06/Jun/2026:20:00:03 +0200] "GET /rhn/manager/download/sle-module-server-applications15-sp7-updates-x86_64/repodata/repomd.xml?eyJhbGciOiJIUzI1NiJ9.eyJqdGkiOiJzODY4ck02N1Z6aVRJc29wSEFZZ3J3IiwiZXhwIjoxODEyMzA0NzEyLCJpYXQiOjE3ODA3Njg3MTIsIm5iZiI6MTc4MDc2ODU5Miwib3JnIjoxLCJvbmx5Q2hhbm5lbHMiOlsic2xlLW1vZHVsZS1zZXJ2ZXItYXBwbGljYXRpb25zMTUtc3A3LXVwZGF0ZXMteDg2XzY0Il19.fBtj4oCBDnqC8L-3so-aIFOIJrW_1JkhFL1VTIHHiPo HTTP/1.1" 304 -
172.16.3.7 - - [06/Jun/2026:20:00:03 +0200] "HEAD /rhn/manager/download/sle-module-server-applications15-sp7-updates-x86_64/repodata/repomd.xml.asc?eyJhbGciOiJIUzI1NiJ9.eyJqdGkiOiJzODY4ck02N1Z6aVRJc29wSEFZZ3J3IiwiZXhwIjoxODEyMzA0NzEyLCJpYXQiOjE3ODA3Njg3MTIsIm5iZiI6MTc4MDc2ODU5Miwib3JnIjoxLCJvbmx5Q2hhbm5lbHMiOlsic2xlLW1vZHVsZS1zZXJ2ZXItYXBwbGljYXRpb25zMTUtc3A3LXVwZGF0ZXMteDg2XzY0Il19.fBtj4oCBDnqC8L-3so-aIFOIJrW_1JkhFL1VTIHHiPo HTTP/1.1" 404 -
172.16.3.7 - - [06/Jun/2026:20:00:04 +0200] "HEAD /rhn/manager/download/sle-module-server-applications15-sp7-updates-x86_64/repodata/75d6930a3469bf494731d483e30791542ba29f08da1ae8ad32a90d95f71ff548-primary.xml.gz?eyJhbGciOiJIUzI1NiJ9.eyJqdGkiOiJzODY4ck02N1Z6aVRJc29wSEFZZ3J3IiwiZXhwIjoxODEyMzA0NzEyLCJpYXQiOjE3ODA3Njg3MTIsIm5iZiI6MTc4MDc2ODU5Miwib3JnIjoxLCJvbmx5Q2hhbm5lbHMiOlsic2xlLW1vZHVsZS1zZXJ2ZXItYXBwbGljYXRpb25zMTUtc3A3LXVwZGF0ZXMteDg2XzY0Il19.fBtj4oCBDnqC8L-3so-aIFOIJrW_1JkhFL1VTIHHiPo HTTP/1.1" 200 -
172.16.3.5 - - [06/Jun/2026:20:00:03 +0200] "GET /rhn/websocket/notifications HTTP/1.1" 101 -
172.16.3.7 - - [06/Jun/2026:20:00:04 +0200] "GET /rhn/manager/download/sle-module-server-applications15-sp7-updates-x86_64/repodata/75d6930a3469bf494731d483e30791542ba29f08da1ae8ad32a90d95f71ff548-primary.xml.gz?eyJhbGciOiJIUzI1NiJ9.eyJqdGkiOiJzODY4ck02N1Z6aVRJc29wSEFZZ3J3IiwiZXhwIjoxODEyMzA0NzEyLCJpYXQiOjE3ODA3Njg3MTIsIm5iZiI6MTc4MDc2ODU5Miwib3JnIjoxLCJvbmx5Q2hhbm5lbHMiOlsic2xlLW1vZHVsZS1zZXJ2ZXItYXBwbGljYXRpb25zMTUtc3A3LXVwZGF0ZXMteDg2XzY0Il19.fBtj4oCBDnqC8L-3so-aIFOIJrW_1JkhFL1VTIHHiPo HTTP/1.1" 304 -
172.16.3.7 - - [06/Jun/2026:20:00:04 +0200] "HEAD /rhn/manager/download/sle-module-server-applications15-sp7-updates-x86_64/repodata/5c0894efd00d8229effe0311255458135f27c1af5b6cd210a8e74e4ee2569feb-susedata.xml.gz?eyJhbGciOiJIUzI1NiJ9.eyJqdGkiOiJzODY4ck02N1Z6aVRJc29wSEFZZ3J3IiwiZXhwIjoxODEyMzA0NzEyLCJpYXQiOjE3ODA3Njg3MTIsIm5iZiI6MTc4MDc2ODU5Miwib3JnIjoxLCJvbmx5Q2hhbm5lbHMiOlsic2xlLW1vZHVsZS1zZXJ2ZXItYXBwbGljYXRpb25zMTUtc3A3LXVwZGF0ZXMteDg2XzY0Il19.fBtj4oCBDnqC8L-3so-aIFOIJrW_1JkhFL1VTIHHiPo HTTP/1.1" 200 -
172.16.3.7 - - [06/Jun/2026:20:00:04 +0200] "GET /rhn/manager/download/sle-module-server-applications15-sp7-updates-x86_64/repodata/5c0894efd00d8229effe0311255458135f27c1af5b6cd210a8e74e4ee2569feb-susedata.xml.gz?eyJhbGciOiJIUzI1NiJ9.eyJqdGkiOiJzODY4ck02N1Z6aVRJc29wSEFZZ3J3IiwiZXhwIjoxODEyMzA0NzEyLCJpYXQiOjE3ODA3Njg3MTIsIm5iZiI6MTc4MDc2ODU5Miwib3JnIjoxLCJvbmx5Q2hhbm5lbHMiOlsic2xlLW1vZHVsZS1zZXJ2ZXItYXBwbGljYXRpb25zMTUtc3A3LXVwZGF0ZXMteDg2XzY0Il19.fBtj4oCBDnqC8L-3so-aIFOIJrW_1JkhFL1VTIHHiPo HTTP/1.1" 304 -
172.16.3.7 - - [06/Jun/2026:20:00:04 +0200] "HEAD /rhn/manager/download/sle-module-server-applications15-sp7-updates-x86_64/repodata/eb69d23510da044ddc947ebd1ee2f38f23463f8f71fe1e4a1e1ef0053e5d7a01-updateinfo.xml.gz?eyJhbGciOiJIUzI1NiJ9.eyJqdGkiOiJzODY4ck02N1Z6aVRJc29wSEFZZ3J3IiwiZXhwIjoxODEyMzA0NzEyLCJpYXQiOjE3ODA3Njg3MTIsIm5iZiI6MTc4MDc2ODU5Miwib3JnIjoxLCJvbmx5Q2hhbm5lbHMiOlsic2xlLW1vZHVsZS1zZXJ2ZXItYXBwbGljYXRpb25zMTUtc3A3LXVwZGF0ZXMteDg2XzY0Il19.fBtj4oCBDnqC8L-3so-aIFOIJrW_1JkhFL1VTIHHiPo HTTP/1.1" 200 -
172.16.3.7 - - [06/Jun/2026:20:00:04 +0200] "GET /rhn/manager/download/sle-module-server-applications15-sp7-updates-x86_64/repodata/eb69d23510da044ddc947ebd1ee2f38f23463f8f71fe1e4a1e1ef0053e5d7a01-updateinfo.xml.gz?eyJhbGciOiJIUzI1NiJ9.eyJqdGkiOiJzODY4ck02N1Z6aVRJc29wSEFZZ3J3IiwiZXhwIjoxODEyMzA0NzEyLCJpYXQiOjE3ODA3Njg3MTIsIm5iZiI6MTc4MDc2ODU5Miwib3JnIjoxLCJvbmx5Q2hhbm5lbHMiOlsic2xlLW1vZHVsZS1zZXJ2ZXItYXBwbGljYXRpb25zMTUtc3A3LXVwZGF0ZXMteDg2XzY0Il19.fBtj4oCBDnqC8L-3so-aIFOIJrW_1JkhFL1VTIHHiPo HTTP/1.1" 304 -
172.16.3.5 - - [06/Jun/2026:20:00:03 +0200] "GET /rhn/systems/details/SystemChannels.do?sid=1000010002& HTTP/1.1" 200 5862
172.16.3.5 - - [06/Jun/2026:20:00:04 +0200] "GET /img/favicon.ico?q=0.20138399301067045 HTTP/1.1" 200 1150
172.16.3.5 - - [06/Jun/2026:20:00:04 +0200] "GET /javascript/manager/html_src_components_action-schedule_tsx.118292a2975e0928a9ec.js HTTP/1.1" 200 3381
172.16.3.5 - - [06/Jun/2026:20:00:04 +0200] "GET /css/html_src_components_input_select_withCustomComponents_tsx-html_src_manager_systems_subscribe--101ff7.e2afb475bce17e52bd16.css HTTP/1.1" 200 238
172.16.3.5 - - [06/Jun/2026:20:00:04 +0200] "GET /javascript/manager/html_src_components_input_select_withCustomComponents_tsx-html_src_manager_systems_subscribe--101ff7.e2afb475bce17e52bd16.js HTTP/1.1" 200 7975
172.16.3.5 - - [06/Jun/2026:20:00:03 +0200] "GET /rhn/systems/details/history/History.do?sid=1000010004& HTTP/1.1" 200 6876
172.16.3.5 - - [06/Jun/2026:20:00:04 +0200] "GET /img/favicon.ico?q=0.25207512792743614 HTTP/1.1" 200 1150
172.16.3.7 - - [06/Jun/2026:20:00:04 +0200] "HEAD /rhn/manager/download/sle-module-systems-management-15-sp7-updates-x86_64/repodata/repomd.xml?eyJhbGciOiJIUzI1NiJ9.eyJqdGkiOiJYYjlZemtlYzVIQ21PcUJvNW5BTXJBIiwiZXhwIjoxODEyMzA0NzEyLCJpYXQiOjE3ODA3Njg3MTIsIm5iZiI6MTc4MDc2ODU5Miwib3JnIjoxLCJvbmx5Q2hhbm5lbHMiOlsic2xlLW1vZHVsZS1zeXN0ZW1zLW1hbmFnZW1lbnQtMTUtc3A3LXVwZGF0ZXMteDg2XzY0Il19.XkxSvjoAgdpjiXFqE97UJZn6DdeZDJVuTc_MeXnmLF0 HTTP/1.1" 200 -
172.16.3.5 - - [06/Jun/2026:20:00:04 +0200] "POST /rhn/manager/frontend-log HTTP/1.1" 200 42
172.16.3.7 - - [06/Jun/2026:20:00:04 +0200] "HEAD /rhn/manager/download/sle-module-systems-management-15-sp7-updates-x86_64/media.1/media?eyJhbGciOiJIUzI1NiJ9.eyJqdGkiOiJYYjlZemtlYzVIQ21PcUJvNW5BTXJBIiwiZXhwIjoxODEyMzA0NzEyLCJpYXQiOjE3ODA3Njg3MTIsIm5iZiI6MTc4MDc2ODU5Miwib3JnIjoxLCJvbmx5Q2hhbm5lbHMiOlsic2xlLW1vZHVsZS1zeXN0ZW1zLW1hbmFnZW1lbnQtMTUtc3A3LXVwZGF0ZXMteDg2XzY0Il19.XkxSvjoAgdpjiXFqE97UJZn6DdeZDJVuTc_MeXnmLF0 HTTP/1.1" 404 -
172.16.3.5 - - [06/Jun/2026:20:00:04 +0200] "GET /rhn/manager/api/systems/1000010002/channels-available-base HTTP/1.1" 200 169
172.16.3.7 - - [06/Jun/2026:20:00:04 +0200] "HEAD /rhn/manager/download/sle-module-systems-management-15-sp7-updates-x86_64/repodata/repomd.xml?eyJhbGciOiJIUzI1NiJ9.eyJqdGkiOiJYYjlZemtlYzVIQ21PcUJvNW5BTXJBIiwiZXhwIjoxODEyMzA0NzEyLCJpYXQiOjE3ODA3Njg3MTIsIm5iZiI6MTc4MDc2ODU5Miwib3JnIjoxLCJvbmx5Q2hhbm5lbHMiOlsic2xlLW1vZHVsZS1zeXN0ZW1zLW1hbmFnZW1lbnQtMTUtc3A3LXVwZGF0ZXMteDg2XzY0Il19.XkxSvjoAgdpjiXFqE97UJZn6DdeZDJVuTc_MeXnmLF0 HTTP/1.1" 200 -
172.16.3.7 - - [06/Jun/2026:20:00:04 +0200] "GET /rhn/manager/download/sle-module-systems-management-15-sp7-updates-x86_64/repodata/repomd.xml?eyJhbGciOiJIUzI1NiJ9.eyJqdGkiOiJYYjlZemtlYzVIQ21PcUJvNW5BTXJBIiwiZXhwIjoxODEyMzA0NzEyLCJpYXQiOjE3ODA3Njg3MTIsIm5iZiI6MTc4MDc2ODU5Miwib3JnIjoxLCJvbmx5Q2hhbm5lbHMiOlsic2xlLW1vZHVsZS1zeXN0ZW1zLW1hbmFnZW1lbnQtMTUtc3A3LXVwZGF0ZXMteDg2XzY0Il19.XkxSvjoAgdpjiXFqE97UJZn6DdeZDJVuTc_MeXnmLF0 HTTP/1.1" 304 -
172.16.3.5 - - [06/Jun/2026:20:00:04 +0200] "POST /rhn/manager/frontend-log HTTP/1.1" 200 42
172.16.3.5 - - [06/Jun/2026:20:00:04 +0200] "GET /rhn/manager/api/systems/1000010002/channels HTTP/1.1" 200 253
172.16.3.7 - - [06/Jun/2026:20:00:04 +0200] "HEAD /rhn/manager/download/sle-module-systems-management-15-sp7-updates-x86_64/repodata/repomd.xml.asc?eyJhbGciOiJIUzI1NiJ9.eyJqdGkiOiJYYjlZemtlYzVIQ21PcUJvNW5BTXJBIiwiZXhwIjoxODEyMzA0NzEyLCJpYXQiOjE3ODA3Njg3MTIsIm5iZiI6MTc4MDc2ODU5Miwib3JnIjoxLCJvbmx5Q2hhbm5lbHMiOlsic2xlLW1vZHVsZS1zeXN0ZW1zLW1hbmFnZW1lbnQtMTUtc3A3LXVwZGF0ZXMteDg2XzY0Il19.XkxSvjoAgdpjiXFqE97UJZn6DdeZDJVuTc_MeXnmLF0 HTTP/1.1" 404 -
172.16.3.7 - - [06/Jun/2026:20:00:04 +0200] "HEAD /rhn/manager/download/sle-module-systems-management-15-sp7-updates-x86_64/repodata/a4a8982be2c0e5c56cefb568f524678e1034767300c113f84a3a1171c72693f9-primary.xml.gz?eyJhbGciOiJIUzI1NiJ9.eyJqdGkiOiJYYjlZemtlYzVIQ21PcUJvNW5BTXJBIiwiZXhwIjoxODEyMzA0NzEyLCJpYXQiOjE3ODA3Njg3MTIsIm5iZiI6MTc4MDc2ODU5Miwib3JnIjoxLCJvbmx5Q2hhbm5lbHMiOlsic2xlLW1vZHVsZS1zeXN0ZW1zLW1hbmFnZW1lbnQtMTUtc3A3LXVwZGF0ZXMteDg2XzY0Il19.XkxSvjoAgdpjiXFqE97UJZn6DdeZDJVuTc_MeXnmLF0 HTTP/1.1" 200 -
172.16.3.7 - - [06/Jun/2026:20:00:04 +0200] "GET /rhn/manager/download/sle-module-systems-management-15-sp7-updates-x86_64/repodata/a4a8982be2c0e5c56cefb568f524678e1034767300c113f84a3a1171c72693f9-primary.xml.gz?eyJhbGciOiJIUzI1NiJ9.eyJqdGkiOiJYYjlZemtlYzVIQ21PcUJvNW5BTXJBIiwiZXhwIjoxODEyMzA0NzEyLCJpYXQiOjE3ODA3Njg3MTIsIm5iZiI6MTc4MDc2ODU5Miwib3JnIjoxLCJvbmx5Q2hhbm5lbHMiOlsic2xlLW1vZHVsZS1zeXN0ZW1zLW1hbmFnZW1lbnQtMTUtc3A3LXVwZGF0ZXMteDg2XzY0Il19.XkxSvjoAgdpjiXFqE97UJZn6DdeZDJVuTc_MeXnmLF0 HTTP/1.1" 304 -
172.16.3.7 - - [06/Jun/2026:20:00:04 +0200] "HEAD /rhn/manager/download/sle-module-systems-management-15-sp7-updates-x86_64/repodata/218c58f7eff7f094a0f35ef3ba1827b7c9dc8e4f8a65d96901ed1b548efdbe15-susedata.xml.gz?eyJhbGciOiJIUzI1NiJ9.eyJqdGkiOiJYYjlZemtlYzVIQ21PcUJvNW5BTXJBIiwiZXhwIjoxODEyMzA0NzEyLCJpYXQiOjE3ODA3Njg3MTIsIm5iZiI6MTc4MDc2ODU5Miwib3JnIjoxLCJvbmx5Q2hhbm5lbHMiOlsic2xlLW1vZHVsZS1zeXN0ZW1zLW1hbmFnZW1lbnQtMTUtc3A3LXVwZGF0ZXMteDg2XzY0Il19.XkxSvjoAgdpjiXFqE97UJZn6DdeZDJVuTc_MeXnmLF0 HTTP/1.1" 200 -
172.16.3.5 - - [06/Jun/2026:20:00:04 +0200] "GET /rhn/websocket/notifications HTTP/1.1" 101 -
172.16.3.7 - - [06/Jun/2026:20:00:04 +0200] "GET /rhn/manager/download/sle-module-systems-management-15-sp7-updates-x86_64/repodata/218c58f7eff7f094a0f35ef3ba1827b7c9dc8e4f8a65d96901ed1b548efdbe15-susedata.xml.gz?eyJhbGciOiJIUzI1NiJ9.eyJqdGkiOiJYYjlZemtlYzVIQ21PcUJvNW5BTXJBIiwiZXhwIjoxODEyMzA0NzEyLCJpYXQiOjE3ODA3Njg3MTIsIm5iZiI6MTc4MDc2ODU5Miwib3JnIjoxLCJvbmx5Q2hhbm5lbHMiOlsic2xlLW1vZHVsZS1zeXN0ZW1zLW1hbmFnZW1lbnQtMTUtc3A3LXVwZGF0ZXMteDg2XzY0Il19.XkxSvjoAgdpjiXFqE97UJZn6DdeZDJVuTc_MeXnmLF0 HTTP/1.1" 304 -
172.16.3.5 - - [06/Jun/2026:20:00:03 +0200] "GET /rhn/systems/details/Overview.do?sid=1000010003 HTTP/1.1" 200 7319
172.16.3.5 - - [06/Jun/2026:19:59:54 +0200] "GET /rhn/websocket/notifications HTTP/1.1" 101 -
172.16.3.7 - - [06/Jun/2026:20:00:04 +0200] "HEAD /rhn/manager/download/sle-module-systems-management-15-sp7-updates-x86_64/repodata/34a01571a3467c3553e9ca6124c781de11fafaed72c0a061fe9fad1ad175f8c9-updateinfo.xml.gz?eyJhbGciOiJIUzI1NiJ9.eyJqdGkiOiJYYjlZemtlYzVIQ21PcUJvNW5BTXJBIiwiZXhwIjoxODEyMzA0NzEyLCJpYXQiOjE3ODA3Njg3MTIsIm5iZiI6MTc4MDc2ODU5Miwib3JnIjoxLCJvbmx5Q2hhbm5lbHMiOlsic2xlLW1vZHVsZS1zeXN0ZW1zLW1hbmFnZW1lbnQtMTUtc3A3LXVwZGF0ZXMteDg2XzY0Il19.XkxSvjoAgdpjiXFqE97UJZn6DdeZDJVuTc_MeXnmLF0 HTTP/1.1" 200 -
172.16.3.5 - - [06/Jun/2026:20:00:04 +0200] "GET /rhn/manager/api/systems/1000010002/channels/128/accessible-children?oldBaseChannelId=128 HTTP/1.1" 200 201
172.16.3.7 - - [06/Jun/2026:20:00:04 +0200] "GET /rhn/manager/download/sle-module-systems-management-15-sp7-updates-x86_64/repodata/34a01571a3467c3553e9ca6124c781de11fafaed72c0a061fe9fad1ad175f8c9-updateinfo.xml.gz?eyJhbGciOiJIUzI1NiJ9.eyJqdGkiOiJYYjlZemtlYzVIQ21PcUJvNW5BTXJBIiwiZXhwIjoxODEyMzA0NzEyLCJpYXQiOjE3ODA3Njg3MTIsIm5iZiI6MTc4MDc2ODU5Miwib3JnIjoxLCJvbmx5Q2hhbm5lbHMiOlsic2xlLW1vZHVsZS1zeXN0ZW1zLW1hbmFnZW1lbnQtMTUtc3A3LXVwZGF0ZXMteDg2XzY0Il19.XkxSvjoAgdpjiXFqE97UJZn6DdeZDJVuTc_MeXnmLF0 HTTP/1.1" 304 -
172.16.3.7 - - [06/Jun/2026:20:00:05 +0200] "HEAD /rhn/manager/download/sle-product-sles15-sp7-updates-x86_64/repodata/repomd.xml?eyJhbGciOiJIUzI1NiJ9.eyJqdGkiOiJCVlZ5QjIxeFpYcEI2Q3NVVklERmh3IiwiZXhwIjoxODEyMzA0NzEyLCJpYXQiOjE3ODA3Njg3MTIsIm5iZiI6MTc4MDc2ODU5Miwib3JnIjoxLCJvbmx5Q2hhbm5lbHMiOlsic2xlLXByb2R1Y3Qtc2xlczE1LXNwNy11cGRhdGVzLXg4Nl82NCJdfQ.xe5TQqKWa3ypAGPx4-i0A3nZqwu00RcxXWfjRYgsUUI HTTP/1.1" 200 -
172.16.3.5 - - [06/Jun/2026:20:00:04 +0200] "POST /rhn/manager/frontend-log HTTP/1.1" 200 42
172.16.3.7 - - [06/Jun/2026:20:00:05 +0200] "HEAD /rhn/manager/download/sle-product-sles15-sp7-updates-x86_64/media.1/media?eyJhbGciOiJIUzI1NiJ9.eyJqdGkiOiJCVlZ5QjIxeFpYcEI2Q3NVVklERmh3IiwiZXhwIjoxODEyMzA0NzEyLCJpYXQiOjE3ODA3Njg3MTIsIm5iZiI6MTc4MDc2ODU5Miwib3JnIjoxLCJvbmx5Q2hhbm5lbHMiOlsic2xlLXByb2R1Y3Qtc2xlczE1LXNwNy11cGRhdGVzLXg4Nl82NCJdfQ.xe5TQqKWa3ypAGPx4-i0A3nZqwu00RcxXWfjRYgsUUI HTTP/1.1" 404 -
172.16.3.7 - - [06/Jun/2026:20:00:05 +0200] "HEAD /rhn/manager/download/sle-product-sles15-sp7-updates-x86_64/repodata/repomd.xml?eyJhbGciOiJIUzI1NiJ9.eyJqdGkiOiJCVlZ5QjIxeFpYcEI2Q3NVVklERmh3IiwiZXhwIjoxODEyMzA0NzEyLCJpYXQiOjE3ODA3Njg3MTIsIm5iZiI6MTc4MDc2ODU5Miwib3JnIjoxLCJvbmx5Q2hhbm5lbHMiOlsic2xlLXByb2R1Y3Qtc2xlczE1LXNwNy11cGRhdGVzLXg4Nl82NCJdfQ.xe5TQqKWa3ypAGPx4-i0A3nZqwu00RcxXWfjRYgsUUI HTTP/1.1" 200 -
172.16.3.7 - - [06/Jun/2026:20:00:05 +0200] "HEAD /rhn/manager/download/sle-product-sles15-sp7-updates-x86_64/repodata/repomd.xml.asc?eyJhbGciOiJIUzI1NiJ9.eyJqdGkiOiJCVlZ5QjIxeFpYcEI2Q3NVVklERmh3IiwiZXhwIjoxODEyMzA0NzEyLCJpYXQiOjE3ODA3Njg3MTIsIm5iZiI6MTc4MDc2ODU5Miwib3JnIjoxLCJvbmx5Q2hhbm5lbHMiOlsic2xlLXByb2R1Y3Qtc2xlczE1LXNwNy11cGRhdGVzLXg4Nl82NCJdfQ.xe5TQqKWa3ypAGPx4-i0A3nZqwu00RcxXWfjRYgsUUI HTTP/1.1" 404 -
172.16.3.5 - - [06/Jun/2026:20:00:04 +0200] "GET /rhn/systems/details/history/Event.do?sid=1000010004&aid=26 HTTP/1.1" 200 6172
172.16.3.7 - - [06/Jun/2026:20:00:05 +0200] "HEAD /rhn/manager/download/sle-product-sles15-sp7-updates-x86_64/repodata/86c3b269b81bb391f309bffa155fe6b984bd614e39288d551923b87bbbdd6a91-primary.xml.gz?eyJhbGciOiJIUzI1NiJ9.eyJqdGkiOiJCVlZ5QjIxeFpYcEI2Q3NVVklERmh3IiwiZXhwIjoxODEyMzA0NzEyLCJpYXQiOjE3ODA3Njg3MTIsIm5iZiI6MTc4MDc2ODU5Miwib3JnIjoxLCJvbmx5Q2hhbm5lbHMiOlsic2xlLXByb2R1Y3Qtc2xlczE1LXNwNy11cGRhdGVzLXg4Nl82NCJdfQ.xe5TQqKWa3ypAGPx4-i0A3nZqwu00RcxXWfjRYgsUUI HTTP/1.1" 200 -
172.16.3.5 - - [06/Jun/2026:20:00:05 +0200] "POST /rhn/manager/api/admin/mandatoryChannels HTTP/1.1" 200 67
172.16.3.7 - - [06/Jun/2026:20:00:05 +0200] "HEAD /rhn/manager/download/sle-product-sles15-sp7-updates-x86_64/repodata/70c5d735bea733091ae1e7ee0e0b9512a914214027367521262deb6cb4bedaa1-susedata.xml.gz?eyJhbGciOiJIUzI1NiJ9.eyJqdGkiOiJCVlZ5QjIxeFpYcEI2Q3NVVklERmh3IiwiZXhwIjoxODEyMzA0NzEyLCJpYXQiOjE3ODA3Njg3MTIsIm5iZiI6MTc4MDc2ODU5Miwib3JnIjoxLCJvbmx5Q2hhbm5lbHMiOlsic2xlLXByb2R1Y3Qtc2xlczE1LXNwNy11cGRhdGVzLXg4Nl82NCJdfQ.xe5TQqKWa3ypAGPx4-i0A3nZqwu00RcxXWfjRYgsUUI HTTP/1.1" 200 -
172.16.3.7 - - [06/Jun/2026:20:00:05 +0200] "HEAD /rhn/manager/download/sle-product-sles15-sp7-updates-x86_64/repodata/3efa5b9fae5214a5a8d6f4e73db34425ec3934b1d040183473d0d8865a0737d1-updateinfo.xml.gz?eyJhbGciOiJIUzI1NiJ9.eyJqdGkiOiJCVlZ5QjIxeFpYcEI2Q3NVVklERmh3IiwiZXhwIjoxODEyMzA0NzEyLCJpYXQiOjE3ODA3Njg3MTIsIm5iZiI6MTc4MDc2ODU5Miwib3JnIjoxLCJvbmx5Q2hhbm5lbHMiOlsic2xlLXByb2R1Y3Qtc2xlczE1LXNwNy11cGRhdGVzLXg4Nl82NCJdfQ.xe5TQqKWa3ypAGPx4-i0A3nZqwu00RcxXWfjRYgsUUI HTTP/1.1" 200 -
172.16.3.5 - - [06/Jun/2026:20:00:05 +0200] "GET /img/favicon.ico?q=0.7037790639189248 HTTP/1.1" 200 1150
172.16.3.5 - - [06/Jun/2026:20:00:05 +0200] "POST /rhn/manager/frontend-log HTTP/1.1" 200 42
172.16.3.5 - - [06/Jun/2026:20:00:05 +0200] "GET /rhn/websocket/notifications HTTP/1.1" 101 -
172.16.3.7 - - [06/Jun/2026:20:00:05 +0200] "HEAD /rhn/manager/download/devel-build-host-channel/repodata/repomd.xml?eyJhbGciOiJIUzI1NiJ9.eyJqdGkiOiJheXE4ZnlzcnY5enpKOWhiVnlvaXFnIiwiZXhwIjoxODEyMzA0NzEyLCJpYXQiOjE3ODA3Njg3MTIsIm5iZiI6MTc4MDc2ODU5Miwib3JnIjoxLCJvbmx5Q2hhbm5lbHMiOlsiZGV2ZWwtYnVpbGQtaG9zdC1jaGFubmVsIl19.-uD-WdrjbldOhtcrJl71BwZGDN0tzqITsNdaCj1CYYs HTTP/1.1" 200 -
172.16.3.7 - - [06/Jun/2026:20:00:05 +0200] "HEAD /rhn/manager/download/devel-build-host-channel/media.1/media?eyJhbGciOiJIUzI1NiJ9.eyJqdGkiOiJheXE4ZnlzcnY5enpKOWhiVnlvaXFnIiwiZXhwIjoxODEyMzA0NzEyLCJpYXQiOjE3ODA3Njg3MTIsIm5iZiI6MTc4MDc2ODU5Miwib3JnIjoxLCJvbmx5Q2hhbm5lbHMiOlsiZGV2ZWwtYnVpbGQtaG9zdC1jaGFubmVsIl19.-uD-WdrjbldOhtcrJl71BwZGDN0tzqITsNdaCj1CYYs HTTP/1.1" 404 -
172.16.3.5 - - [06/Jun/2026:20:00:05 +0200] "POST /rhn/manager/frontend-log HTTP/1.1" 200 42
172.16.3.7 - - [06/Jun/2026:20:00:05 +0200] "HEAD /rhn/manager/download/devel-build-host-channel/repodata/repomd.xml?eyJhbGciOiJIUzI1NiJ9.eyJqdGkiOiJheXE4ZnlzcnY5enpKOWhiVnlvaXFnIiwiZXhwIjoxODEyMzA0NzEyLCJpYXQiOjE3ODA3Njg3MTIsIm5iZiI6MTc4MDc2ODU5Miwib3JnIjoxLCJvbmx5Q2hhbm5lbHMiOlsiZGV2ZWwtYnVpbGQtaG9zdC1jaGFubmVsIl19.-uD-WdrjbldOhtcrJl71BwZGDN0tzqITsNdaCj1CYYs HTTP/1.1" 200 -
172.16.3.7 - - [06/Jun/2026:20:00:05 +0200] "GET /rhn/manager/download/devel-build-host-channel/repodata/repomd.xml?eyJhbGciOiJIUzI1NiJ9.eyJqdGkiOiJheXE4ZnlzcnY5enpKOWhiVnlvaXFnIiwiZXhwIjoxODEyMzA0NzEyLCJpYXQiOjE3ODA3Njg3MTIsIm5iZiI6MTc4MDc2ODU5Miwib3JnIjoxLCJvbmx5Q2hhbm5lbHMiOlsiZGV2ZWwtYnVpbGQtaG9zdC1jaGFubmVsIl19.-uD-WdrjbldOhtcrJl71BwZGDN0tzqITsNdaCj1CYYs HTTP/1.1" 304 -
172.16.3.7 - - [06/Jun/2026:20:00:05 +0200] "HEAD /rhn/manager/download/devel-build-host-channel/repodata/repomd.xml.asc?eyJhbGciOiJIUzI1NiJ9.eyJqdGkiOiJheXE4ZnlzcnY5enpKOWhiVnlvaXFnIiwiZXhwIjoxODEyMzA0NzEyLCJpYXQiOjE3ODA3Njg3MTIsIm5iZiI6MTc4MDc2ODU5Miwib3JnIjoxLCJvbmx5Q2hhbm5lbHMiOlsiZGV2ZWwtYnVpbGQtaG9zdC1jaGFubmVsIl19.-uD-WdrjbldOhtcrJl71BwZGDN0tzqITsNdaCj1CYYs HTTP/1.1" 404 -
172.16.3.7 - - [06/Jun/2026:20:00:05 +0200] "HEAD /rhn/manager/download/devel-build-host-channel/repodata/875509c761a3722da339c5ee2f6132a4e96edf348452055869171c759d4dbb4d-primary.xml.gz?eyJhbGciOiJIUzI1NiJ9.eyJqdGkiOiJheXE4ZnlzcnY5enpKOWhiVnlvaXFnIiwiZXhwIjoxODEyMzA0NzEyLCJpYXQiOjE3ODA3Njg3MTIsIm5iZiI6MTc4MDc2ODU5Miwib3JnIjoxLCJvbmx5Q2hhbm5lbHMiOlsiZGV2ZWwtYnVpbGQtaG9zdC1jaGFubmVsIl19.-uD-WdrjbldOhtcrJl71BwZGDN0tzqITsNdaCj1CYYs HTTP/1.1" 200 -
172.16.3.5 - - [06/Jun/2026:20:00:05 +0200] "POST /rhn/manager/api/maintenance/upcoming-windows HTTP/1.1" 200 52
172.16.3.7 - - [06/Jun/2026:20:00:05 +0200] "GET /rhn/manager/download/devel-build-host-channel/repodata/875509c761a3722da339c5ee2f6132a4e96edf348452055869171c759d4dbb4d-primary.xml.gz?eyJhbGciOiJIUzI1NiJ9.eyJqdGkiOiJheXE4ZnlzcnY5enpKOWhiVnlvaXFnIiwiZXhwIjoxODEyMzA0NzEyLCJpYXQiOjE3ODA3Njg3MTIsIm5iZiI6MTc4MDc2ODU5Miwib3JnIjoxLCJvbmx5Q2hhbm5lbHMiOlsiZGV2ZWwtYnVpbGQtaG9zdC1jaGFubmVsIl19.-uD-WdrjbldOhtcrJl71BwZGDN0tzqITsNdaCj1CYYs HTTP/1.1" 304 -
172.16.3.7 - - [06/Jun/2026:20:00:05 +0200] "HEAD /rhn/manager/download/devel-build-host-channel/repodata/a777311d33ef3076297641add5000cb14dfede03ab0ca18aed7ac1348c3e29eb-susedata.xml.gz?eyJhbGciOiJIUzI1NiJ9.eyJqdGkiOiJheXE4ZnlzcnY5enpKOWhiVnlvaXFnIiwiZXhwIjoxODEyMzA0NzEyLCJpYXQiOjE3ODA3Njg3MTIsIm5iZiI6MTc4MDc2ODU5Miwib3JnIjoxLCJvbmx5Q2hhbm5lbHMiOlsiZGV2ZWwtYnVpbGQtaG9zdC1jaGFubmVsIl19.-uD-WdrjbldOhtcrJl71BwZGDN0tzqITsNdaCj1CYYs HTTP/1.1" 200 -
172.16.3.7 - - [06/Jun/2026:20:00:05 +0200] "GET /rhn/manager/download/devel-build-host-channel/repodata/a777311d33ef3076297641add5000cb14dfede03ab0ca18aed7ac1348c3e29eb-susedata.xml.gz?eyJhbGciOiJIUzI1NiJ9.eyJqdGkiOiJheXE4ZnlzcnY5enpKOWhiVnlvaXFnIiwiZXhwIjoxODEyMzA0NzEyLCJpYXQiOjE3ODA3Njg3MTIsIm5iZiI6MTc4MDc2ODU5Miwib3JnIjoxLCJvbmx5Q2hhbm5lbHMiOlsiZGV2ZWwtYnVpbGQtaG9zdC1jaGFubmVsIl19.-uD-WdrjbldOhtcrJl71BwZGDN0tzqITsNdaCj1CYYs HTTP/1.1" 304 -
172.16.3.7 - - [06/Jun/2026:20:00:06 +0200] "HEAD /rhn/manager/download/sle-module-basesystem15-sp7-pool-x86_64/repodata/repomd.xml?eyJhbGciOiJIUzI1NiJ9.eyJqdGkiOiJNYlZEZWNJcGxiOHFmRF9GVzJsMm9RIiwiZXhwIjoxODEyMzA0NzEyLCJpYXQiOjE3ODA3Njg3MTIsIm5iZiI6MTc4MDc2ODU5Miwib3JnIjoxLCJvbmx5Q2hhbm5lbHMiOlsic2xlLW1vZHVsZS1iYXNlc3lzdGVtMTUtc3A3LXBvb2wteDg2XzY0Il19.U1BT5Ek42L6FGP9SLpmdYcnI9TodVUKlei6lIwXPBJI HTTP/1.1" 200 -
172.16.3.7 - - [06/Jun/2026:20:00:06 +0200] "HEAD /rhn/manager/download/sle-module-basesystem15-sp7-pool-x86_64/media.1/media?eyJhbGciOiJIUzI1NiJ9.eyJqdGkiOiJNYlZEZWNJcGxiOHFmRF9GVzJsMm9RIiwiZXhwIjoxODEyMzA0NzEyLCJpYXQiOjE3ODA3Njg3MTIsIm5iZiI6MTc4MDc2ODU5Miwib3JnIjoxLCJvbmx5Q2hhbm5lbHMiOlsic2xlLW1vZHVsZS1iYXNlc3lzdGVtMTUtc3A3LXBvb2wteDg2XzY0Il19.U1BT5Ek42L6FGP9SLpmdYcnI9TodVUKlei6lIwXPBJI HTTP/1.1" 404 -
172.16.3.5 - - [06/Jun/2026:20:00:05 +0200] "POST /rhn/manager/api/systems/1000010002/channels HTTP/1.1" 200 52
172.16.3.7 - - [06/Jun/2026:20:00:06 +0200] "HEAD /rhn/manager/download/sle-module-basesystem15-sp7-pool-x86_64/repodata/repomd.xml?eyJhbGciOiJIUzI1NiJ9.eyJqdGkiOiJNYlZEZWNJcGxiOHFmRF9GVzJsMm9RIiwiZXhwIjoxODEyMzA0NzEyLCJpYXQiOjE3ODA3Njg3MTIsIm5iZiI6MTc4MDc2ODU5Miwib3JnIjoxLCJvbmx5Q2hhbm5lbHMiOlsic2xlLW1vZHVsZS1iYXNlc3lzdGVtMTUtc3A3LXBvb2wteDg2XzY0Il19.U1BT5Ek42L6FGP9SLpmdYcnI9TodVUKlei6lIwXPBJI HTTP/1.1" 200 -
172.16.3.5 - - [06/Jun/2026:19:59:44 +0200] "GET /rhn/websocket/notifications HTTP/1.1" 101 -
172.16.3.7 - - [06/Jun/2026:20:00:06 +0200] "HEAD /rhn/manager/download/sle-module-basesystem15-sp7-pool-x86_64/repodata/repomd.xml.asc?eyJhbGciOiJIUzI1NiJ9.eyJqdGkiOiJNYlZEZWNJcGxiOHFmRF9GVzJsMm9RIiwiZXhwIjoxODEyMzA0NzEyLCJpYXQiOjE3ODA3Njg3MTIsIm5iZiI6MTc4MDc2ODU5Miwib3JnIjoxLCJvbmx5Q2hhbm5lbHMiOlsic2xlLW1vZHVsZS1iYXNlc3lzdGVtMTUtc3A3LXBvb2wteDg2XzY0Il19.U1BT5Ek42L6FGP9SLpmdYcnI9TodVUKlei6lIwXPBJI HTTP/1.1" 404 -
172.16.3.7 - - [06/Jun/2026:20:00:06 +0200] "HEAD /rhn/manager/download/sle-module-basesystem15-sp7-pool-x86_64/repodata/d5160f6a555bf7098dea1a1f84d005ce03fff0fad260bbfa818be22d658522ac-primary.xml.gz?eyJhbGciOiJIUzI1NiJ9.eyJqdGkiOiJNYlZEZWNJcGxiOHFmRF9GVzJsMm9RIiwiZXhwIjoxODEyMzA0NzEyLCJpYXQiOjE3ODA3Njg3MTIsIm5iZiI6MTc4MDc2ODU5Miwib3JnIjoxLCJvbmx5Q2hhbm5lbHMiOlsic2xlLW1vZHVsZS1iYXNlc3lzdGVtMTUtc3A3LXBvb2wteDg2XzY0Il19.U1BT5Ek42L6FGP9SLpmdYcnI9TodVUKlei6lIwXPBJI HTTP/1.1" 200 -
172.16.3.7 - - [06/Jun/2026:20:00:06 +0200] "HEAD /rhn/manager/download/sle-module-basesystem15-sp7-pool-x86_64/repodata/17a34277ad1aa068acff4f73ab35f517236608dac634e077b6c7a4fa7e1a0c3e-susedata.xml.gz?eyJhbGciOiJIUzI1NiJ9.eyJqdGkiOiJNYlZEZWNJcGxiOHFmRF9GVzJsMm9RIiwiZXhwIjoxODEyMzA0NzEyLCJpYXQiOjE3ODA3Njg3MTIsIm5iZiI6MTc4MDc2ODU5Miwib3JnIjoxLCJvbmx5Q2hhbm5lbHMiOlsic2xlLW1vZHVsZS1iYXNlc3lzdGVtMTUtc3A3LXBvb2wteDg2XzY0Il19.U1BT5Ek42L6FGP9SLpmdYcnI9TodVUKlei6lIwXPBJI HTTP/1.1" 200 -
172.16.3.5 - - [06/Jun/2026:20:00:04 +0200] "GET /rhn/websocket/notifications HTTP/1.1" 101 -
172.16.3.5 - - [06/Jun/2026:20:00:05 +0200] "GET /rhn/systems/details/Overview.do?sid=1000010003& HTTP/1.1" 200 7318
172.16.3.5 - - [06/Jun/2026:20:00:06 +0200] "GET /img/favicon.ico?q=0.24548707063334263 HTTP/1.1" 200 1150
172.16.3.5 - - [06/Jun/2026:20:00:06 +0200] "GET /rhn/websocket/notifications HTTP/1.1" 101 -
172.16.3.5 - - [06/Jun/2026:20:00:06 +0200] "GET /rhn/systems/details/history/Event.do?sid=1000010005&aid=24 HTTP/1.1" 200 6162
172.16.3.5 - - [06/Jun/2026:19:59:56 +0200] "GET /rhn/websocket/notifications HTTP/1.1" 101 -
172.16.3.5 - - [06/Jun/2026:20:00:06 +0200] "POST /rhn/manager/frontend-log HTTP/1.1" 200 42
172.16.3.7 - - [06/Jun/2026:20:00:07 +0200] "HEAD /rhn/manager/download/sle-module-desktop-applications15-sp7-pool-x86_64/repodata/repomd.xml?eyJhbGciOiJIUzI1NiJ9.eyJqdGkiOiI1N0x3d2Q5TWRvR0pFLUNtS2dKMDlnIiwiZXhwIjoxODEyMzA0NzEyLCJpYXQiOjE3ODA3Njg3MTIsIm5iZiI6MTc4MDc2ODU5Miwib3JnIjoxLCJvbmx5Q2hhbm5lbHMiOlsic2xlLW1vZHVsZS1kZXNrdG9wLWFwcGxpY2F0aW9uczE1LXNwNy1wb29sLXg4Nl82NCJdfQ.AQkAE1sGdUv7kWB_1-DwYElVnNPkNf3xdta4OL2r6WE HTTP/1.1" 200 -
172.16.3.7 - - [06/Jun/2026:20:00:07 +0200] "HEAD /rhn/manager/download/sle-module-desktop-applications15-sp7-pool-x86_64/media.1/media?eyJhbGciOiJIUzI1NiJ9.eyJqdGkiOiI1N0x3d2Q5TWRvR0pFLUNtS2dKMDlnIiwiZXhwIjoxODEyMzA0NzEyLCJpYXQiOjE3ODA3Njg3MTIsIm5iZiI6MTc4MDc2ODU5Miwib3JnIjoxLCJvbmx5Q2hhbm5lbHMiOlsic2xlLW1vZHVsZS1kZXNrdG9wLWFwcGxpY2F0aW9uczE1LXNwNy1wb29sLXg4Nl82NCJdfQ.AQkAE1sGdUv7kWB_1-DwYElVnNPkNf3xdta4OL2r6WE HTTP/1.1" 404 -
172.16.3.5 - - [06/Jun/2026:20:00:07 +0200] "POST /rhn/manager/frontend-log HTTP/1.1" 200 42
172.16.3.7 - - [06/Jun/2026:20:00:07 +0200] "HEAD /rhn/manager/download/sle-module-desktop-applications15-sp7-pool-x86_64/repodata/repomd.xml?eyJhbGciOiJIUzI1NiJ9.eyJqdGkiOiI1N0x3d2Q5TWRvR0pFLUNtS2dKMDlnIiwiZXhwIjoxODEyMzA0NzEyLCJpYXQiOjE3ODA3Njg3MTIsIm5iZiI6MTc4MDc2ODU5Miwib3JnIjoxLCJvbmx5Q2hhbm5lbHMiOlsic2xlLW1vZHVsZS1kZXNrdG9wLWFwcGxpY2F0aW9uczE1LXNwNy1wb29sLXg4Nl82NCJdfQ.AQkAE1sGdUv7kWB_1-DwYElVnNPkNf3xdta4OL2r6WE HTTP/1.1" 200 -
172.16.3.7 - - [06/Jun/2026:20:00:07 +0200] "GET /rhn/manager/download/sle-module-desktop-applications15-sp7-pool-x86_64/repodata/repomd.xml?eyJhbGciOiJIUzI1NiJ9.eyJqdGkiOiI1N0x3d2Q5TWRvR0pFLUNtS2dKMDlnIiwiZXhwIjoxODEyMzA0NzEyLCJpYXQiOjE3ODA3Njg3MTIsIm5iZiI6MTc4MDc2ODU5Miwib3JnIjoxLCJvbmx5Q2hhbm5lbHMiOlsic2xlLW1vZHVsZS1kZXNrdG9wLWFwcGxpY2F0aW9uczE1LXNwNy1wb29sLXg4Nl82NCJdfQ.AQkAE1sGdUv7kWB_1-DwYElVnNPkNf3xdta4OL2r6WE HTTP/1.1" 304 -
172.16.3.5 - - [06/Jun/2026:20:00:07 +0200] "POST /rhn/manager/frontend-log HTTP/1.1" 200 42
172.16.3.7 - - [06/Jun/2026:20:00:07 +0200] "HEAD /rhn/manager/download/sle-module-desktop-applications15-sp7-pool-x86_64/repodata/repomd.xml.asc?eyJhbGciOiJIUzI1NiJ9.eyJqdGkiOiI1N0x3d2Q5TWRvR0pFLUNtS2dKMDlnIiwiZXhwIjoxODEyMzA0NzEyLCJpYXQiOjE3ODA3Njg3MTIsIm5iZiI6MTc4MDc2ODU5Miwib3JnIjoxLCJvbmx5Q2hhbm5lbHMiOlsic2xlLW1vZHVsZS1kZXNrdG9wLWFwcGxpY2F0aW9uczE1LXNwNy1wb29sLXg4Nl82NCJdfQ.AQkAE1sGdUv7kWB_1-DwYElVnNPkNf3xdta4OL2r6WE HTTP/1.1" 404 -
172.16.3.7 - - [06/Jun/2026:20:00:07 +0200] "HEAD /rhn/manager/download/sle-module-desktop-applications15-sp7-pool-x86_64/repodata/93e7ce088ee2e04517f720363c780fad1fa1fad11a71b1bed88f2cdbf02dfe5d-primary.xml.gz?eyJhbGciOiJIUzI1NiJ9.eyJqdGkiOiI1N0x3d2Q5TWRvR0pFLUNtS2dKMDlnIiwiZXhwIjoxODEyMzA0NzEyLCJpYXQiOjE3ODA3Njg3MTIsIm5iZiI6MTc4MDc2ODU5Miwib3JnIjoxLCJvbmx5Q2hhbm5lbHMiOlsic2xlLW1vZHVsZS1kZXNrdG9wLWFwcGxpY2F0aW9uczE1LXNwNy1wb29sLXg4Nl82NCJdfQ.AQkAE1sGdUv7kWB_1-DwYElVnNPkNf3xdta4OL2r6WE HTTP/1.1" 200 -
172.16.3.5 - - [06/Jun/2026:20:00:06 +0200] "GET /rhn/systems/details/history/Pending.do?sid=1000010002& HTTP/1.1" 200 6906
172.16.3.5 - - [06/Jun/2026:20:00:07 +0200] "GET /img/favicon.ico?q=0.4453697947249601 HTTP/1.1" 200 1150
172.16.3.7 - - [06/Jun/2026:20:00:07 +0200] "GET /rhn/manager/download/sle-module-desktop-applications15-sp7-pool-x86_64/repodata/93e7ce088ee2e04517f720363c780fad1fa1fad11a71b1bed88f2cdbf02dfe5d-primary.xml.gz?eyJhbGciOiJIUzI1NiJ9.eyJqdGkiOiI1N0x3d2Q5TWRvR0pFLUNtS2dKMDlnIiwiZXhwIjoxODEyMzA0NzEyLCJpYXQiOjE3ODA3Njg3MTIsIm5iZiI6MTc4MDc2ODU5Miwib3JnIjoxLCJvbmx5Q2hhbm5lbHMiOlsic2xlLW1vZHVsZS1kZXNrdG9wLWFwcGxpY2F0aW9uczE1LXNwNy1wb29sLXg4Nl82NCJdfQ.AQkAE1sGdUv7kWB_1-DwYElVnNPkNf3xdta4OL2r6WE HTTP/1.1" 304 -
172.16.3.7 - - [06/Jun/2026:20:00:07 +0200] "HEAD /rhn/manager/download/sle-module-desktop-applications15-sp7-pool-x86_64/repodata/32f49ad88a704e39ff132c0d3ac798d12d039147d8ee52c3e5aef0421564828c-susedata.xml.gz?eyJhbGciOiJIUzI1NiJ9.eyJqdGkiOiI1N0x3d2Q5TWRvR0pFLUNtS2dKMDlnIiwiZXhwIjoxODEyMzA0NzEyLCJpYXQiOjE3ODA3Njg3MTIsIm5iZiI6MTc4MDc2ODU5Miwib3JnIjoxLCJvbmx5Q2hhbm5lbHMiOlsic2xlLW1vZHVsZS1kZXNrdG9wLWFwcGxpY2F0aW9uczE1LXNwNy1wb29sLXg4Nl82NCJdfQ.AQkAE1sGdUv7kWB_1-DwYElVnNPkNf3xdta4OL2r6WE HTTP/1.1" 200 -
172.16.3.7 - - [06/Jun/2026:20:00:07 +0200] "GET /rhn/manager/download/sle-module-desktop-applications15-sp7-pool-x86_64/repodata/32f49ad88a704e39ff132c0d3ac798d12d039147d8ee52c3e5aef0421564828c-susedata.xml.gz?eyJhbGciOiJIUzI1NiJ9.eyJqdGkiOiI1N0x3d2Q5TWRvR0pFLUNtS2dKMDlnIiwiZXhwIjoxODEyMzA0NzEyLCJpYXQiOjE3ODA3Njg3MTIsIm5iZiI6MTc4MDc2ODU5Miwib3JnIjoxLCJvbmx5Q2hhbm5lbHMiOlsic2xlLW1vZHVsZS1kZXNrdG9wLWFwcGxpY2F0aW9uczE1LXNwNy1wb29sLXg4Nl82NCJdfQ.AQkAE1sGdUv7kWB_1-DwYElVnNPkNf3xdta4OL2r6WE HTTP/1.1" 304 -
172.16.3.5 - - [06/Jun/2026:20:00:07 +0200] "POST /rhn/manager/frontend-log HTTP/1.1" 200 42
172.16.3.5 - - [06/Jun/2026:20:00:07 +0200] "GET /rhn/websocket/notifications HTTP/1.1" 101 -
172.16.3.5 - - [06/Jun/2026:20:00:06 +0200] "GET /rhn/systems/details/Connection.do?sid=1000010003& HTTP/1.1" 200 6273
172.16.3.5 - - [06/Jun/2026:20:00:08 +0200] "GET /img/favicon.ico?q=0.43721742417314235 HTTP/1.1" 200 1150
172.16.3.5 - - [06/Jun/2026:20:00:08 +0200] "POST /rhn/manager/frontend-log HTTP/1.1" 200 42
172.16.3.5 - - [06/Jun/2026:20:00:07 +0200] "GET /rhn/systems/details/history/Pending.do?sid=1000010002& HTTP/1.1" 200 6213
172.16.3.5 - - [06/Jun/2026:20:00:08 +0200] "GET /img/favicon.ico?q=0.7390002632720698 HTTP/1.1" 200 1150
172.16.3.7 - - [06/Jun/2026:20:00:08 +0200] "HEAD /rhn/manager/download/sle-module-devtools15-sp7-pool-x86_64/repodata/repomd.xml?eyJhbGciOiJIUzI1NiJ9.eyJqdGkiOiI0LTFQbC1VVF9BV196WGpHZmVKRkRnIiwiZXhwIjoxODEyMzA0NzEyLCJpYXQiOjE3ODA3Njg3MTIsIm5iZiI6MTc4MDc2ODU5Miwib3JnIjoxLCJvbmx5Q2hhbm5lbHMiOlsic2xlLW1vZHVsZS1kZXZ0b29sczE1LXNwNy1wb29sLXg4Nl82NCJdfQ.e8SHS0O3k59itoi8vuj1qy8bgdnUPBT2WIl9WE9sjys HTTP/1.1" 200 -
172.16.3.7 - - [06/Jun/2026:20:00:09 +0200] "HEAD /rhn/manager/download/sle-module-devtools15-sp7-pool-x86_64/media.1/media?eyJhbGciOiJIUzI1NiJ9.eyJqdGkiOiI0LTFQbC1VVF9BV196WGpHZmVKRkRnIiwiZXhwIjoxODEyMzA0NzEyLCJpYXQiOjE3ODA3Njg3MTIsIm5iZiI6MTc4MDc2ODU5Miwib3JnIjoxLCJvbmx5Q2hhbm5lbHMiOlsic2xlLW1vZHVsZS1kZXZ0b29sczE1LXNwNy1wb29sLXg4Nl82NCJdfQ.e8SHS0O3k59itoi8vuj1qy8bgdnUPBT2WIl9WE9sjys HTTP/1.1" 404 -
172.16.3.5 - - [06/Jun/2026:20:00:08 +0200] "POST /rhn/manager/frontend-log HTTP/1.1" 200 42
