172.16.3.5 - - [06/Jun/2026:00:08:27 +0200] "GET /rhn/websocket/notifications HTTP/1.1" 101 -
172.16.3.5 - - [06/Jun/2026:00:08:26 +0200] "GET /rhn/systems/details/history/Pending.do?sid=1000010004& HTTP/1.1" 200 6901
172.16.3.5 - - [06/Jun/2026:00:08:27 +0200] "GET /img/favicon.ico?q=0.2898626858764074 HTTP/1.1" 200 1150
172.16.3.5 - - [06/Jun/2026:00:08:26 +0200] "GET /rhn/systems/details/history/Pending.do?sid=1000010005& HTTP/1.1" 200 6908
172.16.3.5 - - [06/Jun/2026:00:08:27 +0200] "GET /img/favicon.ico?q=0.3182547750575129 HTTP/1.1" 200 1150
172.16.3.5 - - [06/Jun/2026:00:08:27 +0200] "POST /rhn/manager/frontend-log HTTP/1.1" 200 42
172.16.3.5 - - [06/Jun/2026:00:08:27 +0200] "GET /rhn/websocket/notifications HTTP/1.1" 101 -
172.16.3.5 - - [06/Jun/2026:00:08:27 +0200] "POST /rhn/manager/frontend-log HTTP/1.1" 200 42
172.16.3.5 - - [06/Jun/2026:00:08:27 +0200] "GET /rhn/systems/details/history/Pending.do?sid=1000010001& HTTP/1.1" 200 6224
172.16.3.5 - - [06/Jun/2026:00:08:27 +0200] "GET /rhn/websocket/notifications HTTP/1.1" 101 -
172.16.3.5 - - [06/Jun/2026:00:08:28 +0200] "GET /img/favicon.ico?q=0.3185541597109842 HTTP/1.1" 200 1150
172.16.3.5 - - [06/Jun/2026:00:08:28 +0200] "POST /rhn/manager/frontend-log HTTP/1.1" 200 42
172.16.3.5 - - [06/Jun/2026:00:08:28 +0200] "GET /rhn/websocket/notifications HTTP/1.1" 101 -
172.16.3.5 - - [06/Jun/2026:00:08:28 +0200] "GET /rhn/systems/details/history/History.do?sid=1000010004& HTTP/1.1" 200 6956
172.16.3.5 - - [06/Jun/2026:00:08:29 +0200] "GET /img/favicon.ico?q=0.564828746607094 HTTP/1.1" 200 1150
172.16.3.5 - - [06/Jun/2026:00:08:28 +0200] "GET /rhn/systems/details/history/Pending.do?sid=1000010005& HTTP/1.1" 200 6908
172.16.3.5 - - [06/Jun/2026:00:08:29 +0200] "GET /img/favicon.ico?q=0.9810950767979518 HTTP/1.1" 200 1150
172.16.3.5 - - [06/Jun/2026:00:08:29 +0200] "POST /rhn/manager/frontend-log HTTP/1.1" 200 42
172.16.3.5 - - [06/Jun/2026:00:08:29 +0200] "POST /rhn/manager/frontend-log HTTP/1.1" 200 42
172.16.3.5 - - [06/Jun/2026:00:08:29 +0200] "GET /rhn/websocket/notifications HTTP/1.1" 101 -
172.16.3.5 - - [06/Jun/2026:00:08:29 +0200] "GET /rhn/websocket/notifications HTTP/1.1" 101 -
172.16.3.5 - - [06/Jun/2026:00:08:28 +0200] "GET /rhn/systems/details/history/History.do?sid=1000010001& HTTP/1.1" 200 6884
172.16.3.5 - - [06/Jun/2026:00:08:30 +0200] "GET /img/favicon.ico?q=0.25746658630341734 HTTP/1.1" 200 1150
172.16.3.5 - - [06/Jun/2026:00:08:30 +0200] "POST /rhn/manager/frontend-log HTTP/1.1" 200 42
172.16.3.5 - - [06/Jun/2026:00:08:30 +0200] "GET /rhn/websocket/notifications HTTP/1.1" 101 -
172.16.3.5 - - [06/Jun/2026:00:08:29 +0200] "GET /rhn/systems/details/history/Event.do?sid=1000010004&aid=20 HTTP/1.1" 200 6190
172.16.3.5 - - [06/Jun/2026:00:08:30 +0200] "GET /img/favicon.ico?q=0.8066396080914531 HTTP/1.1" 200 1150
172.16.3.5 - - [06/Jun/2026:00:08:30 +0200] "POST /rhn/manager/frontend-log HTTP/1.1" 200 42
172.16.3.5 - - [06/Jun/2026:00:08:30 +0200] "GET /rhn/systems/details/history/History.do?sid=1000010005& HTTP/1.1" 200 6842
172.16.3.7 - - [06/Jun/2026:00:08:31 +0200] "HEAD /rhn/manager/download/sle-module-basesystem15-sp7-updates-x86_64/repodata/repomd.xml?eyJhbGciOiJIUzI1NiJ9.eyJqdGkiOiJ2MEVxUlowOGJQWXZjY1JBTjdjQmVBIiwiZXhwIjoxODEyMjMzMjQ1LCJpYXQiOjE3ODA2OTcyNDUsIm5iZiI6MTc4MDY5NzEyNSwib3JnIjoxLCJvbmx5Q2hhbm5lbHMiOlsic2xlLW1vZHVsZS1iYXNlc3lzdGVtMTUtc3A3LXVwZGF0ZXMteDg2XzY0Il19.JokIj-Oy-YSB47Amwvu2H0MzKI-VcX96eB1olbHumwk HTTP/1.1" 200 -
172.16.3.7 - - [06/Jun/2026:00:08:31 +0200] "HEAD /rhn/manager/download/sle-module-basesystem15-sp7-updates-x86_64/media.1/media?eyJhbGciOiJIUzI1NiJ9.eyJqdGkiOiJ2MEVxUlowOGJQWXZjY1JBTjdjQmVBIiwiZXhwIjoxODEyMjMzMjQ1LCJpYXQiOjE3ODA2OTcyNDUsIm5iZiI6MTc4MDY5NzEyNSwib3JnIjoxLCJvbmx5Q2hhbm5lbHMiOlsic2xlLW1vZHVsZS1iYXNlc3lzdGVtMTUtc3A3LXVwZGF0ZXMteDg2XzY0Il19.JokIj-Oy-YSB47Amwvu2H0MzKI-VcX96eB1olbHumwk HTTP/1.1" 404 -
172.16.3.5 - - [06/Jun/2026:00:08:30 +0200] "GET /rhn/systems/details/history/Event.do?sid=1000010001&aid=8 HTTP/1.1" 200 7985
172.16.3.7 - - [06/Jun/2026:00:08:31 +0200] "HEAD /rhn/manager/download/sle-module-basesystem15-sp7-updates-x86_64/repodata/repomd.xml?eyJhbGciOiJIUzI1NiJ9.eyJqdGkiOiJ2MEVxUlowOGJQWXZjY1JBTjdjQmVBIiwiZXhwIjoxODEyMjMzMjQ1LCJpYXQiOjE3ODA2OTcyNDUsIm5iZiI6MTc4MDY5NzEyNSwib3JnIjoxLCJvbmx5Q2hhbm5lbHMiOlsic2xlLW1vZHVsZS1iYXNlc3lzdGVtMTUtc3A3LXVwZGF0ZXMteDg2XzY0Il19.JokIj-Oy-YSB47Amwvu2H0MzKI-VcX96eB1olbHumwk HTTP/1.1" 200 -
172.16.3.5 - - [06/Jun/2026:00:08:31 +0200] "GET /img/favicon.ico?q=0.3038110006226248 HTTP/1.1" 200 1150
172.16.3.7 - - [06/Jun/2026:00:08:31 +0200] "GET /rhn/manager/download/sle-module-basesystem15-sp7-updates-x86_64/repodata/repomd.xml?eyJhbGciOiJIUzI1NiJ9.eyJqdGkiOiJ2MEVxUlowOGJQWXZjY1JBTjdjQmVBIiwiZXhwIjoxODEyMjMzMjQ1LCJpYXQiOjE3ODA2OTcyNDUsIm5iZiI6MTc4MDY5NzEyNSwib3JnIjoxLCJvbmx5Q2hhbm5lbHMiOlsic2xlLW1vZHVsZS1iYXNlc3lzdGVtMTUtc3A3LXVwZGF0ZXMteDg2XzY0Il19.JokIj-Oy-YSB47Amwvu2H0MzKI-VcX96eB1olbHumwk HTTP/1.1" 304 -
172.16.3.5 - - [06/Jun/2026:00:08:31 +0200] "GET /img/favicon.ico?q=0.43325775746652073 HTTP/1.1" 200 1150
172.16.3.7 - - [06/Jun/2026:00:08:31 +0200] "HEAD /rhn/manager/download/sle-module-basesystem15-sp7-updates-x86_64/repodata/repomd.xml.asc?eyJhbGciOiJIUzI1NiJ9.eyJqdGkiOiJ2MEVxUlowOGJQWXZjY1JBTjdjQmVBIiwiZXhwIjoxODEyMjMzMjQ1LCJpYXQiOjE3ODA2OTcyNDUsIm5iZiI6MTc4MDY5NzEyNSwib3JnIjoxLCJvbmx5Q2hhbm5lbHMiOlsic2xlLW1vZHVsZS1iYXNlc3lzdGVtMTUtc3A3LXVwZGF0ZXMteDg2XzY0Il19.JokIj-Oy-YSB47Amwvu2H0MzKI-VcX96eB1olbHumwk HTTP/1.1" 404 -
172.16.3.5 - - [06/Jun/2026:00:08:28 +0200] "POST /rhn/manager/api/auth/login HTTP/1.1" 200 42
172.16.3.5 - - [06/Jun/2026:00:08:31 +0200] "POST /rhn/manager/frontend-log HTTP/1.1" 200 42
172.16.3.7 - - [06/Jun/2026:00:08:31 +0200] "HEAD /rhn/manager/download/sle-module-basesystem15-sp7-updates-x86_64/repodata/1f0dce6766bf40723bda497c94b5c9dc50b2eb3ee692d4984258f227e1454b6f-primary.xml.gz?eyJhbGciOiJIUzI1NiJ9.eyJqdGkiOiJ2MEVxUlowOGJQWXZjY1JBTjdjQmVBIiwiZXhwIjoxODEyMjMzMjQ1LCJpYXQiOjE3ODA2OTcyNDUsIm5iZiI6MTc4MDY5NzEyNSwib3JnIjoxLCJvbmx5Q2hhbm5lbHMiOlsic2xlLW1vZHVsZS1iYXNlc3lzdGVtMTUtc3A3LXVwZGF0ZXMteDg2XzY0Il19.JokIj-Oy-YSB47Amwvu2H0MzKI-VcX96eB1olbHumwk HTTP/1.1" 200 -
172.16.3.5 - - [06/Jun/2026:00:08:31 +0200] "POST /rhn/manager/frontend-log HTTP/1.1" 200 42
172.16.3.7 - - [06/Jun/2026:00:08:31 +0200] "GET /rhn/manager/download/sle-module-basesystem15-sp7-updates-x86_64/repodata/1f0dce6766bf40723bda497c94b5c9dc50b2eb3ee692d4984258f227e1454b6f-primary.xml.gz?eyJhbGciOiJIUzI1NiJ9.eyJqdGkiOiJ2MEVxUlowOGJQWXZjY1JBTjdjQmVBIiwiZXhwIjoxODEyMjMzMjQ1LCJpYXQiOjE3ODA2OTcyNDUsIm5iZiI6MTc4MDY5NzEyNSwib3JnIjoxLCJvbmx5Q2hhbm5lbHMiOlsic2xlLW1vZHVsZS1iYXNlc3lzdGVtMTUtc3A3LXVwZGF0ZXMteDg2XzY0Il19.JokIj-Oy-YSB47Amwvu2H0MzKI-VcX96eB1olbHumwk HTTP/1.1" 304 -
172.16.3.5 - - [06/Jun/2026:00:08:31 +0200] "POST /rhn/manager/api/system/searchByName HTTP/1.1" 200 146
172.16.3.5 - - [06/Jun/2026:00:08:31 +0200] "GET /rhn/websocket/notifications HTTP/1.1" 101 -
172.16.3.7 - - [06/Jun/2026:00:08:31 +0200] "HEAD /rhn/manager/download/sle-module-basesystem15-sp7-updates-x86_64/repodata/d99200b334656cf59e64dbe495ae6131d447259b2d204a85216906d9e7881aa2-susedata.xml.gz?eyJhbGciOiJIUzI1NiJ9.eyJqdGkiOiJ2MEVxUlowOGJQWXZjY1JBTjdjQmVBIiwiZXhwIjoxODEyMjMzMjQ1LCJpYXQiOjE3ODA2OTcyNDUsIm5iZiI6MTc4MDY5NzEyNSwib3JnIjoxLCJvbmx5Q2hhbm5lbHMiOlsic2xlLW1vZHVsZS1iYXNlc3lzdGVtMTUtc3A3LXVwZGF0ZXMteDg2XzY0Il19.JokIj-Oy-YSB47Amwvu2H0MzKI-VcX96eB1olbHumwk HTTP/1.1" 200 -
172.16.3.5 - - [06/Jun/2026:00:08:31 +0200] "GET /rhn/manager/api/auth/logout HTTP/1.1" 200 42
172.16.3.7 - - [06/Jun/2026:00:08:32 +0200] "GET /rhn/manager/download/sle-module-basesystem15-sp7-updates-x86_64/repodata/d99200b334656cf59e64dbe495ae6131d447259b2d204a85216906d9e7881aa2-susedata.xml.gz?eyJhbGciOiJIUzI1NiJ9.eyJqdGkiOiJ2MEVxUlowOGJQWXZjY1JBTjdjQmVBIiwiZXhwIjoxODEyMjMzMjQ1LCJpYXQiOjE3ODA2OTcyNDUsIm5iZiI6MTc4MDY5NzEyNSwib3JnIjoxLCJvbmx5Q2hhbm5lbHMiOlsic2xlLW1vZHVsZS1iYXNlc3lzdGVtMTUtc3A3LXVwZGF0ZXMteDg2XzY0Il19.JokIj-Oy-YSB47Amwvu2H0MzKI-VcX96eB1olbHumwk HTTP/1.1" 304 -
172.16.3.5 - - [06/Jun/2026:00:08:00 +0200] "GET /rhn/websocket/notifications HTTP/1.1" 101 -
172.16.3.7 - - [06/Jun/2026:00:08:32 +0200] "HEAD /rhn/manager/download/sle-module-basesystem15-sp7-updates-x86_64/repodata/5dabc376f3c90b568e8347ce94edd6fbce15b8a83c318fd1320d0bc0dbe468a9-updateinfo.xml.gz?eyJhbGciOiJIUzI1NiJ9.eyJqdGkiOiJ2MEVxUlowOGJQWXZjY1JBTjdjQmVBIiwiZXhwIjoxODEyMjMzMjQ1LCJpYXQiOjE3ODA2OTcyNDUsIm5iZiI6MTc4MDY5NzEyNSwib3JnIjoxLCJvbmx5Q2hhbm5lbHMiOlsic2xlLW1vZHVsZS1iYXNlc3lzdGVtMTUtc3A3LXVwZGF0ZXMteDg2XzY0Il19.JokIj-Oy-YSB47Amwvu2H0MzKI-VcX96eB1olbHumwk HTTP/1.1" 200 -
172.16.3.5 - - [06/Jun/2026:00:08:31 +0200] "GET /rhn/websocket/notifications HTTP/1.1" 101 -
172.16.3.7 - - [06/Jun/2026:00:08:32 +0200] "GET /rhn/manager/download/sle-module-basesystem15-sp7-updates-x86_64/repodata/5dabc376f3c90b568e8347ce94edd6fbce15b8a83c318fd1320d0bc0dbe468a9-updateinfo.xml.gz?eyJhbGciOiJIUzI1NiJ9.eyJqdGkiOiJ2MEVxUlowOGJQWXZjY1JBTjdjQmVBIiwiZXhwIjoxODEyMjMzMjQ1LCJpYXQiOjE3ODA2OTcyNDUsIm5iZiI6MTc4MDY5NzEyNSwib3JnIjoxLCJvbmx5Q2hhbm5lbHMiOlsic2xlLW1vZHVsZS1iYXNlc3lzdGVtMTUtc3A3LXVwZGF0ZXMteDg2XzY0Il19.JokIj-Oy-YSB47Amwvu2H0MzKI-VcX96eB1olbHumwk HTTP/1.1" 304 -
172.16.3.5 - - [06/Jun/2026:00:08:02 +0200] "GET /rhn/websocket/notifications HTTP/1.1" 101 -
172.16.3.5 - - [06/Jun/2026:00:08:31 +0200] "GET /rhn/systems/details/history/Event.do?sid=1000010005&aid=26 HTTP/1.1" 200 7490
172.16.3.5 - - [06/Jun/2026:00:08:32 +0200] "GET /img/favicon.ico?q=0.6774921587835135 HTTP/1.1" 200 1150
172.16.3.5 - - [06/Jun/2026:00:08:32 +0200] "GET /rhn/systems/details/history/Event.do?sid=1000010003&aid=15 HTTP/1.1" 200 6168
172.16.3.5 - - [06/Jun/2026:00:08:22 +0200] "GET /rhn/websocket/notifications HTTP/1.1" 101 -
172.16.3.5 - - [06/Jun/2026:00:08:32 +0200] "GET /rhn/systems/details/history/Pending.do?sid=1000010001& HTTP/1.1" 200 6224
172.16.3.5 - - [06/Jun/2026:00:08:32 +0200] "POST /rhn/manager/frontend-log HTTP/1.1" 200 42
172.16.3.5 - - [06/Jun/2026:00:08:33 +0200] "GET /img/favicon.ico?q=0.8145167075496489 HTTP/1.1" 200 1150
172.16.3.5 - - [06/Jun/2026:00:08:32 +0200] "POST /rhn/manager/frontend-log HTTP/1.1" 200 42
172.16.3.5 - - [06/Jun/2026:00:08:33 +0200] "POST /rhn/manager/frontend-log HTTP/1.1" 200 42
172.16.3.5 - - [06/Jun/2026:00:08:32 +0200] "GET /rhn/websocket/notifications HTTP/1.1" 101 -
172.16.3.5 - - [06/Jun/2026:00:08:33 +0200] "POST /rhn/manager/frontend-log HTTP/1.1" 200 42
172.16.3.5 - - [06/Jun/2026:00:08:33 +0200] "GET /rhn/websocket/notifications HTTP/1.1" 101 -
172.16.3.5 - - [06/Jun/2026:00:08:32 +0200] "GET /rhn/systems/details/Overview.do?sid=1000010002 HTTP/1.1" 200 6965
172.16.3.7 - - [06/Jun/2026:00:08:33 +0200] "HEAD /rhn/manager/download/sle-module-desktop-applications15-sp7-updates-x86_64/repodata/repomd.xml?eyJhbGciOiJIUzI1NiJ9.eyJqdGkiOiIwRzFZZjkzYWNsVXRWZERmaWUwU0pBIiwiZXhwIjoxODEyMjMzMjQ1LCJpYXQiOjE3ODA2OTcyNDUsIm5iZiI6MTc4MDY5NzEyNSwib3JnIjoxLCJvbmx5Q2hhbm5lbHMiOlsic2xlLW1vZHVsZS1kZXNrdG9wLWFwcGxpY2F0aW9uczE1LXNwNy11cGRhdGVzLXg4Nl82NCJdfQ.HqCRcriikSUwRMgTLq3SpQsddmeKdZNu_kkTm1s9FeM HTTP/1.1" 200 -
172.16.3.5 - - [06/Jun/2026:00:08:27 +0200] "GET /rhn/websocket/notifications HTTP/1.1" 101 -
172.16.3.7 - - [06/Jun/2026:00:08:34 +0200] "HEAD /rhn/manager/download/sle-module-desktop-applications15-sp7-updates-x86_64/media.1/media?eyJhbGciOiJIUzI1NiJ9.eyJqdGkiOiIwRzFZZjkzYWNsVXRWZERmaWUwU0pBIiwiZXhwIjoxODEyMjMzMjQ1LCJpYXQiOjE3ODA2OTcyNDUsIm5iZiI6MTc4MDY5NzEyNSwib3JnIjoxLCJvbmx5Q2hhbm5lbHMiOlsic2xlLW1vZHVsZS1kZXNrdG9wLWFwcGxpY2F0aW9uczE1LXNwNy11cGRhdGVzLXg4Nl82NCJdfQ.HqCRcriikSUwRMgTLq3SpQsddmeKdZNu_kkTm1s9FeM HTTP/1.1" 404 -
172.16.3.7 - - [06/Jun/2026:00:08:34 +0200] "HEAD /rhn/manager/download/sle-module-desktop-applications15-sp7-updates-x86_64/repodata/repomd.xml?eyJhbGciOiJIUzI1NiJ9.eyJqdGkiOiIwRzFZZjkzYWNsVXRWZERmaWUwU0pBIiwiZXhwIjoxODEyMjMzMjQ1LCJpYXQiOjE3ODA2OTcyNDUsIm5iZiI6MTc4MDY5NzEyNSwib3JnIjoxLCJvbmx5Q2hhbm5lbHMiOlsic2xlLW1vZHVsZS1kZXNrdG9wLWFwcGxpY2F0aW9uczE1LXNwNy11cGRhdGVzLXg4Nl82NCJdfQ.HqCRcriikSUwRMgTLq3SpQsddmeKdZNu_kkTm1s9FeM HTTP/1.1" 200 -
172.16.3.7 - - [06/Jun/2026:00:08:34 +0200] "GET /rhn/manager/download/sle-module-desktop-applications15-sp7-updates-x86_64/repodata/repomd.xml?eyJhbGciOiJIUzI1NiJ9.eyJqdGkiOiIwRzFZZjkzYWNsVXRWZERmaWUwU0pBIiwiZXhwIjoxODEyMjMzMjQ1LCJpYXQiOjE3ODA2OTcyNDUsIm5iZiI6MTc4MDY5NzEyNSwib3JnIjoxLCJvbmx5Q2hhbm5lbHMiOlsic2xlLW1vZHVsZS1kZXNrdG9wLWFwcGxpY2F0aW9uczE1LXNwNy11cGRhdGVzLXg4Nl82NCJdfQ.HqCRcriikSUwRMgTLq3SpQsddmeKdZNu_kkTm1s9FeM HTTP/1.1" 304 -
172.16.3.7 - - [06/Jun/2026:00:08:34 +0200] "HEAD /rhn/manager/download/sle-module-desktop-applications15-sp7-updates-x86_64/repodata/repomd.xml.asc?eyJhbGciOiJIUzI1NiJ9.eyJqdGkiOiIwRzFZZjkzYWNsVXRWZERmaWUwU0pBIiwiZXhwIjoxODEyMjMzMjQ1LCJpYXQiOjE3ODA2OTcyNDUsIm5iZiI6MTc4MDY5NzEyNSwib3JnIjoxLCJvbmx5Q2hhbm5lbHMiOlsic2xlLW1vZHVsZS1kZXNrdG9wLWFwcGxpY2F0aW9uczE1LXNwNy11cGRhdGVzLXg4Nl82NCJdfQ.HqCRcriikSUwRMgTLq3SpQsddmeKdZNu_kkTm1s9FeM HTTP/1.1" 404 -
172.16.3.7 - - [06/Jun/2026:00:08:34 +0200] "HEAD /rhn/manager/download/sle-module-desktop-applications15-sp7-updates-x86_64/repodata/bb9031c2fc2ee4139c0ef8027890ce1f95722092755cc12a935690dd1155abb6-primary.xml.gz?eyJhbGciOiJIUzI1NiJ9.eyJqdGkiOiIwRzFZZjkzYWNsVXRWZERmaWUwU0pBIiwiZXhwIjoxODEyMjMzMjQ1LCJpYXQiOjE3ODA2OTcyNDUsIm5iZiI6MTc4MDY5NzEyNSwib3JnIjoxLCJvbmx5Q2hhbm5lbHMiOlsic2xlLW1vZHVsZS1kZXNrdG9wLWFwcGxpY2F0aW9uczE1LXNwNy11cGRhdGVzLXg4Nl82NCJdfQ.HqCRcriikSUwRMgTLq3SpQsddmeKdZNu_kkTm1s9FeM HTTP/1.1" 200 -
172.16.3.5 - - [06/Jun/2026:00:08:34 +0200] "POST /rhn/manager/frontend-log HTTP/1.1" 200 42
172.16.3.7 - - [06/Jun/2026:00:08:34 +0200] "GET /rhn/manager/download/sle-module-desktop-applications15-sp7-updates-x86_64/repodata/bb9031c2fc2ee4139c0ef8027890ce1f95722092755cc12a935690dd1155abb6-primary.xml.gz?eyJhbGciOiJIUzI1NiJ9.eyJqdGkiOiIwRzFZZjkzYWNsVXRWZERmaWUwU0pBIiwiZXhwIjoxODEyMjMzMjQ1LCJpYXQiOjE3ODA2OTcyNDUsIm5iZiI6MTc4MDY5NzEyNSwib3JnIjoxLCJvbmx5Q2hhbm5lbHMiOlsic2xlLW1vZHVsZS1kZXNrdG9wLWFwcGxpY2F0aW9uczE1LXNwNy11cGRhdGVzLXg4Nl82NCJdfQ.HqCRcriikSUwRMgTLq3SpQsddmeKdZNu_kkTm1s9FeM HTTP/1.1" 304 -
172.16.3.5 - - [06/Jun/2026:00:08:34 +0200] "POST /rhn/manager/frontend-log HTTP/1.1" 200 42
172.16.3.7 - - [06/Jun/2026:00:08:34 +0200] "HEAD /rhn/manager/download/sle-module-desktop-applications15-sp7-updates-x86_64/repodata/1d4e25ada9237eafbb87686912d1749bae7b235b75a689207be6168361a0e75a-susedata.xml.gz?eyJhbGciOiJIUzI1NiJ9.eyJqdGkiOiIwRzFZZjkzYWNsVXRWZERmaWUwU0pBIiwiZXhwIjoxODEyMjMzMjQ1LCJpYXQiOjE3ODA2OTcyNDUsIm5iZiI6MTc4MDY5NzEyNSwib3JnIjoxLCJvbmx5Q2hhbm5lbHMiOlsic2xlLW1vZHVsZS1kZXNrdG9wLWFwcGxpY2F0aW9uczE1LXNwNy11cGRhdGVzLXg4Nl82NCJdfQ.HqCRcriikSUwRMgTLq3SpQsddmeKdZNu_kkTm1s9FeM HTTP/1.1" 200 -
172.16.3.7 - - [06/Jun/2026:00:08:34 +0200] "GET /rhn/manager/download/sle-module-desktop-applications15-sp7-updates-x86_64/repodata/1d4e25ada9237eafbb87686912d1749bae7b235b75a689207be6168361a0e75a-susedata.xml.gz?eyJhbGciOiJIUzI1NiJ9.eyJqdGkiOiIwRzFZZjkzYWNsVXRWZERmaWUwU0pBIiwiZXhwIjoxODEyMjMzMjQ1LCJpYXQiOjE3ODA2OTcyNDUsIm5iZiI6MTc4MDY5NzEyNSwib3JnIjoxLCJvbmx5Q2hhbm5lbHMiOlsic2xlLW1vZHVsZS1kZXNrdG9wLWFwcGxpY2F0aW9uczE1LXNwNy11cGRhdGVzLXg4Nl82NCJdfQ.HqCRcriikSUwRMgTLq3SpQsddmeKdZNu_kkTm1s9FeM HTTP/1.1" 304 -
172.16.3.7 - - [06/Jun/2026:00:08:34 +0200] "HEAD /rhn/manager/download/sle-module-desktop-applications15-sp7-updates-x86_64/repodata/3efd21b33b577150eaee6e380dbd188621053bf99f595415a9d8992b81c09372-updateinfo.xml.gz?eyJhbGciOiJIUzI1NiJ9.eyJqdGkiOiIwRzFZZjkzYWNsVXRWZERmaWUwU0pBIiwiZXhwIjoxODEyMjMzMjQ1LCJpYXQiOjE3ODA2OTcyNDUsIm5iZiI6MTc4MDY5NzEyNSwib3JnIjoxLCJvbmx5Q2hhbm5lbHMiOlsic2xlLW1vZHVsZS1kZXNrdG9wLWFwcGxpY2F0aW9uczE1LXNwNy11cGRhdGVzLXg4Nl82NCJdfQ.HqCRcriikSUwRMgTLq3SpQsddmeKdZNu_kkTm1s9FeM HTTP/1.1" 200 -
172.16.3.7 - - [06/Jun/2026:00:08:34 +0200] "GET /rhn/manager/download/sle-module-desktop-applications15-sp7-updates-x86_64/repodata/3efd21b33b577150eaee6e380dbd188621053bf99f595415a9d8992b81c09372-updateinfo.xml.gz?eyJhbGciOiJIUzI1NiJ9.eyJqdGkiOiIwRzFZZjkzYWNsVXRWZERmaWUwU0pBIiwiZXhwIjoxODEyMjMzMjQ1LCJpYXQiOjE3ODA2OTcyNDUsIm5iZiI6MTc4MDY5NzEyNSwib3JnIjoxLCJvbmx5Q2hhbm5lbHMiOlsic2xlLW1vZHVsZS1kZXNrdG9wLWFwcGxpY2F0aW9uczE1LXNwNy11cGRhdGVzLXg4Nl82NCJdfQ.HqCRcriikSUwRMgTLq3SpQsddmeKdZNu_kkTm1s9FeM HTTP/1.1" 304 -
172.16.3.5 - - [06/Jun/2026:00:08:33 +0200] "GET /rhn/systems/details/history/Pending.do?sid=1000010005& HTTP/1.1" 200 6908
172.16.3.7 - - [06/Jun/2026:00:08:35 +0200] "HEAD /rhn/manager/download/sle-module-devtools15-sp7-updates-x86_64/repodata/repomd.xml?eyJhbGciOiJIUzI1NiJ9.eyJqdGkiOiJhSmc4elVoX1BlZ2FpTEx2d1RIeTZnIiwiZXhwIjoxODEyMjMzMjQ1LCJpYXQiOjE3ODA2OTcyNDUsIm5iZiI6MTc4MDY5NzEyNSwib3JnIjoxLCJvbmx5Q2hhbm5lbHMiOlsic2xlLW1vZHVsZS1kZXZ0b29sczE1LXNwNy11cGRhdGVzLXg4Nl82NCJdfQ.zf6RIzNzJE5mO8AMnToEJ_mRuc6uRbs55pS0c9UtGWQ HTTP/1.1" 200 -
172.16.3.5 - - [06/Jun/2026:00:08:35 +0200] "GET /img/favicon.ico?q=0.42353762161749176 HTTP/1.1" 200 1150
172.16.3.7 - - [06/Jun/2026:00:08:35 +0200] "HEAD /rhn/manager/download/sle-module-devtools15-sp7-updates-x86_64/media.1/media?eyJhbGciOiJIUzI1NiJ9.eyJqdGkiOiJhSmc4elVoX1BlZ2FpTEx2d1RIeTZnIiwiZXhwIjoxODEyMjMzMjQ1LCJpYXQiOjE3ODA2OTcyNDUsIm5iZiI6MTc4MDY5NzEyNSwib3JnIjoxLCJvbmx5Q2hhbm5lbHMiOlsic2xlLW1vZHVsZS1kZXZ0b29sczE1LXNwNy11cGRhdGVzLXg4Nl82NCJdfQ.zf6RIzNzJE5mO8AMnToEJ_mRuc6uRbs55pS0c9UtGWQ HTTP/1.1" 404 -
172.16.3.7 - - [06/Jun/2026:00:08:35 +0200] "HEAD /rhn/manager/download/sle-module-devtools15-sp7-updates-x86_64/repodata/repomd.xml?eyJhbGciOiJIUzI1NiJ9.eyJqdGkiOiJhSmc4elVoX1BlZ2FpTEx2d1RIeTZnIiwiZXhwIjoxODEyMjMzMjQ1LCJpYXQiOjE3ODA2OTcyNDUsIm5iZiI6MTc4MDY5NzEyNSwib3JnIjoxLCJvbmx5Q2hhbm5lbHMiOlsic2xlLW1vZHVsZS1kZXZ0b29sczE1LXNwNy11cGRhdGVzLXg4Nl82NCJdfQ.zf6RIzNzJE5mO8AMnToEJ_mRuc6uRbs55pS0c9UtGWQ HTTP/1.1" 200 -
172.16.3.7 - - [06/Jun/2026:00:08:35 +0200] "GET /rhn/manager/download/sle-module-devtools15-sp7-updates-x86_64/repodata/repomd.xml?eyJhbGciOiJIUzI1NiJ9.eyJqdGkiOiJhSmc4elVoX1BlZ2FpTEx2d1RIeTZnIiwiZXhwIjoxODEyMjMzMjQ1LCJpYXQiOjE3ODA2OTcyNDUsIm5iZiI6MTc4MDY5NzEyNSwib3JnIjoxLCJvbmx5Q2hhbm5lbHMiOlsic2xlLW1vZHVsZS1kZXZ0b29sczE1LXNwNy11cGRhdGVzLXg4Nl82NCJdfQ.zf6RIzNzJE5mO8AMnToEJ_mRuc6uRbs55pS0c9UtGWQ HTTP/1.1" 304 -
172.16.3.7 - - [06/Jun/2026:00:08:35 +0200] "HEAD /rhn/manager/download/sle-module-devtools15-sp7-updates-x86_64/repodata/repomd.xml.asc?eyJhbGciOiJIUzI1NiJ9.eyJqdGkiOiJhSmc4elVoX1BlZ2FpTEx2d1RIeTZnIiwiZXhwIjoxODEyMjMzMjQ1LCJpYXQiOjE3ODA2OTcyNDUsIm5iZiI6MTc4MDY5NzEyNSwib3JnIjoxLCJvbmx5Q2hhbm5lbHMiOlsic2xlLW1vZHVsZS1kZXZ0b29sczE1LXNwNy11cGRhdGVzLXg4Nl82NCJdfQ.zf6RIzNzJE5mO8AMnToEJ_mRuc6uRbs55pS0c9UtGWQ HTTP/1.1" 404 -
172.16.3.7 - - [06/Jun/2026:00:08:35 +0200] "HEAD /rhn/manager/download/sle-module-devtools15-sp7-updates-x86_64/repodata/7bb2c73c7162006b426217ec6abcc68e820eea5e1f9dd46531676479538bd3f9-primary.xml.gz?eyJhbGciOiJIUzI1NiJ9.eyJqdGkiOiJhSmc4elVoX1BlZ2FpTEx2d1RIeTZnIiwiZXhwIjoxODEyMjMzMjQ1LCJpYXQiOjE3ODA2OTcyNDUsIm5iZiI6MTc4MDY5NzEyNSwib3JnIjoxLCJvbmx5Q2hhbm5lbHMiOlsic2xlLW1vZHVsZS1kZXZ0b29sczE1LXNwNy11cGRhdGVzLXg4Nl82NCJdfQ.zf6RIzNzJE5mO8AMnToEJ_mRuc6uRbs55pS0c9UtGWQ HTTP/1.1" 200 -
172.16.3.7 - - [06/Jun/2026:00:08:35 +0200] "GET /rhn/manager/download/sle-module-devtools15-sp7-updates-x86_64/repodata/7bb2c73c7162006b426217ec6abcc68e820eea5e1f9dd46531676479538bd3f9-primary.xml.gz?eyJhbGciOiJIUzI1NiJ9.eyJqdGkiOiJhSmc4elVoX1BlZ2FpTEx2d1RIeTZnIiwiZXhwIjoxODEyMjMzMjQ1LCJpYXQiOjE3ODA2OTcyNDUsIm5iZiI6MTc4MDY5NzEyNSwib3JnIjoxLCJvbmx5Q2hhbm5lbHMiOlsic2xlLW1vZHVsZS1kZXZ0b29sczE1LXNwNy11cGRhdGVzLXg4Nl82NCJdfQ.zf6RIzNzJE5mO8AMnToEJ_mRuc6uRbs55pS0c9UtGWQ HTTP/1.1" 304 -
172.16.3.7 - - [06/Jun/2026:00:08:35 +0200] "HEAD /rhn/manager/download/sle-module-devtools15-sp7-updates-x86_64/repodata/60c3d9c532e66c90d47462606bf31710d2a68777e67b535765ca79ed53021b3d-susedata.xml.gz?eyJhbGciOiJIUzI1NiJ9.eyJqdGkiOiJhSmc4elVoX1BlZ2FpTEx2d1RIeTZnIiwiZXhwIjoxODEyMjMzMjQ1LCJpYXQiOjE3ODA2OTcyNDUsIm5iZiI6MTc4MDY5NzEyNSwib3JnIjoxLCJvbmx5Q2hhbm5lbHMiOlsic2xlLW1vZHVsZS1kZXZ0b29sczE1LXNwNy11cGRhdGVzLXg4Nl82NCJdfQ.zf6RIzNzJE5mO8AMnToEJ_mRuc6uRbs55pS0c9UtGWQ HTTP/1.1" 200 -
172.16.3.5 - - [06/Jun/2026:00:08:35 +0200] "GET /rhn/websocket/notifications HTTP/1.1" 101 -
172.16.3.7 - - [06/Jun/2026:00:08:35 +0200] "GET /rhn/manager/download/sle-module-devtools15-sp7-updates-x86_64/repodata/60c3d9c532e66c90d47462606bf31710d2a68777e67b535765ca79ed53021b3d-susedata.xml.gz?eyJhbGciOiJIUzI1NiJ9.eyJqdGkiOiJhSmc4elVoX1BlZ2FpTEx2d1RIeTZnIiwiZXhwIjoxODEyMjMzMjQ1LCJpYXQiOjE3ODA2OTcyNDUsIm5iZiI6MTc4MDY5NzEyNSwib3JnIjoxLCJvbmx5Q2hhbm5lbHMiOlsic2xlLW1vZHVsZS1kZXZ0b29sczE1LXNwNy11cGRhdGVzLXg4Nl82NCJdfQ.zf6RIzNzJE5mO8AMnToEJ_mRuc6uRbs55pS0c9UtGWQ HTTP/1.1" 304 -
172.16.3.5 - - [06/Jun/2026:00:08:35 +0200] "POST /rhn/manager/frontend-log HTTP/1.1" 200 42
172.16.3.7 - - [06/Jun/2026:00:08:35 +0200] "HEAD /rhn/manager/download/sle-module-devtools15-sp7-updates-x86_64/repodata/b78cea4ca4b45a88ddff6bea85f37353475443ff2f948737d3154cbec3ca3c55-updateinfo.xml.gz?eyJhbGciOiJIUzI1NiJ9.eyJqdGkiOiJhSmc4elVoX1BlZ2FpTEx2d1RIeTZnIiwiZXhwIjoxODEyMjMzMjQ1LCJpYXQiOjE3ODA2OTcyNDUsIm5iZiI6MTc4MDY5NzEyNSwib3JnIjoxLCJvbmx5Q2hhbm5lbHMiOlsic2xlLW1vZHVsZS1kZXZ0b29sczE1LXNwNy11cGRhdGVzLXg4Nl82NCJdfQ.zf6RIzNzJE5mO8AMnToEJ_mRuc6uRbs55pS0c9UtGWQ HTTP/1.1" 200 -
172.16.3.7 - - [06/Jun/2026:00:08:35 +0200] "GET /rhn/manager/download/sle-module-devtools15-sp7-updates-x86_64/repodata/b78cea4ca4b45a88ddff6bea85f37353475443ff2f948737d3154cbec3ca3c55-updateinfo.xml.gz?eyJhbGciOiJIUzI1NiJ9.eyJqdGkiOiJhSmc4elVoX1BlZ2FpTEx2d1RIeTZnIiwiZXhwIjoxODEyMjMzMjQ1LCJpYXQiOjE3ODA2OTcyNDUsIm5iZiI6MTc4MDY5NzEyNSwib3JnIjoxLCJvbmx5Q2hhbm5lbHMiOlsic2xlLW1vZHVsZS1kZXZ0b29sczE1LXNwNy11cGRhdGVzLXg4Nl82NCJdfQ.zf6RIzNzJE5mO8AMnToEJ_mRuc6uRbs55pS0c9UtGWQ HTTP/1.1" 304 -
172.16.3.5 - - [06/Jun/2026:00:08:33 +0200] "GET /rhn/systems/details/history/Pending.do?sid=1000010001& HTTP/1.1" 200 6225
172.16.3.5 - - [06/Jun/2026:00:08:35 +0200] "GET /img/favicon.ico?q=0.9767714173148274 HTTP/1.1" 200 1150
172.16.3.7 - - [06/Jun/2026:00:08:35 +0200] "HEAD /rhn/manager/download/sle-module-python3-15-sp7-updates-x86_64/repodata/repomd.xml?eyJhbGciOiJIUzI1NiJ9.eyJqdGkiOiJhM3pIZnBkazByZ0NSZExTRmJvT2NRIiwiZXhwIjoxODEyMjMzMjQ1LCJpYXQiOjE3ODA2OTcyNDUsIm5iZiI6MTc4MDY5NzEyNSwib3JnIjoxLCJvbmx5Q2hhbm5lbHMiOlsic2xlLW1vZHVsZS1weXRob24zLTE1LXNwNy11cGRhdGVzLXg4Nl82NCJdfQ.Jd1MTlt59ACQSJaNBnKSKd93WJKoklNymTFVcRNg2mo HTTP/1.1" 200 -
172.16.3.7 - - [06/Jun/2026:00:08:35 +0200] "HEAD /rhn/manager/download/sle-module-python3-15-sp7-updates-x86_64/media.1/media?eyJhbGciOiJIUzI1NiJ9.eyJqdGkiOiJhM3pIZnBkazByZ0NSZExTRmJvT2NRIiwiZXhwIjoxODEyMjMzMjQ1LCJpYXQiOjE3ODA2OTcyNDUsIm5iZiI6MTc4MDY5NzEyNSwib3JnIjoxLCJvbmx5Q2hhbm5lbHMiOlsic2xlLW1vZHVsZS1weXRob24zLTE1LXNwNy11cGRhdGVzLXg4Nl82NCJdfQ.Jd1MTlt59ACQSJaNBnKSKd93WJKoklNymTFVcRNg2mo HTTP/1.1" 404 -
172.16.3.5 - - [06/Jun/2026:00:08:35 +0200] "POST /rhn/manager/frontend-log HTTP/1.1" 200 42
172.16.3.7 - - [06/Jun/2026:00:08:36 +0200] "HEAD /rhn/manager/download/sle-module-python3-15-sp7-updates-x86_64/repodata/repomd.xml?eyJhbGciOiJIUzI1NiJ9.eyJqdGkiOiJhM3pIZnBkazByZ0NSZExTRmJvT2NRIiwiZXhwIjoxODEyMjMzMjQ1LCJpYXQiOjE3ODA2OTcyNDUsIm5iZiI6MTc4MDY5NzEyNSwib3JnIjoxLCJvbmx5Q2hhbm5lbHMiOlsic2xlLW1vZHVsZS1weXRob24zLTE1LXNwNy11cGRhdGVzLXg4Nl82NCJdfQ.Jd1MTlt59ACQSJaNBnKSKd93WJKoklNymTFVcRNg2mo HTTP/1.1" 200 -
172.16.3.5 - - [06/Jun/2026:00:08:35 +0200] "GET /rhn/systems/details/history/Pending.do?sid=1000010005& HTTP/1.1" 200 6908
172.16.3.7 - - [06/Jun/2026:00:08:36 +0200] "GET /rhn/manager/download/sle-module-python3-15-sp7-updates-x86_64/repodata/repomd.xml?eyJhbGciOiJIUzI1NiJ9.eyJqdGkiOiJhM3pIZnBkazByZ0NSZExTRmJvT2NRIiwiZXhwIjoxODEyMjMzMjQ1LCJpYXQiOjE3ODA2OTcyNDUsIm5iZiI6MTc4MDY5NzEyNSwib3JnIjoxLCJvbmx5Q2hhbm5lbHMiOlsic2xlLW1vZHVsZS1weXRob24zLTE1LXNwNy11cGRhdGVzLXg4Nl82NCJdfQ.Jd1MTlt59ACQSJaNBnKSKd93WJKoklNymTFVcRNg2mo HTTP/1.1" 304 -
172.16.3.5 - - [06/Jun/2026:00:08:36 +0200] "GET /img/favicon.ico?q=0.1734183372319602 HTTP/1.1" 200 1150
172.16.3.7 - - [06/Jun/2026:00:08:36 +0200] "HEAD /rhn/manager/download/sle-module-python3-15-sp7-updates-x86_64/repodata/repomd.xml.asc?eyJhbGciOiJIUzI1NiJ9.eyJqdGkiOiJhM3pIZnBkazByZ0NSZExTRmJvT2NRIiwiZXhwIjoxODEyMjMzMjQ1LCJpYXQiOjE3ODA2OTcyNDUsIm5iZiI6MTc4MDY5NzEyNSwib3JnIjoxLCJvbmx5Q2hhbm5lbHMiOlsic2xlLW1vZHVsZS1weXRob24zLTE1LXNwNy11cGRhdGVzLXg4Nl82NCJdfQ.Jd1MTlt59ACQSJaNBnKSKd93WJKoklNymTFVcRNg2mo HTTP/1.1" 404 -
172.16.3.7 - - [06/Jun/2026:00:08:36 +0200] "HEAD /rhn/manager/download/sle-module-python3-15-sp7-updates-x86_64/repodata/006e50f4fbcc5da966b2fd427953ed7c18ae3960afc0b70b17c4e3ac5041ea21-primary.xml.gz?eyJhbGciOiJIUzI1NiJ9.eyJqdGkiOiJhM3pIZnBkazByZ0NSZExTRmJvT2NRIiwiZXhwIjoxODEyMjMzMjQ1LCJpYXQiOjE3ODA2OTcyNDUsIm5iZiI6MTc4MDY5NzEyNSwib3JnIjoxLCJvbmx5Q2hhbm5lbHMiOlsic2xlLW1vZHVsZS1weXRob24zLTE1LXNwNy11cGRhdGVzLXg4Nl82NCJdfQ.Jd1MTlt59ACQSJaNBnKSKd93WJKoklNymTFVcRNg2mo HTTP/1.1" 200 -
172.16.3.5 - - [06/Jun/2026:00:08:35 +0200] "GET /rhn/websocket/notifications HTTP/1.1" 101 -
172.16.3.5 - - [06/Jun/2026:00:08:34 +0200] "GET /rhn/systems/details/Overview.do?sid=1000010002& HTTP/1.1" 200 6965
172.16.3.7 - - [06/Jun/2026:00:08:36 +0200] "GET /rhn/manager/download/sle-module-python3-15-sp7-updates-x86_64/repodata/006e50f4fbcc5da966b2fd427953ed7c18ae3960afc0b70b17c4e3ac5041ea21-primary.xml.gz?eyJhbGciOiJIUzI1NiJ9.eyJqdGkiOiJhM3pIZnBkazByZ0NSZExTRmJvT2NRIiwiZXhwIjoxODEyMjMzMjQ1LCJpYXQiOjE3ODA2OTcyNDUsIm5iZiI6MTc4MDY5NzEyNSwib3JnIjoxLCJvbmx5Q2hhbm5lbHMiOlsic2xlLW1vZHVsZS1weXRob24zLTE1LXNwNy11cGRhdGVzLXg4Nl82NCJdfQ.Jd1MTlt59ACQSJaNBnKSKd93WJKoklNymTFVcRNg2mo HTTP/1.1" 304 -
172.16.3.7 - - [06/Jun/2026:00:08:36 +0200] "HEAD /rhn/manager/download/sle-module-python3-15-sp7-updates-x86_64/repodata/2afd61311a24a718a97b129a4e9f8d5746f45733a4b861faa8a4e5633da62d9c-susedata.xml.gz?eyJhbGciOiJIUzI1NiJ9.eyJqdGkiOiJhM3pIZnBkazByZ0NSZExTRmJvT2NRIiwiZXhwIjoxODEyMjMzMjQ1LCJpYXQiOjE3ODA2OTcyNDUsIm5iZiI6MTc4MDY5NzEyNSwib3JnIjoxLCJvbmx5Q2hhbm5lbHMiOlsic2xlLW1vZHVsZS1weXRob24zLTE1LXNwNy11cGRhdGVzLXg4Nl82NCJdfQ.Jd1MTlt59ACQSJaNBnKSKd93WJKoklNymTFVcRNg2mo HTTP/1.1" 200 -
172.16.3.5 - - [06/Jun/2026:00:08:36 +0200] "GET /img/favicon.ico?q=0.1756386723243918 HTTP/1.1" 200 1150
172.16.3.5 - - [06/Jun/2026:00:08:36 +0200] "POST /rhn/manager/frontend-log HTTP/1.1" 200 42
172.16.3.7 - - [06/Jun/2026:00:08:36 +0200] "GET /rhn/manager/download/sle-module-python3-15-sp7-updates-x86_64/repodata/2afd61311a24a718a97b129a4e9f8d5746f45733a4b861faa8a4e5633da62d9c-susedata.xml.gz?eyJhbGciOiJIUzI1NiJ9.eyJqdGkiOiJhM3pIZnBkazByZ0NSZExTRmJvT2NRIiwiZXhwIjoxODEyMjMzMjQ1LCJpYXQiOjE3ODA2OTcyNDUsIm5iZiI6MTc4MDY5NzEyNSwib3JnIjoxLCJvbmx5Q2hhbm5lbHMiOlsic2xlLW1vZHVsZS1weXRob24zLTE1LXNwNy11cGRhdGVzLXg4Nl82NCJdfQ.Jd1MTlt59ACQSJaNBnKSKd93WJKoklNymTFVcRNg2mo HTTP/1.1" 304 -
172.16.3.7 - - [06/Jun/2026:00:08:36 +0200] "HEAD /rhn/manager/download/sle-module-python3-15-sp7-updates-x86_64/repodata/a200e88cb67ac3ad227e3a0f0f5bb91cebedc3db57f6822bddbaa8b0d8ac63d3-updateinfo.xml.gz?eyJhbGciOiJIUzI1NiJ9.eyJqdGkiOiJhM3pIZnBkazByZ0NSZExTRmJvT2NRIiwiZXhwIjoxODEyMjMzMjQ1LCJpYXQiOjE3ODA2OTcyNDUsIm5iZiI6MTc4MDY5NzEyNSwib3JnIjoxLCJvbmx5Q2hhbm5lbHMiOlsic2xlLW1vZHVsZS1weXRob24zLTE1LXNwNy11cGRhdGVzLXg4Nl82NCJdfQ.Jd1MTlt59ACQSJaNBnKSKd93WJKoklNymTFVcRNg2mo HTTP/1.1" 200 -
172.16.3.5 - - [06/Jun/2026:00:08:36 +0200] "GET /rhn/websocket/notifications HTTP/1.1" 101 -
172.16.3.5 - - [06/Jun/2026:00:08:36 +0200] "POST /rhn/manager/frontend-log HTTP/1.1" 200 42
172.16.3.7 - - [06/Jun/2026:00:08:36 +0200] "GET /rhn/manager/download/sle-module-python3-15-sp7-updates-x86_64/repodata/a200e88cb67ac3ad227e3a0f0f5bb91cebedc3db57f6822bddbaa8b0d8ac63d3-updateinfo.xml.gz?eyJhbGciOiJIUzI1NiJ9.eyJqdGkiOiJhM3pIZnBkazByZ0NSZExTRmJvT2NRIiwiZXhwIjoxODEyMjMzMjQ1LCJpYXQiOjE3ODA2OTcyNDUsIm5iZiI6MTc4MDY5NzEyNSwib3JnIjoxLCJvbmx5Q2hhbm5lbHMiOlsic2xlLW1vZHVsZS1weXRob24zLTE1LXNwNy11cGRhdGVzLXg4Nl82NCJdfQ.Jd1MTlt59ACQSJaNBnKSKd93WJKoklNymTFVcRNg2mo HTTP/1.1" 304 -
172.16.3.5 - - [06/Jun/2026:00:08:36 +0200] "GET /rhn/systems/details/history/History.do?sid=1000010001& HTTP/1.1" 200 6884
172.16.3.7 - - [06/Jun/2026:00:08:36 +0200] "HEAD /rhn/manager/download/sle-module-server-applications15-sp7-updates-x86_64/repodata/repomd.xml?eyJhbGciOiJIUzI1NiJ9.eyJqdGkiOiIyRUhUcUN4SUJ1Tmt3b0FsU0VVb2RRIiwiZXhwIjoxODEyMjMzMjQ1LCJpYXQiOjE3ODA2OTcyNDUsIm5iZiI6MTc4MDY5NzEyNSwib3JnIjoxLCJvbmx5Q2hhbm5lbHMiOlsic2xlLW1vZHVsZS1zZXJ2ZXItYXBwbGljYXRpb25zMTUtc3A3LXVwZGF0ZXMteDg2XzY0Il19.Bx6x7N14x_7SzDT66-ZWm3r9TMOEXuqXV4sHw3KpgK0 HTTP/1.1" 200 -
172.16.3.7 - - [06/Jun/2026:00:08:36 +0200] "HEAD /rhn/manager/download/sle-module-server-applications15-sp7-updates-x86_64/media.1/media?eyJhbGciOiJIUzI1NiJ9.eyJqdGkiOiIyRUhUcUN4SUJ1Tmt3b0FsU0VVb2RRIiwiZXhwIjoxODEyMjMzMjQ1LCJpYXQiOjE3ODA2OTcyNDUsIm5iZiI6MTc4MDY5NzEyNSwib3JnIjoxLCJvbmx5Q2hhbm5lbHMiOlsic2xlLW1vZHVsZS1zZXJ2ZXItYXBwbGljYXRpb25zMTUtc3A3LXVwZGF0ZXMteDg2XzY0Il19.Bx6x7N14x_7SzDT66-ZWm3r9TMOEXuqXV4sHw3KpgK0 HTTP/1.1" 404 -
172.16.3.5 - - [06/Jun/2026:00:08:36 +0200] "GET /img/favicon.ico?q=0.5856895910664554 HTTP/1.1" 200 1150
172.16.3.7 - - [06/Jun/2026:00:08:36 +0200] "HEAD /rhn/manager/download/sle-module-server-applications15-sp7-updates-x86_64/repodata/repomd.xml?eyJhbGciOiJIUzI1NiJ9.eyJqdGkiOiIyRUhUcUN4SUJ1Tmt3b0FsU0VVb2RRIiwiZXhwIjoxODEyMjMzMjQ1LCJpYXQiOjE3ODA2OTcyNDUsIm5iZiI6MTc4MDY5NzEyNSwib3JnIjoxLCJvbmx5Q2hhbm5lbHMiOlsic2xlLW1vZHVsZS1zZXJ2ZXItYXBwbGljYXRpb25zMTUtc3A3LXVwZGF0ZXMteDg2XzY0Il19.Bx6x7N14x_7SzDT66-ZWm3r9TMOEXuqXV4sHw3KpgK0 HTTP/1.1" 200 -
172.16.3.7 - - [06/Jun/2026:00:08:36 +0200] "GET /rhn/manager/download/sle-module-server-applications15-sp7-updates-x86_64/repodata/repomd.xml?eyJhbGciOiJIUzI1NiJ9.eyJqdGkiOiIyRUhUcUN4SUJ1Tmt3b0FsU0VVb2RRIiwiZXhwIjoxODEyMjMzMjQ1LCJpYXQiOjE3ODA2OTcyNDUsIm5iZiI6MTc4MDY5NzEyNSwib3JnIjoxLCJvbmx5Q2hhbm5lbHMiOlsic2xlLW1vZHVsZS1zZXJ2ZXItYXBwbGljYXRpb25zMTUtc3A3LXVwZGF0ZXMteDg2XzY0Il19.Bx6x7N14x_7SzDT66-ZWm3r9TMOEXuqXV4sHw3KpgK0 HTTP/1.1" 304 -
172.16.3.7 - - [06/Jun/2026:00:08:37 +0200] "HEAD /rhn/manager/download/sle-module-server-applications15-sp7-updates-x86_64/repodata/repomd.xml.asc?eyJhbGciOiJIUzI1NiJ9.eyJqdGkiOiIyRUhUcUN4SUJ1Tmt3b0FsU0VVb2RRIiwiZXhwIjoxODEyMjMzMjQ1LCJpYXQiOjE3ODA2OTcyNDUsIm5iZiI6MTc4MDY5NzEyNSwib3JnIjoxLCJvbmx5Q2hhbm5lbHMiOlsic2xlLW1vZHVsZS1zZXJ2ZXItYXBwbGljYXRpb25zMTUtc3A3LXVwZGF0ZXMteDg2XzY0Il19.Bx6x7N14x_7SzDT66-ZWm3r9TMOEXuqXV4sHw3KpgK0 HTTP/1.1" 404 -
172.16.3.5 - - [06/Jun/2026:00:08:36 +0200] "POST /rhn/manager/frontend-log HTTP/1.1" 200 42
172.16.3.7 - - [06/Jun/2026:00:08:37 +0200] "HEAD /rhn/manager/download/sle-module-server-applications15-sp7-updates-x86_64/repodata/37ea721393840d77beef85e3180dad888be48d892cad621fe401d30f70c1287a-primary.xml.gz?eyJhbGciOiJIUzI1NiJ9.eyJqdGkiOiIyRUhUcUN4SUJ1Tmt3b0FsU0VVb2RRIiwiZXhwIjoxODEyMjMzMjQ1LCJpYXQiOjE3ODA2OTcyNDUsIm5iZiI6MTc4MDY5NzEyNSwib3JnIjoxLCJvbmx5Q2hhbm5lbHMiOlsic2xlLW1vZHVsZS1zZXJ2ZXItYXBwbGljYXRpb25zMTUtc3A3LXVwZGF0ZXMteDg2XzY0Il19.Bx6x7N14x_7SzDT66-ZWm3r9TMOEXuqXV4sHw3KpgK0 HTTP/1.1" 200 -
172.16.3.7 - - [06/Jun/2026:00:08:37 +0200] "GET /rhn/manager/download/sle-module-server-applications15-sp7-updates-x86_64/repodata/37ea721393840d77beef85e3180dad888be48d892cad621fe401d30f70c1287a-primary.xml.gz?eyJhbGciOiJIUzI1NiJ9.eyJqdGkiOiIyRUhUcUN4SUJ1Tmt3b0FsU0VVb2RRIiwiZXhwIjoxODEyMjMzMjQ1LCJpYXQiOjE3ODA2OTcyNDUsIm5iZiI6MTc4MDY5NzEyNSwib3JnIjoxLCJvbmx5Q2hhbm5lbHMiOlsic2xlLW1vZHVsZS1zZXJ2ZXItYXBwbGljYXRpb25zMTUtc3A3LXVwZGF0ZXMteDg2XzY0Il19.Bx6x7N14x_7SzDT66-ZWm3r9TMOEXuqXV4sHw3KpgK0 HTTP/1.1" 304 -
172.16.3.7 - - [06/Jun/2026:00:08:37 +0200] "HEAD /rhn/manager/download/sle-module-server-applications15-sp7-updates-x86_64/repodata/e04270d7e6e068dcad1dc74f51b9679fc55014f184e921d564e6fdb53b7ed60e-susedata.xml.gz?eyJhbGciOiJIUzI1NiJ9.eyJqdGkiOiIyRUhUcUN4SUJ1Tmt3b0FsU0VVb2RRIiwiZXhwIjoxODEyMjMzMjQ1LCJpYXQiOjE3ODA2OTcyNDUsIm5iZiI6MTc4MDY5NzEyNSwib3JnIjoxLCJvbmx5Q2hhbm5lbHMiOlsic2xlLW1vZHVsZS1zZXJ2ZXItYXBwbGljYXRpb25zMTUtc3A3LXVwZGF0ZXMteDg2XzY0Il19.Bx6x7N14x_7SzDT66-ZWm3r9TMOEXuqXV4sHw3KpgK0 HTTP/1.1" 200 -
172.16.3.5 - - [06/Jun/2026:00:08:36 +0200] "GET /rhn/systems/details/Connection.do?sid=1000010002& HTTP/1.1" 200 6281
172.16.3.7 - - [06/Jun/2026:00:08:37 +0200] "GET /rhn/manager/download/sle-module-server-applications15-sp7-updates-x86_64/repodata/e04270d7e6e068dcad1dc74f51b9679fc55014f184e921d564e6fdb53b7ed60e-susedata.xml.gz?eyJhbGciOiJIUzI1NiJ9.eyJqdGkiOiIyRUhUcUN4SUJ1Tmt3b0FsU0VVb2RRIiwiZXhwIjoxODEyMjMzMjQ1LCJpYXQiOjE3ODA2OTcyNDUsIm5iZiI6MTc4MDY5NzEyNSwib3JnIjoxLCJvbmx5Q2hhbm5lbHMiOlsic2xlLW1vZHVsZS1zZXJ2ZXItYXBwbGljYXRpb25zMTUtc3A3LXVwZGF0ZXMteDg2XzY0Il19.Bx6x7N14x_7SzDT66-ZWm3r9TMOEXuqXV4sHw3KpgK0 HTTP/1.1" 304 -
172.16.3.5 - - [06/Jun/2026:00:08:37 +0200] "GET /img/favicon.ico?q=0.9787917483516305 HTTP/1.1" 200 1150
172.16.3.7 - - [06/Jun/2026:00:08:37 +0200] "HEAD /rhn/manager/download/sle-module-server-applications15-sp7-updates-x86_64/repodata/ac991d4afd599460b53239958bbd81531ec7c68f74127ab36bb41ec2d9a3b33a-updateinfo.xml.gz?eyJhbGciOiJIUzI1NiJ9.eyJqdGkiOiIyRUhUcUN4SUJ1Tmt3b0FsU0VVb2RRIiwiZXhwIjoxODEyMjMzMjQ1LCJpYXQiOjE3ODA2OTcyNDUsIm5iZiI6MTc4MDY5NzEyNSwib3JnIjoxLCJvbmx5Q2hhbm5lbHMiOlsic2xlLW1vZHVsZS1zZXJ2ZXItYXBwbGljYXRpb25zMTUtc3A3LXVwZGF0ZXMteDg2XzY0Il19.Bx6x7N14x_7SzDT66-ZWm3r9TMOEXuqXV4sHw3KpgK0 HTTP/1.1" 200 -
172.16.3.7 - - [06/Jun/2026:00:08:37 +0200] "GET /rhn/manager/download/sle-module-server-applications15-sp7-updates-x86_64/repodata/ac991d4afd599460b53239958bbd81531ec7c68f74127ab36bb41ec2d9a3b33a-updateinfo.xml.gz?eyJhbGciOiJIUzI1NiJ9.eyJqdGkiOiIyRUhUcUN4SUJ1Tmt3b0FsU0VVb2RRIiwiZXhwIjoxODEyMjMzMjQ1LCJpYXQiOjE3ODA2OTcyNDUsIm5iZiI6MTc4MDY5NzEyNSwib3JnIjoxLCJvbmx5Q2hhbm5lbHMiOlsic2xlLW1vZHVsZS1zZXJ2ZXItYXBwbGljYXRpb25zMTUtc3A3LXVwZGF0ZXMteDg2XzY0Il19.Bx6x7N14x_7SzDT66-ZWm3r9TMOEXuqXV4sHw3KpgK0 HTTP/1.1" 304 -
172.16.3.5 - - [06/Jun/2026:00:08:37 +0200] "POST /rhn/manager/frontend-log HTTP/1.1" 200 42
172.16.3.5 - - [06/Jun/2026:00:08:36 +0200] "GET /rhn/websocket/notifications HTTP/1.1" 101 -
172.16.3.7 - - [06/Jun/2026:00:08:37 +0200] "HEAD /rhn/manager/download/sle-module-systems-management-15-sp7-updates-x86_64/repodata/repomd.xml?eyJhbGciOiJIUzI1NiJ9.eyJqdGkiOiJyTUVLUzRwR0pUc2tCbVZQV0dOME1BIiwiZXhwIjoxODEyMjMzMjQ1LCJpYXQiOjE3ODA2OTcyNDUsIm5iZiI6MTc4MDY5NzEyNSwib3JnIjoxLCJvbmx5Q2hhbm5lbHMiOlsic2xlLW1vZHVsZS1zeXN0ZW1zLW1hbmFnZW1lbnQtMTUtc3A3LXVwZGF0ZXMteDg2XzY0Il19.qDXl_EB4fCj-FO6RF0KM_ccu0ecSflhvGtFa8rn3NA0 HTTP/1.1" 200 -
172.16.3.7 - - [06/Jun/2026:00:08:37 +0200] "HEAD /rhn/manager/download/sle-module-systems-management-15-sp7-updates-x86_64/media.1/media?eyJhbGciOiJIUzI1NiJ9.eyJqdGkiOiJyTUVLUzRwR0pUc2tCbVZQV0dOME1BIiwiZXhwIjoxODEyMjMzMjQ1LCJpYXQiOjE3ODA2OTcyNDUsIm5iZiI6MTc4MDY5NzEyNSwib3JnIjoxLCJvbmx5Q2hhbm5lbHMiOlsic2xlLW1vZHVsZS1zeXN0ZW1zLW1hbmFnZW1lbnQtMTUtc3A3LXVwZGF0ZXMteDg2XzY0Il19.qDXl_EB4fCj-FO6RF0KM_ccu0ecSflhvGtFa8rn3NA0 HTTP/1.1" 404 -
172.16.3.7 - - [06/Jun/2026:00:08:37 +0200] "HEAD /rhn/manager/download/sle-module-systems-management-15-sp7-updates-x86_64/repodata/repomd.xml?eyJhbGciOiJIUzI1NiJ9.eyJqdGkiOiJyTUVLUzRwR0pUc2tCbVZQV0dOME1BIiwiZXhwIjoxODEyMjMzMjQ1LCJpYXQiOjE3ODA2OTcyNDUsIm5iZiI6MTc4MDY5NzEyNSwib3JnIjoxLCJvbmx5Q2hhbm5lbHMiOlsic2xlLW1vZHVsZS1zeXN0ZW1zLW1hbmFnZW1lbnQtMTUtc3A3LXVwZGF0ZXMteDg2XzY0Il19.qDXl_EB4fCj-FO6RF0KM_ccu0ecSflhvGtFa8rn3NA0 HTTP/1.1" 200 -
172.16.3.7 - - [06/Jun/2026:00:08:37 +0200] "GET /rhn/manager/download/sle-module-systems-management-15-sp7-updates-x86_64/repodata/repomd.xml?eyJhbGciOiJIUzI1NiJ9.eyJqdGkiOiJyTUVLUzRwR0pUc2tCbVZQV0dOME1BIiwiZXhwIjoxODEyMjMzMjQ1LCJpYXQiOjE3ODA2OTcyNDUsIm5iZiI6MTc4MDY5NzEyNSwib3JnIjoxLCJvbmx5Q2hhbm5lbHMiOlsic2xlLW1vZHVsZS1zeXN0ZW1zLW1hbmFnZW1lbnQtMTUtc3A3LXVwZGF0ZXMteDg2XzY0Il19.qDXl_EB4fCj-FO6RF0KM_ccu0ecSflhvGtFa8rn3NA0 HTTP/1.1" 304 -
172.16.3.7 - - [06/Jun/2026:00:08:37 +0200] "HEAD /rhn/manager/download/sle-module-systems-management-15-sp7-updates-x86_64/repodata/repomd.xml.asc?eyJhbGciOiJIUzI1NiJ9.eyJqdGkiOiJyTUVLUzRwR0pUc2tCbVZQV0dOME1BIiwiZXhwIjoxODEyMjMzMjQ1LCJpYXQiOjE3ODA2OTcyNDUsIm5iZiI6MTc4MDY5NzEyNSwib3JnIjoxLCJvbmx5Q2hhbm5lbHMiOlsic2xlLW1vZHVsZS1zeXN0ZW1zLW1hbmFnZW1lbnQtMTUtc3A3LXVwZGF0ZXMteDg2XzY0Il19.qDXl_EB4fCj-FO6RF0KM_ccu0ecSflhvGtFa8rn3NA0 HTTP/1.1" 404 -
172.16.3.7 - - [06/Jun/2026:00:08:37 +0200] "HEAD /rhn/manager/download/sle-module-systems-management-15-sp7-updates-x86_64/repodata/aef9883282dbae11c0a2505793241e2289d6ec385291b575d41db19604bfaa0f-primary.xml.gz?eyJhbGciOiJIUzI1NiJ9.eyJqdGkiOiJyTUVLUzRwR0pUc2tCbVZQV0dOME1BIiwiZXhwIjoxODEyMjMzMjQ1LCJpYXQiOjE3ODA2OTcyNDUsIm5iZiI6MTc4MDY5NzEyNSwib3JnIjoxLCJvbmx5Q2hhbm5lbHMiOlsic2xlLW1vZHVsZS1zeXN0ZW1zLW1hbmFnZW1lbnQtMTUtc3A3LXVwZGF0ZXMteDg2XzY0Il19.qDXl_EB4fCj-FO6RF0KM_ccu0ecSflhvGtFa8rn3NA0 HTTP/1.1" 200 -
172.16.3.7 - - [06/Jun/2026:00:08:37 +0200] "GET /rhn/manager/download/sle-module-systems-management-15-sp7-updates-x86_64/repodata/aef9883282dbae11c0a2505793241e2289d6ec385291b575d41db19604bfaa0f-primary.xml.gz?eyJhbGciOiJIUzI1NiJ9.eyJqdGkiOiJyTUVLUzRwR0pUc2tCbVZQV0dOME1BIiwiZXhwIjoxODEyMjMzMjQ1LCJpYXQiOjE3ODA2OTcyNDUsIm5iZiI6MTc4MDY5NzEyNSwib3JnIjoxLCJvbmx5Q2hhbm5lbHMiOlsic2xlLW1vZHVsZS1zeXN0ZW1zLW1hbmFnZW1lbnQtMTUtc3A3LXVwZGF0ZXMteDg2XzY0Il19.qDXl_EB4fCj-FO6RF0KM_ccu0ecSflhvGtFa8rn3NA0 HTTP/1.1" 304 -
172.16.3.7 - - [06/Jun/2026:00:08:37 +0200] "HEAD /rhn/manager/download/sle-module-systems-management-15-sp7-updates-x86_64/repodata/860a8ffd2e631d23d2e7e19d0bb2ec71704b82672341c7e80418b42f7f6aaea2-susedata.xml.gz?eyJhbGciOiJIUzI1NiJ9.eyJqdGkiOiJyTUVLUzRwR0pUc2tCbVZQV0dOME1BIiwiZXhwIjoxODEyMjMzMjQ1LCJpYXQiOjE3ODA2OTcyNDUsIm5iZiI6MTc4MDY5NzEyNSwib3JnIjoxLCJvbmx5Q2hhbm5lbHMiOlsic2xlLW1vZHVsZS1zeXN0ZW1zLW1hbmFnZW1lbnQtMTUtc3A3LXVwZGF0ZXMteDg2XzY0Il19.qDXl_EB4fCj-FO6RF0KM_ccu0ecSflhvGtFa8rn3NA0 HTTP/1.1" 200 -
172.16.3.7 - - [06/Jun/2026:00:08:37 +0200] "GET /rhn/manager/download/sle-module-systems-management-15-sp7-updates-x86_64/repodata/860a8ffd2e631d23d2e7e19d0bb2ec71704b82672341c7e80418b42f7f6aaea2-susedata.xml.gz?eyJhbGciOiJIUzI1NiJ9.eyJqdGkiOiJyTUVLUzRwR0pUc2tCbVZQV0dOME1BIiwiZXhwIjoxODEyMjMzMjQ1LCJpYXQiOjE3ODA2OTcyNDUsIm5iZiI6MTc4MDY5NzEyNSwib3JnIjoxLCJvbmx5Q2hhbm5lbHMiOlsic2xlLW1vZHVsZS1zeXN0ZW1zLW1hbmFnZW1lbnQtMTUtc3A3LXVwZGF0ZXMteDg2XzY0Il19.qDXl_EB4fCj-FO6RF0KM_ccu0ecSflhvGtFa8rn3NA0 HTTP/1.1" 304 -
172.16.3.7 - - [06/Jun/2026:00:08:37 +0200] "HEAD /rhn/manager/download/sle-module-systems-management-15-sp7-updates-x86_64/repodata/61daab4f2200e9cb4b5562336172edd0868bd6aa0fe8f4b7138b9390954d8ece-updateinfo.xml.gz?eyJhbGciOiJIUzI1NiJ9.eyJqdGkiOiJyTUVLUzRwR0pUc2tCbVZQV0dOME1BIiwiZXhwIjoxODEyMjMzMjQ1LCJpYXQiOjE3ODA2OTcyNDUsIm5iZiI6MTc4MDY5NzEyNSwib3JnIjoxLCJvbmx5Q2hhbm5lbHMiOlsic2xlLW1vZHVsZS1zeXN0ZW1zLW1hbmFnZW1lbnQtMTUtc3A3LXVwZGF0ZXMteDg2XzY0Il19.qDXl_EB4fCj-FO6RF0KM_ccu0ecSflhvGtFa8rn3NA0 HTTP/1.1" 200 -
172.16.3.5 - - [06/Jun/2026:00:08:37 +0200] "GET /rhn/systems/details/history/Event.do?sid=1000010001&aid=7 HTTP/1.1" 200 6165
172.16.3.7 - - [06/Jun/2026:00:08:37 +0200] "GET /rhn/manager/download/sle-module-systems-management-15-sp7-updates-x86_64/repodata/61daab4f2200e9cb4b5562336172edd0868bd6aa0fe8f4b7138b9390954d8ece-updateinfo.xml.gz?eyJhbGciOiJIUzI1NiJ9.eyJqdGkiOiJyTUVLUzRwR0pUc2tCbVZQV0dOME1BIiwiZXhwIjoxODEyMjMzMjQ1LCJpYXQiOjE3ODA2OTcyNDUsIm5iZiI6MTc4MDY5NzEyNSwib3JnIjoxLCJvbmx5Q2hhbm5lbHMiOlsic2xlLW1vZHVsZS1zeXN0ZW1zLW1hbmFnZW1lbnQtMTUtc3A3LXVwZGF0ZXMteDg2XzY0Il19.qDXl_EB4fCj-FO6RF0KM_ccu0ecSflhvGtFa8rn3NA0 HTTP/1.1" 304 -
172.16.3.7 - - [06/Jun/2026:00:08:37 +0200] "HEAD /rhn/manager/download/sle-product-sles15-sp7-updates-x86_64/repodata/repomd.xml?eyJhbGciOiJIUzI1NiJ9.eyJqdGkiOiJRSnFyZmRjOEg5bDdWb3NJSUFndXB3IiwiZXhwIjoxODEyMjMzMjQ1LCJpYXQiOjE3ODA2OTcyNDUsIm5iZiI6MTc4MDY5NzEyNSwib3JnIjoxLCJvbmx5Q2hhbm5lbHMiOlsic2xlLXByb2R1Y3Qtc2xlczE1LXNwNy11cGRhdGVzLXg4Nl82NCJdfQ.ttau__hhFrHtQbvrz8Fheko43NyA25IUAZ9WMPv7tdw HTTP/1.1" 200 -
172.16.3.5 - - [06/Jun/2026:00:08:37 +0200] "GET /img/favicon.ico?q=0.7368632700507508 HTTP/1.1" 200 1150
172.16.3.7 - - [06/Jun/2026:00:08:37 +0200] "HEAD /rhn/manager/download/sle-product-sles15-sp7-updates-x86_64/media.1/media?eyJhbGciOiJIUzI1NiJ9.eyJqdGkiOiJRSnFyZmRjOEg5bDdWb3NJSUFndXB3IiwiZXhwIjoxODEyMjMzMjQ1LCJpYXQiOjE3ODA2OTcyNDUsIm5iZiI6MTc4MDY5NzEyNSwib3JnIjoxLCJvbmx5Q2hhbm5lbHMiOlsic2xlLXByb2R1Y3Qtc2xlczE1LXNwNy11cGRhdGVzLXg4Nl82NCJdfQ.ttau__hhFrHtQbvrz8Fheko43NyA25IUAZ9WMPv7tdw HTTP/1.1" 404 -
172.16.3.7 - - [06/Jun/2026:00:08:38 +0200] "HEAD /rhn/manager/download/sle-product-sles15-sp7-updates-x86_64/repodata/repomd.xml?eyJhbGciOiJIUzI1NiJ9.eyJqdGkiOiJRSnFyZmRjOEg5bDdWb3NJSUFndXB3IiwiZXhwIjoxODEyMjMzMjQ1LCJpYXQiOjE3ODA2OTcyNDUsIm5iZiI6MTc4MDY5NzEyNSwib3JnIjoxLCJvbmx5Q2hhbm5lbHMiOlsic2xlLXByb2R1Y3Qtc2xlczE1LXNwNy11cGRhdGVzLXg4Nl82NCJdfQ.ttau__hhFrHtQbvrz8Fheko43NyA25IUAZ9WMPv7tdw HTTP/1.1" 200 -
172.16.3.7 - - [06/Jun/2026:00:08:38 +0200] "GET /rhn/manager/download/sle-product-sles15-sp7-updates-x86_64/repodata/repomd.xml?eyJhbGciOiJIUzI1NiJ9.eyJqdGkiOiJRSnFyZmRjOEg5bDdWb3NJSUFndXB3IiwiZXhwIjoxODEyMjMzMjQ1LCJpYXQiOjE3ODA2OTcyNDUsIm5iZiI6MTc4MDY5NzEyNSwib3JnIjoxLCJvbmx5Q2hhbm5lbHMiOlsic2xlLXByb2R1Y3Qtc2xlczE1LXNwNy11cGRhdGVzLXg4Nl82NCJdfQ.ttau__hhFrHtQbvrz8Fheko43NyA25IUAZ9WMPv7tdw HTTP/1.1" 304 -
172.16.3.7 - - [06/Jun/2026:00:08:38 +0200] "HEAD /rhn/manager/download/sle-product-sles15-sp7-updates-x86_64/repodata/repomd.xml.asc?eyJhbGciOiJIUzI1NiJ9.eyJqdGkiOiJRSnFyZmRjOEg5bDdWb3NJSUFndXB3IiwiZXhwIjoxODEyMjMzMjQ1LCJpYXQiOjE3ODA2OTcyNDUsIm5iZiI6MTc4MDY5NzEyNSwib3JnIjoxLCJvbmx5Q2hhbm5lbHMiOlsic2xlLXByb2R1Y3Qtc2xlczE1LXNwNy11cGRhdGVzLXg4Nl82NCJdfQ.ttau__hhFrHtQbvrz8Fheko43NyA25IUAZ9WMPv7tdw HTTP/1.1" 404 -
172.16.3.7 - - [06/Jun/2026:00:08:38 +0200] "HEAD /rhn/manager/download/sle-product-sles15-sp7-updates-x86_64/repodata/86c3b269b81bb391f309bffa155fe6b984bd614e39288d551923b87bbbdd6a91-primary.xml.gz?eyJhbGciOiJIUzI1NiJ9.eyJqdGkiOiJRSnFyZmRjOEg5bDdWb3NJSUFndXB3IiwiZXhwIjoxODEyMjMzMjQ1LCJpYXQiOjE3ODA2OTcyNDUsIm5iZiI6MTc4MDY5NzEyNSwib3JnIjoxLCJvbmx5Q2hhbm5lbHMiOlsic2xlLXByb2R1Y3Qtc2xlczE1LXNwNy11cGRhdGVzLXg4Nl82NCJdfQ.ttau__hhFrHtQbvrz8Fheko43NyA25IUAZ9WMPv7tdw HTTP/1.1" 200 -
172.16.3.5 - - [06/Jun/2026:00:08:37 +0200] "POST /rhn/manager/frontend-log HTTP/1.1" 200 42
172.16.3.7 - - [06/Jun/2026:00:08:38 +0200] "GET /rhn/manager/download/sle-product-sles15-sp7-updates-x86_64/repodata/86c3b269b81bb391f309bffa155fe6b984bd614e39288d551923b87bbbdd6a91-primary.xml.gz?eyJhbGciOiJIUzI1NiJ9.eyJqdGkiOiJRSnFyZmRjOEg5bDdWb3NJSUFndXB3IiwiZXhwIjoxODEyMjMzMjQ1LCJpYXQiOjE3ODA2OTcyNDUsIm5iZiI6MTc4MDY5NzEyNSwib3JnIjoxLCJvbmx5Q2hhbm5lbHMiOlsic2xlLXByb2R1Y3Qtc2xlczE1LXNwNy11cGRhdGVzLXg4Nl82NCJdfQ.ttau__hhFrHtQbvrz8Fheko43NyA25IUAZ9WMPv7tdw HTTP/1.1" 304 -
172.16.3.7 - - [06/Jun/2026:00:08:38 +0200] "HEAD /rhn/manager/download/sle-product-sles15-sp7-updates-x86_64/repodata/70c5d735bea733091ae1e7ee0e0b9512a914214027367521262deb6cb4bedaa1-susedata.xml.gz?eyJhbGciOiJIUzI1NiJ9.eyJqdGkiOiJRSnFyZmRjOEg5bDdWb3NJSUFndXB3IiwiZXhwIjoxODEyMjMzMjQ1LCJpYXQiOjE3ODA2OTcyNDUsIm5iZiI6MTc4MDY5NzEyNSwib3JnIjoxLCJvbmx5Q2hhbm5lbHMiOlsic2xlLXByb2R1Y3Qtc2xlczE1LXNwNy11cGRhdGVzLXg4Nl82NCJdfQ.ttau__hhFrHtQbvrz8Fheko43NyA25IUAZ9WMPv7tdw HTTP/1.1" 200 -
172.16.3.7 - - [06/Jun/2026:00:08:38 +0200] "GET /rhn/manager/download/sle-product-sles15-sp7-updates-x86_64/repodata/70c5d735bea733091ae1e7ee0e0b9512a914214027367521262deb6cb4bedaa1-susedata.xml.gz?eyJhbGciOiJIUzI1NiJ9.eyJqdGkiOiJRSnFyZmRjOEg5bDdWb3NJSUFndXB3IiwiZXhwIjoxODEyMjMzMjQ1LCJpYXQiOjE3ODA2OTcyNDUsIm5iZiI6MTc4MDY5NzEyNSwib3JnIjoxLCJvbmx5Q2hhbm5lbHMiOlsic2xlLXByb2R1Y3Qtc2xlczE1LXNwNy11cGRhdGVzLXg4Nl82NCJdfQ.ttau__hhFrHtQbvrz8Fheko43NyA25IUAZ9WMPv7tdw HTTP/1.1" 304 -
172.16.3.7 - - [06/Jun/2026:00:08:38 +0200] "HEAD /rhn/manager/download/sle-product-sles15-sp7-updates-x86_64/repodata/3efa5b9fae5214a5a8d6f4e73db34425ec3934b1d040183473d0d8865a0737d1-updateinfo.xml.gz?eyJhbGciOiJIUzI1NiJ9.eyJqdGkiOiJRSnFyZmRjOEg5bDdWb3NJSUFndXB3IiwiZXhwIjoxODEyMjMzMjQ1LCJpYXQiOjE3ODA2OTcyNDUsIm5iZiI6MTc4MDY5NzEyNSwib3JnIjoxLCJvbmx5Q2hhbm5lbHMiOlsic2xlLXByb2R1Y3Qtc2xlczE1LXNwNy11cGRhdGVzLXg4Nl82NCJdfQ.ttau__hhFrHtQbvrz8Fheko43NyA25IUAZ9WMPv7tdw HTTP/1.1" 200 -
172.16.3.7 - - [06/Jun/2026:00:08:38 +0200] "GET /rhn/manager/download/sle-product-sles15-sp7-updates-x86_64/repodata/3efa5b9fae5214a5a8d6f4e73db34425ec3934b1d040183473d0d8865a0737d1-updateinfo.xml.gz?eyJhbGciOiJIUzI1NiJ9.eyJqdGkiOiJRSnFyZmRjOEg5bDdWb3NJSUFndXB3IiwiZXhwIjoxODEyMjMzMjQ1LCJpYXQiOjE3ODA2OTcyNDUsIm5iZiI6MTc4MDY5NzEyNSwib3JnIjoxLCJvbmx5Q2hhbm5lbHMiOlsic2xlLXByb2R1Y3Qtc2xlczE1LXNwNy11cGRhdGVzLXg4Nl82NCJdfQ.ttau__hhFrHtQbvrz8Fheko43NyA25IUAZ9WMPv7tdw HTTP/1.1" 304 -
172.16.3.5 - - [06/Jun/2026:00:08:37 +0200] "GET /rhn/websocket/notifications HTTP/1.1" 101 -
172.16.3.7 - - [06/Jun/2026:00:08:38 +0200] "HEAD /rhn/manager/download/devel-build-host-channel/repodata/repomd.xml?eyJhbGciOiJIUzI1NiJ9.eyJqdGkiOiJVVDdtNW51am9fa2Juc2dFVkJUX1B3IiwiZXhwIjoxODEyMjMzMjQ1LCJpYXQiOjE3ODA2OTcyNDUsIm5iZiI6MTc4MDY5NzEyNSwib3JnIjoxLCJvbmx5Q2hhbm5lbHMiOlsiZGV2ZWwtYnVpbGQtaG9zdC1jaGFubmVsIl19.fSAhTi78mej7IoWvf_qqzSqKEnLrzYFby6rOkjzMO8E HTTP/1.1" 200 -
172.16.3.7 - - [06/Jun/2026:00:08:38 +0200] "HEAD /rhn/manager/download/devel-build-host-channel/media.1/media?eyJhbGciOiJIUzI1NiJ9.eyJqdGkiOiJVVDdtNW51am9fa2Juc2dFVkJUX1B3IiwiZXhwIjoxODEyMjMzMjQ1LCJpYXQiOjE3ODA2OTcyNDUsIm5iZiI6MTc4MDY5NzEyNSwib3JnIjoxLCJvbmx5Q2hhbm5lbHMiOlsiZGV2ZWwtYnVpbGQtaG9zdC1jaGFubmVsIl19.fSAhTi78mej7IoWvf_qqzSqKEnLrzYFby6rOkjzMO8E HTTP/1.1" 404 -
172.16.3.7 - - [06/Jun/2026:00:08:38 +0200] "HEAD /rhn/manager/download/devel-build-host-channel/repodata/repomd.xml?eyJhbGciOiJIUzI1NiJ9.eyJqdGkiOiJVVDdtNW51am9fa2Juc2dFVkJUX1B3IiwiZXhwIjoxODEyMjMzMjQ1LCJpYXQiOjE3ODA2OTcyNDUsIm5iZiI6MTc4MDY5NzEyNSwib3JnIjoxLCJvbmx5Q2hhbm5lbHMiOlsiZGV2ZWwtYnVpbGQtaG9zdC1jaGFubmVsIl19.fSAhTi78mej7IoWvf_qqzSqKEnLrzYFby6rOkjzMO8E HTTP/1.1" 200 -
172.16.3.5 - - [06/Jun/2026:00:08:37 +0200] "POST /rhn/manager/api/auth/login HTTP/1.1" 200 42
172.16.3.7 - - [06/Jun/2026:00:08:38 +0200] "GET /rhn/manager/download/devel-build-host-channel/repodata/repomd.xml?eyJhbGciOiJIUzI1NiJ9.eyJqdGkiOiJVVDdtNW51am9fa2Juc2dFVkJUX1B3IiwiZXhwIjoxODEyMjMzMjQ1LCJpYXQiOjE3ODA2OTcyNDUsIm5iZiI6MTc4MDY5NzEyNSwib3JnIjoxLCJvbmx5Q2hhbm5lbHMiOlsiZGV2ZWwtYnVpbGQtaG9zdC1jaGFubmVsIl19.fSAhTi78mej7IoWvf_qqzSqKEnLrzYFby6rOkjzMO8E HTTP/1.1" 304 -
172.16.3.7 - - [06/Jun/2026:00:08:38 +0200] "HEAD /rhn/manager/download/devel-build-host-channel/repodata/repomd.xml.asc?eyJhbGciOiJIUzI1NiJ9.eyJqdGkiOiJVVDdtNW51am9fa2Juc2dFVkJUX1B3IiwiZXhwIjoxODEyMjMzMjQ1LCJpYXQiOjE3ODA2OTcyNDUsIm5iZiI6MTc4MDY5NzEyNSwib3JnIjoxLCJvbmx5Q2hhbm5lbHMiOlsiZGV2ZWwtYnVpbGQtaG9zdC1jaGFubmVsIl19.fSAhTi78mej7IoWvf_qqzSqKEnLrzYFby6rOkjzMO8E HTTP/1.1" 404 -
172.16.3.7 - - [06/Jun/2026:00:08:38 +0200] "HEAD /rhn/manager/download/devel-build-host-channel/repodata/875509c761a3722da339c5ee2f6132a4e96edf348452055869171c759d4dbb4d-primary.xml.gz?eyJhbGciOiJIUzI1NiJ9.eyJqdGkiOiJVVDdtNW51am9fa2Juc2dFVkJUX1B3IiwiZXhwIjoxODEyMjMzMjQ1LCJpYXQiOjE3ODA2OTcyNDUsIm5iZiI6MTc4MDY5NzEyNSwib3JnIjoxLCJvbmx5Q2hhbm5lbHMiOlsiZGV2ZWwtYnVpbGQtaG9zdC1jaGFubmVsIl19.fSAhTi78mej7IoWvf_qqzSqKEnLrzYFby6rOkjzMO8E HTTP/1.1" 200 -
172.16.3.7 - - [06/Jun/2026:00:08:38 +0200] "GET /rhn/manager/download/devel-build-host-channel/repodata/875509c761a3722da339c5ee2f6132a4e96edf348452055869171c759d4dbb4d-primary.xml.gz?eyJhbGciOiJIUzI1NiJ9.eyJqdGkiOiJVVDdtNW51am9fa2Juc2dFVkJUX1B3IiwiZXhwIjoxODEyMjMzMjQ1LCJpYXQiOjE3ODA2OTcyNDUsIm5iZiI6MTc4MDY5NzEyNSwib3JnIjoxLCJvbmx5Q2hhbm5lbHMiOlsiZGV2ZWwtYnVpbGQtaG9zdC1jaGFubmVsIl19.fSAhTi78mej7IoWvf_qqzSqKEnLrzYFby6rOkjzMO8E HTTP/1.1" 304 -
172.16.3.7 - - [06/Jun/2026:00:08:38 +0200] "HEAD /rhn/manager/download/devel-build-host-channel/repodata/a777311d33ef3076297641add5000cb14dfede03ab0ca18aed7ac1348c3e29eb-susedata.xml.gz?eyJhbGciOiJIUzI1NiJ9.eyJqdGkiOiJVVDdtNW51am9fa2Juc2dFVkJUX1B3IiwiZXhwIjoxODEyMjMzMjQ1LCJpYXQiOjE3ODA2OTcyNDUsIm5iZiI6MTc4MDY5NzEyNSwib3JnIjoxLCJvbmx5Q2hhbm5lbHMiOlsiZGV2ZWwtYnVpbGQtaG9zdC1jaGFubmVsIl19.fSAhTi78mej7IoWvf_qqzSqKEnLrzYFby6rOkjzMO8E HTTP/1.1" 200 -
172.16.3.5 - - [06/Jun/2026:00:08:38 +0200] "POST /rhn/manager/api/system/searchByName HTTP/1.1" 200 149
172.16.3.7 - - [06/Jun/2026:00:08:38 +0200] "GET /rhn/manager/download/devel-build-host-channel/repodata/a777311d33ef3076297641add5000cb14dfede03ab0ca18aed7ac1348c3e29eb-susedata.xml.gz?eyJhbGciOiJIUzI1NiJ9.eyJqdGkiOiJVVDdtNW51am9fa2Juc2dFVkJUX1B3IiwiZXhwIjoxODEyMjMzMjQ1LCJpYXQiOjE3ODA2OTcyNDUsIm5iZiI6MTc4MDY5NzEyNSwib3JnIjoxLCJvbmx5Q2hhbm5lbHMiOlsiZGV2ZWwtYnVpbGQtaG9zdC1jaGFubmVsIl19.fSAhTi78mej7IoWvf_qqzSqKEnLrzYFby6rOkjzMO8E HTTP/1.1" 304 -
172.16.3.7 - - [06/Jun/2026:00:08:38 +0200] "HEAD /rhn/manager/download/sle-module-basesystem15-sp7-pool-x86_64/repodata/repomd.xml?eyJhbGciOiJIUzI1NiJ9.eyJqdGkiOiJGNjJ3QWJIMmZycVg4bmUtbWY2QnZBIiwiZXhwIjoxODEyMjMzMjQ1LCJpYXQiOjE3ODA2OTcyNDUsIm5iZiI6MTc4MDY5NzEyNSwib3JnIjoxLCJvbmx5Q2hhbm5lbHMiOlsic2xlLW1vZHVsZS1iYXNlc3lzdGVtMTUtc3A3LXBvb2wteDg2XzY0Il19.M3dINWldncU_ylww7lMGxXzdUI3M1eRfXv2IVUFYI50 HTTP/1.1" 200 -
172.16.3.5 - - [06/Jun/2026:00:08:38 +0200] "GET /rhn/systems/details/history/Pending.do?sid=1000010001& HTTP/1.1" 200 6225
172.16.3.7 - - [06/Jun/2026:00:08:38 +0200] "HEAD /rhn/manager/download/sle-module-basesystem15-sp7-pool-x86_64/media.1/media?eyJhbGciOiJIUzI1NiJ9.eyJqdGkiOiJGNjJ3QWJIMmZycVg4bmUtbWY2QnZBIiwiZXhwIjoxODEyMjMzMjQ1LCJpYXQiOjE3ODA2OTcyNDUsIm5iZiI6MTc4MDY5NzEyNSwib3JnIjoxLCJvbmx5Q2hhbm5lbHMiOlsic2xlLW1vZHVsZS1iYXNlc3lzdGVtMTUtc3A3LXBvb2wteDg2XzY0Il19.M3dINWldncU_ylww7lMGxXzdUI3M1eRfXv2IVUFYI50 HTTP/1.1" 404 -
172.16.3.5 - - [06/Jun/2026:00:08:38 +0200] "GET /img/favicon.ico?q=0.5308910147381113 HTTP/1.1" 200 1150
172.16.3.5 - - [06/Jun/2026:00:08:38 +0200] "GET /rhn/manager/api/auth/logout HTTP/1.1" 200 42
172.16.3.7 - - [06/Jun/2026:00:08:38 +0200] "HEAD /rhn/manager/download/sle-module-basesystem15-sp7-pool-x86_64/repodata/repomd.xml?eyJhbGciOiJIUzI1NiJ9.eyJqdGkiOiJGNjJ3QWJIMmZycVg4bmUtbWY2QnZBIiwiZXhwIjoxODEyMjMzMjQ1LCJpYXQiOjE3ODA2OTcyNDUsIm5iZiI6MTc4MDY5NzEyNSwib3JnIjoxLCJvbmx5Q2hhbm5lbHMiOlsic2xlLW1vZHVsZS1iYXNlc3lzdGVtMTUtc3A3LXBvb2wteDg2XzY0Il19.M3dINWldncU_ylww7lMGxXzdUI3M1eRfXv2IVUFYI50 HTTP/1.1" 200 -
172.16.3.5 - - [06/Jun/2026:00:08:34 +0200] "GET /rhn/websocket/notifications HTTP/1.1" 101 -
