172.16.3.5 - - [24/May/2026:08:03:09 +0200] "GET /rhn/manager/api/auth/logout HTTP/1.1" 200 16
172.16.3.5 - - [24/May/2026:08:03:09 +0200] "GET /rhn/systems/details/Overview.do?sid=1000010010 HTTP/1.1" 200 41590
172.16.3.5 - - [24/May/2026:08:03:10 +0200] "POST /rhn/manager/frontend-log HTTP/1.1" 200 16
127.0.0.1 - - [24/May/2026:08:03:10 +0200] "GET /rhn/websocket/notifications HTTP/1.1" 101 -
172.16.3.5 - - [24/May/2026:08:03:10 +0200] "POST /rhn/manager/frontend-log HTTP/1.1" 200 16
172.16.3.5 - - [24/May/2026:08:03:10 +0200] "GET /rhn/systems/details/packages/Packages.do?sid=1000010010& HTTP/1.1" 200 35511
127.0.0.1 - - [24/May/2026:08:03:10 +0200] "GET /rhn/websocket/notifications HTTP/1.1" 101 -
172.16.3.5 - - [24/May/2026:08:03:10 +0200] "POST /rhn/manager/frontend-log HTTP/1.1" 200 16
172.16.3.5 - - [24/May/2026:08:03:11 +0200] "GET /rhn/systems/details/packages/InstallPackages.do?sid=1000010010& HTTP/1.1" 200 69761
127.0.0.1 - - [24/May/2026:08:03:11 +0200] "GET /rhn/websocket/notifications HTTP/1.1" 101 -
172.16.3.5 - - [24/May/2026:08:03:11 +0200] "POST /rhn/manager/frontend-log HTTP/1.1" 200 16
172.16.3.5 - - [24/May/2026:08:03:11 +0200] "POST /rhn/systems/details/packages/InstallPackages.do?sid=1000010010 HTTP/1.1" 200 42498
172.16.3.5 - - [24/May/2026:08:03:11 +0200] "POST /rhn/manager/frontend-log HTTP/1.1" 200 16
127.0.0.1 - - [24/May/2026:08:03:11 +0200] "GET /rhn/websocket/notifications HTTP/1.1" 101 -
172.16.3.5 - - [24/May/2026:08:03:11 +0200] "POST /rhn/ajax/item-selector HTTP/1.1" 200 35
172.16.3.5 - - [24/May/2026:08:03:12 +0200] "POST /rhn/systems/details/packages/InstallPackages.do?sid=1000010010 HTTP/1.1" 302 -
172.16.3.5 - - [24/May/2026:08:03:12 +0200] "GET /rhn/systems/details/packages/InstallConfirm.do?sid=1000010010 HTTP/1.1" 200 40481
127.0.0.1 - - [24/May/2026:08:03:12 +0200] "GET /rhn/websocket/notifications HTTP/1.1" 101 -
172.16.3.5 - - [24/May/2026:08:03:12 +0200] "POST /rhn/manager/frontend-log HTTP/1.1" 200 16
172.16.3.5 - - [24/May/2026:08:03:12 +0200] "POST /rhn/systems/details/packages/InstallConfirm.do?sid=1000010010 HTTP/1.1" 302 -
172.16.3.5 - - [24/May/2026:08:03:13 +0200] "GET /rhn/systems/details/packages/Packages.do?date_hour=8&date_year=2026&schedule_type=date&date_month=4&date_day=24&date_minute=3&date_am_pm=0&sid=1000010010 HTTP/1.1" 200 35781
172.16.3.5 - - [24/May/2026:08:03:13 +0200] "POST /rhn/manager/frontend-log HTTP/1.1" 200 16
127.0.0.1 - - [24/May/2026:08:03:13 +0200] "GET /rhn/websocket/notifications HTTP/1.1" 101 -
172.16.3.5 - - [24/May/2026:08:03:13 +0200] "GET /rhn/systems/details/history/Pending.do?sid=1000010010& HTTP/1.1" 200 37796
127.0.0.1 - - [24/May/2026:08:03:14 +0200] "GET /rhn/websocket/notifications HTTP/1.1" 101 -
172.16.3.5 - - [24/May/2026:08:03:14 +0200] "GET /rhn/systems/details/history/Pending.do?sid=1000010010& HTTP/1.1" 200 35002
172.16.3.5 - - [24/May/2026:08:03:14 +0200] "POST /rhn/manager/frontend-log HTTP/1.1" 200 16
172.16.3.5 - - [24/May/2026:08:03:14 +0200] "POST /rhn/manager/frontend-log HTTP/1.1" 200 16
127.0.0.1 - - [24/May/2026:08:03:14 +0200] "GET /rhn/websocket/notifications HTTP/1.1" 101 -
172.16.3.5 - - [24/May/2026:08:03:14 +0200] "GET /rhn/systems/details/history/History.do?sid=1000010010& HTTP/1.1" 200 42340
127.0.0.1 - - [24/May/2026:08:03:15 +0200] "GET /rhn/websocket/notifications HTTP/1.1" 101 -
172.16.3.5 - - [24/May/2026:08:03:15 +0200] "POST /rhn/manager/frontend-log HTTP/1.1" 200 16
172.16.3.5 - - [24/May/2026:08:03:15 +0200] "GET /rhn/systems/details/history/Event.do?sid=1000010010&aid=87 HTTP/1.1" 200 35450
127.0.0.1 - - [24/May/2026:08:03:15 +0200] "GET /rhn/websocket/notifications HTTP/1.1" 101 -
172.16.3.5 - - [24/May/2026:08:03:15 +0200] "POST /rhn/manager/frontend-log HTTP/1.1" 200 16
172.16.3.5 - - [24/May/2026:08:03:25 +0200] "GET /rhn/systems/details/history/Event.do?sid=1000010010&aid=87 HTTP/1.1" 200 35450
172.16.3.5 - - [24/May/2026:08:03:25 +0200] "POST /rhn/manager/frontend-log HTTP/1.1" 200 16
127.0.0.1 - - [24/May/2026:08:03:25 +0200] "GET /rhn/websocket/notifications HTTP/1.1" 101 -
172.16.3.5 - - [24/May/2026:08:03:25 +0200] "POST /rhn/manager/frontend-log HTTP/1.1" 200 16
127.0.0.1 - - [24/May/2026:08:03:25 +0200] "GET /rhn/websocket/notifications HTTP/1.1" 101 -
172.16.3.5 - - [24/May/2026:08:03:41 +0200] "GET /rhn/systems/details/history/Event.do?sid=1000010010&aid=87 HTTP/1.1" 200 35450
172.16.3.5 - - [24/May/2026:08:03:41 +0200] "POST /rhn/manager/frontend-log HTTP/1.1" 200 16
127.0.0.1 - - [24/May/2026:08:03:41 +0200] "GET /rhn/websocket/notifications HTTP/1.1" 101 -
172.16.3.5 - - [24/May/2026:08:03:41 +0200] "POST /rhn/manager/frontend-log HTTP/1.1" 200 16
127.0.0.1 - - [24/May/2026:08:03:42 +0200] "GET /rhn/websocket/notifications HTTP/1.1" 101 -
172.16.3.7 - - [24/May/2026:08:03:44 +0200] "HEAD /rhn/manager/download/fake-rpm-suse-channel/repodata/repomd.xml?eyJhbGciOiJIUzI1NiJ9.eyJqdGkiOiJBejlPQUtWN244c2U1NThDMF8xcUh3IiwiZXhwIjoxODExMTM4NDcwLCJpYXQiOjE3Nzk2MDI0NzAsIm5iZiI6MTc3OTYwMjM1MCwib3JnIjoxLCJvbmx5Q2hhbm5lbHMiOlsiZmFrZS1ycG0tc3VzZS1jaGFubmVsIl19.9gmc8FTWgpExpEaSoWii-PP1Qx8u14ZEw06qDkrSy3c HTTP/1.1" 200 -
172.16.3.7 - - [24/May/2026:08:03:44 +0200] "HEAD /rhn/manager/download/fake-rpm-suse-channel/media.1/media?eyJhbGciOiJIUzI1NiJ9.eyJqdGkiOiJBejlPQUtWN244c2U1NThDMF8xcUh3IiwiZXhwIjoxODExMTM4NDcwLCJpYXQiOjE3Nzk2MDI0NzAsIm5iZiI6MTc3OTYwMjM1MCwib3JnIjoxLCJvbmx5Q2hhbm5lbHMiOlsiZmFrZS1ycG0tc3VzZS1jaGFubmVsIl19.9gmc8FTWgpExpEaSoWii-PP1Qx8u14ZEw06qDkrSy3c HTTP/1.1" 404 -
172.16.3.7 - - [24/May/2026:08:03:44 +0200] "HEAD /rhn/manager/download/fake-rpm-suse-channel/repodata/repomd.xml?eyJhbGciOiJIUzI1NiJ9.eyJqdGkiOiJBejlPQUtWN244c2U1NThDMF8xcUh3IiwiZXhwIjoxODExMTM4NDcwLCJpYXQiOjE3Nzk2MDI0NzAsIm5iZiI6MTc3OTYwMjM1MCwib3JnIjoxLCJvbmx5Q2hhbm5lbHMiOlsiZmFrZS1ycG0tc3VzZS1jaGFubmVsIl19.9gmc8FTWgpExpEaSoWii-PP1Qx8u14ZEw06qDkrSy3c HTTP/1.1" 200 -
172.16.3.7 - - [24/May/2026:08:03:44 +0200] "GET /rhn/manager/download/fake-rpm-suse-channel/repodata/repomd.xml?eyJhbGciOiJIUzI1NiJ9.eyJqdGkiOiJBejlPQUtWN244c2U1NThDMF8xcUh3IiwiZXhwIjoxODExMTM4NDcwLCJpYXQiOjE3Nzk2MDI0NzAsIm5iZiI6MTc3OTYwMjM1MCwib3JnIjoxLCJvbmx5Q2hhbm5lbHMiOlsiZmFrZS1ycG0tc3VzZS1jaGFubmVsIl19.9gmc8FTWgpExpEaSoWii-PP1Qx8u14ZEw06qDkrSy3c HTTP/1.1" 200 3664
172.16.3.7 - - [24/May/2026:08:03:44 +0200] "HEAD /rhn/manager/download/fake-rpm-suse-channel/repodata/repomd.xml.asc?eyJhbGciOiJIUzI1NiJ9.eyJqdGkiOiJBejlPQUtWN244c2U1NThDMF8xcUh3IiwiZXhwIjoxODExMTM4NDcwLCJpYXQiOjE3Nzk2MDI0NzAsIm5iZiI6MTc3OTYwMjM1MCwib3JnIjoxLCJvbmx5Q2hhbm5lbHMiOlsiZmFrZS1ycG0tc3VzZS1jaGFubmVsIl19.9gmc8FTWgpExpEaSoWii-PP1Qx8u14ZEw06qDkrSy3c HTTP/1.1" 404 -
172.16.3.7 - - [24/May/2026:08:03:44 +0200] "HEAD /rhn/manager/download/fake-rpm-suse-channel/repodata/dc05f5de20ec5cddf1d7088e65da1230df4c6b4c33bb2dcb088c704c21957179247db0b20270248610807cc531a5cc8e11613b4e1b71498666968b18f97f6feb-primary.xml.gz?eyJhbGciOiJIUzI1NiJ9.eyJqdGkiOiJBejlPQUtWN244c2U1NThDMF8xcUh3IiwiZXhwIjoxODExMTM4NDcwLCJpYXQiOjE3Nzk2MDI0NzAsIm5iZiI6MTc3OTYwMjM1MCwib3JnIjoxLCJvbmx5Q2hhbm5lbHMiOlsiZmFrZS1ycG0tc3VzZS1jaGFubmVsIl19.9gmc8FTWgpExpEaSoWii-PP1Qx8u14ZEw06qDkrSy3c HTTP/1.1" 200 -
172.16.3.7 - - [24/May/2026:08:03:44 +0200] "GET /rhn/manager/download/fake-rpm-suse-channel/repodata/dc05f5de20ec5cddf1d7088e65da1230df4c6b4c33bb2dcb088c704c21957179247db0b20270248610807cc531a5cc8e11613b4e1b71498666968b18f97f6feb-primary.xml.gz?eyJhbGciOiJIUzI1NiJ9.eyJqdGkiOiJBejlPQUtWN244c2U1NThDMF8xcUh3IiwiZXhwIjoxODExMTM4NDcwLCJpYXQiOjE3Nzk2MDI0NzAsIm5iZiI6MTc3OTYwMjM1MCwib3JnIjoxLCJvbmx5Q2hhbm5lbHMiOlsiZmFrZS1ycG0tc3VzZS1jaGFubmVsIl19.9gmc8FTWgpExpEaSoWii-PP1Qx8u14ZEw06qDkrSy3c HTTP/1.1" 200 3664
172.16.3.7 - - [24/May/2026:08:03:44 +0200] "HEAD /rhn/manager/download/fake-rpm-suse-channel/repodata/967523dc5726124030e80fb689fa51ce5488d2ac8712bba0620f3ffc36327e732d46cf562cdfb846af7c837ef2954c30cd95d648799cecc00140260e96bc9a58-susedata.xml.gz?eyJhbGciOiJIUzI1NiJ9.eyJqdGkiOiJBejlPQUtWN244c2U1NThDMF8xcUh3IiwiZXhwIjoxODExMTM4NDcwLCJpYXQiOjE3Nzk2MDI0NzAsIm5iZiI6MTc3OTYwMjM1MCwib3JnIjoxLCJvbmx5Q2hhbm5lbHMiOlsiZmFrZS1ycG0tc3VzZS1jaGFubmVsIl19.9gmc8FTWgpExpEaSoWii-PP1Qx8u14ZEw06qDkrSy3c HTTP/1.1" 200 -
172.16.3.7 - - [24/May/2026:08:03:44 +0200] "GET /rhn/manager/download/fake-rpm-suse-channel/repodata/967523dc5726124030e80fb689fa51ce5488d2ac8712bba0620f3ffc36327e732d46cf562cdfb846af7c837ef2954c30cd95d648799cecc00140260e96bc9a58-susedata.xml.gz?eyJhbGciOiJIUzI1NiJ9.eyJqdGkiOiJBejlPQUtWN244c2U1NThDMF8xcUh3IiwiZXhwIjoxODExMTM4NDcwLCJpYXQiOjE3Nzk2MDI0NzAsIm5iZiI6MTc3OTYwMjM1MCwib3JnIjoxLCJvbmx5Q2hhbm5lbHMiOlsiZmFrZS1ycG0tc3VzZS1jaGFubmVsIl19.9gmc8FTWgpExpEaSoWii-PP1Qx8u14ZEw06qDkrSy3c HTTP/1.1" 200 3664
172.16.3.7 - - [24/May/2026:08:03:45 +0200] "HEAD /rhn/manager/download/fake-rpm-suse-channel/repodata/a33dca05c36f518e2e5e11bf27a2a18c1db5ce0fd39c946c9e071a70e5ba32caefa97fcd5afebd18b3c7a4033dda2283487d3cf84f0702957e0a77766f4ee2bb-updateinfo.xml.gz?eyJhbGciOiJIUzI1NiJ9.eyJqdGkiOiJBejlPQUtWN244c2U1NThDMF8xcUh3IiwiZXhwIjoxODExMTM4NDcwLCJpYXQiOjE3Nzk2MDI0NzAsIm5iZiI6MTc3OTYwMjM1MCwib3JnIjoxLCJvbmx5Q2hhbm5lbHMiOlsiZmFrZS1ycG0tc3VzZS1jaGFubmVsIl19.9gmc8FTWgpExpEaSoWii-PP1Qx8u14ZEw06qDkrSy3c HTTP/1.1" 200 -
172.16.3.7 - - [24/May/2026:08:03:45 +0200] "GET /rhn/manager/download/fake-rpm-suse-channel/repodata/a33dca05c36f518e2e5e11bf27a2a18c1db5ce0fd39c946c9e071a70e5ba32caefa97fcd5afebd18b3c7a4033dda2283487d3cf84f0702957e0a77766f4ee2bb-updateinfo.xml.gz?eyJhbGciOiJIUzI1NiJ9.eyJqdGkiOiJBejlPQUtWN244c2U1NThDMF8xcUh3IiwiZXhwIjoxODExMTM4NDcwLCJpYXQiOjE3Nzk2MDI0NzAsIm5iZiI6MTc3OTYwMjM1MCwib3JnIjoxLCJvbmx5Q2hhbm5lbHMiOlsiZmFrZS1ycG0tc3VzZS1jaGFubmVsIl19.9gmc8FTWgpExpEaSoWii-PP1Qx8u14ZEw06qDkrSy3c HTTP/1.1" 200 3663
172.16.3.7 - - [24/May/2026:08:03:45 +0200] "HEAD /rhn/manager/download/opensuse_tumbleweed-uyuni-client-devel-x86_64/repodata/repomd.xml?eyJhbGciOiJIUzI1NiJ9.eyJqdGkiOiJLMGY1dGtCdkxyM0lYRnJfN2ppZWlBIiwiZXhwIjoxODExMTM4NDcwLCJpYXQiOjE3Nzk2MDI0NzAsIm5iZiI6MTc3OTYwMjM1MCwib3JnIjoxLCJvbmx5Q2hhbm5lbHMiOlsib3BlbnN1c2VfdHVtYmxld2VlZC11eXVuaS1jbGllbnQtZGV2ZWwteDg2XzY0Il19.KL_ix2h5p8NN6OAPzWcFT-Ojx2Sb5ZcpWs7L7hJLXQA HTTP/1.1" 200 -
172.16.3.7 - - [24/May/2026:08:03:45 +0200] "HEAD /rhn/manager/download/opensuse_tumbleweed-uyuni-client-devel-x86_64/media.1/media?eyJhbGciOiJIUzI1NiJ9.eyJqdGkiOiJLMGY1dGtCdkxyM0lYRnJfN2ppZWlBIiwiZXhwIjoxODExMTM4NDcwLCJpYXQiOjE3Nzk2MDI0NzAsIm5iZiI6MTc3OTYwMjM1MCwib3JnIjoxLCJvbmx5Q2hhbm5lbHMiOlsib3BlbnN1c2VfdHVtYmxld2VlZC11eXVuaS1jbGllbnQtZGV2ZWwteDg2XzY0Il19.KL_ix2h5p8NN6OAPzWcFT-Ojx2Sb5ZcpWs7L7hJLXQA HTTP/1.1" 404 -
172.16.3.7 - - [24/May/2026:08:03:45 +0200] "HEAD /rhn/manager/download/opensuse_tumbleweed-uyuni-client-devel-x86_64/repodata/repomd.xml?eyJhbGciOiJIUzI1NiJ9.eyJqdGkiOiJLMGY1dGtCdkxyM0lYRnJfN2ppZWlBIiwiZXhwIjoxODExMTM4NDcwLCJpYXQiOjE3Nzk2MDI0NzAsIm5iZiI6MTc3OTYwMjM1MCwib3JnIjoxLCJvbmx5Q2hhbm5lbHMiOlsib3BlbnN1c2VfdHVtYmxld2VlZC11eXVuaS1jbGllbnQtZGV2ZWwteDg2XzY0Il19.KL_ix2h5p8NN6OAPzWcFT-Ojx2Sb5ZcpWs7L7hJLXQA HTTP/1.1" 200 -
172.16.3.7 - - [24/May/2026:08:03:45 +0200] "HEAD /rhn/manager/download/opensuse_tumbleweed-uyuni-client-devel-x86_64/repodata/repomd.xml.asc?eyJhbGciOiJIUzI1NiJ9.eyJqdGkiOiJLMGY1dGtCdkxyM0lYRnJfN2ppZWlBIiwiZXhwIjoxODExMTM4NDcwLCJpYXQiOjE3Nzk2MDI0NzAsIm5iZiI6MTc3OTYwMjM1MCwib3JnIjoxLCJvbmx5Q2hhbm5lbHMiOlsib3BlbnN1c2VfdHVtYmxld2VlZC11eXVuaS1jbGllbnQtZGV2ZWwteDg2XzY0Il19.KL_ix2h5p8NN6OAPzWcFT-Ojx2Sb5ZcpWs7L7hJLXQA HTTP/1.1" 404 -
172.16.3.7 - - [24/May/2026:08:03:45 +0200] "HEAD /rhn/manager/download/opensuse_tumbleweed-uyuni-client-devel-x86_64/repodata/6d5697f0e217b4b7353408598089b5f77837ca878279451f97fbfa0e0cfa4314d03b5b33a8a959254dc3cc51607d11d1735d7c804e58e533f862faeca0a02282-primary.xml.gz?eyJhbGciOiJIUzI1NiJ9.eyJqdGkiOiJLMGY1dGtCdkxyM0lYRnJfN2ppZWlBIiwiZXhwIjoxODExMTM4NDcwLCJpYXQiOjE3Nzk2MDI0NzAsIm5iZiI6MTc3OTYwMjM1MCwib3JnIjoxLCJvbmx5Q2hhbm5lbHMiOlsib3BlbnN1c2VfdHVtYmxld2VlZC11eXVuaS1jbGllbnQtZGV2ZWwteDg2XzY0Il19.KL_ix2h5p8NN6OAPzWcFT-Ojx2Sb5ZcpWs7L7hJLXQA HTTP/1.1" 200 -
172.16.3.7 - - [24/May/2026:08:03:45 +0200] "HEAD /rhn/manager/download/opensuse_tumbleweed-uyuni-client-devel-x86_64/repodata/720db58c9b64176900d20f1ec5e085d98a676f5075351af10d82045ab58cc0ec48710d98e7b076cb48e45770f36621326b7f0a3da3978f80d7389c43296912b3-susedata.xml.gz?eyJhbGciOiJIUzI1NiJ9.eyJqdGkiOiJLMGY1dGtCdkxyM0lYRnJfN2ppZWlBIiwiZXhwIjoxODExMTM4NDcwLCJpYXQiOjE3Nzk2MDI0NzAsIm5iZiI6MTc3OTYwMjM1MCwib3JnIjoxLCJvbmx5Q2hhbm5lbHMiOlsib3BlbnN1c2VfdHVtYmxld2VlZC11eXVuaS1jbGllbnQtZGV2ZWwteDg2XzY0Il19.KL_ix2h5p8NN6OAPzWcFT-Ojx2Sb5ZcpWs7L7hJLXQA HTTP/1.1" 200 -
172.16.3.7 - - [24/May/2026:08:03:45 +0200] "HEAD /rhn/manager/download/opensuse_tumbleweed-x86_64/repodata/repomd.xml?eyJhbGciOiJIUzI1NiJ9.eyJqdGkiOiI1ZW1hOWo0WmVrRWNlUmxKQkVDT2l3IiwiZXhwIjoxODExMTM4NDcwLCJpYXQiOjE3Nzk2MDI0NzAsIm5iZiI6MTc3OTYwMjM1MCwib3JnIjoxLCJvbmx5Q2hhbm5lbHMiOlsib3BlbnN1c2VfdHVtYmxld2VlZC14ODZfNjQiXX0.KQzQHf8Wq8DoH2RolcnJCZW8rXY3n68co6OBf4XAM4U HTTP/1.1" 200 -
172.16.3.7 - - [24/May/2026:08:03:45 +0200] "HEAD /rhn/manager/download/opensuse_tumbleweed-x86_64/media.1/media?eyJhbGciOiJIUzI1NiJ9.eyJqdGkiOiI1ZW1hOWo0WmVrRWNlUmxKQkVDT2l3IiwiZXhwIjoxODExMTM4NDcwLCJpYXQiOjE3Nzk2MDI0NzAsIm5iZiI6MTc3OTYwMjM1MCwib3JnIjoxLCJvbmx5Q2hhbm5lbHMiOlsib3BlbnN1c2VfdHVtYmxld2VlZC14ODZfNjQiXX0.KQzQHf8Wq8DoH2RolcnJCZW8rXY3n68co6OBf4XAM4U HTTP/1.1" 404 -
172.16.3.7 - - [24/May/2026:08:03:45 +0200] "HEAD /rhn/manager/download/opensuse_tumbleweed-x86_64/repodata/repomd.xml?eyJhbGciOiJIUzI1NiJ9.eyJqdGkiOiI1ZW1hOWo0WmVrRWNlUmxKQkVDT2l3IiwiZXhwIjoxODExMTM4NDcwLCJpYXQiOjE3Nzk2MDI0NzAsIm5iZiI6MTc3OTYwMjM1MCwib3JnIjoxLCJvbmx5Q2hhbm5lbHMiOlsib3BlbnN1c2VfdHVtYmxld2VlZC14ODZfNjQiXX0.KQzQHf8Wq8DoH2RolcnJCZW8rXY3n68co6OBf4XAM4U HTTP/1.1" 200 -
172.16.3.7 - - [24/May/2026:08:03:45 +0200] "HEAD /rhn/manager/download/opensuse_tumbleweed-x86_64/repodata/repomd.xml.asc?eyJhbGciOiJIUzI1NiJ9.eyJqdGkiOiI1ZW1hOWo0WmVrRWNlUmxKQkVDT2l3IiwiZXhwIjoxODExMTM4NDcwLCJpYXQiOjE3Nzk2MDI0NzAsIm5iZiI6MTc3OTYwMjM1MCwib3JnIjoxLCJvbmx5Q2hhbm5lbHMiOlsib3BlbnN1c2VfdHVtYmxld2VlZC14ODZfNjQiXX0.KQzQHf8Wq8DoH2RolcnJCZW8rXY3n68co6OBf4XAM4U HTTP/1.1" 404 -
172.16.3.7 - - [24/May/2026:08:03:45 +0200] "HEAD /rhn/manager/download/opensuse_tumbleweed-x86_64/repodata/c0d397725399a10896888af9cf867bc8134615af1bd227de7b039ac03c470e74dd23a39b5b436ddc4779c14d5f3e52923d39b1f550ddf534112023fddf4b1b49-primary.xml.gz?eyJhbGciOiJIUzI1NiJ9.eyJqdGkiOiI1ZW1hOWo0WmVrRWNlUmxKQkVDT2l3IiwiZXhwIjoxODExMTM4NDcwLCJpYXQiOjE3Nzk2MDI0NzAsIm5iZiI6MTc3OTYwMjM1MCwib3JnIjoxLCJvbmx5Q2hhbm5lbHMiOlsib3BlbnN1c2VfdHVtYmxld2VlZC14ODZfNjQiXX0.KQzQHf8Wq8DoH2RolcnJCZW8rXY3n68co6OBf4XAM4U HTTP/1.1" 200 -
172.16.3.7 - - [24/May/2026:08:03:46 +0200] "HEAD /rhn/manager/download/opensuse_tumbleweed-x86_64/repodata/408ce57e8a39aa873b263f868578d19518a40688eacdd7b0a2c07a5e8a01c5e39df8b80b8ff99d4473235c4ff57df1cd2d22188f28ca76ee957eff99c86baaa2-susedata.xml.gz?eyJhbGciOiJIUzI1NiJ9.eyJqdGkiOiI1ZW1hOWo0WmVrRWNlUmxKQkVDT2l3IiwiZXhwIjoxODExMTM4NDcwLCJpYXQiOjE3Nzk2MDI0NzAsIm5iZiI6MTc3OTYwMjM1MCwib3JnIjoxLCJvbmx5Q2hhbm5lbHMiOlsib3BlbnN1c2VfdHVtYmxld2VlZC14ODZfNjQiXX0.KQzQHf8Wq8DoH2RolcnJCZW8rXY3n68co6OBf4XAM4U HTTP/1.1" 200 -
172.16.3.7 - - [24/May/2026:08:03:46 +0200] "HEAD /rhn/manager/download/fake-rpm-suse-channel/getPackage/1/393558530a612fcb562a5c91f3d470c6a22d585212796ff5fe5d8dc6186cb63c459f5ae371ef19b16589ad610d3827c4501310d0607396059012545ee3b77394/milkyway-dummy-2.0-1.1.x86_64.rpm?eyJhbGciOiJIUzI1NiJ9.eyJqdGkiOiJBejlPQUtWN244c2U1NThDMF8xcUh3IiwiZXhwIjoxODExMTM4NDcwLCJpYXQiOjE3Nzk2MDI0NzAsIm5iZiI6MTc3OTYwMjM1MCwib3JnIjoxLCJvbmx5Q2hhbm5lbHMiOlsiZmFrZS1ycG0tc3VzZS1jaGFubmVsIl19.9gmc8FTWgpExpEaSoWii-PP1Qx8u14ZEw06qDkrSy3c HTTP/1.1" 200 -
172.16.3.5 - - [24/May/2026:08:03:59 +0200] "GET /rhn/systems/details/history/Event.do?sid=1000010010&aid=87 HTTP/1.1" 200 39546
172.16.3.5 - - [24/May/2026:08:03:59 +0200] "POST /rhn/manager/frontend-log HTTP/1.1" 200 16
127.0.0.1 - - [24/May/2026:08:03:59 +0200] "GET /rhn/websocket/notifications HTTP/1.1" 101 -
172.16.3.5 - - [24/May/2026:08:03:59 +0200] "POST /rhn/manager/frontend-log HTTP/1.1" 200 16
127.0.0.1 - - [24/May/2026:08:03:59 +0200] "GET /rhn/websocket/notifications HTTP/1.1" 101 -
172.16.3.5 - - [24/May/2026:08:04:10 +0200] "POST /rhn/manager/api/auth/login HTTP/1.1" 200 16
172.16.3.5 - - [24/May/2026:08:04:10 +0200] "POST /rhn/manager/api/system/searchByName HTTP/1.1" 200 166
172.16.3.5 - - [24/May/2026:08:04:10 +0200] "GET /rhn/manager/api/auth/logout HTTP/1.1" 200 16
172.16.3.5 - - [24/May/2026:08:04:11 +0200] "GET /rhn/systems/details/Overview.do?sid=1000010010 HTTP/1.1" 200 41590
172.16.3.5 - - [24/May/2026:08:04:11 +0200] "POST /rhn/manager/frontend-log HTTP/1.1" 200 16
127.0.0.1 - - [24/May/2026:08:04:11 +0200] "GET /rhn/websocket/notifications HTTP/1.1" 101 -
172.16.3.5 - - [24/May/2026:08:04:12 +0200] "POST /rhn/manager/frontend-log HTTP/1.1" 200 16
172.16.3.5 - - [24/May/2026:08:04:12 +0200] "GET /rhn/systems/details/packages/Packages.do?sid=1000010010& HTTP/1.1" 200 35511
127.0.0.1 - - [24/May/2026:08:04:12 +0200] "GET /rhn/websocket/notifications HTTP/1.1" 101 -
172.16.3.5 - - [24/May/2026:08:04:12 +0200] "POST /rhn/manager/frontend-log HTTP/1.1" 200 16
172.16.3.5 - - [24/May/2026:08:04:12 +0200] "GET /rhn/systems/details/packages/PackageList.do?sid=1000010010& HTTP/1.1" 200 72327
172.16.3.5 - - [24/May/2026:08:04:13 +0200] "POST /rhn/manager/frontend-log HTTP/1.1" 200 16
127.0.0.1 - - [24/May/2026:08:04:13 +0200] "GET /rhn/websocket/notifications HTTP/1.1" 101 -
172.16.3.5 - - [24/May/2026:08:04:13 +0200] "POST /rhn/systems/details/packages/PackageList.do?sid=1000010010 HTTP/1.1" 200 38262
172.16.3.5 - - [24/May/2026:08:04:14 +0200] "POST /rhn/manager/frontend-log HTTP/1.1" 200 16
127.0.0.1 - - [24/May/2026:08:04:14 +0200] "GET /rhn/websocket/notifications HTTP/1.1" 101 -
172.16.3.5 - - [24/May/2026:08:08:25 +0200] "GET /rhn/manager/login HTTP/1.1" 200 2260
172.16.3.5 - - [24/May/2026:08:08:25 +0200] "POST /rhn/manager/frontend-log HTTP/1.1" 302 -
172.16.3.5 - - [24/May/2026:08:08:25 +0200] "GET /rhn/manager/login?url_bounce=%2Frhn%2Fmanager%2Ffrontend-log&request_method=POST HTTP/1.1" 200 2266
172.16.3.5 - - [24/May/2026:08:08:35 +0200] "POST /rhn/manager/api/login HTTP/1.1" 200 16
172.16.3.5 - - [24/May/2026:08:08:36 +0200] "GET /rhn/YourRhn.do HTTP/1.1" 200 33685
172.16.3.5 - - [24/May/2026:08:08:36 +0200] "POST /rhn/manager/frontend-log HTTP/1.1" 401 687
127.0.0.1 - - [24/May/2026:08:08:36 +0200] "GET /rhn/websocket/notifications HTTP/1.1" 101 -
172.16.3.5 - - [24/May/2026:08:08:36 +0200] "POST /rhn/ajax/tasks HTTP/1.1" 200 1662
172.16.3.5 - - [24/May/2026:08:08:36 +0200] "POST /rhn/ajax/subscription-warning HTTP/1.1" 200 -
172.16.3.5 - - [24/May/2026:08:08:36 +0200] "POST /rhn/ajax/critical-systems HTTP/1.1" 200 2863
172.16.3.5 - - [24/May/2026:08:08:36 +0200] "POST /rhn/ajax/inactive-systems HTTP/1.1" 200 540
127.0.0.1 - - [24/May/2026:08:08:36 +0200] "GET /rhn/websocket/notifications HTTP/1.1" 101 -
172.16.3.5 - - [24/May/2026:08:08:36 +0200] "POST /rhn/ajax/disk-check-warning HTTP/1.1" 403 4058
172.16.3.5 - - [24/May/2026:08:08:36 +0200] "POST /rhn/ajax/pending-actions HTTP/1.1" 200 4729
172.16.3.5 - - [24/May/2026:08:08:36 +0200] "POST /rhn/ajax/latest-errata HTTP/1.1" 200 539
172.16.3.5 - - [24/May/2026:08:08:37 +0200] "POST /rhn/manager/frontend-log HTTP/1.1" 401 687
172.16.3.5 - - [24/May/2026:08:08:37 +0200] "POST /rhn/ajax/systems-groups HTTP/1.1" 200 1490
172.16.3.5 - - [24/May/2026:08:08:37 +0200] "POST /rhn/manager/frontend-log HTTP/1.1" 401 687
172.16.3.5 - - [24/May/2026:08:08:37 +0200] "POST /rhn/manager/frontend-log HTTP/1.1" 200 16
172.16.3.5 - - [24/May/2026:08:08:37 +0200] "POST /rhn/ajax/recent-systems HTTP/1.1" 200 6911
172.16.3.5 - - [24/May/2026:08:08:37 +0200] "GET /rhn/systems/details/packages/PackageList.do?sid=1000010010 HTTP/1.1" 200 72327
172.16.3.5 - - [24/May/2026:08:08:37 +0200] "POST /rhn/manager/frontend-log HTTP/1.1" 200 16
127.0.0.1 - - [24/May/2026:08:08:37 +0200] "GET /rhn/websocket/notifications HTTP/1.1" 101 -
172.16.3.5 - - [24/May/2026:08:08:37 +0200] "POST /rhn/manager/frontend-log HTTP/1.1" 200 16
127.0.0.1 - - [24/May/2026:08:08:38 +0200] "GET /rhn/websocket/notifications HTTP/1.1" 101 -
172.16.3.5 - - [24/May/2026:08:08:45 +0200] "GET /rhn/manager/systems/cmd HTTP/1.1" 200 31421
127.0.0.1 - - [24/May/2026:08:08:45 +0200] "GET /rhn/websocket/notifications HTTP/1.1" 101 -
172.16.3.5 - - [24/May/2026:08:08:46 +0200] "POST /rhn/manager/frontend-log HTTP/1.1" 200 16
127.0.0.1 - - [24/May/2026:08:08:46 +0200] "GET /rhn/websocket/minion/remote-commands HTTP/1.1" 101 -
172.16.3.5 - - [24/May/2026:08:09:08 +0200] "POST /rhn/manager/api/auth/login HTTP/1.1" 200 16
172.16.3.5 - - [24/May/2026:08:09:08 +0200] "GET /rhn/manager/api/system/listSystems HTTP/1.1" 200 567
172.16.3.5 - - [24/May/2026:08:09:08 +0200] "GET /rhn/manager/api/auth/logout HTTP/1.1" 200 16
172.16.3.5 - - [24/May/2026:08:09:09 +0200] "POST /rhn/manager/api/auth/login HTTP/1.1" 200 16
172.16.3.5 - - [24/May/2026:08:09:11 +0200] "POST /rhn/manager/api/system/deleteSystem HTTP/1.1" 200 27
172.16.3.5 - - [24/May/2026:08:09:11 +0200] "GET /rhn/manager/api/auth/logout HTTP/1.1" 200 16
172.16.3.5 - - [24/May/2026:08:09:17 +0200] "POST /rhn/manager/api/auth/login HTTP/1.1" 200 16
172.16.3.5 - - [24/May/2026:08:09:17 +0200] "GET /rhn/manager/api/system/listSystems HTTP/1.1" 200 428
172.16.3.5 - - [24/May/2026:08:09:18 +0200] "GET /rhn/manager/api/auth/logout HTTP/1.1" 200 16
172.16.3.5 - - [24/May/2026:08:09:18 +0200] "POST /rhn/manager/api/auth/login HTTP/1.1" 200 16
172.16.3.5 - - [24/May/2026:08:09:18 +0200] "POST /rhn/manager/api/system/searchByName HTTP/1.1" 200 157
172.16.3.5 - - [24/May/2026:08:09:19 +0200] "GET /rhn/manager/api/auth/logout HTTP/1.1" 200 16
172.16.3.5 - - [24/May/2026:08:09:19 +0200] "POST /rhn/manager/api/auth/login HTTP/1.1" 200 16
172.16.3.5 - - [24/May/2026:08:10:10 +0200] "POST /rhn/manager/api/system/bootstrap HTTP/1.1" 200 27
172.16.3.5 - - [24/May/2026:08:10:10 +0200] "GET /rhn/manager/api/auth/logout HTTP/1.1" 200 16
172.16.3.5 - - [24/May/2026:08:10:11 +0200] "GET /rhn/manager/systems/list/all HTTP/1.1" 200 31578
172.16.3.5 - - [24/May/2026:08:10:11 +0200] "POST /rhn/manager/frontend-log HTTP/1.1" 200 16
127.0.0.1 - - [24/May/2026:08:10:11 +0200] "GET /rhn/websocket/notifications HTTP/1.1" 101 -
172.16.3.5 - - [24/May/2026:08:10:11 +0200] "GET /rhn/manager/api/systems/list/all?p=1&ps=25&s=1&sc=server_name HTTP/1.1" 200 2428
172.16.3.5 - - [24/May/2026:08:10:12 +0200] "POST /rhn/manager/api/sets/system_list HTTP/1.1" 200 1
172.16.3.5 - - [24/May/2026:08:10:18 +0200] "GET /rhn/manager/systems/list/all HTTP/1.1" 200 31578
172.16.3.5 - - [24/May/2026:08:10:18 +0200] "POST /rhn/manager/frontend-log HTTP/1.1" 200 16
127.0.0.1 - - [24/May/2026:08:10:18 +0200] "GET /rhn/websocket/notifications HTTP/1.1" 101 -
172.16.3.5 - - [24/May/2026:08:10:18 +0200] "POST /rhn/manager/frontend-log HTTP/1.1" 200 16
127.0.0.1 - - [24/May/2026:08:10:18 +0200] "GET /rhn/websocket/notifications HTTP/1.1" 101 -
172.16.3.5 - - [24/May/2026:08:10:18 +0200] "GET /rhn/manager/api/systems/list/all?p=1&ps=25&s=1&sc=server_name HTTP/1.1" 200 2428
172.16.3.5 - - [24/May/2026:08:10:19 +0200] "POST /rhn/manager/api/sets/system_list HTTP/1.1" 200 1
172.16.3.5 - - [24/May/2026:08:10:31 +0200] "GET /rhn/manager/systems/list/all HTTP/1.1" 200 31578
172.16.3.5 - - [24/May/2026:08:10:32 +0200] "POST /rhn/manager/frontend-log HTTP/1.1" 200 16
127.0.0.1 - - [24/May/2026:08:10:32 +0200] "GET /rhn/websocket/notifications HTTP/1.1" 101 -
172.16.3.5 - - [24/May/2026:08:10:32 +0200] "POST /rhn/manager/frontend-log HTTP/1.1" 200 16
127.0.0.1 - - [24/May/2026:08:10:32 +0200] "GET /rhn/websocket/notifications HTTP/1.1" 101 -
172.16.3.5 - - [24/May/2026:08:10:32 +0200] "GET /rhn/manager/api/systems/list/all?p=1&ps=25&s=1&sc=server_name HTTP/1.1" 200 2428
172.16.3.5 - - [24/May/2026:08:10:32 +0200] "POST /rhn/manager/api/sets/system_list HTTP/1.1" 200 1
172.16.3.5 - - [24/May/2026:08:10:45 +0200] "GET /rhn/manager/systems/list/all HTTP/1.1" 200 31578
172.16.3.5 - - [24/May/2026:08:10:45 +0200] "POST /rhn/manager/frontend-log HTTP/1.1" 200 16
127.0.0.1 - - [24/May/2026:08:10:45 +0200] "GET /rhn/websocket/notifications HTTP/1.1" 101 -
172.16.3.5 - - [24/May/2026:08:10:45 +0200] "POST /rhn/manager/frontend-log HTTP/1.1" 200 16
127.0.0.1 - - [24/May/2026:08:10:45 +0200] "GET /rhn/websocket/notifications HTTP/1.1" 101 -
172.16.3.5 - - [24/May/2026:08:10:46 +0200] "GET /rhn/manager/api/systems/list/all?p=1&ps=25&s=1&sc=server_name HTTP/1.1" 200 2428
172.16.3.5 - - [24/May/2026:08:10:46 +0200] "POST /rhn/manager/api/sets/system_list HTTP/1.1" 200 1
172.16.3.5 - - [24/May/2026:08:10:59 +0200] "GET /rhn/manager/systems/list/all HTTP/1.1" 200 31578
172.16.3.5 - - [24/May/2026:08:10:59 +0200] "POST /rhn/manager/frontend-log HTTP/1.1" 200 16
172.16.3.5 - - [24/May/2026:08:11:00 +0200] "POST /rhn/manager/frontend-log HTTP/1.1" 200 16
127.0.0.1 - - [24/May/2026:08:11:00 +0200] "GET /rhn/websocket/notifications HTTP/1.1" 101 -
127.0.0.1 - - [24/May/2026:08:11:00 +0200] "GET /rhn/websocket/notifications HTTP/1.1" 101 -
172.16.3.5 - - [24/May/2026:08:11:00 +0200] "GET /rhn/manager/api/systems/list/all?p=1&ps=25&s=1&sc=server_name HTTP/1.1" 200 2428
172.16.3.5 - - [24/May/2026:08:11:00 +0200] "POST /rhn/manager/api/sets/system_list HTTP/1.1" 200 1
172.16.3.5 - - [24/May/2026:08:11:13 +0200] "GET /rhn/manager/systems/list/all HTTP/1.1" 200 31578
172.16.3.5 - - [24/May/2026:08:11:13 +0200] "POST /rhn/manager/frontend-log HTTP/1.1" 200 16
127.0.0.1 - - [24/May/2026:08:11:13 +0200] "GET /rhn/websocket/notifications HTTP/1.1" 101 -
172.16.3.5 - - [24/May/2026:08:11:13 +0200] "POST /rhn/manager/frontend-log HTTP/1.1" 200 16
127.0.0.1 - - [24/May/2026:08:11:13 +0200] "GET /rhn/websocket/notifications HTTP/1.1" 101 -
172.16.3.5 - - [24/May/2026:08:11:13 +0200] "GET /rhn/manager/api/systems/list/all?p=1&ps=25&s=1&sc=server_name HTTP/1.1" 200 3242
172.16.3.5 - - [24/May/2026:08:11:13 +0200] "POST /rhn/manager/api/sets/system_list HTTP/1.1" 200 1
172.16.3.5 - - [24/May/2026:08:11:23 +0200] "GET /rhn/manager/systems/list/all HTTP/1.1" 200 31578
127.0.0.1 - - [24/May/2026:08:11:23 +0200] "GET /rhn/websocket/notifications HTTP/1.1" 101 -
172.16.3.5 - - [24/May/2026:08:11:23 +0200] "POST /rhn/manager/frontend-log HTTP/1.1" 200 16
172.16.3.5 - - [24/May/2026:08:11:24 +0200] "GET /rhn/manager/api/systems/list/all?p=1&ps=25&s=1&sc=server_name HTTP/1.1" 200 3242
172.16.3.5 - - [24/May/2026:08:11:24 +0200] "POST /rhn/manager/api/sets/system_list HTTP/1.1" 200 1
172.16.3.5 - - [24/May/2026:08:11:25 +0200] "GET /rhn/systems/details/Overview.do?sid=1000010011 HTTP/1.1" 200 41220
127.0.0.1 - - [24/May/2026:08:11:25 +0200] "GET /rhn/websocket/notifications HTTP/1.1" 101 -
172.16.3.5 - - [24/May/2026:08:11:25 +0200] "POST /rhn/manager/frontend-log HTTP/1.1" 200 16
172.16.3.5 - - [24/May/2026:08:11:25 +0200] "GET /rhn/systems/details/history/Pending.do?sid=1000010011& HTTP/1.1" 200 34984
172.16.3.7 - - [24/May/2026:08:11:25 +0200] "HEAD /rhn/manager/download/sle-product-sles15-sp7-updates-x86_64/repodata/repomd.xml?eyJhbGciOiJIUzI1NiJ9.eyJqdGkiOiI3LU16ZXNYY0pobXJ1dzZNVE1NVUN3IiwiZXhwIjoxODExMTM5MDEwLCJpYXQiOjE3Nzk2MDMwMTAsIm5iZiI6MTc3OTYwMjg5MCwib3JnIjoxLCJvbmx5Q2hhbm5lbHMiOlsic2xlLXByb2R1Y3Qtc2xlczE1LXNwNy11cGRhdGVzLXg4Nl82NCJdfQ.8NIsMI5umCL-GAQkMfrmb6SDnu2Y0fGoLZcFGDy2-5E HTTP/1.1" 200 -
172.16.3.7 - - [24/May/2026:08:11:25 +0200] "HEAD /rhn/manager/download/sle-product-sles15-sp7-updates-x86_64/media.1/media?eyJhbGciOiJIUzI1NiJ9.eyJqdGkiOiI3LU16ZXNYY0pobXJ1dzZNVE1NVUN3IiwiZXhwIjoxODExMTM5MDEwLCJpYXQiOjE3Nzk2MDMwMTAsIm5iZiI6MTc3OTYwMjg5MCwib3JnIjoxLCJvbmx5Q2hhbm5lbHMiOlsic2xlLXByb2R1Y3Qtc2xlczE1LXNwNy11cGRhdGVzLXg4Nl82NCJdfQ.8NIsMI5umCL-GAQkMfrmb6SDnu2Y0fGoLZcFGDy2-5E HTTP/1.1" 404 -
172.16.3.7 - - [24/May/2026:08:11:25 +0200] "HEAD /rhn/manager/download/sle-product-sles15-sp7-updates-x86_64/repodata/repomd.xml?eyJhbGciOiJIUzI1NiJ9.eyJqdGkiOiI3LU16ZXNYY0pobXJ1dzZNVE1NVUN3IiwiZXhwIjoxODExMTM5MDEwLCJpYXQiOjE3Nzk2MDMwMTAsIm5iZiI6MTc3OTYwMjg5MCwib3JnIjoxLCJvbmx5Q2hhbm5lbHMiOlsic2xlLXByb2R1Y3Qtc2xlczE1LXNwNy11cGRhdGVzLXg4Nl82NCJdfQ.8NIsMI5umCL-GAQkMfrmb6SDnu2Y0fGoLZcFGDy2-5E HTTP/1.1" 200 -
127.0.0.1 - - [24/May/2026:08:11:25 +0200] "GET /rhn/websocket/notifications HTTP/1.1" 101 -
172.16.3.5 - - [24/May/2026:08:11:25 +0200] "POST /rhn/manager/frontend-log HTTP/1.1" 200 16
172.16.3.7 - - [24/May/2026:08:11:25 +0200] "GET /rhn/manager/download/sle-product-sles15-sp7-updates-x86_64/repodata/repomd.xml?eyJhbGciOiJIUzI1NiJ9.eyJqdGkiOiI3LU16ZXNYY0pobXJ1dzZNVE1NVUN3IiwiZXhwIjoxODExMTM5MDEwLCJpYXQiOjE3Nzk2MDMwMTAsIm5iZiI6MTc3OTYwMjg5MCwib3JnIjoxLCJvbmx5Q2hhbm5lbHMiOlsic2xlLXByb2R1Y3Qtc2xlczE1LXNwNy11cGRhdGVzLXg4Nl82NCJdfQ.8NIsMI5umCL-GAQkMfrmb6SDnu2Y0fGoLZcFGDy2-5E HTTP/1.1" 200 3664
172.16.3.7 - - [24/May/2026:08:11:25 +0200] "HEAD /rhn/manager/download/sle-product-sles15-sp7-updates-x86_64/repodata/repomd.xml.asc?eyJhbGciOiJIUzI1NiJ9.eyJqdGkiOiI3LU16ZXNYY0pobXJ1dzZNVE1NVUN3IiwiZXhwIjoxODExMTM5MDEwLCJpYXQiOjE3Nzk2MDMwMTAsIm5iZiI6MTc3OTYwMjg5MCwib3JnIjoxLCJvbmx5Q2hhbm5lbHMiOlsic2xlLXByb2R1Y3Qtc2xlczE1LXNwNy11cGRhdGVzLXg4Nl82NCJdfQ.8NIsMI5umCL-GAQkMfrmb6SDnu2Y0fGoLZcFGDy2-5E HTTP/1.1" 404 -
172.16.3.7 - - [24/May/2026:08:11:25 +0200] "HEAD /rhn/manager/download/sle-product-sles15-sp7-updates-x86_64/repodata/86c3b269b81bb391f309bffa155fe6b984bd614e39288d551923b87bbbdd6a91-primary.xml.gz?eyJhbGciOiJIUzI1NiJ9.eyJqdGkiOiI3LU16ZXNYY0pobXJ1dzZNVE1NVUN3IiwiZXhwIjoxODExMTM5MDEwLCJpYXQiOjE3Nzk2MDMwMTAsIm5iZiI6MTc3OTYwMjg5MCwib3JnIjoxLCJvbmx5Q2hhbm5lbHMiOlsic2xlLXByb2R1Y3Qtc2xlczE1LXNwNy11cGRhdGVzLXg4Nl82NCJdfQ.8NIsMI5umCL-GAQkMfrmb6SDnu2Y0fGoLZcFGDy2-5E HTTP/1.1" 200 -
172.16.3.7 - - [24/May/2026:08:11:25 +0200] "GET /rhn/manager/download/sle-product-sles15-sp7-updates-x86_64/repodata/86c3b269b81bb391f309bffa155fe6b984bd614e39288d551923b87bbbdd6a91-primary.xml.gz?eyJhbGciOiJIUzI1NiJ9.eyJqdGkiOiI3LU16ZXNYY0pobXJ1dzZNVE1NVUN3IiwiZXhwIjoxODExMTM5MDEwLCJpYXQiOjE3Nzk2MDMwMTAsIm5iZiI6MTc3OTYwMjg5MCwib3JnIjoxLCJvbmx5Q2hhbm5lbHMiOlsic2xlLXByb2R1Y3Qtc2xlczE1LXNwNy11cGRhdGVzLXg4Nl82NCJdfQ.8NIsMI5umCL-GAQkMfrmb6SDnu2Y0fGoLZcFGDy2-5E HTTP/1.1" 200 3663
172.16.3.7 - - [24/May/2026:08:11:25 +0200] "HEAD /rhn/manager/download/sle-product-sles15-sp7-updates-x86_64/repodata/70c5d735bea733091ae1e7ee0e0b9512a914214027367521262deb6cb4bedaa1-susedata.xml.gz?eyJhbGciOiJIUzI1NiJ9.eyJqdGkiOiI3LU16ZXNYY0pobXJ1dzZNVE1NVUN3IiwiZXhwIjoxODExMTM5MDEwLCJpYXQiOjE3Nzk2MDMwMTAsIm5iZiI6MTc3OTYwMjg5MCwib3JnIjoxLCJvbmx5Q2hhbm5lbHMiOlsic2xlLXByb2R1Y3Qtc2xlczE1LXNwNy11cGRhdGVzLXg4Nl82NCJdfQ.8NIsMI5umCL-GAQkMfrmb6SDnu2Y0fGoLZcFGDy2-5E HTTP/1.1" 200 -
172.16.3.7 - - [24/May/2026:08:11:25 +0200] "GET /rhn/manager/download/sle-product-sles15-sp7-updates-x86_64/repodata/70c5d735bea733091ae1e7ee0e0b9512a914214027367521262deb6cb4bedaa1-susedata.xml.gz?eyJhbGciOiJIUzI1NiJ9.eyJqdGkiOiI3LU16ZXNYY0pobXJ1dzZNVE1NVUN3IiwiZXhwIjoxODExMTM5MDEwLCJpYXQiOjE3Nzk2MDMwMTAsIm5iZiI6MTc3OTYwMjg5MCwib3JnIjoxLCJvbmx5Q2hhbm5lbHMiOlsic2xlLXByb2R1Y3Qtc2xlczE1LXNwNy11cGRhdGVzLXg4Nl82NCJdfQ.8NIsMI5umCL-GAQkMfrmb6SDnu2Y0fGoLZcFGDy2-5E HTTP/1.1" 200 3664
172.16.3.5 - - [24/May/2026:08:11:26 +0200] "GET /rhn/systems/details/history/Pending.do?sid=1000010011& HTTP/1.1" 200 34984
172.16.3.7 - - [24/May/2026:08:11:26 +0200] "HEAD /rhn/manager/download/sle-product-sles15-sp7-updates-x86_64/repodata/3efa5b9fae5214a5a8d6f4e73db34425ec3934b1d040183473d0d8865a0737d1-updateinfo.xml.gz?eyJhbGciOiJIUzI1NiJ9.eyJqdGkiOiI3LU16ZXNYY0pobXJ1dzZNVE1NVUN3IiwiZXhwIjoxODExMTM5MDEwLCJpYXQiOjE3Nzk2MDMwMTAsIm5iZiI6MTc3OTYwMjg5MCwib3JnIjoxLCJvbmx5Q2hhbm5lbHMiOlsic2xlLXByb2R1Y3Qtc2xlczE1LXNwNy11cGRhdGVzLXg4Nl82NCJdfQ.8NIsMI5umCL-GAQkMfrmb6SDnu2Y0fGoLZcFGDy2-5E HTTP/1.1" 200 -
172.16.3.7 - - [24/May/2026:08:11:26 +0200] "GET /rhn/manager/download/sle-product-sles15-sp7-updates-x86_64/repodata/3efa5b9fae5214a5a8d6f4e73db34425ec3934b1d040183473d0d8865a0737d1-updateinfo.xml.gz?eyJhbGciOiJIUzI1NiJ9.eyJqdGkiOiI3LU16ZXNYY0pobXJ1dzZNVE1NVUN3IiwiZXhwIjoxODExMTM5MDEwLCJpYXQiOjE3Nzk2MDMwMTAsIm5iZiI6MTc3OTYwMjg5MCwib3JnIjoxLCJvbmx5Q2hhbm5lbHMiOlsic2xlLXByb2R1Y3Qtc2xlczE1LXNwNy11cGRhdGVzLXg4Nl82NCJdfQ.8NIsMI5umCL-GAQkMfrmb6SDnu2Y0fGoLZcFGDy2-5E HTTP/1.1" 200 3663
172.16.3.7 - - [24/May/2026:08:11:26 +0200] "HEAD /rhn/manager/download/fake-rpm-suse-channel/repodata/repomd.xml?eyJhbGciOiJIUzI1NiJ9.eyJqdGkiOiJlRDZNZjFBZHNCaUx2STVQeGljWTlnIiwiZXhwIjoxODExMTM5MDEwLCJpYXQiOjE3Nzk2MDMwMTAsIm5iZiI6MTc3OTYwMjg5MCwib3JnIjoxLCJvbmx5Q2hhbm5lbHMiOlsiZmFrZS1ycG0tc3VzZS1jaGFubmVsIl19.QPCmnjLN_P2dxh_AtBapv-5ziVESY7FCwv_CwtIKw6E HTTP/1.1" 200 -
172.16.3.7 - - [24/May/2026:08:11:26 +0200] "HEAD /rhn/manager/download/fake-rpm-suse-channel/media.1/media?eyJhbGciOiJIUzI1NiJ9.eyJqdGkiOiJlRDZNZjFBZHNCaUx2STVQeGljWTlnIiwiZXhwIjoxODExMTM5MDEwLCJpYXQiOjE3Nzk2MDMwMTAsIm5iZiI6MTc3OTYwMjg5MCwib3JnIjoxLCJvbmx5Q2hhbm5lbHMiOlsiZmFrZS1ycG0tc3VzZS1jaGFubmVsIl19.QPCmnjLN_P2dxh_AtBapv-5ziVESY7FCwv_CwtIKw6E HTTP/1.1" 404 -
127.0.0.1 - - [24/May/2026:08:11:26 +0200] "GET /rhn/websocket/notifications HTTP/1.1" 101 -
172.16.3.5 - - [24/May/2026:08:11:26 +0200] "POST /rhn/manager/frontend-log HTTP/1.1" 200 16
172.16.3.7 - - [24/May/2026:08:11:26 +0200] "HEAD /rhn/manager/download/fake-rpm-suse-channel/repodata/repomd.xml?eyJhbGciOiJIUzI1NiJ9.eyJqdGkiOiJlRDZNZjFBZHNCaUx2STVQeGljWTlnIiwiZXhwIjoxODExMTM5MDEwLCJpYXQiOjE3Nzk2MDMwMTAsIm5iZiI6MTc3OTYwMjg5MCwib3JnIjoxLCJvbmx5Q2hhbm5lbHMiOlsiZmFrZS1ycG0tc3VzZS1jaGFubmVsIl19.QPCmnjLN_P2dxh_AtBapv-5ziVESY7FCwv_CwtIKw6E HTTP/1.1" 200 -
172.16.3.7 - - [24/May/2026:08:11:26 +0200] "GET /rhn/manager/download/fake-rpm-suse-channel/repodata/repomd.xml?eyJhbGciOiJIUzI1NiJ9.eyJqdGkiOiJlRDZNZjFBZHNCaUx2STVQeGljWTlnIiwiZXhwIjoxODExMTM5MDEwLCJpYXQiOjE3Nzk2MDMwMTAsIm5iZiI6MTc3OTYwMjg5MCwib3JnIjoxLCJvbmx5Q2hhbm5lbHMiOlsiZmFrZS1ycG0tc3VzZS1jaGFubmVsIl19.QPCmnjLN_P2dxh_AtBapv-5ziVESY7FCwv_CwtIKw6E HTTP/1.1" 200 3664
172.16.3.7 - - [24/May/2026:08:11:26 +0200] "HEAD /rhn/manager/download/fake-rpm-suse-channel/repodata/repomd.xml.asc?eyJhbGciOiJIUzI1NiJ9.eyJqdGkiOiJlRDZNZjFBZHNCaUx2STVQeGljWTlnIiwiZXhwIjoxODExMTM5MDEwLCJpYXQiOjE3Nzk2MDMwMTAsIm5iZiI6MTc3OTYwMjg5MCwib3JnIjoxLCJvbmx5Q2hhbm5lbHMiOlsiZmFrZS1ycG0tc3VzZS1jaGFubmVsIl19.QPCmnjLN_P2dxh_AtBapv-5ziVESY7FCwv_CwtIKw6E HTTP/1.1" 404 -
172.16.3.7 - - [24/May/2026:08:11:26 +0200] "HEAD /rhn/manager/download/fake-rpm-suse-channel/repodata/dc05f5de20ec5cddf1d7088e65da1230df4c6b4c33bb2dcb088c704c21957179247db0b20270248610807cc531a5cc8e11613b4e1b71498666968b18f97f6feb-primary.xml.gz?eyJhbGciOiJIUzI1NiJ9.eyJqdGkiOiJlRDZNZjFBZHNCaUx2STVQeGljWTlnIiwiZXhwIjoxODExMTM5MDEwLCJpYXQiOjE3Nzk2MDMwMTAsIm5iZiI6MTc3OTYwMjg5MCwib3JnIjoxLCJvbmx5Q2hhbm5lbHMiOlsiZmFrZS1ycG0tc3VzZS1jaGFubmVsIl19.QPCmnjLN_P2dxh_AtBapv-5ziVESY7FCwv_CwtIKw6E HTTP/1.1" 200 -
172.16.3.5 - - [24/May/2026:08:11:26 +0200] "GET /rhn/systems/details/history/History.do?sid=1000010011& HTTP/1.1" 200 41115
172.16.3.7 - - [24/May/2026:08:11:26 +0200] "GET /rhn/manager/download/fake-rpm-suse-channel/repodata/dc05f5de20ec5cddf1d7088e65da1230df4c6b4c33bb2dcb088c704c21957179247db0b20270248610807cc531a5cc8e11613b4e1b71498666968b18f97f6feb-primary.xml.gz?eyJhbGciOiJIUzI1NiJ9.eyJqdGkiOiJlRDZNZjFBZHNCaUx2STVQeGljWTlnIiwiZXhwIjoxODExMTM5MDEwLCJpYXQiOjE3Nzk2MDMwMTAsIm5iZiI6MTc3OTYwMjg5MCwib3JnIjoxLCJvbmx5Q2hhbm5lbHMiOlsiZmFrZS1ycG0tc3VzZS1jaGFubmVsIl19.QPCmnjLN_P2dxh_AtBapv-5ziVESY7FCwv_CwtIKw6E HTTP/1.1" 200 3664
172.16.3.7 - - [24/May/2026:08:11:26 +0200] "HEAD /rhn/manager/download/fake-rpm-suse-channel/repodata/967523dc5726124030e80fb689fa51ce5488d2ac8712bba0620f3ffc36327e732d46cf562cdfb846af7c837ef2954c30cd95d648799cecc00140260e96bc9a58-susedata.xml.gz?eyJhbGciOiJIUzI1NiJ9.eyJqdGkiOiJlRDZNZjFBZHNCaUx2STVQeGljWTlnIiwiZXhwIjoxODExMTM5MDEwLCJpYXQiOjE3Nzk2MDMwMTAsIm5iZiI6MTc3OTYwMjg5MCwib3JnIjoxLCJvbmx5Q2hhbm5lbHMiOlsiZmFrZS1ycG0tc3VzZS1jaGFubmVsIl19.QPCmnjLN_P2dxh_AtBapv-5ziVESY7FCwv_CwtIKw6E HTTP/1.1" 200 -
172.16.3.7 - - [24/May/2026:08:11:26 +0200] "GET /rhn/manager/download/fake-rpm-suse-channel/repodata/967523dc5726124030e80fb689fa51ce5488d2ac8712bba0620f3ffc36327e732d46cf562cdfb846af7c837ef2954c30cd95d648799cecc00140260e96bc9a58-susedata.xml.gz?eyJhbGciOiJIUzI1NiJ9.eyJqdGkiOiJlRDZNZjFBZHNCaUx2STVQeGljWTlnIiwiZXhwIjoxODExMTM5MDEwLCJpYXQiOjE3Nzk2MDMwMTAsIm5iZiI6MTc3OTYwMjg5MCwib3JnIjoxLCJvbmx5Q2hhbm5lbHMiOlsiZmFrZS1ycG0tc3VzZS1jaGFubmVsIl19.QPCmnjLN_P2dxh_AtBapv-5ziVESY7FCwv_CwtIKw6E HTTP/1.1" 200 3664
172.16.3.7 - - [24/May/2026:08:11:26 +0200] "HEAD /rhn/manager/download/fake-rpm-suse-channel/repodata/a33dca05c36f518e2e5e11bf27a2a18c1db5ce0fd39c946c9e071a70e5ba32caefa97fcd5afebd18b3c7a4033dda2283487d3cf84f0702957e0a77766f4ee2bb-updateinfo.xml.gz?eyJhbGciOiJIUzI1NiJ9.eyJqdGkiOiJlRDZNZjFBZHNCaUx2STVQeGljWTlnIiwiZXhwIjoxODExMTM5MDEwLCJpYXQiOjE3Nzk2MDMwMTAsIm5iZiI6MTc3OTYwMjg5MCwib3JnIjoxLCJvbmx5Q2hhbm5lbHMiOlsiZmFrZS1ycG0tc3VzZS1jaGFubmVsIl19.QPCmnjLN_P2dxh_AtBapv-5ziVESY7FCwv_CwtIKw6E HTTP/1.1" 200 -
172.16.3.7 - - [24/May/2026:08:11:26 +0200] "GET /rhn/manager/download/fake-rpm-suse-channel/repodata/a33dca05c36f518e2e5e11bf27a2a18c1db5ce0fd39c946c9e071a70e5ba32caefa97fcd5afebd18b3c7a4033dda2283487d3cf84f0702957e0a77766f4ee2bb-updateinfo.xml.gz?eyJhbGciOiJIUzI1NiJ9.eyJqdGkiOiJlRDZNZjFBZHNCaUx2STVQeGljWTlnIiwiZXhwIjoxODExMTM5MDEwLCJpYXQiOjE3Nzk2MDMwMTAsIm5iZiI6MTc3OTYwMjg5MCwib3JnIjoxLCJvbmx5Q2hhbm5lbHMiOlsiZmFrZS1ycG0tc3VzZS1jaGFubmVsIl19.QPCmnjLN_P2dxh_AtBapv-5ziVESY7FCwv_CwtIKw6E HTTP/1.1" 200 3663
127.0.0.1 - - [24/May/2026:08:11:26 +0200] "GET /rhn/websocket/notifications HTTP/1.1" 101 -
172.16.3.5 - - [24/May/2026:08:11:26 +0200] "POST /rhn/manager/frontend-log HTTP/1.1" 200 16
172.16.3.7 - - [24/May/2026:08:11:26 +0200] "HEAD /rhn/manager/download/opensuse_tumbleweed-uyuni-client-devel-x86_64/repodata/repomd.xml?eyJhbGciOiJIUzI1NiJ9.eyJqdGkiOiJJVWVXdUpkeEt6QmpENnNnVV9BYnZRIiwiZXhwIjoxODExMTM5MDEwLCJpYXQiOjE3Nzk2MDMwMTAsIm5iZiI6MTc3OTYwMjg5MCwib3JnIjoxLCJvbmx5Q2hhbm5lbHMiOlsib3BlbnN1c2VfdHVtYmxld2VlZC11eXVuaS1jbGllbnQtZGV2ZWwteDg2XzY0Il19.T6NlCGfj2z7N0Orflzm08U6-HghjQ1qellJeJ6Q4ElU HTTP/1.1" 200 -
172.16.3.7 - - [24/May/2026:08:11:26 +0200] "HEAD /rhn/manager/download/opensuse_tumbleweed-uyuni-client-devel-x86_64/media.1/media?eyJhbGciOiJIUzI1NiJ9.eyJqdGkiOiJJVWVXdUpkeEt6QmpENnNnVV9BYnZRIiwiZXhwIjoxODExMTM5MDEwLCJpYXQiOjE3Nzk2MDMwMTAsIm5iZiI6MTc3OTYwMjg5MCwib3JnIjoxLCJvbmx5Q2hhbm5lbHMiOlsib3BlbnN1c2VfdHVtYmxld2VlZC11eXVuaS1jbGllbnQtZGV2ZWwteDg2XzY0Il19.T6NlCGfj2z7N0Orflzm08U6-HghjQ1qellJeJ6Q4ElU HTTP/1.1" 404 -
172.16.3.7 - - [24/May/2026:08:11:26 +0200] "HEAD /rhn/manager/download/opensuse_tumbleweed-uyuni-client-devel-x86_64/repodata/repomd.xml?eyJhbGciOiJIUzI1NiJ9.eyJqdGkiOiJJVWVXdUpkeEt6QmpENnNnVV9BYnZRIiwiZXhwIjoxODExMTM5MDEwLCJpYXQiOjE3Nzk2MDMwMTAsIm5iZiI6MTc3OTYwMjg5MCwib3JnIjoxLCJvbmx5Q2hhbm5lbHMiOlsib3BlbnN1c2VfdHVtYmxld2VlZC11eXVuaS1jbGllbnQtZGV2ZWwteDg2XzY0Il19.T6NlCGfj2z7N0Orflzm08U6-HghjQ1qellJeJ6Q4ElU HTTP/1.1" 200 -
172.16.3.7 - - [24/May/2026:08:11:26 +0200] "GET /rhn/manager/download/opensuse_tumbleweed-uyuni-client-devel-x86_64/repodata/repomd.xml?eyJhbGciOiJIUzI1NiJ9.eyJqdGkiOiJJVWVXdUpkeEt6QmpENnNnVV9BYnZRIiwiZXhwIjoxODExMTM5MDEwLCJpYXQiOjE3Nzk2MDMwMTAsIm5iZiI6MTc3OTYwMjg5MCwib3JnIjoxLCJvbmx5Q2hhbm5lbHMiOlsib3BlbnN1c2VfdHVtYmxld2VlZC11eXVuaS1jbGllbnQtZGV2ZWwteDg2XzY0Il19.T6NlCGfj2z7N0Orflzm08U6-HghjQ1qellJeJ6Q4ElU HTTP/1.1" 200 3664
172.16.3.7 - - [24/May/2026:08:11:26 +0200] "HEAD /rhn/manager/download/opensuse_tumbleweed-uyuni-client-devel-x86_64/repodata/repomd.xml.asc?eyJhbGciOiJIUzI1NiJ9.eyJqdGkiOiJJVWVXdUpkeEt6QmpENnNnVV9BYnZRIiwiZXhwIjoxODExMTM5MDEwLCJpYXQiOjE3Nzk2MDMwMTAsIm5iZiI6MTc3OTYwMjg5MCwib3JnIjoxLCJvbmx5Q2hhbm5lbHMiOlsib3BlbnN1c2VfdHVtYmxld2VlZC11eXVuaS1jbGllbnQtZGV2ZWwteDg2XzY0Il19.T6NlCGfj2z7N0Orflzm08U6-HghjQ1qellJeJ6Q4ElU HTTP/1.1" 404 -
172.16.3.7 - - [24/May/2026:08:11:26 +0200] "HEAD /rhn/manager/download/opensuse_tumbleweed-uyuni-client-devel-x86_64/repodata/6d5697f0e217b4b7353408598089b5f77837ca878279451f97fbfa0e0cfa4314d03b5b33a8a959254dc3cc51607d11d1735d7c804e58e533f862faeca0a02282-primary.xml.gz?eyJhbGciOiJIUzI1NiJ9.eyJqdGkiOiJJVWVXdUpkeEt6QmpENnNnVV9BYnZRIiwiZXhwIjoxODExMTM5MDEwLCJpYXQiOjE3Nzk2MDMwMTAsIm5iZiI6MTc3OTYwMjg5MCwib3JnIjoxLCJvbmx5Q2hhbm5lbHMiOlsib3BlbnN1c2VfdHVtYmxld2VlZC11eXVuaS1jbGllbnQtZGV2ZWwteDg2XzY0Il19.T6NlCGfj2z7N0Orflzm08U6-HghjQ1qellJeJ6Q4ElU HTTP/1.1" 200 -
172.16.3.7 - - [24/May/2026:08:11:26 +0200] "GET /rhn/manager/download/opensuse_tumbleweed-uyuni-client-devel-x86_64/repodata/6d5697f0e217b4b7353408598089b5f77837ca878279451f97fbfa0e0cfa4314d03b5b33a8a959254dc3cc51607d11d1735d7c804e58e533f862faeca0a02282-primary.xml.gz?eyJhbGciOiJIUzI1NiJ9.eyJqdGkiOiJJVWVXdUpkeEt6QmpENnNnVV9BYnZRIiwiZXhwIjoxODExMTM5MDEwLCJpYXQiOjE3Nzk2MDMwMTAsIm5iZiI6MTc3OTYwMjg5MCwib3JnIjoxLCJvbmx5Q2hhbm5lbHMiOlsib3BlbnN1c2VfdHVtYmxld2VlZC11eXVuaS1jbGllbnQtZGV2ZWwteDg2XzY0Il19.T6NlCGfj2z7N0Orflzm08U6-HghjQ1qellJeJ6Q4ElU HTTP/1.1" 200 3664
172.16.3.7 - - [24/May/2026:08:11:26 +0200] "HEAD /rhn/manager/download/opensuse_tumbleweed-uyuni-client-devel-x86_64/repodata/720db58c9b64176900d20f1ec5e085d98a676f5075351af10d82045ab58cc0ec48710d98e7b076cb48e45770f36621326b7f0a3da3978f80d7389c43296912b3-susedata.xml.gz?eyJhbGciOiJIUzI1NiJ9.eyJqdGkiOiJJVWVXdUpkeEt6QmpENnNnVV9BYnZRIiwiZXhwIjoxODExMTM5MDEwLCJpYXQiOjE3Nzk2MDMwMTAsIm5iZiI6MTc3OTYwMjg5MCwib3JnIjoxLCJvbmx5Q2hhbm5lbHMiOlsib3BlbnN1c2VfdHVtYmxld2VlZC11eXVuaS1jbGllbnQtZGV2ZWwteDg2XzY0Il19.T6NlCGfj2z7N0Orflzm08U6-HghjQ1qellJeJ6Q4ElU HTTP/1.1" 200 -
172.16.3.7 - - [24/May/2026:08:11:26 +0200] "GET /rhn/manager/download/opensuse_tumbleweed-uyuni-client-devel-x86_64/repodata/720db58c9b64176900d20f1ec5e085d98a676f5075351af10d82045ab58cc0ec48710d98e7b076cb48e45770f36621326b7f0a3da3978f80d7389c43296912b3-susedata.xml.gz?eyJhbGciOiJIUzI1NiJ9.eyJqdGkiOiJJVWVXdUpkeEt6QmpENnNnVV9BYnZRIiwiZXhwIjoxODExMTM5MDEwLCJpYXQiOjE3Nzk2MDMwMTAsIm5iZiI6MTc3OTYwMjg5MCwib3JnIjoxLCJvbmx5Q2hhbm5lbHMiOlsib3BlbnN1c2VfdHVtYmxld2VlZC11eXVuaS1jbGllbnQtZGV2ZWwteDg2XzY0Il19.T6NlCGfj2z7N0Orflzm08U6-HghjQ1qellJeJ6Q4ElU HTTP/1.1" 200 3664
172.16.3.7 - - [24/May/2026:08:11:27 +0200] "HEAD /rhn/manager/download/opensuse_tumbleweed-x86_64/repodata/repomd.xml?eyJhbGciOiJIUzI1NiJ9.eyJqdGkiOiJaZ1luMU1NaENrX3prMTBmUU54REJBIiwiZXhwIjoxODExMTM5MDEwLCJpYXQiOjE3Nzk2MDMwMTAsIm5iZiI6MTc3OTYwMjg5MCwib3JnIjoxLCJvbmx5Q2hhbm5lbHMiOlsib3BlbnN1c2VfdHVtYmxld2VlZC14ODZfNjQiXX0.rpnJC2O91gpKjgaS6j6cGuHjRlFD41PO0xmCOdmSMsE HTTP/1.1" 200 -
172.16.3.7 - - [24/May/2026:08:11:27 +0200] "HEAD /rhn/manager/download/opensuse_tumbleweed-x86_64/media.1/media?eyJhbGciOiJIUzI1NiJ9.eyJqdGkiOiJaZ1luMU1NaENrX3prMTBmUU54REJBIiwiZXhwIjoxODExMTM5MDEwLCJpYXQiOjE3Nzk2MDMwMTAsIm5iZiI6MTc3OTYwMjg5MCwib3JnIjoxLCJvbmx5Q2hhbm5lbHMiOlsib3BlbnN1c2VfdHVtYmxld2VlZC14ODZfNjQiXX0.rpnJC2O91gpKjgaS6j6cGuHjRlFD41PO0xmCOdmSMsE HTTP/1.1" 404 -
172.16.3.5 - - [24/May/2026:08:11:27 +0200] "GET /rhn/systems/details/history/Event.do?sid=1000010011&aid=92 HTTP/1.1" 200 46453
172.16.3.7 - - [24/May/2026:08:11:27 +0200] "HEAD /rhn/manager/download/opensuse_tumbleweed-x86_64/repodata/repomd.xml?eyJhbGciOiJIUzI1NiJ9.eyJqdGkiOiJaZ1luMU1NaENrX3prMTBmUU54REJBIiwiZXhwIjoxODExMTM5MDEwLCJpYXQiOjE3Nzk2MDMwMTAsIm5iZiI6MTc3OTYwMjg5MCwib3JnIjoxLCJvbmx5Q2hhbm5lbHMiOlsib3BlbnN1c2VfdHVtYmxld2VlZC14ODZfNjQiXX0.rpnJC2O91gpKjgaS6j6cGuHjRlFD41PO0xmCOdmSMsE HTTP/1.1" 200 -
172.16.3.7 - - [24/May/2026:08:11:27 +0200] "GET /rhn/manager/download/opensuse_tumbleweed-x86_64/repodata/repomd.xml?eyJhbGciOiJIUzI1NiJ9.eyJqdGkiOiJaZ1luMU1NaENrX3prMTBmUU54REJBIiwiZXhwIjoxODExMTM5MDEwLCJpYXQiOjE3Nzk2MDMwMTAsIm5iZiI6MTc3OTYwMjg5MCwib3JnIjoxLCJvbmx5Q2hhbm5lbHMiOlsib3BlbnN1c2VfdHVtYmxld2VlZC14ODZfNjQiXX0.rpnJC2O91gpKjgaS6j6cGuHjRlFD41PO0xmCOdmSMsE HTTP/1.1" 200 3664
172.16.3.7 - - [24/May/2026:08:11:27 +0200] "HEAD /rhn/manager/download/opensuse_tumbleweed-x86_64/repodata/repomd.xml.asc?eyJhbGciOiJIUzI1NiJ9.eyJqdGkiOiJaZ1luMU1NaENrX3prMTBmUU54REJBIiwiZXhwIjoxODExMTM5MDEwLCJpYXQiOjE3Nzk2MDMwMTAsIm5iZiI6MTc3OTYwMjg5MCwib3JnIjoxLCJvbmx5Q2hhbm5lbHMiOlsib3BlbnN1c2VfdHVtYmxld2VlZC14ODZfNjQiXX0.rpnJC2O91gpKjgaS6j6cGuHjRlFD41PO0xmCOdmSMsE HTTP/1.1" 404 -
172.16.3.7 - - [24/May/2026:08:11:27 +0200] "HEAD /rhn/manager/download/opensuse_tumbleweed-x86_64/repodata/c0d397725399a10896888af9cf867bc8134615af1bd227de7b039ac03c470e74dd23a39b5b436ddc4779c14d5f3e52923d39b1f550ddf534112023fddf4b1b49-primary.xml.gz?eyJhbGciOiJIUzI1NiJ9.eyJqdGkiOiJaZ1luMU1NaENrX3prMTBmUU54REJBIiwiZXhwIjoxODExMTM5MDEwLCJpYXQiOjE3Nzk2MDMwMTAsIm5iZiI6MTc3OTYwMjg5MCwib3JnIjoxLCJvbmx5Q2hhbm5lbHMiOlsib3BlbnN1c2VfdHVtYmxld2VlZC14ODZfNjQiXX0.rpnJC2O91gpKjgaS6j6cGuHjRlFD41PO0xmCOdmSMsE HTTP/1.1" 200 -
127.0.0.1 - - [24/May/2026:08:11:27 +0200] "GET /rhn/websocket/notifications HTTP/1.1" 101 -
172.16.3.5 - - [24/May/2026:08:11:27 +0200] "POST /rhn/manager/frontend-log HTTP/1.1" 200 16
172.16.3.7 - - [24/May/2026:08:11:27 +0200] "GET /rhn/manager/download/opensuse_tumbleweed-x86_64/repodata/c0d397725399a10896888af9cf867bc8134615af1bd227de7b039ac03c470e74dd23a39b5b436ddc4779c14d5f3e52923d39b1f550ddf534112023fddf4b1b49-primary.xml.gz?eyJhbGciOiJIUzI1NiJ9.eyJqdGkiOiJaZ1luMU1NaENrX3prMTBmUU54REJBIiwiZXhwIjoxODExMTM5MDEwLCJpYXQiOjE3Nzk2MDMwMTAsIm5iZiI6MTc3OTYwMjg5MCwib3JnIjoxLCJvbmx5Q2hhbm5lbHMiOlsib3BlbnN1c2VfdHVtYmxld2VlZC14ODZfNjQiXX0.rpnJC2O91gpKjgaS6j6cGuHjRlFD41PO0xmCOdmSMsE HTTP/1.1" 200 3664
172.16.3.7 - - [24/May/2026:08:11:27 +0200] "HEAD /rhn/manager/download/opensuse_tumbleweed-x86_64/repodata/408ce57e8a39aa873b263f868578d19518a40688eacdd7b0a2c07a5e8a01c5e39df8b80b8ff99d4473235c4ff57df1cd2d22188f28ca76ee957eff99c86baaa2-susedata.xml.gz?eyJhbGciOiJIUzI1NiJ9.eyJqdGkiOiJaZ1luMU1NaENrX3prMTBmUU54REJBIiwiZXhwIjoxODExMTM5MDEwLCJpYXQiOjE3Nzk2MDMwMTAsIm5iZiI6MTc3OTYwMjg5MCwib3JnIjoxLCJvbmx5Q2hhbm5lbHMiOlsib3BlbnN1c2VfdHVtYmxld2VlZC14ODZfNjQiXX0.rpnJC2O91gpKjgaS6j6cGuHjRlFD41PO0xmCOdmSMsE HTTP/1.1" 200 -
172.16.3.7 - - [24/May/2026:08:11:27 +0200] "GET /rhn/manager/download/opensuse_tumbleweed-x86_64/repodata/408ce57e8a39aa873b263f868578d19518a40688eacdd7b0a2c07a5e8a01c5e39df8b80b8ff99d4473235c4ff57df1cd2d22188f28ca76ee957eff99c86baaa2-susedata.xml.gz?eyJhbGciOiJIUzI1NiJ9.eyJqdGkiOiJaZ1luMU1NaENrX3prMTBmUU54REJBIiwiZXhwIjoxODExMTM5MDEwLCJpYXQiOjE3Nzk2MDMwMTAsIm5iZiI6MTc3OTYwMjg5MCwib3JnIjoxLCJvbmx5Q2hhbm5lbHMiOlsib3BlbnN1c2VfdHVtYmxld2VlZC14ODZfNjQiXX0.rpnJC2O91gpKjgaS6j6cGuHjRlFD41PO0xmCOdmSMsE HTTP/1.1" 200 3664
172.16.3.5 - - [24/May/2026:08:11:27 +0200] "GET /rhn/systems/details/history/Pending.do?sid=1000010011& HTTP/1.1" 200 34984
127.0.0.1 - - [24/May/2026:08:11:27 +0200] "GET /rhn/websocket/notifications HTTP/1.1" 101 -
172.16.3.5 - - [24/May/2026:08:11:27 +0200] "POST /rhn/manager/frontend-log HTTP/1.1" 200 16
172.16.3.5 - - [24/May/2026:08:11:28 +0200] "GET /rhn/systems/details/history/Pending.do?sid=1000010011& HTTP/1.1" 200 34984
127.0.0.1 - - [24/May/2026:08:11:28 +0200] "GET /rhn/websocket/notifications HTTP/1.1" 101 -
172.16.3.5 - - [24/May/2026:08:11:28 +0200] "POST /rhn/manager/frontend-log HTTP/1.1" 200 16
172.16.3.5 - - [24/May/2026:08:11:28 +0200] "GET /rhn/systems/details/history/History.do?sid=1000010011& HTTP/1.1" 200 41115
127.0.0.1 - - [24/May/2026:08:11:29 +0200] "GET /rhn/websocket/notifications HTTP/1.1" 101 -
172.16.3.5 - - [24/May/2026:08:11:29 +0200] "POST /rhn/manager/frontend-log HTTP/1.1" 200 16
172.16.3.5 - - [24/May/2026:08:11:30 +0200] "GET /rhn/systems/details/history/Event.do?sid=1000010011&aid=91 HTTP/1.1" 200 35331
172.16.3.5 - - [24/May/2026:08:11:30 +0200] "POST /rhn/manager/frontend-log HTTP/1.1" 200 16
127.0.0.1 - - [24/May/2026:08:11:30 +0200] "GET /rhn/websocket/notifications HTTP/1.1" 101 -
172.16.3.5 - - [24/May/2026:08:11:40 +0200] "GET /rhn/systems/details/history/Event.do?sid=1000010011&aid=91 HTTP/1.1" 200 35261
172.16.3.5 - - [24/May/2026:08:11:40 +0200] "POST /rhn/manager/frontend-log HTTP/1.1" 200 16
127.0.0.1 - - [24/May/2026:08:11:40 +0200] "GET /rhn/websocket/notifications HTTP/1.1" 101 -
172.16.3.5 - - [24/May/2026:08:11:40 +0200] "POST /rhn/manager/frontend-log HTTP/1.1" 200 16
127.0.0.1 - - [24/May/2026:08:11:40 +0200] "GET /rhn/websocket/notifications HTTP/1.1" 101 -
172.16.3.5 - - [24/May/2026:08:11:50 +0200] "GET /rhn/systems/details/history/Pending.do?sid=1000010011& HTTP/1.1" 200 35002
127.0.0.1 - - [24/May/2026:08:11:50 +0200] "GET /rhn/websocket/notifications HTTP/1.1" 101 -
172.16.3.5 - - [24/May/2026:08:11:50 +0200] "POST /rhn/manager/frontend-log HTTP/1.1" 200 16
172.16.3.5 - - [24/May/2026:08:11:51 +0200] "GET /rhn/systems/details/history/Pending.do?sid=1000010011& HTTP/1.1" 200 35002
127.0.0.1 - - [24/May/2026:08:11:51 +0200] "GET /rhn/websocket/notifications HTTP/1.1" 101 -
172.16.3.5 - - [24/May/2026:08:11:51 +0200] "POST /rhn/manager/frontend-log HTTP/1.1" 200 16
172.16.3.5 - - [24/May/2026:08:11:51 +0200] "GET /rhn/systems/details/history/History.do?sid=1000010011& HTTP/1.1" 200 41203
127.0.0.1 - - [24/May/2026:08:11:51 +0200] "GET /rhn/websocket/notifications HTTP/1.1" 101 -
172.16.3.5 - - [24/May/2026:08:11:51 +0200] "POST /rhn/manager/frontend-log HTTP/1.1" 200 16
172.16.3.5 - - [24/May/2026:08:11:52 +0200] "GET /rhn/systems/details/history/Event.do?sid=1000010011&aid=93 HTTP/1.1" 200 35302
127.0.0.1 - - [24/May/2026:08:11:52 +0200] "GET /rhn/websocket/notifications HTTP/1.1" 101 -
172.16.3.5 - - [24/May/2026:08:11:52 +0200] "POST /rhn/manager/frontend-log HTTP/1.1" 200 16
172.16.3.5 - - [24/May/2026:08:11:53 +0200] "POST /rhn/manager/api/auth/login HTTP/1.1" 200 16
172.16.3.5 - - [24/May/2026:08:11:56 +0200] "GET /rhn/manager/api/user/listUsers HTTP/1.1" 200 3354
172.16.3.5 - - [24/May/2026:08:11:56 +0200] "GET /rhn/manager/api/auth/logout HTTP/1.1" 200 16
172.16.3.5 - - [24/May/2026:08:11:57 +0200] "POST /rhn/manager/api/auth/login HTTP/1.1" 200 16
172.16.3.5 - - [24/May/2026:08:11:59 +0200] "POST /rhn/manager/api/user/create HTTP/1.1" 200 27
172.16.3.5 - - [24/May/2026:08:11:59 +0200] "GET /rhn/manager/api/auth/logout HTTP/1.1" 200 16
172.16.3.5 - - [24/May/2026:08:12:00 +0200] "POST /rhn/manager/api/auth/login HTTP/1.1" 200 16
