172.16.3.5 - - [24/May/2026:06:27:34 +0200] "GET /rhn/systems/details/history/Pending.do?sid=1000010001& HTTP/1.1" 200 40263
172.16.3.5 - - [24/May/2026:06:27:34 +0200] "POST /rhn/manager/frontend-log HTTP/1.1" 200 16
127.0.0.1 - - [24/May/2026:06:27:34 +0200] "GET /rhn/websocket/notifications HTTP/1.1" 101 -
127.0.0.1 - - [24/May/2026:06:27:34 +0200] "GET /rhn/websocket/notifications HTTP/1.1" 101 -
172.16.3.5 - - [24/May/2026:06:27:34 +0200] "POST /rhn/manager/frontend-log HTTP/1.1" 200 16
172.16.3.5 - - [24/May/2026:06:27:35 +0200] "GET /rhn/systems/details/history/Pending.do?sid=1000010002& HTTP/1.1" 200 40255
172.16.3.5 - - [24/May/2026:06:27:35 +0200] "GET /rhn/systems/details/history/Pending.do?sid=1000010004& HTTP/1.1" 200 43803
127.0.0.1 - - [24/May/2026:06:27:35 +0200] "GET /rhn/websocket/notifications HTTP/1.1" 101 -
172.16.3.5 - - [24/May/2026:06:27:35 +0200] "POST /rhn/manager/frontend-log HTTP/1.1" 200 16
172.16.3.5 - - [24/May/2026:06:27:35 +0200] "GET /rhn/systems/details/history/History.do?sid=1000010001& HTTP/1.1" 200 46445
127.0.0.1 - - [24/May/2026:06:27:35 +0200] "GET /rhn/websocket/notifications HTTP/1.1" 101 -
172.16.3.5 - - [24/May/2026:06:27:36 +0200] "POST /rhn/manager/frontend-log HTTP/1.1" 200 16
172.16.3.5 - - [24/May/2026:06:27:36 +0200] "POST /rhn/manager/frontend-log HTTP/1.1" 200 16
172.16.3.5 - - [24/May/2026:06:27:36 +0200] "POST /rhn/manager/frontend-log HTTP/1.1" 200 16
127.0.0.1 - - [24/May/2026:06:27:36 +0200] "GET /rhn/websocket/notifications HTTP/1.1" 101 -
172.16.3.5 - - [24/May/2026:06:27:36 +0200] "GET /rhn/systems/details/history/History.do?sid=1000010002& HTTP/1.1" 200 46443
127.0.0.1 - - [24/May/2026:06:27:36 +0200] "GET /rhn/websocket/notifications HTTP/1.1" 101 -
172.16.3.5 - - [24/May/2026:06:27:36 +0200] "GET /rhn/systems/details/history/Event.do?sid=1000010001&aid=7 HTTP/1.1" 200 40519
172.16.3.5 - - [24/May/2026:06:27:36 +0200] "GET /rhn/systems/details/history/Pending.do?sid=1000010003& HTTP/1.1" 200 40245
172.16.3.5 - - [24/May/2026:06:27:37 +0200] "POST /rhn/manager/frontend-log HTTP/1.1" 200 16
127.0.0.1 - - [24/May/2026:06:27:37 +0200] "GET /rhn/websocket/notifications HTTP/1.1" 101 -
172.16.3.5 - - [24/May/2026:06:27:37 +0200] "POST /rhn/manager/frontend-log HTTP/1.1" 200 16
172.16.3.5 - - [24/May/2026:06:27:37 +0200] "POST /rhn/manager/frontend-log HTTP/1.1" 200 16
127.0.0.1 - - [24/May/2026:06:27:37 +0200] "GET /rhn/websocket/notifications HTTP/1.1" 101 -
172.16.3.5 - - [24/May/2026:06:27:37 +0200] "POST /rhn/manager/frontend-log HTTP/1.1" 200 16
127.0.0.1 - - [24/May/2026:06:27:37 +0200] "GET /rhn/websocket/notifications HTTP/1.1" 101 -
172.16.3.5 - - [24/May/2026:06:27:37 +0200] "GET /rhn/systems/details/history/Event.do?sid=1000010002&aid=13 HTTP/1.1" 200 40536
127.0.0.1 - - [24/May/2026:06:27:37 +0200] "GET /rhn/websocket/notifications HTTP/1.1" 101 -
127.0.0.1 - - [24/May/2026:06:27:37 +0200] "GET /rhn/websocket/notifications HTTP/1.1" 101 -
172.16.3.5 - - [24/May/2026:06:27:37 +0200] "GET /rhn/systems/details/history/Pending.do?sid=1000010001& HTTP/1.1" 200 40263
172.16.3.5 - - [24/May/2026:06:27:37 +0200] "POST /rhn/manager/frontend-log HTTP/1.1" 200 16
172.16.3.5 - - [24/May/2026:06:27:38 +0200] "POST /rhn/manager/frontend-log HTTP/1.1" 200 16
127.0.0.1 - - [24/May/2026:06:27:38 +0200] "GET /rhn/websocket/notifications HTTP/1.1" 101 -
172.16.3.5 - - [24/May/2026:06:27:38 +0200] "GET /rhn/systems/details/history/Pending.do?sid=1000010001& HTTP/1.1" 200 40263
127.0.0.1 - - [24/May/2026:06:27:38 +0200] "GET /rhn/websocket/notifications HTTP/1.1" 101 -
172.16.3.5 - - [24/May/2026:06:27:38 +0200] "POST /rhn/manager/frontend-log HTTP/1.1" 200 16
172.16.3.5 - - [24/May/2026:06:27:38 +0200] "GET /rhn/systems/details/history/History.do?sid=1000010001& HTTP/1.1" 200 46445
127.0.0.1 - - [24/May/2026:06:27:39 +0200] "GET /rhn/websocket/notifications HTTP/1.1" 101 -
172.16.3.5 - - [24/May/2026:06:27:39 +0200] "POST /rhn/manager/frontend-log HTTP/1.1" 200 16
172.16.3.5 - - [24/May/2026:06:27:39 +0200] "GET /rhn/systems/details/history/Event.do?sid=1000010001&aid=10 HTTP/1.1" 200 40554
127.0.0.1 - - [24/May/2026:06:27:39 +0200] "GET /rhn/websocket/notifications HTTP/1.1" 101 -
172.16.3.5 - - [24/May/2026:06:27:39 +0200] "POST /rhn/manager/frontend-log HTTP/1.1" 200 16
172.16.3.5 - - [24/May/2026:06:27:39 +0200] "POST /rhn/manager/api/auth/login HTTP/1.1" 200 16
172.16.3.5 - - [24/May/2026:06:27:40 +0200] "POST /rhn/manager/api/system/searchByName HTTP/1.1" 200 155
172.16.3.5 - - [24/May/2026:06:27:40 +0200] "GET /rhn/manager/api/auth/logout HTTP/1.1" 200 16
172.16.3.7 - - [24/May/2026:06:27:40 +0200] "HEAD /rhn/manager/download/devel-suse-channel/repodata/repomd.xml?eyJhbGciOiJIUzI1NiJ9.eyJqdGkiOiJQbncxSE9ZMGphampobUpOQU8xMklnIiwiZXhwIjoxODExMTMyNzk1LCJpYXQiOjE3Nzk1OTY3OTUsIm5iZiI6MTc3OTU5NjY3NSwib3JnIjoxLCJvbmx5Q2hhbm5lbHMiOlsiZGV2ZWwtc3VzZS1jaGFubmVsIl19.ZFRJ7tP9qZsPS_wOQROqXZqqqnOpOokUoKCRzsfHyLU HTTP/1.1" 200 -
172.16.3.7 - - [24/May/2026:06:27:40 +0200] "HEAD /rhn/manager/download/devel-suse-channel/media.1/media?eyJhbGciOiJIUzI1NiJ9.eyJqdGkiOiJQbncxSE9ZMGphampobUpOQU8xMklnIiwiZXhwIjoxODExMTMyNzk1LCJpYXQiOjE3Nzk1OTY3OTUsIm5iZiI6MTc3OTU5NjY3NSwib3JnIjoxLCJvbmx5Q2hhbm5lbHMiOlsiZGV2ZWwtc3VzZS1jaGFubmVsIl19.ZFRJ7tP9qZsPS_wOQROqXZqqqnOpOokUoKCRzsfHyLU HTTP/1.1" 404 -
172.16.3.7 - - [24/May/2026:06:27:40 +0200] "HEAD /rhn/manager/download/devel-suse-channel/repodata/repomd.xml?eyJhbGciOiJIUzI1NiJ9.eyJqdGkiOiJQbncxSE9ZMGphampobUpOQU8xMklnIiwiZXhwIjoxODExMTMyNzk1LCJpYXQiOjE3Nzk1OTY3OTUsIm5iZiI6MTc3OTU5NjY3NSwib3JnIjoxLCJvbmx5Q2hhbm5lbHMiOlsiZGV2ZWwtc3VzZS1jaGFubmVsIl19.ZFRJ7tP9qZsPS_wOQROqXZqqqnOpOokUoKCRzsfHyLU HTTP/1.1" 200 -
172.16.3.7 - - [24/May/2026:06:27:40 +0200] "GET /rhn/manager/download/devel-suse-channel/repodata/repomd.xml?eyJhbGciOiJIUzI1NiJ9.eyJqdGkiOiJQbncxSE9ZMGphampobUpOQU8xMklnIiwiZXhwIjoxODExMTMyNzk1LCJpYXQiOjE3Nzk1OTY3OTUsIm5iZiI6MTc3OTU5NjY3NSwib3JnIjoxLCJvbmx5Q2hhbm5lbHMiOlsiZGV2ZWwtc3VzZS1jaGFubmVsIl19.ZFRJ7tP9qZsPS_wOQROqXZqqqnOpOokUoKCRzsfHyLU HTTP/1.1" 200 3664
172.16.3.7 - - [24/May/2026:06:27:40 +0200] "HEAD /rhn/manager/download/devel-suse-channel/repodata/repomd.xml.asc?eyJhbGciOiJIUzI1NiJ9.eyJqdGkiOiJQbncxSE9ZMGphampobUpOQU8xMklnIiwiZXhwIjoxODExMTMyNzk1LCJpYXQiOjE3Nzk1OTY3OTUsIm5iZiI6MTc3OTU5NjY3NSwib3JnIjoxLCJvbmx5Q2hhbm5lbHMiOlsiZGV2ZWwtc3VzZS1jaGFubmVsIl19.ZFRJ7tP9qZsPS_wOQROqXZqqqnOpOokUoKCRzsfHyLU HTTP/1.1" 404 -
172.16.3.7 - - [24/May/2026:06:27:40 +0200] "HEAD /rhn/manager/download/devel-suse-channel/repodata/690678d4a04dee5eff3d95c0553a8515ccb278720ec25bd0ec475c08ea0954fff66d1b369626dbd8ebc356b5739d7da3d597cb8336b3414a1047f30f946e775a-primary.xml.gz?eyJhbGciOiJIUzI1NiJ9.eyJqdGkiOiJQbncxSE9ZMGphampobUpOQU8xMklnIiwiZXhwIjoxODExMTMyNzk1LCJpYXQiOjE3Nzk1OTY3OTUsIm5iZiI6MTc3OTU5NjY3NSwib3JnIjoxLCJvbmx5Q2hhbm5lbHMiOlsiZGV2ZWwtc3VzZS1jaGFubmVsIl19.ZFRJ7tP9qZsPS_wOQROqXZqqqnOpOokUoKCRzsfHyLU HTTP/1.1" 200 -
172.16.3.7 - - [24/May/2026:06:27:40 +0200] "GET /rhn/manager/download/devel-suse-channel/repodata/690678d4a04dee5eff3d95c0553a8515ccb278720ec25bd0ec475c08ea0954fff66d1b369626dbd8ebc356b5739d7da3d597cb8336b3414a1047f30f946e775a-primary.xml.gz?eyJhbGciOiJIUzI1NiJ9.eyJqdGkiOiJQbncxSE9ZMGphampobUpOQU8xMklnIiwiZXhwIjoxODExMTMyNzk1LCJpYXQiOjE3Nzk1OTY3OTUsIm5iZiI6MTc3OTU5NjY3NSwib3JnIjoxLCJvbmx5Q2hhbm5lbHMiOlsiZGV2ZWwtc3VzZS1jaGFubmVsIl19.ZFRJ7tP9qZsPS_wOQROqXZqqqnOpOokUoKCRzsfHyLU HTTP/1.1" 200 3664
172.16.3.7 - - [24/May/2026:06:27:40 +0200] "HEAD /rhn/manager/download/devel-suse-channel/repodata/3f9cac4a721e273fdb7264069bbfe5baf3667e264672b131f01f8cce0cdb42804b7ec391b898e724c8f68dd50574c5c639ba9d8ff48492d9af231f54561a17dd-susedata.xml.gz?eyJhbGciOiJIUzI1NiJ9.eyJqdGkiOiJQbncxSE9ZMGphampobUpOQU8xMklnIiwiZXhwIjoxODExMTMyNzk1LCJpYXQiOjE3Nzk1OTY3OTUsIm5iZiI6MTc3OTU5NjY3NSwib3JnIjoxLCJvbmx5Q2hhbm5lbHMiOlsiZGV2ZWwtc3VzZS1jaGFubmVsIl19.ZFRJ7tP9qZsPS_wOQROqXZqqqnOpOokUoKCRzsfHyLU HTTP/1.1" 200 -
172.16.3.7 - - [24/May/2026:06:27:40 +0200] "GET /rhn/manager/download/devel-suse-channel/repodata/3f9cac4a721e273fdb7264069bbfe5baf3667e264672b131f01f8cce0cdb42804b7ec391b898e724c8f68dd50574c5c639ba9d8ff48492d9af231f54561a17dd-susedata.xml.gz?eyJhbGciOiJIUzI1NiJ9.eyJqdGkiOiJQbncxSE9ZMGphampobUpOQU8xMklnIiwiZXhwIjoxODExMTMyNzk1LCJpYXQiOjE3Nzk1OTY3OTUsIm5iZiI6MTc3OTU5NjY3NSwib3JnIjoxLCJvbmx5Q2hhbm5lbHMiOlsiZGV2ZWwtc3VzZS1jaGFubmVsIl19.ZFRJ7tP9qZsPS_wOQROqXZqqqnOpOokUoKCRzsfHyLU HTTP/1.1" 200 3664
172.16.3.5 - - [24/May/2026:06:27:40 +0200] "GET /rhn/systems/details/Overview.do?sid=1000010002 HTTP/1.1" 200 46449
172.16.3.5 - - [24/May/2026:06:27:40 +0200] "POST /rhn/manager/api/auth/login HTTP/1.1" 200 16
172.16.3.7 - - [24/May/2026:06:27:40 +0200] "HEAD /rhn/manager/download/fake-rpm-suse-channel/repodata/repomd.xml?eyJhbGciOiJIUzI1NiJ9.eyJqdGkiOiJVdEFkSEg1eDFmaGJoTEVJZ0JDeVFRIiwiZXhwIjoxODExMTMyNzk1LCJpYXQiOjE3Nzk1OTY3OTUsIm5iZiI6MTc3OTU5NjY3NSwib3JnIjoxLCJvbmx5Q2hhbm5lbHMiOlsiZmFrZS1ycG0tc3VzZS1jaGFubmVsIl19.qlNzMm1UXUO3V-qr_K0T0QaS9FuVsxZvVuiz21Yf7us HTTP/1.1" 200 -
172.16.3.7 - - [24/May/2026:06:27:40 +0200] "HEAD /rhn/manager/download/fake-rpm-suse-channel/media.1/media?eyJhbGciOiJIUzI1NiJ9.eyJqdGkiOiJVdEFkSEg1eDFmaGJoTEVJZ0JDeVFRIiwiZXhwIjoxODExMTMyNzk1LCJpYXQiOjE3Nzk1OTY3OTUsIm5iZiI6MTc3OTU5NjY3NSwib3JnIjoxLCJvbmx5Q2hhbm5lbHMiOlsiZmFrZS1ycG0tc3VzZS1jaGFubmVsIl19.qlNzMm1UXUO3V-qr_K0T0QaS9FuVsxZvVuiz21Yf7us HTTP/1.1" 404 -
172.16.3.7 - - [24/May/2026:06:27:40 +0200] "HEAD /rhn/manager/download/fake-rpm-suse-channel/repodata/repomd.xml?eyJhbGciOiJIUzI1NiJ9.eyJqdGkiOiJVdEFkSEg1eDFmaGJoTEVJZ0JDeVFRIiwiZXhwIjoxODExMTMyNzk1LCJpYXQiOjE3Nzk1OTY3OTUsIm5iZiI6MTc3OTU5NjY3NSwib3JnIjoxLCJvbmx5Q2hhbm5lbHMiOlsiZmFrZS1ycG0tc3VzZS1jaGFubmVsIl19.qlNzMm1UXUO3V-qr_K0T0QaS9FuVsxZvVuiz21Yf7us HTTP/1.1" 200 -
172.16.3.7 - - [24/May/2026:06:27:40 +0200] "GET /rhn/manager/download/fake-rpm-suse-channel/repodata/repomd.xml?eyJhbGciOiJIUzI1NiJ9.eyJqdGkiOiJVdEFkSEg1eDFmaGJoTEVJZ0JDeVFRIiwiZXhwIjoxODExMTMyNzk1LCJpYXQiOjE3Nzk1OTY3OTUsIm5iZiI6MTc3OTU5NjY3NSwib3JnIjoxLCJvbmx5Q2hhbm5lbHMiOlsiZmFrZS1ycG0tc3VzZS1jaGFubmVsIl19.qlNzMm1UXUO3V-qr_K0T0QaS9FuVsxZvVuiz21Yf7us HTTP/1.1" 200 3664
172.16.3.5 - - [24/May/2026:06:27:40 +0200] "POST /rhn/manager/api/system/searchByName HTTP/1.1" 200 165
172.16.3.5 - - [24/May/2026:06:27:40 +0200] "POST /rhn/manager/frontend-log HTTP/1.1" 200 16
127.0.0.1 - - [24/May/2026:06:27:41 +0200] "GET /rhn/websocket/notifications HTTP/1.1" 101 -
172.16.3.5 - - [24/May/2026:06:27:41 +0200] "POST /rhn/manager/frontend-log HTTP/1.1" 200 16
172.16.3.5 - - [24/May/2026:06:27:41 +0200] "GET /rhn/manager/api/auth/logout HTTP/1.1" 200 16
172.16.3.7 - - [24/May/2026:06:27:41 +0200] "HEAD /rhn/manager/download/fake-rpm-suse-channel/repodata/repomd.xml.asc?eyJhbGciOiJIUzI1NiJ9.eyJqdGkiOiJVdEFkSEg1eDFmaGJoTEVJZ0JDeVFRIiwiZXhwIjoxODExMTMyNzk1LCJpYXQiOjE3Nzk1OTY3OTUsIm5iZiI6MTc3OTU5NjY3NSwib3JnIjoxLCJvbmx5Q2hhbm5lbHMiOlsiZmFrZS1ycG0tc3VzZS1jaGFubmVsIl19.qlNzMm1UXUO3V-qr_K0T0QaS9FuVsxZvVuiz21Yf7us HTTP/1.1" 404 -
172.16.3.7 - - [24/May/2026:06:27:41 +0200] "HEAD /rhn/manager/download/fake-rpm-suse-channel/repodata/dc05f5de20ec5cddf1d7088e65da1230df4c6b4c33bb2dcb088c704c21957179247db0b20270248610807cc531a5cc8e11613b4e1b71498666968b18f97f6feb-primary.xml.gz?eyJhbGciOiJIUzI1NiJ9.eyJqdGkiOiJVdEFkSEg1eDFmaGJoTEVJZ0JDeVFRIiwiZXhwIjoxODExMTMyNzk1LCJpYXQiOjE3Nzk1OTY3OTUsIm5iZiI6MTc3OTU5NjY3NSwib3JnIjoxLCJvbmx5Q2hhbm5lbHMiOlsiZmFrZS1ycG0tc3VzZS1jaGFubmVsIl19.qlNzMm1UXUO3V-qr_K0T0QaS9FuVsxZvVuiz21Yf7us HTTP/1.1" 200 -
172.16.3.7 - - [24/May/2026:06:27:41 +0200] "GET /rhn/manager/download/fake-rpm-suse-channel/repodata/dc05f5de20ec5cddf1d7088e65da1230df4c6b4c33bb2dcb088c704c21957179247db0b20270248610807cc531a5cc8e11613b4e1b71498666968b18f97f6feb-primary.xml.gz?eyJhbGciOiJIUzI1NiJ9.eyJqdGkiOiJVdEFkSEg1eDFmaGJoTEVJZ0JDeVFRIiwiZXhwIjoxODExMTMyNzk1LCJpYXQiOjE3Nzk1OTY3OTUsIm5iZiI6MTc3OTU5NjY3NSwib3JnIjoxLCJvbmx5Q2hhbm5lbHMiOlsiZmFrZS1ycG0tc3VzZS1jaGFubmVsIl19.qlNzMm1UXUO3V-qr_K0T0QaS9FuVsxZvVuiz21Yf7us HTTP/1.1" 200 3664
172.16.3.7 - - [24/May/2026:06:27:41 +0200] "HEAD /rhn/manager/download/fake-rpm-suse-channel/repodata/967523dc5726124030e80fb689fa51ce5488d2ac8712bba0620f3ffc36327e732d46cf562cdfb846af7c837ef2954c30cd95d648799cecc00140260e96bc9a58-susedata.xml.gz?eyJhbGciOiJIUzI1NiJ9.eyJqdGkiOiJVdEFkSEg1eDFmaGJoTEVJZ0JDeVFRIiwiZXhwIjoxODExMTMyNzk1LCJpYXQiOjE3Nzk1OTY3OTUsIm5iZiI6MTc3OTU5NjY3NSwib3JnIjoxLCJvbmx5Q2hhbm5lbHMiOlsiZmFrZS1ycG0tc3VzZS1jaGFubmVsIl19.qlNzMm1UXUO3V-qr_K0T0QaS9FuVsxZvVuiz21Yf7us HTTP/1.1" 200 -
172.16.3.7 - - [24/May/2026:06:27:41 +0200] "GET /rhn/manager/download/fake-rpm-suse-channel/repodata/967523dc5726124030e80fb689fa51ce5488d2ac8712bba0620f3ffc36327e732d46cf562cdfb846af7c837ef2954c30cd95d648799cecc00140260e96bc9a58-susedata.xml.gz?eyJhbGciOiJIUzI1NiJ9.eyJqdGkiOiJVdEFkSEg1eDFmaGJoTEVJZ0JDeVFRIiwiZXhwIjoxODExMTMyNzk1LCJpYXQiOjE3Nzk1OTY3OTUsIm5iZiI6MTc3OTU5NjY3NSwib3JnIjoxLCJvbmx5Q2hhbm5lbHMiOlsiZmFrZS1ycG0tc3VzZS1jaGFubmVsIl19.qlNzMm1UXUO3V-qr_K0T0QaS9FuVsxZvVuiz21Yf7us HTTP/1.1" 200 3664
172.16.3.7 - - [24/May/2026:06:27:41 +0200] "HEAD /rhn/manager/download/fake-rpm-suse-channel/repodata/a33dca05c36f518e2e5e11bf27a2a18c1db5ce0fd39c946c9e071a70e5ba32caefa97fcd5afebd18b3c7a4033dda2283487d3cf84f0702957e0a77766f4ee2bb-updateinfo.xml.gz?eyJhbGciOiJIUzI1NiJ9.eyJqdGkiOiJVdEFkSEg1eDFmaGJoTEVJZ0JDeVFRIiwiZXhwIjoxODExMTMyNzk1LCJpYXQiOjE3Nzk1OTY3OTUsIm5iZiI6MTc3OTU5NjY3NSwib3JnIjoxLCJvbmx5Q2hhbm5lbHMiOlsiZmFrZS1ycG0tc3VzZS1jaGFubmVsIl19.qlNzMm1UXUO3V-qr_K0T0QaS9FuVsxZvVuiz21Yf7us HTTP/1.1" 200 -
172.16.3.7 - - [24/May/2026:06:27:41 +0200] "GET /rhn/manager/download/fake-rpm-suse-channel/repodata/a33dca05c36f518e2e5e11bf27a2a18c1db5ce0fd39c946c9e071a70e5ba32caefa97fcd5afebd18b3c7a4033dda2283487d3cf84f0702957e0a77766f4ee2bb-updateinfo.xml.gz?eyJhbGciOiJIUzI1NiJ9.eyJqdGkiOiJVdEFkSEg1eDFmaGJoTEVJZ0JDeVFRIiwiZXhwIjoxODExMTMyNzk1LCJpYXQiOjE3Nzk1OTY3OTUsIm5iZiI6MTc3OTU5NjY3NSwib3JnIjoxLCJvbmx5Q2hhbm5lbHMiOlsiZmFrZS1ycG0tc3VzZS1jaGFubmVsIl19.qlNzMm1UXUO3V-qr_K0T0QaS9FuVsxZvVuiz21Yf7us HTTP/1.1" 200 3664
172.16.3.7 - - [24/May/2026:06:27:41 +0200] "HEAD /rhn/manager/download/opensuse_tumbleweed-uyuni-client-devel-x86_64/repodata/repomd.xml?eyJhbGciOiJIUzI1NiJ9.eyJqdGkiOiJlUWJiRG5KMXZaSWVYc3BhYU5IQ1pRIiwiZXhwIjoxODExMTMyNzk1LCJpYXQiOjE3Nzk1OTY3OTUsIm5iZiI6MTc3OTU5NjY3NSwib3JnIjoxLCJvbmx5Q2hhbm5lbHMiOlsib3BlbnN1c2VfdHVtYmxld2VlZC11eXVuaS1jbGllbnQtZGV2ZWwteDg2XzY0Il19.wVovyWjySPR9o4POJNlDJILKXAedUFt5KmmKQ_JLq_8 HTTP/1.1" 200 -
172.16.3.7 - - [24/May/2026:06:27:41 +0200] "HEAD /rhn/manager/download/opensuse_tumbleweed-uyuni-client-devel-x86_64/media.1/media?eyJhbGciOiJIUzI1NiJ9.eyJqdGkiOiJlUWJiRG5KMXZaSWVYc3BhYU5IQ1pRIiwiZXhwIjoxODExMTMyNzk1LCJpYXQiOjE3Nzk1OTY3OTUsIm5iZiI6MTc3OTU5NjY3NSwib3JnIjoxLCJvbmx5Q2hhbm5lbHMiOlsib3BlbnN1c2VfdHVtYmxld2VlZC11eXVuaS1jbGllbnQtZGV2ZWwteDg2XzY0Il19.wVovyWjySPR9o4POJNlDJILKXAedUFt5KmmKQ_JLq_8 HTTP/1.1" 404 -
172.16.3.7 - - [24/May/2026:06:27:41 +0200] "HEAD /rhn/manager/download/opensuse_tumbleweed-uyuni-client-devel-x86_64/repodata/repomd.xml?eyJhbGciOiJIUzI1NiJ9.eyJqdGkiOiJlUWJiRG5KMXZaSWVYc3BhYU5IQ1pRIiwiZXhwIjoxODExMTMyNzk1LCJpYXQiOjE3Nzk1OTY3OTUsIm5iZiI6MTc3OTU5NjY3NSwib3JnIjoxLCJvbmx5Q2hhbm5lbHMiOlsib3BlbnN1c2VfdHVtYmxld2VlZC11eXVuaS1jbGllbnQtZGV2ZWwteDg2XzY0Il19.wVovyWjySPR9o4POJNlDJILKXAedUFt5KmmKQ_JLq_8 HTTP/1.1" 200 -
172.16.3.7 - - [24/May/2026:06:27:41 +0200] "GET /rhn/manager/download/opensuse_tumbleweed-uyuni-client-devel-x86_64/repodata/repomd.xml?eyJhbGciOiJIUzI1NiJ9.eyJqdGkiOiJlUWJiRG5KMXZaSWVYc3BhYU5IQ1pRIiwiZXhwIjoxODExMTMyNzk1LCJpYXQiOjE3Nzk1OTY3OTUsIm5iZiI6MTc3OTU5NjY3NSwib3JnIjoxLCJvbmx5Q2hhbm5lbHMiOlsib3BlbnN1c2VfdHVtYmxld2VlZC11eXVuaS1jbGllbnQtZGV2ZWwteDg2XzY0Il19.wVovyWjySPR9o4POJNlDJILKXAedUFt5KmmKQ_JLq_8 HTTP/1.1" 200 3664
172.16.3.7 - - [24/May/2026:06:27:41 +0200] "HEAD /rhn/manager/download/opensuse_tumbleweed-uyuni-client-devel-x86_64/repodata/repomd.xml.asc?eyJhbGciOiJIUzI1NiJ9.eyJqdGkiOiJlUWJiRG5KMXZaSWVYc3BhYU5IQ1pRIiwiZXhwIjoxODExMTMyNzk1LCJpYXQiOjE3Nzk1OTY3OTUsIm5iZiI6MTc3OTU5NjY3NSwib3JnIjoxLCJvbmx5Q2hhbm5lbHMiOlsib3BlbnN1c2VfdHVtYmxld2VlZC11eXVuaS1jbGllbnQtZGV2ZWwteDg2XzY0Il19.wVovyWjySPR9o4POJNlDJILKXAedUFt5KmmKQ_JLq_8 HTTP/1.1" 404 -
172.16.3.5 - - [24/May/2026:06:27:41 +0200] "GET /rhn/systems/details/Overview.do?sid=1000010002& HTTP/1.1" 200 46449
172.16.3.7 - - [24/May/2026:06:27:41 +0200] "HEAD /rhn/manager/download/opensuse_tumbleweed-uyuni-client-devel-x86_64/repodata/6d5697f0e217b4b7353408598089b5f77837ca878279451f97fbfa0e0cfa4314d03b5b33a8a959254dc3cc51607d11d1735d7c804e58e533f862faeca0a02282-primary.xml.gz?eyJhbGciOiJIUzI1NiJ9.eyJqdGkiOiJlUWJiRG5KMXZaSWVYc3BhYU5IQ1pRIiwiZXhwIjoxODExMTMyNzk1LCJpYXQiOjE3Nzk1OTY3OTUsIm5iZiI6MTc3OTU5NjY3NSwib3JnIjoxLCJvbmx5Q2hhbm5lbHMiOlsib3BlbnN1c2VfdHVtYmxld2VlZC11eXVuaS1jbGllbnQtZGV2ZWwteDg2XzY0Il19.wVovyWjySPR9o4POJNlDJILKXAedUFt5KmmKQ_JLq_8 HTTP/1.1" 200 -
172.16.3.7 - - [24/May/2026:06:27:41 +0200] "GET /rhn/manager/download/opensuse_tumbleweed-uyuni-client-devel-x86_64/repodata/6d5697f0e217b4b7353408598089b5f77837ca878279451f97fbfa0e0cfa4314d03b5b33a8a959254dc3cc51607d11d1735d7c804e58e533f862faeca0a02282-primary.xml.gz?eyJhbGciOiJIUzI1NiJ9.eyJqdGkiOiJlUWJiRG5KMXZaSWVYc3BhYU5IQ1pRIiwiZXhwIjoxODExMTMyNzk1LCJpYXQiOjE3Nzk1OTY3OTUsIm5iZiI6MTc3OTU5NjY3NSwib3JnIjoxLCJvbmx5Q2hhbm5lbHMiOlsib3BlbnN1c2VfdHVtYmxld2VlZC11eXVuaS1jbGllbnQtZGV2ZWwteDg2XzY0Il19.wVovyWjySPR9o4POJNlDJILKXAedUFt5KmmKQ_JLq_8 HTTP/1.1" 200 3664
172.16.3.7 - - [24/May/2026:06:27:41 +0200] "HEAD /rhn/manager/download/opensuse_tumbleweed-uyuni-client-devel-x86_64/repodata/720db58c9b64176900d20f1ec5e085d98a676f5075351af10d82045ab58cc0ec48710d98e7b076cb48e45770f36621326b7f0a3da3978f80d7389c43296912b3-susedata.xml.gz?eyJhbGciOiJIUzI1NiJ9.eyJqdGkiOiJlUWJiRG5KMXZaSWVYc3BhYU5IQ1pRIiwiZXhwIjoxODExMTMyNzk1LCJpYXQiOjE3Nzk1OTY3OTUsIm5iZiI6MTc3OTU5NjY3NSwib3JnIjoxLCJvbmx5Q2hhbm5lbHMiOlsib3BlbnN1c2VfdHVtYmxld2VlZC11eXVuaS1jbGllbnQtZGV2ZWwteDg2XzY0Il19.wVovyWjySPR9o4POJNlDJILKXAedUFt5KmmKQ_JLq_8 HTTP/1.1" 200 -
172.16.3.7 - - [24/May/2026:06:27:41 +0200] "GET /rhn/manager/download/opensuse_tumbleweed-uyuni-client-devel-x86_64/repodata/720db58c9b64176900d20f1ec5e085d98a676f5075351af10d82045ab58cc0ec48710d98e7b076cb48e45770f36621326b7f0a3da3978f80d7389c43296912b3-susedata.xml.gz?eyJhbGciOiJIUzI1NiJ9.eyJqdGkiOiJlUWJiRG5KMXZaSWVYc3BhYU5IQ1pRIiwiZXhwIjoxODExMTMyNzk1LCJpYXQiOjE3Nzk1OTY3OTUsIm5iZiI6MTc3OTU5NjY3NSwib3JnIjoxLCJvbmx5Q2hhbm5lbHMiOlsib3BlbnN1c2VfdHVtYmxld2VlZC11eXVuaS1jbGllbnQtZGV2ZWwteDg2XzY0Il19.wVovyWjySPR9o4POJNlDJILKXAedUFt5KmmKQ_JLq_8 HTTP/1.1" 200 3664
172.16.3.5 - - [24/May/2026:06:27:41 +0200] "GET /rhn/systems/details/Overview.do?sid=1000010001 HTTP/1.1" 200 46830
172.16.3.7 - - [24/May/2026:06:27:41 +0200] "HEAD /rhn/manager/download/opensuse_tumbleweed-x86_64/repodata/repomd.xml?eyJhbGciOiJIUzI1NiJ9.eyJqdGkiOiJWLU5VRldkY0o1V2gwZDJwRm5nZkhBIiwiZXhwIjoxODExMTMyNzk1LCJpYXQiOjE3Nzk1OTY3OTUsIm5iZiI6MTc3OTU5NjY3NSwib3JnIjoxLCJvbmx5Q2hhbm5lbHMiOlsib3BlbnN1c2VfdHVtYmxld2VlZC14ODZfNjQiXX0._ixjZnW-CUyihMqDfpdCIb3avNu753mdPy-ShaIQNg8 HTTP/1.1" 200 -
172.16.3.7 - - [24/May/2026:06:27:41 +0200] "HEAD /rhn/manager/download/opensuse_tumbleweed-x86_64/media.1/media?eyJhbGciOiJIUzI1NiJ9.eyJqdGkiOiJWLU5VRldkY0o1V2gwZDJwRm5nZkhBIiwiZXhwIjoxODExMTMyNzk1LCJpYXQiOjE3Nzk1OTY3OTUsIm5iZiI6MTc3OTU5NjY3NSwib3JnIjoxLCJvbmx5Q2hhbm5lbHMiOlsib3BlbnN1c2VfdHVtYmxld2VlZC14ODZfNjQiXX0._ixjZnW-CUyihMqDfpdCIb3avNu753mdPy-ShaIQNg8 HTTP/1.1" 404 -
127.0.0.1 - - [24/May/2026:06:27:41 +0200] "GET /rhn/websocket/notifications HTTP/1.1" 101 -
172.16.3.5 - - [24/May/2026:06:27:41 +0200] "POST /rhn/manager/frontend-log HTTP/1.1" 200 16
172.16.3.7 - - [24/May/2026:06:27:41 +0200] "HEAD /rhn/manager/download/opensuse_tumbleweed-x86_64/repodata/repomd.xml?eyJhbGciOiJIUzI1NiJ9.eyJqdGkiOiJWLU5VRldkY0o1V2gwZDJwRm5nZkhBIiwiZXhwIjoxODExMTMyNzk1LCJpYXQiOjE3Nzk1OTY3OTUsIm5iZiI6MTc3OTU5NjY3NSwib3JnIjoxLCJvbmx5Q2hhbm5lbHMiOlsib3BlbnN1c2VfdHVtYmxld2VlZC14ODZfNjQiXX0._ixjZnW-CUyihMqDfpdCIb3avNu753mdPy-ShaIQNg8 HTTP/1.1" 200 -
172.16.3.5 - - [24/May/2026:06:27:41 +0200] "POST /rhn/manager/frontend-log HTTP/1.1" 200 16
172.16.3.7 - - [24/May/2026:06:27:42 +0200] "GET /rhn/manager/download/opensuse_tumbleweed-x86_64/repodata/repomd.xml?eyJhbGciOiJIUzI1NiJ9.eyJqdGkiOiJWLU5VRldkY0o1V2gwZDJwRm5nZkhBIiwiZXhwIjoxODExMTMyNzk1LCJpYXQiOjE3Nzk1OTY3OTUsIm5iZiI6MTc3OTU5NjY3NSwib3JnIjoxLCJvbmx5Q2hhbm5lbHMiOlsib3BlbnN1c2VfdHVtYmxld2VlZC14ODZfNjQiXX0._ixjZnW-CUyihMqDfpdCIb3avNu753mdPy-ShaIQNg8 HTTP/1.1" 200 3664
127.0.0.1 - - [24/May/2026:06:27:42 +0200] "GET /rhn/websocket/notifications HTTP/1.1" 101 -
172.16.3.7 - - [24/May/2026:06:27:42 +0200] "HEAD /rhn/manager/download/opensuse_tumbleweed-x86_64/repodata/repomd.xml.asc?eyJhbGciOiJIUzI1NiJ9.eyJqdGkiOiJWLU5VRldkY0o1V2gwZDJwRm5nZkhBIiwiZXhwIjoxODExMTMyNzk1LCJpYXQiOjE3Nzk1OTY3OTUsIm5iZiI6MTc3OTU5NjY3NSwib3JnIjoxLCJvbmx5Q2hhbm5lbHMiOlsib3BlbnN1c2VfdHVtYmxld2VlZC14ODZfNjQiXX0._ixjZnW-CUyihMqDfpdCIb3avNu753mdPy-ShaIQNg8 HTTP/1.1" 404 -
172.16.3.5 - - [24/May/2026:06:27:42 +0200] "POST /rhn/manager/frontend-log HTTP/1.1" 200 16
172.16.3.7 - - [24/May/2026:06:27:42 +0200] "HEAD /rhn/manager/download/opensuse_tumbleweed-x86_64/repodata/c0d397725399a10896888af9cf867bc8134615af1bd227de7b039ac03c470e74dd23a39b5b436ddc4779c14d5f3e52923d39b1f550ddf534112023fddf4b1b49-primary.xml.gz?eyJhbGciOiJIUzI1NiJ9.eyJqdGkiOiJWLU5VRldkY0o1V2gwZDJwRm5nZkhBIiwiZXhwIjoxODExMTMyNzk1LCJpYXQiOjE3Nzk1OTY3OTUsIm5iZiI6MTc3OTU5NjY3NSwib3JnIjoxLCJvbmx5Q2hhbm5lbHMiOlsib3BlbnN1c2VfdHVtYmxld2VlZC14ODZfNjQiXX0._ixjZnW-CUyihMqDfpdCIb3avNu753mdPy-ShaIQNg8 HTTP/1.1" 200 -
172.16.3.7 - - [24/May/2026:06:27:42 +0200] "GET /rhn/manager/download/opensuse_tumbleweed-x86_64/repodata/c0d397725399a10896888af9cf867bc8134615af1bd227de7b039ac03c470e74dd23a39b5b436ddc4779c14d5f3e52923d39b1f550ddf534112023fddf4b1b49-primary.xml.gz?eyJhbGciOiJIUzI1NiJ9.eyJqdGkiOiJWLU5VRldkY0o1V2gwZDJwRm5nZkhBIiwiZXhwIjoxODExMTMyNzk1LCJpYXQiOjE3Nzk1OTY3OTUsIm5iZiI6MTc3OTU5NjY3NSwib3JnIjoxLCJvbmx5Q2hhbm5lbHMiOlsib3BlbnN1c2VfdHVtYmxld2VlZC14ODZfNjQiXX0._ixjZnW-CUyihMqDfpdCIb3avNu753mdPy-ShaIQNg8 HTTP/1.1" 200 3664
127.0.0.1 - - [24/May/2026:06:27:42 +0200] "GET /rhn/websocket/notifications HTTP/1.1" 101 -
172.16.3.7 - - [24/May/2026:06:27:42 +0200] "HEAD /rhn/manager/download/opensuse_tumbleweed-x86_64/repodata/408ce57e8a39aa873b263f868578d19518a40688eacdd7b0a2c07a5e8a01c5e39df8b80b8ff99d4473235c4ff57df1cd2d22188f28ca76ee957eff99c86baaa2-susedata.xml.gz?eyJhbGciOiJIUzI1NiJ9.eyJqdGkiOiJWLU5VRldkY0o1V2gwZDJwRm5nZkhBIiwiZXhwIjoxODExMTMyNzk1LCJpYXQiOjE3Nzk1OTY3OTUsIm5iZiI6MTc3OTU5NjY3NSwib3JnIjoxLCJvbmx5Q2hhbm5lbHMiOlsib3BlbnN1c2VfdHVtYmxld2VlZC14ODZfNjQiXX0._ixjZnW-CUyihMqDfpdCIb3avNu753mdPy-ShaIQNg8 HTTP/1.1" 200 -
172.16.3.7 - - [24/May/2026:06:27:42 +0200] "GET /rhn/manager/download/opensuse_tumbleweed-x86_64/repodata/408ce57e8a39aa873b263f868578d19518a40688eacdd7b0a2c07a5e8a01c5e39df8b80b8ff99d4473235c4ff57df1cd2d22188f28ca76ee957eff99c86baaa2-susedata.xml.gz?eyJhbGciOiJIUzI1NiJ9.eyJqdGkiOiJWLU5VRldkY0o1V2gwZDJwRm5nZkhBIiwiZXhwIjoxODExMTMyNzk1LCJpYXQiOjE3Nzk1OTY3OTUsIm5iZiI6MTc3OTU5NjY3NSwib3JnIjoxLCJvbmx5Q2hhbm5lbHMiOlsib3BlbnN1c2VfdHVtYmxld2VlZC14ODZfNjQiXX0._ixjZnW-CUyihMqDfpdCIb3avNu753mdPy-ShaIQNg8 HTTP/1.1" 200 3664
172.16.3.5 - - [24/May/2026:06:27:42 +0200] "GET /rhn/systems/details/Connection.do?sid=1000010002& HTTP/1.1" 200 41526
127.0.0.1 - - [24/May/2026:06:27:42 +0200] "GET /rhn/websocket/notifications HTTP/1.1" 101 -
172.16.3.5 - - [24/May/2026:06:27:42 +0200] "POST /rhn/manager/frontend-log HTTP/1.1" 200 16
172.16.3.5 - - [24/May/2026:06:27:42 +0200] "GET /rhn/systems/details/Overview.do?sid=1000010001& HTTP/1.1" 200 46830
127.0.0.1 - - [24/May/2026:06:27:43 +0200] "GET /rhn/websocket/notifications HTTP/1.1" 101 -
172.16.3.5 - - [24/May/2026:06:27:43 +0200] "POST /rhn/manager/frontend-log HTTP/1.1" 200 16
172.16.3.5 - - [24/May/2026:06:27:43 +0200] "GET /rhn/systems/details/Connection.do?sid=1000010001& HTTP/1.1" 200 41535
127.0.0.1 - - [24/May/2026:06:27:43 +0200] "GET /rhn/websocket/notifications HTTP/1.1" 101 -
172.16.3.5 - - [24/May/2026:06:27:43 +0200] "POST /rhn/manager/frontend-log HTTP/1.1" 200 16
172.16.3.5 - - [24/May/2026:06:27:43 +0200] "POST /rhn/manager/api/auth/login HTTP/1.1" 200 16
172.16.3.5 - - [24/May/2026:06:27:43 +0200] "POST /rhn/manager/api/system/searchByName HTTP/1.1" 200 157
172.16.3.5 - - [24/May/2026:06:27:43 +0200] "GET /rhn/manager/api/auth/logout HTTP/1.1" 200 16
172.16.3.5 - - [24/May/2026:06:27:44 +0200] "GET /rhn/systems/details/history/Pending.do?sid=1000010005& HTTP/1.1" 200 43026
127.0.0.1 - - [24/May/2026:06:27:44 +0200] "GET /rhn/websocket/notifications HTTP/1.1" 101 -
172.16.3.5 - - [24/May/2026:06:27:44 +0200] "POST /rhn/manager/frontend-log HTTP/1.1" 200 16
172.16.3.5 - - [24/May/2026:06:27:44 +0200] "GET /rhn/systems/details/Overview.do?sid=1000010000 HTTP/1.1" 200 45787
172.16.3.5 - - [24/May/2026:06:27:44 +0200] "POST /rhn/manager/api/auth/login HTTP/1.1" 200 16
172.16.3.5 - - [24/May/2026:06:27:44 +0200] "POST /rhn/manager/frontend-log HTTP/1.1" 200 16
127.0.0.1 - - [24/May/2026:06:27:44 +0200] "GET /rhn/websocket/notifications HTTP/1.1" 101 -
172.16.3.5 - - [24/May/2026:06:27:44 +0200] "GET /rhn/systems/details/history/Pending.do?sid=1000010005& HTTP/1.1" 200 43026
172.16.3.5 - - [24/May/2026:06:27:44 +0200] "POST /rhn/manager/api/system/searchByName HTTP/1.1" 200 157
172.16.3.5 - - [24/May/2026:06:27:45 +0200] "POST /rhn/manager/frontend-log HTTP/1.1" 200 16
127.0.0.1 - - [24/May/2026:06:27:45 +0200] "GET /rhn/websocket/notifications HTTP/1.1" 101 -
172.16.3.5 - - [24/May/2026:06:27:45 +0200] "POST /rhn/manager/frontend-log HTTP/1.1" 200 16
172.16.3.5 - - [24/May/2026:06:27:45 +0200] "GET /rhn/manager/api/auth/logout HTTP/1.1" 200 16
172.16.3.7 - - [24/May/2026:06:27:45 +0200] "HEAD /rhn/manager/download/sle-module-basesystem15-sp7-updates-x86_64/repodata/repomd.xml?eyJhbGciOiJIUzI1NiJ9.eyJqdGkiOiI4UDJqV2lnbDdEM0M4bnAtdFVleS13IiwiZXhwIjoxODExMTMyNzk3LCJpYXQiOjE3Nzk1OTY3OTcsIm5iZiI6MTc3OTU5NjY3Nywib3JnIjoxLCJvbmx5Q2hhbm5lbHMiOlsic2xlLW1vZHVsZS1iYXNlc3lzdGVtMTUtc3A3LXVwZGF0ZXMteDg2XzY0Il19.6AJLjG1G5FHfy1tM6vpDbLth72wGydjl-lx9kM5QnTg HTTP/1.1" 200 -
172.16.3.7 - - [24/May/2026:06:27:45 +0200] "HEAD /rhn/manager/download/sle-module-basesystem15-sp7-updates-x86_64/media.1/media?eyJhbGciOiJIUzI1NiJ9.eyJqdGkiOiI4UDJqV2lnbDdEM0M4bnAtdFVleS13IiwiZXhwIjoxODExMTMyNzk3LCJpYXQiOjE3Nzk1OTY3OTcsIm5iZiI6MTc3OTU5NjY3Nywib3JnIjoxLCJvbmx5Q2hhbm5lbHMiOlsic2xlLW1vZHVsZS1iYXNlc3lzdGVtMTUtc3A3LXVwZGF0ZXMteDg2XzY0Il19.6AJLjG1G5FHfy1tM6vpDbLth72wGydjl-lx9kM5QnTg HTTP/1.1" 404 -
172.16.3.7 - - [24/May/2026:06:27:46 +0200] "HEAD /rhn/manager/download/sle-module-basesystem15-sp7-updates-x86_64/repodata/repomd.xml?eyJhbGciOiJIUzI1NiJ9.eyJqdGkiOiI4UDJqV2lnbDdEM0M4bnAtdFVleS13IiwiZXhwIjoxODExMTMyNzk3LCJpYXQiOjE3Nzk1OTY3OTcsIm5iZiI6MTc3OTU5NjY3Nywib3JnIjoxLCJvbmx5Q2hhbm5lbHMiOlsic2xlLW1vZHVsZS1iYXNlc3lzdGVtMTUtc3A3LXVwZGF0ZXMteDg2XzY0Il19.6AJLjG1G5FHfy1tM6vpDbLth72wGydjl-lx9kM5QnTg HTTP/1.1" 200 -
172.16.3.7 - - [24/May/2026:06:27:46 +0200] "GET /rhn/manager/download/sle-module-basesystem15-sp7-updates-x86_64/repodata/repomd.xml?eyJhbGciOiJIUzI1NiJ9.eyJqdGkiOiI4UDJqV2lnbDdEM0M4bnAtdFVleS13IiwiZXhwIjoxODExMTMyNzk3LCJpYXQiOjE3Nzk1OTY3OTcsIm5iZiI6MTc3OTU5NjY3Nywib3JnIjoxLCJvbmx5Q2hhbm5lbHMiOlsic2xlLW1vZHVsZS1iYXNlc3lzdGVtMTUtc3A3LXVwZGF0ZXMteDg2XzY0Il19.6AJLjG1G5FHfy1tM6vpDbLth72wGydjl-lx9kM5QnTg HTTP/1.1" 200 3664
172.16.3.7 - - [24/May/2026:06:27:46 +0200] "HEAD /rhn/manager/download/sle-module-basesystem15-sp7-updates-x86_64/repodata/repomd.xml.asc?eyJhbGciOiJIUzI1NiJ9.eyJqdGkiOiI4UDJqV2lnbDdEM0M4bnAtdFVleS13IiwiZXhwIjoxODExMTMyNzk3LCJpYXQiOjE3Nzk1OTY3OTcsIm5iZiI6MTc3OTU5NjY3Nywib3JnIjoxLCJvbmx5Q2hhbm5lbHMiOlsic2xlLW1vZHVsZS1iYXNlc3lzdGVtMTUtc3A3LXVwZGF0ZXMteDg2XzY0Il19.6AJLjG1G5FHfy1tM6vpDbLth72wGydjl-lx9kM5QnTg HTTP/1.1" 404 -
172.16.3.5 - - [24/May/2026:06:27:46 +0200] "GET /rhn/systems/details/Overview.do?sid=1000010000& HTTP/1.1" 200 45787
172.16.3.7 - - [24/May/2026:06:27:46 +0200] "HEAD /rhn/manager/download/sle-module-basesystem15-sp7-updates-x86_64/repodata/ebd39cc76499391b61fb19d946fa3960d652878cb0334cae09d38c68d5ad9c63-primary.xml.gz?eyJhbGciOiJIUzI1NiJ9.eyJqdGkiOiI4UDJqV2lnbDdEM0M4bnAtdFVleS13IiwiZXhwIjoxODExMTMyNzk3LCJpYXQiOjE3Nzk1OTY3OTcsIm5iZiI6MTc3OTU5NjY3Nywib3JnIjoxLCJvbmx5Q2hhbm5lbHMiOlsic2xlLW1vZHVsZS1iYXNlc3lzdGVtMTUtc3A3LXVwZGF0ZXMteDg2XzY0Il19.6AJLjG1G5FHfy1tM6vpDbLth72wGydjl-lx9kM5QnTg HTTP/1.1" 200 -
172.16.3.7 - - [24/May/2026:06:27:46 +0200] "GET /rhn/manager/download/sle-module-basesystem15-sp7-updates-x86_64/repodata/ebd39cc76499391b61fb19d946fa3960d652878cb0334cae09d38c68d5ad9c63-primary.xml.gz?eyJhbGciOiJIUzI1NiJ9.eyJqdGkiOiI4UDJqV2lnbDdEM0M4bnAtdFVleS13IiwiZXhwIjoxODExMTMyNzk3LCJpYXQiOjE3Nzk1OTY3OTcsIm5iZiI6MTc3OTU5NjY3Nywib3JnIjoxLCJvbmx5Q2hhbm5lbHMiOlsic2xlLW1vZHVsZS1iYXNlc3lzdGVtMTUtc3A3LXVwZGF0ZXMteDg2XzY0Il19.6AJLjG1G5FHfy1tM6vpDbLth72wGydjl-lx9kM5QnTg HTTP/1.1" 200 3663
172.16.3.7 - - [24/May/2026:06:27:46 +0200] "HEAD /rhn/manager/download/sle-module-basesystem15-sp7-updates-x86_64/repodata/0070db214d05a3a61bb57d824685633f9c5300d410500358b6a49cbb040891e2-susedata.xml.gz?eyJhbGciOiJIUzI1NiJ9.eyJqdGkiOiI4UDJqV2lnbDdEM0M4bnAtdFVleS13IiwiZXhwIjoxODExMTMyNzk3LCJpYXQiOjE3Nzk1OTY3OTcsIm5iZiI6MTc3OTU5NjY3Nywib3JnIjoxLCJvbmx5Q2hhbm5lbHMiOlsic2xlLW1vZHVsZS1iYXNlc3lzdGVtMTUtc3A3LXVwZGF0ZXMteDg2XzY0Il19.6AJLjG1G5FHfy1tM6vpDbLth72wGydjl-lx9kM5QnTg HTTP/1.1" 200 -
127.0.0.1 - - [24/May/2026:06:27:46 +0200] "GET /rhn/websocket/notifications HTTP/1.1" 101 -
172.16.3.7 - - [24/May/2026:06:27:46 +0200] "GET /rhn/manager/download/sle-module-basesystem15-sp7-updates-x86_64/repodata/0070db214d05a3a61bb57d824685633f9c5300d410500358b6a49cbb040891e2-susedata.xml.gz?eyJhbGciOiJIUzI1NiJ9.eyJqdGkiOiI4UDJqV2lnbDdEM0M4bnAtdFVleS13IiwiZXhwIjoxODExMTMyNzk3LCJpYXQiOjE3Nzk1OTY3OTcsIm5iZiI6MTc3OTU5NjY3Nywib3JnIjoxLCJvbmx5Q2hhbm5lbHMiOlsic2xlLW1vZHVsZS1iYXNlc3lzdGVtMTUtc3A3LXVwZGF0ZXMteDg2XzY0Il19.6AJLjG1G5FHfy1tM6vpDbLth72wGydjl-lx9kM5QnTg HTTP/1.1" 200 3664
172.16.3.5 - - [24/May/2026:06:27:46 +0200] "POST /rhn/manager/frontend-log HTTP/1.1" 200 16
172.16.3.7 - - [24/May/2026:06:27:46 +0200] "HEAD /rhn/manager/download/sle-module-basesystem15-sp7-updates-x86_64/repodata/22c6bb7e34c5a07cffab8871386ba4225ade8c05ad08384eb44826384172ef05-updateinfo.xml.gz?eyJhbGciOiJIUzI1NiJ9.eyJqdGkiOiI4UDJqV2lnbDdEM0M4bnAtdFVleS13IiwiZXhwIjoxODExMTMyNzk3LCJpYXQiOjE3Nzk1OTY3OTcsIm5iZiI6MTc3OTU5NjY3Nywib3JnIjoxLCJvbmx5Q2hhbm5lbHMiOlsic2xlLW1vZHVsZS1iYXNlc3lzdGVtMTUtc3A3LXVwZGF0ZXMteDg2XzY0Il19.6AJLjG1G5FHfy1tM6vpDbLth72wGydjl-lx9kM5QnTg HTTP/1.1" 200 -
172.16.3.7 - - [24/May/2026:06:27:46 +0200] "GET /rhn/manager/download/sle-module-basesystem15-sp7-updates-x86_64/repodata/22c6bb7e34c5a07cffab8871386ba4225ade8c05ad08384eb44826384172ef05-updateinfo.xml.gz?eyJhbGciOiJIUzI1NiJ9.eyJqdGkiOiI4UDJqV2lnbDdEM0M4bnAtdFVleS13IiwiZXhwIjoxODExMTMyNzk3LCJpYXQiOjE3Nzk1OTY3OTcsIm5iZiI6MTc3OTU5NjY3Nywib3JnIjoxLCJvbmx5Q2hhbm5lbHMiOlsic2xlLW1vZHVsZS1iYXNlc3lzdGVtMTUtc3A3LXVwZGF0ZXMteDg2XzY0Il19.6AJLjG1G5FHfy1tM6vpDbLth72wGydjl-lx9kM5QnTg HTTP/1.1" 200 3664
172.16.3.5 - - [24/May/2026:06:27:46 +0200] "GET /rhn/systems/details/Overview.do?sid=1000010000 HTTP/1.1" 200 45786
172.16.3.5 - - [24/May/2026:06:27:47 +0200] "POST /rhn/manager/frontend-log HTTP/1.1" 200 16
172.16.3.5 - - [24/May/2026:06:27:47 +0200] "POST /rhn/manager/frontend-log HTTP/1.1" 200 16
127.0.0.1 - - [24/May/2026:06:27:47 +0200] "GET /rhn/websocket/notifications HTTP/1.1" 101 -
172.16.3.5 - - [24/May/2026:06:27:47 +0200] "GET /rhn/systems/details/ProxyClients.do?sid=1000010000& HTTP/1.1" 200 58033
172.16.3.5 - - [24/May/2026:06:27:47 +0200] "GET /rhn/systems/details/history/History.do?sid=1000010003& HTTP/1.1" 200 46453
127.0.0.1 - - [24/May/2026:06:27:48 +0200] "GET /rhn/websocket/notifications HTTP/1.1" 101 -
172.16.3.7 - - [24/May/2026:06:27:48 +0200] "HEAD /rhn/manager/download/sle-module-desktop-applications15-sp7-updates-x86_64/repodata/repomd.xml?eyJhbGciOiJIUzI1NiJ9.eyJqdGkiOiJsSkFOVW5EN19qXzNNLXV5OFRKdmN3IiwiZXhwIjoxODExMTMyNzk3LCJpYXQiOjE3Nzk1OTY3OTcsIm5iZiI6MTc3OTU5NjY3Nywib3JnIjoxLCJvbmx5Q2hhbm5lbHMiOlsic2xlLW1vZHVsZS1kZXNrdG9wLWFwcGxpY2F0aW9uczE1LXNwNy11cGRhdGVzLXg4Nl82NCJdfQ.Oxd6XmaWbVmA3Ie0WwlKkPnBkpgMFvaM4UlJBVE41tk HTTP/1.1" 200 -
172.16.3.5 - - [24/May/2026:06:27:48 +0200] "GET /rhn/systems/details/Overview.do?sid=1000010000& HTTP/1.1" 200 45786
127.0.0.1 - - [24/May/2026:06:27:48 +0200] "GET /rhn/websocket/notifications HTTP/1.1" 101 -
172.16.3.7 - - [24/May/2026:06:27:48 +0200] "HEAD /rhn/manager/download/sle-module-desktop-applications15-sp7-updates-x86_64/media.1/media?eyJhbGciOiJIUzI1NiJ9.eyJqdGkiOiJsSkFOVW5EN19qXzNNLXV5OFRKdmN3IiwiZXhwIjoxODExMTMyNzk3LCJpYXQiOjE3Nzk1OTY3OTcsIm5iZiI6MTc3OTU5NjY3Nywib3JnIjoxLCJvbmx5Q2hhbm5lbHMiOlsic2xlLW1vZHVsZS1kZXNrdG9wLWFwcGxpY2F0aW9uczE1LXNwNy11cGRhdGVzLXg4Nl82NCJdfQ.Oxd6XmaWbVmA3Ie0WwlKkPnBkpgMFvaM4UlJBVE41tk HTTP/1.1" 404 -
172.16.3.7 - - [24/May/2026:06:27:48 +0200] "HEAD /rhn/manager/download/sle-module-desktop-applications15-sp7-updates-x86_64/repodata/repomd.xml?eyJhbGciOiJIUzI1NiJ9.eyJqdGkiOiJsSkFOVW5EN19qXzNNLXV5OFRKdmN3IiwiZXhwIjoxODExMTMyNzk3LCJpYXQiOjE3Nzk1OTY3OTcsIm5iZiI6MTc3OTU5NjY3Nywib3JnIjoxLCJvbmx5Q2hhbm5lbHMiOlsic2xlLW1vZHVsZS1kZXNrdG9wLWFwcGxpY2F0aW9uczE1LXNwNy11cGRhdGVzLXg4Nl82NCJdfQ.Oxd6XmaWbVmA3Ie0WwlKkPnBkpgMFvaM4UlJBVE41tk HTTP/1.1" 200 -
172.16.3.5 - - [24/May/2026:06:27:48 +0200] "POST /rhn/manager/frontend-log HTTP/1.1" 200 16
172.16.3.7 - - [24/May/2026:06:27:48 +0200] "GET /rhn/manager/download/sle-module-desktop-applications15-sp7-updates-x86_64/repodata/repomd.xml?eyJhbGciOiJIUzI1NiJ9.eyJqdGkiOiJsSkFOVW5EN19qXzNNLXV5OFRKdmN3IiwiZXhwIjoxODExMTMyNzk3LCJpYXQiOjE3Nzk1OTY3OTcsIm5iZiI6MTc3OTU5NjY3Nywib3JnIjoxLCJvbmx5Q2hhbm5lbHMiOlsic2xlLW1vZHVsZS1kZXNrdG9wLWFwcGxpY2F0aW9uczE1LXNwNy11cGRhdGVzLXg4Nl82NCJdfQ.Oxd6XmaWbVmA3Ie0WwlKkPnBkpgMFvaM4UlJBVE41tk HTTP/1.1" 200 3664
172.16.3.5 - - [24/May/2026:06:27:48 +0200] "POST /rhn/manager/frontend-log HTTP/1.1" 200 16
172.16.3.7 - - [24/May/2026:06:27:48 +0200] "HEAD /rhn/manager/download/sle-module-desktop-applications15-sp7-updates-x86_64/repodata/repomd.xml.asc?eyJhbGciOiJIUzI1NiJ9.eyJqdGkiOiJsSkFOVW5EN19qXzNNLXV5OFRKdmN3IiwiZXhwIjoxODExMTMyNzk3LCJpYXQiOjE3Nzk1OTY3OTcsIm5iZiI6MTc3OTU5NjY3Nywib3JnIjoxLCJvbmx5Q2hhbm5lbHMiOlsic2xlLW1vZHVsZS1kZXNrdG9wLWFwcGxpY2F0aW9uczE1LXNwNy11cGRhdGVzLXg4Nl82NCJdfQ.Oxd6XmaWbVmA3Ie0WwlKkPnBkpgMFvaM4UlJBVE41tk HTTP/1.1" 404 -
172.16.3.7 - - [24/May/2026:06:27:48 +0200] "HEAD /rhn/manager/download/sle-module-desktop-applications15-sp7-updates-x86_64/repodata/084bf7782fbbad5b35cccebaf88668e3158e721ae414eb0ed99e7e8bfafc3cf6-primary.xml.gz?eyJhbGciOiJIUzI1NiJ9.eyJqdGkiOiJsSkFOVW5EN19qXzNNLXV5OFRKdmN3IiwiZXhwIjoxODExMTMyNzk3LCJpYXQiOjE3Nzk1OTY3OTcsIm5iZiI6MTc3OTU5NjY3Nywib3JnIjoxLCJvbmx5Q2hhbm5lbHMiOlsic2xlLW1vZHVsZS1kZXNrdG9wLWFwcGxpY2F0aW9uczE1LXNwNy11cGRhdGVzLXg4Nl82NCJdfQ.Oxd6XmaWbVmA3Ie0WwlKkPnBkpgMFvaM4UlJBVE41tk HTTP/1.1" 200 -
172.16.3.7 - - [24/May/2026:06:27:48 +0200] "GET /rhn/manager/download/sle-module-desktop-applications15-sp7-updates-x86_64/repodata/084bf7782fbbad5b35cccebaf88668e3158e721ae414eb0ed99e7e8bfafc3cf6-primary.xml.gz?eyJhbGciOiJIUzI1NiJ9.eyJqdGkiOiJsSkFOVW5EN19qXzNNLXV5OFRKdmN3IiwiZXhwIjoxODExMTMyNzk3LCJpYXQiOjE3Nzk1OTY3OTcsIm5iZiI6MTc3OTU5NjY3Nywib3JnIjoxLCJvbmx5Q2hhbm5lbHMiOlsic2xlLW1vZHVsZS1kZXNrdG9wLWFwcGxpY2F0aW9uczE1LXNwNy11cGRhdGVzLXg4Nl82NCJdfQ.Oxd6XmaWbVmA3Ie0WwlKkPnBkpgMFvaM4UlJBVE41tk HTTP/1.1" 200 3664
172.16.3.5 - - [24/May/2026:06:27:48 +0200] "POST /rhn/manager/frontend-log HTTP/1.1" 200 16
127.0.0.1 - - [24/May/2026:06:27:48 +0200] "GET /rhn/websocket/notifications HTTP/1.1" 101 -
172.16.3.7 - - [24/May/2026:06:27:48 +0200] "HEAD /rhn/manager/download/sle-module-desktop-applications15-sp7-updates-x86_64/repodata/a64c75180a1f72f4430010343521561b316edae069c4c8b0e2bec75f10a27f16-susedata.xml.gz?eyJhbGciOiJIUzI1NiJ9.eyJqdGkiOiJsSkFOVW5EN19qXzNNLXV5OFRKdmN3IiwiZXhwIjoxODExMTMyNzk3LCJpYXQiOjE3Nzk1OTY3OTcsIm5iZiI6MTc3OTU5NjY3Nywib3JnIjoxLCJvbmx5Q2hhbm5lbHMiOlsic2xlLW1vZHVsZS1kZXNrdG9wLWFwcGxpY2F0aW9uczE1LXNwNy11cGRhdGVzLXg4Nl82NCJdfQ.Oxd6XmaWbVmA3Ie0WwlKkPnBkpgMFvaM4UlJBVE41tk HTTP/1.1" 200 -
172.16.3.7 - - [24/May/2026:06:27:48 +0200] "GET /rhn/manager/download/sle-module-desktop-applications15-sp7-updates-x86_64/repodata/a64c75180a1f72f4430010343521561b316edae069c4c8b0e2bec75f10a27f16-susedata.xml.gz?eyJhbGciOiJIUzI1NiJ9.eyJqdGkiOiJsSkFOVW5EN19qXzNNLXV5OFRKdmN3IiwiZXhwIjoxODExMTMyNzk3LCJpYXQiOjE3Nzk1OTY3OTcsIm5iZiI6MTc3OTU5NjY3Nywib3JnIjoxLCJvbmx5Q2hhbm5lbHMiOlsic2xlLW1vZHVsZS1kZXNrdG9wLWFwcGxpY2F0aW9uczE1LXNwNy11cGRhdGVzLXg4Nl82NCJdfQ.Oxd6XmaWbVmA3Ie0WwlKkPnBkpgMFvaM4UlJBVE41tk HTTP/1.1" 200 3664
172.16.3.7 - - [24/May/2026:06:27:48 +0200] "HEAD /rhn/manager/download/sle-module-desktop-applications15-sp7-updates-x86_64/repodata/afdacc564dd64fafedf9aff07c2ef96ae192e6da0a39ba4903cecfa0c691a696-updateinfo.xml.gz?eyJhbGciOiJIUzI1NiJ9.eyJqdGkiOiJsSkFOVW5EN19qXzNNLXV5OFRKdmN3IiwiZXhwIjoxODExMTMyNzk3LCJpYXQiOjE3Nzk1OTY3OTcsIm5iZiI6MTc3OTU5NjY3Nywib3JnIjoxLCJvbmx5Q2hhbm5lbHMiOlsic2xlLW1vZHVsZS1kZXNrdG9wLWFwcGxpY2F0aW9uczE1LXNwNy11cGRhdGVzLXg4Nl82NCJdfQ.Oxd6XmaWbVmA3Ie0WwlKkPnBkpgMFvaM4UlJBVE41tk HTTP/1.1" 200 -
172.16.3.7 - - [24/May/2026:06:27:48 +0200] "GET /rhn/manager/download/sle-module-desktop-applications15-sp7-updates-x86_64/repodata/afdacc564dd64fafedf9aff07c2ef96ae192e6da0a39ba4903cecfa0c691a696-updateinfo.xml.gz?eyJhbGciOiJIUzI1NiJ9.eyJqdGkiOiJsSkFOVW5EN19qXzNNLXV5OFRKdmN3IiwiZXhwIjoxODExMTMyNzk3LCJpYXQiOjE3Nzk1OTY3OTcsIm5iZiI6MTc3OTU5NjY3Nywib3JnIjoxLCJvbmx5Q2hhbm5lbHMiOlsic2xlLW1vZHVsZS1kZXNrdG9wLWFwcGxpY2F0aW9uczE1LXNwNy11cGRhdGVzLXg4Nl82NCJdfQ.Oxd6XmaWbVmA3Ie0WwlKkPnBkpgMFvaM4UlJBVE41tk HTTP/1.1" 200 3664
172.16.3.7 - - [24/May/2026:06:27:49 +0200] "HEAD /rhn/manager/download/sle-module-devtools15-sp7-updates-x86_64/repodata/repomd.xml?eyJhbGciOiJIUzI1NiJ9.eyJqdGkiOiJaVUc1b05oU1ZzaDRyR0Ytb1dhaXRnIiwiZXhwIjoxODExMTMyNzk3LCJpYXQiOjE3Nzk1OTY3OTcsIm5iZiI6MTc3OTU5NjY3Nywib3JnIjoxLCJvbmx5Q2hhbm5lbHMiOlsic2xlLW1vZHVsZS1kZXZ0b29sczE1LXNwNy11cGRhdGVzLXg4Nl82NCJdfQ.QxkZg-SvvmBmPXq5D6jfAZnw-KSYveH2AcZ7Sz-TqvQ HTTP/1.1" 200 -
172.16.3.7 - - [24/May/2026:06:27:49 +0200] "HEAD /rhn/manager/download/sle-module-devtools15-sp7-updates-x86_64/media.1/media?eyJhbGciOiJIUzI1NiJ9.eyJqdGkiOiJaVUc1b05oU1ZzaDRyR0Ytb1dhaXRnIiwiZXhwIjoxODExMTMyNzk3LCJpYXQiOjE3Nzk1OTY3OTcsIm5iZiI6MTc3OTU5NjY3Nywib3JnIjoxLCJvbmx5Q2hhbm5lbHMiOlsic2xlLW1vZHVsZS1kZXZ0b29sczE1LXNwNy11cGRhdGVzLXg4Nl82NCJdfQ.QxkZg-SvvmBmPXq5D6jfAZnw-KSYveH2AcZ7Sz-TqvQ HTTP/1.1" 404 -
172.16.3.7 - - [24/May/2026:06:27:49 +0200] "HEAD /rhn/manager/download/sle-module-devtools15-sp7-updates-x86_64/repodata/repomd.xml?eyJhbGciOiJIUzI1NiJ9.eyJqdGkiOiJaVUc1b05oU1ZzaDRyR0Ytb1dhaXRnIiwiZXhwIjoxODExMTMyNzk3LCJpYXQiOjE3Nzk1OTY3OTcsIm5iZiI6MTc3OTU5NjY3Nywib3JnIjoxLCJvbmx5Q2hhbm5lbHMiOlsic2xlLW1vZHVsZS1kZXZ0b29sczE1LXNwNy11cGRhdGVzLXg4Nl82NCJdfQ.QxkZg-SvvmBmPXq5D6jfAZnw-KSYveH2AcZ7Sz-TqvQ HTTP/1.1" 200 -
172.16.3.7 - - [24/May/2026:06:27:49 +0200] "GET /rhn/manager/download/sle-module-devtools15-sp7-updates-x86_64/repodata/repomd.xml?eyJhbGciOiJIUzI1NiJ9.eyJqdGkiOiJaVUc1b05oU1ZzaDRyR0Ytb1dhaXRnIiwiZXhwIjoxODExMTMyNzk3LCJpYXQiOjE3Nzk1OTY3OTcsIm5iZiI6MTc3OTU5NjY3Nywib3JnIjoxLCJvbmx5Q2hhbm5lbHMiOlsic2xlLW1vZHVsZS1kZXZ0b29sczE1LXNwNy11cGRhdGVzLXg4Nl82NCJdfQ.QxkZg-SvvmBmPXq5D6jfAZnw-KSYveH2AcZ7Sz-TqvQ HTTP/1.1" 200 3663
172.16.3.7 - - [24/May/2026:06:27:49 +0200] "HEAD /rhn/manager/download/sle-module-devtools15-sp7-updates-x86_64/repodata/repomd.xml.asc?eyJhbGciOiJIUzI1NiJ9.eyJqdGkiOiJaVUc1b05oU1ZzaDRyR0Ytb1dhaXRnIiwiZXhwIjoxODExMTMyNzk3LCJpYXQiOjE3Nzk1OTY3OTcsIm5iZiI6MTc3OTU5NjY3Nywib3JnIjoxLCJvbmx5Q2hhbm5lbHMiOlsic2xlLW1vZHVsZS1kZXZ0b29sczE1LXNwNy11cGRhdGVzLXg4Nl82NCJdfQ.QxkZg-SvvmBmPXq5D6jfAZnw-KSYveH2AcZ7Sz-TqvQ HTTP/1.1" 404 -
172.16.3.7 - - [24/May/2026:06:27:49 +0200] "HEAD /rhn/manager/download/sle-module-devtools15-sp7-updates-x86_64/repodata/5ad741d97f62af7840a11488cc4e4aa7926706cb5eb215694987caf8883200b9-primary.xml.gz?eyJhbGciOiJIUzI1NiJ9.eyJqdGkiOiJaVUc1b05oU1ZzaDRyR0Ytb1dhaXRnIiwiZXhwIjoxODExMTMyNzk3LCJpYXQiOjE3Nzk1OTY3OTcsIm5iZiI6MTc3OTU5NjY3Nywib3JnIjoxLCJvbmx5Q2hhbm5lbHMiOlsic2xlLW1vZHVsZS1kZXZ0b29sczE1LXNwNy11cGRhdGVzLXg4Nl82NCJdfQ.QxkZg-SvvmBmPXq5D6jfAZnw-KSYveH2AcZ7Sz-TqvQ HTTP/1.1" 200 -
172.16.3.7 - - [24/May/2026:06:27:49 +0200] "GET /rhn/manager/download/sle-module-devtools15-sp7-updates-x86_64/repodata/5ad741d97f62af7840a11488cc4e4aa7926706cb5eb215694987caf8883200b9-primary.xml.gz?eyJhbGciOiJIUzI1NiJ9.eyJqdGkiOiJaVUc1b05oU1ZzaDRyR0Ytb1dhaXRnIiwiZXhwIjoxODExMTMyNzk3LCJpYXQiOjE3Nzk1OTY3OTcsIm5iZiI6MTc3OTU5NjY3Nywib3JnIjoxLCJvbmx5Q2hhbm5lbHMiOlsic2xlLW1vZHVsZS1kZXZ0b29sczE1LXNwNy11cGRhdGVzLXg4Nl82NCJdfQ.QxkZg-SvvmBmPXq5D6jfAZnw-KSYveH2AcZ7Sz-TqvQ HTTP/1.1" 200 3664
172.16.3.7 - - [24/May/2026:06:27:49 +0200] "HEAD /rhn/manager/download/sle-module-devtools15-sp7-updates-x86_64/repodata/b176b859898e68f02974cef6e47a7c8187ad2179f51f4c0c639ac4e7b4d204ce-susedata.xml.gz?eyJhbGciOiJIUzI1NiJ9.eyJqdGkiOiJaVUc1b05oU1ZzaDRyR0Ytb1dhaXRnIiwiZXhwIjoxODExMTMyNzk3LCJpYXQiOjE3Nzk1OTY3OTcsIm5iZiI6MTc3OTU5NjY3Nywib3JnIjoxLCJvbmx5Q2hhbm5lbHMiOlsic2xlLW1vZHVsZS1kZXZ0b29sczE1LXNwNy11cGRhdGVzLXg4Nl82NCJdfQ.QxkZg-SvvmBmPXq5D6jfAZnw-KSYveH2AcZ7Sz-TqvQ HTTP/1.1" 200 -
172.16.3.7 - - [24/May/2026:06:27:49 +0200] "GET /rhn/manager/download/sle-module-devtools15-sp7-updates-x86_64/repodata/b176b859898e68f02974cef6e47a7c8187ad2179f51f4c0c639ac4e7b4d204ce-susedata.xml.gz?eyJhbGciOiJIUzI1NiJ9.eyJqdGkiOiJaVUc1b05oU1ZzaDRyR0Ytb1dhaXRnIiwiZXhwIjoxODExMTMyNzk3LCJpYXQiOjE3Nzk1OTY3OTcsIm5iZiI6MTc3OTU5NjY3Nywib3JnIjoxLCJvbmx5Q2hhbm5lbHMiOlsic2xlLW1vZHVsZS1kZXZ0b29sczE1LXNwNy11cGRhdGVzLXg4Nl82NCJdfQ.QxkZg-SvvmBmPXq5D6jfAZnw-KSYveH2AcZ7Sz-TqvQ HTTP/1.1" 200 3664
172.16.3.7 - - [24/May/2026:06:27:49 +0200] "HEAD /rhn/manager/download/sle-module-devtools15-sp7-updates-x86_64/repodata/650a6a579e01afbf8c0fcb11476da16d7775faf2e314a98f560fd3a58cb42f19-updateinfo.xml.gz?eyJhbGciOiJIUzI1NiJ9.eyJqdGkiOiJaVUc1b05oU1ZzaDRyR0Ytb1dhaXRnIiwiZXhwIjoxODExMTMyNzk3LCJpYXQiOjE3Nzk1OTY3OTcsIm5iZiI6MTc3OTU5NjY3Nywib3JnIjoxLCJvbmx5Q2hhbm5lbHMiOlsic2xlLW1vZHVsZS1kZXZ0b29sczE1LXNwNy11cGRhdGVzLXg4Nl82NCJdfQ.QxkZg-SvvmBmPXq5D6jfAZnw-KSYveH2AcZ7Sz-TqvQ HTTP/1.1" 200 -
172.16.3.7 - - [24/May/2026:06:27:49 +0200] "GET /rhn/manager/download/sle-module-devtools15-sp7-updates-x86_64/repodata/650a6a579e01afbf8c0fcb11476da16d7775faf2e314a98f560fd3a58cb42f19-updateinfo.xml.gz?eyJhbGciOiJIUzI1NiJ9.eyJqdGkiOiJaVUc1b05oU1ZzaDRyR0Ytb1dhaXRnIiwiZXhwIjoxODExMTMyNzk3LCJpYXQiOjE3Nzk1OTY3OTcsIm5iZiI6MTc3OTU5NjY3Nywib3JnIjoxLCJvbmx5Q2hhbm5lbHMiOlsic2xlLW1vZHVsZS1kZXZ0b29sczE1LXNwNy11cGRhdGVzLXg4Nl82NCJdfQ.QxkZg-SvvmBmPXq5D6jfAZnw-KSYveH2AcZ7Sz-TqvQ HTTP/1.1" 200 3664
172.16.3.5 - - [24/May/2026:06:27:49 +0200] "GET /rhn/systems/details/ProxyClients.do?sid=1000010000& HTTP/1.1" 200 57990
172.16.3.7 - - [24/May/2026:06:27:49 +0200] "HEAD /rhn/manager/download/sle-module-python3-15-sp7-updates-x86_64/repodata/repomd.xml?eyJhbGciOiJIUzI1NiJ9.eyJqdGkiOiJKUmR4TTMtalJsNUstWHpXVXRYc09BIiwiZXhwIjoxODExMTMyNzk3LCJpYXQiOjE3Nzk1OTY3OTcsIm5iZiI6MTc3OTU5NjY3Nywib3JnIjoxLCJvbmx5Q2hhbm5lbHMiOlsic2xlLW1vZHVsZS1weXRob24zLTE1LXNwNy11cGRhdGVzLXg4Nl82NCJdfQ.vqFzxdL90RE-lSSWwYRg7srvY_A5stAYJlHaEweybgw HTTP/1.1" 200 -
172.16.3.5 - - [24/May/2026:06:27:49 +0200] "GET /rhn/systems/details/history/Pending.do?sid=1000010004& HTTP/1.1" 200 40244
172.16.3.7 - - [24/May/2026:06:27:49 +0200] "HEAD /rhn/manager/download/sle-module-python3-15-sp7-updates-x86_64/media.1/media?eyJhbGciOiJIUzI1NiJ9.eyJqdGkiOiJKUmR4TTMtalJsNUstWHpXVXRYc09BIiwiZXhwIjoxODExMTMyNzk3LCJpYXQiOjE3Nzk1OTY3OTcsIm5iZiI6MTc3OTU5NjY3Nywib3JnIjoxLCJvbmx5Q2hhbm5lbHMiOlsic2xlLW1vZHVsZS1weXRob24zLTE1LXNwNy11cGRhdGVzLXg4Nl82NCJdfQ.vqFzxdL90RE-lSSWwYRg7srvY_A5stAYJlHaEweybgw HTTP/1.1" 404 -
172.16.3.7 - - [24/May/2026:06:27:49 +0200] "HEAD /rhn/manager/download/sle-module-python3-15-sp7-updates-x86_64/repodata/repomd.xml?eyJhbGciOiJIUzI1NiJ9.eyJqdGkiOiJKUmR4TTMtalJsNUstWHpXVXRYc09BIiwiZXhwIjoxODExMTMyNzk3LCJpYXQiOjE3Nzk1OTY3OTcsIm5iZiI6MTc3OTU5NjY3Nywib3JnIjoxLCJvbmx5Q2hhbm5lbHMiOlsic2xlLW1vZHVsZS1weXRob24zLTE1LXNwNy11cGRhdGVzLXg4Nl82NCJdfQ.vqFzxdL90RE-lSSWwYRg7srvY_A5stAYJlHaEweybgw HTTP/1.1" 200 -
172.16.3.7 - - [24/May/2026:06:27:50 +0200] "GET /rhn/manager/download/sle-module-python3-15-sp7-updates-x86_64/repodata/repomd.xml?eyJhbGciOiJIUzI1NiJ9.eyJqdGkiOiJKUmR4TTMtalJsNUstWHpXVXRYc09BIiwiZXhwIjoxODExMTMyNzk3LCJpYXQiOjE3Nzk1OTY3OTcsIm5iZiI6MTc3OTU5NjY3Nywib3JnIjoxLCJvbmx5Q2hhbm5lbHMiOlsic2xlLW1vZHVsZS1weXRob24zLTE1LXNwNy11cGRhdGVzLXg4Nl82NCJdfQ.vqFzxdL90RE-lSSWwYRg7srvY_A5stAYJlHaEweybgw HTTP/1.1" 200 3664
172.16.3.7 - - [24/May/2026:06:27:50 +0200] "HEAD /rhn/manager/download/sle-module-python3-15-sp7-updates-x86_64/repodata/repomd.xml.asc?eyJhbGciOiJIUzI1NiJ9.eyJqdGkiOiJKUmR4TTMtalJsNUstWHpXVXRYc09BIiwiZXhwIjoxODExMTMyNzk3LCJpYXQiOjE3Nzk1OTY3OTcsIm5iZiI6MTc3OTU5NjY3Nywib3JnIjoxLCJvbmx5Q2hhbm5lbHMiOlsic2xlLW1vZHVsZS1weXRob24zLTE1LXNwNy11cGRhdGVzLXg4Nl82NCJdfQ.vqFzxdL90RE-lSSWwYRg7srvY_A5stAYJlHaEweybgw HTTP/1.1" 404 -
172.16.3.7 - - [24/May/2026:06:27:50 +0200] "HEAD /rhn/manager/download/sle-module-python3-15-sp7-updates-x86_64/repodata/3ddfeaf32582388bea12d6b33e99464ef673422681ca0898421bdbc08970056b-primary.xml.gz?eyJhbGciOiJIUzI1NiJ9.eyJqdGkiOiJKUmR4TTMtalJsNUstWHpXVXRYc09BIiwiZXhwIjoxODExMTMyNzk3LCJpYXQiOjE3Nzk1OTY3OTcsIm5iZiI6MTc3OTU5NjY3Nywib3JnIjoxLCJvbmx5Q2hhbm5lbHMiOlsic2xlLW1vZHVsZS1weXRob24zLTE1LXNwNy11cGRhdGVzLXg4Nl82NCJdfQ.vqFzxdL90RE-lSSWwYRg7srvY_A5stAYJlHaEweybgw HTTP/1.1" 200 -
127.0.0.1 - - [24/May/2026:06:27:50 +0200] "GET /rhn/websocket/notifications HTTP/1.1" 101 -
172.16.3.7 - - [24/May/2026:06:27:50 +0200] "GET /rhn/manager/download/sle-module-python3-15-sp7-updates-x86_64/repodata/3ddfeaf32582388bea12d6b33e99464ef673422681ca0898421bdbc08970056b-primary.xml.gz?eyJhbGciOiJIUzI1NiJ9.eyJqdGkiOiJKUmR4TTMtalJsNUstWHpXVXRYc09BIiwiZXhwIjoxODExMTMyNzk3LCJpYXQiOjE3Nzk1OTY3OTcsIm5iZiI6MTc3OTU5NjY3Nywib3JnIjoxLCJvbmx5Q2hhbm5lbHMiOlsic2xlLW1vZHVsZS1weXRob24zLTE1LXNwNy11cGRhdGVzLXg4Nl82NCJdfQ.vqFzxdL90RE-lSSWwYRg7srvY_A5stAYJlHaEweybgw HTTP/1.1" 200 3664
172.16.3.5 - - [24/May/2026:06:27:50 +0200] "POST /rhn/manager/frontend-log HTTP/1.1" 200 16
172.16.3.7 - - [24/May/2026:06:27:50 +0200] "HEAD /rhn/manager/download/sle-module-python3-15-sp7-updates-x86_64/repodata/dafb33f9e82a8633faf3dd21d284f9616870b750bffe8231b2b8408d50d0406a-susedata.xml.gz?eyJhbGciOiJIUzI1NiJ9.eyJqdGkiOiJKUmR4TTMtalJsNUstWHpXVXRYc09BIiwiZXhwIjoxODExMTMyNzk3LCJpYXQiOjE3Nzk1OTY3OTcsIm5iZiI6MTc3OTU5NjY3Nywib3JnIjoxLCJvbmx5Q2hhbm5lbHMiOlsic2xlLW1vZHVsZS1weXRob24zLTE1LXNwNy11cGRhdGVzLXg4Nl82NCJdfQ.vqFzxdL90RE-lSSWwYRg7srvY_A5stAYJlHaEweybgw HTTP/1.1" 200 -
172.16.3.5 - - [24/May/2026:06:27:50 +0200] "GET /rhn/systems/details/history/Event.do?sid=1000010003&aid=15 HTTP/1.1" 200 40519
172.16.3.7 - - [24/May/2026:06:27:50 +0200] "GET /rhn/manager/download/sle-module-python3-15-sp7-updates-x86_64/repodata/dafb33f9e82a8633faf3dd21d284f9616870b750bffe8231b2b8408d50d0406a-susedata.xml.gz?eyJhbGciOiJIUzI1NiJ9.eyJqdGkiOiJKUmR4TTMtalJsNUstWHpXVXRYc09BIiwiZXhwIjoxODExMTMyNzk3LCJpYXQiOjE3Nzk1OTY3OTcsIm5iZiI6MTc3OTU5NjY3Nywib3JnIjoxLCJvbmx5Q2hhbm5lbHMiOlsic2xlLW1vZHVsZS1weXRob24zLTE1LXNwNy11cGRhdGVzLXg4Nl82NCJdfQ.vqFzxdL90RE-lSSWwYRg7srvY_A5stAYJlHaEweybgw HTTP/1.1" 200 3664
172.16.3.5 - - [24/May/2026:06:27:50 +0200] "POST /rhn/manager/frontend-log HTTP/1.1" 200 16
172.16.3.5 - - [24/May/2026:06:27:50 +0200] "POST /rhn/manager/frontend-log HTTP/1.1" 200 16
172.16.3.7 - - [24/May/2026:06:27:50 +0200] "HEAD /rhn/manager/download/sle-module-python3-15-sp7-updates-x86_64/repodata/249e3bb5e047f22cc5afae6debe7a20e864be32a268364fe77b92e00b5a4e4b1-updateinfo.xml.gz?eyJhbGciOiJIUzI1NiJ9.eyJqdGkiOiJKUmR4TTMtalJsNUstWHpXVXRYc09BIiwiZXhwIjoxODExMTMyNzk3LCJpYXQiOjE3Nzk1OTY3OTcsIm5iZiI6MTc3OTU5NjY3Nywib3JnIjoxLCJvbmx5Q2hhbm5lbHMiOlsic2xlLW1vZHVsZS1weXRob24zLTE1LXNwNy11cGRhdGVzLXg4Nl82NCJdfQ.vqFzxdL90RE-lSSWwYRg7srvY_A5stAYJlHaEweybgw HTTP/1.1" 200 -
172.16.3.7 - - [24/May/2026:06:27:50 +0200] "GET /rhn/manager/download/sle-module-python3-15-sp7-updates-x86_64/repodata/249e3bb5e047f22cc5afae6debe7a20e864be32a268364fe77b92e00b5a4e4b1-updateinfo.xml.gz?eyJhbGciOiJIUzI1NiJ9.eyJqdGkiOiJKUmR4TTMtalJsNUstWHpXVXRYc09BIiwiZXhwIjoxODExMTMyNzk3LCJpYXQiOjE3Nzk1OTY3OTcsIm5iZiI6MTc3OTU5NjY3Nywib3JnIjoxLCJvbmx5Q2hhbm5lbHMiOlsic2xlLW1vZHVsZS1weXRob24zLTE1LXNwNy11cGRhdGVzLXg4Nl82NCJdfQ.vqFzxdL90RE-lSSWwYRg7srvY_A5stAYJlHaEweybgw HTTP/1.1" 200 3664
127.0.0.1 - - [24/May/2026:06:27:50 +0200] "GET /rhn/websocket/notifications HTTP/1.1" 101 -
172.16.3.7 - - [24/May/2026:06:27:50 +0200] "HEAD /rhn/manager/download/sle-module-server-applications15-sp7-updates-x86_64/repodata/repomd.xml?eyJhbGciOiJIUzI1NiJ9.eyJqdGkiOiJta0xIM210WnB2ODNYaFJ2VUllN2FnIiwiZXhwIjoxODExMTMyNzk3LCJpYXQiOjE3Nzk1OTY3OTcsIm5iZiI6MTc3OTU5NjY3Nywib3JnIjoxLCJvbmx5Q2hhbm5lbHMiOlsic2xlLW1vZHVsZS1zZXJ2ZXItYXBwbGljYXRpb25zMTUtc3A3LXVwZGF0ZXMteDg2XzY0Il19.XHfAgvw8MPNKbvcnnTBpClRb56eg9figU2Gwd_qoLHA HTTP/1.1" 200 -
127.0.0.1 - - [24/May/2026:06:27:50 +0200] "GET /rhn/websocket/notifications HTTP/1.1" 101 -
172.16.3.5 - - [24/May/2026:06:27:51 +0200] "POST /rhn/manager/api/auth/login HTTP/1.1" 200 16
172.16.3.7 - - [24/May/2026:06:27:51 +0200] "HEAD /rhn/manager/download/sle-module-server-applications15-sp7-updates-x86_64/media.1/media?eyJhbGciOiJIUzI1NiJ9.eyJqdGkiOiJta0xIM210WnB2ODNYaFJ2VUllN2FnIiwiZXhwIjoxODExMTMyNzk3LCJpYXQiOjE3Nzk1OTY3OTcsIm5iZiI6MTc3OTU5NjY3Nywib3JnIjoxLCJvbmx5Q2hhbm5lbHMiOlsic2xlLW1vZHVsZS1zZXJ2ZXItYXBwbGljYXRpb25zMTUtc3A3LXVwZGF0ZXMteDg2XzY0Il19.XHfAgvw8MPNKbvcnnTBpClRb56eg9figU2Gwd_qoLHA HTTP/1.1" 404 -
172.16.3.5 - - [24/May/2026:06:27:51 +0200] "POST /rhn/manager/frontend-log HTTP/1.1" 200 16
