::1 - - [24/May/2026:05:01:26 +0200] "POST /rhn/rpc/api HTTP/1.1" 200 138
::1 - - [24/May/2026:05:01:26 +0200] "POST /rhn/rpc/api HTTP/1.1" 200 138
::1 - - [24/May/2026:05:01:26 +0200] "POST /rhn/rpc/api HTTP/1.1" 200 138
::1 - - [24/May/2026:05:01:26 +0200] "POST /rhn/rpc/api HTTP/1.1" 200 138
::1 - - [24/May/2026:05:01:26 +0200] "POST /rhn/rpc/api HTTP/1.1" 200 138
::1 - - [24/May/2026:05:01:26 +0200] "POST /rhn/rpc/api HTTP/1.1" 200 138
::1 - - [24/May/2026:05:01:26 +0200] "POST /rhn/rpc/api HTTP/1.1" 200 138
::1 - - [24/May/2026:05:01:27 +0200] "POST /rhn/rpc/api HTTP/1.1" 200 138
::1 - - [24/May/2026:05:01:27 +0200] "POST /rhn/rpc/api HTTP/1.1" 200 138
::1 - - [24/May/2026:05:01:27 +0200] "POST /rhn/rpc/api HTTP/1.1" 200 138
::1 - - [24/May/2026:05:01:27 +0200] "POST /rhn/rpc/api HTTP/1.1" 200 138
::1 - - [24/May/2026:05:01:27 +0200] "POST /rhn/rpc/api HTTP/1.1" 200 138
::1 - - [24/May/2026:05:01:27 +0200] "POST /rhn/rpc/api HTTP/1.1" 200 138
::1 - - [24/May/2026:05:01:28 +0200] "POST /rhn/rpc/api HTTP/1.1" 200 138
::1 - - [24/May/2026:05:01:28 +0200] "POST /rhn/rpc/api HTTP/1.1" 200 138
::1 - - [24/May/2026:05:01:28 +0200] "POST /rhn/rpc/api HTTP/1.1" 200 138
::1 - - [24/May/2026:05:01:28 +0200] "POST /rhn/rpc/api HTTP/1.1" 200 138
::1 - - [24/May/2026:05:01:28 +0200] "POST /rhn/rpc/api HTTP/1.1" 200 138
::1 - - [24/May/2026:05:01:28 +0200] "POST /rhn/rpc/api HTTP/1.1" 200 138
::1 - - [24/May/2026:05:01:28 +0200] "POST /rhn/rpc/api HTTP/1.1" 200 138
::1 - - [24/May/2026:05:01:28 +0200] "POST /rhn/rpc/api HTTP/1.1" 200 138
::1 - - [24/May/2026:05:01:28 +0200] "POST /rhn/rpc/api HTTP/1.1" 200 138
::1 - - [24/May/2026:05:01:29 +0200] "POST /rhn/rpc/api HTTP/1.1" 200 138
::1 - - [24/May/2026:05:01:29 +0200] "POST /rhn/rpc/api HTTP/1.1" 200 138
::1 - - [24/May/2026:05:01:29 +0200] "POST /rhn/rpc/api HTTP/1.1" 200 138
::1 - - [24/May/2026:05:01:29 +0200] "POST /rhn/rpc/api HTTP/1.1" 200 138
::1 - - [24/May/2026:05:01:29 +0200] "POST /rhn/rpc/api HTTP/1.1" 200 138
::1 - - [24/May/2026:05:01:29 +0200] "POST /rhn/rpc/api HTTP/1.1" 200 138
::1 - - [24/May/2026:05:01:29 +0200] "POST /rhn/rpc/api HTTP/1.1" 200 138
::1 - - [24/May/2026:05:01:29 +0200] "POST /rhn/rpc/api HTTP/1.1" 200 138
::1 - - [24/May/2026:05:01:29 +0200] "POST /rhn/rpc/api HTTP/1.1" 200 138
::1 - - [24/May/2026:05:01:30 +0200] "POST /rhn/rpc/api HTTP/1.1" 200 138
::1 - - [24/May/2026:05:01:30 +0200] "POST /rhn/rpc/api HTTP/1.1" 200 1313
::1 - - [24/May/2026:05:01:30 +0200] "POST /rhn/rpc/api HTTP/1.1" 200 138
::1 - - [24/May/2026:05:01:30 +0200] "POST /rhn/rpc/api HTTP/1.1" 200 2725
::1 - - [24/May/2026:05:01:30 +0200] "POST /rhn/rpc/api HTTP/1.1" 200 422
::1 - - [24/May/2026:05:01:30 +0200] "POST /rhn/rpc/api HTTP/1.1" 200 1313
::1 - - [24/May/2026:05:01:30 +0200] "POST /rhn/rpc/api HTTP/1.1" 200 128
::1 - - [24/May/2026:05:01:36 +0200] "POST /rhn/rpc/api HTTP/1.1" 200 202
::1 - - [24/May/2026:05:01:36 +0200] "POST /rhn/rpc/api HTTP/1.1" 200 1176
::1 - - [24/May/2026:05:01:36 +0200] "POST /rhn/rpc/api HTTP/1.1" 200 138
::1 - - [24/May/2026:05:01:36 +0200] "POST /rhn/rpc/api HTTP/1.1" 200 138
::1 - - [24/May/2026:05:01:36 +0200] "POST /rhn/rpc/api HTTP/1.1" 200 138
::1 - - [24/May/2026:05:01:36 +0200] "POST /rhn/rpc/api HTTP/1.1" 200 138
::1 - - [24/May/2026:05:01:36 +0200] "POST /rhn/rpc/api HTTP/1.1" 200 138
::1 - - [24/May/2026:05:01:36 +0200] "POST /rhn/rpc/api HTTP/1.1" 200 138
::1 - - [24/May/2026:05:01:37 +0200] "POST /rhn/rpc/api HTTP/1.1" 200 138
::1 - - [24/May/2026:05:01:37 +0200] "POST /rhn/rpc/api HTTP/1.1" 200 138
::1 - - [24/May/2026:05:01:37 +0200] "POST /rhn/rpc/api HTTP/1.1" 200 138
::1 - - [24/May/2026:05:01:37 +0200] "POST /rhn/rpc/api HTTP/1.1" 200 138
::1 - - [24/May/2026:05:01:37 +0200] "POST /rhn/rpc/api HTTP/1.1" 200 138
::1 - - [24/May/2026:05:01:37 +0200] "POST /rhn/rpc/api HTTP/1.1" 200 138
::1 - - [24/May/2026:05:01:37 +0200] "POST /rhn/rpc/api HTTP/1.1" 200 138
::1 - - [24/May/2026:05:01:37 +0200] "POST /rhn/rpc/api HTTP/1.1" 200 138
::1 - - [24/May/2026:05:01:37 +0200] "POST /rhn/rpc/api HTTP/1.1" 200 138
::1 - - [24/May/2026:05:01:37 +0200] "POST /rhn/rpc/api HTTP/1.1" 200 138
::1 - - [24/May/2026:05:01:38 +0200] "POST /rhn/rpc/api HTTP/1.1" 200 138
::1 - - [24/May/2026:05:01:38 +0200] "POST /rhn/rpc/api HTTP/1.1" 200 138
::1 - - [24/May/2026:05:01:38 +0200] "POST /rhn/rpc/api HTTP/1.1" 200 138
::1 - - [24/May/2026:05:01:38 +0200] "POST /rhn/rpc/api HTTP/1.1" 200 138
::1 - - [24/May/2026:05:01:38 +0200] "POST /rhn/rpc/api HTTP/1.1" 200 138
::1 - - [24/May/2026:05:01:38 +0200] "POST /rhn/rpc/api HTTP/1.1" 200 138
::1 - - [24/May/2026:05:01:38 +0200] "POST /rhn/rpc/api HTTP/1.1" 200 138
::1 - - [24/May/2026:05:01:38 +0200] "POST /rhn/rpc/api HTTP/1.1" 200 138
::1 - - [24/May/2026:05:01:38 +0200] "POST /rhn/rpc/api HTTP/1.1" 200 138
::1 - - [24/May/2026:05:01:38 +0200] "POST /rhn/rpc/api HTTP/1.1" 200 138
::1 - - [24/May/2026:05:01:39 +0200] "POST /rhn/rpc/api HTTP/1.1" 200 138
::1 - - [24/May/2026:05:01:39 +0200] "POST /rhn/rpc/api HTTP/1.1" 200 138
::1 - - [24/May/2026:05:01:39 +0200] "POST /rhn/rpc/api HTTP/1.1" 200 138
::1 - - [24/May/2026:05:01:39 +0200] "POST /rhn/rpc/api HTTP/1.1" 200 138
::1 - - [24/May/2026:05:01:39 +0200] "POST /rhn/rpc/api HTTP/1.1" 200 138
::1 - - [24/May/2026:05:01:39 +0200] "POST /rhn/rpc/api HTTP/1.1" 200 138
::1 - - [24/May/2026:05:01:39 +0200] "POST /rhn/rpc/api HTTP/1.1" 200 138
::1 - - [24/May/2026:05:01:39 +0200] "POST /rhn/rpc/api HTTP/1.1" 200 138
::1 - - [24/May/2026:05:01:39 +0200] "POST /rhn/rpc/api HTTP/1.1" 200 138
::1 - - [24/May/2026:05:01:40 +0200] "POST /rhn/rpc/api HTTP/1.1" 200 138
::1 - - [24/May/2026:05:01:40 +0200] "POST /rhn/rpc/api HTTP/1.1" 200 138
::1 - - [24/May/2026:05:01:40 +0200] "POST /rhn/rpc/api HTTP/1.1" 200 138
::1 - - [24/May/2026:05:01:41 +0200] "POST /rhn/rpc/api HTTP/1.1" 200 138
::1 - - [24/May/2026:05:01:41 +0200] "POST /rhn/rpc/api HTTP/1.1" 200 138
::1 - - [24/May/2026:05:01:41 +0200] "POST /rhn/rpc/api HTTP/1.1" 200 138
::1 - - [24/May/2026:05:01:41 +0200] "POST /rhn/rpc/api HTTP/1.1" 200 138
::1 - - [24/May/2026:05:01:41 +0200] "POST /rhn/rpc/api HTTP/1.1" 200 138
::1 - - [24/May/2026:05:01:41 +0200] "POST /rhn/rpc/api HTTP/1.1" 200 138
::1 - - [24/May/2026:05:01:41 +0200] "POST /rhn/rpc/api HTTP/1.1" 200 138
::1 - - [24/May/2026:05:01:41 +0200] "POST /rhn/rpc/api HTTP/1.1" 200 1313
::1 - - [24/May/2026:05:01:41 +0200] "POST /rhn/rpc/api HTTP/1.1" 200 138
::1 - - [24/May/2026:05:01:42 +0200] "POST /rhn/rpc/api HTTP/1.1" 200 2725
::1 - - [24/May/2026:05:01:42 +0200] "POST /rhn/rpc/api HTTP/1.1" 200 128
::1 - - [24/May/2026:05:01:42 +0200] "POST /rhn/rpc/api HTTP/1.1" 200 774
::1 - - [24/May/2026:05:01:42 +0200] "POST /rhn/rpc/api HTTP/1.1" 200 2817
::1 - - [24/May/2026:05:01:42 +0200] "POST /rhn/rpc/api HTTP/1.1" 200 128
::1 - - [24/May/2026:05:01:42 +0200] "POST /rhn/rpc/api HTTP/1.1" 200 1736
::1 - - [24/May/2026:05:01:42 +0200] "POST /rhn/rpc/api HTTP/1.1" 200 128
172.16.3.5 - - [24/May/2026:05:01:58 +0200] "GET /rhn/manager/login HTTP/1.1" 302 -
172.16.3.5 - - [24/May/2026:05:01:58 +0200] "GET /rhn/YourRhn.do HTTP/1.1" 200 38966
172.16.3.5 - - [24/May/2026:05:01:58 +0200] "POST /rhn/manager/frontend-log HTTP/1.1" 200 16
127.0.0.1 - - [24/May/2026:05:01:58 +0200] "GET /rhn/websocket/notifications HTTP/1.1" 101 -
172.16.3.5 - - [24/May/2026:05:01:58 +0200] "POST /rhn/ajax/pending-actions HTTP/1.1" 200 636
172.16.3.5 - - [24/May/2026:05:01:58 +0200] "POST /rhn/ajax/inactive-systems HTTP/1.1" 200 540
172.16.3.5 - - [24/May/2026:05:01:58 +0200] "POST /rhn/ajax/critical-systems HTTP/1.1" 200 2025
172.16.3.5 - - [24/May/2026:05:01:58 +0200] "POST /rhn/ajax/tasks HTTP/1.1" 200 2232
172.16.3.5 - - [24/May/2026:05:01:58 +0200] "POST /rhn/ajax/systems-groups HTTP/1.1" 200 1490
172.16.3.5 - - [24/May/2026:05:01:58 +0200] "POST /rhn/ajax/disk-check-warning HTTP/1.1" 200 -
172.16.3.5 - - [24/May/2026:05:01:58 +0200] "POST /rhn/ajax/subscription-warning HTTP/1.1" 200 -
172.16.3.5 - - [24/May/2026:05:01:58 +0200] "POST /rhn/ajax/recent-systems HTTP/1.1" 200 2058
172.16.3.5 - - [24/May/2026:05:01:58 +0200] "POST /rhn/manager/frontend-log HTTP/1.1" 200 16
172.16.3.5 - - [24/May/2026:05:01:58 +0200] "POST /rhn/ajax/latest-errata HTTP/1.1" 200 539
172.16.3.5 - - [24/May/2026:05:01:59 +0200] "GET /rhn/manager/admin/setup/products HTTP/1.1" 200 36930
127.0.0.1 - - [24/May/2026:05:01:59 +0200] "GET /rhn/websocket/notifications HTTP/1.1" 101 -
172.16.3.5 - - [24/May/2026:05:01:59 +0200] "POST /rhn/manager/frontend-log HTTP/1.1" 200 16
172.16.3.5 - - [24/May/2026:05:01:59 +0200] "GET /rhn/manager/api/admin/products/metadata HTTP/1.1" 200 124
172.16.3.5 - - [24/May/2026:05:01:59 +0200] "GET /rhn/manager/api/admin/products HTTP/1.1" 200 31879
172.16.3.5 - - [24/May/2026:05:02:10 +0200] "POST /rhn/manager/admin/setup/products HTTP/1.1" 200 2
172.16.3.5 - - [24/May/2026:05:02:11 +0200] "GET /rhn/manager/api/admin/products/metadata HTTP/1.1" 200 124
::1 - - [24/May/2026:05:02:15 +0200] "POST /rhn/rpc/api HTTP/1.1" 200 138
::1 - - [24/May/2026:05:02:16 +0200] "POST /rhn/rpc/api HTTP/1.1" 200 151137
::1 - - [24/May/2026:05:02:21 +0200] "POST /rhn/rpc/api HTTP/1.1" 200 202
::1 - - [24/May/2026:05:02:21 +0200] "POST /rhn/rpc/api HTTP/1.1" 200 1176
::1 - - [24/May/2026:05:02:22 +0200] "POST /rhn/rpc/api HTTP/1.1" 200 138
::1 - - [24/May/2026:05:02:22 +0200] "POST /rhn/rpc/api HTTP/1.1" 200 138
::1 - - [24/May/2026:05:02:22 +0200] "POST /rhn/rpc/api HTTP/1.1" 200 138
::1 - - [24/May/2026:05:02:22 +0200] "POST /rhn/rpc/api HTTP/1.1" 200 138
::1 - - [24/May/2026:05:02:22 +0200] "POST /rhn/rpc/api HTTP/1.1" 200 138
::1 - - [24/May/2026:05:02:22 +0200] "POST /rhn/rpc/api HTTP/1.1" 200 138
172.16.3.5 - - [24/May/2026:05:02:23 +0200] "GET /rhn/manager/api/admin/products HTTP/1.1" 200 31879
::1 - - [24/May/2026:05:02:23 +0200] "POST /rhn/rpc/api HTTP/1.1" 200 138
::1 - - [24/May/2026:05:02:23 +0200] "POST /rhn/rpc/api HTTP/1.1" 200 138
::1 - - [24/May/2026:05:02:23 +0200] "POST /rhn/rpc/api HTTP/1.1" 200 138
::1 - - [24/May/2026:05:02:23 +0200] "POST /rhn/rpc/api HTTP/1.1" 200 138
::1 - - [24/May/2026:05:02:23 +0200] "POST /rhn/rpc/api HTTP/1.1" 200 138
::1 - - [24/May/2026:05:02:23 +0200] "POST /rhn/rpc/api HTTP/1.1" 200 138
::1 - - [24/May/2026:05:02:23 +0200] "POST /rhn/rpc/api HTTP/1.1" 200 138
::1 - - [24/May/2026:05:02:24 +0200] "POST /rhn/rpc/api HTTP/1.1" 200 138
::1 - - [24/May/2026:05:02:24 +0200] "POST /rhn/rpc/api HTTP/1.1" 200 138
::1 - - [24/May/2026:05:02:24 +0200] "POST /rhn/rpc/api HTTP/1.1" 200 138
::1 - - [24/May/2026:05:02:24 +0200] "POST /rhn/rpc/api HTTP/1.1" 200 138
::1 - - [24/May/2026:05:02:24 +0200] "POST /rhn/rpc/api HTTP/1.1" 200 138
::1 - - [24/May/2026:05:02:24 +0200] "POST /rhn/rpc/api HTTP/1.1" 200 138
::1 - - [24/May/2026:05:02:24 +0200] "POST /rhn/rpc/api HTTP/1.1" 200 138
::1 - - [24/May/2026:05:02:24 +0200] "POST /rhn/rpc/api HTTP/1.1" 200 138
::1 - - [24/May/2026:05:02:25 +0200] "POST /rhn/rpc/api HTTP/1.1" 200 138
::1 - - [24/May/2026:05:02:25 +0200] "POST /rhn/rpc/api HTTP/1.1" 200 3039
::1 - - [24/May/2026:05:02:25 +0200] "POST /rhn/rpc/api HTTP/1.1" 200 138
::1 - - [24/May/2026:05:02:25 +0200] "POST /rhn/rpc/api HTTP/1.1" 200 138
::1 - - [24/May/2026:05:02:25 +0200] "POST /rhn/rpc/api HTTP/1.1" 200 138
::1 - - [24/May/2026:05:02:25 +0200] "POST /rhn/rpc/api HTTP/1.1" 200 138
::1 - - [24/May/2026:05:02:25 +0200] "POST /rhn/rpc/api HTTP/1.1" 200 138
::1 - - [24/May/2026:05:02:25 +0200] "POST /rhn/rpc/api HTTP/1.1" 200 138
::1 - - [24/May/2026:05:02:26 +0200] "POST /rhn/rpc/api HTTP/1.1" 200 138
::1 - - [24/May/2026:05:02:26 +0200] "POST /rhn/rpc/api HTTP/1.1" 200 138
::1 - - [24/May/2026:05:02:26 +0200] "POST /rhn/rpc/api HTTP/1.1" 200 138
::1 - - [24/May/2026:05:02:26 +0200] "POST /rhn/rpc/api HTTP/1.1" 200 138
::1 - - [24/May/2026:05:02:26 +0200] "POST /rhn/rpc/api HTTP/1.1" 200 138
::1 - - [24/May/2026:05:02:26 +0200] "POST /rhn/rpc/api HTTP/1.1" 200 138
::1 - - [24/May/2026:05:02:26 +0200] "POST /rhn/rpc/api HTTP/1.1" 200 138
::1 - - [24/May/2026:05:02:26 +0200] "POST /rhn/rpc/api HTTP/1.1" 200 138
::1 - - [24/May/2026:05:02:26 +0200] "POST /rhn/rpc/api HTTP/1.1" 200 138
::1 - - [24/May/2026:05:02:26 +0200] "POST /rhn/rpc/api HTTP/1.1" 200 138
::1 - - [24/May/2026:05:02:27 +0200] "POST /rhn/rpc/api HTTP/1.1" 200 138
::1 - - [24/May/2026:05:02:27 +0200] "POST /rhn/rpc/api HTTP/1.1" 200 138
::1 - - [24/May/2026:05:02:27 +0200] "POST /rhn/rpc/api HTTP/1.1" 200 138
::1 - - [24/May/2026:05:02:27 +0200] "POST /rhn/rpc/api HTTP/1.1" 200 138
::1 - - [24/May/2026:05:02:27 +0200] "POST /rhn/rpc/api HTTP/1.1" 200 138
::1 - - [24/May/2026:05:02:27 +0200] "POST /rhn/rpc/api HTTP/1.1" 200 138
::1 - - [24/May/2026:05:02:27 +0200] "POST /rhn/rpc/api HTTP/1.1" 200 1736
::1 - - [24/May/2026:05:02:28 +0200] "POST /rhn/rpc/api HTTP/1.1" 200 138
::1 - - [24/May/2026:05:02:28 +0200] "POST /rhn/rpc/api HTTP/1.1" 200 3039
::1 - - [24/May/2026:05:02:28 +0200] "POST /rhn/rpc/api HTTP/1.1" 200 128
::1 - - [24/May/2026:05:02:28 +0200] "POST /rhn/rpc/api HTTP/1.1" 200 754
::1 - - [24/May/2026:05:02:28 +0200] "POST /rhn/rpc/api HTTP/1.1" 200 2786
::1 - - [24/May/2026:05:02:28 +0200] "POST /rhn/rpc/api HTTP/1.1" 200 128
::1 - - [24/May/2026:05:02:28 +0200] "POST /rhn/rpc/api HTTP/1.1" 200 2139
::1 - - [24/May/2026:05:02:28 +0200] "POST /rhn/rpc/api HTTP/1.1" 200 128
172.16.3.5 - - [24/May/2026:06:09:31 +0200] "GET /rhn/manager/login HTTP/1.1" 200 2260
172.16.3.5 - - [24/May/2026:06:09:31 +0200] "POST /rhn/manager/frontend-log HTTP/1.1" 302 -
172.16.3.5 - - [24/May/2026:06:09:31 +0200] "POST /rhn/manager/frontend-log HTTP/1.1" 302 -
172.16.3.5 - - [24/May/2026:06:09:31 +0200] "GET /rhn/manager/login?url_bounce=%2Frhn%2Fmanager%2Ffrontend-log&request_method=POST HTTP/1.1" 200 2266
172.16.3.5 - - [24/May/2026:06:09:41 +0200] "POST /rhn/manager/api/login HTTP/1.1" 200 16
172.16.3.5 - - [24/May/2026:06:09:41 +0200] "GET /rhn/YourRhn.do HTTP/1.1" 200 38947
172.16.3.5 - - [24/May/2026:06:09:42 +0200] "POST /rhn/manager/frontend-log HTTP/1.1" 401 687
127.0.0.1 - - [24/May/2026:06:09:42 +0200] "GET /rhn/websocket/notifications HTTP/1.1" 101 -
172.16.3.5 - - [24/May/2026:06:09:42 +0200] "POST /rhn/ajax/disk-check-warning HTTP/1.1" 200 -
172.16.3.5 - - [24/May/2026:06:09:42 +0200] "POST /rhn/ajax/subscription-warning HTTP/1.1" 200 -
172.16.3.5 - - [24/May/2026:06:09:42 +0200] "POST /rhn/ajax/critical-systems HTTP/1.1" 200 2026
172.16.3.5 - - [24/May/2026:06:09:42 +0200] "POST /rhn/ajax/tasks HTTP/1.1" 200 2232
172.16.3.5 - - [24/May/2026:06:09:42 +0200] "POST /rhn/ajax/inactive-systems HTTP/1.1" 200 540
172.16.3.5 - - [24/May/2026:06:09:42 +0200] "POST /rhn/ajax/latest-errata HTTP/1.1" 200 539
127.0.0.1 - - [24/May/2026:06:09:42 +0200] "GET /rhn/websocket/notifications HTTP/1.1" 101 -
172.16.3.5 - - [24/May/2026:06:09:42 +0200] "POST /rhn/ajax/pending-actions HTTP/1.1" 200 636
172.16.3.5 - - [24/May/2026:06:09:42 +0200] "POST /rhn/manager/frontend-log HTTP/1.1" 200 16
172.16.3.5 - - [24/May/2026:06:09:43 +0200] "POST /rhn/ajax/systems-groups HTTP/1.1" 200 1491
172.16.3.5 - - [24/May/2026:06:09:43 +0200] "POST /rhn/ajax/recent-systems HTTP/1.1" 200 2059
172.16.3.5 - - [24/May/2026:06:09:43 +0200] "GET /rhn/manager/admin/setup/products HTTP/1.1" 200 36932
127.0.0.1 - - [24/May/2026:06:09:43 +0200] "GET /rhn/websocket/notifications HTTP/1.1" 101 -
172.16.3.5 - - [24/May/2026:06:09:43 +0200] "POST /rhn/manager/frontend-log HTTP/1.1" 200 16
172.16.3.5 - - [24/May/2026:06:09:43 +0200] "GET /rhn/manager/api/admin/products/metadata HTTP/1.1" 200 124
172.16.3.5 - - [24/May/2026:06:09:44 +0200] "GET /rhn/manager/api/admin/products HTTP/1.1" 200 31834
172.16.3.5 - - [24/May/2026:06:10:25 +0200] "GET /rhn/manager/login HTTP/1.1" 302 -
172.16.3.5 - - [24/May/2026:06:10:26 +0200] "GET /rhn/YourRhn.do HTTP/1.1" 200 38967
172.16.3.5 - - [24/May/2026:06:10:26 +0200] "POST /rhn/manager/frontend-log HTTP/1.1" 200 16
127.0.0.1 - - [24/May/2026:06:10:26 +0200] "GET /rhn/websocket/notifications HTTP/1.1" 101 -
172.16.3.5 - - [24/May/2026:06:10:26 +0200] "POST /rhn/ajax/inactive-systems HTTP/1.1" 200 540
172.16.3.5 - - [24/May/2026:06:10:26 +0200] "POST /rhn/ajax/disk-check-warning HTTP/1.1" 200 -
172.16.3.5 - - [24/May/2026:06:10:26 +0200] "POST /rhn/ajax/critical-systems HTTP/1.1" 200 2026
172.16.3.5 - - [24/May/2026:06:10:26 +0200] "POST /rhn/ajax/pending-actions HTTP/1.1" 200 636
172.16.3.5 - - [24/May/2026:06:10:26 +0200] "POST /rhn/ajax/subscription-warning HTTP/1.1" 200 -
172.16.3.5 - - [24/May/2026:06:10:26 +0200] "POST /rhn/ajax/tasks HTTP/1.1" 200 2232
172.16.3.5 - - [24/May/2026:06:10:26 +0200] "POST /rhn/ajax/latest-errata HTTP/1.1" 200 539
172.16.3.5 - - [24/May/2026:06:10:26 +0200] "POST /rhn/ajax/recent-systems HTTP/1.1" 200 2059
172.16.3.5 - - [24/May/2026:06:10:26 +0200] "POST /rhn/manager/frontend-log HTTP/1.1" 200 16
172.16.3.5 - - [24/May/2026:06:10:26 +0200] "POST /rhn/ajax/systems-groups HTTP/1.1" 200 1491
172.16.3.5 - - [24/May/2026:06:10:26 +0200] "GET /rhn/channels/manage/Manage.do HTTP/1.1" 200 43423
127.0.0.1 - - [24/May/2026:06:10:27 +0200] "GET /rhn/websocket/notifications HTTP/1.1" 101 -
172.16.3.5 - - [24/May/2026:06:10:27 +0200] "POST /rhn/manager/frontend-log HTTP/1.1" 200 16
172.16.3.5 - - [24/May/2026:06:10:27 +0200] "GET /rhn/channels/manage/Edit.do HTTP/1.1" 200 54260
127.0.0.1 - - [24/May/2026:06:10:27 +0200] "GET /rhn/websocket/notifications HTTP/1.1" 101 -
172.16.3.5 - - [24/May/2026:06:10:27 +0200] "POST /rhn/manager/frontend-log HTTP/1.1" 200 16
172.16.3.5 - - [24/May/2026:06:10:28 +0200] "POST /rhn/channels/manage/Edit.do HTTP/1.1" 302 -
172.16.3.5 - - [24/May/2026:06:10:28 +0200] "GET /rhn/channels/manage/Edit.do?cid=121 HTTP/1.1" 200 54814
172.16.3.5 - - [24/May/2026:06:10:28 +0200] "POST /rhn/manager/frontend-log HTTP/1.1" 200 16
172.16.3.5 - - [24/May/2026:06:10:28 +0200] "POST /rhn/manager/frontend-log HTTP/1.1" 200 16
127.0.0.1 - - [24/May/2026:06:10:28 +0200] "GET /rhn/websocket/notifications HTTP/1.1" 101 -
127.0.0.1 - - [24/May/2026:06:10:28 +0200] "GET /rhn/websocket/notifications HTTP/1.1" 101 -
172.16.3.5 - - [24/May/2026:06:10:28 +0200] "GET /rhn/channels/manage/Manage.do HTTP/1.1" 200 43907
127.0.0.1 - - [24/May/2026:06:10:29 +0200] "GET /rhn/websocket/notifications HTTP/1.1" 101 -
172.16.3.5 - - [24/May/2026:06:10:29 +0200] "POST /rhn/manager/frontend-log HTTP/1.1" 200 16
172.16.3.5 - - [24/May/2026:06:10:29 +0200] "GET /rhn/channels/manage/Edit.do HTTP/1.1" 200 54483
127.0.0.1 - - [24/May/2026:06:10:29 +0200] "GET /rhn/websocket/notifications HTTP/1.1" 101 -
172.16.3.5 - - [24/May/2026:06:10:29 +0200] "POST /rhn/manager/frontend-log HTTP/1.1" 200 16
172.16.3.5 - - [24/May/2026:06:10:30 +0200] "POST /rhn/channels/manage/Edit.do HTTP/1.1" 302 -
172.16.3.5 - - [24/May/2026:06:10:30 +0200] "GET /rhn/channels/manage/Edit.do?cid=122 HTTP/1.1" 200 54854
172.16.3.5 - - [24/May/2026:06:10:30 +0200] "POST /rhn/manager/frontend-log HTTP/1.1" 200 16
127.0.0.1 - - [24/May/2026:06:10:30 +0200] "GET /rhn/websocket/notifications HTTP/1.1" 101 -
172.16.3.5 - - [24/May/2026:06:10:30 +0200] "POST /rhn/manager/frontend-log HTTP/1.1" 200 16
127.0.0.1 - - [24/May/2026:06:10:30 +0200] "GET /rhn/websocket/notifications HTTP/1.1" 101 -
172.16.3.5 - - [24/May/2026:06:10:30 +0200] "GET /rhn/channels/manage/Manage.do HTTP/1.1" 200 44549
127.0.0.1 - - [24/May/2026:06:10:30 +0200] "GET /rhn/websocket/notifications HTTP/1.1" 101 -
172.16.3.5 - - [24/May/2026:06:10:31 +0200] "POST /rhn/manager/frontend-log HTTP/1.1" 200 16
172.16.3.5 - - [24/May/2026:06:10:31 +0200] "GET /rhn/channels/manage/Edit.do HTTP/1.1" 200 54483
127.0.0.1 - - [24/May/2026:06:10:31 +0200] "GET /rhn/websocket/notifications HTTP/1.1" 101 -
172.16.3.5 - - [24/May/2026:06:10:31 +0200] "POST /rhn/manager/frontend-log HTTP/1.1" 200 16
172.16.3.5 - - [24/May/2026:06:10:31 +0200] "POST /rhn/channels/manage/Edit.do HTTP/1.1" 302 -
172.16.3.5 - - [24/May/2026:06:10:32 +0200] "GET /rhn/channels/manage/Edit.do?cid=123 HTTP/1.1" 200 54835
172.16.3.5 - - [24/May/2026:06:10:32 +0200] "POST /rhn/manager/frontend-log HTTP/1.1" 200 16
127.0.0.1 - - [24/May/2026:06:10:32 +0200] "GET /rhn/websocket/notifications HTTP/1.1" 101 -
172.16.3.5 - - [24/May/2026:06:10:32 +0200] "POST /rhn/manager/frontend-log HTTP/1.1" 200 16
172.16.3.5 - - [24/May/2026:06:10:33 +0200] "GET /rhn/channels/manage/Manage.do HTTP/1.1" 200 45183
172.16.3.5 - - [24/May/2026:06:10:33 +0200] "POST /rhn/manager/frontend-log HTTP/1.1" 200 16
172.16.3.5 - - [24/May/2026:06:10:33 +0200] "GET /rhn/channels/manage/Edit.do HTTP/1.1" 200 54483
127.0.0.1 - - [24/May/2026:06:10:33 +0200] "GET /rhn/websocket/notifications HTTP/1.1" 101 -
172.16.3.5 - - [24/May/2026:06:10:33 +0200] "POST /rhn/manager/frontend-log HTTP/1.1" 200 16
127.0.0.1 - - [24/May/2026:06:10:33 +0200] "GET /rhn/websocket/notifications HTTP/1.1" 101 -
172.16.3.5 - - [24/May/2026:06:10:34 +0200] "POST /rhn/channels/manage/Edit.do HTTP/1.1" 302 -
172.16.3.5 - - [24/May/2026:06:10:34 +0200] "GET /rhn/channels/manage/Edit.do?cid=124 HTTP/1.1" 200 55082
127.0.0.1 - - [24/May/2026:06:10:34 +0200] "GET /rhn/websocket/notifications HTTP/1.1" 101 -
172.16.3.5 - - [24/May/2026:06:10:34 +0200] "POST /rhn/manager/frontend-log HTTP/1.1" 200 16
172.16.3.5 - - [24/May/2026:06:10:34 +0200] "POST /rhn/manager/frontend-log HTTP/1.1" 200 16
127.0.0.1 - - [24/May/2026:06:10:35 +0200] "GET /rhn/websocket/notifications HTTP/1.1" 101 -
172.16.3.5 - - [24/May/2026:06:10:35 +0200] "GET /rhn/channels/manage/Manage.do HTTP/1.1" 200 45665
127.0.0.1 - - [24/May/2026:06:10:35 +0200] "GET /rhn/websocket/notifications HTTP/1.1" 101 -
172.16.3.5 - - [24/May/2026:06:10:35 +0200] "POST /rhn/manager/frontend-log HTTP/1.1" 200 16
172.16.3.5 - - [24/May/2026:06:10:35 +0200] "GET /rhn/channels/manage/Edit.do HTTP/1.1" 200 54815
127.0.0.1 - - [24/May/2026:06:10:35 +0200] "GET /rhn/websocket/notifications HTTP/1.1" 101 -
172.16.3.5 - - [24/May/2026:06:10:35 +0200] "POST /rhn/manager/frontend-log HTTP/1.1" 200 16
172.16.3.5 - - [24/May/2026:06:10:36 +0200] "POST /rhn/channels/manage/Edit.do HTTP/1.1" 302 -
172.16.3.5 - - [24/May/2026:06:10:36 +0200] "GET /rhn/channels/manage/Edit.do?cid=125 HTTP/1.1" 200 55104
172.16.3.5 - - [24/May/2026:06:10:36 +0200] "POST /rhn/manager/frontend-log HTTP/1.1" 200 16
127.0.0.1 - - [24/May/2026:06:10:36 +0200] "GET /rhn/websocket/notifications HTTP/1.1" 101 -
172.16.3.5 - - [24/May/2026:06:10:36 +0200] "POST /rhn/manager/frontend-log HTTP/1.1" 200 16
127.0.0.1 - - [24/May/2026:06:10:36 +0200] "GET /rhn/websocket/notifications HTTP/1.1" 101 -
172.16.3.5 - - [24/May/2026:06:10:36 +0200] "GET /rhn/channels/manage/Manage.do HTTP/1.1" 200 46301
127.0.0.1 - - [24/May/2026:06:10:37 +0200] "GET /rhn/websocket/notifications HTTP/1.1" 101 -
172.16.3.5 - - [24/May/2026:06:10:37 +0200] "POST /rhn/manager/frontend-log HTTP/1.1" 200 16
172.16.3.5 - - [24/May/2026:06:10:37 +0200] "GET /rhn/channels/manage/Edit.do HTTP/1.1" 200 54815
127.0.0.1 - - [24/May/2026:06:10:37 +0200] "GET /rhn/websocket/notifications HTTP/1.1" 101 -
172.16.3.5 - - [24/May/2026:06:10:37 +0200] "POST /rhn/manager/frontend-log HTTP/1.1" 200 16
172.16.3.5 - - [24/May/2026:06:10:38 +0200] "POST /rhn/channels/manage/Edit.do HTTP/1.1" 302 -
172.16.3.5 - - [24/May/2026:06:10:38 +0200] "GET /rhn/channels/manage/Edit.do?cid=126 HTTP/1.1" 200 55263
172.16.3.5 - - [24/May/2026:06:10:38 +0200] "POST /rhn/manager/frontend-log HTTP/1.1" 200 16
127.0.0.1 - - [24/May/2026:06:10:38 +0200] "GET /rhn/websocket/notifications HTTP/1.1" 101 -
172.16.3.5 - - [24/May/2026:06:10:38 +0200] "POST /rhn/manager/frontend-log HTTP/1.1" 200 16
127.0.0.1 - - [24/May/2026:06:10:38 +0200] "GET /rhn/websocket/notifications HTTP/1.1" 101 -
172.16.3.5 - - [24/May/2026:06:10:38 +0200] "GET /rhn/channels/manage/Manage.do HTTP/1.1" 200 46783
127.0.0.1 - - [24/May/2026:06:10:38 +0200] "GET /rhn/websocket/notifications HTTP/1.1" 101 -
172.16.3.5 - - [24/May/2026:06:10:38 +0200] "POST /rhn/manager/frontend-log HTTP/1.1" 200 16
172.16.3.5 - - [24/May/2026:06:10:38 +0200] "GET /rhn/channels/manage/Edit.do HTTP/1.1" 200 55035
127.0.0.1 - - [24/May/2026:06:10:39 +0200] "GET /rhn/websocket/notifications HTTP/1.1" 101 -
172.16.3.5 - - [24/May/2026:06:10:39 +0200] "POST /rhn/manager/frontend-log HTTP/1.1" 200 16
172.16.3.5 - - [24/May/2026:06:10:39 +0200] "POST /rhn/channels/manage/Edit.do HTTP/1.1" 302 -
172.16.3.5 - - [24/May/2026:06:10:39 +0200] "GET /rhn/channels/manage/Edit.do?cid=127 HTTP/1.1" 200 55305
172.16.3.5 - - [24/May/2026:06:10:40 +0200] "POST /rhn/manager/frontend-log HTTP/1.1" 200 16
127.0.0.1 - - [24/May/2026:06:10:40 +0200] "GET /rhn/websocket/notifications HTTP/1.1" 101 -
172.16.3.5 - - [24/May/2026:06:10:40 +0200] "POST /rhn/manager/frontend-log HTTP/1.1" 200 16
127.0.0.1 - - [24/May/2026:06:10:40 +0200] "GET /rhn/websocket/notifications HTTP/1.1" 101 -
172.16.3.5 - - [24/May/2026:06:10:40 +0200] "GET /rhn/channels/manage/Manage.do HTTP/1.1" 200 47421
127.0.0.1 - - [24/May/2026:06:10:40 +0200] "GET /rhn/websocket/notifications HTTP/1.1" 101 -
172.16.3.5 - - [24/May/2026:06:10:40 +0200] "POST /rhn/manager/frontend-log HTTP/1.1" 200 16
172.16.3.5 - - [24/May/2026:06:10:40 +0200] "GET /rhn/channels/manage/Edit.do HTTP/1.1" 200 55035
127.0.0.1 - - [24/May/2026:06:10:40 +0200] "GET /rhn/websocket/notifications HTTP/1.1" 101 -
172.16.3.5 - - [24/May/2026:06:10:40 +0200] "POST /rhn/manager/frontend-log HTTP/1.1" 200 16
172.16.3.5 - - [24/May/2026:06:10:51 +0200] "POST /rhn/channels/manage/Edit.do HTTP/1.1" 302 -
172.16.3.5 - - [24/May/2026:06:10:51 +0200] "GET /rhn/channels/manage/Edit.do?cid=128 HTTP/1.1" 200 55583
172.16.3.5 - - [24/May/2026:06:10:51 +0200] "POST /rhn/manager/frontend-log HTTP/1.1" 200 16
127.0.0.1 - - [24/May/2026:06:10:52 +0200] "GET /rhn/websocket/notifications HTTP/1.1" 101 -
172.16.3.5 - - [24/May/2026:06:10:52 +0200] "POST /rhn/manager/frontend-log HTTP/1.1" 200 16
127.0.0.1 - - [24/May/2026:06:10:52 +0200] "GET /rhn/websocket/notifications HTTP/1.1" 101 -
172.16.3.5 - - [24/May/2026:06:10:52 +0200] "GET /rhn/channels/manage/Manage.do HTTP/1.1" 200 47908
127.0.0.1 - - [24/May/2026:06:10:52 +0200] "GET /rhn/websocket/notifications HTTP/1.1" 101 -
172.16.3.5 - - [24/May/2026:06:10:52 +0200] "POST /rhn/manager/frontend-log HTTP/1.1" 200 16
172.16.3.5 - - [24/May/2026:06:10:52 +0200] "GET /rhn/channels/manage/Edit.do HTTP/1.1" 200 55447
127.0.0.1 - - [24/May/2026:06:10:52 +0200] "GET /rhn/websocket/notifications HTTP/1.1" 101 -
172.16.3.5 - - [24/May/2026:06:10:52 +0200] "POST /rhn/manager/frontend-log HTTP/1.1" 200 16
172.16.3.5 - - [24/May/2026:06:10:53 +0200] "POST /rhn/channels/manage/Edit.do HTTP/1.1" 302 -
172.16.3.5 - - [24/May/2026:06:10:53 +0200] "GET /rhn/channels/manage/Edit.do?cid=129 HTTP/1.1" 200 55778
172.16.3.5 - - [24/May/2026:06:10:53 +0200] "POST /rhn/manager/frontend-log HTTP/1.1" 200 16
127.0.0.1 - - [24/May/2026:06:10:53 +0200] "GET /rhn/websocket/notifications HTTP/1.1" 101 -
172.16.3.5 - - [24/May/2026:06:10:53 +0200] "POST /rhn/manager/frontend-log HTTP/1.1" 200 16
127.0.0.1 - - [24/May/2026:06:10:53 +0200] "GET /rhn/websocket/notifications HTTP/1.1" 101 -
172.16.3.5 - - [24/May/2026:06:10:53 +0200] "GET /rhn/channels/manage/Manage.do HTTP/1.1" 200 48390
127.0.0.1 - - [24/May/2026:06:10:54 +0200] "GET /rhn/websocket/notifications HTTP/1.1" 101 -
172.16.3.5 - - [24/May/2026:06:10:54 +0200] "POST /rhn/manager/frontend-log HTTP/1.1" 200 16
172.16.3.5 - - [24/May/2026:06:10:54 +0200] "GET /rhn/channels/manage/Edit.do HTTP/1.1" 200 55668
127.0.0.1 - - [24/May/2026:06:10:54 +0200] "GET /rhn/websocket/notifications HTTP/1.1" 101 -
172.16.3.5 - - [24/May/2026:06:10:54 +0200] "POST /rhn/manager/frontend-log HTTP/1.1" 200 16
172.16.3.5 - - [24/May/2026:06:10:54 +0200] "POST /rhn/channels/manage/Edit.do HTTP/1.1" 302 -
172.16.3.5 - - [24/May/2026:06:10:55 +0200] "GET /rhn/channels/manage/Edit.do?cid=130 HTTP/1.1" 200 55962
172.16.3.5 - - [24/May/2026:06:10:55 +0200] "POST /rhn/manager/frontend-log HTTP/1.1" 200 16
127.0.0.1 - - [24/May/2026:06:10:55 +0200] "GET /rhn/websocket/notifications HTTP/1.1" 101 -
172.16.3.5 - - [24/May/2026:06:10:55 +0200] "POST /rhn/manager/frontend-log HTTP/1.1" 200 16
127.0.0.1 - - [24/May/2026:06:10:55 +0200] "GET /rhn/websocket/notifications HTTP/1.1" 101 -
172.16.3.5 - - [24/May/2026:06:10:55 +0200] "GET /rhn/manager/login HTTP/1.1" 302 -
172.16.3.5 - - [24/May/2026:06:10:55 +0200] "GET /rhn/YourRhn.do HTTP/1.1" 200 38967
172.16.3.5 - - [24/May/2026:06:10:55 +0200] "POST /rhn/manager/frontend-log HTTP/1.1" 200 16
172.16.3.5 - - [24/May/2026:06:10:56 +0200] "POST /rhn/ajax/inactive-systems HTTP/1.1" 200 540
127.0.0.1 - - [24/May/2026:06:10:56 +0200] "GET /rhn/websocket/notifications HTTP/1.1" 101 -
172.16.3.5 - - [24/May/2026:06:10:56 +0200] "POST /rhn/ajax/pending-actions HTTP/1.1" 200 636
172.16.3.5 - - [24/May/2026:06:10:56 +0200] "POST /rhn/ajax/critical-systems HTTP/1.1" 200 2026
172.16.3.5 - - [24/May/2026:06:10:56 +0200] "POST /rhn/ajax/latest-errata HTTP/1.1" 200 539
172.16.3.5 - - [24/May/2026:06:10:56 +0200] "POST /rhn/ajax/disk-check-warning HTTP/1.1" 200 -
172.16.3.5 - - [24/May/2026:06:10:56 +0200] "POST /rhn/ajax/subscription-warning HTTP/1.1" 200 -
172.16.3.5 - - [24/May/2026:06:10:56 +0200] "POST /rhn/ajax/tasks HTTP/1.1" 200 2232
172.16.3.5 - - [24/May/2026:06:10:56 +0200] "POST /rhn/manager/frontend-log HTTP/1.1" 200 16
172.16.3.5 - - [24/May/2026:06:10:56 +0200] "POST /rhn/ajax/systems-groups HTTP/1.1" 200 1491
172.16.3.5 - - [24/May/2026:06:10:56 +0200] "POST /rhn/ajax/recent-systems HTTP/1.1" 200 2059
172.16.3.5 - - [24/May/2026:06:10:56 +0200] "GET /rhn/channels/manage/repos/RepoList.do HTTP/1.1" 200 42222
127.0.0.1 - - [24/May/2026:06:10:56 +0200] "GET /rhn/websocket/notifications HTTP/1.1" 101 -
172.16.3.5 - - [24/May/2026:06:10:57 +0200] "POST /rhn/manager/frontend-log HTTP/1.1" 200 16
172.16.3.5 - - [24/May/2026:06:10:57 +0200] "GET /rhn/channels/manage/repos/RepoCreate.do HTTP/1.1" 200 41429
127.0.0.1 - - [24/May/2026:06:10:57 +0200] "GET /rhn/websocket/notifications HTTP/1.1" 101 -
172.16.3.5 - - [24/May/2026:06:10:57 +0200] "POST /rhn/manager/frontend-log HTTP/1.1" 200 16
172.16.3.5 - - [24/May/2026:06:10:57 +0200] "POST /rhn/channels/manage/repos/RepoCreate.do HTTP/1.1" 302 -
172.16.3.5 - - [24/May/2026:06:10:57 +0200] "GET /rhn/channels/manage/repos/RepoEdit.do?id=520 HTTP/1.1" 200 42077
172.16.3.5 - - [24/May/2026:06:10:58 +0200] "POST /rhn/manager/frontend-log HTTP/1.1" 200 16
127.0.0.1 - - [24/May/2026:06:10:58 +0200] "GET /rhn/websocket/notifications HTTP/1.1" 101 -
172.16.3.5 - - [24/May/2026:06:10:58 +0200] "POST /rhn/manager/frontend-log HTTP/1.1" 200 16
127.0.0.1 - - [24/May/2026:06:10:58 +0200] "GET /rhn/websocket/notifications HTTP/1.1" 101 -
172.16.3.5 - - [24/May/2026:06:10:58 +0200] "GET /rhn/channels/manage/repos/RepoList.do HTTP/1.1" 200 42583
172.16.3.5 - - [24/May/2026:06:10:58 +0200] "POST /rhn/manager/frontend-log HTTP/1.1" 200 16
172.16.3.5 - - [24/May/2026:06:10:58 +0200] "GET /rhn/channels/manage/repos/RepoEdit.do?id=520 HTTP/1.1" 200 41986
127.0.0.1 - - [24/May/2026:06:10:58 +0200] "GET /rhn/websocket/notifications HTTP/1.1" 101 -
127.0.0.1 - - [24/May/2026:06:10:58 +0200] "GET /rhn/websocket/notifications HTTP/1.1" 101 -
172.16.3.5 - - [24/May/2026:06:10:58 +0200] "POST /rhn/manager/frontend-log HTTP/1.1" 200 16
172.16.3.5 - - [24/May/2026:06:11:09 +0200] "POST /rhn/channels/manage/repos/RepoEdit.do HTTP/1.1" 302 -
172.16.3.5 - - [24/May/2026:06:11:09 +0200] "GET /rhn/channels/manage/repos/RepoEdit.do?id=520 HTTP/1.1" 200 42059
172.16.3.5 - - [24/May/2026:06:11:09 +0200] "POST /rhn/manager/frontend-log HTTP/1.1" 200 16
127.0.0.1 - - [24/May/2026:06:11:09 +0200] "GET /rhn/websocket/notifications HTTP/1.1" 101 -
172.16.3.5 - - [24/May/2026:06:11:09 +0200] "POST /rhn/manager/frontend-log HTTP/1.1" 200 16
127.0.0.1 - - [24/May/2026:06:11:09 +0200] "GET /rhn/websocket/notifications HTTP/1.1" 101 -
172.16.3.5 - - [24/May/2026:06:11:09 +0200] "GET /rhn/channels/manage/repos/RepoList.do HTTP/1.1" 200 42583
172.16.3.5 - - [24/May/2026:06:11:09 +0200] "POST /rhn/manager/frontend-log HTTP/1.1" 200 16
172.16.3.5 - - [24/May/2026:06:11:10 +0200] "GET /rhn/channels/manage/repos/RepoCreate.do HTTP/1.1" 200 41429
127.0.0.1 - - [24/May/2026:06:11:10 +0200] "GET /rhn/websocket/notifications HTTP/1.1" 101 -
172.16.3.5 - - [24/May/2026:06:11:10 +0200] "POST /rhn/manager/frontend-log HTTP/1.1" 200 16
127.0.0.1 - - [24/May/2026:06:11:10 +0200] "GET /rhn/websocket/notifications HTTP/1.1" 101 -
172.16.3.5 - - [24/May/2026:06:11:10 +0200] "POST /rhn/channels/manage/repos/RepoCreate.do HTTP/1.1" 302 -
172.16.3.5 - - [24/May/2026:06:11:10 +0200] "GET /rhn/channels/manage/repos/RepoEdit.do?id=521 HTTP/1.1" 200 42088
172.16.3.5 - - [24/May/2026:06:11:10 +0200] "POST /rhn/manager/frontend-log HTTP/1.1" 200 16
127.0.0.1 - - [24/May/2026:06:11:10 +0200] "GET /rhn/websocket/notifications HTTP/1.1" 101 -
172.16.3.5 - - [24/May/2026:06:11:10 +0200] "POST /rhn/manager/frontend-log HTTP/1.1" 200 16
127.0.0.1 - - [24/May/2026:06:11:11 +0200] "GET /rhn/websocket/notifications HTTP/1.1" 101 -
172.16.3.5 - - [24/May/2026:06:11:11 +0200] "GET /rhn/channels/manage/repos/RepoList.do HTTP/1.1" 200 42949
127.0.0.1 - - [24/May/2026:06:11:11 +0200] "GET /rhn/websocket/notifications HTTP/1.1" 101 -
172.16.3.5 - - [24/May/2026:06:11:11 +0200] "POST /rhn/manager/frontend-log HTTP/1.1" 200 16
172.16.3.5 - - [24/May/2026:06:11:11 +0200] "GET /rhn/channels/manage/repos/RepoEdit.do?id=521 HTTP/1.1" 200 41997
127.0.0.1 - - [24/May/2026:06:11:11 +0200] "GET /rhn/websocket/notifications HTTP/1.1" 101 -
172.16.3.5 - - [24/May/2026:06:11:11 +0200] "POST /rhn/manager/frontend-log HTTP/1.1" 200 16
172.16.3.5 - - [24/May/2026:06:11:21 +0200] "POST /rhn/channels/manage/repos/RepoEdit.do HTTP/1.1" 302 -
172.16.3.5 - - [24/May/2026:06:11:21 +0200] "GET /rhn/channels/manage/repos/RepoEdit.do?id=521 HTTP/1.1" 200 42070
172.16.3.5 - - [24/May/2026:06:11:22 +0200] "POST /rhn/manager/frontend-log HTTP/1.1" 200 16
127.0.0.1 - - [24/May/2026:06:11:22 +0200] "GET /rhn/websocket/notifications HTTP/1.1" 101 -
172.16.3.5 - - [24/May/2026:06:11:22 +0200] "POST /rhn/manager/frontend-log HTTP/1.1" 200 16
127.0.0.1 - - [24/May/2026:06:11:22 +0200] "GET /rhn/websocket/notifications HTTP/1.1" 101 -
172.16.3.5 - - [24/May/2026:06:11:22 +0200] "GET /rhn/channels/manage/Manage.do HTTP/1.1" 200 48875
127.0.0.1 - - [24/May/2026:06:11:22 +0200] "GET /rhn/websocket/notifications HTTP/1.1" 101 -
172.16.3.5 - - [24/May/2026:06:11:22 +0200] "POST /rhn/manager/frontend-log HTTP/1.1" 200 16
172.16.3.5 - - [24/May/2026:06:11:23 +0200] "GET /rhn/channels/manage/Edit.do?cid=123 HTTP/1.1" 200 55846
172.16.3.5 - - [24/May/2026:06:11:23 +0200] "POST /rhn/manager/frontend-log HTTP/1.1" 200 16
127.0.0.1 - - [24/May/2026:06:11:23 +0200] "GET /rhn/websocket/notifications HTTP/1.1" 101 -
172.16.3.5 - - [24/May/2026:06:11:23 +0200] "POST /rhn/channels/manage/Edit.do HTTP/1.1" 302 -
172.16.3.5 - - [24/May/2026:06:11:24 +0200] "GET /rhn/channels/manage/Edit.do?cid=123 HTTP/1.1" 200 56020
127.0.0.1 - - [24/May/2026:06:11:24 +0200] "GET /rhn/websocket/notifications HTTP/1.1" 101 -
172.16.3.5 - - [24/May/2026:06:11:24 +0200] "POST /rhn/manager/frontend-log HTTP/1.1" 200 16
172.16.3.5 - - [24/May/2026:06:11:24 +0200] "POST /rhn/manager/frontend-log HTTP/1.1" 200 16
127.0.0.1 - - [24/May/2026:06:11:24 +0200] "GET /rhn/websocket/notifications HTTP/1.1" 101 -
172.16.3.5 - - [24/May/2026:06:11:24 +0200] "GET /rhn/channels/manage/Repositories.do?cid=123 HTTP/1.1" 200 46789
127.0.0.1 - - [24/May/2026:06:11:24 +0200] "GET /rhn/websocket/notifications HTTP/1.1" 101 -
172.16.3.5 - - [24/May/2026:06:11:24 +0200] "POST /rhn/manager/frontend-log HTTP/1.1" 200 16
172.16.3.5 - - [24/May/2026:06:11:25 +0200] "POST /rhn/ajax/item-selector HTTP/1.1" 200 35
172.16.3.5 - - [24/May/2026:06:11:25 +0200] "POST /rhn/channels/manage/Repositories.do?cid=123 HTTP/1.1" 302 -
172.16.3.5 - - [24/May/2026:06:11:25 +0200] "GET /rhn/channels/manage/Repositories.do?cid=123 HTTP/1.1" 200 47345
172.16.3.5 - - [24/May/2026:06:11:25 +0200] "POST /rhn/manager/frontend-log HTTP/1.1" 200 16
127.0.0.1 - - [24/May/2026:06:11:25 +0200] "GET /rhn/websocket/notifications HTTP/1.1" 101 -
172.16.3.5 - - [24/May/2026:06:11:25 +0200] "GET /rhn/channels/manage/Manage.do HTTP/1.1" 200 48875
172.16.3.5 - - [24/May/2026:06:11:25 +0200] "POST /rhn/manager/frontend-log HTTP/1.1" 200 16
127.0.0.1 - - [24/May/2026:06:11:25 +0200] "GET /rhn/websocket/notifications HTTP/1.1" 101 -
172.16.3.5 - - [24/May/2026:06:11:26 +0200] "GET /rhn/channels/manage/Edit.do?cid=127 HTTP/1.1" 200 55868
172.16.3.5 - - [24/May/2026:06:11:26 +0200] "POST /rhn/manager/frontend-log HTTP/1.1" 200 16
127.0.0.1 - - [24/May/2026:06:11:26 +0200] "GET /rhn/websocket/notifications HTTP/1.1" 101 -
172.16.3.5 - - [24/May/2026:06:11:26 +0200] "POST /rhn/channels/manage/Edit.do HTTP/1.1" 302 -
172.16.3.5 - - [24/May/2026:06:11:26 +0200] "GET /rhn/channels/manage/Edit.do?cid=127 HTTP/1.1" 200 56046
172.16.3.5 - - [24/May/2026:06:11:26 +0200] "POST /rhn/manager/frontend-log HTTP/1.1" 200 16
127.0.0.1 - - [24/May/2026:06:11:27 +0200] "GET /rhn/websocket/notifications HTTP/1.1" 101 -
172.16.3.5 - - [24/May/2026:06:11:27 +0200] "POST /rhn/manager/frontend-log HTTP/1.1" 200 16
127.0.0.1 - - [24/May/2026:06:11:27 +0200] "GET /rhn/websocket/notifications HTTP/1.1" 101 -
172.16.3.5 - - [24/May/2026:06:11:27 +0200] "GET /rhn/channels/manage/Repositories.do?cid=127 HTTP/1.1" 200 46793
172.16.3.5 - - [24/May/2026:06:11:27 +0200] "POST /rhn/manager/frontend-log HTTP/1.1" 200 16
127.0.0.1 - - [24/May/2026:06:11:27 +0200] "GET /rhn/websocket/notifications HTTP/1.1" 101 -
172.16.3.5 - - [24/May/2026:06:11:27 +0200] "POST /rhn/ajax/item-selector HTTP/1.1" 200 35
::1 - - [24/May/2026:06:11:28 +0200] "GET /rhn/errors/404.jsp HTTP/1.1" 404 4500
172.16.3.5 - - [24/May/2026:06:11:28 +0200] "POST /rhn/channels/manage/Repositories.do?cid=127 HTTP/1.1" 302 -
172.16.3.5 - - [24/May/2026:06:11:28 +0200] "GET /rhn/channels/manage/Repositories.do?cid=127 HTTP/1.1" 200 47353
172.16.3.5 - - [24/May/2026:06:11:28 +0200] "POST /rhn/manager/frontend-log HTTP/1.1" 200 16
127.0.0.1 - - [24/May/2026:06:11:28 +0200] "GET /rhn/websocket/notifications HTTP/1.1" 101 -
172.16.3.5 - - [24/May/2026:06:11:29 +0200] "GET /rhn/channels/manage/Manage.do HTTP/1.1" 200 48875
172.16.3.5 - - [24/May/2026:06:11:29 +0200] "POST /rhn/manager/frontend-log HTTP/1.1" 200 16
127.0.0.1 - - [24/May/2026:06:11:29 +0200] "GET /rhn/websocket/notifications HTTP/1.1" 101 -
172.16.3.5 - - [24/May/2026:06:11:29 +0200] "GET /rhn/channels/manage/Edit.do?cid=129 HTTP/1.1" 200 55824
127.0.0.1 - - [24/May/2026:06:11:29 +0200] "GET /rhn/websocket/notifications HTTP/1.1" 101 -
172.16.3.5 - - [24/May/2026:06:11:29 +0200] "POST /rhn/manager/frontend-log HTTP/1.1" 200 16
172.16.3.5 - - [24/May/2026:06:11:29 +0200] "POST /rhn/channels/manage/Edit.do HTTP/1.1" 302 -
::1 - - [24/May/2026:06:11:30 +0200] "GET /rhn/errors/404.jsp HTTP/1.1" 404 4500
172.16.3.5 - - [24/May/2026:06:11:30 +0200] "GET /rhn/channels/manage/Edit.do?cid=129 HTTP/1.1" 200 56002
172.16.3.5 - - [24/May/2026:06:11:30 +0200] "POST /rhn/manager/frontend-log HTTP/1.1" 200 16
127.0.0.1 - - [24/May/2026:06:11:30 +0200] "GET /rhn/websocket/notifications HTTP/1.1" 101 -
172.16.3.5 - - [24/May/2026:06:11:30 +0200] "POST /rhn/manager/frontend-log HTTP/1.1" 200 16
127.0.0.1 - - [24/May/2026:06:11:30 +0200] "GET /rhn/websocket/notifications HTTP/1.1" 101 -
172.16.3.5 - - [24/May/2026:06:11:30 +0200] "GET /rhn/channels/manage/Repositories.do?cid=129 HTTP/1.1" 200 46793
172.16.3.5 - - [24/May/2026:06:11:30 +0200] "POST /rhn/manager/frontend-log HTTP/1.1" 200 16
127.0.0.1 - - [24/May/2026:06:11:30 +0200] "GET /rhn/websocket/notifications HTTP/1.1" 101 -
172.16.3.5 - - [24/May/2026:06:11:30 +0200] "POST /rhn/ajax/item-selector HTTP/1.1" 200 35
172.16.3.5 - - [24/May/2026:06:11:31 +0200] "POST /rhn/channels/manage/Repositories.do?cid=129 HTTP/1.1" 302 -
172.16.3.5 - - [24/May/2026:06:11:31 +0200] "GET /rhn/channels/manage/Repositories.do?cid=129 HTTP/1.1" 200 47353
172.16.3.5 - - [24/May/2026:06:11:32 +0200] "POST /rhn/manager/frontend-log HTTP/1.1" 200 16
127.0.0.1 - - [24/May/2026:06:11:32 +0200] "GET /rhn/websocket/notifications HTTP/1.1" 101 -
172.16.3.5 - - [24/May/2026:06:11:32 +0200] "GET /rhn/channels/manage/Manage.do HTTP/1.1" 200 48876
127.0.0.1 - - [24/May/2026:06:11:32 +0200] "GET /rhn/websocket/notifications HTTP/1.1" 101 -
172.16.3.5 - - [24/May/2026:06:11:32 +0200] "POST /rhn/manager/frontend-log HTTP/1.1" 200 16
172.16.3.5 - - [24/May/2026:06:11:32 +0200] "GET /rhn/channels/manage/Edit.do?cid=130 HTTP/1.1" 200 55841
127.0.0.1 - - [24/May/2026:06:11:32 +0200] "GET /rhn/websocket/notifications HTTP/1.1" 101 -
172.16.3.5 - - [24/May/2026:06:11:32 +0200] "POST /rhn/manager/frontend-log HTTP/1.1" 200 16
172.16.3.5 - - [24/May/2026:06:11:33 +0200] "POST /rhn/channels/manage/Edit.do HTTP/1.1" 302 -
172.16.3.5 - - [24/May/2026:06:11:33 +0200] "GET /rhn/channels/manage/Edit.do?cid=130 HTTP/1.1" 200 56021
172.16.3.5 - - [24/May/2026:06:11:33 +0200] "POST /rhn/manager/frontend-log HTTP/1.1" 200 16
127.0.0.1 - - [24/May/2026:06:11:33 +0200] "GET /rhn/websocket/notifications HTTP/1.1" 101 -
172.16.3.5 - - [24/May/2026:06:11:33 +0200] "POST /rhn/manager/frontend-log HTTP/1.1" 200 16
127.0.0.1 - - [24/May/2026:06:11:33 +0200] "GET /rhn/websocket/notifications HTTP/1.1" 101 -
172.16.3.5 - - [24/May/2026:06:11:34 +0200] "GET /rhn/channels/manage/Repositories.do?cid=130 HTTP/1.1" 200 46795
127.0.0.1 - - [24/May/2026:06:11:34 +0200] "GET /rhn/websocket/notifications HTTP/1.1" 101 -
172.16.3.5 - - [24/May/2026:06:11:34 +0200] "POST /rhn/manager/frontend-log HTTP/1.1" 200 16
172.16.3.5 - - [24/May/2026:06:11:34 +0200] "POST /rhn/ajax/item-selector HTTP/1.1" 200 35
172.16.3.5 - - [24/May/2026:06:11:35 +0200] "POST /rhn/channels/manage/Repositories.do?cid=130 HTTP/1.1" 302 -
172.16.3.5 - - [24/May/2026:06:11:35 +0200] "GET /rhn/channels/manage/Repositories.do?cid=130 HTTP/1.1" 200 47357
::1 - - [24/May/2026:06:11:35 +0200] "GET /rhn/errors/404.jsp HTTP/1.1" 404 4500
127.0.0.1 - - [24/May/2026:06:11:35 +0200] "GET /rhn/websocket/notifications HTTP/1.1" 101 -
172.16.3.5 - - [24/May/2026:06:11:35 +0200] "POST /rhn/manager/frontend-log HTTP/1.1" 200 16
172.16.3.5 - - [24/May/2026:06:11:35 +0200] "GET /rhn/channels/manage/repos/RepoList.do HTTP/1.1" 200 42949
172.16.3.5 - - [24/May/2026:06:11:36 +0200] "POST /rhn/manager/frontend-log HTTP/1.1" 200 16
127.0.0.1 - - [24/May/2026:06:11:36 +0200] "GET /rhn/websocket/notifications HTTP/1.1" 101 -
172.16.3.5 - - [24/May/2026:06:11:36 +0200] "GET /rhn/channels/manage/repos/RepoCreate.do HTTP/1.1" 200 41429
::1 - - [24/May/2026:06:11:36 +0200] "GET /rhn/errors/404.jsp HTTP/1.1" 404 4500
127.0.0.1 - - [24/May/2026:06:11:36 +0200] "GET /rhn/websocket/notifications HTTP/1.1" 101 -
172.16.3.5 - - [24/May/2026:06:11:36 +0200] "POST /rhn/manager/frontend-log HTTP/1.1" 200 16
172.16.3.5 - - [24/May/2026:06:11:46 +0200] "POST /rhn/channels/manage/repos/RepoCreate.do HTTP/1.1" 302 -
172.16.3.5 - - [24/May/2026:06:11:47 +0200] "GET /rhn/channels/manage/repos/RepoEdit.do?id=522 HTTP/1.1" 200 42067
172.16.3.5 - - [24/May/2026:06:11:47 +0200] "POST /rhn/manager/frontend-log HTTP/1.1" 200 16
127.0.0.1 - - [24/May/2026:06:11:47 +0200] "GET /rhn/websocket/notifications HTTP/1.1" 101 -
172.16.3.5 - - [24/May/2026:06:11:47 +0200] "POST /rhn/manager/frontend-log HTTP/1.1" 200 16
127.0.0.1 - - [24/May/2026:06:11:47 +0200] "GET /rhn/websocket/notifications HTTP/1.1" 101 -
172.16.3.5 - - [24/May/2026:06:11:47 +0200] "GET /rhn/channels/manage/Manage.do HTTP/1.1" 200 48877
127.0.0.1 - - [24/May/2026:06:11:47 +0200] "GET /rhn/websocket/notifications HTTP/1.1" 101 -
172.16.3.5 - - [24/May/2026:06:11:47 +0200] "POST /rhn/manager/frontend-log HTTP/1.1" 200 16
172.16.3.5 - - [24/May/2026:06:11:47 +0200] "GET /rhn/channels/manage/Edit.do?cid=125 HTTP/1.1" 200 55834
127.0.0.1 - - [24/May/2026:06:11:47 +0200] "GET /rhn/websocket/notifications HTTP/1.1" 101 -
172.16.3.5 - - [24/May/2026:06:11:47 +0200] "POST /rhn/manager/frontend-log HTTP/1.1" 200 16
172.16.3.5 - - [24/May/2026:06:11:48 +0200] "POST /rhn/channels/manage/Edit.do HTTP/1.1" 302 -
172.16.3.5 - - [24/May/2026:06:11:48 +0200] "GET /rhn/channels/manage/Edit.do?cid=125 HTTP/1.1" 200 56010
172.16.3.5 - - [24/May/2026:06:11:48 +0200] "POST /rhn/manager/frontend-log HTTP/1.1" 200 16
127.0.0.1 - - [24/May/2026:06:11:48 +0200] "GET /rhn/websocket/notifications HTTP/1.1" 101 -
172.16.3.5 - - [24/May/2026:06:11:48 +0200] "POST /rhn/manager/frontend-log HTTP/1.1" 200 16
172.16.3.5 - - [24/May/2026:06:11:48 +0200] "GET /rhn/channels/manage/Repositories.do?cid=125 HTTP/1.1" 200 47461
127.0.0.1 - - [24/May/2026:06:11:48 +0200] "GET /rhn/websocket/notifications HTTP/1.1" 101 -
127.0.0.1 - - [24/May/2026:06:11:49 +0200] "GET /rhn/websocket/notifications HTTP/1.1" 101 -
172.16.3.5 - - [24/May/2026:06:11:49 +0200] "POST /rhn/ajax/item-selector HTTP/1.1" 200 35
172.16.3.5 - - [24/May/2026:06:11:49 +0200] "POST /rhn/channels/manage/Repositories.do?cid=125 HTTP/1.1" 302 -
172.16.3.5 - - [24/May/2026:06:11:49 +0200] "POST /rhn/manager/frontend-log HTTP/1.1" 200 16
172.16.3.5 - - [24/May/2026:06:11:50 +0200] "GET /rhn/channels/manage/Repositories.do?cid=125 HTTP/1.1" 200 48019
172.16.3.5 - - [24/May/2026:06:11:50 +0200] "POST /rhn/manager/frontend-log HTTP/1.1" 200 16
127.0.0.1 - - [24/May/2026:06:11:50 +0200] "GET /rhn/websocket/notifications HTTP/1.1" 101 -
172.16.3.5 - - [24/May/2026:06:11:50 +0200] "GET /rhn/channels/manage/Manage.do HTTP/1.1" 200 48877
172.16.3.5 - - [24/May/2026:06:11:51 +0200] "POST /rhn/manager/frontend-log HTTP/1.1" 200 16
127.0.0.1 - - [24/May/2026:06:11:51 +0200] "GET /rhn/websocket/notifications HTTP/1.1" 101 -
172.16.3.5 - - [24/May/2026:06:11:51 +0200] "GET /rhn/channels/manage/Edit.do?cid=122 HTTP/1.1" 200 55858
172.16.3.5 - - [24/May/2026:06:11:51 +0200] "POST /rhn/manager/frontend-log HTTP/1.1" 200 16
127.0.0.1 - - [24/May/2026:06:11:51 +0200] "GET /rhn/websocket/notifications HTTP/1.1" 101 -
172.16.3.5 - - [24/May/2026:06:11:51 +0200] "GET /rhn/channels/manage/Repositories.do?cid=122 HTTP/1.1" 200 47466
127.0.0.1 - - [24/May/2026:06:11:52 +0200] "GET /rhn/websocket/notifications HTTP/1.1" 101 -
172.16.3.5 - - [24/May/2026:06:11:52 +0200] "POST /rhn/manager/frontend-log HTTP/1.1" 200 16
172.16.3.5 - - [24/May/2026:06:11:52 +0200] "POST /rhn/ajax/item-selector HTTP/1.1" 200 35
172.16.3.5 - - [24/May/2026:06:11:52 +0200] "POST /rhn/channels/manage/Repositories.do?cid=122 HTTP/1.1" 302 -
172.16.3.5 - - [24/May/2026:06:11:52 +0200] "GET /rhn/channels/manage/Repositories.do?cid=122 HTTP/1.1" 200 48029
127.0.0.1 - - [24/May/2026:06:11:53 +0200] "GET /rhn/websocket/notifications HTTP/1.1" 101 -
172.16.3.5 - - [24/May/2026:06:11:53 +0200] "POST /rhn/manager/frontend-log HTTP/1.1" 200 16
172.16.3.5 - - [24/May/2026:06:11:53 +0200] "GET /rhn/channels/manage/repos/RepoList.do HTTP/1.1" 200 43311
127.0.0.1 - - [24/May/2026:06:11:53 +0200] "GET /rhn/websocket/notifications HTTP/1.1" 101 -
172.16.3.5 - - [24/May/2026:06:11:53 +0200] "POST /rhn/manager/frontend-log HTTP/1.1" 200 16
172.16.3.5 - - [24/May/2026:06:11:53 +0200] "GET /rhn/channels/manage/repos/RepoCreate.do HTTP/1.1" 200 41429
127.0.0.1 - - [24/May/2026:06:11:53 +0200] "GET /rhn/websocket/notifications HTTP/1.1" 101 -
172.16.3.5 - - [24/May/2026:06:11:53 +0200] "POST /rhn/manager/frontend-log HTTP/1.1" 200 16
172.16.3.5 - - [24/May/2026:06:11:54 +0200] "POST /rhn/channels/manage/repos/RepoCreate.do HTTP/1.1" 302 -
172.16.3.5 - - [24/May/2026:06:11:54 +0200] "GET /rhn/channels/manage/repos/RepoEdit.do?id=523 HTTP/1.1" 200 42083
172.16.3.5 - - [24/May/2026:06:11:54 +0200] "POST /rhn/manager/frontend-log HTTP/1.1" 200 16
127.0.0.1 - - [24/May/2026:06:11:54 +0200] "GET /rhn/websocket/notifications HTTP/1.1" 101 -
172.16.3.5 - - [24/May/2026:06:11:54 +0200] "POST /rhn/manager/frontend-log HTTP/1.1" 200 16
127.0.0.1 - - [24/May/2026:06:11:54 +0200] "GET /rhn/websocket/notifications HTTP/1.1" 101 -
172.16.3.5 - - [24/May/2026:06:11:54 +0200] "GET /rhn/channels/manage/Manage.do HTTP/1.1" 200 48878
172.16.3.5 - - [24/May/2026:06:11:54 +0200] "POST /rhn/manager/frontend-log HTTP/1.1" 200 16
127.0.0.1 - - [24/May/2026:06:11:54 +0200] "GET /rhn/websocket/notifications HTTP/1.1" 101 -
172.16.3.5 - - [24/May/2026:06:11:55 +0200] "GET /rhn/channels/manage/Edit.do?cid=128 HTTP/1.1" 200 55790
127.0.0.1 - - [24/May/2026:06:11:55 +0200] "GET /rhn/websocket/notifications HTTP/1.1" 101 -
172.16.3.5 - - [24/May/2026:06:11:55 +0200] "POST /rhn/manager/frontend-log HTTP/1.1" 200 16
172.16.3.5 - - [24/May/2026:06:11:55 +0200] "GET /rhn/channels/manage/Repositories.do?cid=128 HTTP/1.1" 200 48138
127.0.0.1 - - [24/May/2026:06:11:55 +0200] "GET /rhn/websocket/notifications HTTP/1.1" 101 -
172.16.3.5 - - [24/May/2026:06:11:55 +0200] "POST /rhn/manager/frontend-log HTTP/1.1" 200 16
172.16.3.5 - - [24/May/2026:06:11:55 +0200] "POST /rhn/ajax/item-selector HTTP/1.1" 200 35
172.16.3.5 - - [24/May/2026:06:11:55 +0200] "POST /rhn/channels/manage/Repositories.do?cid=128 HTTP/1.1" 302 -
172.16.3.5 - - [24/May/2026:06:11:56 +0200] "GET /rhn/channels/manage/Repositories.do?cid=128 HTTP/1.1" 200 48702
127.0.0.1 - - [24/May/2026:06:11:56 +0200] "GET /rhn/websocket/notifications HTTP/1.1" 101 -
172.16.3.5 - - [24/May/2026:06:11:56 +0200] "POST /rhn/manager/frontend-log HTTP/1.1" 200 16
172.16.3.5 - - [24/May/2026:06:11:56 +0200] "GET /rhn/manager/login HTTP/1.1" 302 -
172.16.3.5 - - [24/May/2026:06:11:56 +0200] "GET /rhn/YourRhn.do HTTP/1.1" 200 38967
::1 - - [24/May/2026:06:11:56 +0200] "GET /rhn/errors/404.jsp HTTP/1.1" 404 4500
172.16.3.5 - - [24/May/2026:06:11:56 +0200] "POST /rhn/manager/frontend-log HTTP/1.1" 200 16
::1 - - [24/May/2026:06:11:56 +0200] "GET /rhn/errors/404.jsp HTTP/1.1" 404 4500
