172.16.3.5 - - [24/May/2026:06:23:20 +0200] "GET /rhn/manager/api/auth/logout HTTP/1.1" 200 16
172.16.3.5 - - [24/May/2026:06:23:20 +0200] "POST /rhn/manager/api/auth/login HTTP/1.1" 200 16
172.16.3.5 - - [24/May/2026:06:23:21 +0200] "POST /rhn/manager/api/user/addRole HTTP/1.1" 200 27
172.16.3.5 - - [24/May/2026:06:23:21 +0200] "GET /rhn/manager/api/auth/logout HTTP/1.1" 200 16
172.16.3.5 - - [24/May/2026:06:23:22 +0200] "POST /rhn/manager/api/auth/login HTTP/1.1" 200 16
172.16.3.5 - - [24/May/2026:06:23:22 +0200] "POST /rhn/manager/api/user/addRole HTTP/1.1" 200 27
172.16.3.5 - - [24/May/2026:06:23:22 +0200] "GET /rhn/manager/api/auth/logout HTTP/1.1" 200 16
172.16.3.5 - - [24/May/2026:06:23:23 +0200] "POST /rhn/manager/api/auth/login HTTP/1.1" 200 16
172.16.3.5 - - [24/May/2026:06:23:23 +0200] "POST /rhn/manager/api/user/addRole HTTP/1.1" 200 27
172.16.3.5 - - [24/May/2026:06:23:23 +0200] "GET /rhn/manager/api/auth/logout HTTP/1.1" 200 16
172.16.3.5 - - [24/May/2026:06:23:24 +0200] "POST /rhn/manager/api/auth/login HTTP/1.1" 200 16
172.16.3.5 - - [24/May/2026:06:23:24 +0200] "POST /rhn/manager/api/user/addRole HTTP/1.1" 200 27
172.16.3.5 - - [24/May/2026:06:23:24 +0200] "GET /rhn/manager/api/auth/logout HTTP/1.1" 200 16
172.16.3.5 - - [24/May/2026:06:23:25 +0200] "POST /rhn/manager/api/auth/login HTTP/1.1" 200 16
172.16.3.5 - - [24/May/2026:06:23:25 +0200] "POST /rhn/manager/api/user/addRole HTTP/1.1" 200 27
172.16.3.5 - - [24/May/2026:06:23:25 +0200] "GET /rhn/manager/api/auth/logout HTTP/1.1" 200 16
172.16.3.5 - - [24/May/2026:06:24:25 +0200] "POST /rhn/manager/api/auth/login HTTP/1.1" 200 16
172.16.3.5 - - [24/May/2026:06:24:26 +0200] "GET /rhn/manager/api/user/listUsers HTTP/1.1" 200 471
172.16.3.5 - - [24/May/2026:06:24:26 +0200] "GET /rhn/manager/api/auth/logout HTTP/1.1" 200 16
172.16.3.5 - - [24/May/2026:06:24:27 +0200] "POST /rhn/manager/api/auth/login HTTP/1.1" 200 16
172.16.3.5 - - [24/May/2026:06:24:28 +0200] "POST /rhn/manager/api/auth/login HTTP/1.1" 200 16
172.16.3.5 - - [24/May/2026:06:24:29 +0200] "GET /rhn/manager/api/user/listUsers HTTP/1.1" 200 471
172.16.3.5 - - [24/May/2026:06:24:30 +0200] "GET /rhn/manager/api/auth/logout HTTP/1.1" 200 16
172.16.3.5 - - [24/May/2026:06:24:31 +0200] "POST /rhn/manager/api/user/create HTTP/1.1" 200 27
172.16.3.5 - - [24/May/2026:06:24:31 +0200] "GET /rhn/manager/api/auth/logout HTTP/1.1" 200 16
172.16.3.5 - - [24/May/2026:06:24:31 +0200] "POST /rhn/manager/api/auth/login HTTP/1.1" 200 16
172.16.3.5 - - [24/May/2026:06:24:31 +0200] "POST /rhn/manager/api/auth/login HTTP/1.1" 200 16
172.16.3.5 - - [24/May/2026:06:24:32 +0200] "POST /rhn/manager/api/auth/login HTTP/1.1" 200 16
172.16.3.5 - - [24/May/2026:06:24:33 +0200] "POST /rhn/manager/api/user/addRole HTTP/1.1" 200 27
172.16.3.5 - - [24/May/2026:06:24:33 +0200] "GET /rhn/manager/api/auth/logout HTTP/1.1" 200 16
172.16.3.5 - - [24/May/2026:06:24:34 +0200] "GET /rhn/manager/api/user/listUsers HTTP/1.1" 200 550
172.16.3.5 - - [24/May/2026:06:24:34 +0200] "POST /rhn/manager/api/user/create HTTP/1.1" 200 27
172.16.3.5 - - [24/May/2026:06:24:34 +0200] "GET /rhn/manager/api/auth/logout HTTP/1.1" 200 16
172.16.3.5 - - [24/May/2026:06:24:34 +0200] "POST /rhn/manager/api/auth/login HTTP/1.1" 200 16
172.16.3.5 - - [24/May/2026:06:24:34 +0200] "GET /rhn/manager/api/auth/logout HTTP/1.1" 200 16
172.16.3.5 - - [24/May/2026:06:24:35 +0200] "POST /rhn/manager/api/user/addRole HTTP/1.1" 200 27
172.16.3.5 - - [24/May/2026:06:24:35 +0200] "GET /rhn/manager/api/auth/logout HTTP/1.1" 200 16
172.16.3.5 - - [24/May/2026:06:24:35 +0200] "POST /rhn/manager/api/auth/login HTTP/1.1" 200 16
172.16.3.5 - - [24/May/2026:06:24:36 +0200] "POST /rhn/manager/api/auth/login HTTP/1.1" 200 16
172.16.3.5 - - [24/May/2026:06:24:36 +0200] "POST /rhn/manager/api/auth/login HTTP/1.1" 200 16
172.16.3.5 - - [24/May/2026:06:24:36 +0200] "POST /rhn/manager/api/user/addRole HTTP/1.1" 200 27
172.16.3.5 - - [24/May/2026:06:24:36 +0200] "GET /rhn/manager/api/auth/logout HTTP/1.1" 200 16
172.16.3.5 - - [24/May/2026:06:24:36 +0200] "POST /rhn/manager/api/user/create HTTP/1.1" 200 27
172.16.3.5 - - [24/May/2026:06:24:37 +0200] "POST /rhn/manager/api/user/addRole HTTP/1.1" 200 27
172.16.3.5 - - [24/May/2026:06:24:37 +0200] "GET /rhn/manager/api/auth/logout HTTP/1.1" 200 16
172.16.3.5 - - [24/May/2026:06:24:37 +0200] "GET /rhn/manager/api/auth/logout HTTP/1.1" 200 16
172.16.3.5 - - [24/May/2026:06:24:38 +0200] "POST /rhn/manager/api/auth/login HTTP/1.1" 200 16
172.16.3.5 - - [24/May/2026:06:24:38 +0200] "POST /rhn/manager/api/auth/login HTTP/1.1" 200 16
172.16.3.5 - - [24/May/2026:06:24:38 +0200] "POST /rhn/manager/api/auth/login HTTP/1.1" 200 16
172.16.3.5 - - [24/May/2026:06:24:38 +0200] "POST /rhn/manager/api/auth/login HTTP/1.1" 200 16
172.16.3.5 - - [24/May/2026:06:24:38 +0200] "POST /rhn/manager/api/auth/login HTTP/1.1" 200 16
172.16.3.5 - - [24/May/2026:06:24:39 +0200] "POST /rhn/manager/api/user/addRole HTTP/1.1" 200 27
172.16.3.5 - - [24/May/2026:06:24:39 +0200] "POST /rhn/manager/api/user/addRole HTTP/1.1" 200 27
172.16.3.5 - - [24/May/2026:06:24:39 +0200] "GET /rhn/manager/api/auth/logout HTTP/1.1" 200 16
172.16.3.5 - - [24/May/2026:06:24:39 +0200] "POST /rhn/manager/api/user/addRole HTTP/1.1" 200 27
172.16.3.5 - - [24/May/2026:06:24:39 +0200] "GET /rhn/manager/api/auth/logout HTTP/1.1" 200 16
172.16.3.5 - - [24/May/2026:06:24:39 +0200] "GET /rhn/manager/api/auth/logout HTTP/1.1" 200 16
172.16.3.5 - - [24/May/2026:06:24:40 +0200] "GET /rhn/manager/api/user/listUsers HTTP/1.1" 200 700
172.16.3.5 - - [24/May/2026:06:24:40 +0200] "GET /rhn/manager/api/user/listUsers HTTP/1.1" 200 700
172.16.3.5 - - [24/May/2026:06:24:40 +0200] "GET /rhn/manager/api/auth/logout HTTP/1.1" 200 16
172.16.3.5 - - [24/May/2026:06:24:40 +0200] "GET /rhn/manager/api/auth/logout HTTP/1.1" 200 16
172.16.3.5 - - [24/May/2026:06:24:40 +0200] "POST /rhn/manager/api/auth/login HTTP/1.1" 200 16
172.16.3.5 - - [24/May/2026:06:24:41 +0200] "POST /rhn/manager/api/user/addRole HTTP/1.1" 200 27
172.16.3.5 - - [24/May/2026:06:24:41 +0200] "POST /rhn/manager/api/auth/login HTTP/1.1" 200 16
172.16.3.5 - - [24/May/2026:06:24:41 +0200] "POST /rhn/manager/api/auth/login HTTP/1.1" 200 16
172.16.3.5 - - [24/May/2026:06:24:41 +0200] "GET /rhn/manager/api/auth/logout HTTP/1.1" 200 16
172.16.3.5 - - [24/May/2026:06:24:41 +0200] "POST /rhn/manager/api/user/addRole HTTP/1.1" 200 27
172.16.3.5 - - [24/May/2026:06:24:41 +0200] "POST /rhn/manager/api/user/addRole HTTP/1.1" 200 27
172.16.3.5 - - [24/May/2026:06:24:41 +0200] "GET /rhn/manager/api/auth/logout HTTP/1.1" 200 16
172.16.3.5 - - [24/May/2026:06:24:41 +0200] "POST /rhn/manager/api/auth/login HTTP/1.1" 200 16
172.16.3.5 - - [24/May/2026:06:24:42 +0200] "GET /rhn/manager/api/auth/logout HTTP/1.1" 200 16
172.16.3.5 - - [24/May/2026:06:24:42 +0200] "POST /rhn/manager/api/auth/login HTTP/1.1" 200 16
172.16.3.5 - - [24/May/2026:06:24:43 +0200] "POST /rhn/manager/api/auth/login HTTP/1.1" 200 16
172.16.3.5 - - [24/May/2026:06:24:43 +0200] "POST /rhn/manager/api/user/addRole HTTP/1.1" 200 27
172.16.3.5 - - [24/May/2026:06:24:43 +0200] "POST /rhn/manager/api/auth/login HTTP/1.1" 200 16
172.16.3.5 - - [24/May/2026:06:24:44 +0200] "GET /rhn/manager/api/auth/logout HTTP/1.1" 200 16
172.16.3.5 - - [24/May/2026:06:24:44 +0200] "POST /rhn/manager/api/auth/login HTTP/1.1" 200 16
172.16.3.5 - - [24/May/2026:06:24:44 +0200] "POST /rhn/manager/api/user/addRole HTTP/1.1" 200 27
172.16.3.5 - - [24/May/2026:06:24:44 +0200] "GET /rhn/manager/api/auth/logout HTTP/1.1" 200 16
172.16.3.5 - - [24/May/2026:06:24:44 +0200] "POST /rhn/manager/api/user/addRole HTTP/1.1" 200 27
172.16.3.5 - - [24/May/2026:06:24:44 +0200] "GET /rhn/manager/api/auth/logout HTTP/1.1" 200 16
172.16.3.5 - - [24/May/2026:06:24:45 +0200] "POST /rhn/manager/api/user/create HTTP/1.1" 200 27
172.16.3.5 - - [24/May/2026:06:24:45 +0200] "GET /rhn/manager/api/auth/logout HTTP/1.1" 200 16
172.16.3.5 - - [24/May/2026:06:24:45 +0200] "POST /rhn/manager/api/auth/login HTTP/1.1" 200 16
172.16.3.5 - - [24/May/2026:06:24:45 +0200] "POST /rhn/manager/api/user/create HTTP/1.1" 200 27
172.16.3.5 - - [24/May/2026:06:24:45 +0200] "POST /rhn/manager/api/auth/login HTTP/1.1" 200 16
172.16.3.5 - - [24/May/2026:06:24:46 +0200] "GET /rhn/manager/api/auth/logout HTTP/1.1" 200 16
172.16.3.5 - - [24/May/2026:06:24:46 +0200] "POST /rhn/manager/api/user/addRole HTTP/1.1" 200 27
172.16.3.5 - - [24/May/2026:06:24:46 +0200] "GET /rhn/manager/api/auth/logout HTTP/1.1" 200 16
172.16.3.5 - - [24/May/2026:06:24:46 +0200] "POST /rhn/manager/api/user/addRole HTTP/1.1" 200 27
172.16.3.5 - - [24/May/2026:06:24:46 +0200] "GET /rhn/manager/api/auth/logout HTTP/1.1" 200 16
172.16.3.5 - - [24/May/2026:06:24:46 +0200] "POST /rhn/manager/api/auth/login HTTP/1.1" 200 16
172.16.3.5 - - [24/May/2026:06:24:46 +0200] "POST /rhn/manager/api/user/addRole HTTP/1.1" 200 27
172.16.3.5 - - [24/May/2026:06:24:47 +0200] "GET /rhn/manager/api/auth/logout HTTP/1.1" 200 16
172.16.3.5 - - [24/May/2026:06:24:47 +0200] "POST /rhn/manager/api/auth/login HTTP/1.1" 200 16
172.16.3.5 - - [24/May/2026:06:24:47 +0200] "POST /rhn/manager/api/auth/login HTTP/1.1" 200 16
172.16.3.5 - - [24/May/2026:06:24:47 +0200] "POST /rhn/manager/api/auth/login HTTP/1.1" 200 16
172.16.3.5 - - [24/May/2026:06:24:47 +0200] "POST /rhn/manager/api/user/addRole HTTP/1.1" 200 27
172.16.3.5 - - [24/May/2026:06:24:47 +0200] "POST /rhn/manager/api/user/addRole HTTP/1.1" 200 27
172.16.3.5 - - [24/May/2026:06:24:47 +0200] "GET /rhn/manager/api/auth/logout HTTP/1.1" 200 16
172.16.3.5 - - [24/May/2026:06:24:47 +0200] "POST /rhn/manager/api/user/addRole HTTP/1.1" 200 27
172.16.3.5 - - [24/May/2026:06:24:47 +0200] "GET /rhn/manager/api/auth/logout HTTP/1.1" 200 16
172.16.3.5 - - [24/May/2026:06:24:48 +0200] "GET /rhn/manager/api/auth/logout HTTP/1.1" 200 16
172.16.3.5 - - [24/May/2026:06:24:48 +0200] "POST /rhn/manager/api/auth/login HTTP/1.1" 200 16
172.16.3.5 - - [24/May/2026:06:24:48 +0200] "POST /rhn/manager/api/user/addRole HTTP/1.1" 200 27
172.16.3.5 - - [24/May/2026:06:24:48 +0200] "GET /rhn/manager/api/auth/logout HTTP/1.1" 200 16
172.16.3.5 - - [24/May/2026:06:24:48 +0200] "POST /rhn/manager/api/auth/login HTTP/1.1" 200 16
172.16.3.5 - - [24/May/2026:06:24:48 +0200] "POST /rhn/manager/api/auth/login HTTP/1.1" 200 16
172.16.3.5 - - [24/May/2026:06:24:49 +0200] "POST /rhn/manager/api/user/addRole HTTP/1.1" 200 27
172.16.3.5 - - [24/May/2026:06:24:49 +0200] "GET /rhn/manager/api/auth/logout HTTP/1.1" 200 16
172.16.3.5 - - [24/May/2026:06:24:49 +0200] "POST /rhn/manager/api/user/addRole HTTP/1.1" 200 27
172.16.3.5 - - [24/May/2026:06:24:49 +0200] "GET /rhn/manager/api/auth/logout HTTP/1.1" 200 16
172.16.3.5 - - [24/May/2026:06:24:49 +0200] "POST /rhn/manager/api/auth/login HTTP/1.1" 200 16
172.16.3.5 - - [24/May/2026:06:24:49 +0200] "POST /rhn/manager/api/user/addRole HTTP/1.1" 200 27
172.16.3.5 - - [24/May/2026:06:24:49 +0200] "GET /rhn/manager/api/auth/logout HTTP/1.1" 200 16
172.16.3.5 - - [24/May/2026:06:24:49 +0200] "POST /rhn/manager/api/auth/login HTTP/1.1" 200 16
172.16.3.5 - - [24/May/2026:06:24:50 +0200] "POST /rhn/manager/api/user/addRole HTTP/1.1" 200 27
172.16.3.5 - - [24/May/2026:06:24:50 +0200] "GET /rhn/manager/api/auth/logout HTTP/1.1" 200 16
172.16.3.5 - - [24/May/2026:06:24:50 +0200] "POST /rhn/manager/api/auth/login HTTP/1.1" 200 16
172.16.3.5 - - [24/May/2026:06:24:50 +0200] "POST /rhn/manager/api/user/addRole HTTP/1.1" 200 27
172.16.3.5 - - [24/May/2026:06:24:50 +0200] "GET /rhn/manager/api/auth/logout HTTP/1.1" 200 16
172.16.3.5 - - [24/May/2026:06:24:51 +0200] "POST /rhn/manager/api/auth/login HTTP/1.1" 200 16
172.16.3.5 - - [24/May/2026:06:24:51 +0200] "POST /rhn/manager/api/user/addRole HTTP/1.1" 200 27
172.16.3.5 - - [24/May/2026:06:24:51 +0200] "GET /rhn/manager/api/auth/logout HTTP/1.1" 200 16
172.16.3.5 - - [24/May/2026:06:24:52 +0200] "POST /rhn/manager/api/auth/login HTTP/1.1" 200 16
172.16.3.5 - - [24/May/2026:06:24:52 +0200] "POST /rhn/manager/api/auth/login HTTP/1.1" 200 16
172.16.3.5 - - [24/May/2026:06:24:52 +0200] "POST /rhn/manager/api/user/addRole HTTP/1.1" 200 27
172.16.3.5 - - [24/May/2026:06:24:52 +0200] "GET /rhn/manager/api/auth/logout HTTP/1.1" 200 16
172.16.3.5 - - [24/May/2026:06:24:52 +0200] "POST /rhn/manager/api/user/addRole HTTP/1.1" 200 27
172.16.3.5 - - [24/May/2026:06:24:53 +0200] "GET /rhn/manager/api/auth/logout HTTP/1.1" 200 16
172.16.3.5 - - [24/May/2026:06:24:53 +0200] "POST /rhn/manager/api/auth/login HTTP/1.1" 200 16
172.16.3.5 - - [24/May/2026:06:24:53 +0200] "POST /rhn/manager/api/user/addRole HTTP/1.1" 200 27
172.16.3.5 - - [24/May/2026:06:24:53 +0200] "GET /rhn/manager/api/auth/logout HTTP/1.1" 200 16
172.16.3.5 - - [24/May/2026:06:24:54 +0200] "POST /rhn/manager/api/auth/login HTTP/1.1" 200 16
172.16.3.5 - - [24/May/2026:06:24:54 +0200] "POST /rhn/manager/api/user/addRole HTTP/1.1" 200 27
172.16.3.5 - - [24/May/2026:06:24:54 +0200] "GET /rhn/manager/api/auth/logout HTTP/1.1" 200 16
172.16.3.5 - - [24/May/2026:06:25:10 +0200] "GET /rhn/manager/login HTTP/1.1" 200 2262
172.16.3.5 - - [24/May/2026:06:25:10 +0200] "POST /rhn/manager/frontend-log HTTP/1.1" 302 -
172.16.3.5 - - [24/May/2026:06:25:10 +0200] "GET /rhn/manager/login?url_bounce=%2Frhn%2Fmanager%2Ffrontend-log&request_method=POST HTTP/1.1" 200 2262
172.16.3.5 - - [24/May/2026:06:25:15 +0200] "GET /rhn/manager/login HTTP/1.1" 200 2262
172.16.3.5 - - [24/May/2026:06:25:16 +0200] "POST /rhn/manager/frontend-log HTTP/1.1" 302 -
172.16.3.5 - - [24/May/2026:06:25:16 +0200] "GET /rhn/manager/login?url_bounce=%2Frhn%2Fmanager%2Ffrontend-log&request_method=POST HTTP/1.1" 200 2266
172.16.3.5 - - [24/May/2026:06:25:21 +0200] "POST /rhn/manager/api/login HTTP/1.1" 200 16
172.16.3.5 - - [24/May/2026:06:25:21 +0200] "GET /rhn/YourRhn.do HTTP/1.1" 200 38947
172.16.3.5 - - [24/May/2026:06:25:22 +0200] "POST /rhn/manager/frontend-log HTTP/1.1" 401 687
127.0.0.1 - - [24/May/2026:06:25:22 +0200] "GET /rhn/websocket/notifications HTTP/1.1" 101 -
172.16.3.5 - - [24/May/2026:06:25:22 +0200] "POST /rhn/ajax/inactive-systems HTTP/1.1" 200 540
172.16.3.5 - - [24/May/2026:06:25:22 +0200] "POST /rhn/ajax/disk-check-warning HTTP/1.1" 200 -
172.16.3.5 - - [24/May/2026:06:25:22 +0200] "POST /rhn/ajax/critical-systems HTTP/1.1" 200 2025
172.16.3.5 - - [24/May/2026:06:25:22 +0200] "POST /rhn/ajax/tasks HTTP/1.1" 200 2232
172.16.3.5 - - [24/May/2026:06:25:22 +0200] "POST /rhn/ajax/pending-actions HTTP/1.1" 200 3272
172.16.3.5 - - [24/May/2026:06:25:22 +0200] "POST /rhn/ajax/latest-errata HTTP/1.1" 200 539
172.16.3.5 - - [24/May/2026:06:25:23 +0200] "POST /rhn/ajax/systems-groups HTTP/1.1" 200 1490
172.16.3.5 - - [24/May/2026:06:25:23 +0200] "POST /rhn/ajax/subscription-warning HTTP/1.1" 200 -
172.16.3.5 - - [24/May/2026:06:25:23 +0200] "POST /rhn/manager/frontend-log HTTP/1.1" 200 16
127.0.0.1 - - [24/May/2026:06:25:23 +0200] "GET /rhn/websocket/notifications HTTP/1.1" 101 -
172.16.3.5 - - [24/May/2026:06:25:23 +0200] "POST /rhn/ajax/recent-systems HTTP/1.1" 200 3174
172.16.3.5 - - [24/May/2026:06:25:24 +0200] "GET /rhn/manager/systems/bootstrap HTTP/1.1" 200 37042
127.0.0.1 - - [24/May/2026:06:25:24 +0200] "GET /rhn/websocket/notifications HTTP/1.1" 101 -
172.16.3.5 - - [24/May/2026:06:25:24 +0200] "POST /rhn/manager/frontend-log HTTP/1.1" 200 16
172.16.3.5 - - [24/May/2026:06:25:25 +0200] "GET /rhn/manager/login HTTP/1.1" 200 2262
172.16.3.5 - - [24/May/2026:06:25:26 +0200] "POST /rhn/manager/frontend-log HTTP/1.1" 302 -
172.16.3.5 - - [24/May/2026:06:25:26 +0200] "GET /rhn/manager/login?url_bounce=%2Frhn%2Fmanager%2Ffrontend-log&request_method=POST HTTP/1.1" 200 2266
172.16.3.5 - - [24/May/2026:06:25:26 +0200] "POST /rhn/manager/api/login HTTP/1.1" 200 16
172.16.3.5 - - [24/May/2026:06:25:26 +0200] "GET /rhn/YourRhn.do HTTP/1.1" 200 38947
172.16.3.5 - - [24/May/2026:06:25:27 +0200] "POST /rhn/manager/frontend-log HTTP/1.1" 401 687
172.16.3.5 - - [24/May/2026:06:25:27 +0200] "POST /rhn/ajax/inactive-systems HTTP/1.1" 200 540
172.16.3.5 - - [24/May/2026:06:25:27 +0200] "POST /rhn/ajax/subscription-warning HTTP/1.1" 200 -
172.16.3.5 - - [24/May/2026:06:25:27 +0200] "POST /rhn/ajax/disk-check-warning HTTP/1.1" 200 -
127.0.0.1 - - [24/May/2026:06:25:27 +0200] "GET /rhn/websocket/notifications HTTP/1.1" 101 -
172.16.3.5 - - [24/May/2026:06:25:27 +0200] "POST /rhn/ajax/critical-systems HTTP/1.1" 200 2026
172.16.3.5 - - [24/May/2026:06:25:27 +0200] "POST /rhn/ajax/pending-actions HTTP/1.1" 200 3272
172.16.3.5 - - [24/May/2026:06:25:27 +0200] "POST /rhn/ajax/tasks HTTP/1.1" 200 2232
172.16.3.5 - - [24/May/2026:06:25:27 +0200] "POST /rhn/ajax/systems-groups HTTP/1.1" 200 1491
172.16.3.5 - - [24/May/2026:06:25:27 +0200] "POST /rhn/ajax/latest-errata HTTP/1.1" 200 539
127.0.0.1 - - [24/May/2026:06:25:27 +0200] "GET /rhn/websocket/notifications HTTP/1.1" 101 -
172.16.3.5 - - [24/May/2026:06:25:27 +0200] "POST /rhn/ajax/recent-systems HTTP/1.1" 200 3175
172.16.3.5 - - [24/May/2026:06:25:27 +0200] "POST /rhn/manager/frontend-log HTTP/1.1" 200 16
172.16.3.5 - - [24/May/2026:06:25:28 +0200] "GET /rhn/manager/systems/bootstrap HTTP/1.1" 200 37044
172.16.3.5 - - [24/May/2026:06:25:28 +0200] "GET /rhn/manager/login HTTP/1.1" 200 2260
172.16.3.5 - - [24/May/2026:06:25:28 +0200] "POST /rhn/manager/frontend-log HTTP/1.1" 200 16
127.0.0.1 - - [24/May/2026:06:25:28 +0200] "GET /rhn/websocket/notifications HTTP/1.1" 101 -
172.16.3.5 - - [24/May/2026:06:25:28 +0200] "POST /rhn/manager/frontend-log HTTP/1.1" 302 -
172.16.3.5 - - [24/May/2026:06:25:28 +0200] "GET /rhn/manager/login?url_bounce=%2Frhn%2Fmanager%2Ffrontend-log&request_method=POST HTTP/1.1" 200 2266
172.16.3.5 - - [24/May/2026:06:25:32 +0200] "GET /rhn/manager/login HTTP/1.1" 200 2262
172.16.3.7 - - [24/May/2026:06:25:32 +0200] "GET /rhn/errors/404.jsp HTTP/1.1" 404 4500
172.16.3.7 - - [24/May/2026:06:25:32 +0200] "GET /rhn/errors/404.jsp HTTP/1.1" 404 4500
172.16.3.5 - - [24/May/2026:06:25:32 +0200] "POST /rhn/manager/frontend-log HTTP/1.1" 302 -
172.16.3.5 - - [24/May/2026:06:25:33 +0200] "GET /rhn/manager/login?url_bounce=%2Frhn%2Fmanager%2Ffrontend-log&request_method=POST HTTP/1.1" 200 2264
172.16.3.5 - - [24/May/2026:06:25:37 +0200] "POST /rhn/manager/api/login HTTP/1.1" 200 16
172.16.3.5 - - [24/May/2026:06:25:37 +0200] "GET /rhn/YourRhn.do HTTP/1.1" 200 38947
172.16.3.5 - - [24/May/2026:06:25:37 +0200] "POST /rhn/manager/frontend-log HTTP/1.1" 401 687
172.16.3.5 - - [24/May/2026:06:25:37 +0200] "POST /rhn/ajax/inactive-systems HTTP/1.1" 200 540
172.16.3.5 - - [24/May/2026:06:25:37 +0200] "POST /rhn/ajax/critical-systems HTTP/1.1" 200 2026
172.16.3.5 - - [24/May/2026:06:25:37 +0200] "POST /rhn/ajax/pending-actions HTTP/1.1" 200 3272
127.0.0.1 - - [24/May/2026:06:25:37 +0200] "GET /rhn/websocket/notifications HTTP/1.1" 101 -
172.16.3.5 - - [24/May/2026:06:25:38 +0200] "POST /rhn/ajax/latest-errata HTTP/1.1" 200 539
172.16.3.5 - - [24/May/2026:06:25:38 +0200] "POST /rhn/ajax/systems-groups HTTP/1.1" 200 1491
172.16.3.5 - - [24/May/2026:06:25:38 +0200] "POST /rhn/ajax/subscription-warning HTTP/1.1" 200 -
172.16.3.5 - - [24/May/2026:06:25:38 +0200] "POST /rhn/ajax/recent-systems HTTP/1.1" 200 3175
172.16.3.5 - - [24/May/2026:06:25:38 +0200] "POST /rhn/ajax/disk-check-warning HTTP/1.1" 200 -
127.0.0.1 - - [24/May/2026:06:25:38 +0200] "GET /rhn/websocket/notifications HTTP/1.1" 101 -
172.16.3.5 - - [24/May/2026:06:25:38 +0200] "POST /rhn/ajax/tasks HTTP/1.1" 200 2232
172.16.3.5 - - [24/May/2026:06:25:38 +0200] "POST /rhn/manager/frontend-log HTTP/1.1" 200 16
172.16.3.5 - - [24/May/2026:06:25:39 +0200] "GET /rhn/manager/systems/bootstrap HTTP/1.1" 200 37044
172.16.3.5 - - [24/May/2026:06:25:39 +0200] "POST /rhn/manager/frontend-log HTTP/1.1" 200 16
127.0.0.1 - - [24/May/2026:06:25:39 +0200] "GET /rhn/websocket/notifications HTTP/1.1" 101 -
172.16.3.5 - - [24/May/2026:06:25:39 +0200] "POST /rhn/manager/api/login HTTP/1.1" 200 16
172.16.3.5 - - [24/May/2026:06:25:40 +0200] "GET /rhn/YourRhn.do HTTP/1.1" 200 38947
172.16.3.5 - - [24/May/2026:06:25:40 +0200] "POST /rhn/manager/frontend-log HTTP/1.1" 401 687
127.0.0.1 - - [24/May/2026:06:25:40 +0200] "GET /rhn/websocket/notifications HTTP/1.1" 101 -
172.16.3.5 - - [24/May/2026:06:25:40 +0200] "POST /rhn/ajax/subscription-warning HTTP/1.1" 200 -
172.16.3.5 - - [24/May/2026:06:25:40 +0200] "POST /rhn/ajax/inactive-systems HTTP/1.1" 200 540
172.16.3.5 - - [24/May/2026:06:25:40 +0200] "POST /rhn/ajax/critical-systems HTTP/1.1" 200 2026
172.16.3.5 - - [24/May/2026:06:25:41 +0200] "POST /rhn/ajax/pending-actions HTTP/1.1" 200 3272
172.16.3.7 - - [24/May/2026:06:25:41 +0200] "GET /rhn/errors/404.jsp HTTP/1.1" 404 4500
172.16.3.5 - - [24/May/2026:06:25:41 +0200] "POST /rhn/ajax/tasks HTTP/1.1" 200 2232
172.16.3.5 - - [24/May/2026:06:25:41 +0200] "POST /rhn/ajax/latest-errata HTTP/1.1" 200 539
172.16.3.5 - - [24/May/2026:06:25:41 +0200] "POST /rhn/ajax/systems-groups HTTP/1.1" 200 1491
127.0.0.1 - - [24/May/2026:06:25:41 +0200] "GET /rhn/websocket/notifications HTTP/1.1" 101 -
172.16.3.5 - - [24/May/2026:06:25:41 +0200] "POST /rhn/manager/frontend-log HTTP/1.1" 200 16
172.16.3.5 - - [24/May/2026:06:25:41 +0200] "POST /rhn/ajax/recent-systems HTTP/1.1" 200 3175
172.16.3.5 - - [24/May/2026:06:25:41 +0200] "POST /rhn/ajax/disk-check-warning HTTP/1.1" 200 -
172.16.3.5 - - [24/May/2026:06:25:41 +0200] "GET /rhn/manager/systems/bootstrap HTTP/1.1" 200 37044
127.0.0.1 - - [24/May/2026:06:25:42 +0200] "GET /rhn/websocket/notifications HTTP/1.1" 101 -
172.16.3.5 - - [24/May/2026:06:25:42 +0200] "POST /rhn/manager/frontend-log HTTP/1.1" 200 16
172.16.3.5 - - [24/May/2026:06:25:43 +0200] "POST /rhn/manager/api/login HTTP/1.1" 200 16
172.16.3.5 - - [24/May/2026:06:25:43 +0200] "GET /rhn/YourRhn.do HTTP/1.1" 200 38947
172.16.3.5 - - [24/May/2026:06:25:44 +0200] "POST /rhn/manager/frontend-log HTTP/1.1" 401 687
172.16.3.5 - - [24/May/2026:06:25:44 +0200] "POST /rhn/ajax/subscription-warning HTTP/1.1" 200 -
172.16.3.5 - - [24/May/2026:06:25:44 +0200] "POST /rhn/ajax/inactive-systems HTTP/1.1" 200 540
127.0.0.1 - - [24/May/2026:06:25:44 +0200] "GET /rhn/websocket/notifications HTTP/1.1" 101 -
172.16.3.5 - - [24/May/2026:06:25:44 +0200] "POST /rhn/ajax/tasks HTTP/1.1" 200 2232
172.16.3.5 - - [24/May/2026:06:25:44 +0200] "POST /rhn/ajax/critical-systems HTTP/1.1" 200 2026
172.16.3.5 - - [24/May/2026:06:25:44 +0200] "POST /rhn/ajax/pending-actions HTTP/1.1" 200 3272
172.16.3.5 - - [24/May/2026:06:25:44 +0200] "POST /rhn/ajax/disk-check-warning HTTP/1.1" 200 -
172.16.3.5 - - [24/May/2026:06:25:44 +0200] "POST /rhn/ajax/latest-errata HTTP/1.1" 200 539
172.16.3.5 - - [24/May/2026:06:25:45 +0200] "POST /rhn/ajax/systems-groups HTTP/1.1" 200 1491
127.0.0.1 - - [24/May/2026:06:25:45 +0200] "GET /rhn/websocket/notifications HTTP/1.1" 101 -
172.16.3.5 - - [24/May/2026:06:25:45 +0200] "POST /rhn/ajax/recent-systems HTTP/1.1" 200 3175
172.16.3.5 - - [24/May/2026:06:25:45 +0200] "POST /rhn/manager/frontend-log HTTP/1.1" 200 16
172.16.3.5 - - [24/May/2026:06:25:45 +0200] "GET /rhn/manager/systems/bootstrap HTTP/1.1" 200 37044
127.0.0.1 - - [24/May/2026:06:25:45 +0200] "GET /rhn/websocket/notifications HTTP/1.1" 101 -
172.16.3.5 - - [24/May/2026:06:25:45 +0200] "POST /rhn/manager/frontend-log HTTP/1.1" 200 16
172.16.3.7 - - [24/May/2026:06:25:46 +0200] "GET /rhn/errors/404.jsp HTTP/1.1" 404 4500
172.16.3.7 - - [24/May/2026:06:25:48 +0200] "GET /rhn/errors/404.jsp HTTP/1.1" 404 4500
172.16.3.7 - - [24/May/2026:06:25:55 +0200] "GET /rhn/errors/404.jsp HTTP/1.1" 404 4500
172.16.3.5 - - [24/May/2026:06:26:08 +0200] "POST /rhn/manager/api/systems/bootstrap HTTP/1.1" 200 28
172.16.3.5 - - [24/May/2026:06:26:09 +0200] "GET /rhn/manager/systems/list/all HTTP/1.1" 200 36840
127.0.0.1 - - [24/May/2026:06:26:09 +0200] "GET /rhn/websocket/notifications HTTP/1.1" 101 -
172.16.3.5 - - [24/May/2026:06:26:09 +0200] "POST /rhn/manager/frontend-log HTTP/1.1" 200 16
172.16.3.5 - - [24/May/2026:06:26:09 +0200] "GET /rhn/manager/api/systems/list/all?p=1&ps=100&s=1&sc=server_name HTTP/1.1" 200 789
172.16.3.5 - - [24/May/2026:06:26:10 +0200] "POST /rhn/manager/api/sets/system_list HTTP/1.1" 200 1
172.16.3.5 - - [24/May/2026:06:26:16 +0200] "GET /rhn/manager/systems/list/all HTTP/1.1" 200 36840
172.16.3.5 - - [24/May/2026:06:26:17 +0200] "POST /rhn/manager/frontend-log HTTP/1.1" 200 16
172.16.3.7 - - [24/May/2026:06:26:17 +0200] "GET /rhn/errors/404.jsp HTTP/1.1" 404 4500
172.16.3.7 - - [24/May/2026:06:26:17 +0200] "GET /rhn/errors/404.jsp HTTP/1.1" 404 4500
127.0.0.1 - - [24/May/2026:06:26:17 +0200] "GET /rhn/websocket/notifications HTTP/1.1" 101 -
127.0.0.1 - - [24/May/2026:06:26:17 +0200] "GET /rhn/websocket/notifications HTTP/1.1" 101 -
172.16.3.5 - - [24/May/2026:06:26:17 +0200] "POST /rhn/manager/frontend-log HTTP/1.1" 200 16
172.16.3.5 - - [24/May/2026:06:26:17 +0200] "GET /rhn/manager/api/systems/list/all?p=1&ps=100&s=1&sc=server_name HTTP/1.1" 200 789
172.16.3.5 - - [24/May/2026:06:26:17 +0200] "POST /rhn/manager/api/sets/system_list HTTP/1.1" 200 1
172.16.3.5 - - [24/May/2026:06:26:17 +0200] "POST /rhn/manager/api/systems/bootstrap HTTP/1.1" 200 28
172.16.3.7 - - [24/May/2026:06:26:17 +0200] "GET /rhn/errors/404.jsp HTTP/1.1" 404 4500
172.16.3.7 - - [24/May/2026:06:26:17 +0200] "GET /rhn/errors/404.jsp HTTP/1.1" 404 4500
172.16.3.5 - - [24/May/2026:06:26:18 +0200] "GET /rhn/manager/systems/list/all HTTP/1.1" 200 36842
127.0.0.1 - - [24/May/2026:06:26:18 +0200] "GET /rhn/websocket/notifications HTTP/1.1" 101 -
172.16.3.5 - - [24/May/2026:06:26:18 +0200] "POST /rhn/manager/frontend-log HTTP/1.1" 200 16
172.16.3.5 - - [24/May/2026:06:26:19 +0200] "GET /rhn/manager/api/systems/list/all?p=1&ps=100&s=1&sc=server_name HTTP/1.1" 200 789
172.16.3.5 - - [24/May/2026:06:26:19 +0200] "POST /rhn/manager/api/sets/system_list HTTP/1.1" 200 1
172.16.3.5 - - [24/May/2026:06:26:26 +0200] "GET /rhn/manager/systems/list/all HTTP/1.1" 200 36842
172.16.3.5 - - [24/May/2026:06:26:26 +0200] "POST /rhn/manager/frontend-log HTTP/1.1" 200 16
127.0.0.1 - - [24/May/2026:06:26:26 +0200] "GET /rhn/websocket/notifications HTTP/1.1" 101 -
172.16.3.5 - - [24/May/2026:06:26:26 +0200] "POST /rhn/manager/frontend-log HTTP/1.1" 200 16
127.0.0.1 - - [24/May/2026:06:26:26 +0200] "GET /rhn/websocket/notifications HTTP/1.1" 101 -
172.16.3.5 - - [24/May/2026:06:26:27 +0200] "GET /rhn/manager/api/systems/list/all?p=1&ps=100&s=1&sc=server_name HTTP/1.1" 200 789
172.16.3.5 - - [24/May/2026:06:26:27 +0200] "POST /rhn/manager/api/sets/system_list HTTP/1.1" 200 1
172.16.3.5 - - [24/May/2026:06:26:29 +0200] "POST /rhn/manager/api/systems/bootstrap HTTP/1.1" 200 28
172.16.3.7 - - [24/May/2026:06:26:30 +0200] "HEAD /rhn/manager/download/devel-rh-like-channel/repodata/repomd.xml?eyJhbGciOiJIUzI1NiJ9.eyJqdGkiOiIydWVXVU1TSnF0RVdIcHBRVzFTUC1nIiwiZXhwIjoxODExMTMyNzczLCJpYXQiOjE3Nzk1OTY3NzMsIm5iZiI6MTc3OTU5NjY1Mywib3JnIjoxLCJvbmx5Q2hhbm5lbHMiOlsiZGV2ZWwtcmgtbGlrZS1jaGFubmVsIl19.Y0BEC6b58wRmz6DgUanpZfgHagwUOUR3X4CWF8qYxvU HTTP/1.1" 200 -
172.16.3.5 - - [24/May/2026:06:26:30 +0200] "GET /rhn/manager/systems/keys HTTP/1.1" 200 36694
172.16.3.7 - - [24/May/2026:06:26:30 +0200] "GET /rhn/manager/download/devel-rh-like-channel/repodata/repomd.xml?eyJhbGciOiJIUzI1NiJ9.eyJqdGkiOiIydWVXVU1TSnF0RVdIcHBRVzFTUC1nIiwiZXhwIjoxODExMTMyNzczLCJpYXQiOjE3Nzk1OTY3NzMsIm5iZiI6MTc3OTU5NjY1Mywib3JnIjoxLCJvbmx5Q2hhbm5lbHMiOlsiZGV2ZWwtcmgtbGlrZS1jaGFubmVsIl19.Y0BEC6b58wRmz6DgUanpZfgHagwUOUR3X4CWF8qYxvU HTTP/1.1" 200 3664
172.16.3.5 - - [24/May/2026:06:26:30 +0200] "POST /rhn/manager/frontend-log HTTP/1.1" 200 16
127.0.0.1 - - [24/May/2026:06:26:30 +0200] "GET /rhn/websocket/notifications HTTP/1.1" 101 -
172.16.3.7 - - [24/May/2026:06:26:30 +0200] "HEAD /rhn/manager/download/devel-rh-like-channel/repodata/c1bf504cc97a2721e3c9ed2918fd492e5f324240-primary.xml.gz?eyJhbGciOiJIUzI1NiJ9.eyJqdGkiOiIydWVXVU1TSnF0RVdIcHBRVzFTUC1nIiwiZXhwIjoxODExMTMyNzczLCJpYXQiOjE3Nzk1OTY3NzMsIm5iZiI6MTc3OTU5NjY1Mywib3JnIjoxLCJvbmx5Q2hhbm5lbHMiOlsiZGV2ZWwtcmgtbGlrZS1jaGFubmVsIl19.Y0BEC6b58wRmz6DgUanpZfgHagwUOUR3X4CWF8qYxvU HTTP/1.1" 200 -
172.16.3.7 - - [24/May/2026:06:26:30 +0200] "HEAD /rhn/manager/download/devel-rh-like-channel/repodata/500b2d280f40099a1a121cd1b444311a22f40569-filelists.xml.gz?eyJhbGciOiJIUzI1NiJ9.eyJqdGkiOiIydWVXVU1TSnF0RVdIcHBRVzFTUC1nIiwiZXhwIjoxODExMTMyNzczLCJpYXQiOjE3Nzk1OTY3NzMsIm5iZiI6MTc3OTU5NjY1Mywib3JnIjoxLCJvbmx5Q2hhbm5lbHMiOlsiZGV2ZWwtcmgtbGlrZS1jaGFubmVsIl19.Y0BEC6b58wRmz6DgUanpZfgHagwUOUR3X4CWF8qYxvU HTTP/1.1" 200 -
172.16.3.7 - - [24/May/2026:06:26:30 +0200] "GET /rhn/manager/download/devel-rh-like-channel/repodata/c1bf504cc97a2721e3c9ed2918fd492e5f324240-primary.xml.gz?eyJhbGciOiJIUzI1NiJ9.eyJqdGkiOiIydWVXVU1TSnF0RVdIcHBRVzFTUC1nIiwiZXhwIjoxODExMTMyNzczLCJpYXQiOjE3Nzk1OTY3NzMsIm5iZiI6MTc3OTU5NjY1Mywib3JnIjoxLCJvbmx5Q2hhbm5lbHMiOlsiZGV2ZWwtcmgtbGlrZS1jaGFubmVsIl19.Y0BEC6b58wRmz6DgUanpZfgHagwUOUR3X4CWF8qYxvU HTTP/1.1" 200 3664
172.16.3.5 - - [24/May/2026:06:26:31 +0200] "GET /rhn/manager/api/systems/keys HTTP/1.1" 200 949
172.16.3.5 - - [24/May/2026:06:26:31 +0200] "GET /rhn/manager/systems/list/all HTTP/1.1" 200 36840
172.16.3.7 - - [24/May/2026:06:26:31 +0200] "GET /rhn/manager/download/devel-rh-like-channel/repodata/500b2d280f40099a1a121cd1b444311a22f40569-filelists.xml.gz?eyJhbGciOiJIUzI1NiJ9.eyJqdGkiOiIydWVXVU1TSnF0RVdIcHBRVzFTUC1nIiwiZXhwIjoxODExMTMyNzczLCJpYXQiOjE3Nzk1OTY3NzMsIm5iZiI6MTc3OTU5NjY1Mywib3JnIjoxLCJvbmx5Q2hhbm5lbHMiOlsiZGV2ZWwtcmgtbGlrZS1jaGFubmVsIl19.Y0BEC6b58wRmz6DgUanpZfgHagwUOUR3X4CWF8qYxvU HTTP/1.1" 200 3664
172.16.3.5 - - [24/May/2026:06:26:31 +0200] "POST /rhn/manager/frontend-log HTTP/1.1" 200 16
172.16.3.5 - - [24/May/2026:06:26:31 +0200] "POST /rhn/manager/api/systems/bootstrap HTTP/1.1" 200 28
127.0.0.1 - - [24/May/2026:06:26:31 +0200] "GET /rhn/websocket/notifications HTTP/1.1" 101 -
172.16.3.7 - - [24/May/2026:06:26:31 +0200] "HEAD /rhn/manager/download/fake-base-channel-rh-like/repodata/repomd.xml?eyJhbGciOiJIUzI1NiJ9.eyJqdGkiOiI1MVl4N01QbEpSQm5qbk13cjVPMXpnIiwiZXhwIjoxODExMTMyNzc0LCJpYXQiOjE3Nzk1OTY3NzQsIm5iZiI6MTc3OTU5NjY1NCwib3JnIjoxLCJvbmx5Q2hhbm5lbHMiOlsiZmFrZS1iYXNlLWNoYW5uZWwtcmgtbGlrZSJdfQ.LuJUjYkKElq55m2De85IdX6ltOpMLxBnX2QsqOvcyOY HTTP/1.1" 200 -
172.16.3.5 - - [24/May/2026:06:26:31 +0200] "POST /rhn/manager/frontend-log HTTP/1.1" 200 16
172.16.3.7 - - [24/May/2026:06:26:31 +0200] "GET /rhn/manager/download/fake-base-channel-rh-like/repodata/repomd.xml?eyJhbGciOiJIUzI1NiJ9.eyJqdGkiOiI1MVl4N01QbEpSQm5qbk13cjVPMXpnIiwiZXhwIjoxODExMTMyNzc0LCJpYXQiOjE3Nzk1OTY3NzQsIm5iZiI6MTc3OTU5NjY1NCwib3JnIjoxLCJvbmx5Q2hhbm5lbHMiOlsiZmFrZS1iYXNlLWNoYW5uZWwtcmgtbGlrZSJdfQ.LuJUjYkKElq55m2De85IdX6ltOpMLxBnX2QsqOvcyOY HTTP/1.1" 200 3664
172.16.3.7 - - [24/May/2026:06:26:31 +0200] "HEAD /rhn/manager/download/fake-base-channel-rh-like/repodata/a4a58395cf11483407da9f22ec1050ed7344377b-updateinfo.xml.gz?eyJhbGciOiJIUzI1NiJ9.eyJqdGkiOiI1MVl4N01QbEpSQm5qbk13cjVPMXpnIiwiZXhwIjoxODExMTMyNzc0LCJpYXQiOjE3Nzk1OTY3NzQsIm5iZiI6MTc3OTU5NjY1NCwib3JnIjoxLCJvbmx5Q2hhbm5lbHMiOlsiZmFrZS1iYXNlLWNoYW5uZWwtcmgtbGlrZSJdfQ.LuJUjYkKElq55m2De85IdX6ltOpMLxBnX2QsqOvcyOY HTTP/1.1" 200 -
127.0.0.1 - - [24/May/2026:06:26:31 +0200] "GET /rhn/websocket/notifications HTTP/1.1" 101 -
172.16.3.7 - - [24/May/2026:06:26:31 +0200] "GET /rhn/manager/download/fake-base-channel-rh-like/repodata/a4a58395cf11483407da9f22ec1050ed7344377b-updateinfo.xml.gz?eyJhbGciOiJIUzI1NiJ9.eyJqdGkiOiI1MVl4N01QbEpSQm5qbk13cjVPMXpnIiwiZXhwIjoxODExMTMyNzc0LCJpYXQiOjE3Nzk1OTY3NzQsIm5iZiI6MTc3OTU5NjY1NCwib3JnIjoxLCJvbmx5Q2hhbm5lbHMiOlsiZmFrZS1iYXNlLWNoYW5uZWwtcmgtbGlrZSJdfQ.LuJUjYkKElq55m2De85IdX6ltOpMLxBnX2QsqOvcyOY HTTP/1.1" 200 3664
172.16.3.5 - - [24/May/2026:06:26:31 +0200] "GET /rhn/manager/api/systems/list/all?p=1&ps=100&s=1&sc=server_name HTTP/1.1" 200 789
172.16.3.7 - - [24/May/2026:06:26:31 +0200] "HEAD /rhn/manager/download/fake-base-channel-rh-like/repodata/5ff50e94172e1e30f7ffe9bb0a587a0837b04801-primary.xml.gz?eyJhbGciOiJIUzI1NiJ9.eyJqdGkiOiI1MVl4N01QbEpSQm5qbk13cjVPMXpnIiwiZXhwIjoxODExMTMyNzc0LCJpYXQiOjE3Nzk1OTY3NzQsIm5iZiI6MTc3OTU5NjY1NCwib3JnIjoxLCJvbmx5Q2hhbm5lbHMiOlsiZmFrZS1iYXNlLWNoYW5uZWwtcmgtbGlrZSJdfQ.LuJUjYkKElq55m2De85IdX6ltOpMLxBnX2QsqOvcyOY HTTP/1.1" 200 -
172.16.3.7 - - [24/May/2026:06:26:31 +0200] "HEAD /rhn/manager/download/fake-base-channel-rh-like/repodata/157b35c92a1edf57af8f2a22f23aacbdf49b13f8-filelists.xml.gz?eyJhbGciOiJIUzI1NiJ9.eyJqdGkiOiI1MVl4N01QbEpSQm5qbk13cjVPMXpnIiwiZXhwIjoxODExMTMyNzc0LCJpYXQiOjE3Nzk1OTY3NzQsIm5iZiI6MTc3OTU5NjY1NCwib3JnIjoxLCJvbmx5Q2hhbm5lbHMiOlsiZmFrZS1iYXNlLWNoYW5uZWwtcmgtbGlrZSJdfQ.LuJUjYkKElq55m2De85IdX6ltOpMLxBnX2QsqOvcyOY HTTP/1.1" 200 -
172.16.3.7 - - [24/May/2026:06:26:31 +0200] "GET /rhn/manager/download/fake-base-channel-rh-like/repodata/5ff50e94172e1e30f7ffe9bb0a587a0837b04801-primary.xml.gz?eyJhbGciOiJIUzI1NiJ9.eyJqdGkiOiI1MVl4N01QbEpSQm5qbk13cjVPMXpnIiwiZXhwIjoxODExMTMyNzc0LCJpYXQiOjE3Nzk1OTY3NzQsIm5iZiI6MTc3OTU5NjY1NCwib3JnIjoxLCJvbmx5Q2hhbm5lbHMiOlsiZmFrZS1iYXNlLWNoYW5uZWwtcmgtbGlrZSJdfQ.LuJUjYkKElq55m2De85IdX6ltOpMLxBnX2QsqOvcyOY HTTP/1.1" 200 3664
172.16.3.7 - - [24/May/2026:06:26:32 +0200] "GET /rhn/manager/download/fake-base-channel-rh-like/repodata/157b35c92a1edf57af8f2a22f23aacbdf49b13f8-filelists.xml.gz?eyJhbGciOiJIUzI1NiJ9.eyJqdGkiOiI1MVl4N01QbEpSQm5qbk13cjVPMXpnIiwiZXhwIjoxODExMTMyNzc0LCJpYXQiOjE3Nzk1OTY3NzQsIm5iZiI6MTc3OTU5NjY1NCwib3JnIjoxLCJvbmx5Q2hhbm5lbHMiOlsiZmFrZS1iYXNlLWNoYW5uZWwtcmgtbGlrZSJdfQ.LuJUjYkKElq55m2De85IdX6ltOpMLxBnX2QsqOvcyOY HTTP/1.1" 200 3664
172.16.3.5 - - [24/May/2026:06:26:32 +0200] "POST /rhn/manager/api/sets/system_list HTTP/1.1" 200 1
172.16.3.5 - - [24/May/2026:06:26:32 +0200] "GET /rhn/manager/systems/keys HTTP/1.1" 200 36694
127.0.0.1 - - [24/May/2026:06:26:32 +0200] "GET /rhn/websocket/notifications HTTP/1.1" 101 -
172.16.3.5 - - [24/May/2026:06:26:32 +0200] "POST /rhn/manager/frontend-log HTTP/1.1" 200 16
172.16.3.5 - - [24/May/2026:06:26:32 +0200] "GET /rhn/manager/systems/list/all HTTP/1.1" 200 36842
172.16.3.5 - - [24/May/2026:06:26:32 +0200] "GET /rhn/manager/api/systems/keys HTTP/1.1" 200 949
127.0.0.1 - - [24/May/2026:06:26:32 +0200] "GET /rhn/websocket/notifications HTTP/1.1" 101 -
172.16.3.5 - - [24/May/2026:06:26:32 +0200] "POST /rhn/manager/frontend-log HTTP/1.1" 200 16
172.16.3.5 - - [24/May/2026:06:26:33 +0200] "GET /rhn/manager/api/systems/list/all?p=1&ps=100&s=1&sc=server_name HTTP/1.1" 200 789
172.16.3.5 - - [24/May/2026:06:26:33 +0200] "POST /rhn/manager/api/sets/system_list HTTP/1.1" 200 1
172.16.3.5 - - [24/May/2026:06:26:33 +0200] "GET /rhn/manager/systems/list/all HTTP/1.1" 200 36842
127.0.0.1 - - [24/May/2026:06:26:33 +0200] "GET /rhn/websocket/notifications HTTP/1.1" 101 -
172.16.3.5 - - [24/May/2026:06:26:33 +0200] "POST /rhn/manager/frontend-log HTTP/1.1" 200 16
172.16.3.5 - - [24/May/2026:06:26:34 +0200] "GET /rhn/manager/api/systems/list/all?p=1&ps=100&s=1&sc=server_name HTTP/1.1" 200 789
172.16.3.5 - - [24/May/2026:06:26:34 +0200] "POST /rhn/manager/api/sets/system_list HTTP/1.1" 200 1
172.16.3.5 - - [24/May/2026:06:26:38 +0200] "GET /rhn/manager/systems/list/all HTTP/1.1" 200 36842
172.16.3.5 - - [24/May/2026:06:26:38 +0200] "POST /rhn/manager/frontend-log HTTP/1.1" 200 16
127.0.0.1 - - [24/May/2026:06:26:38 +0200] "GET /rhn/websocket/notifications HTTP/1.1" 101 -
127.0.0.1 - - [24/May/2026:06:26:38 +0200] "GET /rhn/websocket/notifications HTTP/1.1" 101 -
172.16.3.5 - - [24/May/2026:06:26:38 +0200] "POST /rhn/manager/frontend-log HTTP/1.1" 200 16
172.16.3.5 - - [24/May/2026:06:26:38 +0200] "GET /rhn/manager/api/systems/list/all?p=1&ps=100&s=1&sc=server_name HTTP/1.1" 200 789
172.16.3.5 - - [24/May/2026:06:26:39 +0200] "POST /rhn/manager/api/sets/system_list HTTP/1.1" 200 1
172.16.3.5 - - [24/May/2026:06:26:40 +0200] "GET /rhn/manager/systems/list/all HTTP/1.1" 200 36842
172.16.3.5 - - [24/May/2026:06:26:40 +0200] "POST /rhn/manager/frontend-log HTTP/1.1" 200 16
127.0.0.1 - - [24/May/2026:06:26:40 +0200] "GET /rhn/websocket/notifications HTTP/1.1" 101 -
172.16.3.5 - - [24/May/2026:06:26:40 +0200] "POST /rhn/manager/frontend-log HTTP/1.1" 200 16
127.0.0.1 - - [24/May/2026:06:26:40 +0200] "GET /rhn/websocket/notifications HTTP/1.1" 101 -
172.16.3.5 - - [24/May/2026:06:26:40 +0200] "GET /rhn/manager/api/systems/list/all?p=1&ps=100&s=1&sc=server_name HTTP/1.1" 200 789
172.16.3.5 - - [24/May/2026:06:26:41 +0200] "GET /rhn/manager/systems/list/all HTTP/1.1" 200 36842
127.0.0.1 - - [24/May/2026:06:26:41 +0200] "GET /rhn/websocket/notifications HTTP/1.1" 101 -
172.16.3.5 - - [24/May/2026:06:26:41 +0200] "POST /rhn/manager/frontend-log HTTP/1.1" 200 16
172.16.3.5 - - [24/May/2026:06:26:41 +0200] "POST /rhn/manager/frontend-log HTTP/1.1" 200 16
172.16.3.5 - - [24/May/2026:06:26:42 +0200] "POST /rhn/manager/api/sets/system_list HTTP/1.1" 200 1
172.16.3.5 - - [24/May/2026:06:26:42 +0200] "GET /rhn/manager/api/systems/list/all?p=1&ps=100&s=1&sc=server_name HTTP/1.1" 200 789
127.0.0.1 - - [24/May/2026:06:26:42 +0200] "GET /rhn/websocket/notifications HTTP/1.1" 101 -
172.16.3.5 - - [24/May/2026:06:26:42 +0200] "POST /rhn/manager/api/sets/system_list HTTP/1.1" 200 1
172.16.3.7 - - [24/May/2026:06:26:42 +0200] "HEAD /rhn/manager/download/devel-suse-channel/repodata/repomd.xml?eyJhbGciOiJIUzI1NiJ9.eyJqdGkiOiJQbncxSE9ZMGphampobUpOQU8xMklnIiwiZXhwIjoxODExMTMyNzk1LCJpYXQiOjE3Nzk1OTY3OTUsIm5iZiI6MTc3OTU5NjY3NSwib3JnIjoxLCJvbmx5Q2hhbm5lbHMiOlsiZGV2ZWwtc3VzZS1jaGFubmVsIl19.ZFRJ7tP9qZsPS_wOQROqXZqqqnOpOokUoKCRzsfHyLU HTTP/1.1" 200 -
172.16.3.7 - - [24/May/2026:06:26:42 +0200] "HEAD /rhn/manager/download/devel-suse-channel/media.1/media?eyJhbGciOiJIUzI1NiJ9.eyJqdGkiOiJQbncxSE9ZMGphampobUpOQU8xMklnIiwiZXhwIjoxODExMTMyNzk1LCJpYXQiOjE3Nzk1OTY3OTUsIm5iZiI6MTc3OTU5NjY3NSwib3JnIjoxLCJvbmx5Q2hhbm5lbHMiOlsiZGV2ZWwtc3VzZS1jaGFubmVsIl19.ZFRJ7tP9qZsPS_wOQROqXZqqqnOpOokUoKCRzsfHyLU HTTP/1.1" 404 -
172.16.3.7 - - [24/May/2026:06:26:42 +0200] "HEAD /rhn/manager/download/devel-suse-channel/repodata/repomd.xml?eyJhbGciOiJIUzI1NiJ9.eyJqdGkiOiJQbncxSE9ZMGphampobUpOQU8xMklnIiwiZXhwIjoxODExMTMyNzk1LCJpYXQiOjE3Nzk1OTY3OTUsIm5iZiI6MTc3OTU5NjY3NSwib3JnIjoxLCJvbmx5Q2hhbm5lbHMiOlsiZGV2ZWwtc3VzZS1jaGFubmVsIl19.ZFRJ7tP9qZsPS_wOQROqXZqqqnOpOokUoKCRzsfHyLU HTTP/1.1" 200 -
172.16.3.7 - - [24/May/2026:06:26:42 +0200] "GET /rhn/manager/download/devel-suse-channel/repodata/repomd.xml?eyJhbGciOiJIUzI1NiJ9.eyJqdGkiOiJQbncxSE9ZMGphampobUpOQU8xMklnIiwiZXhwIjoxODExMTMyNzk1LCJpYXQiOjE3Nzk1OTY3OTUsIm5iZiI6MTc3OTU5NjY3NSwib3JnIjoxLCJvbmx5Q2hhbm5lbHMiOlsiZGV2ZWwtc3VzZS1jaGFubmVsIl19.ZFRJ7tP9qZsPS_wOQROqXZqqqnOpOokUoKCRzsfHyLU HTTP/1.1" 200 3664
172.16.3.7 - - [24/May/2026:06:26:42 +0200] "HEAD /rhn/manager/download/devel-suse-channel/repodata/repomd.xml.asc?eyJhbGciOiJIUzI1NiJ9.eyJqdGkiOiJQbncxSE9ZMGphampobUpOQU8xMklnIiwiZXhwIjoxODExMTMyNzk1LCJpYXQiOjE3Nzk1OTY3OTUsIm5iZiI6MTc3OTU5NjY3NSwib3JnIjoxLCJvbmx5Q2hhbm5lbHMiOlsiZGV2ZWwtc3VzZS1jaGFubmVsIl19.ZFRJ7tP9qZsPS_wOQROqXZqqqnOpOokUoKCRzsfHyLU HTTP/1.1" 404 -
172.16.3.7 - - [24/May/2026:06:26:42 +0200] "HEAD /rhn/manager/download/devel-suse-channel/repodata/690678d4a04dee5eff3d95c0553a8515ccb278720ec25bd0ec475c08ea0954fff66d1b369626dbd8ebc356b5739d7da3d597cb8336b3414a1047f30f946e775a-primary.xml.gz?eyJhbGciOiJIUzI1NiJ9.eyJqdGkiOiJQbncxSE9ZMGphampobUpOQU8xMklnIiwiZXhwIjoxODExMTMyNzk1LCJpYXQiOjE3Nzk1OTY3OTUsIm5iZiI6MTc3OTU5NjY3NSwib3JnIjoxLCJvbmx5Q2hhbm5lbHMiOlsiZGV2ZWwtc3VzZS1jaGFubmVsIl19.ZFRJ7tP9qZsPS_wOQROqXZqqqnOpOokUoKCRzsfHyLU HTTP/1.1" 200 -
172.16.3.7 - - [24/May/2026:06:26:43 +0200] "GET /rhn/manager/download/devel-suse-channel/repodata/690678d4a04dee5eff3d95c0553a8515ccb278720ec25bd0ec475c08ea0954fff66d1b369626dbd8ebc356b5739d7da3d597cb8336b3414a1047f30f946e775a-primary.xml.gz?eyJhbGciOiJIUzI1NiJ9.eyJqdGkiOiJQbncxSE9ZMGphampobUpOQU8xMklnIiwiZXhwIjoxODExMTMyNzk1LCJpYXQiOjE3Nzk1OTY3OTUsIm5iZiI6MTc3OTU5NjY3NSwib3JnIjoxLCJvbmx5Q2hhbm5lbHMiOlsiZGV2ZWwtc3VzZS1jaGFubmVsIl19.ZFRJ7tP9qZsPS_wOQROqXZqqqnOpOokUoKCRzsfHyLU HTTP/1.1" 200 3664
172.16.3.7 - - [24/May/2026:06:26:43 +0200] "HEAD /rhn/manager/download/devel-suse-channel/repodata/3f9cac4a721e273fdb7264069bbfe5baf3667e264672b131f01f8cce0cdb42804b7ec391b898e724c8f68dd50574c5c639ba9d8ff48492d9af231f54561a17dd-susedata.xml.gz?eyJhbGciOiJIUzI1NiJ9.eyJqdGkiOiJQbncxSE9ZMGphampobUpOQU8xMklnIiwiZXhwIjoxODExMTMyNzk1LCJpYXQiOjE3Nzk1OTY3OTUsIm5iZiI6MTc3OTU5NjY3NSwib3JnIjoxLCJvbmx5Q2hhbm5lbHMiOlsiZGV2ZWwtc3VzZS1jaGFubmVsIl19.ZFRJ7tP9qZsPS_wOQROqXZqqqnOpOokUoKCRzsfHyLU HTTP/1.1" 200 -
172.16.3.7 - - [24/May/2026:06:26:43 +0200] "GET /rhn/manager/download/devel-suse-channel/repodata/3f9cac4a721e273fdb7264069bbfe5baf3667e264672b131f01f8cce0cdb42804b7ec391b898e724c8f68dd50574c5c639ba9d8ff48492d9af231f54561a17dd-susedata.xml.gz?eyJhbGciOiJIUzI1NiJ9.eyJqdGkiOiJQbncxSE9ZMGphampobUpOQU8xMklnIiwiZXhwIjoxODExMTMyNzk1LCJpYXQiOjE3Nzk1OTY3OTUsIm5iZiI6MTc3OTU5NjY3NSwib3JnIjoxLCJvbmx5Q2hhbm5lbHMiOlsiZGV2ZWwtc3VzZS1jaGFubmVsIl19.ZFRJ7tP9qZsPS_wOQROqXZqqqnOpOokUoKCRzsfHyLU HTTP/1.1" 200 3664
172.16.3.7 - - [24/May/2026:06:26:43 +0200] "HEAD /rhn/manager/download/fake-rpm-suse-channel/repodata/repomd.xml?eyJhbGciOiJIUzI1NiJ9.eyJqdGkiOiJVdEFkSEg1eDFmaGJoTEVJZ0JDeVFRIiwiZXhwIjoxODExMTMyNzk1LCJpYXQiOjE3Nzk1OTY3OTUsIm5iZiI6MTc3OTU5NjY3NSwib3JnIjoxLCJvbmx5Q2hhbm5lbHMiOlsiZmFrZS1ycG0tc3VzZS1jaGFubmVsIl19.qlNzMm1UXUO3V-qr_K0T0QaS9FuVsxZvVuiz21Yf7us HTTP/1.1" 200 -
172.16.3.7 - - [24/May/2026:06:26:43 +0200] "HEAD /rhn/manager/download/fake-rpm-suse-channel/media.1/media?eyJhbGciOiJIUzI1NiJ9.eyJqdGkiOiJVdEFkSEg1eDFmaGJoTEVJZ0JDeVFRIiwiZXhwIjoxODExMTMyNzk1LCJpYXQiOjE3Nzk1OTY3OTUsIm5iZiI6MTc3OTU5NjY3NSwib3JnIjoxLCJvbmx5Q2hhbm5lbHMiOlsiZmFrZS1ycG0tc3VzZS1jaGFubmVsIl19.qlNzMm1UXUO3V-qr_K0T0QaS9FuVsxZvVuiz21Yf7us HTTP/1.1" 404 -
172.16.3.7 - - [24/May/2026:06:26:43 +0200] "HEAD /rhn/manager/download/fake-rpm-suse-channel/repodata/repomd.xml?eyJhbGciOiJIUzI1NiJ9.eyJqdGkiOiJVdEFkSEg1eDFmaGJoTEVJZ0JDeVFRIiwiZXhwIjoxODExMTMyNzk1LCJpYXQiOjE3Nzk1OTY3OTUsIm5iZiI6MTc3OTU5NjY3NSwib3JnIjoxLCJvbmx5Q2hhbm5lbHMiOlsiZmFrZS1ycG0tc3VzZS1jaGFubmVsIl19.qlNzMm1UXUO3V-qr_K0T0QaS9FuVsxZvVuiz21Yf7us HTTP/1.1" 200 -
172.16.3.7 - - [24/May/2026:06:26:43 +0200] "GET /rhn/manager/download/fake-rpm-suse-channel/repodata/repomd.xml?eyJhbGciOiJIUzI1NiJ9.eyJqdGkiOiJVdEFkSEg1eDFmaGJoTEVJZ0JDeVFRIiwiZXhwIjoxODExMTMyNzk1LCJpYXQiOjE3Nzk1OTY3OTUsIm5iZiI6MTc3OTU5NjY3NSwib3JnIjoxLCJvbmx5Q2hhbm5lbHMiOlsiZmFrZS1ycG0tc3VzZS1jaGFubmVsIl19.qlNzMm1UXUO3V-qr_K0T0QaS9FuVsxZvVuiz21Yf7us HTTP/1.1" 200 3664
172.16.3.7 - - [24/May/2026:06:26:43 +0200] "HEAD /rhn/manager/download/fake-rpm-suse-channel/repodata/repomd.xml.asc?eyJhbGciOiJIUzI1NiJ9.eyJqdGkiOiJVdEFkSEg1eDFmaGJoTEVJZ0JDeVFRIiwiZXhwIjoxODExMTMyNzk1LCJpYXQiOjE3Nzk1OTY3OTUsIm5iZiI6MTc3OTU5NjY3NSwib3JnIjoxLCJvbmx5Q2hhbm5lbHMiOlsiZmFrZS1ycG0tc3VzZS1jaGFubmVsIl19.qlNzMm1UXUO3V-qr_K0T0QaS9FuVsxZvVuiz21Yf7us HTTP/1.1" 404 -
172.16.3.7 - - [24/May/2026:06:26:43 +0200] "HEAD /rhn/manager/download/fake-rpm-suse-channel/repodata/dc05f5de20ec5cddf1d7088e65da1230df4c6b4c33bb2dcb088c704c21957179247db0b20270248610807cc531a5cc8e11613b4e1b71498666968b18f97f6feb-primary.xml.gz?eyJhbGciOiJIUzI1NiJ9.eyJqdGkiOiJVdEFkSEg1eDFmaGJoTEVJZ0JDeVFRIiwiZXhwIjoxODExMTMyNzk1LCJpYXQiOjE3Nzk1OTY3OTUsIm5iZiI6MTc3OTU5NjY3NSwib3JnIjoxLCJvbmx5Q2hhbm5lbHMiOlsiZmFrZS1ycG0tc3VzZS1jaGFubmVsIl19.qlNzMm1UXUO3V-qr_K0T0QaS9FuVsxZvVuiz21Yf7us HTTP/1.1" 200 -
172.16.3.7 - - [24/May/2026:06:26:43 +0200] "GET /rhn/manager/download/fake-rpm-suse-channel/repodata/dc05f5de20ec5cddf1d7088e65da1230df4c6b4c33bb2dcb088c704c21957179247db0b20270248610807cc531a5cc8e11613b4e1b71498666968b18f97f6feb-primary.xml.gz?eyJhbGciOiJIUzI1NiJ9.eyJqdGkiOiJVdEFkSEg1eDFmaGJoTEVJZ0JDeVFRIiwiZXhwIjoxODExMTMyNzk1LCJpYXQiOjE3Nzk1OTY3OTUsIm5iZiI6MTc3OTU5NjY3NSwib3JnIjoxLCJvbmx5Q2hhbm5lbHMiOlsiZmFrZS1ycG0tc3VzZS1jaGFubmVsIl19.qlNzMm1UXUO3V-qr_K0T0QaS9FuVsxZvVuiz21Yf7us HTTP/1.1" 200 3664
172.16.3.7 - - [24/May/2026:06:26:43 +0200] "HEAD /rhn/manager/download/fake-rpm-suse-channel/repodata/967523dc5726124030e80fb689fa51ce5488d2ac8712bba0620f3ffc36327e732d46cf562cdfb846af7c837ef2954c30cd95d648799cecc00140260e96bc9a58-susedata.xml.gz?eyJhbGciOiJIUzI1NiJ9.eyJqdGkiOiJVdEFkSEg1eDFmaGJoTEVJZ0JDeVFRIiwiZXhwIjoxODExMTMyNzk1LCJpYXQiOjE3Nzk1OTY3OTUsIm5iZiI6MTc3OTU5NjY3NSwib3JnIjoxLCJvbmx5Q2hhbm5lbHMiOlsiZmFrZS1ycG0tc3VzZS1jaGFubmVsIl19.qlNzMm1UXUO3V-qr_K0T0QaS9FuVsxZvVuiz21Yf7us HTTP/1.1" 200 -
172.16.3.7 - - [24/May/2026:06:26:43 +0200] "GET /rhn/manager/download/fake-rpm-suse-channel/repodata/967523dc5726124030e80fb689fa51ce5488d2ac8712bba0620f3ffc36327e732d46cf562cdfb846af7c837ef2954c30cd95d648799cecc00140260e96bc9a58-susedata.xml.gz?eyJhbGciOiJIUzI1NiJ9.eyJqdGkiOiJVdEFkSEg1eDFmaGJoTEVJZ0JDeVFRIiwiZXhwIjoxODExMTMyNzk1LCJpYXQiOjE3Nzk1OTY3OTUsIm5iZiI6MTc3OTU5NjY3NSwib3JnIjoxLCJvbmx5Q2hhbm5lbHMiOlsiZmFrZS1ycG0tc3VzZS1jaGFubmVsIl19.qlNzMm1UXUO3V-qr_K0T0QaS9FuVsxZvVuiz21Yf7us HTTP/1.1" 200 3664
172.16.3.7 - - [24/May/2026:06:26:43 +0200] "HEAD /rhn/manager/download/fake-rpm-suse-channel/repodata/a33dca05c36f518e2e5e11bf27a2a18c1db5ce0fd39c946c9e071a70e5ba32caefa97fcd5afebd18b3c7a4033dda2283487d3cf84f0702957e0a77766f4ee2bb-updateinfo.xml.gz?eyJhbGciOiJIUzI1NiJ9.eyJqdGkiOiJVdEFkSEg1eDFmaGJoTEVJZ0JDeVFRIiwiZXhwIjoxODExMTMyNzk1LCJpYXQiOjE3Nzk1OTY3OTUsIm5iZiI6MTc3OTU5NjY3NSwib3JnIjoxLCJvbmx5Q2hhbm5lbHMiOlsiZmFrZS1ycG0tc3VzZS1jaGFubmVsIl19.qlNzMm1UXUO3V-qr_K0T0QaS9FuVsxZvVuiz21Yf7us HTTP/1.1" 200 -
172.16.3.7 - - [24/May/2026:06:26:43 +0200] "GET /rhn/manager/download/fake-rpm-suse-channel/repodata/a33dca05c36f518e2e5e11bf27a2a18c1db5ce0fd39c946c9e071a70e5ba32caefa97fcd5afebd18b3c7a4033dda2283487d3cf84f0702957e0a77766f4ee2bb-updateinfo.xml.gz?eyJhbGciOiJIUzI1NiJ9.eyJqdGkiOiJVdEFkSEg1eDFmaGJoTEVJZ0JDeVFRIiwiZXhwIjoxODExMTMyNzk1LCJpYXQiOjE3Nzk1OTY3OTUsIm5iZiI6MTc3OTU5NjY3NSwib3JnIjoxLCJvbmx5Q2hhbm5lbHMiOlsiZmFrZS1ycG0tc3VzZS1jaGFubmVsIl19.qlNzMm1UXUO3V-qr_K0T0QaS9FuVsxZvVuiz21Yf7us HTTP/1.1" 200 3664
172.16.3.7 - - [24/May/2026:06:26:43 +0200] "HEAD /rhn/manager/download/opensuse_tumbleweed-uyuni-client-devel-x86_64/repodata/repomd.xml?eyJhbGciOiJIUzI1NiJ9.eyJqdGkiOiJlUWJiRG5KMXZaSWVYc3BhYU5IQ1pRIiwiZXhwIjoxODExMTMyNzk1LCJpYXQiOjE3Nzk1OTY3OTUsIm5iZiI6MTc3OTU5NjY3NSwib3JnIjoxLCJvbmx5Q2hhbm5lbHMiOlsib3BlbnN1c2VfdHVtYmxld2VlZC11eXVuaS1jbGllbnQtZGV2ZWwteDg2XzY0Il19.wVovyWjySPR9o4POJNlDJILKXAedUFt5KmmKQ_JLq_8 HTTP/1.1" 200 -
172.16.3.7 - - [24/May/2026:06:26:43 +0200] "HEAD /rhn/manager/download/opensuse_tumbleweed-uyuni-client-devel-x86_64/media.1/media?eyJhbGciOiJIUzI1NiJ9.eyJqdGkiOiJlUWJiRG5KMXZaSWVYc3BhYU5IQ1pRIiwiZXhwIjoxODExMTMyNzk1LCJpYXQiOjE3Nzk1OTY3OTUsIm5iZiI6MTc3OTU5NjY3NSwib3JnIjoxLCJvbmx5Q2hhbm5lbHMiOlsib3BlbnN1c2VfdHVtYmxld2VlZC11eXVuaS1jbGllbnQtZGV2ZWwteDg2XzY0Il19.wVovyWjySPR9o4POJNlDJILKXAedUFt5KmmKQ_JLq_8 HTTP/1.1" 404 -
172.16.3.7 - - [24/May/2026:06:26:43 +0200] "HEAD /rhn/manager/download/opensuse_tumbleweed-uyuni-client-devel-x86_64/repodata/repomd.xml?eyJhbGciOiJIUzI1NiJ9.eyJqdGkiOiJlUWJiRG5KMXZaSWVYc3BhYU5IQ1pRIiwiZXhwIjoxODExMTMyNzk1LCJpYXQiOjE3Nzk1OTY3OTUsIm5iZiI6MTc3OTU5NjY3NSwib3JnIjoxLCJvbmx5Q2hhbm5lbHMiOlsib3BlbnN1c2VfdHVtYmxld2VlZC11eXVuaS1jbGllbnQtZGV2ZWwteDg2XzY0Il19.wVovyWjySPR9o4POJNlDJILKXAedUFt5KmmKQ_JLq_8 HTTP/1.1" 200 -
172.16.3.7 - - [24/May/2026:06:26:43 +0200] "GET /rhn/manager/download/opensuse_tumbleweed-uyuni-client-devel-x86_64/repodata/repomd.xml?eyJhbGciOiJIUzI1NiJ9.eyJqdGkiOiJlUWJiRG5KMXZaSWVYc3BhYU5IQ1pRIiwiZXhwIjoxODExMTMyNzk1LCJpYXQiOjE3Nzk1OTY3OTUsIm5iZiI6MTc3OTU5NjY3NSwib3JnIjoxLCJvbmx5Q2hhbm5lbHMiOlsib3BlbnN1c2VfdHVtYmxld2VlZC11eXVuaS1jbGllbnQtZGV2ZWwteDg2XzY0Il19.wVovyWjySPR9o4POJNlDJILKXAedUFt5KmmKQ_JLq_8 HTTP/1.1" 200 3664
172.16.3.7 - - [24/May/2026:06:26:43 +0200] "HEAD /rhn/manager/download/opensuse_tumbleweed-uyuni-client-devel-x86_64/repodata/repomd.xml.asc?eyJhbGciOiJIUzI1NiJ9.eyJqdGkiOiJlUWJiRG5KMXZaSWVYc3BhYU5IQ1pRIiwiZXhwIjoxODExMTMyNzk1LCJpYXQiOjE3Nzk1OTY3OTUsIm5iZiI6MTc3OTU5NjY3NSwib3JnIjoxLCJvbmx5Q2hhbm5lbHMiOlsib3BlbnN1c2VfdHVtYmxld2VlZC11eXVuaS1jbGllbnQtZGV2ZWwteDg2XzY0Il19.wVovyWjySPR9o4POJNlDJILKXAedUFt5KmmKQ_JLq_8 HTTP/1.1" 404 -
172.16.3.7 - - [24/May/2026:06:26:43 +0200] "HEAD /rhn/manager/download/opensuse_tumbleweed-uyuni-client-devel-x86_64/repodata/6d5697f0e217b4b7353408598089b5f77837ca878279451f97fbfa0e0cfa4314d03b5b33a8a959254dc3cc51607d11d1735d7c804e58e533f862faeca0a02282-primary.xml.gz?eyJhbGciOiJIUzI1NiJ9.eyJqdGkiOiJlUWJiRG5KMXZaSWVYc3BhYU5IQ1pRIiwiZXhwIjoxODExMTMyNzk1LCJpYXQiOjE3Nzk1OTY3OTUsIm5iZiI6MTc3OTU5NjY3NSwib3JnIjoxLCJvbmx5Q2hhbm5lbHMiOlsib3BlbnN1c2VfdHVtYmxld2VlZC11eXVuaS1jbGllbnQtZGV2ZWwteDg2XzY0Il19.wVovyWjySPR9o4POJNlDJILKXAedUFt5KmmKQ_JLq_8 HTTP/1.1" 200 -
172.16.3.7 - - [24/May/2026:06:26:44 +0200] "GET /rhn/manager/download/opensuse_tumbleweed-uyuni-client-devel-x86_64/repodata/6d5697f0e217b4b7353408598089b5f77837ca878279451f97fbfa0e0cfa4314d03b5b33a8a959254dc3cc51607d11d1735d7c804e58e533f862faeca0a02282-primary.xml.gz?eyJhbGciOiJIUzI1NiJ9.eyJqdGkiOiJlUWJiRG5KMXZaSWVYc3BhYU5IQ1pRIiwiZXhwIjoxODExMTMyNzk1LCJpYXQiOjE3Nzk1OTY3OTUsIm5iZiI6MTc3OTU5NjY3NSwib3JnIjoxLCJvbmx5Q2hhbm5lbHMiOlsib3BlbnN1c2VfdHVtYmxld2VlZC11eXVuaS1jbGllbnQtZGV2ZWwteDg2XzY0Il19.wVovyWjySPR9o4POJNlDJILKXAedUFt5KmmKQ_JLq_8 HTTP/1.1" 200 3664
172.16.3.7 - - [24/May/2026:06:26:44 +0200] "HEAD /rhn/manager/download/opensuse_tumbleweed-uyuni-client-devel-x86_64/repodata/720db58c9b64176900d20f1ec5e085d98a676f5075351af10d82045ab58cc0ec48710d98e7b076cb48e45770f36621326b7f0a3da3978f80d7389c43296912b3-susedata.xml.gz?eyJhbGciOiJIUzI1NiJ9.eyJqdGkiOiJlUWJiRG5KMXZaSWVYc3BhYU5IQ1pRIiwiZXhwIjoxODExMTMyNzk1LCJpYXQiOjE3Nzk1OTY3OTUsIm5iZiI6MTc3OTU5NjY3NSwib3JnIjoxLCJvbmx5Q2hhbm5lbHMiOlsib3BlbnN1c2VfdHVtYmxld2VlZC11eXVuaS1jbGllbnQtZGV2ZWwteDg2XzY0Il19.wVovyWjySPR9o4POJNlDJILKXAedUFt5KmmKQ_JLq_8 HTTP/1.1" 200 -
