172.16.3.7 - - [24/May/2026:06:26:51 +0200] "HEAD /rhn/manager/download/sle-module-server-applications15-sp7-updates-x86_64/repodata/repomd.xml?eyJhbGciOiJIUzI1NiJ9.eyJqdGkiOiJta0xIM210WnB2ODNYaFJ2VUllN2FnIiwiZXhwIjoxODExMTMyNzk3LCJpYXQiOjE3Nzk1OTY3OTcsIm5iZiI6MTc3OTU5NjY3Nywib3JnIjoxLCJvbmx5Q2hhbm5lbHMiOlsic2xlLW1vZHVsZS1zZXJ2ZXItYXBwbGljYXRpb25zMTUtc3A3LXVwZGF0ZXMteDg2XzY0Il19.XHfAgvw8MPNKbvcnnTBpClRb56eg9figU2Gwd_qoLHA HTTP/1.1" 200 -
172.16.3.7 - - [24/May/2026:06:26:51 +0200] "HEAD /rhn/manager/download/sle-module-server-applications15-sp7-updates-x86_64/media.1/media?eyJhbGciOiJIUzI1NiJ9.eyJqdGkiOiJta0xIM210WnB2ODNYaFJ2VUllN2FnIiwiZXhwIjoxODExMTMyNzk3LCJpYXQiOjE3Nzk1OTY3OTcsIm5iZiI6MTc3OTU5NjY3Nywib3JnIjoxLCJvbmx5Q2hhbm5lbHMiOlsic2xlLW1vZHVsZS1zZXJ2ZXItYXBwbGljYXRpb25zMTUtc3A3LXVwZGF0ZXMteDg2XzY0Il19.XHfAgvw8MPNKbvcnnTBpClRb56eg9figU2Gwd_qoLHA HTTP/1.1" 404 -
172.16.3.7 - - [24/May/2026:06:26:51 +0200] "HEAD /rhn/manager/download/sle-module-server-applications15-sp7-updates-x86_64/repodata/repomd.xml?eyJhbGciOiJIUzI1NiJ9.eyJqdGkiOiJta0xIM210WnB2ODNYaFJ2VUllN2FnIiwiZXhwIjoxODExMTMyNzk3LCJpYXQiOjE3Nzk1OTY3OTcsIm5iZiI6MTc3OTU5NjY3Nywib3JnIjoxLCJvbmx5Q2hhbm5lbHMiOlsic2xlLW1vZHVsZS1zZXJ2ZXItYXBwbGljYXRpb25zMTUtc3A3LXVwZGF0ZXMteDg2XzY0Il19.XHfAgvw8MPNKbvcnnTBpClRb56eg9figU2Gwd_qoLHA HTTP/1.1" 200 -
172.16.3.7 - - [24/May/2026:06:26:51 +0200] "GET /rhn/manager/download/sle-module-server-applications15-sp7-updates-x86_64/repodata/repomd.xml?eyJhbGciOiJIUzI1NiJ9.eyJqdGkiOiJta0xIM210WnB2ODNYaFJ2VUllN2FnIiwiZXhwIjoxODExMTMyNzk3LCJpYXQiOjE3Nzk1OTY3OTcsIm5iZiI6MTc3OTU5NjY3Nywib3JnIjoxLCJvbmx5Q2hhbm5lbHMiOlsic2xlLW1vZHVsZS1zZXJ2ZXItYXBwbGljYXRpb25zMTUtc3A3LXVwZGF0ZXMteDg2XzY0Il19.XHfAgvw8MPNKbvcnnTBpClRb56eg9figU2Gwd_qoLHA HTTP/1.1" 200 3664
172.16.3.7 - - [24/May/2026:06:26:51 +0200] "HEAD /rhn/manager/download/sle-module-server-applications15-sp7-updates-x86_64/repodata/repomd.xml.asc?eyJhbGciOiJIUzI1NiJ9.eyJqdGkiOiJta0xIM210WnB2ODNYaFJ2VUllN2FnIiwiZXhwIjoxODExMTMyNzk3LCJpYXQiOjE3Nzk1OTY3OTcsIm5iZiI6MTc3OTU5NjY3Nywib3JnIjoxLCJvbmx5Q2hhbm5lbHMiOlsic2xlLW1vZHVsZS1zZXJ2ZXItYXBwbGljYXRpb25zMTUtc3A3LXVwZGF0ZXMteDg2XzY0Il19.XHfAgvw8MPNKbvcnnTBpClRb56eg9figU2Gwd_qoLHA HTTP/1.1" 404 -
172.16.3.7 - - [24/May/2026:06:26:51 +0200] "HEAD /rhn/manager/download/sle-module-server-applications15-sp7-updates-x86_64/repodata/11b6e2faeb2127c06a72ca8b1559981714d6d4b7a9878afc3f4cde1240a116fc-primary.xml.gz?eyJhbGciOiJIUzI1NiJ9.eyJqdGkiOiJta0xIM210WnB2ODNYaFJ2VUllN2FnIiwiZXhwIjoxODExMTMyNzk3LCJpYXQiOjE3Nzk1OTY3OTcsIm5iZiI6MTc3OTU5NjY3Nywib3JnIjoxLCJvbmx5Q2hhbm5lbHMiOlsic2xlLW1vZHVsZS1zZXJ2ZXItYXBwbGljYXRpb25zMTUtc3A3LXVwZGF0ZXMteDg2XzY0Il19.XHfAgvw8MPNKbvcnnTBpClRb56eg9figU2Gwd_qoLHA HTTP/1.1" 200 -
172.16.3.7 - - [24/May/2026:06:26:51 +0200] "GET /rhn/manager/download/sle-module-server-applications15-sp7-updates-x86_64/repodata/11b6e2faeb2127c06a72ca8b1559981714d6d4b7a9878afc3f4cde1240a116fc-primary.xml.gz?eyJhbGciOiJIUzI1NiJ9.eyJqdGkiOiJta0xIM210WnB2ODNYaFJ2VUllN2FnIiwiZXhwIjoxODExMTMyNzk3LCJpYXQiOjE3Nzk1OTY3OTcsIm5iZiI6MTc3OTU5NjY3Nywib3JnIjoxLCJvbmx5Q2hhbm5lbHMiOlsic2xlLW1vZHVsZS1zZXJ2ZXItYXBwbGljYXRpb25zMTUtc3A3LXVwZGF0ZXMteDg2XzY0Il19.XHfAgvw8MPNKbvcnnTBpClRb56eg9figU2Gwd_qoLHA HTTP/1.1" 200 3664
172.16.3.7 - - [24/May/2026:06:26:51 +0200] "HEAD /rhn/manager/download/sle-module-server-applications15-sp7-updates-x86_64/repodata/87982a3b751459d60335f2086f15fb31267e860cac40e8235c7c02458fdef158-susedata.xml.gz?eyJhbGciOiJIUzI1NiJ9.eyJqdGkiOiJta0xIM210WnB2ODNYaFJ2VUllN2FnIiwiZXhwIjoxODExMTMyNzk3LCJpYXQiOjE3Nzk1OTY3OTcsIm5iZiI6MTc3OTU5NjY3Nywib3JnIjoxLCJvbmx5Q2hhbm5lbHMiOlsic2xlLW1vZHVsZS1zZXJ2ZXItYXBwbGljYXRpb25zMTUtc3A3LXVwZGF0ZXMteDg2XzY0Il19.XHfAgvw8MPNKbvcnnTBpClRb56eg9figU2Gwd_qoLHA HTTP/1.1" 200 -
172.16.3.7 - - [24/May/2026:06:26:51 +0200] "GET /rhn/manager/download/sle-module-server-applications15-sp7-updates-x86_64/repodata/87982a3b751459d60335f2086f15fb31267e860cac40e8235c7c02458fdef158-susedata.xml.gz?eyJhbGciOiJIUzI1NiJ9.eyJqdGkiOiJta0xIM210WnB2ODNYaFJ2VUllN2FnIiwiZXhwIjoxODExMTMyNzk3LCJpYXQiOjE3Nzk1OTY3OTcsIm5iZiI6MTc3OTU5NjY3Nywib3JnIjoxLCJvbmx5Q2hhbm5lbHMiOlsic2xlLW1vZHVsZS1zZXJ2ZXItYXBwbGljYXRpb25zMTUtc3A3LXVwZGF0ZXMteDg2XzY0Il19.XHfAgvw8MPNKbvcnnTBpClRb56eg9figU2Gwd_qoLHA HTTP/1.1" 200 3664
172.16.3.7 - - [24/May/2026:06:26:51 +0200] "HEAD /rhn/manager/download/sle-module-server-applications15-sp7-updates-x86_64/repodata/5ffa3fd5c3561816f598eb6d5e5d53ebcb722dd42b8cb72134d5ba3717fa4cb9-updateinfo.xml.gz?eyJhbGciOiJIUzI1NiJ9.eyJqdGkiOiJta0xIM210WnB2ODNYaFJ2VUllN2FnIiwiZXhwIjoxODExMTMyNzk3LCJpYXQiOjE3Nzk1OTY3OTcsIm5iZiI6MTc3OTU5NjY3Nywib3JnIjoxLCJvbmx5Q2hhbm5lbHMiOlsic2xlLW1vZHVsZS1zZXJ2ZXItYXBwbGljYXRpb25zMTUtc3A3LXVwZGF0ZXMteDg2XzY0Il19.XHfAgvw8MPNKbvcnnTBpClRb56eg9figU2Gwd_qoLHA HTTP/1.1" 200 -
172.16.3.7 - - [24/May/2026:06:26:51 +0200] "GET /rhn/manager/download/sle-module-server-applications15-sp7-updates-x86_64/repodata/5ffa3fd5c3561816f598eb6d5e5d53ebcb722dd42b8cb72134d5ba3717fa4cb9-updateinfo.xml.gz?eyJhbGciOiJIUzI1NiJ9.eyJqdGkiOiJta0xIM210WnB2ODNYaFJ2VUllN2FnIiwiZXhwIjoxODExMTMyNzk3LCJpYXQiOjE3Nzk1OTY3OTcsIm5iZiI6MTc3OTU5NjY3Nywib3JnIjoxLCJvbmx5Q2hhbm5lbHMiOlsic2xlLW1vZHVsZS1zZXJ2ZXItYXBwbGljYXRpb25zMTUtc3A3LXVwZGF0ZXMteDg2XzY0Il19.XHfAgvw8MPNKbvcnnTBpClRb56eg9figU2Gwd_qoLHA HTTP/1.1" 200 3663
172.16.3.5 - - [24/May/2026:06:26:52 +0200] "GET /rhn/manager/systems/list/all HTTP/1.1" 200 36842
172.16.3.7 - - [24/May/2026:06:26:52 +0200] "HEAD /rhn/manager/download/sle-module-systems-management-15-sp7-pool-x86_64/repodata/repomd.xml?eyJhbGciOiJIUzI1NiJ9.eyJqdGkiOiJ2M1BPa2xGVmFjdzMwVDVNQzQ4aC1RIiwiZXhwIjoxODExMTMyNzk3LCJpYXQiOjE3Nzk1OTY3OTcsIm5iZiI6MTc3OTU5NjY3Nywib3JnIjoxLCJvbmx5Q2hhbm5lbHMiOlsic2xlLW1vZHVsZS1zeXN0ZW1zLW1hbmFnZW1lbnQtMTUtc3A3LXBvb2wteDg2XzY0Il19.ew-yFN5uHVubfOTuq72FZtbVOjtpL8BtuaZwsH6ZZ-4 HTTP/1.1" 200 -
172.16.3.5 - - [24/May/2026:06:26:52 +0200] "POST /rhn/manager/frontend-log HTTP/1.1" 200 16
172.16.3.7 - - [24/May/2026:06:26:52 +0200] "HEAD /rhn/manager/download/sle-module-systems-management-15-sp7-pool-x86_64/media.1/media?eyJhbGciOiJIUzI1NiJ9.eyJqdGkiOiJ2M1BPa2xGVmFjdzMwVDVNQzQ4aC1RIiwiZXhwIjoxODExMTMyNzk3LCJpYXQiOjE3Nzk1OTY3OTcsIm5iZiI6MTc3OTU5NjY3Nywib3JnIjoxLCJvbmx5Q2hhbm5lbHMiOlsic2xlLW1vZHVsZS1zeXN0ZW1zLW1hbmFnZW1lbnQtMTUtc3A3LXBvb2wteDg2XzY0Il19.ew-yFN5uHVubfOTuq72FZtbVOjtpL8BtuaZwsH6ZZ-4 HTTP/1.1" 404 -
172.16.3.7 - - [24/May/2026:06:26:52 +0200] "HEAD /rhn/manager/download/sle-module-systems-management-15-sp7-pool-x86_64/repodata/repomd.xml?eyJhbGciOiJIUzI1NiJ9.eyJqdGkiOiJ2M1BPa2xGVmFjdzMwVDVNQzQ4aC1RIiwiZXhwIjoxODExMTMyNzk3LCJpYXQiOjE3Nzk1OTY3OTcsIm5iZiI6MTc3OTU5NjY3Nywib3JnIjoxLCJvbmx5Q2hhbm5lbHMiOlsic2xlLW1vZHVsZS1zeXN0ZW1zLW1hbmFnZW1lbnQtMTUtc3A3LXBvb2wteDg2XzY0Il19.ew-yFN5uHVubfOTuq72FZtbVOjtpL8BtuaZwsH6ZZ-4 HTTP/1.1" 200 -
172.16.3.7 - - [24/May/2026:06:26:52 +0200] "GET /rhn/manager/download/sle-module-systems-management-15-sp7-pool-x86_64/repodata/repomd.xml?eyJhbGciOiJIUzI1NiJ9.eyJqdGkiOiJ2M1BPa2xGVmFjdzMwVDVNQzQ4aC1RIiwiZXhwIjoxODExMTMyNzk3LCJpYXQiOjE3Nzk1OTY3OTcsIm5iZiI6MTc3OTU5NjY3Nywib3JnIjoxLCJvbmx5Q2hhbm5lbHMiOlsic2xlLW1vZHVsZS1zeXN0ZW1zLW1hbmFnZW1lbnQtMTUtc3A3LXBvb2wteDg2XzY0Il19.ew-yFN5uHVubfOTuq72FZtbVOjtpL8BtuaZwsH6ZZ-4 HTTP/1.1" 200 3664
172.16.3.7 - - [24/May/2026:06:26:52 +0200] "HEAD /rhn/manager/download/sle-module-systems-management-15-sp7-pool-x86_64/repodata/repomd.xml.asc?eyJhbGciOiJIUzI1NiJ9.eyJqdGkiOiJ2M1BPa2xGVmFjdzMwVDVNQzQ4aC1RIiwiZXhwIjoxODExMTMyNzk3LCJpYXQiOjE3Nzk1OTY3OTcsIm5iZiI6MTc3OTU5NjY3Nywib3JnIjoxLCJvbmx5Q2hhbm5lbHMiOlsic2xlLW1vZHVsZS1zeXN0ZW1zLW1hbmFnZW1lbnQtMTUtc3A3LXBvb2wteDg2XzY0Il19.ew-yFN5uHVubfOTuq72FZtbVOjtpL8BtuaZwsH6ZZ-4 HTTP/1.1" 404 -
127.0.0.1 - - [24/May/2026:06:26:52 +0200] "GET /rhn/websocket/notifications HTTP/1.1" 101 -
172.16.3.7 - - [24/May/2026:06:26:52 +0200] "HEAD /rhn/manager/download/sle-module-systems-management-15-sp7-pool-x86_64/repodata/938fbdb07ed1a2422a2245610b5da1229308945fbb2f86858ddb514c9d0d0037-primary.xml.gz?eyJhbGciOiJIUzI1NiJ9.eyJqdGkiOiJ2M1BPa2xGVmFjdzMwVDVNQzQ4aC1RIiwiZXhwIjoxODExMTMyNzk3LCJpYXQiOjE3Nzk1OTY3OTcsIm5iZiI6MTc3OTU5NjY3Nywib3JnIjoxLCJvbmx5Q2hhbm5lbHMiOlsic2xlLW1vZHVsZS1zeXN0ZW1zLW1hbmFnZW1lbnQtMTUtc3A3LXBvb2wteDg2XzY0Il19.ew-yFN5uHVubfOTuq72FZtbVOjtpL8BtuaZwsH6ZZ-4 HTTP/1.1" 200 -
172.16.3.7 - - [24/May/2026:06:26:52 +0200] "GET /rhn/manager/download/sle-module-systems-management-15-sp7-pool-x86_64/repodata/938fbdb07ed1a2422a2245610b5da1229308945fbb2f86858ddb514c9d0d0037-primary.xml.gz?eyJhbGciOiJIUzI1NiJ9.eyJqdGkiOiJ2M1BPa2xGVmFjdzMwVDVNQzQ4aC1RIiwiZXhwIjoxODExMTMyNzk3LCJpYXQiOjE3Nzk1OTY3OTcsIm5iZiI6MTc3OTU5NjY3Nywib3JnIjoxLCJvbmx5Q2hhbm5lbHMiOlsic2xlLW1vZHVsZS1zeXN0ZW1zLW1hbmFnZW1lbnQtMTUtc3A3LXBvb2wteDg2XzY0Il19.ew-yFN5uHVubfOTuq72FZtbVOjtpL8BtuaZwsH6ZZ-4 HTTP/1.1" 200 3664
172.16.3.7 - - [24/May/2026:06:26:52 +0200] "HEAD /rhn/manager/download/sle-module-systems-management-15-sp7-pool-x86_64/repodata/bb7f49dd25548c564ab33e1defb1e5668f63a9b063798989e364da0386f6a8d2-susedata.xml.gz?eyJhbGciOiJIUzI1NiJ9.eyJqdGkiOiJ2M1BPa2xGVmFjdzMwVDVNQzQ4aC1RIiwiZXhwIjoxODExMTMyNzk3LCJpYXQiOjE3Nzk1OTY3OTcsIm5iZiI6MTc3OTU5NjY3Nywib3JnIjoxLCJvbmx5Q2hhbm5lbHMiOlsic2xlLW1vZHVsZS1zeXN0ZW1zLW1hbmFnZW1lbnQtMTUtc3A3LXBvb2wteDg2XzY0Il19.ew-yFN5uHVubfOTuq72FZtbVOjtpL8BtuaZwsH6ZZ-4 HTTP/1.1" 200 -
172.16.3.5 - - [24/May/2026:06:26:52 +0200] "POST /rhn/manager/frontend-log HTTP/1.1" 200 16
172.16.3.7 - - [24/May/2026:06:26:52 +0200] "GET /rhn/manager/download/sle-module-systems-management-15-sp7-pool-x86_64/repodata/bb7f49dd25548c564ab33e1defb1e5668f63a9b063798989e364da0386f6a8d2-susedata.xml.gz?eyJhbGciOiJIUzI1NiJ9.eyJqdGkiOiJ2M1BPa2xGVmFjdzMwVDVNQzQ4aC1RIiwiZXhwIjoxODExMTMyNzk3LCJpYXQiOjE3Nzk1OTY3OTcsIm5iZiI6MTc3OTU5NjY3Nywib3JnIjoxLCJvbmx5Q2hhbm5lbHMiOlsic2xlLW1vZHVsZS1zeXN0ZW1zLW1hbmFnZW1lbnQtMTUtc3A3LXBvb2wteDg2XzY0Il19.ew-yFN5uHVubfOTuq72FZtbVOjtpL8BtuaZwsH6ZZ-4 HTTP/1.1" 200 3663
127.0.0.1 - - [24/May/2026:06:26:52 +0200] "GET /rhn/websocket/notifications HTTP/1.1" 101 -
172.16.3.7 - - [24/May/2026:06:26:52 +0200] "HEAD /rhn/manager/download/sle-module-systems-management-15-sp7-updates-x86_64/repodata/repomd.xml?eyJhbGciOiJIUzI1NiJ9.eyJqdGkiOiJlejVmWUtFRkNoTEhlT0hPaTB5WkJRIiwiZXhwIjoxODExMTMyNzk3LCJpYXQiOjE3Nzk1OTY3OTcsIm5iZiI6MTc3OTU5NjY3Nywib3JnIjoxLCJvbmx5Q2hhbm5lbHMiOlsic2xlLW1vZHVsZS1zeXN0ZW1zLW1hbmFnZW1lbnQtMTUtc3A3LXVwZGF0ZXMteDg2XzY0Il19.CYZxE24n8PjQBWEotyNDL7ig6VuBAfOfHR-ThhfHs90 HTTP/1.1" 200 -
172.16.3.7 - - [24/May/2026:06:26:52 +0200] "HEAD /rhn/manager/download/sle-module-systems-management-15-sp7-updates-x86_64/media.1/media?eyJhbGciOiJIUzI1NiJ9.eyJqdGkiOiJlejVmWUtFRkNoTEhlT0hPaTB5WkJRIiwiZXhwIjoxODExMTMyNzk3LCJpYXQiOjE3Nzk1OTY3OTcsIm5iZiI6MTc3OTU5NjY3Nywib3JnIjoxLCJvbmx5Q2hhbm5lbHMiOlsic2xlLW1vZHVsZS1zeXN0ZW1zLW1hbmFnZW1lbnQtMTUtc3A3LXVwZGF0ZXMteDg2XzY0Il19.CYZxE24n8PjQBWEotyNDL7ig6VuBAfOfHR-ThhfHs90 HTTP/1.1" 404 -
172.16.3.7 - - [24/May/2026:06:26:52 +0200] "HEAD /rhn/manager/download/sle-module-systems-management-15-sp7-updates-x86_64/repodata/repomd.xml?eyJhbGciOiJIUzI1NiJ9.eyJqdGkiOiJlejVmWUtFRkNoTEhlT0hPaTB5WkJRIiwiZXhwIjoxODExMTMyNzk3LCJpYXQiOjE3Nzk1OTY3OTcsIm5iZiI6MTc3OTU5NjY3Nywib3JnIjoxLCJvbmx5Q2hhbm5lbHMiOlsic2xlLW1vZHVsZS1zeXN0ZW1zLW1hbmFnZW1lbnQtMTUtc3A3LXVwZGF0ZXMteDg2XzY0Il19.CYZxE24n8PjQBWEotyNDL7ig6VuBAfOfHR-ThhfHs90 HTTP/1.1" 200 -
172.16.3.7 - - [24/May/2026:06:26:52 +0200] "GET /rhn/manager/download/sle-module-systems-management-15-sp7-updates-x86_64/repodata/repomd.xml?eyJhbGciOiJIUzI1NiJ9.eyJqdGkiOiJlejVmWUtFRkNoTEhlT0hPaTB5WkJRIiwiZXhwIjoxODExMTMyNzk3LCJpYXQiOjE3Nzk1OTY3OTcsIm5iZiI6MTc3OTU5NjY3Nywib3JnIjoxLCJvbmx5Q2hhbm5lbHMiOlsic2xlLW1vZHVsZS1zeXN0ZW1zLW1hbmFnZW1lbnQtMTUtc3A3LXVwZGF0ZXMteDg2XzY0Il19.CYZxE24n8PjQBWEotyNDL7ig6VuBAfOfHR-ThhfHs90 HTTP/1.1" 200 3664
172.16.3.7 - - [24/May/2026:06:26:52 +0200] "HEAD /rhn/manager/download/sle-module-systems-management-15-sp7-updates-x86_64/repodata/repomd.xml.asc?eyJhbGciOiJIUzI1NiJ9.eyJqdGkiOiJlejVmWUtFRkNoTEhlT0hPaTB5WkJRIiwiZXhwIjoxODExMTMyNzk3LCJpYXQiOjE3Nzk1OTY3OTcsIm5iZiI6MTc3OTU5NjY3Nywib3JnIjoxLCJvbmx5Q2hhbm5lbHMiOlsic2xlLW1vZHVsZS1zeXN0ZW1zLW1hbmFnZW1lbnQtMTUtc3A3LXVwZGF0ZXMteDg2XzY0Il19.CYZxE24n8PjQBWEotyNDL7ig6VuBAfOfHR-ThhfHs90 HTTP/1.1" 404 -
172.16.3.7 - - [24/May/2026:06:26:52 +0200] "HEAD /rhn/manager/download/sle-module-systems-management-15-sp7-updates-x86_64/repodata/9235bf01f28c7ea00159c7e1768d7d11035a7f150f67d06599b55e89be715e2f-primary.xml.gz?eyJhbGciOiJIUzI1NiJ9.eyJqdGkiOiJlejVmWUtFRkNoTEhlT0hPaTB5WkJRIiwiZXhwIjoxODExMTMyNzk3LCJpYXQiOjE3Nzk1OTY3OTcsIm5iZiI6MTc3OTU5NjY3Nywib3JnIjoxLCJvbmx5Q2hhbm5lbHMiOlsic2xlLW1vZHVsZS1zeXN0ZW1zLW1hbmFnZW1lbnQtMTUtc3A3LXVwZGF0ZXMteDg2XzY0Il19.CYZxE24n8PjQBWEotyNDL7ig6VuBAfOfHR-ThhfHs90 HTTP/1.1" 200 -
172.16.3.7 - - [24/May/2026:06:26:52 +0200] "GET /rhn/manager/download/sle-module-systems-management-15-sp7-updates-x86_64/repodata/9235bf01f28c7ea00159c7e1768d7d11035a7f150f67d06599b55e89be715e2f-primary.xml.gz?eyJhbGciOiJIUzI1NiJ9.eyJqdGkiOiJlejVmWUtFRkNoTEhlT0hPaTB5WkJRIiwiZXhwIjoxODExMTMyNzk3LCJpYXQiOjE3Nzk1OTY3OTcsIm5iZiI6MTc3OTU5NjY3Nywib3JnIjoxLCJvbmx5Q2hhbm5lbHMiOlsic2xlLW1vZHVsZS1zeXN0ZW1zLW1hbmFnZW1lbnQtMTUtc3A3LXVwZGF0ZXMteDg2XzY0Il19.CYZxE24n8PjQBWEotyNDL7ig6VuBAfOfHR-ThhfHs90 HTTP/1.1" 200 3663
172.16.3.5 - - [24/May/2026:06:26:52 +0200] "GET /rhn/manager/api/systems/list/all?p=1&ps=100&s=1&sc=server_name HTTP/1.1" 200 789
172.16.3.7 - - [24/May/2026:06:26:52 +0200] "HEAD /rhn/manager/download/sle-module-systems-management-15-sp7-updates-x86_64/repodata/218c58f7eff7f094a0f35ef3ba1827b7c9dc8e4f8a65d96901ed1b548efdbe15-susedata.xml.gz?eyJhbGciOiJIUzI1NiJ9.eyJqdGkiOiJlejVmWUtFRkNoTEhlT0hPaTB5WkJRIiwiZXhwIjoxODExMTMyNzk3LCJpYXQiOjE3Nzk1OTY3OTcsIm5iZiI6MTc3OTU5NjY3Nywib3JnIjoxLCJvbmx5Q2hhbm5lbHMiOlsic2xlLW1vZHVsZS1zeXN0ZW1zLW1hbmFnZW1lbnQtMTUtc3A3LXVwZGF0ZXMteDg2XzY0Il19.CYZxE24n8PjQBWEotyNDL7ig6VuBAfOfHR-ThhfHs90 HTTP/1.1" 200 -
172.16.3.7 - - [24/May/2026:06:26:52 +0200] "GET /rhn/manager/download/sle-module-systems-management-15-sp7-updates-x86_64/repodata/218c58f7eff7f094a0f35ef3ba1827b7c9dc8e4f8a65d96901ed1b548efdbe15-susedata.xml.gz?eyJhbGciOiJIUzI1NiJ9.eyJqdGkiOiJlejVmWUtFRkNoTEhlT0hPaTB5WkJRIiwiZXhwIjoxODExMTMyNzk3LCJpYXQiOjE3Nzk1OTY3OTcsIm5iZiI6MTc3OTU5NjY3Nywib3JnIjoxLCJvbmx5Q2hhbm5lbHMiOlsic2xlLW1vZHVsZS1zeXN0ZW1zLW1hbmFnZW1lbnQtMTUtc3A3LXVwZGF0ZXMteDg2XzY0Il19.CYZxE24n8PjQBWEotyNDL7ig6VuBAfOfHR-ThhfHs90 HTTP/1.1" 200 3664
172.16.3.7 - - [24/May/2026:06:26:52 +0200] "HEAD /rhn/manager/download/sle-module-systems-management-15-sp7-updates-x86_64/repodata/aa333e7ef2e0c3f4d849dd627d2812ec37ca616681d62376675ad36de9ea7636-updateinfo.xml.gz?eyJhbGciOiJIUzI1NiJ9.eyJqdGkiOiJlejVmWUtFRkNoTEhlT0hPaTB5WkJRIiwiZXhwIjoxODExMTMyNzk3LCJpYXQiOjE3Nzk1OTY3OTcsIm5iZiI6MTc3OTU5NjY3Nywib3JnIjoxLCJvbmx5Q2hhbm5lbHMiOlsic2xlLW1vZHVsZS1zeXN0ZW1zLW1hbmFnZW1lbnQtMTUtc3A3LXVwZGF0ZXMteDg2XzY0Il19.CYZxE24n8PjQBWEotyNDL7ig6VuBAfOfHR-ThhfHs90 HTTP/1.1" 200 -
172.16.3.7 - - [24/May/2026:06:26:52 +0200] "GET /rhn/manager/download/sle-module-systems-management-15-sp7-updates-x86_64/repodata/aa333e7ef2e0c3f4d849dd627d2812ec37ca616681d62376675ad36de9ea7636-updateinfo.xml.gz?eyJhbGciOiJIUzI1NiJ9.eyJqdGkiOiJlejVmWUtFRkNoTEhlT0hPaTB5WkJRIiwiZXhwIjoxODExMTMyNzk3LCJpYXQiOjE3Nzk1OTY3OTcsIm5iZiI6MTc3OTU5NjY3Nywib3JnIjoxLCJvbmx5Q2hhbm5lbHMiOlsic2xlLW1vZHVsZS1zeXN0ZW1zLW1hbmFnZW1lbnQtMTUtc3A3LXVwZGF0ZXMteDg2XzY0Il19.CYZxE24n8PjQBWEotyNDL7ig6VuBAfOfHR-ThhfHs90 HTTP/1.1" 200 3664
172.16.3.7 - - [24/May/2026:06:26:52 +0200] "HEAD /rhn/manager/download/sle-product-sles15-sp7-pool-x86_64/repodata/repomd.xml?eyJhbGciOiJIUzI1NiJ9.eyJqdGkiOiJQWjFONjVLb1d5S0J1Qk1lWTVKOG9RIiwiZXhwIjoxODExMTMyNzk3LCJpYXQiOjE3Nzk1OTY3OTcsIm5iZiI6MTc3OTU5NjY3Nywib3JnIjoxLCJvbmx5Q2hhbm5lbHMiOlsic2xlLXByb2R1Y3Qtc2xlczE1LXNwNy1wb29sLXg4Nl82NCJdfQ.kmFRZQhaQRexJpWY6_-A8CzigOn6R5yQSsr2qD7JB_g HTTP/1.1" 200 -
172.16.3.5 - - [24/May/2026:06:26:52 +0200] "POST /rhn/manager/api/sets/system_list HTTP/1.1" 200 1
172.16.3.7 - - [24/May/2026:06:26:52 +0200] "HEAD /rhn/manager/download/sle-product-sles15-sp7-pool-x86_64/media.1/media?eyJhbGciOiJIUzI1NiJ9.eyJqdGkiOiJQWjFONjVLb1d5S0J1Qk1lWTVKOG9RIiwiZXhwIjoxODExMTMyNzk3LCJpYXQiOjE3Nzk1OTY3OTcsIm5iZiI6MTc3OTU5NjY3Nywib3JnIjoxLCJvbmx5Q2hhbm5lbHMiOlsic2xlLXByb2R1Y3Qtc2xlczE1LXNwNy1wb29sLXg4Nl82NCJdfQ.kmFRZQhaQRexJpWY6_-A8CzigOn6R5yQSsr2qD7JB_g HTTP/1.1" 404 -
172.16.3.7 - - [24/May/2026:06:26:52 +0200] "HEAD /rhn/manager/download/sle-product-sles15-sp7-pool-x86_64/repodata/repomd.xml?eyJhbGciOiJIUzI1NiJ9.eyJqdGkiOiJQWjFONjVLb1d5S0J1Qk1lWTVKOG9RIiwiZXhwIjoxODExMTMyNzk3LCJpYXQiOjE3Nzk1OTY3OTcsIm5iZiI6MTc3OTU5NjY3Nywib3JnIjoxLCJvbmx5Q2hhbm5lbHMiOlsic2xlLXByb2R1Y3Qtc2xlczE1LXNwNy1wb29sLXg4Nl82NCJdfQ.kmFRZQhaQRexJpWY6_-A8CzigOn6R5yQSsr2qD7JB_g HTTP/1.1" 200 -
172.16.3.7 - - [24/May/2026:06:26:52 +0200] "GET /rhn/manager/download/sle-product-sles15-sp7-pool-x86_64/repodata/repomd.xml?eyJhbGciOiJIUzI1NiJ9.eyJqdGkiOiJQWjFONjVLb1d5S0J1Qk1lWTVKOG9RIiwiZXhwIjoxODExMTMyNzk3LCJpYXQiOjE3Nzk1OTY3OTcsIm5iZiI6MTc3OTU5NjY3Nywib3JnIjoxLCJvbmx5Q2hhbm5lbHMiOlsic2xlLXByb2R1Y3Qtc2xlczE1LXNwNy1wb29sLXg4Nl82NCJdfQ.kmFRZQhaQRexJpWY6_-A8CzigOn6R5yQSsr2qD7JB_g HTTP/1.1" 200 3664
172.16.3.7 - - [24/May/2026:06:26:52 +0200] "HEAD /rhn/manager/download/sle-product-sles15-sp7-pool-x86_64/repodata/repomd.xml.asc?eyJhbGciOiJIUzI1NiJ9.eyJqdGkiOiJQWjFONjVLb1d5S0J1Qk1lWTVKOG9RIiwiZXhwIjoxODExMTMyNzk3LCJpYXQiOjE3Nzk1OTY3OTcsIm5iZiI6MTc3OTU5NjY3Nywib3JnIjoxLCJvbmx5Q2hhbm5lbHMiOlsic2xlLXByb2R1Y3Qtc2xlczE1LXNwNy1wb29sLXg4Nl82NCJdfQ.kmFRZQhaQRexJpWY6_-A8CzigOn6R5yQSsr2qD7JB_g HTTP/1.1" 404 -
172.16.3.7 - - [24/May/2026:06:26:52 +0200] "HEAD /rhn/manager/download/sle-product-sles15-sp7-pool-x86_64/repodata/1c2c4506df7799044f2d921a9ff3f13cd7fc458b2317a92f73a33a42c0f41ec1-primary.xml.gz?eyJhbGciOiJIUzI1NiJ9.eyJqdGkiOiJQWjFONjVLb1d5S0J1Qk1lWTVKOG9RIiwiZXhwIjoxODExMTMyNzk3LCJpYXQiOjE3Nzk1OTY3OTcsIm5iZiI6MTc3OTU5NjY3Nywib3JnIjoxLCJvbmx5Q2hhbm5lbHMiOlsic2xlLXByb2R1Y3Qtc2xlczE1LXNwNy1wb29sLXg4Nl82NCJdfQ.kmFRZQhaQRexJpWY6_-A8CzigOn6R5yQSsr2qD7JB_g HTTP/1.1" 200 -
172.16.3.7 - - [24/May/2026:06:26:53 +0200] "GET /rhn/manager/download/sle-product-sles15-sp7-pool-x86_64/repodata/1c2c4506df7799044f2d921a9ff3f13cd7fc458b2317a92f73a33a42c0f41ec1-primary.xml.gz?eyJhbGciOiJIUzI1NiJ9.eyJqdGkiOiJQWjFONjVLb1d5S0J1Qk1lWTVKOG9RIiwiZXhwIjoxODExMTMyNzk3LCJpYXQiOjE3Nzk1OTY3OTcsIm5iZiI6MTc3OTU5NjY3Nywib3JnIjoxLCJvbmx5Q2hhbm5lbHMiOlsic2xlLXByb2R1Y3Qtc2xlczE1LXNwNy1wb29sLXg4Nl82NCJdfQ.kmFRZQhaQRexJpWY6_-A8CzigOn6R5yQSsr2qD7JB_g HTTP/1.1" 200 3663
172.16.3.7 - - [24/May/2026:06:26:53 +0200] "HEAD /rhn/manager/download/sle-product-sles15-sp7-pool-x86_64/repodata/2e34934e751c235ac6406ea6b3b5e16e6dde0ad209c60d6e5ef3871a8a34ad7f-susedata.xml.gz?eyJhbGciOiJIUzI1NiJ9.eyJqdGkiOiJQWjFONjVLb1d5S0J1Qk1lWTVKOG9RIiwiZXhwIjoxODExMTMyNzk3LCJpYXQiOjE3Nzk1OTY3OTcsIm5iZiI6MTc3OTU5NjY3Nywib3JnIjoxLCJvbmx5Q2hhbm5lbHMiOlsic2xlLXByb2R1Y3Qtc2xlczE1LXNwNy1wb29sLXg4Nl82NCJdfQ.kmFRZQhaQRexJpWY6_-A8CzigOn6R5yQSsr2qD7JB_g HTTP/1.1" 200 -
172.16.3.7 - - [24/May/2026:06:26:53 +0200] "GET /rhn/manager/download/sle-product-sles15-sp7-pool-x86_64/repodata/2e34934e751c235ac6406ea6b3b5e16e6dde0ad209c60d6e5ef3871a8a34ad7f-susedata.xml.gz?eyJhbGciOiJIUzI1NiJ9.eyJqdGkiOiJQWjFONjVLb1d5S0J1Qk1lWTVKOG9RIiwiZXhwIjoxODExMTMyNzk3LCJpYXQiOjE3Nzk1OTY3OTcsIm5iZiI6MTc3OTU5NjY3Nywib3JnIjoxLCJvbmx5Q2hhbm5lbHMiOlsic2xlLXByb2R1Y3Qtc2xlczE1LXNwNy1wb29sLXg4Nl82NCJdfQ.kmFRZQhaQRexJpWY6_-A8CzigOn6R5yQSsr2qD7JB_g HTTP/1.1" 200 3664
172.16.3.7 - - [24/May/2026:06:26:53 +0200] "HEAD /rhn/manager/download/sle-product-sles15-sp7-updates-x86_64/repodata/repomd.xml?eyJhbGciOiJIUzI1NiJ9.eyJqdGkiOiIxMDJuc2xPS1VjemxTUFNpc0Z2R3RRIiwiZXhwIjoxODExMTMyNzk3LCJpYXQiOjE3Nzk1OTY3OTcsIm5iZiI6MTc3OTU5NjY3Nywib3JnIjoxLCJvbmx5Q2hhbm5lbHMiOlsic2xlLXByb2R1Y3Qtc2xlczE1LXNwNy11cGRhdGVzLXg4Nl82NCJdfQ.ktninHfcNDGnkRVAlyJA5Lr5PgqqXkpOFr5HiOMLqOw HTTP/1.1" 200 -
172.16.3.7 - - [24/May/2026:06:26:53 +0200] "HEAD /rhn/manager/download/sle-product-sles15-sp7-updates-x86_64/media.1/media?eyJhbGciOiJIUzI1NiJ9.eyJqdGkiOiIxMDJuc2xPS1VjemxTUFNpc0Z2R3RRIiwiZXhwIjoxODExMTMyNzk3LCJpYXQiOjE3Nzk1OTY3OTcsIm5iZiI6MTc3OTU5NjY3Nywib3JnIjoxLCJvbmx5Q2hhbm5lbHMiOlsic2xlLXByb2R1Y3Qtc2xlczE1LXNwNy11cGRhdGVzLXg4Nl82NCJdfQ.ktninHfcNDGnkRVAlyJA5Lr5PgqqXkpOFr5HiOMLqOw HTTP/1.1" 404 -
172.16.3.7 - - [24/May/2026:06:26:53 +0200] "HEAD /rhn/manager/download/sle-product-sles15-sp7-updates-x86_64/repodata/repomd.xml?eyJhbGciOiJIUzI1NiJ9.eyJqdGkiOiIxMDJuc2xPS1VjemxTUFNpc0Z2R3RRIiwiZXhwIjoxODExMTMyNzk3LCJpYXQiOjE3Nzk1OTY3OTcsIm5iZiI6MTc3OTU5NjY3Nywib3JnIjoxLCJvbmx5Q2hhbm5lbHMiOlsic2xlLXByb2R1Y3Qtc2xlczE1LXNwNy11cGRhdGVzLXg4Nl82NCJdfQ.ktninHfcNDGnkRVAlyJA5Lr5PgqqXkpOFr5HiOMLqOw HTTP/1.1" 200 -
172.16.3.7 - - [24/May/2026:06:26:53 +0200] "GET /rhn/manager/download/sle-product-sles15-sp7-updates-x86_64/repodata/repomd.xml?eyJhbGciOiJIUzI1NiJ9.eyJqdGkiOiIxMDJuc2xPS1VjemxTUFNpc0Z2R3RRIiwiZXhwIjoxODExMTMyNzk3LCJpYXQiOjE3Nzk1OTY3OTcsIm5iZiI6MTc3OTU5NjY3Nywib3JnIjoxLCJvbmx5Q2hhbm5lbHMiOlsic2xlLXByb2R1Y3Qtc2xlczE1LXNwNy11cGRhdGVzLXg4Nl82NCJdfQ.ktninHfcNDGnkRVAlyJA5Lr5PgqqXkpOFr5HiOMLqOw HTTP/1.1" 200 3664
172.16.3.7 - - [24/May/2026:06:26:53 +0200] "HEAD /rhn/manager/download/sle-product-sles15-sp7-updates-x86_64/repodata/repomd.xml.asc?eyJhbGciOiJIUzI1NiJ9.eyJqdGkiOiIxMDJuc2xPS1VjemxTUFNpc0Z2R3RRIiwiZXhwIjoxODExMTMyNzk3LCJpYXQiOjE3Nzk1OTY3OTcsIm5iZiI6MTc3OTU5NjY3Nywib3JnIjoxLCJvbmx5Q2hhbm5lbHMiOlsic2xlLXByb2R1Y3Qtc2xlczE1LXNwNy11cGRhdGVzLXg4Nl82NCJdfQ.ktninHfcNDGnkRVAlyJA5Lr5PgqqXkpOFr5HiOMLqOw HTTP/1.1" 404 -
172.16.3.7 - - [24/May/2026:06:26:53 +0200] "HEAD /rhn/manager/download/sle-product-sles15-sp7-updates-x86_64/repodata/86c3b269b81bb391f309bffa155fe6b984bd614e39288d551923b87bbbdd6a91-primary.xml.gz?eyJhbGciOiJIUzI1NiJ9.eyJqdGkiOiIxMDJuc2xPS1VjemxTUFNpc0Z2R3RRIiwiZXhwIjoxODExMTMyNzk3LCJpYXQiOjE3Nzk1OTY3OTcsIm5iZiI6MTc3OTU5NjY3Nywib3JnIjoxLCJvbmx5Q2hhbm5lbHMiOlsic2xlLXByb2R1Y3Qtc2xlczE1LXNwNy11cGRhdGVzLXg4Nl82NCJdfQ.ktninHfcNDGnkRVAlyJA5Lr5PgqqXkpOFr5HiOMLqOw HTTP/1.1" 200 -
172.16.3.7 - - [24/May/2026:06:26:53 +0200] "GET /rhn/manager/download/sle-product-sles15-sp7-updates-x86_64/repodata/86c3b269b81bb391f309bffa155fe6b984bd614e39288d551923b87bbbdd6a91-primary.xml.gz?eyJhbGciOiJIUzI1NiJ9.eyJqdGkiOiIxMDJuc2xPS1VjemxTUFNpc0Z2R3RRIiwiZXhwIjoxODExMTMyNzk3LCJpYXQiOjE3Nzk1OTY3OTcsIm5iZiI6MTc3OTU5NjY3Nywib3JnIjoxLCJvbmx5Q2hhbm5lbHMiOlsic2xlLXByb2R1Y3Qtc2xlczE1LXNwNy11cGRhdGVzLXg4Nl82NCJdfQ.ktninHfcNDGnkRVAlyJA5Lr5PgqqXkpOFr5HiOMLqOw HTTP/1.1" 200 3663
172.16.3.7 - - [24/May/2026:06:26:53 +0200] "HEAD /rhn/manager/download/sle-product-sles15-sp7-updates-x86_64/repodata/70c5d735bea733091ae1e7ee0e0b9512a914214027367521262deb6cb4bedaa1-susedata.xml.gz?eyJhbGciOiJIUzI1NiJ9.eyJqdGkiOiIxMDJuc2xPS1VjemxTUFNpc0Z2R3RRIiwiZXhwIjoxODExMTMyNzk3LCJpYXQiOjE3Nzk1OTY3OTcsIm5iZiI6MTc3OTU5NjY3Nywib3JnIjoxLCJvbmx5Q2hhbm5lbHMiOlsic2xlLXByb2R1Y3Qtc2xlczE1LXNwNy11cGRhdGVzLXg4Nl82NCJdfQ.ktninHfcNDGnkRVAlyJA5Lr5PgqqXkpOFr5HiOMLqOw HTTP/1.1" 200 -
172.16.3.7 - - [24/May/2026:06:26:53 +0200] "GET /rhn/manager/download/sle-product-sles15-sp7-updates-x86_64/repodata/70c5d735bea733091ae1e7ee0e0b9512a914214027367521262deb6cb4bedaa1-susedata.xml.gz?eyJhbGciOiJIUzI1NiJ9.eyJqdGkiOiIxMDJuc2xPS1VjemxTUFNpc0Z2R3RRIiwiZXhwIjoxODExMTMyNzk3LCJpYXQiOjE3Nzk1OTY3OTcsIm5iZiI6MTc3OTU5NjY3Nywib3JnIjoxLCJvbmx5Q2hhbm5lbHMiOlsic2xlLXByb2R1Y3Qtc2xlczE1LXNwNy11cGRhdGVzLXg4Nl82NCJdfQ.ktninHfcNDGnkRVAlyJA5Lr5PgqqXkpOFr5HiOMLqOw HTTP/1.1" 200 3664
172.16.3.7 - - [24/May/2026:06:26:53 +0200] "HEAD /rhn/manager/download/sle-product-sles15-sp7-updates-x86_64/repodata/3efa5b9fae5214a5a8d6f4e73db34425ec3934b1d040183473d0d8865a0737d1-updateinfo.xml.gz?eyJhbGciOiJIUzI1NiJ9.eyJqdGkiOiIxMDJuc2xPS1VjemxTUFNpc0Z2R3RRIiwiZXhwIjoxODExMTMyNzk3LCJpYXQiOjE3Nzk1OTY3OTcsIm5iZiI6MTc3OTU5NjY3Nywib3JnIjoxLCJvbmx5Q2hhbm5lbHMiOlsic2xlLXByb2R1Y3Qtc2xlczE1LXNwNy11cGRhdGVzLXg4Nl82NCJdfQ.ktninHfcNDGnkRVAlyJA5Lr5PgqqXkpOFr5HiOMLqOw HTTP/1.1" 200 -
172.16.3.7 - - [24/May/2026:06:26:53 +0200] "GET /rhn/manager/download/sle-product-sles15-sp7-updates-x86_64/repodata/3efa5b9fae5214a5a8d6f4e73db34425ec3934b1d040183473d0d8865a0737d1-updateinfo.xml.gz?eyJhbGciOiJIUzI1NiJ9.eyJqdGkiOiIxMDJuc2xPS1VjemxTUFNpc0Z2R3RRIiwiZXhwIjoxODExMTMyNzk3LCJpYXQiOjE3Nzk1OTY3OTcsIm5iZiI6MTc3OTU5NjY3Nywib3JnIjoxLCJvbmx5Q2hhbm5lbHMiOlsic2xlLXByb2R1Y3Qtc2xlczE1LXNwNy11cGRhdGVzLXg4Nl82NCJdfQ.ktninHfcNDGnkRVAlyJA5Lr5PgqqXkpOFr5HiOMLqOw HTTP/1.1" 200 3664
172.16.3.7 - - [24/May/2026:06:26:53 +0200] "HEAD /rhn/manager/download/sles15-sp7-devel-uyuni-client-x86_64/repodata/repomd.xml?eyJhbGciOiJIUzI1NiJ9.eyJqdGkiOiJPXzc4bWpZYTFvU29Sd3lJRmJoUzd3IiwiZXhwIjoxODExMTMyNzk3LCJpYXQiOjE3Nzk1OTY3OTcsIm5iZiI6MTc3OTU5NjY3Nywib3JnIjoxLCJvbmx5Q2hhbm5lbHMiOlsic2xlczE1LXNwNy1kZXZlbC11eXVuaS1jbGllbnQteDg2XzY0Il19.fWJmKB5p8NhXCBCNWp4K_0s6TGM_3CnzRxfaUm38cGU HTTP/1.1" 200 -
172.16.3.7 - - [24/May/2026:06:26:53 +0200] "HEAD /rhn/manager/download/sles15-sp7-devel-uyuni-client-x86_64/media.1/media?eyJhbGciOiJIUzI1NiJ9.eyJqdGkiOiJPXzc4bWpZYTFvU29Sd3lJRmJoUzd3IiwiZXhwIjoxODExMTMyNzk3LCJpYXQiOjE3Nzk1OTY3OTcsIm5iZiI6MTc3OTU5NjY3Nywib3JnIjoxLCJvbmx5Q2hhbm5lbHMiOlsic2xlczE1LXNwNy1kZXZlbC11eXVuaS1jbGllbnQteDg2XzY0Il19.fWJmKB5p8NhXCBCNWp4K_0s6TGM_3CnzRxfaUm38cGU HTTP/1.1" 404 -
172.16.3.7 - - [24/May/2026:06:26:53 +0200] "HEAD /rhn/manager/download/sles15-sp7-devel-uyuni-client-x86_64/repodata/repomd.xml?eyJhbGciOiJIUzI1NiJ9.eyJqdGkiOiJPXzc4bWpZYTFvU29Sd3lJRmJoUzd3IiwiZXhwIjoxODExMTMyNzk3LCJpYXQiOjE3Nzk1OTY3OTcsIm5iZiI6MTc3OTU5NjY3Nywib3JnIjoxLCJvbmx5Q2hhbm5lbHMiOlsic2xlczE1LXNwNy1kZXZlbC11eXVuaS1jbGllbnQteDg2XzY0Il19.fWJmKB5p8NhXCBCNWp4K_0s6TGM_3CnzRxfaUm38cGU HTTP/1.1" 200 -
172.16.3.7 - - [24/May/2026:06:26:53 +0200] "GET /rhn/manager/download/sles15-sp7-devel-uyuni-client-x86_64/repodata/repomd.xml?eyJhbGciOiJIUzI1NiJ9.eyJqdGkiOiJPXzc4bWpZYTFvU29Sd3lJRmJoUzd3IiwiZXhwIjoxODExMTMyNzk3LCJpYXQiOjE3Nzk1OTY3OTcsIm5iZiI6MTc3OTU5NjY3Nywib3JnIjoxLCJvbmx5Q2hhbm5lbHMiOlsic2xlczE1LXNwNy1kZXZlbC11eXVuaS1jbGllbnQteDg2XzY0Il19.fWJmKB5p8NhXCBCNWp4K_0s6TGM_3CnzRxfaUm38cGU HTTP/1.1" 200 3664
172.16.3.5 - - [24/May/2026:06:26:53 +0200] "GET /rhn/manager/systems/list/all HTTP/1.1" 200 36842
172.16.3.7 - - [24/May/2026:06:26:53 +0200] "HEAD /rhn/manager/download/sles15-sp7-devel-uyuni-client-x86_64/repodata/repomd.xml.asc?eyJhbGciOiJIUzI1NiJ9.eyJqdGkiOiJPXzc4bWpZYTFvU29Sd3lJRmJoUzd3IiwiZXhwIjoxODExMTMyNzk3LCJpYXQiOjE3Nzk1OTY3OTcsIm5iZiI6MTc3OTU5NjY3Nywib3JnIjoxLCJvbmx5Q2hhbm5lbHMiOlsic2xlczE1LXNwNy1kZXZlbC11eXVuaS1jbGllbnQteDg2XzY0Il19.fWJmKB5p8NhXCBCNWp4K_0s6TGM_3CnzRxfaUm38cGU HTTP/1.1" 404 -
172.16.3.7 - - [24/May/2026:06:26:53 +0200] "HEAD /rhn/manager/download/sles15-sp7-devel-uyuni-client-x86_64/repodata/5a4bb3eadd214123d7eeb46746f1db2c095331c15260eccdecf946039c4cb227-primary.xml.gz?eyJhbGciOiJIUzI1NiJ9.eyJqdGkiOiJPXzc4bWpZYTFvU29Sd3lJRmJoUzd3IiwiZXhwIjoxODExMTMyNzk3LCJpYXQiOjE3Nzk1OTY3OTcsIm5iZiI6MTc3OTU5NjY3Nywib3JnIjoxLCJvbmx5Q2hhbm5lbHMiOlsic2xlczE1LXNwNy1kZXZlbC11eXVuaS1jbGllbnQteDg2XzY0Il19.fWJmKB5p8NhXCBCNWp4K_0s6TGM_3CnzRxfaUm38cGU HTTP/1.1" 200 -
172.16.3.7 - - [24/May/2026:06:26:53 +0200] "GET /rhn/manager/download/sles15-sp7-devel-uyuni-client-x86_64/repodata/5a4bb3eadd214123d7eeb46746f1db2c095331c15260eccdecf946039c4cb227-primary.xml.gz?eyJhbGciOiJIUzI1NiJ9.eyJqdGkiOiJPXzc4bWpZYTFvU29Sd3lJRmJoUzd3IiwiZXhwIjoxODExMTMyNzk3LCJpYXQiOjE3Nzk1OTY3OTcsIm5iZiI6MTc3OTU5NjY3Nywib3JnIjoxLCJvbmx5Q2hhbm5lbHMiOlsic2xlczE1LXNwNy1kZXZlbC11eXVuaS1jbGllbnQteDg2XzY0Il19.fWJmKB5p8NhXCBCNWp4K_0s6TGM_3CnzRxfaUm38cGU HTTP/1.1" 200 3664
127.0.0.1 - - [24/May/2026:06:26:53 +0200] "GET /rhn/websocket/notifications HTTP/1.1" 101 -
172.16.3.7 - - [24/May/2026:06:26:53 +0200] "HEAD /rhn/manager/download/sles15-sp7-devel-uyuni-client-x86_64/repodata/a47b6e8f1c5c6879cbc022ca4a3898508fd9f2006a0f298c2bf486380fec3c1a-susedata.xml.gz?eyJhbGciOiJIUzI1NiJ9.eyJqdGkiOiJPXzc4bWpZYTFvU29Sd3lJRmJoUzd3IiwiZXhwIjoxODExMTMyNzk3LCJpYXQiOjE3Nzk1OTY3OTcsIm5iZiI6MTc3OTU5NjY3Nywib3JnIjoxLCJvbmx5Q2hhbm5lbHMiOlsic2xlczE1LXNwNy1kZXZlbC11eXVuaS1jbGllbnQteDg2XzY0Il19.fWJmKB5p8NhXCBCNWp4K_0s6TGM_3CnzRxfaUm38cGU HTTP/1.1" 200 -
172.16.3.5 - - [24/May/2026:06:26:53 +0200] "POST /rhn/manager/frontend-log HTTP/1.1" 200 16
172.16.3.7 - - [24/May/2026:06:26:54 +0200] "GET /rhn/manager/download/sles15-sp7-devel-uyuni-client-x86_64/repodata/a47b6e8f1c5c6879cbc022ca4a3898508fd9f2006a0f298c2bf486380fec3c1a-susedata.xml.gz?eyJhbGciOiJIUzI1NiJ9.eyJqdGkiOiJPXzc4bWpZYTFvU29Sd3lJRmJoUzd3IiwiZXhwIjoxODExMTMyNzk3LCJpYXQiOjE3Nzk1OTY3OTcsIm5iZiI6MTc3OTU5NjY3Nywib3JnIjoxLCJvbmx5Q2hhbm5lbHMiOlsic2xlczE1LXNwNy1kZXZlbC11eXVuaS1jbGllbnQteDg2XzY0Il19.fWJmKB5p8NhXCBCNWp4K_0s6TGM_3CnzRxfaUm38cGU HTTP/1.1" 200 3664
172.16.3.5 - - [24/May/2026:06:26:54 +0200] "POST /rhn/manager/frontend-log HTTP/1.1" 200 16
127.0.0.1 - - [24/May/2026:06:26:54 +0200] "GET /rhn/websocket/notifications HTTP/1.1" 101 -
172.16.3.5 - - [24/May/2026:06:26:54 +0200] "GET /rhn/manager/api/systems/list/all?p=1&ps=100&s=1&sc=server_name HTTP/1.1" 200 789
172.16.3.5 - - [24/May/2026:06:26:54 +0200] "POST /rhn/manager/api/sets/system_list HTTP/1.1" 200 1
172.16.3.5 - - [24/May/2026:06:26:54 +0200] "GET /rhn/manager/systems/list/all HTTP/1.1" 200 36842
127.0.0.1 - - [24/May/2026:06:26:55 +0200] "GET /rhn/websocket/notifications HTTP/1.1" 101 -
172.16.3.5 - - [24/May/2026:06:26:55 +0200] "POST /rhn/manager/frontend-log HTTP/1.1" 200 16
127.0.0.1 - - [24/May/2026:06:26:55 +0200] "GET /rhn/websocket/notifications HTTP/1.1" 101 -
172.16.3.5 - - [24/May/2026:06:26:55 +0200] "GET /rhn/manager/api/systems/list/all?p=1&ps=100&s=1&sc=server_name HTTP/1.1" 200 789
172.16.3.5 - - [24/May/2026:06:26:55 +0200] "POST /rhn/manager/frontend-log HTTP/1.1" 200 16
172.16.3.5 - - [24/May/2026:06:26:55 +0200] "POST /rhn/manager/api/sets/system_list HTTP/1.1" 200 1
172.16.3.5 - - [24/May/2026:06:26:57 +0200] "POST /rhn/manager/api/systems/bootstrap-ssh HTTP/1.1" 200 28
172.16.3.5 - - [24/May/2026:06:26:58 +0200] "GET /rhn/manager/systems/list/all HTTP/1.1" 200 36842
127.0.0.1 - - [24/May/2026:06:26:58 +0200] "GET /rhn/websocket/notifications HTTP/1.1" 101 -
172.16.3.5 - - [24/May/2026:06:26:58 +0200] "POST /rhn/manager/frontend-log HTTP/1.1" 200 16
172.16.3.5 - - [24/May/2026:06:26:58 +0200] "GET /rhn/manager/systems/list/all HTTP/1.1" 200 36840
172.16.3.5 - - [24/May/2026:06:26:58 +0200] "POST /rhn/manager/frontend-log HTTP/1.1" 200 16
172.16.3.7 - - [24/May/2026:06:26:58 +0200] "HEAD /rhn/manager/download/sle-module-python3-15-sp7-pool-x86_64/getPackage/NULL/41088f393ce29becdfb2ec9a920f1293ed386c1bf6d517d01516d328e42f06e2/sle-module-python3-release-15.7-150700.28.1.x86_64.rpm?eyJhbGciOiJIUzI1NiJ9.eyJqdGkiOiJsZWVWQjJweU81V0xpUzhERzJjb3lnIiwiZXhwIjoxODExMTMyNzk3LCJpYXQiOjE3Nzk1OTY3OTcsIm5iZiI6MTc3OTU5NjY3Nywib3JnIjoxLCJvbmx5Q2hhbm5lbHMiOlsic2xlLW1vZHVsZS1weXRob24zLTE1LXNwNy1wb29sLXg4Nl82NCJdfQ.JaXIbGR-fdTphCGfC3y0-1aAHWbmCDxAxAnyVMGj8tE HTTP/1.1" 200 -
172.16.3.5 - - [24/May/2026:06:26:59 +0200] "POST /rhn/manager/frontend-log HTTP/1.1" 200 16
172.16.3.5 - - [24/May/2026:06:26:59 +0200] "GET /rhn/manager/api/systems/list/all?p=1&ps=100&s=1&sc=server_name HTTP/1.1" 200 789
127.0.0.1 - - [24/May/2026:06:26:59 +0200] "GET /rhn/websocket/notifications HTTP/1.1" 101 -
172.16.3.7 - - [24/May/2026:06:26:59 +0200] "GET /rhn/manager/download/sle-module-python3-15-sp7-pool-x86_64/getPackage/NULL/41088f393ce29becdfb2ec9a920f1293ed386c1bf6d517d01516d328e42f06e2/sle-module-python3-release-15.7-150700.28.1.x86_64.rpm?eyJhbGciOiJIUzI1NiJ9.eyJqdGkiOiJsZWVWQjJweU81V0xpUzhERzJjb3lnIiwiZXhwIjoxODExMTMyNzk3LCJpYXQiOjE3Nzk1OTY3OTcsIm5iZiI6MTc3OTU5NjY3Nywib3JnIjoxLCJvbmx5Q2hhbm5lbHMiOlsic2xlLW1vZHVsZS1weXRob24zLTE1LXNwNy1wb29sLXg4Nl82NCJdfQ.JaXIbGR-fdTphCGfC3y0-1aAHWbmCDxAxAnyVMGj8tE HTTP/1.1" 200 3664
172.16.3.7 - - [24/May/2026:06:26:59 +0200] "HEAD /rhn/manager/download/sle-module-systems-management-15-sp7-pool-x86_64/getPackage/NULL/74f499e46e243e03e2c42b455cca5a269464b6d16d2536b941040c85497644fd/sle-module-systems-management-release-15.7-150700.28.1.x86_64.rpm?eyJhbGciOiJIUzI1NiJ9.eyJqdGkiOiJ2M1BPa2xGVmFjdzMwVDVNQzQ4aC1RIiwiZXhwIjoxODExMTMyNzk3LCJpYXQiOjE3Nzk1OTY3OTcsIm5iZiI6MTc3OTU5NjY3Nywib3JnIjoxLCJvbmx5Q2hhbm5lbHMiOlsic2xlLW1vZHVsZS1zeXN0ZW1zLW1hbmFnZW1lbnQtMTUtc3A3LXBvb2wteDg2XzY0Il19.ew-yFN5uHVubfOTuq72FZtbVOjtpL8BtuaZwsH6ZZ-4 HTTP/1.1" 200 -
172.16.3.7 - - [24/May/2026:06:26:59 +0200] "GET /rhn/manager/download/sle-module-systems-management-15-sp7-pool-x86_64/getPackage/NULL/74f499e46e243e03e2c42b455cca5a269464b6d16d2536b941040c85497644fd/sle-module-systems-management-release-15.7-150700.28.1.x86_64.rpm?eyJhbGciOiJIUzI1NiJ9.eyJqdGkiOiJ2M1BPa2xGVmFjdzMwVDVNQzQ4aC1RIiwiZXhwIjoxODExMTMyNzk3LCJpYXQiOjE3Nzk1OTY3OTcsIm5iZiI6MTc3OTU5NjY3Nywib3JnIjoxLCJvbmx5Q2hhbm5lbHMiOlsic2xlLW1vZHVsZS1zeXN0ZW1zLW1hbmFnZW1lbnQtMTUtc3A3LXBvb2wteDg2XzY0Il19.ew-yFN5uHVubfOTuq72FZtbVOjtpL8BtuaZwsH6ZZ-4 HTTP/1.1" 200 3663
127.0.0.1 - - [24/May/2026:06:26:59 +0200] "GET /rhn/websocket/notifications HTTP/1.1" 101 -
172.16.3.5 - - [24/May/2026:06:26:59 +0200] "POST /rhn/manager/api/sets/system_list HTTP/1.1" 200 1
172.16.3.5 - - [24/May/2026:06:26:59 +0200] "GET /rhn/manager/api/systems/list/all?p=1&ps=100&s=1&sc=server_name HTTP/1.1" 200 789
172.16.3.5 - - [24/May/2026:06:26:59 +0200] "POST /rhn/manager/api/sets/system_list HTTP/1.1" 200 1
172.16.3.7 - - [24/May/2026:06:27:00 +0200] "HEAD /rhn/manager/download/sle-module-basesystem15-sp7-updates-x86_64/repodata/repomd.xml?eyJhbGciOiJIUzI1NiJ9.eyJqdGkiOiI4UDJqV2lnbDdEM0M4bnAtdFVleS13IiwiZXhwIjoxODExMTMyNzk3LCJpYXQiOjE3Nzk1OTY3OTcsIm5iZiI6MTc3OTU5NjY3Nywib3JnIjoxLCJvbmx5Q2hhbm5lbHMiOlsic2xlLW1vZHVsZS1iYXNlc3lzdGVtMTUtc3A3LXVwZGF0ZXMteDg2XzY0Il19.6AJLjG1G5FHfy1tM6vpDbLth72wGydjl-lx9kM5QnTg HTTP/1.1" 200 -
172.16.3.7 - - [24/May/2026:06:27:00 +0200] "HEAD /rhn/manager/download/sle-module-basesystem15-sp7-updates-x86_64/media.1/media?eyJhbGciOiJIUzI1NiJ9.eyJqdGkiOiI4UDJqV2lnbDdEM0M4bnAtdFVleS13IiwiZXhwIjoxODExMTMyNzk3LCJpYXQiOjE3Nzk1OTY3OTcsIm5iZiI6MTc3OTU5NjY3Nywib3JnIjoxLCJvbmx5Q2hhbm5lbHMiOlsic2xlLW1vZHVsZS1iYXNlc3lzdGVtMTUtc3A3LXVwZGF0ZXMteDg2XzY0Il19.6AJLjG1G5FHfy1tM6vpDbLth72wGydjl-lx9kM5QnTg HTTP/1.1" 404 -
172.16.3.7 - - [24/May/2026:06:27:00 +0200] "HEAD /rhn/manager/download/sle-module-basesystem15-sp7-updates-x86_64/repodata/repomd.xml?eyJhbGciOiJIUzI1NiJ9.eyJqdGkiOiI4UDJqV2lnbDdEM0M4bnAtdFVleS13IiwiZXhwIjoxODExMTMyNzk3LCJpYXQiOjE3Nzk1OTY3OTcsIm5iZiI6MTc3OTU5NjY3Nywib3JnIjoxLCJvbmx5Q2hhbm5lbHMiOlsic2xlLW1vZHVsZS1iYXNlc3lzdGVtMTUtc3A3LXVwZGF0ZXMteDg2XzY0Il19.6AJLjG1G5FHfy1tM6vpDbLth72wGydjl-lx9kM5QnTg HTTP/1.1" 200 -
172.16.3.7 - - [24/May/2026:06:27:00 +0200] "GET /rhn/manager/download/sle-module-basesystem15-sp7-updates-x86_64/repodata/repomd.xml?eyJhbGciOiJIUzI1NiJ9.eyJqdGkiOiI4UDJqV2lnbDdEM0M4bnAtdFVleS13IiwiZXhwIjoxODExMTMyNzk3LCJpYXQiOjE3Nzk1OTY3OTcsIm5iZiI6MTc3OTU5NjY3Nywib3JnIjoxLCJvbmx5Q2hhbm5lbHMiOlsic2xlLW1vZHVsZS1iYXNlc3lzdGVtMTUtc3A3LXVwZGF0ZXMteDg2XzY0Il19.6AJLjG1G5FHfy1tM6vpDbLth72wGydjl-lx9kM5QnTg HTTP/1.1" 200 3664
172.16.3.7 - - [24/May/2026:06:27:00 +0200] "HEAD /rhn/manager/download/sle-module-basesystem15-sp7-updates-x86_64/repodata/repomd.xml.asc?eyJhbGciOiJIUzI1NiJ9.eyJqdGkiOiI4UDJqV2lnbDdEM0M4bnAtdFVleS13IiwiZXhwIjoxODExMTMyNzk3LCJpYXQiOjE3Nzk1OTY3OTcsIm5iZiI6MTc3OTU5NjY3Nywib3JnIjoxLCJvbmx5Q2hhbm5lbHMiOlsic2xlLW1vZHVsZS1iYXNlc3lzdGVtMTUtc3A3LXVwZGF0ZXMteDg2XzY0Il19.6AJLjG1G5FHfy1tM6vpDbLth72wGydjl-lx9kM5QnTg HTTP/1.1" 404 -
172.16.3.7 - - [24/May/2026:06:27:00 +0200] "HEAD /rhn/manager/download/sle-module-basesystem15-sp7-updates-x86_64/repodata/ebd39cc76499391b61fb19d946fa3960d652878cb0334cae09d38c68d5ad9c63-primary.xml.gz?eyJhbGciOiJIUzI1NiJ9.eyJqdGkiOiI4UDJqV2lnbDdEM0M4bnAtdFVleS13IiwiZXhwIjoxODExMTMyNzk3LCJpYXQiOjE3Nzk1OTY3OTcsIm5iZiI6MTc3OTU5NjY3Nywib3JnIjoxLCJvbmx5Q2hhbm5lbHMiOlsic2xlLW1vZHVsZS1iYXNlc3lzdGVtMTUtc3A3LXVwZGF0ZXMteDg2XzY0Il19.6AJLjG1G5FHfy1tM6vpDbLth72wGydjl-lx9kM5QnTg HTTP/1.1" 200 -
172.16.3.7 - - [24/May/2026:06:27:00 +0200] "HEAD /rhn/manager/download/sle-module-basesystem15-sp7-updates-x86_64/repodata/0070db214d05a3a61bb57d824685633f9c5300d410500358b6a49cbb040891e2-susedata.xml.gz?eyJhbGciOiJIUzI1NiJ9.eyJqdGkiOiI4UDJqV2lnbDdEM0M4bnAtdFVleS13IiwiZXhwIjoxODExMTMyNzk3LCJpYXQiOjE3Nzk1OTY3OTcsIm5iZiI6MTc3OTU5NjY3Nywib3JnIjoxLCJvbmx5Q2hhbm5lbHMiOlsic2xlLW1vZHVsZS1iYXNlc3lzdGVtMTUtc3A3LXVwZGF0ZXMteDg2XzY0Il19.6AJLjG1G5FHfy1tM6vpDbLth72wGydjl-lx9kM5QnTg HTTP/1.1" 200 -
172.16.3.7 - - [24/May/2026:06:27:00 +0200] "HEAD /rhn/manager/download/sle-module-basesystem15-sp7-updates-x86_64/repodata/22c6bb7e34c5a07cffab8871386ba4225ade8c05ad08384eb44826384172ef05-updateinfo.xml.gz?eyJhbGciOiJIUzI1NiJ9.eyJqdGkiOiI4UDJqV2lnbDdEM0M4bnAtdFVleS13IiwiZXhwIjoxODExMTMyNzk3LCJpYXQiOjE3Nzk1OTY3OTcsIm5iZiI6MTc3OTU5NjY3Nywib3JnIjoxLCJvbmx5Q2hhbm5lbHMiOlsic2xlLW1vZHVsZS1iYXNlc3lzdGVtMTUtc3A3LXVwZGF0ZXMteDg2XzY0Il19.6AJLjG1G5FHfy1tM6vpDbLth72wGydjl-lx9kM5QnTg HTTP/1.1" 200 -
172.16.3.7 - - [24/May/2026:06:27:02 +0200] "HEAD /rhn/manager/download/sle-module-desktop-applications15-sp7-updates-x86_64/repodata/repomd.xml?eyJhbGciOiJIUzI1NiJ9.eyJqdGkiOiJsSkFOVW5EN19qXzNNLXV5OFRKdmN3IiwiZXhwIjoxODExMTMyNzk3LCJpYXQiOjE3Nzk1OTY3OTcsIm5iZiI6MTc3OTU5NjY3Nywib3JnIjoxLCJvbmx5Q2hhbm5lbHMiOlsic2xlLW1vZHVsZS1kZXNrdG9wLWFwcGxpY2F0aW9uczE1LXNwNy11cGRhdGVzLXg4Nl82NCJdfQ.Oxd6XmaWbVmA3Ie0WwlKkPnBkpgMFvaM4UlJBVE41tk HTTP/1.1" 200 -
172.16.3.7 - - [24/May/2026:06:27:02 +0200] "HEAD /rhn/manager/download/sle-module-desktop-applications15-sp7-updates-x86_64/media.1/media?eyJhbGciOiJIUzI1NiJ9.eyJqdGkiOiJsSkFOVW5EN19qXzNNLXV5OFRKdmN3IiwiZXhwIjoxODExMTMyNzk3LCJpYXQiOjE3Nzk1OTY3OTcsIm5iZiI6MTc3OTU5NjY3Nywib3JnIjoxLCJvbmx5Q2hhbm5lbHMiOlsic2xlLW1vZHVsZS1kZXNrdG9wLWFwcGxpY2F0aW9uczE1LXNwNy11cGRhdGVzLXg4Nl82NCJdfQ.Oxd6XmaWbVmA3Ie0WwlKkPnBkpgMFvaM4UlJBVE41tk HTTP/1.1" 404 -
172.16.3.7 - - [24/May/2026:06:27:02 +0200] "HEAD /rhn/manager/download/sle-module-desktop-applications15-sp7-updates-x86_64/repodata/repomd.xml?eyJhbGciOiJIUzI1NiJ9.eyJqdGkiOiJsSkFOVW5EN19qXzNNLXV5OFRKdmN3IiwiZXhwIjoxODExMTMyNzk3LCJpYXQiOjE3Nzk1OTY3OTcsIm5iZiI6MTc3OTU5NjY3Nywib3JnIjoxLCJvbmx5Q2hhbm5lbHMiOlsic2xlLW1vZHVsZS1kZXNrdG9wLWFwcGxpY2F0aW9uczE1LXNwNy11cGRhdGVzLXg4Nl82NCJdfQ.Oxd6XmaWbVmA3Ie0WwlKkPnBkpgMFvaM4UlJBVE41tk HTTP/1.1" 200 -
172.16.3.7 - - [24/May/2026:06:27:02 +0200] "HEAD /rhn/manager/download/sle-module-desktop-applications15-sp7-updates-x86_64/repodata/repomd.xml.asc?eyJhbGciOiJIUzI1NiJ9.eyJqdGkiOiJsSkFOVW5EN19qXzNNLXV5OFRKdmN3IiwiZXhwIjoxODExMTMyNzk3LCJpYXQiOjE3Nzk1OTY3OTcsIm5iZiI6MTc3OTU5NjY3Nywib3JnIjoxLCJvbmx5Q2hhbm5lbHMiOlsic2xlLW1vZHVsZS1kZXNrdG9wLWFwcGxpY2F0aW9uczE1LXNwNy11cGRhdGVzLXg4Nl82NCJdfQ.Oxd6XmaWbVmA3Ie0WwlKkPnBkpgMFvaM4UlJBVE41tk HTTP/1.1" 404 -
172.16.3.7 - - [24/May/2026:06:27:02 +0200] "HEAD /rhn/manager/download/sle-module-desktop-applications15-sp7-updates-x86_64/repodata/084bf7782fbbad5b35cccebaf88668e3158e721ae414eb0ed99e7e8bfafc3cf6-primary.xml.gz?eyJhbGciOiJIUzI1NiJ9.eyJqdGkiOiJsSkFOVW5EN19qXzNNLXV5OFRKdmN3IiwiZXhwIjoxODExMTMyNzk3LCJpYXQiOjE3Nzk1OTY3OTcsIm5iZiI6MTc3OTU5NjY3Nywib3JnIjoxLCJvbmx5Q2hhbm5lbHMiOlsic2xlLW1vZHVsZS1kZXNrdG9wLWFwcGxpY2F0aW9uczE1LXNwNy11cGRhdGVzLXg4Nl82NCJdfQ.Oxd6XmaWbVmA3Ie0WwlKkPnBkpgMFvaM4UlJBVE41tk HTTP/1.1" 200 -
172.16.3.7 - - [24/May/2026:06:27:02 +0200] "HEAD /rhn/manager/download/sle-module-desktop-applications15-sp7-updates-x86_64/repodata/a64c75180a1f72f4430010343521561b316edae069c4c8b0e2bec75f10a27f16-susedata.xml.gz?eyJhbGciOiJIUzI1NiJ9.eyJqdGkiOiJsSkFOVW5EN19qXzNNLXV5OFRKdmN3IiwiZXhwIjoxODExMTMyNzk3LCJpYXQiOjE3Nzk1OTY3OTcsIm5iZiI6MTc3OTU5NjY3Nywib3JnIjoxLCJvbmx5Q2hhbm5lbHMiOlsic2xlLW1vZHVsZS1kZXNrdG9wLWFwcGxpY2F0aW9uczE1LXNwNy11cGRhdGVzLXg4Nl82NCJdfQ.Oxd6XmaWbVmA3Ie0WwlKkPnBkpgMFvaM4UlJBVE41tk HTTP/1.1" 200 -
172.16.3.7 - - [24/May/2026:06:27:02 +0200] "HEAD /rhn/manager/download/sle-module-desktop-applications15-sp7-updates-x86_64/repodata/afdacc564dd64fafedf9aff07c2ef96ae192e6da0a39ba4903cecfa0c691a696-updateinfo.xml.gz?eyJhbGciOiJIUzI1NiJ9.eyJqdGkiOiJsSkFOVW5EN19qXzNNLXV5OFRKdmN3IiwiZXhwIjoxODExMTMyNzk3LCJpYXQiOjE3Nzk1OTY3OTcsIm5iZiI6MTc3OTU5NjY3Nywib3JnIjoxLCJvbmx5Q2hhbm5lbHMiOlsic2xlLW1vZHVsZS1kZXNrdG9wLWFwcGxpY2F0aW9uczE1LXNwNy11cGRhdGVzLXg4Nl82NCJdfQ.Oxd6XmaWbVmA3Ie0WwlKkPnBkpgMFvaM4UlJBVE41tk HTTP/1.1" 200 -
172.16.3.7 - - [24/May/2026:06:27:02 +0200] "HEAD /rhn/manager/download/sle-module-devtools15-sp7-updates-x86_64/repodata/repomd.xml?eyJhbGciOiJIUzI1NiJ9.eyJqdGkiOiJaVUc1b05oU1ZzaDRyR0Ytb1dhaXRnIiwiZXhwIjoxODExMTMyNzk3LCJpYXQiOjE3Nzk1OTY3OTcsIm5iZiI6MTc3OTU5NjY3Nywib3JnIjoxLCJvbmx5Q2hhbm5lbHMiOlsic2xlLW1vZHVsZS1kZXZ0b29sczE1LXNwNy11cGRhdGVzLXg4Nl82NCJdfQ.QxkZg-SvvmBmPXq5D6jfAZnw-KSYveH2AcZ7Sz-TqvQ HTTP/1.1" 200 -
172.16.3.7 - - [24/May/2026:06:27:02 +0200] "HEAD /rhn/manager/download/sle-module-devtools15-sp7-updates-x86_64/media.1/media?eyJhbGciOiJIUzI1NiJ9.eyJqdGkiOiJaVUc1b05oU1ZzaDRyR0Ytb1dhaXRnIiwiZXhwIjoxODExMTMyNzk3LCJpYXQiOjE3Nzk1OTY3OTcsIm5iZiI6MTc3OTU5NjY3Nywib3JnIjoxLCJvbmx5Q2hhbm5lbHMiOlsic2xlLW1vZHVsZS1kZXZ0b29sczE1LXNwNy11cGRhdGVzLXg4Nl82NCJdfQ.QxkZg-SvvmBmPXq5D6jfAZnw-KSYveH2AcZ7Sz-TqvQ HTTP/1.1" 404 -
172.16.3.7 - - [24/May/2026:06:27:02 +0200] "HEAD /rhn/manager/download/sle-module-devtools15-sp7-updates-x86_64/repodata/repomd.xml?eyJhbGciOiJIUzI1NiJ9.eyJqdGkiOiJaVUc1b05oU1ZzaDRyR0Ytb1dhaXRnIiwiZXhwIjoxODExMTMyNzk3LCJpYXQiOjE3Nzk1OTY3OTcsIm5iZiI6MTc3OTU5NjY3Nywib3JnIjoxLCJvbmx5Q2hhbm5lbHMiOlsic2xlLW1vZHVsZS1kZXZ0b29sczE1LXNwNy11cGRhdGVzLXg4Nl82NCJdfQ.QxkZg-SvvmBmPXq5D6jfAZnw-KSYveH2AcZ7Sz-TqvQ HTTP/1.1" 200 -
172.16.3.7 - - [24/May/2026:06:27:02 +0200] "HEAD /rhn/manager/download/sle-module-devtools15-sp7-updates-x86_64/repodata/repomd.xml.asc?eyJhbGciOiJIUzI1NiJ9.eyJqdGkiOiJaVUc1b05oU1ZzaDRyR0Ytb1dhaXRnIiwiZXhwIjoxODExMTMyNzk3LCJpYXQiOjE3Nzk1OTY3OTcsIm5iZiI6MTc3OTU5NjY3Nywib3JnIjoxLCJvbmx5Q2hhbm5lbHMiOlsic2xlLW1vZHVsZS1kZXZ0b29sczE1LXNwNy11cGRhdGVzLXg4Nl82NCJdfQ.QxkZg-SvvmBmPXq5D6jfAZnw-KSYveH2AcZ7Sz-TqvQ HTTP/1.1" 404 -
172.16.3.7 - - [24/May/2026:06:27:02 +0200] "HEAD /rhn/manager/download/sle-module-devtools15-sp7-updates-x86_64/repodata/5ad741d97f62af7840a11488cc4e4aa7926706cb5eb215694987caf8883200b9-primary.xml.gz?eyJhbGciOiJIUzI1NiJ9.eyJqdGkiOiJaVUc1b05oU1ZzaDRyR0Ytb1dhaXRnIiwiZXhwIjoxODExMTMyNzk3LCJpYXQiOjE3Nzk1OTY3OTcsIm5iZiI6MTc3OTU5NjY3Nywib3JnIjoxLCJvbmx5Q2hhbm5lbHMiOlsic2xlLW1vZHVsZS1kZXZ0b29sczE1LXNwNy11cGRhdGVzLXg4Nl82NCJdfQ.QxkZg-SvvmBmPXq5D6jfAZnw-KSYveH2AcZ7Sz-TqvQ HTTP/1.1" 200 -
172.16.3.7 - - [24/May/2026:06:27:02 +0200] "HEAD /rhn/manager/download/sle-module-devtools15-sp7-updates-x86_64/repodata/b176b859898e68f02974cef6e47a7c8187ad2179f51f4c0c639ac4e7b4d204ce-susedata.xml.gz?eyJhbGciOiJIUzI1NiJ9.eyJqdGkiOiJaVUc1b05oU1ZzaDRyR0Ytb1dhaXRnIiwiZXhwIjoxODExMTMyNzk3LCJpYXQiOjE3Nzk1OTY3OTcsIm5iZiI6MTc3OTU5NjY3Nywib3JnIjoxLCJvbmx5Q2hhbm5lbHMiOlsic2xlLW1vZHVsZS1kZXZ0b29sczE1LXNwNy11cGRhdGVzLXg4Nl82NCJdfQ.QxkZg-SvvmBmPXq5D6jfAZnw-KSYveH2AcZ7Sz-TqvQ HTTP/1.1" 200 -
172.16.3.7 - - [24/May/2026:06:27:02 +0200] "HEAD /rhn/manager/download/sle-module-devtools15-sp7-updates-x86_64/repodata/650a6a579e01afbf8c0fcb11476da16d7775faf2e314a98f560fd3a58cb42f19-updateinfo.xml.gz?eyJhbGciOiJIUzI1NiJ9.eyJqdGkiOiJaVUc1b05oU1ZzaDRyR0Ytb1dhaXRnIiwiZXhwIjoxODExMTMyNzk3LCJpYXQiOjE3Nzk1OTY3OTcsIm5iZiI6MTc3OTU5NjY3Nywib3JnIjoxLCJvbmx5Q2hhbm5lbHMiOlsic2xlLW1vZHVsZS1kZXZ0b29sczE1LXNwNy11cGRhdGVzLXg4Nl82NCJdfQ.QxkZg-SvvmBmPXq5D6jfAZnw-KSYveH2AcZ7Sz-TqvQ HTTP/1.1" 200 -
172.16.3.7 - - [24/May/2026:06:27:03 +0200] "HEAD /rhn/manager/download/sle-module-python3-15-sp7-updates-x86_64/repodata/repomd.xml?eyJhbGciOiJIUzI1NiJ9.eyJqdGkiOiJKUmR4TTMtalJsNUstWHpXVXRYc09BIiwiZXhwIjoxODExMTMyNzk3LCJpYXQiOjE3Nzk1OTY3OTcsIm5iZiI6MTc3OTU5NjY3Nywib3JnIjoxLCJvbmx5Q2hhbm5lbHMiOlsic2xlLW1vZHVsZS1weXRob24zLTE1LXNwNy11cGRhdGVzLXg4Nl82NCJdfQ.vqFzxdL90RE-lSSWwYRg7srvY_A5stAYJlHaEweybgw HTTP/1.1" 200 -
172.16.3.7 - - [24/May/2026:06:27:03 +0200] "HEAD /rhn/manager/download/sle-module-python3-15-sp7-updates-x86_64/media.1/media?eyJhbGciOiJIUzI1NiJ9.eyJqdGkiOiJKUmR4TTMtalJsNUstWHpXVXRYc09BIiwiZXhwIjoxODExMTMyNzk3LCJpYXQiOjE3Nzk1OTY3OTcsIm5iZiI6MTc3OTU5NjY3Nywib3JnIjoxLCJvbmx5Q2hhbm5lbHMiOlsic2xlLW1vZHVsZS1weXRob24zLTE1LXNwNy11cGRhdGVzLXg4Nl82NCJdfQ.vqFzxdL90RE-lSSWwYRg7srvY_A5stAYJlHaEweybgw HTTP/1.1" 404 -
172.16.3.7 - - [24/May/2026:06:27:03 +0200] "HEAD /rhn/manager/download/sle-module-python3-15-sp7-updates-x86_64/repodata/repomd.xml?eyJhbGciOiJIUzI1NiJ9.eyJqdGkiOiJKUmR4TTMtalJsNUstWHpXVXRYc09BIiwiZXhwIjoxODExMTMyNzk3LCJpYXQiOjE3Nzk1OTY3OTcsIm5iZiI6MTc3OTU5NjY3Nywib3JnIjoxLCJvbmx5Q2hhbm5lbHMiOlsic2xlLW1vZHVsZS1weXRob24zLTE1LXNwNy11cGRhdGVzLXg4Nl82NCJdfQ.vqFzxdL90RE-lSSWwYRg7srvY_A5stAYJlHaEweybgw HTTP/1.1" 200 -
172.16.3.7 - - [24/May/2026:06:27:03 +0200] "HEAD /rhn/manager/download/sle-module-python3-15-sp7-updates-x86_64/repodata/repomd.xml.asc?eyJhbGciOiJIUzI1NiJ9.eyJqdGkiOiJKUmR4TTMtalJsNUstWHpXVXRYc09BIiwiZXhwIjoxODExMTMyNzk3LCJpYXQiOjE3Nzk1OTY3OTcsIm5iZiI6MTc3OTU5NjY3Nywib3JnIjoxLCJvbmx5Q2hhbm5lbHMiOlsic2xlLW1vZHVsZS1weXRob24zLTE1LXNwNy11cGRhdGVzLXg4Nl82NCJdfQ.vqFzxdL90RE-lSSWwYRg7srvY_A5stAYJlHaEweybgw HTTP/1.1" 404 -
172.16.3.7 - - [24/May/2026:06:27:03 +0200] "HEAD /rhn/manager/download/sle-module-python3-15-sp7-updates-x86_64/repodata/3ddfeaf32582388bea12d6b33e99464ef673422681ca0898421bdbc08970056b-primary.xml.gz?eyJhbGciOiJIUzI1NiJ9.eyJqdGkiOiJKUmR4TTMtalJsNUstWHpXVXRYc09BIiwiZXhwIjoxODExMTMyNzk3LCJpYXQiOjE3Nzk1OTY3OTcsIm5iZiI6MTc3OTU5NjY3Nywib3JnIjoxLCJvbmx5Q2hhbm5lbHMiOlsic2xlLW1vZHVsZS1weXRob24zLTE1LXNwNy11cGRhdGVzLXg4Nl82NCJdfQ.vqFzxdL90RE-lSSWwYRg7srvY_A5stAYJlHaEweybgw HTTP/1.1" 200 -
172.16.3.7 - - [24/May/2026:06:27:03 +0200] "HEAD /rhn/manager/download/sle-module-python3-15-sp7-updates-x86_64/repodata/dafb33f9e82a8633faf3dd21d284f9616870b750bffe8231b2b8408d50d0406a-susedata.xml.gz?eyJhbGciOiJIUzI1NiJ9.eyJqdGkiOiJKUmR4TTMtalJsNUstWHpXVXRYc09BIiwiZXhwIjoxODExMTMyNzk3LCJpYXQiOjE3Nzk1OTY3OTcsIm5iZiI6MTc3OTU5NjY3Nywib3JnIjoxLCJvbmx5Q2hhbm5lbHMiOlsic2xlLW1vZHVsZS1weXRob24zLTE1LXNwNy11cGRhdGVzLXg4Nl82NCJdfQ.vqFzxdL90RE-lSSWwYRg7srvY_A5stAYJlHaEweybgw HTTP/1.1" 200 -
172.16.3.7 - - [24/May/2026:06:27:03 +0200] "HEAD /rhn/manager/download/sle-module-python3-15-sp7-updates-x86_64/repodata/249e3bb5e047f22cc5afae6debe7a20e864be32a268364fe77b92e00b5a4e4b1-updateinfo.xml.gz?eyJhbGciOiJIUzI1NiJ9.eyJqdGkiOiJKUmR4TTMtalJsNUstWHpXVXRYc09BIiwiZXhwIjoxODExMTMyNzk3LCJpYXQiOjE3Nzk1OTY3OTcsIm5iZiI6MTc3OTU5NjY3Nywib3JnIjoxLCJvbmx5Q2hhbm5lbHMiOlsic2xlLW1vZHVsZS1weXRob24zLTE1LXNwNy11cGRhdGVzLXg4Nl82NCJdfQ.vqFzxdL90RE-lSSWwYRg7srvY_A5stAYJlHaEweybgw HTTP/1.1" 200 -
172.16.3.7 - - [24/May/2026:06:27:03 +0200] "HEAD /rhn/manager/download/sle-module-server-applications15-sp7-updates-x86_64/repodata/repomd.xml?eyJhbGciOiJIUzI1NiJ9.eyJqdGkiOiJta0xIM210WnB2ODNYaFJ2VUllN2FnIiwiZXhwIjoxODExMTMyNzk3LCJpYXQiOjE3Nzk1OTY3OTcsIm5iZiI6MTc3OTU5NjY3Nywib3JnIjoxLCJvbmx5Q2hhbm5lbHMiOlsic2xlLW1vZHVsZS1zZXJ2ZXItYXBwbGljYXRpb25zMTUtc3A3LXVwZGF0ZXMteDg2XzY0Il19.XHfAgvw8MPNKbvcnnTBpClRb56eg9figU2Gwd_qoLHA HTTP/1.1" 200 -
172.16.3.7 - - [24/May/2026:06:27:03 +0200] "HEAD /rhn/manager/download/sle-module-server-applications15-sp7-updates-x86_64/media.1/media?eyJhbGciOiJIUzI1NiJ9.eyJqdGkiOiJta0xIM210WnB2ODNYaFJ2VUllN2FnIiwiZXhwIjoxODExMTMyNzk3LCJpYXQiOjE3Nzk1OTY3OTcsIm5iZiI6MTc3OTU5NjY3Nywib3JnIjoxLCJvbmx5Q2hhbm5lbHMiOlsic2xlLW1vZHVsZS1zZXJ2ZXItYXBwbGljYXRpb25zMTUtc3A3LXVwZGF0ZXMteDg2XzY0Il19.XHfAgvw8MPNKbvcnnTBpClRb56eg9figU2Gwd_qoLHA HTTP/1.1" 404 -
172.16.3.7 - - [24/May/2026:06:27:03 +0200] "HEAD /rhn/manager/download/sle-module-server-applications15-sp7-updates-x86_64/repodata/repomd.xml?eyJhbGciOiJIUzI1NiJ9.eyJqdGkiOiJta0xIM210WnB2ODNYaFJ2VUllN2FnIiwiZXhwIjoxODExMTMyNzk3LCJpYXQiOjE3Nzk1OTY3OTcsIm5iZiI6MTc3OTU5NjY3Nywib3JnIjoxLCJvbmx5Q2hhbm5lbHMiOlsic2xlLW1vZHVsZS1zZXJ2ZXItYXBwbGljYXRpb25zMTUtc3A3LXVwZGF0ZXMteDg2XzY0Il19.XHfAgvw8MPNKbvcnnTBpClRb56eg9figU2Gwd_qoLHA HTTP/1.1" 200 -
172.16.3.7 - - [24/May/2026:06:27:03 +0200] "HEAD /rhn/manager/download/sle-module-server-applications15-sp7-updates-x86_64/repodata/repomd.xml.asc?eyJhbGciOiJIUzI1NiJ9.eyJqdGkiOiJta0xIM210WnB2ODNYaFJ2VUllN2FnIiwiZXhwIjoxODExMTMyNzk3LCJpYXQiOjE3Nzk1OTY3OTcsIm5iZiI6MTc3OTU5NjY3Nywib3JnIjoxLCJvbmx5Q2hhbm5lbHMiOlsic2xlLW1vZHVsZS1zZXJ2ZXItYXBwbGljYXRpb25zMTUtc3A3LXVwZGF0ZXMteDg2XzY0Il19.XHfAgvw8MPNKbvcnnTBpClRb56eg9figU2Gwd_qoLHA HTTP/1.1" 404 -
172.16.3.7 - - [24/May/2026:06:27:03 +0200] "HEAD /rhn/manager/download/sle-module-server-applications15-sp7-updates-x86_64/repodata/11b6e2faeb2127c06a72ca8b1559981714d6d4b7a9878afc3f4cde1240a116fc-primary.xml.gz?eyJhbGciOiJIUzI1NiJ9.eyJqdGkiOiJta0xIM210WnB2ODNYaFJ2VUllN2FnIiwiZXhwIjoxODExMTMyNzk3LCJpYXQiOjE3Nzk1OTY3OTcsIm5iZiI6MTc3OTU5NjY3Nywib3JnIjoxLCJvbmx5Q2hhbm5lbHMiOlsic2xlLW1vZHVsZS1zZXJ2ZXItYXBwbGljYXRpb25zMTUtc3A3LXVwZGF0ZXMteDg2XzY0Il19.XHfAgvw8MPNKbvcnnTBpClRb56eg9figU2Gwd_qoLHA HTTP/1.1" 200 -
172.16.3.7 - - [24/May/2026:06:27:03 +0200] "HEAD /rhn/manager/download/sle-module-server-applications15-sp7-updates-x86_64/repodata/87982a3b751459d60335f2086f15fb31267e860cac40e8235c7c02458fdef158-susedata.xml.gz?eyJhbGciOiJIUzI1NiJ9.eyJqdGkiOiJta0xIM210WnB2ODNYaFJ2VUllN2FnIiwiZXhwIjoxODExMTMyNzk3LCJpYXQiOjE3Nzk1OTY3OTcsIm5iZiI6MTc3OTU5NjY3Nywib3JnIjoxLCJvbmx5Q2hhbm5lbHMiOlsic2xlLW1vZHVsZS1zZXJ2ZXItYXBwbGljYXRpb25zMTUtc3A3LXVwZGF0ZXMteDg2XzY0Il19.XHfAgvw8MPNKbvcnnTBpClRb56eg9figU2Gwd_qoLHA HTTP/1.1" 200 -
172.16.3.7 - - [24/May/2026:06:27:03 +0200] "HEAD /rhn/manager/download/sle-module-server-applications15-sp7-updates-x86_64/repodata/5ffa3fd5c3561816f598eb6d5e5d53ebcb722dd42b8cb72134d5ba3717fa4cb9-updateinfo.xml.gz?eyJhbGciOiJIUzI1NiJ9.eyJqdGkiOiJta0xIM210WnB2ODNYaFJ2VUllN2FnIiwiZXhwIjoxODExMTMyNzk3LCJpYXQiOjE3Nzk1OTY3OTcsIm5iZiI6MTc3OTU5NjY3Nywib3JnIjoxLCJvbmx5Q2hhbm5lbHMiOlsic2xlLW1vZHVsZS1zZXJ2ZXItYXBwbGljYXRpb25zMTUtc3A3LXVwZGF0ZXMteDg2XzY0Il19.XHfAgvw8MPNKbvcnnTBpClRb56eg9figU2Gwd_qoLHA HTTP/1.1" 200 -
