172.16.3.7 - - [24/May/2026:06:27:51 +0200] "HEAD /rhn/manager/download/sle-module-server-applications15-sp7-updates-x86_64/repodata/repomd.xml?eyJhbGciOiJIUzI1NiJ9.eyJqdGkiOiJta0xIM210WnB2ODNYaFJ2VUllN2FnIiwiZXhwIjoxODExMTMyNzk3LCJpYXQiOjE3Nzk1OTY3OTcsIm5iZiI6MTc3OTU5NjY3Nywib3JnIjoxLCJvbmx5Q2hhbm5lbHMiOlsic2xlLW1vZHVsZS1zZXJ2ZXItYXBwbGljYXRpb25zMTUtc3A3LXVwZGF0ZXMteDg2XzY0Il19.XHfAgvw8MPNKbvcnnTBpClRb56eg9figU2Gwd_qoLHA HTTP/1.1" 200 -
172.16.3.7 - - [24/May/2026:06:27:51 +0200] "GET /rhn/manager/download/sle-module-server-applications15-sp7-updates-x86_64/repodata/repomd.xml?eyJhbGciOiJIUzI1NiJ9.eyJqdGkiOiJta0xIM210WnB2ODNYaFJ2VUllN2FnIiwiZXhwIjoxODExMTMyNzk3LCJpYXQiOjE3Nzk1OTY3OTcsIm5iZiI6MTc3OTU5NjY3Nywib3JnIjoxLCJvbmx5Q2hhbm5lbHMiOlsic2xlLW1vZHVsZS1zZXJ2ZXItYXBwbGljYXRpb25zMTUtc3A3LXVwZGF0ZXMteDg2XzY0Il19.XHfAgvw8MPNKbvcnnTBpClRb56eg9figU2Gwd_qoLHA HTTP/1.1" 200 3663
172.16.3.7 - - [24/May/2026:06:27:51 +0200] "HEAD /rhn/manager/download/sle-module-server-applications15-sp7-updates-x86_64/repodata/repomd.xml.asc?eyJhbGciOiJIUzI1NiJ9.eyJqdGkiOiJta0xIM210WnB2ODNYaFJ2VUllN2FnIiwiZXhwIjoxODExMTMyNzk3LCJpYXQiOjE3Nzk1OTY3OTcsIm5iZiI6MTc3OTU5NjY3Nywib3JnIjoxLCJvbmx5Q2hhbm5lbHMiOlsic2xlLW1vZHVsZS1zZXJ2ZXItYXBwbGljYXRpb25zMTUtc3A3LXVwZGF0ZXMteDg2XzY0Il19.XHfAgvw8MPNKbvcnnTBpClRb56eg9figU2Gwd_qoLHA HTTP/1.1" 404 -
127.0.0.1 - - [24/May/2026:06:27:51 +0200] "GET /rhn/websocket/notifications HTTP/1.1" 101 -
172.16.3.7 - - [24/May/2026:06:27:51 +0200] "HEAD /rhn/manager/download/sle-module-server-applications15-sp7-updates-x86_64/repodata/11b6e2faeb2127c06a72ca8b1559981714d6d4b7a9878afc3f4cde1240a116fc-primary.xml.gz?eyJhbGciOiJIUzI1NiJ9.eyJqdGkiOiJta0xIM210WnB2ODNYaFJ2VUllN2FnIiwiZXhwIjoxODExMTMyNzk3LCJpYXQiOjE3Nzk1OTY3OTcsIm5iZiI6MTc3OTU5NjY3Nywib3JnIjoxLCJvbmx5Q2hhbm5lbHMiOlsic2xlLW1vZHVsZS1zZXJ2ZXItYXBwbGljYXRpb25zMTUtc3A3LXVwZGF0ZXMteDg2XzY0Il19.XHfAgvw8MPNKbvcnnTBpClRb56eg9figU2Gwd_qoLHA HTTP/1.1" 200 -
172.16.3.7 - - [24/May/2026:06:27:51 +0200] "GET /rhn/manager/download/sle-module-server-applications15-sp7-updates-x86_64/repodata/11b6e2faeb2127c06a72ca8b1559981714d6d4b7a9878afc3f4cde1240a116fc-primary.xml.gz?eyJhbGciOiJIUzI1NiJ9.eyJqdGkiOiJta0xIM210WnB2ODNYaFJ2VUllN2FnIiwiZXhwIjoxODExMTMyNzk3LCJpYXQiOjE3Nzk1OTY3OTcsIm5iZiI6MTc3OTU5NjY3Nywib3JnIjoxLCJvbmx5Q2hhbm5lbHMiOlsic2xlLW1vZHVsZS1zZXJ2ZXItYXBwbGljYXRpb25zMTUtc3A3LXVwZGF0ZXMteDg2XzY0Il19.XHfAgvw8MPNKbvcnnTBpClRb56eg9figU2Gwd_qoLHA HTTP/1.1" 200 3664
172.16.3.7 - - [24/May/2026:06:27:51 +0200] "HEAD /rhn/manager/download/sle-module-server-applications15-sp7-updates-x86_64/repodata/87982a3b751459d60335f2086f15fb31267e860cac40e8235c7c02458fdef158-susedata.xml.gz?eyJhbGciOiJIUzI1NiJ9.eyJqdGkiOiJta0xIM210WnB2ODNYaFJ2VUllN2FnIiwiZXhwIjoxODExMTMyNzk3LCJpYXQiOjE3Nzk1OTY3OTcsIm5iZiI6MTc3OTU5NjY3Nywib3JnIjoxLCJvbmx5Q2hhbm5lbHMiOlsic2xlLW1vZHVsZS1zZXJ2ZXItYXBwbGljYXRpb25zMTUtc3A3LXVwZGF0ZXMteDg2XzY0Il19.XHfAgvw8MPNKbvcnnTBpClRb56eg9figU2Gwd_qoLHA HTTP/1.1" 200 -
172.16.3.5 - - [24/May/2026:06:27:51 +0200] "POST /rhn/manager/api/system/searchByName HTTP/1.1" 200 155
172.16.3.7 - - [24/May/2026:06:27:51 +0200] "GET /rhn/manager/download/sle-module-server-applications15-sp7-updates-x86_64/repodata/87982a3b751459d60335f2086f15fb31267e860cac40e8235c7c02458fdef158-susedata.xml.gz?eyJhbGciOiJIUzI1NiJ9.eyJqdGkiOiJta0xIM210WnB2ODNYaFJ2VUllN2FnIiwiZXhwIjoxODExMTMyNzk3LCJpYXQiOjE3Nzk1OTY3OTcsIm5iZiI6MTc3OTU5NjY3Nywib3JnIjoxLCJvbmx5Q2hhbm5lbHMiOlsic2xlLW1vZHVsZS1zZXJ2ZXItYXBwbGljYXRpb25zMTUtc3A3LXVwZGF0ZXMteDg2XzY0Il19.XHfAgvw8MPNKbvcnnTBpClRb56eg9figU2Gwd_qoLHA HTTP/1.1" 200 3664
172.16.3.7 - - [24/May/2026:06:27:51 +0200] "HEAD /rhn/manager/download/sle-module-server-applications15-sp7-updates-x86_64/repodata/5ffa3fd5c3561816f598eb6d5e5d53ebcb722dd42b8cb72134d5ba3717fa4cb9-updateinfo.xml.gz?eyJhbGciOiJIUzI1NiJ9.eyJqdGkiOiJta0xIM210WnB2ODNYaFJ2VUllN2FnIiwiZXhwIjoxODExMTMyNzk3LCJpYXQiOjE3Nzk1OTY3OTcsIm5iZiI6MTc3OTU5NjY3Nywib3JnIjoxLCJvbmx5Q2hhbm5lbHMiOlsic2xlLW1vZHVsZS1zZXJ2ZXItYXBwbGljYXRpb25zMTUtc3A3LXVwZGF0ZXMteDg2XzY0Il19.XHfAgvw8MPNKbvcnnTBpClRb56eg9figU2Gwd_qoLHA HTTP/1.1" 200 -
172.16.3.5 - - [24/May/2026:06:27:51 +0200] "GET /rhn/systems/details/history/Pending.do?sid=1000010003& HTTP/1.1" 200 40263
172.16.3.7 - - [24/May/2026:06:27:51 +0200] "GET /rhn/manager/download/sle-module-server-applications15-sp7-updates-x86_64/repodata/5ffa3fd5c3561816f598eb6d5e5d53ebcb722dd42b8cb72134d5ba3717fa4cb9-updateinfo.xml.gz?eyJhbGciOiJIUzI1NiJ9.eyJqdGkiOiJta0xIM210WnB2ODNYaFJ2VUllN2FnIiwiZXhwIjoxODExMTMyNzk3LCJpYXQiOjE3Nzk1OTY3OTcsIm5iZiI6MTc3OTU5NjY3Nywib3JnIjoxLCJvbmx5Q2hhbm5lbHMiOlsic2xlLW1vZHVsZS1zZXJ2ZXItYXBwbGljYXRpb25zMTUtc3A3LXVwZGF0ZXMteDg2XzY0Il19.XHfAgvw8MPNKbvcnnTBpClRb56eg9figU2Gwd_qoLHA HTTP/1.1" 200 3664
172.16.3.5 - - [24/May/2026:06:27:51 +0200] "POST /rhn/manager/frontend-log HTTP/1.1" 200 16
172.16.3.5 - - [24/May/2026:06:27:51 +0200] "POST /rhn/manager/api/auth/login HTTP/1.1" 200 16
172.16.3.7 - - [24/May/2026:06:27:51 +0200] "HEAD /rhn/manager/download/sle-module-systems-management-15-sp7-updates-x86_64/repodata/repomd.xml?eyJhbGciOiJIUzI1NiJ9.eyJqdGkiOiJlejVmWUtFRkNoTEhlT0hPaTB5WkJRIiwiZXhwIjoxODExMTMyNzk3LCJpYXQiOjE3Nzk1OTY3OTcsIm5iZiI6MTc3OTU5NjY3Nywib3JnIjoxLCJvbmx5Q2hhbm5lbHMiOlsic2xlLW1vZHVsZS1zeXN0ZW1zLW1hbmFnZW1lbnQtMTUtc3A3LXVwZGF0ZXMteDg2XzY0Il19.CYZxE24n8PjQBWEotyNDL7ig6VuBAfOfHR-ThhfHs90 HTTP/1.1" 200 -
127.0.0.1 - - [24/May/2026:06:27:51 +0200] "GET /rhn/websocket/notifications HTTP/1.1" 101 -
172.16.3.5 - - [24/May/2026:06:27:51 +0200] "GET /rhn/manager/api/auth/logout HTTP/1.1" 200 16
172.16.3.7 - - [24/May/2026:06:27:51 +0200] "HEAD /rhn/manager/download/sle-module-systems-management-15-sp7-updates-x86_64/media.1/media?eyJhbGciOiJIUzI1NiJ9.eyJqdGkiOiJlejVmWUtFRkNoTEhlT0hPaTB5WkJRIiwiZXhwIjoxODExMTMyNzk3LCJpYXQiOjE3Nzk1OTY3OTcsIm5iZiI6MTc3OTU5NjY3Nywib3JnIjoxLCJvbmx5Q2hhbm5lbHMiOlsic2xlLW1vZHVsZS1zeXN0ZW1zLW1hbmFnZW1lbnQtMTUtc3A3LXVwZGF0ZXMteDg2XzY0Il19.CYZxE24n8PjQBWEotyNDL7ig6VuBAfOfHR-ThhfHs90 HTTP/1.1" 404 -
172.16.3.7 - - [24/May/2026:06:27:51 +0200] "HEAD /rhn/manager/download/sle-module-systems-management-15-sp7-updates-x86_64/repodata/repomd.xml?eyJhbGciOiJIUzI1NiJ9.eyJqdGkiOiJlejVmWUtFRkNoTEhlT0hPaTB5WkJRIiwiZXhwIjoxODExMTMyNzk3LCJpYXQiOjE3Nzk1OTY3OTcsIm5iZiI6MTc3OTU5NjY3Nywib3JnIjoxLCJvbmx5Q2hhbm5lbHMiOlsic2xlLW1vZHVsZS1zeXN0ZW1zLW1hbmFnZW1lbnQtMTUtc3A3LXVwZGF0ZXMteDg2XzY0Il19.CYZxE24n8PjQBWEotyNDL7ig6VuBAfOfHR-ThhfHs90 HTTP/1.1" 200 -
172.16.3.5 - - [24/May/2026:06:27:51 +0200] "GET /rhn/systems/details/history/Pending.do?sid=1000010005& HTTP/1.1" 200 43026
172.16.3.7 - - [24/May/2026:06:27:51 +0200] "GET /rhn/manager/download/sle-module-systems-management-15-sp7-updates-x86_64/repodata/repomd.xml?eyJhbGciOiJIUzI1NiJ9.eyJqdGkiOiJlejVmWUtFRkNoTEhlT0hPaTB5WkJRIiwiZXhwIjoxODExMTMyNzk3LCJpYXQiOjE3Nzk1OTY3OTcsIm5iZiI6MTc3OTU5NjY3Nywib3JnIjoxLCJvbmx5Q2hhbm5lbHMiOlsic2xlLW1vZHVsZS1zeXN0ZW1zLW1hbmFnZW1lbnQtMTUtc3A3LXVwZGF0ZXMteDg2XzY0Il19.CYZxE24n8PjQBWEotyNDL7ig6VuBAfOfHR-ThhfHs90 HTTP/1.1" 200 3663
172.16.3.7 - - [24/May/2026:06:27:52 +0200] "HEAD /rhn/manager/download/sle-module-systems-management-15-sp7-updates-x86_64/repodata/repomd.xml.asc?eyJhbGciOiJIUzI1NiJ9.eyJqdGkiOiJlejVmWUtFRkNoTEhlT0hPaTB5WkJRIiwiZXhwIjoxODExMTMyNzk3LCJpYXQiOjE3Nzk1OTY3OTcsIm5iZiI6MTc3OTU5NjY3Nywib3JnIjoxLCJvbmx5Q2hhbm5lbHMiOlsic2xlLW1vZHVsZS1zeXN0ZW1zLW1hbmFnZW1lbnQtMTUtc3A3LXVwZGF0ZXMteDg2XzY0Il19.CYZxE24n8PjQBWEotyNDL7ig6VuBAfOfHR-ThhfHs90 HTTP/1.1" 404 -
172.16.3.7 - - [24/May/2026:06:27:52 +0200] "HEAD /rhn/manager/download/sle-module-systems-management-15-sp7-updates-x86_64/repodata/9235bf01f28c7ea00159c7e1768d7d11035a7f150f67d06599b55e89be715e2f-primary.xml.gz?eyJhbGciOiJIUzI1NiJ9.eyJqdGkiOiJlejVmWUtFRkNoTEhlT0hPaTB5WkJRIiwiZXhwIjoxODExMTMyNzk3LCJpYXQiOjE3Nzk1OTY3OTcsIm5iZiI6MTc3OTU5NjY3Nywib3JnIjoxLCJvbmx5Q2hhbm5lbHMiOlsic2xlLW1vZHVsZS1zeXN0ZW1zLW1hbmFnZW1lbnQtMTUtc3A3LXVwZGF0ZXMteDg2XzY0Il19.CYZxE24n8PjQBWEotyNDL7ig6VuBAfOfHR-ThhfHs90 HTTP/1.1" 200 -
172.16.3.7 - - [24/May/2026:06:27:52 +0200] "GET /rhn/manager/download/sle-module-systems-management-15-sp7-updates-x86_64/repodata/9235bf01f28c7ea00159c7e1768d7d11035a7f150f67d06599b55e89be715e2f-primary.xml.gz?eyJhbGciOiJIUzI1NiJ9.eyJqdGkiOiJlejVmWUtFRkNoTEhlT0hPaTB5WkJRIiwiZXhwIjoxODExMTMyNzk3LCJpYXQiOjE3Nzk1OTY3OTcsIm5iZiI6MTc3OTU5NjY3Nywib3JnIjoxLCJvbmx5Q2hhbm5lbHMiOlsic2xlLW1vZHVsZS1zeXN0ZW1zLW1hbmFnZW1lbnQtMTUtc3A3LXVwZGF0ZXMteDg2XzY0Il19.CYZxE24n8PjQBWEotyNDL7ig6VuBAfOfHR-ThhfHs90 HTTP/1.1" 200 3664
172.16.3.7 - - [24/May/2026:06:27:52 +0200] "HEAD /rhn/manager/download/sle-module-systems-management-15-sp7-updates-x86_64/repodata/218c58f7eff7f094a0f35ef3ba1827b7c9dc8e4f8a65d96901ed1b548efdbe15-susedata.xml.gz?eyJhbGciOiJIUzI1NiJ9.eyJqdGkiOiJlejVmWUtFRkNoTEhlT0hPaTB5WkJRIiwiZXhwIjoxODExMTMyNzk3LCJpYXQiOjE3Nzk1OTY3OTcsIm5iZiI6MTc3OTU5NjY3Nywib3JnIjoxLCJvbmx5Q2hhbm5lbHMiOlsic2xlLW1vZHVsZS1zeXN0ZW1zLW1hbmFnZW1lbnQtMTUtc3A3LXVwZGF0ZXMteDg2XzY0Il19.CYZxE24n8PjQBWEotyNDL7ig6VuBAfOfHR-ThhfHs90 HTTP/1.1" 200 -
172.16.3.5 - - [24/May/2026:06:27:52 +0200] "POST /rhn/manager/api/system/searchByName HTTP/1.1" 200 165
172.16.3.7 - - [24/May/2026:06:27:52 +0200] "GET /rhn/manager/download/sle-module-systems-management-15-sp7-updates-x86_64/repodata/218c58f7eff7f094a0f35ef3ba1827b7c9dc8e4f8a65d96901ed1b548efdbe15-susedata.xml.gz?eyJhbGciOiJIUzI1NiJ9.eyJqdGkiOiJlejVmWUtFRkNoTEhlT0hPaTB5WkJRIiwiZXhwIjoxODExMTMyNzk3LCJpYXQiOjE3Nzk1OTY3OTcsIm5iZiI6MTc3OTU5NjY3Nywib3JnIjoxLCJvbmx5Q2hhbm5lbHMiOlsic2xlLW1vZHVsZS1zeXN0ZW1zLW1hbmFnZW1lbnQtMTUtc3A3LXVwZGF0ZXMteDg2XzY0Il19.CYZxE24n8PjQBWEotyNDL7ig6VuBAfOfHR-ThhfHs90 HTTP/1.1" 200 3663
172.16.3.5 - - [24/May/2026:06:27:52 +0200] "POST /rhn/manager/frontend-log HTTP/1.1" 200 16
172.16.3.7 - - [24/May/2026:06:27:52 +0200] "HEAD /rhn/manager/download/sle-module-systems-management-15-sp7-updates-x86_64/repodata/aa333e7ef2e0c3f4d849dd627d2812ec37ca616681d62376675ad36de9ea7636-updateinfo.xml.gz?eyJhbGciOiJIUzI1NiJ9.eyJqdGkiOiJlejVmWUtFRkNoTEhlT0hPaTB5WkJRIiwiZXhwIjoxODExMTMyNzk3LCJpYXQiOjE3Nzk1OTY3OTcsIm5iZiI6MTc3OTU5NjY3Nywib3JnIjoxLCJvbmx5Q2hhbm5lbHMiOlsic2xlLW1vZHVsZS1zeXN0ZW1zLW1hbmFnZW1lbnQtMTUtc3A3LXVwZGF0ZXMteDg2XzY0Il19.CYZxE24n8PjQBWEotyNDL7ig6VuBAfOfHR-ThhfHs90 HTTP/1.1" 200 -
172.16.3.7 - - [24/May/2026:06:27:52 +0200] "GET /rhn/manager/download/sle-module-systems-management-15-sp7-updates-x86_64/repodata/aa333e7ef2e0c3f4d849dd627d2812ec37ca616681d62376675ad36de9ea7636-updateinfo.xml.gz?eyJhbGciOiJIUzI1NiJ9.eyJqdGkiOiJlejVmWUtFRkNoTEhlT0hPaTB5WkJRIiwiZXhwIjoxODExMTMyNzk3LCJpYXQiOjE3Nzk1OTY3OTcsIm5iZiI6MTc3OTU5NjY3Nywib3JnIjoxLCJvbmx5Q2hhbm5lbHMiOlsic2xlLW1vZHVsZS1zeXN0ZW1zLW1hbmFnZW1lbnQtMTUtc3A3LXVwZGF0ZXMteDg2XzY0Il19.CYZxE24n8PjQBWEotyNDL7ig6VuBAfOfHR-ThhfHs90 HTTP/1.1" 200 3664
172.16.3.7 - - [24/May/2026:06:27:52 +0200] "HEAD /rhn/manager/download/sle-product-sles15-sp7-updates-x86_64/repodata/repomd.xml?eyJhbGciOiJIUzI1NiJ9.eyJqdGkiOiIxMDJuc2xPS1VjemxTUFNpc0Z2R3RRIiwiZXhwIjoxODExMTMyNzk3LCJpYXQiOjE3Nzk1OTY3OTcsIm5iZiI6MTc3OTU5NjY3Nywib3JnIjoxLCJvbmx5Q2hhbm5lbHMiOlsic2xlLXByb2R1Y3Qtc2xlczE1LXNwNy11cGRhdGVzLXg4Nl82NCJdfQ.ktninHfcNDGnkRVAlyJA5Lr5PgqqXkpOFr5HiOMLqOw HTTP/1.1" 200 -
172.16.3.5 - - [24/May/2026:06:27:52 +0200] "POST /rhn/manager/frontend-log HTTP/1.1" 200 16
172.16.3.5 - - [24/May/2026:06:27:52 +0200] "GET /rhn/manager/api/auth/logout HTTP/1.1" 200 16
127.0.0.1 - - [24/May/2026:06:27:52 +0200] "GET /rhn/websocket/notifications HTTP/1.1" 101 -
172.16.3.7 - - [24/May/2026:06:27:52 +0200] "HEAD /rhn/manager/download/sle-product-sles15-sp7-updates-x86_64/media.1/media?eyJhbGciOiJIUzI1NiJ9.eyJqdGkiOiIxMDJuc2xPS1VjemxTUFNpc0Z2R3RRIiwiZXhwIjoxODExMTMyNzk3LCJpYXQiOjE3Nzk1OTY3OTcsIm5iZiI6MTc3OTU5NjY3Nywib3JnIjoxLCJvbmx5Q2hhbm5lbHMiOlsic2xlLXByb2R1Y3Qtc2xlczE1LXNwNy11cGRhdGVzLXg4Nl82NCJdfQ.ktninHfcNDGnkRVAlyJA5Lr5PgqqXkpOFr5HiOMLqOw HTTP/1.1" 404 -
172.16.3.7 - - [24/May/2026:06:27:52 +0200] "HEAD /rhn/manager/download/sle-product-sles15-sp7-updates-x86_64/repodata/repomd.xml?eyJhbGciOiJIUzI1NiJ9.eyJqdGkiOiIxMDJuc2xPS1VjemxTUFNpc0Z2R3RRIiwiZXhwIjoxODExMTMyNzk3LCJpYXQiOjE3Nzk1OTY3OTcsIm5iZiI6MTc3OTU5NjY3Nywib3JnIjoxLCJvbmx5Q2hhbm5lbHMiOlsic2xlLXByb2R1Y3Qtc2xlczE1LXNwNy11cGRhdGVzLXg4Nl82NCJdfQ.ktninHfcNDGnkRVAlyJA5Lr5PgqqXkpOFr5HiOMLqOw HTTP/1.1" 200 -
172.16.3.7 - - [24/May/2026:06:27:52 +0200] "GET /rhn/manager/download/sle-product-sles15-sp7-updates-x86_64/repodata/repomd.xml?eyJhbGciOiJIUzI1NiJ9.eyJqdGkiOiIxMDJuc2xPS1VjemxTUFNpc0Z2R3RRIiwiZXhwIjoxODExMTMyNzk3LCJpYXQiOjE3Nzk1OTY3OTcsIm5iZiI6MTc3OTU5NjY3Nywib3JnIjoxLCJvbmx5Q2hhbm5lbHMiOlsic2xlLXByb2R1Y3Qtc2xlczE1LXNwNy11cGRhdGVzLXg4Nl82NCJdfQ.ktninHfcNDGnkRVAlyJA5Lr5PgqqXkpOFr5HiOMLqOw HTTP/1.1" 200 3664
172.16.3.7 - - [24/May/2026:06:27:52 +0200] "HEAD /rhn/manager/download/sle-product-sles15-sp7-updates-x86_64/repodata/repomd.xml.asc?eyJhbGciOiJIUzI1NiJ9.eyJqdGkiOiIxMDJuc2xPS1VjemxTUFNpc0Z2R3RRIiwiZXhwIjoxODExMTMyNzk3LCJpYXQiOjE3Nzk1OTY3OTcsIm5iZiI6MTc3OTU5NjY3Nywib3JnIjoxLCJvbmx5Q2hhbm5lbHMiOlsic2xlLXByb2R1Y3Qtc2xlczE1LXNwNy11cGRhdGVzLXg4Nl82NCJdfQ.ktninHfcNDGnkRVAlyJA5Lr5PgqqXkpOFr5HiOMLqOw HTTP/1.1" 404 -
172.16.3.7 - - [24/May/2026:06:27:52 +0200] "HEAD /rhn/manager/download/sle-product-sles15-sp7-updates-x86_64/repodata/86c3b269b81bb391f309bffa155fe6b984bd614e39288d551923b87bbbdd6a91-primary.xml.gz?eyJhbGciOiJIUzI1NiJ9.eyJqdGkiOiIxMDJuc2xPS1VjemxTUFNpc0Z2R3RRIiwiZXhwIjoxODExMTMyNzk3LCJpYXQiOjE3Nzk1OTY3OTcsIm5iZiI6MTc3OTU5NjY3Nywib3JnIjoxLCJvbmx5Q2hhbm5lbHMiOlsic2xlLXByb2R1Y3Qtc2xlczE1LXNwNy11cGRhdGVzLXg4Nl82NCJdfQ.ktninHfcNDGnkRVAlyJA5Lr5PgqqXkpOFr5HiOMLqOw HTTP/1.1" 200 -
172.16.3.7 - - [24/May/2026:06:27:52 +0200] "GET /rhn/manager/download/sle-product-sles15-sp7-updates-x86_64/repodata/86c3b269b81bb391f309bffa155fe6b984bd614e39288d551923b87bbbdd6a91-primary.xml.gz?eyJhbGciOiJIUzI1NiJ9.eyJqdGkiOiIxMDJuc2xPS1VjemxTUFNpc0Z2R3RRIiwiZXhwIjoxODExMTMyNzk3LCJpYXQiOjE3Nzk1OTY3OTcsIm5iZiI6MTc3OTU5NjY3Nywib3JnIjoxLCJvbmx5Q2hhbm5lbHMiOlsic2xlLXByb2R1Y3Qtc2xlczE1LXNwNy11cGRhdGVzLXg4Nl82NCJdfQ.ktninHfcNDGnkRVAlyJA5Lr5PgqqXkpOFr5HiOMLqOw HTTP/1.1" 200 3664
127.0.0.1 - - [24/May/2026:06:27:52 +0200] "GET /rhn/websocket/notifications HTTP/1.1" 101 -
172.16.3.7 - - [24/May/2026:06:27:52 +0200] "HEAD /rhn/manager/download/sle-product-sles15-sp7-updates-x86_64/repodata/70c5d735bea733091ae1e7ee0e0b9512a914214027367521262deb6cb4bedaa1-susedata.xml.gz?eyJhbGciOiJIUzI1NiJ9.eyJqdGkiOiIxMDJuc2xPS1VjemxTUFNpc0Z2R3RRIiwiZXhwIjoxODExMTMyNzk3LCJpYXQiOjE3Nzk1OTY3OTcsIm5iZiI6MTc3OTU5NjY3Nywib3JnIjoxLCJvbmx5Q2hhbm5lbHMiOlsic2xlLXByb2R1Y3Qtc2xlczE1LXNwNy11cGRhdGVzLXg4Nl82NCJdfQ.ktninHfcNDGnkRVAlyJA5Lr5PgqqXkpOFr5HiOMLqOw HTTP/1.1" 200 -
172.16.3.7 - - [24/May/2026:06:27:52 +0200] "GET /rhn/manager/download/sle-product-sles15-sp7-updates-x86_64/repodata/70c5d735bea733091ae1e7ee0e0b9512a914214027367521262deb6cb4bedaa1-susedata.xml.gz?eyJhbGciOiJIUzI1NiJ9.eyJqdGkiOiIxMDJuc2xPS1VjemxTUFNpc0Z2R3RRIiwiZXhwIjoxODExMTMyNzk3LCJpYXQiOjE3Nzk1OTY3OTcsIm5iZiI6MTc3OTU5NjY3Nywib3JnIjoxLCJvbmx5Q2hhbm5lbHMiOlsic2xlLXByb2R1Y3Qtc2xlczE1LXNwNy11cGRhdGVzLXg4Nl82NCJdfQ.ktninHfcNDGnkRVAlyJA5Lr5PgqqXkpOFr5HiOMLqOw HTTP/1.1" 200 3664
172.16.3.5 - - [24/May/2026:06:27:52 +0200] "GET /rhn/systems/details/history/Pending.do?sid=1000010003& HTTP/1.1" 200 40263
172.16.3.7 - - [24/May/2026:06:27:52 +0200] "HEAD /rhn/manager/download/sle-product-sles15-sp7-updates-x86_64/repodata/3efa5b9fae5214a5a8d6f4e73db34425ec3934b1d040183473d0d8865a0737d1-updateinfo.xml.gz?eyJhbGciOiJIUzI1NiJ9.eyJqdGkiOiIxMDJuc2xPS1VjemxTUFNpc0Z2R3RRIiwiZXhwIjoxODExMTMyNzk3LCJpYXQiOjE3Nzk1OTY3OTcsIm5iZiI6MTc3OTU5NjY3Nywib3JnIjoxLCJvbmx5Q2hhbm5lbHMiOlsic2xlLXByb2R1Y3Qtc2xlczE1LXNwNy11cGRhdGVzLXg4Nl82NCJdfQ.ktninHfcNDGnkRVAlyJA5Lr5PgqqXkpOFr5HiOMLqOw HTTP/1.1" 200 -
172.16.3.7 - - [24/May/2026:06:27:53 +0200] "GET /rhn/manager/download/sle-product-sles15-sp7-updates-x86_64/repodata/3efa5b9fae5214a5a8d6f4e73db34425ec3934b1d040183473d0d8865a0737d1-updateinfo.xml.gz?eyJhbGciOiJIUzI1NiJ9.eyJqdGkiOiIxMDJuc2xPS1VjemxTUFNpc0Z2R3RRIiwiZXhwIjoxODExMTMyNzk3LCJpYXQiOjE3Nzk1OTY3OTcsIm5iZiI6MTc3OTU5NjY3Nywib3JnIjoxLCJvbmx5Q2hhbm5lbHMiOlsic2xlLXByb2R1Y3Qtc2xlczE1LXNwNy11cGRhdGVzLXg4Nl82NCJdfQ.ktninHfcNDGnkRVAlyJA5Lr5PgqqXkpOFr5HiOMLqOw HTTP/1.1" 200 3663
172.16.3.7 - - [24/May/2026:06:27:53 +0200] "HEAD /rhn/manager/download/devel-build-host-channel/repodata/repomd.xml?eyJhbGciOiJIUzI1NiJ9.eyJqdGkiOiJYS2JlTFVSNnRhVDVuVDdWUF90WnBnIiwiZXhwIjoxODExMTMyNzk3LCJpYXQiOjE3Nzk1OTY3OTcsIm5iZiI6MTc3OTU5NjY3Nywib3JnIjoxLCJvbmx5Q2hhbm5lbHMiOlsiZGV2ZWwtYnVpbGQtaG9zdC1jaGFubmVsIl19.6qW6brsdW5vP_VMxNTxb4ENyUBIBjmJls7w1x3DD1Xw HTTP/1.1" 200 -
127.0.0.1 - - [24/May/2026:06:27:53 +0200] "GET /rhn/websocket/notifications HTTP/1.1" 101 -
172.16.3.7 - - [24/May/2026:06:27:53 +0200] "HEAD /rhn/manager/download/devel-build-host-channel/media.1/media?eyJhbGciOiJIUzI1NiJ9.eyJqdGkiOiJYS2JlTFVSNnRhVDVuVDdWUF90WnBnIiwiZXhwIjoxODExMTMyNzk3LCJpYXQiOjE3Nzk1OTY3OTcsIm5iZiI6MTc3OTU5NjY3Nywib3JnIjoxLCJvbmx5Q2hhbm5lbHMiOlsiZGV2ZWwtYnVpbGQtaG9zdC1jaGFubmVsIl19.6qW6brsdW5vP_VMxNTxb4ENyUBIBjmJls7w1x3DD1Xw HTTP/1.1" 404 -
172.16.3.5 - - [24/May/2026:06:27:53 +0200] "POST /rhn/manager/frontend-log HTTP/1.1" 200 16
172.16.3.7 - - [24/May/2026:06:27:53 +0200] "HEAD /rhn/manager/download/devel-build-host-channel/repodata/repomd.xml?eyJhbGciOiJIUzI1NiJ9.eyJqdGkiOiJYS2JlTFVSNnRhVDVuVDdWUF90WnBnIiwiZXhwIjoxODExMTMyNzk3LCJpYXQiOjE3Nzk1OTY3OTcsIm5iZiI6MTc3OTU5NjY3Nywib3JnIjoxLCJvbmx5Q2hhbm5lbHMiOlsiZGV2ZWwtYnVpbGQtaG9zdC1jaGFubmVsIl19.6qW6brsdW5vP_VMxNTxb4ENyUBIBjmJls7w1x3DD1Xw HTTP/1.1" 200 -
172.16.3.7 - - [24/May/2026:06:27:53 +0200] "GET /rhn/manager/download/devel-build-host-channel/repodata/repomd.xml?eyJhbGciOiJIUzI1NiJ9.eyJqdGkiOiJYS2JlTFVSNnRhVDVuVDdWUF90WnBnIiwiZXhwIjoxODExMTMyNzk3LCJpYXQiOjE3Nzk1OTY3OTcsIm5iZiI6MTc3OTU5NjY3Nywib3JnIjoxLCJvbmx5Q2hhbm5lbHMiOlsiZGV2ZWwtYnVpbGQtaG9zdC1jaGFubmVsIl19.6qW6brsdW5vP_VMxNTxb4ENyUBIBjmJls7w1x3DD1Xw HTTP/1.1" 200 3664
172.16.3.7 - - [24/May/2026:06:27:53 +0200] "HEAD /rhn/manager/download/devel-build-host-channel/repodata/repomd.xml.asc?eyJhbGciOiJIUzI1NiJ9.eyJqdGkiOiJYS2JlTFVSNnRhVDVuVDdWUF90WnBnIiwiZXhwIjoxODExMTMyNzk3LCJpYXQiOjE3Nzk1OTY3OTcsIm5iZiI6MTc3OTU5NjY3Nywib3JnIjoxLCJvbmx5Q2hhbm5lbHMiOlsiZGV2ZWwtYnVpbGQtaG9zdC1jaGFubmVsIl19.6qW6brsdW5vP_VMxNTxb4ENyUBIBjmJls7w1x3DD1Xw HTTP/1.1" 404 -
172.16.3.7 - - [24/May/2026:06:27:53 +0200] "HEAD /rhn/manager/download/devel-build-host-channel/repodata/21d4258a0d75079548322751f96130c52669bfe04851a11aae87137d0d579de0-primary.xml.gz?eyJhbGciOiJIUzI1NiJ9.eyJqdGkiOiJYS2JlTFVSNnRhVDVuVDdWUF90WnBnIiwiZXhwIjoxODExMTMyNzk3LCJpYXQiOjE3Nzk1OTY3OTcsIm5iZiI6MTc3OTU5NjY3Nywib3JnIjoxLCJvbmx5Q2hhbm5lbHMiOlsiZGV2ZWwtYnVpbGQtaG9zdC1jaGFubmVsIl19.6qW6brsdW5vP_VMxNTxb4ENyUBIBjmJls7w1x3DD1Xw HTTP/1.1" 200 -
172.16.3.7 - - [24/May/2026:06:27:53 +0200] "GET /rhn/manager/download/devel-build-host-channel/repodata/21d4258a0d75079548322751f96130c52669bfe04851a11aae87137d0d579de0-primary.xml.gz?eyJhbGciOiJIUzI1NiJ9.eyJqdGkiOiJYS2JlTFVSNnRhVDVuVDdWUF90WnBnIiwiZXhwIjoxODExMTMyNzk3LCJpYXQiOjE3Nzk1OTY3OTcsIm5iZiI6MTc3OTU5NjY3Nywib3JnIjoxLCJvbmx5Q2hhbm5lbHMiOlsiZGV2ZWwtYnVpbGQtaG9zdC1jaGFubmVsIl19.6qW6brsdW5vP_VMxNTxb4ENyUBIBjmJls7w1x3DD1Xw HTTP/1.1" 200 3664
172.16.3.7 - - [24/May/2026:06:27:53 +0200] "HEAD /rhn/manager/download/devel-build-host-channel/repodata/a777311d33ef3076297641add5000cb14dfede03ab0ca18aed7ac1348c3e29eb-susedata.xml.gz?eyJhbGciOiJIUzI1NiJ9.eyJqdGkiOiJYS2JlTFVSNnRhVDVuVDdWUF90WnBnIiwiZXhwIjoxODExMTMyNzk3LCJpYXQiOjE3Nzk1OTY3OTcsIm5iZiI6MTc3OTU5NjY3Nywib3JnIjoxLCJvbmx5Q2hhbm5lbHMiOlsiZGV2ZWwtYnVpbGQtaG9zdC1jaGFubmVsIl19.6qW6brsdW5vP_VMxNTxb4ENyUBIBjmJls7w1x3DD1Xw HTTP/1.1" 200 -
172.16.3.7 - - [24/May/2026:06:27:53 +0200] "GET /rhn/manager/download/devel-build-host-channel/repodata/a777311d33ef3076297641add5000cb14dfede03ab0ca18aed7ac1348c3e29eb-susedata.xml.gz?eyJhbGciOiJIUzI1NiJ9.eyJqdGkiOiJYS2JlTFVSNnRhVDVuVDdWUF90WnBnIiwiZXhwIjoxODExMTMyNzk3LCJpYXQiOjE3Nzk1OTY3OTcsIm5iZiI6MTc3OTU5NjY3Nywib3JnIjoxLCJvbmx5Q2hhbm5lbHMiOlsiZGV2ZWwtYnVpbGQtaG9zdC1jaGFubmVsIl19.6qW6brsdW5vP_VMxNTxb4ENyUBIBjmJls7w1x3DD1Xw HTTP/1.1" 200 3664
172.16.3.7 - - [24/May/2026:06:27:53 +0200] "HEAD /rhn/manager/download/sle-module-basesystem15-sp7-pool-x86_64/repodata/repomd.xml?eyJhbGciOiJIUzI1NiJ9.eyJqdGkiOiI5dWVjcHhQQk5zSks1SlQ5VFN4X3F3IiwiZXhwIjoxODExMTMyNzk3LCJpYXQiOjE3Nzk1OTY3OTcsIm5iZiI6MTc3OTU5NjY3Nywib3JnIjoxLCJvbmx5Q2hhbm5lbHMiOlsic2xlLW1vZHVsZS1iYXNlc3lzdGVtMTUtc3A3LXBvb2wteDg2XzY0Il19.qjS9pQeCUNy_F4fNSvRDTy4gfW2VCAihY3rh_WTTBkc HTTP/1.1" 200 -
172.16.3.7 - - [24/May/2026:06:27:53 +0200] "HEAD /rhn/manager/download/sle-module-basesystem15-sp7-pool-x86_64/media.1/media?eyJhbGciOiJIUzI1NiJ9.eyJqdGkiOiI5dWVjcHhQQk5zSks1SlQ5VFN4X3F3IiwiZXhwIjoxODExMTMyNzk3LCJpYXQiOjE3Nzk1OTY3OTcsIm5iZiI6MTc3OTU5NjY3Nywib3JnIjoxLCJvbmx5Q2hhbm5lbHMiOlsic2xlLW1vZHVsZS1iYXNlc3lzdGVtMTUtc3A3LXBvb2wteDg2XzY0Il19.qjS9pQeCUNy_F4fNSvRDTy4gfW2VCAihY3rh_WTTBkc HTTP/1.1" 404 -
172.16.3.5 - - [24/May/2026:06:27:53 +0200] "GET /rhn/systems/details/Overview.do?sid=1000010002 HTTP/1.1" 200 46449
172.16.3.7 - - [24/May/2026:06:27:53 +0200] "HEAD /rhn/manager/download/sle-module-basesystem15-sp7-pool-x86_64/repodata/repomd.xml?eyJhbGciOiJIUzI1NiJ9.eyJqdGkiOiI5dWVjcHhQQk5zSks1SlQ5VFN4X3F3IiwiZXhwIjoxODExMTMyNzk3LCJpYXQiOjE3Nzk1OTY3OTcsIm5iZiI6MTc3OTU5NjY3Nywib3JnIjoxLCJvbmx5Q2hhbm5lbHMiOlsic2xlLW1vZHVsZS1iYXNlc3lzdGVtMTUtc3A3LXBvb2wteDg2XzY0Il19.qjS9pQeCUNy_F4fNSvRDTy4gfW2VCAihY3rh_WTTBkc HTTP/1.1" 200 -
172.16.3.7 - - [24/May/2026:06:27:53 +0200] "GET /rhn/manager/download/sle-module-basesystem15-sp7-pool-x86_64/repodata/repomd.xml?eyJhbGciOiJIUzI1NiJ9.eyJqdGkiOiI5dWVjcHhQQk5zSks1SlQ5VFN4X3F3IiwiZXhwIjoxODExMTMyNzk3LCJpYXQiOjE3Nzk1OTY3OTcsIm5iZiI6MTc3OTU5NjY3Nywib3JnIjoxLCJvbmx5Q2hhbm5lbHMiOlsic2xlLW1vZHVsZS1iYXNlc3lzdGVtMTUtc3A3LXBvb2wteDg2XzY0Il19.qjS9pQeCUNy_F4fNSvRDTy4gfW2VCAihY3rh_WTTBkc HTTP/1.1" 200 3664
172.16.3.7 - - [24/May/2026:06:27:53 +0200] "HEAD /rhn/manager/download/sle-module-basesystem15-sp7-pool-x86_64/repodata/repomd.xml.asc?eyJhbGciOiJIUzI1NiJ9.eyJqdGkiOiI5dWVjcHhQQk5zSks1SlQ5VFN4X3F3IiwiZXhwIjoxODExMTMyNzk3LCJpYXQiOjE3Nzk1OTY3OTcsIm5iZiI6MTc3OTU5NjY3Nywib3JnIjoxLCJvbmx5Q2hhbm5lbHMiOlsic2xlLW1vZHVsZS1iYXNlc3lzdGVtMTUtc3A3LXBvb2wteDg2XzY0Il19.qjS9pQeCUNy_F4fNSvRDTy4gfW2VCAihY3rh_WTTBkc HTTP/1.1" 404 -
172.16.3.7 - - [24/May/2026:06:27:54 +0200] "HEAD /rhn/manager/download/sle-module-basesystem15-sp7-pool-x86_64/repodata/72677e1878c645162e81a8d7eb371345b6e19f51d001a3335a48ba33efa6c62d-primary.xml.gz?eyJhbGciOiJIUzI1NiJ9.eyJqdGkiOiI5dWVjcHhQQk5zSks1SlQ5VFN4X3F3IiwiZXhwIjoxODExMTMyNzk3LCJpYXQiOjE3Nzk1OTY3OTcsIm5iZiI6MTc3OTU5NjY3Nywib3JnIjoxLCJvbmx5Q2hhbm5lbHMiOlsic2xlLW1vZHVsZS1iYXNlc3lzdGVtMTUtc3A3LXBvb2wteDg2XzY0Il19.qjS9pQeCUNy_F4fNSvRDTy4gfW2VCAihY3rh_WTTBkc HTTP/1.1" 200 -
172.16.3.5 - - [24/May/2026:06:27:54 +0200] "POST /rhn/manager/frontend-log HTTP/1.1" 200 16
172.16.3.7 - - [24/May/2026:06:27:54 +0200] "GET /rhn/manager/download/sle-module-basesystem15-sp7-pool-x86_64/repodata/72677e1878c645162e81a8d7eb371345b6e19f51d001a3335a48ba33efa6c62d-primary.xml.gz?eyJhbGciOiJIUzI1NiJ9.eyJqdGkiOiI5dWVjcHhQQk5zSks1SlQ5VFN4X3F3IiwiZXhwIjoxODExMTMyNzk3LCJpYXQiOjE3Nzk1OTY3OTcsIm5iZiI6MTc3OTU5NjY3Nywib3JnIjoxLCJvbmx5Q2hhbm5lbHMiOlsic2xlLW1vZHVsZS1iYXNlc3lzdGVtMTUtc3A3LXBvb2wteDg2XzY0Il19.qjS9pQeCUNy_F4fNSvRDTy4gfW2VCAihY3rh_WTTBkc HTTP/1.1" 200 3664
172.16.3.5 - - [24/May/2026:06:27:54 +0200] "POST /rhn/manager/frontend-log HTTP/1.1" 200 16
127.0.0.1 - - [24/May/2026:06:27:54 +0200] "GET /rhn/websocket/notifications HTTP/1.1" 101 -
172.16.3.5 - - [24/May/2026:06:27:54 +0200] "GET /rhn/systems/details/history/History.do?sid=1000010003& HTTP/1.1" 200 46453
172.16.3.7 - - [24/May/2026:06:27:54 +0200] "HEAD /rhn/manager/download/sle-module-basesystem15-sp7-pool-x86_64/repodata/18ee3f1c999b84c825471e962a8b4adf38ce71dd1b7452d7dc254c01f6793cce-susedata.xml.gz?eyJhbGciOiJIUzI1NiJ9.eyJqdGkiOiI5dWVjcHhQQk5zSks1SlQ5VFN4X3F3IiwiZXhwIjoxODExMTMyNzk3LCJpYXQiOjE3Nzk1OTY3OTcsIm5iZiI6MTc3OTU5NjY3Nywib3JnIjoxLCJvbmx5Q2hhbm5lbHMiOlsic2xlLW1vZHVsZS1iYXNlc3lzdGVtMTUtc3A3LXBvb2wteDg2XzY0Il19.qjS9pQeCUNy_F4fNSvRDTy4gfW2VCAihY3rh_WTTBkc HTTP/1.1" 200 -
172.16.3.7 - - [24/May/2026:06:27:54 +0200] "GET /rhn/manager/download/sle-module-basesystem15-sp7-pool-x86_64/repodata/18ee3f1c999b84c825471e962a8b4adf38ce71dd1b7452d7dc254c01f6793cce-susedata.xml.gz?eyJhbGciOiJIUzI1NiJ9.eyJqdGkiOiI5dWVjcHhQQk5zSks1SlQ5VFN4X3F3IiwiZXhwIjoxODExMTMyNzk3LCJpYXQiOjE3Nzk1OTY3OTcsIm5iZiI6MTc3OTU5NjY3Nywib3JnIjoxLCJvbmx5Q2hhbm5lbHMiOlsic2xlLW1vZHVsZS1iYXNlc3lzdGVtMTUtc3A3LXBvb2wteDg2XzY0Il19.qjS9pQeCUNy_F4fNSvRDTy4gfW2VCAihY3rh_WTTBkc HTTP/1.1" 200 3663
172.16.3.5 - - [24/May/2026:06:27:54 +0200] "GET /rhn/systems/details/Overview.do?sid=1000010001 HTTP/1.1" 200 46830
127.0.0.1 - - [24/May/2026:06:27:54 +0200] "GET /rhn/websocket/notifications HTTP/1.1" 101 -
172.16.3.5 - - [24/May/2026:06:27:54 +0200] "POST /rhn/manager/frontend-log HTTP/1.1" 200 16
172.16.3.5 - - [24/May/2026:06:27:54 +0200] "POST /rhn/manager/frontend-log HTTP/1.1" 200 16
127.0.0.1 - - [24/May/2026:06:27:54 +0200] "GET /rhn/websocket/notifications HTTP/1.1" 101 -
172.16.3.5 - - [24/May/2026:06:27:54 +0200] "POST /rhn/manager/frontend-log HTTP/1.1" 200 16
172.16.3.7 - - [24/May/2026:06:27:54 +0200] "HEAD /rhn/manager/download/sle-module-desktop-applications15-sp7-pool-x86_64/repodata/repomd.xml?eyJhbGciOiJIUzI1NiJ9.eyJqdGkiOiIxQlU5Y0poS1dVZmJBS2xUUmMxeWJRIiwiZXhwIjoxODExMTMyNzk3LCJpYXQiOjE3Nzk1OTY3OTcsIm5iZiI6MTc3OTU5NjY3Nywib3JnIjoxLCJvbmx5Q2hhbm5lbHMiOlsic2xlLW1vZHVsZS1kZXNrdG9wLWFwcGxpY2F0aW9uczE1LXNwNy1wb29sLXg4Nl82NCJdfQ.VzkBKPKLZ-WxKXtWYHL9sWQAqniFPcH3Akv1ut4VQY4 HTTP/1.1" 200 -
172.16.3.7 - - [24/May/2026:06:27:54 +0200] "HEAD /rhn/manager/download/sle-module-desktop-applications15-sp7-pool-x86_64/media.1/media?eyJhbGciOiJIUzI1NiJ9.eyJqdGkiOiIxQlU5Y0poS1dVZmJBS2xUUmMxeWJRIiwiZXhwIjoxODExMTMyNzk3LCJpYXQiOjE3Nzk1OTY3OTcsIm5iZiI6MTc3OTU5NjY3Nywib3JnIjoxLCJvbmx5Q2hhbm5lbHMiOlsic2xlLW1vZHVsZS1kZXNrdG9wLWFwcGxpY2F0aW9uczE1LXNwNy1wb29sLXg4Nl82NCJdfQ.VzkBKPKLZ-WxKXtWYHL9sWQAqniFPcH3Akv1ut4VQY4 HTTP/1.1" 404 -
172.16.3.5 - - [24/May/2026:06:27:54 +0200] "GET /rhn/systems/details/packages/Packages.do?sid=1000010002& HTTP/1.1" 200 40886
172.16.3.7 - - [24/May/2026:06:27:55 +0200] "HEAD /rhn/manager/download/sle-module-desktop-applications15-sp7-pool-x86_64/repodata/repomd.xml?eyJhbGciOiJIUzI1NiJ9.eyJqdGkiOiIxQlU5Y0poS1dVZmJBS2xUUmMxeWJRIiwiZXhwIjoxODExMTMyNzk3LCJpYXQiOjE3Nzk1OTY3OTcsIm5iZiI6MTc3OTU5NjY3Nywib3JnIjoxLCJvbmx5Q2hhbm5lbHMiOlsic2xlLW1vZHVsZS1kZXNrdG9wLWFwcGxpY2F0aW9uczE1LXNwNy1wb29sLXg4Nl82NCJdfQ.VzkBKPKLZ-WxKXtWYHL9sWQAqniFPcH3Akv1ut4VQY4 HTTP/1.1" 200 -
172.16.3.7 - - [24/May/2026:06:27:55 +0200] "GET /rhn/manager/download/sle-module-desktop-applications15-sp7-pool-x86_64/repodata/repomd.xml?eyJhbGciOiJIUzI1NiJ9.eyJqdGkiOiIxQlU5Y0poS1dVZmJBS2xUUmMxeWJRIiwiZXhwIjoxODExMTMyNzk3LCJpYXQiOjE3Nzk1OTY3OTcsIm5iZiI6MTc3OTU5NjY3Nywib3JnIjoxLCJvbmx5Q2hhbm5lbHMiOlsic2xlLW1vZHVsZS1kZXNrdG9wLWFwcGxpY2F0aW9uczE1LXNwNy1wb29sLXg4Nl82NCJdfQ.VzkBKPKLZ-WxKXtWYHL9sWQAqniFPcH3Akv1ut4VQY4 HTTP/1.1" 200 3664
172.16.3.7 - - [24/May/2026:06:27:55 +0200] "HEAD /rhn/manager/download/sle-module-desktop-applications15-sp7-pool-x86_64/repodata/repomd.xml.asc?eyJhbGciOiJIUzI1NiJ9.eyJqdGkiOiIxQlU5Y0poS1dVZmJBS2xUUmMxeWJRIiwiZXhwIjoxODExMTMyNzk3LCJpYXQiOjE3Nzk1OTY3OTcsIm5iZiI6MTc3OTU5NjY3Nywib3JnIjoxLCJvbmx5Q2hhbm5lbHMiOlsic2xlLW1vZHVsZS1kZXNrdG9wLWFwcGxpY2F0aW9uczE1LXNwNy1wb29sLXg4Nl82NCJdfQ.VzkBKPKLZ-WxKXtWYHL9sWQAqniFPcH3Akv1ut4VQY4 HTTP/1.1" 404 -
172.16.3.7 - - [24/May/2026:06:27:55 +0200] "HEAD /rhn/manager/download/sle-module-desktop-applications15-sp7-pool-x86_64/repodata/2510995d87878cb269a784ed03c3cdb8b6127656c5a0e9bcf1e52e47f8d60c56-primary.xml.gz?eyJhbGciOiJIUzI1NiJ9.eyJqdGkiOiIxQlU5Y0poS1dVZmJBS2xUUmMxeWJRIiwiZXhwIjoxODExMTMyNzk3LCJpYXQiOjE3Nzk1OTY3OTcsIm5iZiI6MTc3OTU5NjY3Nywib3JnIjoxLCJvbmx5Q2hhbm5lbHMiOlsic2xlLW1vZHVsZS1kZXNrdG9wLWFwcGxpY2F0aW9uczE1LXNwNy1wb29sLXg4Nl82NCJdfQ.VzkBKPKLZ-WxKXtWYHL9sWQAqniFPcH3Akv1ut4VQY4 HTTP/1.1" 200 -
172.16.3.7 - - [24/May/2026:06:27:55 +0200] "GET /rhn/manager/download/sle-module-desktop-applications15-sp7-pool-x86_64/repodata/2510995d87878cb269a784ed03c3cdb8b6127656c5a0e9bcf1e52e47f8d60c56-primary.xml.gz?eyJhbGciOiJIUzI1NiJ9.eyJqdGkiOiIxQlU5Y0poS1dVZmJBS2xUUmMxeWJRIiwiZXhwIjoxODExMTMyNzk3LCJpYXQiOjE3Nzk1OTY3OTcsIm5iZiI6MTc3OTU5NjY3Nywib3JnIjoxLCJvbmx5Q2hhbm5lbHMiOlsic2xlLW1vZHVsZS1kZXNrdG9wLWFwcGxpY2F0aW9uczE1LXNwNy1wb29sLXg4Nl82NCJdfQ.VzkBKPKLZ-WxKXtWYHL9sWQAqniFPcH3Akv1ut4VQY4 HTTP/1.1" 200 3664
172.16.3.5 - - [24/May/2026:06:27:55 +0200] "POST /rhn/manager/frontend-log HTTP/1.1" 200 16
127.0.0.1 - - [24/May/2026:06:27:55 +0200] "GET /rhn/websocket/notifications HTTP/1.1" 101 -
172.16.3.5 - - [24/May/2026:06:27:55 +0200] "GET /rhn/systems/details/history/Event.do?sid=1000010003&aid=23 HTTP/1.1" 200 40552
172.16.3.7 - - [24/May/2026:06:27:55 +0200] "HEAD /rhn/manager/download/sle-module-desktop-applications15-sp7-pool-x86_64/repodata/23e558a05706ba08a8062b15915d616dc60ee20d51c3f10a33431586e9a60261-susedata.xml.gz?eyJhbGciOiJIUzI1NiJ9.eyJqdGkiOiIxQlU5Y0poS1dVZmJBS2xUUmMxeWJRIiwiZXhwIjoxODExMTMyNzk3LCJpYXQiOjE3Nzk1OTY3OTcsIm5iZiI6MTc3OTU5NjY3Nywib3JnIjoxLCJvbmx5Q2hhbm5lbHMiOlsic2xlLW1vZHVsZS1kZXNrdG9wLWFwcGxpY2F0aW9uczE1LXNwNy1wb29sLXg4Nl82NCJdfQ.VzkBKPKLZ-WxKXtWYHL9sWQAqniFPcH3Akv1ut4VQY4 HTTP/1.1" 200 -
172.16.3.5 - - [24/May/2026:06:27:55 +0200] "GET /rhn/systems/details/packages/Packages.do?sid=1000010001& HTTP/1.1" 200 40894
172.16.3.7 - - [24/May/2026:06:27:55 +0200] "GET /rhn/manager/download/sle-module-desktop-applications15-sp7-pool-x86_64/repodata/23e558a05706ba08a8062b15915d616dc60ee20d51c3f10a33431586e9a60261-susedata.xml.gz?eyJhbGciOiJIUzI1NiJ9.eyJqdGkiOiIxQlU5Y0poS1dVZmJBS2xUUmMxeWJRIiwiZXhwIjoxODExMTMyNzk3LCJpYXQiOjE3Nzk1OTY3OTcsIm5iZiI6MTc3OTU5NjY3Nywib3JnIjoxLCJvbmx5Q2hhbm5lbHMiOlsic2xlLW1vZHVsZS1kZXNrdG9wLWFwcGxpY2F0aW9uczE1LXNwNy1wb29sLXg4Nl82NCJdfQ.VzkBKPKLZ-WxKXtWYHL9sWQAqniFPcH3Akv1ut4VQY4 HTTP/1.1" 200 3664
127.0.0.1 - - [24/May/2026:06:27:55 +0200] "GET /rhn/websocket/notifications HTTP/1.1" 101 -
172.16.3.5 - - [24/May/2026:06:27:55 +0200] "POST /rhn/manager/frontend-log HTTP/1.1" 200 16
172.16.3.5 - - [24/May/2026:06:27:55 +0200] "POST /rhn/manager/frontend-log HTTP/1.1" 200 16
127.0.0.1 - - [24/May/2026:06:27:55 +0200] "GET /rhn/websocket/notifications HTTP/1.1" 101 -
172.16.3.5 - - [24/May/2026:06:27:56 +0200] "GET /rhn/systems/details/SystemChannels.do?sid=1000010002& HTTP/1.1" 200 39240
172.16.3.7 - - [24/May/2026:06:27:56 +0200] "HEAD /rhn/manager/download/sle-module-devtools15-sp7-pool-x86_64/repodata/repomd.xml?eyJhbGciOiJIUzI1NiJ9.eyJqdGkiOiJLNEhmTGJ0MGRyRHNWY1RlTWE5VU13IiwiZXhwIjoxODExMTMyNzk3LCJpYXQiOjE3Nzk1OTY3OTcsIm5iZiI6MTc3OTU5NjY3Nywib3JnIjoxLCJvbmx5Q2hhbm5lbHMiOlsic2xlLW1vZHVsZS1kZXZ0b29sczE1LXNwNy1wb29sLXg4Nl82NCJdfQ.mT2UVKh6zHDu6dpWFi48n8Wea41VUTGO7J0o0izhLn4 HTTP/1.1" 200 -
172.16.3.7 - - [24/May/2026:06:27:56 +0200] "HEAD /rhn/manager/download/sle-module-devtools15-sp7-pool-x86_64/media.1/media?eyJhbGciOiJIUzI1NiJ9.eyJqdGkiOiJLNEhmTGJ0MGRyRHNWY1RlTWE5VU13IiwiZXhwIjoxODExMTMyNzk3LCJpYXQiOjE3Nzk1OTY3OTcsIm5iZiI6MTc3OTU5NjY3Nywib3JnIjoxLCJvbmx5Q2hhbm5lbHMiOlsic2xlLW1vZHVsZS1kZXZ0b29sczE1LXNwNy1wb29sLXg4Nl82NCJdfQ.mT2UVKh6zHDu6dpWFi48n8Wea41VUTGO7J0o0izhLn4 HTTP/1.1" 404 -
172.16.3.7 - - [24/May/2026:06:27:56 +0200] "HEAD /rhn/manager/download/sle-module-devtools15-sp7-pool-x86_64/repodata/repomd.xml?eyJhbGciOiJIUzI1NiJ9.eyJqdGkiOiJLNEhmTGJ0MGRyRHNWY1RlTWE5VU13IiwiZXhwIjoxODExMTMyNzk3LCJpYXQiOjE3Nzk1OTY3OTcsIm5iZiI6MTc3OTU5NjY3Nywib3JnIjoxLCJvbmx5Q2hhbm5lbHMiOlsic2xlLW1vZHVsZS1kZXZ0b29sczE1LXNwNy1wb29sLXg4Nl82NCJdfQ.mT2UVKh6zHDu6dpWFi48n8Wea41VUTGO7J0o0izhLn4 HTTP/1.1" 200 -
172.16.3.5 - - [24/May/2026:06:27:56 +0200] "POST /rhn/manager/frontend-log HTTP/1.1" 200 16
172.16.3.7 - - [24/May/2026:06:27:56 +0200] "GET /rhn/manager/download/sle-module-devtools15-sp7-pool-x86_64/repodata/repomd.xml?eyJhbGciOiJIUzI1NiJ9.eyJqdGkiOiJLNEhmTGJ0MGRyRHNWY1RlTWE5VU13IiwiZXhwIjoxODExMTMyNzk3LCJpYXQiOjE3Nzk1OTY3OTcsIm5iZiI6MTc3OTU5NjY3Nywib3JnIjoxLCJvbmx5Q2hhbm5lbHMiOlsic2xlLW1vZHVsZS1kZXZ0b29sczE1LXNwNy1wb29sLXg4Nl82NCJdfQ.mT2UVKh6zHDu6dpWFi48n8Wea41VUTGO7J0o0izhLn4 HTTP/1.1" 200 3664
172.16.3.7 - - [24/May/2026:06:27:56 +0200] "HEAD /rhn/manager/download/sle-module-devtools15-sp7-pool-x86_64/repodata/repomd.xml.asc?eyJhbGciOiJIUzI1NiJ9.eyJqdGkiOiJLNEhmTGJ0MGRyRHNWY1RlTWE5VU13IiwiZXhwIjoxODExMTMyNzk3LCJpYXQiOjE3Nzk1OTY3OTcsIm5iZiI6MTc3OTU5NjY3Nywib3JnIjoxLCJvbmx5Q2hhbm5lbHMiOlsic2xlLW1vZHVsZS1kZXZ0b29sczE1LXNwNy1wb29sLXg4Nl82NCJdfQ.mT2UVKh6zHDu6dpWFi48n8Wea41VUTGO7J0o0izhLn4 HTTP/1.1" 404 -
172.16.3.7 - - [24/May/2026:06:27:56 +0200] "HEAD /rhn/manager/download/sle-module-devtools15-sp7-pool-x86_64/repodata/39982ebaed1b5ed69ea48f9b60f5bbc2762a4ed5abd851fdd2cf3046d823390b-primary.xml.gz?eyJhbGciOiJIUzI1NiJ9.eyJqdGkiOiJLNEhmTGJ0MGRyRHNWY1RlTWE5VU13IiwiZXhwIjoxODExMTMyNzk3LCJpYXQiOjE3Nzk1OTY3OTcsIm5iZiI6MTc3OTU5NjY3Nywib3JnIjoxLCJvbmx5Q2hhbm5lbHMiOlsic2xlLW1vZHVsZS1kZXZ0b29sczE1LXNwNy1wb29sLXg4Nl82NCJdfQ.mT2UVKh6zHDu6dpWFi48n8Wea41VUTGO7J0o0izhLn4 HTTP/1.1" 200 -
172.16.3.5 - - [24/May/2026:06:27:56 +0200] "GET /rhn/manager/api/systems/1000010002/channels HTTP/1.1" 200 564
127.0.0.1 - - [24/May/2026:06:27:57 +0200] "GET /rhn/websocket/notifications HTTP/1.1" 101 -
172.16.3.7 - - [24/May/2026:06:27:57 +0200] "GET /rhn/manager/download/sle-module-devtools15-sp7-pool-x86_64/repodata/39982ebaed1b5ed69ea48f9b60f5bbc2762a4ed5abd851fdd2cf3046d823390b-primary.xml.gz?eyJhbGciOiJIUzI1NiJ9.eyJqdGkiOiJLNEhmTGJ0MGRyRHNWY1RlTWE5VU13IiwiZXhwIjoxODExMTMyNzk3LCJpYXQiOjE3Nzk1OTY3OTcsIm5iZiI6MTc3OTU5NjY3Nywib3JnIjoxLCJvbmx5Q2hhbm5lbHMiOlsic2xlLW1vZHVsZS1kZXZ0b29sczE1LXNwNy1wb29sLXg4Nl82NCJdfQ.mT2UVKh6zHDu6dpWFi48n8Wea41VUTGO7J0o0izhLn4 HTTP/1.1" 200 3664
172.16.3.5 - - [24/May/2026:06:27:57 +0200] "GET /rhn/systems/details/SystemChannels.do?sid=1000010001& HTTP/1.1" 200 39248
172.16.3.7 - - [24/May/2026:06:27:57 +0200] "HEAD /rhn/manager/download/sle-module-devtools15-sp7-pool-x86_64/repodata/ebfe8ca7f62fc9e9e8e550e8c6894ba51b1d57675df1aaad114173bbcc09bed3-susedata.xml.gz?eyJhbGciOiJIUzI1NiJ9.eyJqdGkiOiJLNEhmTGJ0MGRyRHNWY1RlTWE5VU13IiwiZXhwIjoxODExMTMyNzk3LCJpYXQiOjE3Nzk1OTY3OTcsIm5iZiI6MTc3OTU5NjY3Nywib3JnIjoxLCJvbmx5Q2hhbm5lbHMiOlsic2xlLW1vZHVsZS1kZXZ0b29sczE1LXNwNy1wb29sLXg4Nl82NCJdfQ.mT2UVKh6zHDu6dpWFi48n8Wea41VUTGO7J0o0izhLn4 HTTP/1.1" 200 -
172.16.3.5 - - [24/May/2026:06:27:57 +0200] "GET /rhn/manager/api/systems/1000010002/channels-available-base HTTP/1.1" 200 237
172.16.3.7 - - [24/May/2026:06:27:57 +0200] "GET /rhn/manager/download/sle-module-devtools15-sp7-pool-x86_64/repodata/ebfe8ca7f62fc9e9e8e550e8c6894ba51b1d57675df1aaad114173bbcc09bed3-susedata.xml.gz?eyJhbGciOiJIUzI1NiJ9.eyJqdGkiOiJLNEhmTGJ0MGRyRHNWY1RlTWE5VU13IiwiZXhwIjoxODExMTMyNzk3LCJpYXQiOjE3Nzk1OTY3OTcsIm5iZiI6MTc3OTU5NjY3Nywib3JnIjoxLCJvbmx5Q2hhbm5lbHMiOlsic2xlLW1vZHVsZS1kZXZ0b29sczE1LXNwNy1wb29sLXg4Nl82NCJdfQ.mT2UVKh6zHDu6dpWFi48n8Wea41VUTGO7J0o0izhLn4 HTTP/1.1" 200 3664
172.16.3.5 - - [24/May/2026:06:27:57 +0200] "GET /rhn/manager/api/systems/1000010002/channels/128/accessible-children?oldBaseChannelId=128 HTTP/1.1" 200 298
172.16.3.5 - - [24/May/2026:06:27:57 +0200] "POST /rhn/manager/frontend-log HTTP/1.1" 200 16
172.16.3.7 - - [24/May/2026:06:27:57 +0200] "HEAD /rhn/manager/download/sle-module-python3-15-sp7-pool-x86_64/repodata/repomd.xml?eyJhbGciOiJIUzI1NiJ9.eyJqdGkiOiJsZWVWQjJweU81V0xpUzhERzJjb3lnIiwiZXhwIjoxODExMTMyNzk3LCJpYXQiOjE3Nzk1OTY3OTcsIm5iZiI6MTc3OTU5NjY3Nywib3JnIjoxLCJvbmx5Q2hhbm5lbHMiOlsic2xlLW1vZHVsZS1weXRob24zLTE1LXNwNy1wb29sLXg4Nl82NCJdfQ.JaXIbGR-fdTphCGfC3y0-1aAHWbmCDxAxAnyVMGj8tE HTTP/1.1" 200 -
172.16.3.7 - - [24/May/2026:06:27:57 +0200] "HEAD /rhn/manager/download/sle-module-python3-15-sp7-pool-x86_64/media.1/media?eyJhbGciOiJIUzI1NiJ9.eyJqdGkiOiJsZWVWQjJweU81V0xpUzhERzJjb3lnIiwiZXhwIjoxODExMTMyNzk3LCJpYXQiOjE3Nzk1OTY3OTcsIm5iZiI6MTc3OTU5NjY3Nywib3JnIjoxLCJvbmx5Q2hhbm5lbHMiOlsic2xlLW1vZHVsZS1weXRob24zLTE1LXNwNy1wb29sLXg4Nl82NCJdfQ.JaXIbGR-fdTphCGfC3y0-1aAHWbmCDxAxAnyVMGj8tE HTTP/1.1" 404 -
172.16.3.7 - - [24/May/2026:06:27:57 +0200] "HEAD /rhn/manager/download/sle-module-python3-15-sp7-pool-x86_64/repodata/repomd.xml?eyJhbGciOiJIUzI1NiJ9.eyJqdGkiOiJsZWVWQjJweU81V0xpUzhERzJjb3lnIiwiZXhwIjoxODExMTMyNzk3LCJpYXQiOjE3Nzk1OTY3OTcsIm5iZiI6MTc3OTU5NjY3Nywib3JnIjoxLCJvbmx5Q2hhbm5lbHMiOlsic2xlLW1vZHVsZS1weXRob24zLTE1LXNwNy1wb29sLXg4Nl82NCJdfQ.JaXIbGR-fdTphCGfC3y0-1aAHWbmCDxAxAnyVMGj8tE HTTP/1.1" 200 -
172.16.3.7 - - [24/May/2026:06:27:57 +0200] "GET /rhn/manager/download/sle-module-python3-15-sp7-pool-x86_64/repodata/repomd.xml?eyJhbGciOiJIUzI1NiJ9.eyJqdGkiOiJsZWVWQjJweU81V0xpUzhERzJjb3lnIiwiZXhwIjoxODExMTMyNzk3LCJpYXQiOjE3Nzk1OTY3OTcsIm5iZiI6MTc3OTU5NjY3Nywib3JnIjoxLCJvbmx5Q2hhbm5lbHMiOlsic2xlLW1vZHVsZS1weXRob24zLTE1LXNwNy1wb29sLXg4Nl82NCJdfQ.JaXIbGR-fdTphCGfC3y0-1aAHWbmCDxAxAnyVMGj8tE HTTP/1.1" 200 3664
172.16.3.5 - - [24/May/2026:06:27:57 +0200] "GET /rhn/manager/api/systems/1000010001/channels HTTP/1.1" 200 534
172.16.3.5 - - [24/May/2026:06:27:57 +0200] "POST /rhn/manager/api/admin/mandatoryChannels HTTP/1.1" 200 43
127.0.0.1 - - [24/May/2026:06:27:57 +0200] "GET /rhn/websocket/notifications HTTP/1.1" 101 -
172.16.3.7 - - [24/May/2026:06:27:57 +0200] "HEAD /rhn/manager/download/sle-module-python3-15-sp7-pool-x86_64/repodata/repomd.xml.asc?eyJhbGciOiJIUzI1NiJ9.eyJqdGkiOiJsZWVWQjJweU81V0xpUzhERzJjb3lnIiwiZXhwIjoxODExMTMyNzk3LCJpYXQiOjE3Nzk1OTY3OTcsIm5iZiI6MTc3OTU5NjY3Nywib3JnIjoxLCJvbmx5Q2hhbm5lbHMiOlsic2xlLW1vZHVsZS1weXRob24zLTE1LXNwNy1wb29sLXg4Nl82NCJdfQ.JaXIbGR-fdTphCGfC3y0-1aAHWbmCDxAxAnyVMGj8tE HTTP/1.1" 404 -
172.16.3.7 - - [24/May/2026:06:27:57 +0200] "HEAD /rhn/manager/download/sle-module-python3-15-sp7-pool-x86_64/repodata/b85c8df1ec614c58ce43b787ea39e61822a5348b83feacd529854d99cfcbcd9f-primary.xml.gz?eyJhbGciOiJIUzI1NiJ9.eyJqdGkiOiJsZWVWQjJweU81V0xpUzhERzJjb3lnIiwiZXhwIjoxODExMTMyNzk3LCJpYXQiOjE3Nzk1OTY3OTcsIm5iZiI6MTc3OTU5NjY3Nywib3JnIjoxLCJvbmx5Q2hhbm5lbHMiOlsic2xlLW1vZHVsZS1weXRob24zLTE1LXNwNy1wb29sLXg4Nl82NCJdfQ.JaXIbGR-fdTphCGfC3y0-1aAHWbmCDxAxAnyVMGj8tE HTTP/1.1" 200 -
172.16.3.5 - - [24/May/2026:06:27:58 +0200] "GET /rhn/manager/api/systems/1000010001/channels-available-base HTTP/1.1" 200 1041
172.16.3.7 - - [24/May/2026:06:27:58 +0200] "GET /rhn/manager/download/sle-module-python3-15-sp7-pool-x86_64/repodata/b85c8df1ec614c58ce43b787ea39e61822a5348b83feacd529854d99cfcbcd9f-primary.xml.gz?eyJhbGciOiJIUzI1NiJ9.eyJqdGkiOiJsZWVWQjJweU81V0xpUzhERzJjb3lnIiwiZXhwIjoxODExMTMyNzk3LCJpYXQiOjE3Nzk1OTY3OTcsIm5iZiI6MTc3OTU5NjY3Nywib3JnIjoxLCJvbmx5Q2hhbm5lbHMiOlsic2xlLW1vZHVsZS1weXRob24zLTE1LXNwNy1wb29sLXg4Nl82NCJdfQ.JaXIbGR-fdTphCGfC3y0-1aAHWbmCDxAxAnyVMGj8tE HTTP/1.1" 200 3664
172.16.3.7 - - [24/May/2026:06:27:58 +0200] "HEAD /rhn/manager/download/sle-module-python3-15-sp7-pool-x86_64/repodata/19a9aace0742c27b1be393a1f4117980f966641e70897519cbd024a99b921cf7-susedata.xml.gz?eyJhbGciOiJIUzI1NiJ9.eyJqdGkiOiJsZWVWQjJweU81V0xpUzhERzJjb3lnIiwiZXhwIjoxODExMTMyNzk3LCJpYXQiOjE3Nzk1OTY3OTcsIm5iZiI6MTc3OTU5NjY3Nywib3JnIjoxLCJvbmx5Q2hhbm5lbHMiOlsic2xlLW1vZHVsZS1weXRob24zLTE1LXNwNy1wb29sLXg4Nl82NCJdfQ.JaXIbGR-fdTphCGfC3y0-1aAHWbmCDxAxAnyVMGj8tE HTTP/1.1" 200 -
172.16.3.5 - - [24/May/2026:06:27:58 +0200] "GET /rhn/manager/api/systems/1000010001/channels/129/accessible-children?oldBaseChannelId=129 HTTP/1.1" 200 283
172.16.3.5 - - [24/May/2026:06:27:58 +0200] "POST /rhn/manager/api/maintenance/upcoming-windows HTTP/1.1" 200 26
172.16.3.7 - - [24/May/2026:06:27:58 +0200] "GET /rhn/manager/download/sle-module-python3-15-sp7-pool-x86_64/repodata/19a9aace0742c27b1be393a1f4117980f966641e70897519cbd024a99b921cf7-susedata.xml.gz?eyJhbGciOiJIUzI1NiJ9.eyJqdGkiOiJsZWVWQjJweU81V0xpUzhERzJjb3lnIiwiZXhwIjoxODExMTMyNzk3LCJpYXQiOjE3Nzk1OTY3OTcsIm5iZiI6MTc3OTU5NjY3Nywib3JnIjoxLCJvbmx5Q2hhbm5lbHMiOlsic2xlLW1vZHVsZS1weXRob24zLTE1LXNwNy1wb29sLXg4Nl82NCJdfQ.JaXIbGR-fdTphCGfC3y0-1aAHWbmCDxAxAnyVMGj8tE HTTP/1.1" 200 3664
172.16.3.7 - - [24/May/2026:06:27:58 +0200] "HEAD /rhn/manager/download/sle-module-server-applications15-sp7-pool-x86_64/repodata/repomd.xml?eyJhbGciOiJIUzI1NiJ9.eyJqdGkiOiJ1RjJMRzNQam9xX1Y5RGFjUm1Yd1BRIiwiZXhwIjoxODExMTMyNzk3LCJpYXQiOjE3Nzk1OTY3OTcsIm5iZiI6MTc3OTU5NjY3Nywib3JnIjoxLCJvbmx5Q2hhbm5lbHMiOlsic2xlLW1vZHVsZS1zZXJ2ZXItYXBwbGljYXRpb25zMTUtc3A3LXBvb2wteDg2XzY0Il19.dQWlxKS1FcQTJgQTLdM6D1OT6fMdFbjCPzMMyvYqYO0 HTTP/1.1" 200 -
172.16.3.7 - - [24/May/2026:06:27:58 +0200] "HEAD /rhn/manager/download/sle-module-server-applications15-sp7-pool-x86_64/media.1/media?eyJhbGciOiJIUzI1NiJ9.eyJqdGkiOiJ1RjJMRzNQam9xX1Y5RGFjUm1Yd1BRIiwiZXhwIjoxODExMTMyNzk3LCJpYXQiOjE3Nzk1OTY3OTcsIm5iZiI6MTc3OTU5NjY3Nywib3JnIjoxLCJvbmx5Q2hhbm5lbHMiOlsic2xlLW1vZHVsZS1zZXJ2ZXItYXBwbGljYXRpb25zMTUtc3A3LXBvb2wteDg2XzY0Il19.dQWlxKS1FcQTJgQTLdM6D1OT6fMdFbjCPzMMyvYqYO0 HTTP/1.1" 404 -
172.16.3.7 - - [24/May/2026:06:27:58 +0200] "HEAD /rhn/manager/download/sle-module-server-applications15-sp7-pool-x86_64/repodata/repomd.xml?eyJhbGciOiJIUzI1NiJ9.eyJqdGkiOiJ1RjJMRzNQam9xX1Y5RGFjUm1Yd1BRIiwiZXhwIjoxODExMTMyNzk3LCJpYXQiOjE3Nzk1OTY3OTcsIm5iZiI6MTc3OTU5NjY3Nywib3JnIjoxLCJvbmx5Q2hhbm5lbHMiOlsic2xlLW1vZHVsZS1zZXJ2ZXItYXBwbGljYXRpb25zMTUtc3A3LXBvb2wteDg2XzY0Il19.dQWlxKS1FcQTJgQTLdM6D1OT6fMdFbjCPzMMyvYqYO0 HTTP/1.1" 200 -
172.16.3.5 - - [24/May/2026:06:27:58 +0200] "POST /rhn/manager/api/systems/1000010002/channels HTTP/1.1" 200 26
172.16.3.7 - - [24/May/2026:06:27:58 +0200] "GET /rhn/manager/download/sle-module-server-applications15-sp7-pool-x86_64/repodata/repomd.xml?eyJhbGciOiJIUzI1NiJ9.eyJqdGkiOiJ1RjJMRzNQam9xX1Y5RGFjUm1Yd1BRIiwiZXhwIjoxODExMTMyNzk3LCJpYXQiOjE3Nzk1OTY3OTcsIm5iZiI6MTc3OTU5NjY3Nywib3JnIjoxLCJvbmx5Q2hhbm5lbHMiOlsic2xlLW1vZHVsZS1zZXJ2ZXItYXBwbGljYXRpb25zMTUtc3A3LXBvb2wteDg2XzY0Il19.dQWlxKS1FcQTJgQTLdM6D1OT6fMdFbjCPzMMyvYqYO0 HTTP/1.1" 200 3664
172.16.3.5 - - [24/May/2026:06:27:58 +0200] "POST /rhn/manager/api/admin/mandatoryChannels HTTP/1.1" 200 43
172.16.3.7 - - [24/May/2026:06:27:58 +0200] "HEAD /rhn/manager/download/sle-module-server-applications15-sp7-pool-x86_64/repodata/repomd.xml.asc?eyJhbGciOiJIUzI1NiJ9.eyJqdGkiOiJ1RjJMRzNQam9xX1Y5RGFjUm1Yd1BRIiwiZXhwIjoxODExMTMyNzk3LCJpYXQiOjE3Nzk1OTY3OTcsIm5iZiI6MTc3OTU5NjY3Nywib3JnIjoxLCJvbmx5Q2hhbm5lbHMiOlsic2xlLW1vZHVsZS1zZXJ2ZXItYXBwbGljYXRpb25zMTUtc3A3LXBvb2wteDg2XzY0Il19.dQWlxKS1FcQTJgQTLdM6D1OT6fMdFbjCPzMMyvYqYO0 HTTP/1.1" 404 -
172.16.3.7 - - [24/May/2026:06:27:58 +0200] "HEAD /rhn/manager/download/sle-module-server-applications15-sp7-pool-x86_64/repodata/9da65de35d9eb291075421b64b0c8b834233149254c385662c182ec794bf889d-primary.xml.gz?eyJhbGciOiJIUzI1NiJ9.eyJqdGkiOiJ1RjJMRzNQam9xX1Y5RGFjUm1Yd1BRIiwiZXhwIjoxODExMTMyNzk3LCJpYXQiOjE3Nzk1OTY3OTcsIm5iZiI6MTc3OTU5NjY3Nywib3JnIjoxLCJvbmx5Q2hhbm5lbHMiOlsic2xlLW1vZHVsZS1zZXJ2ZXItYXBwbGljYXRpb25zMTUtc3A3LXBvb2wteDg2XzY0Il19.dQWlxKS1FcQTJgQTLdM6D1OT6fMdFbjCPzMMyvYqYO0 HTTP/1.1" 200 -
172.16.3.7 - - [24/May/2026:06:27:58 +0200] "GET /rhn/manager/download/sle-module-server-applications15-sp7-pool-x86_64/repodata/9da65de35d9eb291075421b64b0c8b834233149254c385662c182ec794bf889d-primary.xml.gz?eyJhbGciOiJIUzI1NiJ9.eyJqdGkiOiJ1RjJMRzNQam9xX1Y5RGFjUm1Yd1BRIiwiZXhwIjoxODExMTMyNzk3LCJpYXQiOjE3Nzk1OTY3OTcsIm5iZiI6MTc3OTU5NjY3Nywib3JnIjoxLCJvbmx5Q2hhbm5lbHMiOlsic2xlLW1vZHVsZS1zZXJ2ZXItYXBwbGljYXRpb25zMTUtc3A3LXBvb2wteDg2XzY0Il19.dQWlxKS1FcQTJgQTLdM6D1OT6fMdFbjCPzMMyvYqYO0 HTTP/1.1" 200 3664
172.16.3.7 - - [24/May/2026:06:27:58 +0200] "HEAD /rhn/manager/download/sle-module-server-applications15-sp7-pool-x86_64/repodata/133bee3f932a0c990108b3b4bbc72cba22904a8ef121f14f78e8fe8d3aa06b15-susedata.xml.gz?eyJhbGciOiJIUzI1NiJ9.eyJqdGkiOiJ1RjJMRzNQam9xX1Y5RGFjUm1Yd1BRIiwiZXhwIjoxODExMTMyNzk3LCJpYXQiOjE3Nzk1OTY3OTcsIm5iZiI6MTc3OTU5NjY3Nywib3JnIjoxLCJvbmx5Q2hhbm5lbHMiOlsic2xlLW1vZHVsZS1zZXJ2ZXItYXBwbGljYXRpb25zMTUtc3A3LXBvb2wteDg2XzY0Il19.dQWlxKS1FcQTJgQTLdM6D1OT6fMdFbjCPzMMyvYqYO0 HTTP/1.1" 200 -
172.16.3.7 - - [24/May/2026:06:27:58 +0200] "GET /rhn/manager/download/sle-module-server-applications15-sp7-pool-x86_64/repodata/133bee3f932a0c990108b3b4bbc72cba22904a8ef121f14f78e8fe8d3aa06b15-susedata.xml.gz?eyJhbGciOiJIUzI1NiJ9.eyJqdGkiOiJ1RjJMRzNQam9xX1Y5RGFjUm1Yd1BRIiwiZXhwIjoxODExMTMyNzk3LCJpYXQiOjE3Nzk1OTY3OTcsIm5iZiI6MTc3OTU5NjY3Nywib3JnIjoxLCJvbmx5Q2hhbm5lbHMiOlsic2xlLW1vZHVsZS1zZXJ2ZXItYXBwbGljYXRpb25zMTUtc3A3LXBvb2wteDg2XzY0Il19.dQWlxKS1FcQTJgQTLdM6D1OT6fMdFbjCPzMMyvYqYO0 HTTP/1.1" 200 3664
172.16.3.5 - - [24/May/2026:06:27:58 +0200] "POST /rhn/manager/api/maintenance/upcoming-windows HTTP/1.1" 200 26
172.16.3.7 - - [24/May/2026:06:27:58 +0200] "HEAD /rhn/manager/download/sle-module-systems-management-15-sp7-pool-x86_64/repodata/repomd.xml?eyJhbGciOiJIUzI1NiJ9.eyJqdGkiOiJ2M1BPa2xGVmFjdzMwVDVNQzQ4aC1RIiwiZXhwIjoxODExMTMyNzk3LCJpYXQiOjE3Nzk1OTY3OTcsIm5iZiI6MTc3OTU5NjY3Nywib3JnIjoxLCJvbmx5Q2hhbm5lbHMiOlsic2xlLW1vZHVsZS1zeXN0ZW1zLW1hbmFnZW1lbnQtMTUtc3A3LXBvb2wteDg2XzY0Il19.ew-yFN5uHVubfOTuq72FZtbVOjtpL8BtuaZwsH6ZZ-4 HTTP/1.1" 200 -
172.16.3.7 - - [24/May/2026:06:27:59 +0200] "HEAD /rhn/manager/download/sle-module-systems-management-15-sp7-pool-x86_64/media.1/media?eyJhbGciOiJIUzI1NiJ9.eyJqdGkiOiJ2M1BPa2xGVmFjdzMwVDVNQzQ4aC1RIiwiZXhwIjoxODExMTMyNzk3LCJpYXQiOjE3Nzk1OTY3OTcsIm5iZiI6MTc3OTU5NjY3Nywib3JnIjoxLCJvbmx5Q2hhbm5lbHMiOlsic2xlLW1vZHVsZS1zeXN0ZW1zLW1hbmFnZW1lbnQtMTUtc3A3LXBvb2wteDg2XzY0Il19.ew-yFN5uHVubfOTuq72FZtbVOjtpL8BtuaZwsH6ZZ-4 HTTP/1.1" 404 -
172.16.3.7 - - [24/May/2026:06:27:59 +0200] "HEAD /rhn/manager/download/sle-module-systems-management-15-sp7-pool-x86_64/repodata/repomd.xml?eyJhbGciOiJIUzI1NiJ9.eyJqdGkiOiJ2M1BPa2xGVmFjdzMwVDVNQzQ4aC1RIiwiZXhwIjoxODExMTMyNzk3LCJpYXQiOjE3Nzk1OTY3OTcsIm5iZiI6MTc3OTU5NjY3Nywib3JnIjoxLCJvbmx5Q2hhbm5lbHMiOlsic2xlLW1vZHVsZS1zeXN0ZW1zLW1hbmFnZW1lbnQtMTUtc3A3LXBvb2wteDg2XzY0Il19.ew-yFN5uHVubfOTuq72FZtbVOjtpL8BtuaZwsH6ZZ-4 HTTP/1.1" 200 -
172.16.3.7 - - [24/May/2026:06:27:59 +0200] "GET /rhn/manager/download/sle-module-systems-management-15-sp7-pool-x86_64/repodata/repomd.xml?eyJhbGciOiJIUzI1NiJ9.eyJqdGkiOiJ2M1BPa2xGVmFjdzMwVDVNQzQ4aC1RIiwiZXhwIjoxODExMTMyNzk3LCJpYXQiOjE3Nzk1OTY3OTcsIm5iZiI6MTc3OTU5NjY3Nywib3JnIjoxLCJvbmx5Q2hhbm5lbHMiOlsic2xlLW1vZHVsZS1zeXN0ZW1zLW1hbmFnZW1lbnQtMTUtc3A3LXBvb2wteDg2XzY0Il19.ew-yFN5uHVubfOTuq72FZtbVOjtpL8BtuaZwsH6ZZ-4 HTTP/1.1" 200 3664
172.16.3.5 - - [24/May/2026:06:27:59 +0200] "GET /rhn/systems/details/history/Pending.do?sid=1000010002& HTTP/1.1" 200 43027
172.16.3.7 - - [24/May/2026:06:27:59 +0200] "HEAD /rhn/manager/download/sle-module-systems-management-15-sp7-pool-x86_64/repodata/repomd.xml.asc?eyJhbGciOiJIUzI1NiJ9.eyJqdGkiOiJ2M1BPa2xGVmFjdzMwVDVNQzQ4aC1RIiwiZXhwIjoxODExMTMyNzk3LCJpYXQiOjE3Nzk1OTY3OTcsIm5iZiI6MTc3OTU5NjY3Nywib3JnIjoxLCJvbmx5Q2hhbm5lbHMiOlsic2xlLW1vZHVsZS1zeXN0ZW1zLW1hbmFnZW1lbnQtMTUtc3A3LXBvb2wteDg2XzY0Il19.ew-yFN5uHVubfOTuq72FZtbVOjtpL8BtuaZwsH6ZZ-4 HTTP/1.1" 404 -
172.16.3.7 - - [24/May/2026:06:27:59 +0200] "HEAD /rhn/manager/download/sle-module-systems-management-15-sp7-pool-x86_64/repodata/938fbdb07ed1a2422a2245610b5da1229308945fbb2f86858ddb514c9d0d0037-primary.xml.gz?eyJhbGciOiJIUzI1NiJ9.eyJqdGkiOiJ2M1BPa2xGVmFjdzMwVDVNQzQ4aC1RIiwiZXhwIjoxODExMTMyNzk3LCJpYXQiOjE3Nzk1OTY3OTcsIm5iZiI6MTc3OTU5NjY3Nywib3JnIjoxLCJvbmx5Q2hhbm5lbHMiOlsic2xlLW1vZHVsZS1zeXN0ZW1zLW1hbmFnZW1lbnQtMTUtc3A3LXBvb2wteDg2XzY0Il19.ew-yFN5uHVubfOTuq72FZtbVOjtpL8BtuaZwsH6ZZ-4 HTTP/1.1" 200 -
172.16.3.7 - - [24/May/2026:06:27:59 +0200] "GET /rhn/manager/download/sle-module-systems-management-15-sp7-pool-x86_64/repodata/938fbdb07ed1a2422a2245610b5da1229308945fbb2f86858ddb514c9d0d0037-primary.xml.gz?eyJhbGciOiJIUzI1NiJ9.eyJqdGkiOiJ2M1BPa2xGVmFjdzMwVDVNQzQ4aC1RIiwiZXhwIjoxODExMTMyNzk3LCJpYXQiOjE3Nzk1OTY3OTcsIm5iZiI6MTc3OTU5NjY3Nywib3JnIjoxLCJvbmx5Q2hhbm5lbHMiOlsic2xlLW1vZHVsZS1zeXN0ZW1zLW1hbmFnZW1lbnQtMTUtc3A3LXBvb2wteDg2XzY0Il19.ew-yFN5uHVubfOTuq72FZtbVOjtpL8BtuaZwsH6ZZ-4 HTTP/1.1" 200 3662
172.16.3.7 - - [24/May/2026:06:27:59 +0200] "HEAD /rhn/manager/download/sle-module-systems-management-15-sp7-pool-x86_64/repodata/bb7f49dd25548c564ab33e1defb1e5668f63a9b063798989e364da0386f6a8d2-susedata.xml.gz?eyJhbGciOiJIUzI1NiJ9.eyJqdGkiOiJ2M1BPa2xGVmFjdzMwVDVNQzQ4aC1RIiwiZXhwIjoxODExMTMyNzk3LCJpYXQiOjE3Nzk1OTY3OTcsIm5iZiI6MTc3OTU5NjY3Nywib3JnIjoxLCJvbmx5Q2hhbm5lbHMiOlsic2xlLW1vZHVsZS1zeXN0ZW1zLW1hbmFnZW1lbnQtMTUtc3A3LXBvb2wteDg2XzY0Il19.ew-yFN5uHVubfOTuq72FZtbVOjtpL8BtuaZwsH6ZZ-4 HTTP/1.1" 200 -
127.0.0.1 - - [24/May/2026:06:27:59 +0200] "GET /rhn/websocket/notifications HTTP/1.1" 101 -
172.16.3.7 - - [24/May/2026:06:27:59 +0200] "GET /rhn/manager/download/sle-module-systems-management-15-sp7-pool-x86_64/repodata/bb7f49dd25548c564ab33e1defb1e5668f63a9b063798989e364da0386f6a8d2-susedata.xml.gz?eyJhbGciOiJIUzI1NiJ9.eyJqdGkiOiJ2M1BPa2xGVmFjdzMwVDVNQzQ4aC1RIiwiZXhwIjoxODExMTMyNzk3LCJpYXQiOjE3Nzk1OTY3OTcsIm5iZiI6MTc3OTU5NjY3Nywib3JnIjoxLCJvbmx5Q2hhbm5lbHMiOlsic2xlLW1vZHVsZS1zeXN0ZW1zLW1hbmFnZW1lbnQtMTUtc3A3LXBvb2wteDg2XzY0Il19.ew-yFN5uHVubfOTuq72FZtbVOjtpL8BtuaZwsH6ZZ-4 HTTP/1.1" 200 3663
172.16.3.5 - - [24/May/2026:06:27:59 +0200] "POST /rhn/manager/frontend-log HTTP/1.1" 200 16
172.16.3.7 - - [24/May/2026:06:27:59 +0200] "HEAD /rhn/manager/download/sle-product-sles15-sp7-pool-x86_64/repodata/repomd.xml?eyJhbGciOiJIUzI1NiJ9.eyJqdGkiOiJQWjFONjVLb1d5S0J1Qk1lWTVKOG9RIiwiZXhwIjoxODExMTMyNzk3LCJpYXQiOjE3Nzk1OTY3OTcsIm5iZiI6MTc3OTU5NjY3Nywib3JnIjoxLCJvbmx5Q2hhbm5lbHMiOlsic2xlLXByb2R1Y3Qtc2xlczE1LXNwNy1wb29sLXg4Nl82NCJdfQ.kmFRZQhaQRexJpWY6_-A8CzigOn6R5yQSsr2qD7JB_g HTTP/1.1" 200 -
172.16.3.5 - - [24/May/2026:06:27:59 +0200] "POST /rhn/manager/api/systems/1000010001/channels HTTP/1.1" 200 26
172.16.3.7 - - [24/May/2026:06:27:59 +0200] "HEAD /rhn/manager/download/sle-product-sles15-sp7-pool-x86_64/media.1/media?eyJhbGciOiJIUzI1NiJ9.eyJqdGkiOiJQWjFONjVLb1d5S0J1Qk1lWTVKOG9RIiwiZXhwIjoxODExMTMyNzk3LCJpYXQiOjE3Nzk1OTY3OTcsIm5iZiI6MTc3OTU5NjY3Nywib3JnIjoxLCJvbmx5Q2hhbm5lbHMiOlsic2xlLXByb2R1Y3Qtc2xlczE1LXNwNy1wb29sLXg4Nl82NCJdfQ.kmFRZQhaQRexJpWY6_-A8CzigOn6R5yQSsr2qD7JB_g HTTP/1.1" 404 -
