172.16.3.7 - - [20/Apr/2026:19:23:37 +0200] "HEAD /rhn/manager/download/fake-rpm-suse-channel/repodata/273df31af2fcd20775198b7caee5421a08cd91a4d65ed23f80ea9716402d4a1795c4720b53cd0e6e1b5d621d9579f81220e07642b0cf7d234252808a03f7a196-primary.xml.gz?eyJhbGciOiJIUzI1NiJ9.eyJqdGkiOiJFMXkteDFUMWEyU3dINE1xdW1TOXlRIiwiZXhwIjoxODA4MjQxNjExLCJpYXQiOjE3NzY3MDU2MTEsIm5iZiI6MTc3NjcwNTQ5MSwib3JnIjoxLCJvbmx5Q2hhbm5lbHMiOlsiZmFrZS1ycG0tc3VzZS1jaGFubmVsIl19.-J2ROKWyiwbq1ixT1HpoI5z-nNfSjuw7VyqtkLzTTQA HTTP/1.1" 200 -
172.16.3.7 - - [20/Apr/2026:19:23:37 +0200] "HEAD /rhn/manager/download/fake-rpm-suse-channel/repodata/967523dc5726124030e80fb689fa51ce5488d2ac8712bba0620f3ffc36327e732d46cf562cdfb846af7c837ef2954c30cd95d648799cecc00140260e96bc9a58-susedata.xml.gz?eyJhbGciOiJIUzI1NiJ9.eyJqdGkiOiJFMXkteDFUMWEyU3dINE1xdW1TOXlRIiwiZXhwIjoxODA4MjQxNjExLCJpYXQiOjE3NzY3MDU2MTEsIm5iZiI6MTc3NjcwNTQ5MSwib3JnIjoxLCJvbmx5Q2hhbm5lbHMiOlsiZmFrZS1ycG0tc3VzZS1jaGFubmVsIl19.-J2ROKWyiwbq1ixT1HpoI5z-nNfSjuw7VyqtkLzTTQA HTTP/1.1" 200 -
172.16.3.7 - - [20/Apr/2026:19:23:37 +0200] "HEAD /rhn/manager/download/fake-rpm-suse-channel/repodata/a33dca05c36f518e2e5e11bf27a2a18c1db5ce0fd39c946c9e071a70e5ba32caefa97fcd5afebd18b3c7a4033dda2283487d3cf84f0702957e0a77766f4ee2bb-updateinfo.xml.gz?eyJhbGciOiJIUzI1NiJ9.eyJqdGkiOiJFMXkteDFUMWEyU3dINE1xdW1TOXlRIiwiZXhwIjoxODA4MjQxNjExLCJpYXQiOjE3NzY3MDU2MTEsIm5iZiI6MTc3NjcwNTQ5MSwib3JnIjoxLCJvbmx5Q2hhbm5lbHMiOlsiZmFrZS1ycG0tc3VzZS1jaGFubmVsIl19.-J2ROKWyiwbq1ixT1HpoI5z-nNfSjuw7VyqtkLzTTQA HTTP/1.1" 200 -
172.16.3.7 - - [20/Apr/2026:19:23:38 +0200] "HEAD /rhn/manager/download/opensuse_tumbleweed-uyuni-client-devel-x86_64/repodata/repomd.xml?eyJhbGciOiJIUzI1NiJ9.eyJqdGkiOiI2LWI2WEJjRVJXSWN2ckVUNkcyU05BIiwiZXhwIjoxODA4MjQxNjExLCJpYXQiOjE3NzY3MDU2MTEsIm5iZiI6MTc3NjcwNTQ5MSwib3JnIjoxLCJvbmx5Q2hhbm5lbHMiOlsib3BlbnN1c2VfdHVtYmxld2VlZC11eXVuaS1jbGllbnQtZGV2ZWwteDg2XzY0Il19.smarHU82a6pLmo8aPcIq8-HQaaY4CxBeb4CZ-4RoRaU HTTP/1.1" 200 -
172.16.3.7 - - [20/Apr/2026:19:23:38 +0200] "HEAD /rhn/manager/download/opensuse_tumbleweed-uyuni-client-devel-x86_64/media.1/media?eyJhbGciOiJIUzI1NiJ9.eyJqdGkiOiI2LWI2WEJjRVJXSWN2ckVUNkcyU05BIiwiZXhwIjoxODA4MjQxNjExLCJpYXQiOjE3NzY3MDU2MTEsIm5iZiI6MTc3NjcwNTQ5MSwib3JnIjoxLCJvbmx5Q2hhbm5lbHMiOlsib3BlbnN1c2VfdHVtYmxld2VlZC11eXVuaS1jbGllbnQtZGV2ZWwteDg2XzY0Il19.smarHU82a6pLmo8aPcIq8-HQaaY4CxBeb4CZ-4RoRaU HTTP/1.1" 404 -
172.16.3.7 - - [20/Apr/2026:19:23:38 +0200] "HEAD /rhn/manager/download/opensuse_tumbleweed-uyuni-client-devel-x86_64/repodata/repomd.xml?eyJhbGciOiJIUzI1NiJ9.eyJqdGkiOiI2LWI2WEJjRVJXSWN2ckVUNkcyU05BIiwiZXhwIjoxODA4MjQxNjExLCJpYXQiOjE3NzY3MDU2MTEsIm5iZiI6MTc3NjcwNTQ5MSwib3JnIjoxLCJvbmx5Q2hhbm5lbHMiOlsib3BlbnN1c2VfdHVtYmxld2VlZC11eXVuaS1jbGllbnQtZGV2ZWwteDg2XzY0Il19.smarHU82a6pLmo8aPcIq8-HQaaY4CxBeb4CZ-4RoRaU HTTP/1.1" 200 -
172.16.3.7 - - [20/Apr/2026:19:23:38 +0200] "HEAD /rhn/manager/download/opensuse_tumbleweed-uyuni-client-devel-x86_64/repodata/repomd.xml.asc?eyJhbGciOiJIUzI1NiJ9.eyJqdGkiOiI2LWI2WEJjRVJXSWN2ckVUNkcyU05BIiwiZXhwIjoxODA4MjQxNjExLCJpYXQiOjE3NzY3MDU2MTEsIm5iZiI6MTc3NjcwNTQ5MSwib3JnIjoxLCJvbmx5Q2hhbm5lbHMiOlsib3BlbnN1c2VfdHVtYmxld2VlZC11eXVuaS1jbGllbnQtZGV2ZWwteDg2XzY0Il19.smarHU82a6pLmo8aPcIq8-HQaaY4CxBeb4CZ-4RoRaU HTTP/1.1" 404 -
172.16.3.7 - - [20/Apr/2026:19:23:38 +0200] "HEAD /rhn/manager/download/opensuse_tumbleweed-uyuni-client-devel-x86_64/repodata/1044de4de84941abe170de1713f48e10f249a94d12d224edb64cb5f9f20f6af057310317005d0573a600698dbd295fbe2cd33bb33f7ecd363d15509b9334f7b5-primary.xml.gz?eyJhbGciOiJIUzI1NiJ9.eyJqdGkiOiI2LWI2WEJjRVJXSWN2ckVUNkcyU05BIiwiZXhwIjoxODA4MjQxNjExLCJpYXQiOjE3NzY3MDU2MTEsIm5iZiI6MTc3NjcwNTQ5MSwib3JnIjoxLCJvbmx5Q2hhbm5lbHMiOlsib3BlbnN1c2VfdHVtYmxld2VlZC11eXVuaS1jbGllbnQtZGV2ZWwteDg2XzY0Il19.smarHU82a6pLmo8aPcIq8-HQaaY4CxBeb4CZ-4RoRaU HTTP/1.1" 200 -
172.16.3.7 - - [20/Apr/2026:19:23:38 +0200] "HEAD /rhn/manager/download/opensuse_tumbleweed-uyuni-client-devel-x86_64/repodata/720db58c9b64176900d20f1ec5e085d98a676f5075351af10d82045ab58cc0ec48710d98e7b076cb48e45770f36621326b7f0a3da3978f80d7389c43296912b3-susedata.xml.gz?eyJhbGciOiJIUzI1NiJ9.eyJqdGkiOiI2LWI2WEJjRVJXSWN2ckVUNkcyU05BIiwiZXhwIjoxODA4MjQxNjExLCJpYXQiOjE3NzY3MDU2MTEsIm5iZiI6MTc3NjcwNTQ5MSwib3JnIjoxLCJvbmx5Q2hhbm5lbHMiOlsib3BlbnN1c2VfdHVtYmxld2VlZC11eXVuaS1jbGllbnQtZGV2ZWwteDg2XzY0Il19.smarHU82a6pLmo8aPcIq8-HQaaY4CxBeb4CZ-4RoRaU HTTP/1.1" 200 -
172.16.3.7 - - [20/Apr/2026:19:23:38 +0200] "HEAD /rhn/manager/download/opensuse_tumbleweed-x86_64/repodata/repomd.xml?eyJhbGciOiJIUzI1NiJ9.eyJqdGkiOiJWbDV6bnBNdFRHLUhEc3VzbjlRaEtBIiwiZXhwIjoxODA4MjQxNjExLCJpYXQiOjE3NzY3MDU2MTEsIm5iZiI6MTc3NjcwNTQ5MSwib3JnIjoxLCJvbmx5Q2hhbm5lbHMiOlsib3BlbnN1c2VfdHVtYmxld2VlZC14ODZfNjQiXX0.X5D1LU0LxfYVHH0b409DYx61WIOVCWcvJ4ftFbGNY-A HTTP/1.1" 200 -
172.16.3.7 - - [20/Apr/2026:19:23:38 +0200] "HEAD /rhn/manager/download/opensuse_tumbleweed-x86_64/media.1/media?eyJhbGciOiJIUzI1NiJ9.eyJqdGkiOiJWbDV6bnBNdFRHLUhEc3VzbjlRaEtBIiwiZXhwIjoxODA4MjQxNjExLCJpYXQiOjE3NzY3MDU2MTEsIm5iZiI6MTc3NjcwNTQ5MSwib3JnIjoxLCJvbmx5Q2hhbm5lbHMiOlsib3BlbnN1c2VfdHVtYmxld2VlZC14ODZfNjQiXX0.X5D1LU0LxfYVHH0b409DYx61WIOVCWcvJ4ftFbGNY-A HTTP/1.1" 404 -
172.16.3.7 - - [20/Apr/2026:19:23:38 +0200] "HEAD /rhn/manager/download/opensuse_tumbleweed-x86_64/repodata/repomd.xml?eyJhbGciOiJIUzI1NiJ9.eyJqdGkiOiJWbDV6bnBNdFRHLUhEc3VzbjlRaEtBIiwiZXhwIjoxODA4MjQxNjExLCJpYXQiOjE3NzY3MDU2MTEsIm5iZiI6MTc3NjcwNTQ5MSwib3JnIjoxLCJvbmx5Q2hhbm5lbHMiOlsib3BlbnN1c2VfdHVtYmxld2VlZC14ODZfNjQiXX0.X5D1LU0LxfYVHH0b409DYx61WIOVCWcvJ4ftFbGNY-A HTTP/1.1" 200 -
172.16.3.7 - - [20/Apr/2026:19:23:38 +0200] "HEAD /rhn/manager/download/opensuse_tumbleweed-x86_64/repodata/repomd.xml.asc?eyJhbGciOiJIUzI1NiJ9.eyJqdGkiOiJWbDV6bnBNdFRHLUhEc3VzbjlRaEtBIiwiZXhwIjoxODA4MjQxNjExLCJpYXQiOjE3NzY3MDU2MTEsIm5iZiI6MTc3NjcwNTQ5MSwib3JnIjoxLCJvbmx5Q2hhbm5lbHMiOlsib3BlbnN1c2VfdHVtYmxld2VlZC14ODZfNjQiXX0.X5D1LU0LxfYVHH0b409DYx61WIOVCWcvJ4ftFbGNY-A HTTP/1.1" 404 -
172.16.3.7 - - [20/Apr/2026:19:23:38 +0200] "HEAD /rhn/manager/download/opensuse_tumbleweed-x86_64/repodata/a3ba941ddf76a9c718da334ca6cc655baf883b0fd95b147dc372cca9c07239b59662f665a6f2aaaf4ee7046b5596a8dd4fbceb6678d5b2bc8289af53ba7b0df1-primary.xml.gz?eyJhbGciOiJIUzI1NiJ9.eyJqdGkiOiJWbDV6bnBNdFRHLUhEc3VzbjlRaEtBIiwiZXhwIjoxODA4MjQxNjExLCJpYXQiOjE3NzY3MDU2MTEsIm5iZiI6MTc3NjcwNTQ5MSwib3JnIjoxLCJvbmx5Q2hhbm5lbHMiOlsib3BlbnN1c2VfdHVtYmxld2VlZC14ODZfNjQiXX0.X5D1LU0LxfYVHH0b409DYx61WIOVCWcvJ4ftFbGNY-A HTTP/1.1" 200 -
172.16.3.7 - - [20/Apr/2026:19:23:38 +0200] "HEAD /rhn/manager/download/opensuse_tumbleweed-x86_64/repodata/408ce57e8a39aa873b263f868578d19518a40688eacdd7b0a2c07a5e8a01c5e39df8b80b8ff99d4473235c4ff57df1cd2d22188f28ca76ee957eff99c86baaa2-susedata.xml.gz?eyJhbGciOiJIUzI1NiJ9.eyJqdGkiOiJWbDV6bnBNdFRHLUhEc3VzbjlRaEtBIiwiZXhwIjoxODA4MjQxNjExLCJpYXQiOjE3NzY3MDU2MTEsIm5iZiI6MTc3NjcwNTQ5MSwib3JnIjoxLCJvbmx5Q2hhbm5lbHMiOlsib3BlbnN1c2VfdHVtYmxld2VlZC14ODZfNjQiXX0.X5D1LU0LxfYVHH0b409DYx61WIOVCWcvJ4ftFbGNY-A HTTP/1.1" 200 -
172.16.3.7 - - [20/Apr/2026:19:23:39 +0200] "HEAD /rhn/manager/download/fake-rpm-suse-channel/getPackage/1/19940cc4a9f0d38a038a4455b0f1cf1290c4a4296b27f5a62f4aae60585ac6e2677e88c3c3127d487116ed8d9b1787379e23aafac46bc14408864926bedee693/andromeda-dummy-2.0-1.1.noarch.rpm?eyJhbGciOiJIUzI1NiJ9.eyJqdGkiOiJFMXkteDFUMWEyU3dINE1xdW1TOXlRIiwiZXhwIjoxODA4MjQxNjExLCJpYXQiOjE3NzY3MDU2MTEsIm5iZiI6MTc3NjcwNTQ5MSwib3JnIjoxLCJvbmx5Q2hhbm5lbHMiOlsiZmFrZS1ycG0tc3VzZS1jaGFubmVsIl19.-J2ROKWyiwbq1ixT1HpoI5z-nNfSjuw7VyqtkLzTTQA HTTP/1.1" 200 -
172.16.3.7 - - [20/Apr/2026:19:23:39 +0200] "GET /rhn/manager/download/fake-rpm-suse-channel/getPackage/1/19940cc4a9f0d38a038a4455b0f1cf1290c4a4296b27f5a62f4aae60585ac6e2677e88c3c3127d487116ed8d9b1787379e23aafac46bc14408864926bedee693/andromeda-dummy-2.0-1.1.noarch.rpm?eyJhbGciOiJIUzI1NiJ9.eyJqdGkiOiJFMXkteDFUMWEyU3dINE1xdW1TOXlRIiwiZXhwIjoxODA4MjQxNjExLCJpYXQiOjE3NzY3MDU2MTEsIm5iZiI6MTc3NjcwNTQ5MSwib3JnIjoxLCJvbmx5Q2hhbm5lbHMiOlsiZmFrZS1ycG0tc3VzZS1jaGFubmVsIl19.-J2ROKWyiwbq1ixT1HpoI5z-nNfSjuw7VyqtkLzTTQA HTTP/1.1" 200 3664
::1 - - [20/Apr/2026:19:23:44 +0200] "GET /rhn/manager/login HTTP/1.1" 302 -
172.16.3.7 - - [20/Apr/2026:19:23:44 +0200] "HEAD /rhn/manager/download/devel-suse-channel/repodata/repomd.xml?eyJhbGciOiJIUzI1NiJ9.eyJqdGkiOiJkcTVuSzE0R2IyRVprNVVTelpWMDdnIiwiZXhwIjoxODA4MjQxNjExLCJpYXQiOjE3NzY3MDU2MTEsIm5iZiI6MTc3NjcwNTQ5MSwib3JnIjoxLCJvbmx5Q2hhbm5lbHMiOlsiZGV2ZWwtc3VzZS1jaGFubmVsIl19.3yBvJrRQ22_sZHydAG7Af0QlFiysPtpwf2Vk3ldkQj8 HTTP/1.1" 200 -
172.16.3.7 - - [20/Apr/2026:19:23:45 +0200] "HEAD /rhn/manager/download/fake-rpm-suse-channel/repodata/repomd.xml?eyJhbGciOiJIUzI1NiJ9.eyJqdGkiOiJFMXkteDFUMWEyU3dINE1xdW1TOXlRIiwiZXhwIjoxODA4MjQxNjExLCJpYXQiOjE3NzY3MDU2MTEsIm5iZiI6MTc3NjcwNTQ5MSwib3JnIjoxLCJvbmx5Q2hhbm5lbHMiOlsiZmFrZS1ycG0tc3VzZS1jaGFubmVsIl19.-J2ROKWyiwbq1ixT1HpoI5z-nNfSjuw7VyqtkLzTTQA HTTP/1.1" 200 -
172.16.3.7 - - [20/Apr/2026:19:23:45 +0200] "HEAD /rhn/manager/download/opensuse_tumbleweed-uyuni-client-devel-x86_64/repodata/repomd.xml?eyJhbGciOiJIUzI1NiJ9.eyJqdGkiOiI2LWI2WEJjRVJXSWN2ckVUNkcyU05BIiwiZXhwIjoxODA4MjQxNjExLCJpYXQiOjE3NzY3MDU2MTEsIm5iZiI6MTc3NjcwNTQ5MSwib3JnIjoxLCJvbmx5Q2hhbm5lbHMiOlsib3BlbnN1c2VfdHVtYmxld2VlZC11eXVuaS1jbGllbnQtZGV2ZWwteDg2XzY0Il19.smarHU82a6pLmo8aPcIq8-HQaaY4CxBeb4CZ-4RoRaU HTTP/1.1" 200 -
172.16.3.7 - - [20/Apr/2026:19:23:45 +0200] "HEAD /rhn/manager/download/opensuse_tumbleweed-x86_64/repodata/repomd.xml?eyJhbGciOiJIUzI1NiJ9.eyJqdGkiOiJWbDV6bnBNdFRHLUhEc3VzbjlRaEtBIiwiZXhwIjoxODA4MjQxNjExLCJpYXQiOjE3NzY3MDU2MTEsIm5iZiI6MTc3NjcwNTQ5MSwib3JnIjoxLCJvbmx5Q2hhbm5lbHMiOlsib3BlbnN1c2VfdHVtYmxld2VlZC14ODZfNjQiXX0.X5D1LU0LxfYVHH0b409DYx61WIOVCWcvJ4ftFbGNY-A HTTP/1.1" 200 -
::1 - - [20/Apr/2026:19:23:48 +0200] "POST /rhn/rpc/api HTTP/1.1" 200 137
::1 - - [20/Apr/2026:19:23:48 +0200] "POST /rhn/rpc/api HTTP/1.1" 200 204
::1 - - [20/Apr/2026:19:23:48 +0200] "POST /rhn/rpc/api HTTP/1.1" 200 138
::1 - - [20/Apr/2026:19:23:51 +0200] "POST /rhn/rpc/api HTTP/1.1" 200 137
::1 - - [20/Apr/2026:19:23:51 +0200] "POST /rhn/rpc/api HTTP/1.1" 200 204
::1 - - [20/Apr/2026:19:23:51 +0200] "POST /rhn/rpc/api HTTP/1.1" 200 138
::1 - - [20/Apr/2026:19:23:51 +0200] "POST /rhn/rpc/api HTTP/1.1" 200 2674
::1 - - [20/Apr/2026:19:23:51 +0200] "POST /rhn/rpc/api HTTP/1.1" 200 130
::1 - - [20/Apr/2026:19:23:54 +0200] "POST /rhn/rpc/api HTTP/1.1" 200 137
::1 - - [20/Apr/2026:19:23:54 +0200] "POST /rhn/rpc/api HTTP/1.1" 200 204
::1 - - [20/Apr/2026:19:23:54 +0200] "POST /rhn/rpc/api HTTP/1.1" 200 138
::1 - - [20/Apr/2026:19:23:58 +0200] "GET /rhn/manager/login HTTP/1.1" 302 -
::1 - - [20/Apr/2026:19:23:59 +0200] "POST /rhn/rpc/api HTTP/1.1" 200 137
::1 - - [20/Apr/2026:19:23:59 +0200] "POST /rhn/rpc/api HTTP/1.1" 200 204
::1 - - [20/Apr/2026:19:23:59 +0200] "POST /rhn/rpc/api HTTP/1.1" 200 138
::1 - - [20/Apr/2026:19:23:59 +0200] "POST /rhn/rpc/api HTTP/1.1" 200 146
::1 - - [20/Apr/2026:19:23:59 +0200] "POST /rhn/rpc/api HTTP/1.1" 200 19874
::1 - - [20/Apr/2026:19:23:59 +0200] "POST /rhn/rpc/api HTTP/1.1" 200 146
::1 - - [20/Apr/2026:19:24:02 +0200] "POST /rhn/rpc/api HTTP/1.1" 200 137
::1 - - [20/Apr/2026:19:24:02 +0200] "POST /rhn/rpc/api HTTP/1.1" 200 204
::1 - - [20/Apr/2026:19:24:02 +0200] "POST /rhn/rpc/api HTTP/1.1" 200 138
::1 - - [20/Apr/2026:19:24:02 +0200] "POST /rhn/rpc/api HTTP/1.1" 200 146
::1 - - [20/Apr/2026:19:24:02 +0200] "POST /rhn/rpc/api HTTP/1.1" 200 19874
::1 - - [20/Apr/2026:19:24:02 +0200] "POST /rhn/rpc/api HTTP/1.1" 200 146
172.16.3.7 - - [20/Apr/2026:19:24:06 +0200] "HEAD /rhn/manager/download/devel-suse-channel/repodata/repomd.xml?eyJhbGciOiJIUzI1NiJ9.eyJqdGkiOiJkcTVuSzE0R2IyRVprNVVTelpWMDdnIiwiZXhwIjoxODA4MjQxNjExLCJpYXQiOjE3NzY3MDU2MTEsIm5iZiI6MTc3NjcwNTQ5MSwib3JnIjoxLCJvbmx5Q2hhbm5lbHMiOlsiZGV2ZWwtc3VzZS1jaGFubmVsIl19.3yBvJrRQ22_sZHydAG7Af0QlFiysPtpwf2Vk3ldkQj8 HTTP/1.1" 200 -
172.16.3.7 - - [20/Apr/2026:19:24:06 +0200] "HEAD /rhn/manager/download/fake-rpm-suse-channel/repodata/repomd.xml?eyJhbGciOiJIUzI1NiJ9.eyJqdGkiOiJFMXkteDFUMWEyU3dINE1xdW1TOXlRIiwiZXhwIjoxODA4MjQxNjExLCJpYXQiOjE3NzY3MDU2MTEsIm5iZiI6MTc3NjcwNTQ5MSwib3JnIjoxLCJvbmx5Q2hhbm5lbHMiOlsiZmFrZS1ycG0tc3VzZS1jaGFubmVsIl19.-J2ROKWyiwbq1ixT1HpoI5z-nNfSjuw7VyqtkLzTTQA HTTP/1.1" 200 -
172.16.3.7 - - [20/Apr/2026:19:24:06 +0200] "HEAD /rhn/manager/download/opensuse_tumbleweed-uyuni-client-devel-x86_64/repodata/repomd.xml?eyJhbGciOiJIUzI1NiJ9.eyJqdGkiOiI2LWI2WEJjRVJXSWN2ckVUNkcyU05BIiwiZXhwIjoxODA4MjQxNjExLCJpYXQiOjE3NzY3MDU2MTEsIm5iZiI6MTc3NjcwNTQ5MSwib3JnIjoxLCJvbmx5Q2hhbm5lbHMiOlsib3BlbnN1c2VfdHVtYmxld2VlZC11eXVuaS1jbGllbnQtZGV2ZWwteDg2XzY0Il19.smarHU82a6pLmo8aPcIq8-HQaaY4CxBeb4CZ-4RoRaU HTTP/1.1" 200 -
172.16.3.7 - - [20/Apr/2026:19:24:06 +0200] "HEAD /rhn/manager/download/opensuse_tumbleweed-x86_64/repodata/repomd.xml?eyJhbGciOiJIUzI1NiJ9.eyJqdGkiOiJWbDV6bnBNdFRHLUhEc3VzbjlRaEtBIiwiZXhwIjoxODA4MjQxNjExLCJpYXQiOjE3NzY3MDU2MTEsIm5iZiI6MTc3NjcwNTQ5MSwib3JnIjoxLCJvbmx5Q2hhbm5lbHMiOlsib3BlbnN1c2VfdHVtYmxld2VlZC14ODZfNjQiXX0.X5D1LU0LxfYVHH0b409DYx61WIOVCWcvJ4ftFbGNY-A HTTP/1.1" 200 -
::1 - - [20/Apr/2026:19:24:09 +0200] "POST /rhn/rpc/api HTTP/1.1" 200 137
::1 - - [20/Apr/2026:19:24:09 +0200] "POST /rhn/rpc/api HTTP/1.1" 200 204
::1 - - [20/Apr/2026:19:24:09 +0200] "POST /rhn/rpc/api HTTP/1.1" 200 138
::1 - - [20/Apr/2026:19:24:13 +0200] "POST /rhn/rpc/api HTTP/1.1" 200 137
::1 - - [20/Apr/2026:19:24:13 +0200] "POST /rhn/rpc/api HTTP/1.1" 200 204
::1 - - [20/Apr/2026:19:24:14 +0200] "POST /rhn/rpc/api HTTP/1.1" 200 138
::1 - - [20/Apr/2026:19:24:14 +0200] "GET /rhn/manager/login HTTP/1.1" 302 -
::1 - - [20/Apr/2026:19:24:14 +0200] "POST /rhn/rpc/api HTTP/1.1" 200 2674
::1 - - [20/Apr/2026:19:24:14 +0200] "POST /rhn/rpc/api HTTP/1.1" 200 130
::1 - - [20/Apr/2026:19:24:17 +0200] "POST /rhn/rpc/api HTTP/1.1" 200 137
::1 - - [20/Apr/2026:19:24:17 +0200] "POST /rhn/rpc/api HTTP/1.1" 200 204
::1 - - [20/Apr/2026:19:24:17 +0200] "POST /rhn/rpc/api HTTP/1.1" 200 138
::1 - - [20/Apr/2026:19:24:20 +0200] "POST /rhn/rpc/api HTTP/1.1" 200 137
::1 - - [20/Apr/2026:19:24:21 +0200] "POST /rhn/rpc/api HTTP/1.1" 200 204
::1 - - [20/Apr/2026:19:24:21 +0200] "POST /rhn/rpc/api HTTP/1.1" 200 138
::1 - - [20/Apr/2026:19:24:21 +0200] "POST /rhn/rpc/api HTTP/1.1" 200 146
::1 - - [20/Apr/2026:19:24:21 +0200] "POST /rhn/rpc/api HTTP/1.1" 200 21171
::1 - - [20/Apr/2026:19:24:21 +0200] "POST /rhn/rpc/api HTTP/1.1" 200 146
::1 - - [20/Apr/2026:19:24:24 +0200] "POST /rhn/rpc/api HTTP/1.1" 200 137
::1 - - [20/Apr/2026:19:24:24 +0200] "POST /rhn/rpc/api HTTP/1.1" 200 204
::1 - - [20/Apr/2026:19:24:24 +0200] "POST /rhn/rpc/api HTTP/1.1" 200 138
::1 - - [20/Apr/2026:19:24:24 +0200] "POST /rhn/rpc/api HTTP/1.1" 200 146
::1 - - [20/Apr/2026:19:24:24 +0200] "POST /rhn/rpc/api HTTP/1.1" 200 21171
::1 - - [20/Apr/2026:19:24:24 +0200] "POST /rhn/rpc/api HTTP/1.1" 200 146
172.16.3.5 - - [20/Apr/2026:19:24:25 +0200] "POST /rhn/manager/api/auth/login HTTP/1.1" 200 16
::1 - - [20/Apr/2026:19:24:29 +0200] "GET /rhn/manager/login HTTP/1.1" 302 -
172.16.3.5 - - [20/Apr/2026:19:24:29 +0200] "GET /rhn/manager/api/user/listUsers HTTP/1.1" 200 3856
172.16.3.5 - - [20/Apr/2026:19:24:29 +0200] "GET /rhn/manager/api/auth/logout HTTP/1.1" 200 16
172.16.3.5 - - [20/Apr/2026:19:24:30 +0200] "POST /rhn/manager/api/auth/login HTTP/1.1" 200 16
172.16.3.5 - - [20/Apr/2026:19:24:31 +0200] "POST /rhn/manager/api/user/create HTTP/1.1" 200 27
172.16.3.5 - - [20/Apr/2026:19:24:31 +0200] "GET /rhn/manager/api/auth/logout HTTP/1.1" 200 16
172.16.3.5 - - [20/Apr/2026:19:24:31 +0200] "POST /rhn/manager/api/auth/login HTTP/1.1" 200 16
172.16.3.5 - - [20/Apr/2026:19:24:31 +0200] "POST /rhn/manager/api/user/addRole HTTP/1.1" 200 27
172.16.3.5 - - [20/Apr/2026:19:24:31 +0200] "GET /rhn/manager/api/auth/logout HTTP/1.1" 200 16
172.16.3.5 - - [20/Apr/2026:19:24:31 +0200] "POST /rhn/manager/api/auth/login HTTP/1.1" 200 16
172.16.3.5 - - [20/Apr/2026:19:24:32 +0200] "POST /rhn/manager/api/user/addRole HTTP/1.1" 200 27
172.16.3.5 - - [20/Apr/2026:19:24:32 +0200] "GET /rhn/manager/api/auth/logout HTTP/1.1" 200 16
172.16.3.5 - - [20/Apr/2026:19:24:32 +0200] "POST /rhn/manager/api/auth/login HTTP/1.1" 200 16
172.16.3.5 - - [20/Apr/2026:19:24:32 +0200] "POST /rhn/manager/api/user/addRole HTTP/1.1" 200 27
172.16.3.5 - - [20/Apr/2026:19:24:32 +0200] "GET /rhn/manager/api/auth/logout HTTP/1.1" 200 16
172.16.3.5 - - [20/Apr/2026:19:24:33 +0200] "POST /rhn/manager/api/auth/login HTTP/1.1" 200 16
172.16.3.5 - - [20/Apr/2026:19:24:33 +0200] "POST /rhn/manager/api/user/addRole HTTP/1.1" 200 27
172.16.3.5 - - [20/Apr/2026:19:24:33 +0200] "GET /rhn/manager/api/auth/logout HTTP/1.1" 200 16
172.16.3.5 - - [20/Apr/2026:19:24:33 +0200] "POST /rhn/manager/api/auth/login HTTP/1.1" 200 16
172.16.3.5 - - [20/Apr/2026:19:24:33 +0200] "POST /rhn/manager/api/user/addRole HTTP/1.1" 200 27
172.16.3.5 - - [20/Apr/2026:19:24:33 +0200] "GET /rhn/manager/api/auth/logout HTTP/1.1" 200 16
172.16.3.5 - - [20/Apr/2026:19:24:33 +0200] "POST /rhn/manager/api/auth/login HTTP/1.1" 200 16
172.16.3.5 - - [20/Apr/2026:19:24:34 +0200] "POST /rhn/manager/api/user/addRole HTTP/1.1" 200 27
172.16.3.5 - - [20/Apr/2026:19:24:34 +0200] "GET /rhn/manager/api/auth/logout HTTP/1.1" 200 16
172.16.3.7 - - [20/Apr/2026:19:24:36 +0200] "HEAD /rhn/manager/download/devel-suse-channel/getPackage/1/e1a0332d8e31e8aea35030c33da20bacd4f356326048bebc563f2536b19ad87bbb32fc602982ea5aa5c852b554e99b1bba40f91ac6c9c9ed2d3a803d6e8797fc/virgo-dummy-1.0-1.2.noarch.rpm?eyJhbGciOiJIUzI1NiJ9.eyJqdGkiOiJkcTVuSzE0R2IyRVprNVVTelpWMDdnIiwiZXhwIjoxODA4MjQxNjExLCJpYXQiOjE3NzY3MDU2MTEsIm5iZiI6MTc3NjcwNTQ5MSwib3JnIjoxLCJvbmx5Q2hhbm5lbHMiOlsiZGV2ZWwtc3VzZS1jaGFubmVsIl19.3yBvJrRQ22_sZHydAG7Af0QlFiysPtpwf2Vk3ldkQj8 HTTP/1.1" 200 -
172.16.3.7 - - [20/Apr/2026:19:24:36 +0200] "GET /rhn/manager/download/devel-suse-channel/getPackage/1/e1a0332d8e31e8aea35030c33da20bacd4f356326048bebc563f2536b19ad87bbb32fc602982ea5aa5c852b554e99b1bba40f91ac6c9c9ed2d3a803d6e8797fc/virgo-dummy-1.0-1.2.noarch.rpm?eyJhbGciOiJIUzI1NiJ9.eyJqdGkiOiJkcTVuSzE0R2IyRVprNVVTelpWMDdnIiwiZXhwIjoxODA4MjQxNjExLCJpYXQiOjE3NzY3MDU2MTEsIm5iZiI6MTc3NjcwNTQ5MSwib3JnIjoxLCJvbmx5Q2hhbm5lbHMiOlsiZGV2ZWwtc3VzZS1jaGFubmVsIl19.3yBvJrRQ22_sZHydAG7Af0QlFiysPtpwf2Vk3ldkQj8 HTTP/1.1" 200 3664
::1 - - [20/Apr/2026:19:24:40 +0200] "POST /rhn/rpc/api HTTP/1.1" 200 137
::1 - - [20/Apr/2026:19:24:40 +0200] "POST /rhn/rpc/api HTTP/1.1" 200 204
::1 - - [20/Apr/2026:19:24:40 +0200] "POST /rhn/rpc/api HTTP/1.1" 200 138
::1 - - [20/Apr/2026:19:24:45 +0200] "GET /rhn/manager/login HTTP/1.1" 302 -
::1 - - [20/Apr/2026:19:24:45 +0200] "POST /rhn/rpc/api HTTP/1.1" 200 137
::1 - - [20/Apr/2026:19:24:45 +0200] "POST /rhn/rpc/api HTTP/1.1" 200 204
::1 - - [20/Apr/2026:19:24:45 +0200] "POST /rhn/rpc/api HTTP/1.1" 200 138
::1 - - [20/Apr/2026:19:24:45 +0200] "POST /rhn/rpc/api HTTP/1.1" 200 2674
::1 - - [20/Apr/2026:19:24:46 +0200] "POST /rhn/rpc/api HTTP/1.1" 200 130
::1 - - [20/Apr/2026:19:24:49 +0200] "POST /rhn/rpc/api HTTP/1.1" 200 137
::1 - - [20/Apr/2026:19:24:49 +0200] "POST /rhn/rpc/api HTTP/1.1" 200 204
::1 - - [20/Apr/2026:19:24:49 +0200] "POST /rhn/rpc/api HTTP/1.1" 200 138
::1 - - [20/Apr/2026:19:24:52 +0200] "POST /rhn/rpc/api HTTP/1.1" 200 137
::1 - - [20/Apr/2026:19:24:52 +0200] "POST /rhn/rpc/api HTTP/1.1" 200 204
::1 - - [20/Apr/2026:19:24:52 +0200] "POST /rhn/rpc/api HTTP/1.1" 200 138
::1 - - [20/Apr/2026:19:24:52 +0200] "POST /rhn/rpc/api HTTP/1.1" 200 146
::1 - - [20/Apr/2026:19:24:52 +0200] "POST /rhn/rpc/api HTTP/1.1" 200 22468
::1 - - [20/Apr/2026:19:24:53 +0200] "POST /rhn/rpc/api HTTP/1.1" 200 146
::1 - - [20/Apr/2026:19:24:55 +0200] "POST /rhn/rpc/api HTTP/1.1" 200 137
::1 - - [20/Apr/2026:19:24:55 +0200] "POST /rhn/rpc/api HTTP/1.1" 200 204
::1 - - [20/Apr/2026:19:24:55 +0200] "POST /rhn/rpc/api HTTP/1.1" 200 138
::1 - - [20/Apr/2026:19:24:56 +0200] "POST /rhn/rpc/api HTTP/1.1" 200 146
::1 - - [20/Apr/2026:19:24:56 +0200] "POST /rhn/rpc/api HTTP/1.1" 200 22468
::1 - - [20/Apr/2026:19:24:56 +0200] "POST /rhn/rpc/api HTTP/1.1" 200 146
::1 - - [20/Apr/2026:19:25:00 +0200] "GET /rhn/manager/login HTTP/1.1" 302 -
::1 - - [20/Apr/2026:19:25:01 +0200] "POST /rhn/rpc/api HTTP/1.1" 200 137
::1 - - [20/Apr/2026:19:25:01 +0200] "POST /rhn/rpc/api HTTP/1.1" 200 204
::1 - - [20/Apr/2026:19:25:01 +0200] "POST /rhn/rpc/api HTTP/1.1" 200 138
::1 - - [20/Apr/2026:19:25:04 +0200] "POST /rhn/rpc/api HTTP/1.1" 200 137
::1 - - [20/Apr/2026:19:25:04 +0200] "POST /rhn/rpc/api HTTP/1.1" 200 204
::1 - - [20/Apr/2026:19:25:04 +0200] "POST /rhn/rpc/api HTTP/1.1" 200 138
::1 - - [20/Apr/2026:19:25:04 +0200] "POST /rhn/rpc/api HTTP/1.1" 200 2674
::1 - - [20/Apr/2026:19:25:04 +0200] "POST /rhn/rpc/api HTTP/1.1" 200 476777
172.16.3.5 - - [20/Apr/2026:19:25:05 +0200] "GET /rhn/manager/login HTTP/1.1" 302 -
172.16.3.5 - - [20/Apr/2026:19:25:05 +0200] "GET /rhn/YourRhn.do HTTP/1.1" 200 38967
172.16.3.5 - - [20/Apr/2026:19:25:05 +0200] "POST /rhn/manager/frontend-log HTTP/1.1" 200 16
172.16.3.5 - - [20/Apr/2026:19:25:05 +0200] "POST /rhn/ajax/critical-systems HTTP/1.1" 200 5132
127.0.0.1 - - [20/Apr/2026:19:25:05 +0200] "GET /rhn/websocket/notifications HTTP/1.1" 101 -
172.16.3.5 - - [20/Apr/2026:19:25:05 +0200] "POST /rhn/ajax/pending-actions HTTP/1.1" 200 4576
172.16.3.5 - - [20/Apr/2026:19:25:05 +0200] "POST /rhn/ajax/subscription-warning HTTP/1.1" 200 -
172.16.3.5 - - [20/Apr/2026:19:25:05 +0200] "POST /rhn/ajax/inactive-systems HTTP/1.1" 200 540
172.16.3.5 - - [20/Apr/2026:19:25:05 +0200] "POST /rhn/ajax/latest-errata HTTP/1.1" 200 6802
172.16.3.5 - - [20/Apr/2026:19:25:05 +0200] "POST /rhn/ajax/disk-check-warning HTTP/1.1" 200 -
172.16.3.5 - - [20/Apr/2026:19:25:05 +0200] "POST /rhn/ajax/tasks HTTP/1.1" 200 2232
172.16.3.5 - - [20/Apr/2026:19:25:05 +0200] "POST /rhn/ajax/systems-groups HTTP/1.1" 200 1491
172.16.3.5 - - [20/Apr/2026:19:25:06 +0200] "POST /rhn/manager/frontend-log HTTP/1.1" 200 16
172.16.3.5 - - [20/Apr/2026:19:25:06 +0200] "POST /rhn/ajax/recent-systems HTTP/1.1" 200 8505
172.16.3.5 - - [20/Apr/2026:19:25:06 +0200] "GET /rhn/admin/SatSchedules.do HTTP/1.1" 200 66170
127.0.0.1 - - [20/Apr/2026:19:25:06 +0200] "GET /rhn/websocket/notifications HTTP/1.1" 101 -
172.16.3.5 - - [20/Apr/2026:19:25:06 +0200] "POST /rhn/manager/frontend-log HTTP/1.1" 200 16
172.16.3.5 - - [20/Apr/2026:19:25:07 +0200] "GET /rhn/admin/ScheduleDetail.do?schid=4 HTTP/1.1" 200 47829
127.0.0.1 - - [20/Apr/2026:19:25:07 +0200] "GET /rhn/websocket/notifications HTTP/1.1" 101 -
172.16.3.5 - - [20/Apr/2026:19:25:07 +0200] "POST /rhn/manager/frontend-log HTTP/1.1" 200 16
172.16.3.5 - - [20/Apr/2026:19:25:07 +0200] "GET /rhn/admin/BunchDetail.do?label=errata-cache-bunch HTTP/1.1" 200 117606
172.16.3.5 - - [20/Apr/2026:19:25:07 +0200] "POST /rhn/manager/frontend-log HTTP/1.1" 200 16
127.0.0.1 - - [20/Apr/2026:19:25:07 +0200] "GET /rhn/websocket/notifications HTTP/1.1" 101 -
172.16.3.5 - - [20/Apr/2026:19:25:09 +0200] "POST /rhn/admin/BunchDetail.do?label=errata-cache-bunch HTTP/1.1" 200 117765
172.16.3.5 - - [20/Apr/2026:19:25:09 +0200] "POST /rhn/manager/frontend-log HTTP/1.1" 200 16
127.0.0.1 - - [20/Apr/2026:19:25:09 +0200] "GET /rhn/websocket/notifications HTTP/1.1" 101 -
172.16.3.5 - - [20/Apr/2026:19:25:10 +0200] "GET /rhn/admin/BunchDetail.do?label=errata-cache-bunch HTTP/1.1" 200 117684
172.16.3.5 - - [20/Apr/2026:19:25:10 +0200] "POST /rhn/manager/frontend-log HTTP/1.1" 200 16
127.0.0.1 - - [20/Apr/2026:19:25:10 +0200] "GET /rhn/websocket/notifications HTTP/1.1" 101 -
127.0.0.1 - - [20/Apr/2026:19:25:10 +0200] "GET /rhn/websocket/notifications HTTP/1.1" 101 -
172.16.3.5 - - [20/Apr/2026:19:25:10 +0200] "POST /rhn/manager/frontend-log HTTP/1.1" 200 16
172.16.3.5 - - [20/Apr/2026:19:25:11 +0200] "GET /rhn/admin/multiorg/Organizations.do HTTP/1.1" 200 40429
127.0.0.1 - - [20/Apr/2026:19:25:12 +0200] "GET /rhn/websocket/notifications HTTP/1.1" 101 -
172.16.3.5 - - [20/Apr/2026:19:25:12 +0200] "GET /rhn/multiorg/OrgConfigDetails.do HTTP/1.1" 200 40478
172.16.3.5 - - [20/Apr/2026:19:25:12 +0200] "POST /rhn/manager/frontend-log HTTP/1.1" 200 16
172.16.3.5 - - [20/Apr/2026:19:25:12 +0200] "POST /rhn/manager/frontend-log HTTP/1.1" 200 16
172.16.3.5 - - [20/Apr/2026:19:25:12 +0200] "GET /rhn/multiorg/OrgConfigDetails.do HTTP/1.1" 200 40478
127.0.0.1 - - [20/Apr/2026:19:25:12 +0200] "GET /rhn/websocket/notifications HTTP/1.1" 101 -
172.16.3.5 - - [20/Apr/2026:19:25:12 +0200] "POST /rhn/manager/frontend-log HTTP/1.1" 200 16
172.16.3.5 - - [20/Apr/2026:19:25:12 +0200] "POST /rhn/multiorg/OrgConfigDetails.do HTTP/1.1" 302 -
127.0.0.1 - - [20/Apr/2026:19:25:12 +0200] "GET /rhn/websocket/notifications HTTP/1.1" 101 -
172.16.3.5 - - [20/Apr/2026:19:25:13 +0200] "GET /rhn/multiorg/OrgConfigDetails.do?oid=1 HTTP/1.1" 200 40648
172.16.3.5 - - [20/Apr/2026:19:25:13 +0200] "POST /rhn/manager/frontend-log HTTP/1.1" 200 16
127.0.0.1 - - [20/Apr/2026:19:25:13 +0200] "GET /rhn/websocket/notifications HTTP/1.1" 101 -
127.0.0.1 - - [20/Apr/2026:19:25:13 +0200] "GET /rhn/websocket/notifications HTTP/1.1" 101 -
172.16.3.5 - - [20/Apr/2026:19:25:13 +0200] "POST /rhn/manager/api/auth/login HTTP/1.1" 200 16
172.16.3.5 - - [20/Apr/2026:19:25:13 +0200] "POST /rhn/manager/frontend-log HTTP/1.1" 200 16
172.16.3.5 - - [20/Apr/2026:19:25:13 +0200] "POST /rhn/manager/api/system/searchByName HTTP/1.1" 200 163
172.16.3.5 - - [20/Apr/2026:19:25:13 +0200] "GET /rhn/manager/api/auth/logout HTTP/1.1" 200 16
172.16.3.5 - - [20/Apr/2026:19:25:14 +0200] "GET /rhn/systems/details/Overview.do?sid=1000010018 HTTP/1.1" 200 46995
172.16.3.5 - - [20/Apr/2026:19:25:14 +0200] "POST /rhn/manager/frontend-log HTTP/1.1" 200 16
172.16.3.5 - - [20/Apr/2026:19:25:14 +0200] "POST /rhn/manager/frontend-log HTTP/1.1" 200 16
127.0.0.1 - - [20/Apr/2026:19:25:14 +0200] "GET /rhn/websocket/notifications HTTP/1.1" 101 -
172.16.3.5 - - [20/Apr/2026:19:25:14 +0200] "GET /rhn/systems/details/packages/Packages.do?sid=1000010018& HTTP/1.1" 200 40894
127.0.0.1 - - [20/Apr/2026:19:25:15 +0200] "GET /rhn/websocket/notifications HTTP/1.1" 101 -
172.16.3.5 - - [20/Apr/2026:19:25:15 +0200] "POST /rhn/manager/frontend-log HTTP/1.1" 200 16
172.16.3.5 - - [20/Apr/2026:19:25:15 +0200] "GET /rhn/systems/details/packages/Packages.do?sid=1000010018& HTTP/1.1" 200 40894
127.0.0.1 - - [20/Apr/2026:19:25:15 +0200] "GET /rhn/websocket/notifications HTTP/1.1" 101 -
172.16.3.5 - - [20/Apr/2026:19:25:15 +0200] "POST /rhn/manager/frontend-log HTTP/1.1" 200 16
172.16.3.5 - - [20/Apr/2026:19:25:16 +0200] "GET /rhn/systems/details/packages/InstallPackages.do?sid=1000010018& HTTP/1.1" 200 149199
127.0.0.1 - - [20/Apr/2026:19:25:16 +0200] "GET /rhn/websocket/notifications HTTP/1.1" 101 -
172.16.3.5 - - [20/Apr/2026:19:25:16 +0200] "POST /rhn/manager/frontend-log HTTP/1.1" 200 16
::1 - - [20/Apr/2026:19:25:16 +0200] "GET /rhn/manager/login HTTP/1.1" 302 -
172.16.3.5 - - [20/Apr/2026:19:25:16 +0200] "POST /rhn/systems/details/packages/InstallPackages.do?sid=1000010018 HTTP/1.1" 200 47861
172.16.3.5 - - [20/Apr/2026:19:25:17 +0200] "POST /rhn/manager/frontend-log HTTP/1.1" 200 16
127.0.0.1 - - [20/Apr/2026:19:25:17 +0200] "GET /rhn/websocket/notifications HTTP/1.1" 101 -
172.16.3.5 - - [20/Apr/2026:19:25:17 +0200] "POST /rhn/ajax/item-selector HTTP/1.1" 200 35
172.16.3.5 - - [20/Apr/2026:19:25:17 +0200] "POST /rhn/systems/details/packages/InstallPackages.do?sid=1000010018 HTTP/1.1" 302 -
172.16.3.5 - - [20/Apr/2026:19:25:17 +0200] "GET /rhn/systems/details/packages/InstallConfirm.do?sid=1000010018 HTTP/1.1" 200 45859
127.0.0.1 - - [20/Apr/2026:19:25:17 +0200] "GET /rhn/websocket/notifications HTTP/1.1" 101 -
172.16.3.5 - - [20/Apr/2026:19:25:17 +0200] "POST /rhn/manager/frontend-log HTTP/1.1" 200 16
172.16.3.5 - - [20/Apr/2026:19:25:18 +0200] "POST /rhn/systems/details/packages/InstallConfirm.do?sid=1000010018 HTTP/1.1" 302 -
172.16.3.5 - - [20/Apr/2026:19:25:18 +0200] "GET /rhn/systems/details/packages/Packages.do?date_hour=7&date_year=2026&schedule_type=date&date_month=3&date_day=20&date_minute=28&date_am_pm=1&sid=1000010018 HTTP/1.1" 200 41161
127.0.0.1 - - [20/Apr/2026:19:25:18 +0200] "GET /rhn/websocket/notifications HTTP/1.1" 101 -
172.16.3.5 - - [20/Apr/2026:19:25:18 +0200] "POST /rhn/manager/frontend-log HTTP/1.1" 200 16
::1 - - [20/Apr/2026:19:25:30 +0200] "GET /rhn/manager/login HTTP/1.1" 302 -
::1 - - [20/Apr/2026:19:25:45 +0200] "GET /rhn/manager/login HTTP/1.1" 302 -
::1 - - [20/Apr/2026:19:26:01 +0200] "GET /rhn/manager/login HTTP/1.1" 302 -
::1 - - [20/Apr/2026:19:26:16 +0200] "GET /rhn/manager/login HTTP/1.1" 302 -
::1 - - [20/Apr/2026:19:26:31 +0200] "GET /rhn/manager/login HTTP/1.1" 302 -
::1 - - [20/Apr/2026:19:26:46 +0200] "GET /rhn/manager/login HTTP/1.1" 302 -
172.16.3.7 - - [20/Apr/2026:19:26:50 +0200] "HEAD /rhn/manager/download/fake-rpm-suse-channel/getPackage/1/8311961f80516b5e037bc09f7e45537cdcc946c764124dbd7ec6a1d62351b9640571913265e6966657aff1bd3e5f4c657b6509357c3e1e573b01f043facf59b9/orion-dummy-1.1-1.1.x86_64.rpm?eyJhbGciOiJIUzI1NiJ9.eyJqdGkiOiJFMXkteDFUMWEyU3dINE1xdW1TOXlRIiwiZXhwIjoxODA4MjQxNjExLCJpYXQiOjE3NzY3MDU2MTEsIm5iZiI6MTc3NjcwNTQ5MSwib3JnIjoxLCJvbmx5Q2hhbm5lbHMiOlsiZmFrZS1ycG0tc3VzZS1jaGFubmVsIl19.-J2ROKWyiwbq1ixT1HpoI5z-nNfSjuw7VyqtkLzTTQA HTTP/1.1" 200 -
::1 - - [20/Apr/2026:19:27:00 +0200] "GET /rhn/manager/login HTTP/1.1" 302 -
::1 - - [20/Apr/2026:19:27:15 +0200] "GET /rhn/manager/login HTTP/1.1" 302 -
::1 - - [20/Apr/2026:19:27:31 +0200] "GET /rhn/manager/login HTTP/1.1" 302 -
::1 - - [20/Apr/2026:19:27:46 +0200] "GET /rhn/manager/login HTTP/1.1" 302 -
::1 - - [20/Apr/2026:19:28:01 +0200] "GET /rhn/manager/login HTTP/1.1" 302 -
172.16.3.7 - - [20/Apr/2026:19:28:05 +0200] "HEAD /rhn/manager/download/devel-suse-channel/repodata/repomd.xml?eyJhbGciOiJIUzI1NiJ9.eyJqdGkiOiJkcTVuSzE0R2IyRVprNVVTelpWMDdnIiwiZXhwIjoxODA4MjQxNjExLCJpYXQiOjE3NzY3MDU2MTEsIm5iZiI6MTc3NjcwNTQ5MSwib3JnIjoxLCJvbmx5Q2hhbm5lbHMiOlsiZGV2ZWwtc3VzZS1jaGFubmVsIl19.3yBvJrRQ22_sZHydAG7Af0QlFiysPtpwf2Vk3ldkQj8 HTTP/1.1" 200 -
172.16.3.7 - - [20/Apr/2026:19:28:05 +0200] "HEAD /rhn/manager/download/devel-suse-channel/media.1/media?eyJhbGciOiJIUzI1NiJ9.eyJqdGkiOiJkcTVuSzE0R2IyRVprNVVTelpWMDdnIiwiZXhwIjoxODA4MjQxNjExLCJpYXQiOjE3NzY3MDU2MTEsIm5iZiI6MTc3NjcwNTQ5MSwib3JnIjoxLCJvbmx5Q2hhbm5lbHMiOlsiZGV2ZWwtc3VzZS1jaGFubmVsIl19.3yBvJrRQ22_sZHydAG7Af0QlFiysPtpwf2Vk3ldkQj8 HTTP/1.1" 404 -
172.16.3.7 - - [20/Apr/2026:19:28:05 +0200] "HEAD /rhn/manager/download/devel-suse-channel/repodata/repomd.xml?eyJhbGciOiJIUzI1NiJ9.eyJqdGkiOiJkcTVuSzE0R2IyRVprNVVTelpWMDdnIiwiZXhwIjoxODA4MjQxNjExLCJpYXQiOjE3NzY3MDU2MTEsIm5iZiI6MTc3NjcwNTQ5MSwib3JnIjoxLCJvbmx5Q2hhbm5lbHMiOlsiZGV2ZWwtc3VzZS1jaGFubmVsIl19.3yBvJrRQ22_sZHydAG7Af0QlFiysPtpwf2Vk3ldkQj8 HTTP/1.1" 200 -
172.16.3.7 - - [20/Apr/2026:19:28:05 +0200] "GET /rhn/manager/download/devel-suse-channel/repodata/repomd.xml?eyJhbGciOiJIUzI1NiJ9.eyJqdGkiOiJkcTVuSzE0R2IyRVprNVVTelpWMDdnIiwiZXhwIjoxODA4MjQxNjExLCJpYXQiOjE3NzY3MDU2MTEsIm5iZiI6MTc3NjcwNTQ5MSwib3JnIjoxLCJvbmx5Q2hhbm5lbHMiOlsiZGV2ZWwtc3VzZS1jaGFubmVsIl19.3yBvJrRQ22_sZHydAG7Af0QlFiysPtpwf2Vk3ldkQj8 HTTP/1.1" 200 3664
172.16.3.7 - - [20/Apr/2026:19:28:05 +0200] "HEAD /rhn/manager/download/devel-suse-channel/repodata/repomd.xml.asc?eyJhbGciOiJIUzI1NiJ9.eyJqdGkiOiJkcTVuSzE0R2IyRVprNVVTelpWMDdnIiwiZXhwIjoxODA4MjQxNjExLCJpYXQiOjE3NzY3MDU2MTEsIm5iZiI6MTc3NjcwNTQ5MSwib3JnIjoxLCJvbmx5Q2hhbm5lbHMiOlsiZGV2ZWwtc3VzZS1jaGFubmVsIl19.3yBvJrRQ22_sZHydAG7Af0QlFiysPtpwf2Vk3ldkQj8 HTTP/1.1" 404 -
172.16.3.7 - - [20/Apr/2026:19:28:05 +0200] "HEAD /rhn/manager/download/devel-suse-channel/repodata/dc638ca6ca3173d11cd8433b7fafb0c073e799567c40507d67828793f380aa3ccbc6c76efc28e717ffcd6cfc90363735d7c4706d86d915157899dc09d5381c11-primary.xml.gz?eyJhbGciOiJIUzI1NiJ9.eyJqdGkiOiJkcTVuSzE0R2IyRVprNVVTelpWMDdnIiwiZXhwIjoxODA4MjQxNjExLCJpYXQiOjE3NzY3MDU2MTEsIm5iZiI6MTc3NjcwNTQ5MSwib3JnIjoxLCJvbmx5Q2hhbm5lbHMiOlsiZGV2ZWwtc3VzZS1jaGFubmVsIl19.3yBvJrRQ22_sZHydAG7Af0QlFiysPtpwf2Vk3ldkQj8 HTTP/1.1" 200 -
172.16.3.7 - - [20/Apr/2026:19:28:05 +0200] "GET /rhn/manager/download/devel-suse-channel/repodata/dc638ca6ca3173d11cd8433b7fafb0c073e799567c40507d67828793f380aa3ccbc6c76efc28e717ffcd6cfc90363735d7c4706d86d915157899dc09d5381c11-primary.xml.gz?eyJhbGciOiJIUzI1NiJ9.eyJqdGkiOiJkcTVuSzE0R2IyRVprNVVTelpWMDdnIiwiZXhwIjoxODA4MjQxNjExLCJpYXQiOjE3NzY3MDU2MTEsIm5iZiI6MTc3NjcwNTQ5MSwib3JnIjoxLCJvbmx5Q2hhbm5lbHMiOlsiZGV2ZWwtc3VzZS1jaGFubmVsIl19.3yBvJrRQ22_sZHydAG7Af0QlFiysPtpwf2Vk3ldkQj8 HTTP/1.1" 200 3664
172.16.3.7 - - [20/Apr/2026:19:28:05 +0200] "HEAD /rhn/manager/download/devel-suse-channel/repodata/3f9cac4a721e273fdb7264069bbfe5baf3667e264672b131f01f8cce0cdb42804b7ec391b898e724c8f68dd50574c5c639ba9d8ff48492d9af231f54561a17dd-susedata.xml.gz?eyJhbGciOiJIUzI1NiJ9.eyJqdGkiOiJkcTVuSzE0R2IyRVprNVVTelpWMDdnIiwiZXhwIjoxODA4MjQxNjExLCJpYXQiOjE3NzY3MDU2MTEsIm5iZiI6MTc3NjcwNTQ5MSwib3JnIjoxLCJvbmx5Q2hhbm5lbHMiOlsiZGV2ZWwtc3VzZS1jaGFubmVsIl19.3yBvJrRQ22_sZHydAG7Af0QlFiysPtpwf2Vk3ldkQj8 HTTP/1.1" 200 -
172.16.3.7 - - [20/Apr/2026:19:28:05 +0200] "GET /rhn/manager/download/devel-suse-channel/repodata/3f9cac4a721e273fdb7264069bbfe5baf3667e264672b131f01f8cce0cdb42804b7ec391b898e724c8f68dd50574c5c639ba9d8ff48492d9af231f54561a17dd-susedata.xml.gz?eyJhbGciOiJIUzI1NiJ9.eyJqdGkiOiJkcTVuSzE0R2IyRVprNVVTelpWMDdnIiwiZXhwIjoxODA4MjQxNjExLCJpYXQiOjE3NzY3MDU2MTEsIm5iZiI6MTc3NjcwNTQ5MSwib3JnIjoxLCJvbmx5Q2hhbm5lbHMiOlsiZGV2ZWwtc3VzZS1jaGFubmVsIl19.3yBvJrRQ22_sZHydAG7Af0QlFiysPtpwf2Vk3ldkQj8 HTTP/1.1" 200 3664
172.16.3.7 - - [20/Apr/2026:19:28:05 +0200] "HEAD /rhn/manager/download/fake-rpm-suse-channel/repodata/repomd.xml?eyJhbGciOiJIUzI1NiJ9.eyJqdGkiOiJFMXkteDFUMWEyU3dINE1xdW1TOXlRIiwiZXhwIjoxODA4MjQxNjExLCJpYXQiOjE3NzY3MDU2MTEsIm5iZiI6MTc3NjcwNTQ5MSwib3JnIjoxLCJvbmx5Q2hhbm5lbHMiOlsiZmFrZS1ycG0tc3VzZS1jaGFubmVsIl19.-J2ROKWyiwbq1ixT1HpoI5z-nNfSjuw7VyqtkLzTTQA HTTP/1.1" 200 -
172.16.3.7 - - [20/Apr/2026:19:28:05 +0200] "HEAD /rhn/manager/download/fake-rpm-suse-channel/media.1/media?eyJhbGciOiJIUzI1NiJ9.eyJqdGkiOiJFMXkteDFUMWEyU3dINE1xdW1TOXlRIiwiZXhwIjoxODA4MjQxNjExLCJpYXQiOjE3NzY3MDU2MTEsIm5iZiI6MTc3NjcwNTQ5MSwib3JnIjoxLCJvbmx5Q2hhbm5lbHMiOlsiZmFrZS1ycG0tc3VzZS1jaGFubmVsIl19.-J2ROKWyiwbq1ixT1HpoI5z-nNfSjuw7VyqtkLzTTQA HTTP/1.1" 404 -
172.16.3.7 - - [20/Apr/2026:19:28:05 +0200] "HEAD /rhn/manager/download/fake-rpm-suse-channel/repodata/repomd.xml?eyJhbGciOiJIUzI1NiJ9.eyJqdGkiOiJFMXkteDFUMWEyU3dINE1xdW1TOXlRIiwiZXhwIjoxODA4MjQxNjExLCJpYXQiOjE3NzY3MDU2MTEsIm5iZiI6MTc3NjcwNTQ5MSwib3JnIjoxLCJvbmx5Q2hhbm5lbHMiOlsiZmFrZS1ycG0tc3VzZS1jaGFubmVsIl19.-J2ROKWyiwbq1ixT1HpoI5z-nNfSjuw7VyqtkLzTTQA HTTP/1.1" 200 -
172.16.3.7 - - [20/Apr/2026:19:28:05 +0200] "GET /rhn/manager/download/fake-rpm-suse-channel/repodata/repomd.xml?eyJhbGciOiJIUzI1NiJ9.eyJqdGkiOiJFMXkteDFUMWEyU3dINE1xdW1TOXlRIiwiZXhwIjoxODA4MjQxNjExLCJpYXQiOjE3NzY3MDU2MTEsIm5iZiI6MTc3NjcwNTQ5MSwib3JnIjoxLCJvbmx5Q2hhbm5lbHMiOlsiZmFrZS1ycG0tc3VzZS1jaGFubmVsIl19.-J2ROKWyiwbq1ixT1HpoI5z-nNfSjuw7VyqtkLzTTQA HTTP/1.1" 200 3664
172.16.3.7 - - [20/Apr/2026:19:28:05 +0200] "HEAD /rhn/manager/download/fake-rpm-suse-channel/repodata/repomd.xml.asc?eyJhbGciOiJIUzI1NiJ9.eyJqdGkiOiJFMXkteDFUMWEyU3dINE1xdW1TOXlRIiwiZXhwIjoxODA4MjQxNjExLCJpYXQiOjE3NzY3MDU2MTEsIm5iZiI6MTc3NjcwNTQ5MSwib3JnIjoxLCJvbmx5Q2hhbm5lbHMiOlsiZmFrZS1ycG0tc3VzZS1jaGFubmVsIl19.-J2ROKWyiwbq1ixT1HpoI5z-nNfSjuw7VyqtkLzTTQA HTTP/1.1" 404 -
172.16.3.7 - - [20/Apr/2026:19:28:05 +0200] "HEAD /rhn/manager/download/fake-rpm-suse-channel/repodata/273df31af2fcd20775198b7caee5421a08cd91a4d65ed23f80ea9716402d4a1795c4720b53cd0e6e1b5d621d9579f81220e07642b0cf7d234252808a03f7a196-primary.xml.gz?eyJhbGciOiJIUzI1NiJ9.eyJqdGkiOiJFMXkteDFUMWEyU3dINE1xdW1TOXlRIiwiZXhwIjoxODA4MjQxNjExLCJpYXQiOjE3NzY3MDU2MTEsIm5iZiI6MTc3NjcwNTQ5MSwib3JnIjoxLCJvbmx5Q2hhbm5lbHMiOlsiZmFrZS1ycG0tc3VzZS1jaGFubmVsIl19.-J2ROKWyiwbq1ixT1HpoI5z-nNfSjuw7VyqtkLzTTQA HTTP/1.1" 200 -
172.16.3.7 - - [20/Apr/2026:19:28:05 +0200] "GET /rhn/manager/download/fake-rpm-suse-channel/repodata/273df31af2fcd20775198b7caee5421a08cd91a4d65ed23f80ea9716402d4a1795c4720b53cd0e6e1b5d621d9579f81220e07642b0cf7d234252808a03f7a196-primary.xml.gz?eyJhbGciOiJIUzI1NiJ9.eyJqdGkiOiJFMXkteDFUMWEyU3dINE1xdW1TOXlRIiwiZXhwIjoxODA4MjQxNjExLCJpYXQiOjE3NzY3MDU2MTEsIm5iZiI6MTc3NjcwNTQ5MSwib3JnIjoxLCJvbmx5Q2hhbm5lbHMiOlsiZmFrZS1ycG0tc3VzZS1jaGFubmVsIl19.-J2ROKWyiwbq1ixT1HpoI5z-nNfSjuw7VyqtkLzTTQA HTTP/1.1" 200 3664
172.16.3.7 - - [20/Apr/2026:19:28:05 +0200] "HEAD /rhn/manager/download/fake-rpm-suse-channel/repodata/967523dc5726124030e80fb689fa51ce5488d2ac8712bba0620f3ffc36327e732d46cf562cdfb846af7c837ef2954c30cd95d648799cecc00140260e96bc9a58-susedata.xml.gz?eyJhbGciOiJIUzI1NiJ9.eyJqdGkiOiJFMXkteDFUMWEyU3dINE1xdW1TOXlRIiwiZXhwIjoxODA4MjQxNjExLCJpYXQiOjE3NzY3MDU2MTEsIm5iZiI6MTc3NjcwNTQ5MSwib3JnIjoxLCJvbmx5Q2hhbm5lbHMiOlsiZmFrZS1ycG0tc3VzZS1jaGFubmVsIl19.-J2ROKWyiwbq1ixT1HpoI5z-nNfSjuw7VyqtkLzTTQA HTTP/1.1" 200 -
172.16.3.7 - - [20/Apr/2026:19:28:05 +0200] "GET /rhn/manager/download/fake-rpm-suse-channel/repodata/967523dc5726124030e80fb689fa51ce5488d2ac8712bba0620f3ffc36327e732d46cf562cdfb846af7c837ef2954c30cd95d648799cecc00140260e96bc9a58-susedata.xml.gz?eyJhbGciOiJIUzI1NiJ9.eyJqdGkiOiJFMXkteDFUMWEyU3dINE1xdW1TOXlRIiwiZXhwIjoxODA4MjQxNjExLCJpYXQiOjE3NzY3MDU2MTEsIm5iZiI6MTc3NjcwNTQ5MSwib3JnIjoxLCJvbmx5Q2hhbm5lbHMiOlsiZmFrZS1ycG0tc3VzZS1jaGFubmVsIl19.-J2ROKWyiwbq1ixT1HpoI5z-nNfSjuw7VyqtkLzTTQA HTTP/1.1" 200 3664
172.16.3.7 - - [20/Apr/2026:19:28:05 +0200] "HEAD /rhn/manager/download/fake-rpm-suse-channel/repodata/a33dca05c36f518e2e5e11bf27a2a18c1db5ce0fd39c946c9e071a70e5ba32caefa97fcd5afebd18b3c7a4033dda2283487d3cf84f0702957e0a77766f4ee2bb-updateinfo.xml.gz?eyJhbGciOiJIUzI1NiJ9.eyJqdGkiOiJFMXkteDFUMWEyU3dINE1xdW1TOXlRIiwiZXhwIjoxODA4MjQxNjExLCJpYXQiOjE3NzY3MDU2MTEsIm5iZiI6MTc3NjcwNTQ5MSwib3JnIjoxLCJvbmx5Q2hhbm5lbHMiOlsiZmFrZS1ycG0tc3VzZS1jaGFubmVsIl19.-J2ROKWyiwbq1ixT1HpoI5z-nNfSjuw7VyqtkLzTTQA HTTP/1.1" 200 -
172.16.3.7 - - [20/Apr/2026:19:28:05 +0200] "GET /rhn/manager/download/fake-rpm-suse-channel/repodata/a33dca05c36f518e2e5e11bf27a2a18c1db5ce0fd39c946c9e071a70e5ba32caefa97fcd5afebd18b3c7a4033dda2283487d3cf84f0702957e0a77766f4ee2bb-updateinfo.xml.gz?eyJhbGciOiJIUzI1NiJ9.eyJqdGkiOiJFMXkteDFUMWEyU3dINE1xdW1TOXlRIiwiZXhwIjoxODA4MjQxNjExLCJpYXQiOjE3NzY3MDU2MTEsIm5iZiI6MTc3NjcwNTQ5MSwib3JnIjoxLCJvbmx5Q2hhbm5lbHMiOlsiZmFrZS1ycG0tc3VzZS1jaGFubmVsIl19.-J2ROKWyiwbq1ixT1HpoI5z-nNfSjuw7VyqtkLzTTQA HTTP/1.1" 200 3664
172.16.3.7 - - [20/Apr/2026:19:28:05 +0200] "HEAD /rhn/manager/download/opensuse_tumbleweed-uyuni-client-devel-x86_64/repodata/repomd.xml?eyJhbGciOiJIUzI1NiJ9.eyJqdGkiOiI2LWI2WEJjRVJXSWN2ckVUNkcyU05BIiwiZXhwIjoxODA4MjQxNjExLCJpYXQiOjE3NzY3MDU2MTEsIm5iZiI6MTc3NjcwNTQ5MSwib3JnIjoxLCJvbmx5Q2hhbm5lbHMiOlsib3BlbnN1c2VfdHVtYmxld2VlZC11eXVuaS1jbGllbnQtZGV2ZWwteDg2XzY0Il19.smarHU82a6pLmo8aPcIq8-HQaaY4CxBeb4CZ-4RoRaU HTTP/1.1" 200 -
172.16.3.7 - - [20/Apr/2026:19:28:05 +0200] "HEAD /rhn/manager/download/opensuse_tumbleweed-uyuni-client-devel-x86_64/media.1/media?eyJhbGciOiJIUzI1NiJ9.eyJqdGkiOiI2LWI2WEJjRVJXSWN2ckVUNkcyU05BIiwiZXhwIjoxODA4MjQxNjExLCJpYXQiOjE3NzY3MDU2MTEsIm5iZiI6MTc3NjcwNTQ5MSwib3JnIjoxLCJvbmx5Q2hhbm5lbHMiOlsib3BlbnN1c2VfdHVtYmxld2VlZC11eXVuaS1jbGllbnQtZGV2ZWwteDg2XzY0Il19.smarHU82a6pLmo8aPcIq8-HQaaY4CxBeb4CZ-4RoRaU HTTP/1.1" 404 -
172.16.3.7 - - [20/Apr/2026:19:28:05 +0200] "HEAD /rhn/manager/download/opensuse_tumbleweed-uyuni-client-devel-x86_64/repodata/repomd.xml?eyJhbGciOiJIUzI1NiJ9.eyJqdGkiOiI2LWI2WEJjRVJXSWN2ckVUNkcyU05BIiwiZXhwIjoxODA4MjQxNjExLCJpYXQiOjE3NzY3MDU2MTEsIm5iZiI6MTc3NjcwNTQ5MSwib3JnIjoxLCJvbmx5Q2hhbm5lbHMiOlsib3BlbnN1c2VfdHVtYmxld2VlZC11eXVuaS1jbGllbnQtZGV2ZWwteDg2XzY0Il19.smarHU82a6pLmo8aPcIq8-HQaaY4CxBeb4CZ-4RoRaU HTTP/1.1" 200 -
172.16.3.7 - - [20/Apr/2026:19:28:05 +0200] "GET /rhn/manager/download/opensuse_tumbleweed-uyuni-client-devel-x86_64/repodata/repomd.xml?eyJhbGciOiJIUzI1NiJ9.eyJqdGkiOiI2LWI2WEJjRVJXSWN2ckVUNkcyU05BIiwiZXhwIjoxODA4MjQxNjExLCJpYXQiOjE3NzY3MDU2MTEsIm5iZiI6MTc3NjcwNTQ5MSwib3JnIjoxLCJvbmx5Q2hhbm5lbHMiOlsib3BlbnN1c2VfdHVtYmxld2VlZC11eXVuaS1jbGllbnQtZGV2ZWwteDg2XzY0Il19.smarHU82a6pLmo8aPcIq8-HQaaY4CxBeb4CZ-4RoRaU HTTP/1.1" 200 3664
172.16.3.7 - - [20/Apr/2026:19:28:05 +0200] "HEAD /rhn/manager/download/opensuse_tumbleweed-uyuni-client-devel-x86_64/repodata/repomd.xml.asc?eyJhbGciOiJIUzI1NiJ9.eyJqdGkiOiI2LWI2WEJjRVJXSWN2ckVUNkcyU05BIiwiZXhwIjoxODA4MjQxNjExLCJpYXQiOjE3NzY3MDU2MTEsIm5iZiI6MTc3NjcwNTQ5MSwib3JnIjoxLCJvbmx5Q2hhbm5lbHMiOlsib3BlbnN1c2VfdHVtYmxld2VlZC11eXVuaS1jbGllbnQtZGV2ZWwteDg2XzY0Il19.smarHU82a6pLmo8aPcIq8-HQaaY4CxBeb4CZ-4RoRaU HTTP/1.1" 404 -
172.16.3.7 - - [20/Apr/2026:19:28:05 +0200] "HEAD /rhn/manager/download/opensuse_tumbleweed-uyuni-client-devel-x86_64/repodata/1044de4de84941abe170de1713f48e10f249a94d12d224edb64cb5f9f20f6af057310317005d0573a600698dbd295fbe2cd33bb33f7ecd363d15509b9334f7b5-primary.xml.gz?eyJhbGciOiJIUzI1NiJ9.eyJqdGkiOiI2LWI2WEJjRVJXSWN2ckVUNkcyU05BIiwiZXhwIjoxODA4MjQxNjExLCJpYXQiOjE3NzY3MDU2MTEsIm5iZiI6MTc3NjcwNTQ5MSwib3JnIjoxLCJvbmx5Q2hhbm5lbHMiOlsib3BlbnN1c2VfdHVtYmxld2VlZC11eXVuaS1jbGllbnQtZGV2ZWwteDg2XzY0Il19.smarHU82a6pLmo8aPcIq8-HQaaY4CxBeb4CZ-4RoRaU HTTP/1.1" 200 -
172.16.3.7 - - [20/Apr/2026:19:28:05 +0200] "GET /rhn/manager/download/opensuse_tumbleweed-uyuni-client-devel-x86_64/repodata/1044de4de84941abe170de1713f48e10f249a94d12d224edb64cb5f9f20f6af057310317005d0573a600698dbd295fbe2cd33bb33f7ecd363d15509b9334f7b5-primary.xml.gz?eyJhbGciOiJIUzI1NiJ9.eyJqdGkiOiI2LWI2WEJjRVJXSWN2ckVUNkcyU05BIiwiZXhwIjoxODA4MjQxNjExLCJpYXQiOjE3NzY3MDU2MTEsIm5iZiI6MTc3NjcwNTQ5MSwib3JnIjoxLCJvbmx5Q2hhbm5lbHMiOlsib3BlbnN1c2VfdHVtYmxld2VlZC11eXVuaS1jbGllbnQtZGV2ZWwteDg2XzY0Il19.smarHU82a6pLmo8aPcIq8-HQaaY4CxBeb4CZ-4RoRaU HTTP/1.1" 200 3664
172.16.3.7 - - [20/Apr/2026:19:28:05 +0200] "HEAD /rhn/manager/download/opensuse_tumbleweed-uyuni-client-devel-x86_64/repodata/720db58c9b64176900d20f1ec5e085d98a676f5075351af10d82045ab58cc0ec48710d98e7b076cb48e45770f36621326b7f0a3da3978f80d7389c43296912b3-susedata.xml.gz?eyJhbGciOiJIUzI1NiJ9.eyJqdGkiOiI2LWI2WEJjRVJXSWN2ckVUNkcyU05BIiwiZXhwIjoxODA4MjQxNjExLCJpYXQiOjE3NzY3MDU2MTEsIm5iZiI6MTc3NjcwNTQ5MSwib3JnIjoxLCJvbmx5Q2hhbm5lbHMiOlsib3BlbnN1c2VfdHVtYmxld2VlZC11eXVuaS1jbGllbnQtZGV2ZWwteDg2XzY0Il19.smarHU82a6pLmo8aPcIq8-HQaaY4CxBeb4CZ-4RoRaU HTTP/1.1" 200 -
172.16.3.7 - - [20/Apr/2026:19:28:05 +0200] "GET /rhn/manager/download/opensuse_tumbleweed-uyuni-client-devel-x86_64/repodata/720db58c9b64176900d20f1ec5e085d98a676f5075351af10d82045ab58cc0ec48710d98e7b076cb48e45770f36621326b7f0a3da3978f80d7389c43296912b3-susedata.xml.gz?eyJhbGciOiJIUzI1NiJ9.eyJqdGkiOiI2LWI2WEJjRVJXSWN2ckVUNkcyU05BIiwiZXhwIjoxODA4MjQxNjExLCJpYXQiOjE3NzY3MDU2MTEsIm5iZiI6MTc3NjcwNTQ5MSwib3JnIjoxLCJvbmx5Q2hhbm5lbHMiOlsib3BlbnN1c2VfdHVtYmxld2VlZC11eXVuaS1jbGllbnQtZGV2ZWwteDg2XzY0Il19.smarHU82a6pLmo8aPcIq8-HQaaY4CxBeb4CZ-4RoRaU HTTP/1.1" 200 3663
172.16.3.7 - - [20/Apr/2026:19:28:06 +0200] "HEAD /rhn/manager/download/opensuse_tumbleweed-x86_64/repodata/repomd.xml?eyJhbGciOiJIUzI1NiJ9.eyJqdGkiOiJWbDV6bnBNdFRHLUhEc3VzbjlRaEtBIiwiZXhwIjoxODA4MjQxNjExLCJpYXQiOjE3NzY3MDU2MTEsIm5iZiI6MTc3NjcwNTQ5MSwib3JnIjoxLCJvbmx5Q2hhbm5lbHMiOlsib3BlbnN1c2VfdHVtYmxld2VlZC14ODZfNjQiXX0.X5D1LU0LxfYVHH0b409DYx61WIOVCWcvJ4ftFbGNY-A HTTP/1.1" 200 -
172.16.3.7 - - [20/Apr/2026:19:28:06 +0200] "HEAD /rhn/manager/download/opensuse_tumbleweed-x86_64/media.1/media?eyJhbGciOiJIUzI1NiJ9.eyJqdGkiOiJWbDV6bnBNdFRHLUhEc3VzbjlRaEtBIiwiZXhwIjoxODA4MjQxNjExLCJpYXQiOjE3NzY3MDU2MTEsIm5iZiI6MTc3NjcwNTQ5MSwib3JnIjoxLCJvbmx5Q2hhbm5lbHMiOlsib3BlbnN1c2VfdHVtYmxld2VlZC14ODZfNjQiXX0.X5D1LU0LxfYVHH0b409DYx61WIOVCWcvJ4ftFbGNY-A HTTP/1.1" 404 -
172.16.3.7 - - [20/Apr/2026:19:28:06 +0200] "HEAD /rhn/manager/download/opensuse_tumbleweed-x86_64/repodata/repomd.xml?eyJhbGciOiJIUzI1NiJ9.eyJqdGkiOiJWbDV6bnBNdFRHLUhEc3VzbjlRaEtBIiwiZXhwIjoxODA4MjQxNjExLCJpYXQiOjE3NzY3MDU2MTEsIm5iZiI6MTc3NjcwNTQ5MSwib3JnIjoxLCJvbmx5Q2hhbm5lbHMiOlsib3BlbnN1c2VfdHVtYmxld2VlZC14ODZfNjQiXX0.X5D1LU0LxfYVHH0b409DYx61WIOVCWcvJ4ftFbGNY-A HTTP/1.1" 200 -
172.16.3.7 - - [20/Apr/2026:19:28:06 +0200] "GET /rhn/manager/download/opensuse_tumbleweed-x86_64/repodata/repomd.xml?eyJhbGciOiJIUzI1NiJ9.eyJqdGkiOiJWbDV6bnBNdFRHLUhEc3VzbjlRaEtBIiwiZXhwIjoxODA4MjQxNjExLCJpYXQiOjE3NzY3MDU2MTEsIm5iZiI6MTc3NjcwNTQ5MSwib3JnIjoxLCJvbmx5Q2hhbm5lbHMiOlsib3BlbnN1c2VfdHVtYmxld2VlZC14ODZfNjQiXX0.X5D1LU0LxfYVHH0b409DYx61WIOVCWcvJ4ftFbGNY-A HTTP/1.1" 200 3664
172.16.3.7 - - [20/Apr/2026:19:28:06 +0200] "HEAD /rhn/manager/download/opensuse_tumbleweed-x86_64/repodata/repomd.xml.asc?eyJhbGciOiJIUzI1NiJ9.eyJqdGkiOiJWbDV6bnBNdFRHLUhEc3VzbjlRaEtBIiwiZXhwIjoxODA4MjQxNjExLCJpYXQiOjE3NzY3MDU2MTEsIm5iZiI6MTc3NjcwNTQ5MSwib3JnIjoxLCJvbmx5Q2hhbm5lbHMiOlsib3BlbnN1c2VfdHVtYmxld2VlZC14ODZfNjQiXX0.X5D1LU0LxfYVHH0b409DYx61WIOVCWcvJ4ftFbGNY-A HTTP/1.1" 404 -
172.16.3.7 - - [20/Apr/2026:19:28:06 +0200] "HEAD /rhn/manager/download/opensuse_tumbleweed-x86_64/repodata/a3ba941ddf76a9c718da334ca6cc655baf883b0fd95b147dc372cca9c07239b59662f665a6f2aaaf4ee7046b5596a8dd4fbceb6678d5b2bc8289af53ba7b0df1-primary.xml.gz?eyJhbGciOiJIUzI1NiJ9.eyJqdGkiOiJWbDV6bnBNdFRHLUhEc3VzbjlRaEtBIiwiZXhwIjoxODA4MjQxNjExLCJpYXQiOjE3NzY3MDU2MTEsIm5iZiI6MTc3NjcwNTQ5MSwib3JnIjoxLCJvbmx5Q2hhbm5lbHMiOlsib3BlbnN1c2VfdHVtYmxld2VlZC14ODZfNjQiXX0.X5D1LU0LxfYVHH0b409DYx61WIOVCWcvJ4ftFbGNY-A HTTP/1.1" 200 -
172.16.3.7 - - [20/Apr/2026:19:28:06 +0200] "GET /rhn/manager/download/opensuse_tumbleweed-x86_64/repodata/a3ba941ddf76a9c718da334ca6cc655baf883b0fd95b147dc372cca9c07239b59662f665a6f2aaaf4ee7046b5596a8dd4fbceb6678d5b2bc8289af53ba7b0df1-primary.xml.gz?eyJhbGciOiJIUzI1NiJ9.eyJqdGkiOiJWbDV6bnBNdFRHLUhEc3VzbjlRaEtBIiwiZXhwIjoxODA4MjQxNjExLCJpYXQiOjE3NzY3MDU2MTEsIm5iZiI6MTc3NjcwNTQ5MSwib3JnIjoxLCJvbmx5Q2hhbm5lbHMiOlsib3BlbnN1c2VfdHVtYmxld2VlZC14ODZfNjQiXX0.X5D1LU0LxfYVHH0b409DYx61WIOVCWcvJ4ftFbGNY-A HTTP/1.1" 200 3664
172.16.3.7 - - [20/Apr/2026:19:28:06 +0200] "HEAD /rhn/manager/download/opensuse_tumbleweed-x86_64/repodata/408ce57e8a39aa873b263f868578d19518a40688eacdd7b0a2c07a5e8a01c5e39df8b80b8ff99d4473235c4ff57df1cd2d22188f28ca76ee957eff99c86baaa2-susedata.xml.gz?eyJhbGciOiJIUzI1NiJ9.eyJqdGkiOiJWbDV6bnBNdFRHLUhEc3VzbjlRaEtBIiwiZXhwIjoxODA4MjQxNjExLCJpYXQiOjE3NzY3MDU2MTEsIm5iZiI6MTc3NjcwNTQ5MSwib3JnIjoxLCJvbmx5Q2hhbm5lbHMiOlsib3BlbnN1c2VfdHVtYmxld2VlZC14ODZfNjQiXX0.X5D1LU0LxfYVHH0b409DYx61WIOVCWcvJ4ftFbGNY-A HTTP/1.1" 200 -
172.16.3.7 - - [20/Apr/2026:19:28:06 +0200] "GET /rhn/manager/download/opensuse_tumbleweed-x86_64/repodata/408ce57e8a39aa873b263f868578d19518a40688eacdd7b0a2c07a5e8a01c5e39df8b80b8ff99d4473235c4ff57df1cd2d22188f28ca76ee957eff99c86baaa2-susedata.xml.gz?eyJhbGciOiJIUzI1NiJ9.eyJqdGkiOiJWbDV6bnBNdFRHLUhEc3VzbjlRaEtBIiwiZXhwIjoxODA4MjQxNjExLCJpYXQiOjE3NzY3MDU2MTEsIm5iZiI6MTc3NjcwNTQ5MSwib3JnIjoxLCJvbmx5Q2hhbm5lbHMiOlsib3BlbnN1c2VfdHVtYmxld2VlZC14ODZfNjQiXX0.X5D1LU0LxfYVHH0b409DYx61WIOVCWcvJ4ftFbGNY-A HTTP/1.1" 200 3664
172.16.3.5 - - [20/Apr/2026:19:28:07 +0200] "GET /rhn/systems/details/packages/Packages.do?sid=1000010018& HTTP/1.1" 200 40894
127.0.0.1 - - [20/Apr/2026:19:28:07 +0200] "GET /rhn/websocket/notifications HTTP/1.1" 101 -
172.16.3.5 - - [20/Apr/2026:19:28:07 +0200] "POST /rhn/manager/frontend-log HTTP/1.1" 200 16
172.16.3.5 - - [20/Apr/2026:19:28:07 +0200] "GET /rhn/systems/details/ErrataList.do?sid=1000010018& HTTP/1.1" 200 46804
127.0.0.1 - - [20/Apr/2026:19:28:08 +0200] "GET /rhn/websocket/notifications HTTP/1.1" 101 -
172.16.3.5 - - [20/Apr/2026:19:28:08 +0200] "POST /rhn/manager/frontend-log HTTP/1.1" 200 16
172.16.3.5 - - [20/Apr/2026:19:28:08 +0200] "POST /rhn/systems/details/ErrataList.do?sid=1000010018 HTTP/1.1" 200 47264
172.16.3.5 - - [20/Apr/2026:19:28:08 +0200] "POST /rhn/manager/frontend-log HTTP/1.1" 200 16
127.0.0.1 - - [20/Apr/2026:19:28:08 +0200] "GET /rhn/websocket/notifications HTTP/1.1" 101 -
::1 - - [20/Apr/2026:19:28:15 +0200] "GET /rhn/manager/login HTTP/1.1" 302 -
172.16.3.5 - - [20/Apr/2026:19:28:18 +0200] "POST /rhn/ajax/item-selector HTTP/1.1" 200 35
172.16.3.5 - - [20/Apr/2026:19:28:18 +0200] "POST /rhn/systems/details/ErrataList.do?sid=1000010018 HTTP/1.1" 302 -
172.16.3.5 - - [20/Apr/2026:19:28:18 +0200] "GET /rhn/systems/details/ErrataConfirm.do?allowVendorChange=false&sid=1000010018 HTTP/1.1" 200 44966
127.0.0.1 - - [20/Apr/2026:19:28:19 +0200] "GET /rhn/websocket/notifications HTTP/1.1" 101 -
172.16.3.5 - - [20/Apr/2026:19:28:19 +0200] "POST /rhn/manager/frontend-log HTTP/1.1" 200 16
172.16.3.5 - - [20/Apr/2026:19:28:19 +0200] "POST /rhn/systems/details/ErrataConfirm.do?sid=1000010018 HTTP/1.1" 302 -
172.16.3.5 - - [20/Apr/2026:19:28:20 +0200] "GET /rhn/systems/details/ErrataList.do?sid=1000010018 HTTP/1.1" 200 44980
127.0.0.1 - - [20/Apr/2026:19:28:20 +0200] "GET /rhn/websocket/notifications HTTP/1.1" 101 -
172.16.3.5 - - [20/Apr/2026:19:28:20 +0200] "POST /rhn/manager/frontend-log HTTP/1.1" 200 16
::1 - - [20/Apr/2026:19:28:30 +0200] "GET /rhn/manager/login HTTP/1.1" 302 -
::1 - - [20/Apr/2026:19:28:46 +0200] "GET /rhn/manager/login HTTP/1.1" 302 -
::1 - - [20/Apr/2026:19:29:00 +0200] "GET /rhn/manager/login HTTP/1.1" 302 -
::1 - - [20/Apr/2026:19:29:16 +0200] "GET /rhn/manager/login HTTP/1.1" 302 -
::1 - - [20/Apr/2026:19:29:31 +0200] "GET /rhn/manager/login HTTP/1.1" 302 -
::1 - - [20/Apr/2026:19:29:46 +0200] "GET /rhn/manager/login HTTP/1.1" 302 -
172.16.3.7 - - [20/Apr/2026:19:29:50 +0200] "HEAD /rhn/manager/download/fake-rpm-suse-channel/getPackage/1/a6225233aca6a6bf8afff9cfd634b2eafcc3838970869b1d643a377c041f4bbf940540d50da07386c8dd1044a8cdc8d88987dcc1dac0e5624f16fb873368e7a5/virgo-dummy-2.0-1.1.noarch.rpm?eyJhbGciOiJIUzI1NiJ9.eyJqdGkiOiJFMXkteDFUMWEyU3dINE1xdW1TOXlRIiwiZXhwIjoxODA4MjQxNjExLCJpYXQiOjE3NzY3MDU2MTEsIm5iZiI6MTc3NjcwNTQ5MSwib3JnIjoxLCJvbmx5Q2hhbm5lbHMiOlsiZmFrZS1ycG0tc3VzZS1jaGFubmVsIl19.-J2ROKWyiwbq1ixT1HpoI5z-nNfSjuw7VyqtkLzTTQA HTTP/1.1" 200 -
::1 - - [20/Apr/2026:19:30:00 +0200] "GET /rhn/manager/login HTTP/1.1" 302 -
::1 - - [20/Apr/2026:19:30:15 +0200] "GET /rhn/manager/login HTTP/1.1" 302 -
::1 - - [20/Apr/2026:19:30:30 +0200] "GET /rhn/manager/login HTTP/1.1" 302 -
::1 - - [20/Apr/2026:19:30:46 +0200] "GET /rhn/manager/login HTTP/1.1" 302 -
::1 - - [20/Apr/2026:19:31:01 +0200] "GET /rhn/manager/login HTTP/1.1" 302 -
