172.16.3.7 - - [20/Apr/2026:17:18:40 +0200] "HEAD /rhn/manager/download/sle-module-devtools15-sp7-updates-x86_64/getPackage/NULL/91ac6ac8828900b90c3964440631c571877447426f7db4082751b2cb607ba448/kiwi-systemdeps-containers-10.2.33-150600.14.10.2.x86_64.rpm?eyJhbGciOiJIUzI1NiJ9.eyJqdGkiOiJyOGdBR2R0YUVoWEZUVFhnS21Vc0VRIiwiZXhwIjoxODA4MjM0MjIwLCJpYXQiOjE3NzY2OTgyMjAsIm5iZiI6MTc3NjY5ODEwMCwib3JnIjoxLCJvbmx5Q2hhbm5lbHMiOlsic2xlLW1vZHVsZS1kZXZ0b29sczE1LXNwNy11cGRhdGVzLXg4Nl82NCJdfQ.to4hkIKCYOt1Y8n133tlXFBNCXpNR2TsmTNa0-LpEgM HTTP/1.1" 200 -
172.16.3.7 - - [20/Apr/2026:17:18:40 +0200] "GET /rhn/manager/download/sle-module-devtools15-sp7-updates-x86_64/getPackage/NULL/91ac6ac8828900b90c3964440631c571877447426f7db4082751b2cb607ba448/kiwi-systemdeps-containers-10.2.33-150600.14.10.2.x86_64.rpm?eyJhbGciOiJIUzI1NiJ9.eyJqdGkiOiJyOGdBR2R0YUVoWEZUVFhnS21Vc0VRIiwiZXhwIjoxODA4MjM0MjIwLCJpYXQiOjE3NzY2OTgyMjAsIm5iZiI6MTc3NjY5ODEwMCwib3JnIjoxLCJvbmx5Q2hhbm5lbHMiOlsic2xlLW1vZHVsZS1kZXZ0b29sczE1LXNwNy11cGRhdGVzLXg4Nl82NCJdfQ.to4hkIKCYOt1Y8n133tlXFBNCXpNR2TsmTNa0-LpEgM HTTP/1.1" 200 3663
172.16.3.7 - - [20/Apr/2026:17:18:40 +0200] "HEAD /rhn/manager/download/sle-module-devtools15-sp7-updates-x86_64/getPackage/NULL/7322490b3934bb781126e895bef0ad00373b68dd97a1f117d89dc4b26b6fefbf/kiwi-systemdeps-containers-wsl-10.2.33-150600.14.10.2.x86_64.rpm?eyJhbGciOiJIUzI1NiJ9.eyJqdGkiOiJyOGdBR2R0YUVoWEZUVFhnS21Vc0VRIiwiZXhwIjoxODA4MjM0MjIwLCJpYXQiOjE3NzY2OTgyMjAsIm5iZiI6MTc3NjY5ODEwMCwib3JnIjoxLCJvbmx5Q2hhbm5lbHMiOlsic2xlLW1vZHVsZS1kZXZ0b29sczE1LXNwNy11cGRhdGVzLXg4Nl82NCJdfQ.to4hkIKCYOt1Y8n133tlXFBNCXpNR2TsmTNa0-LpEgM HTTP/1.1" 200 -
172.16.3.7 - - [20/Apr/2026:17:18:40 +0200] "GET /rhn/manager/download/sle-module-devtools15-sp7-updates-x86_64/getPackage/NULL/7322490b3934bb781126e895bef0ad00373b68dd97a1f117d89dc4b26b6fefbf/kiwi-systemdeps-containers-wsl-10.2.33-150600.14.10.2.x86_64.rpm?eyJhbGciOiJIUzI1NiJ9.eyJqdGkiOiJyOGdBR2R0YUVoWEZUVFhnS21Vc0VRIiwiZXhwIjoxODA4MjM0MjIwLCJpYXQiOjE3NzY2OTgyMjAsIm5iZiI6MTc3NjY5ODEwMCwib3JnIjoxLCJvbmx5Q2hhbm5lbHMiOlsic2xlLW1vZHVsZS1kZXZ0b29sczE1LXNwNy11cGRhdGVzLXg4Nl82NCJdfQ.to4hkIKCYOt1Y8n133tlXFBNCXpNR2TsmTNa0-LpEgM HTTP/1.1" 200 3663
172.16.3.7 - - [20/Apr/2026:17:18:40 +0200] "HEAD /rhn/manager/download/sle-module-devtools15-sp7-updates-x86_64/getPackage/NULL/1f61e60acbb76f9b2182fb96549d048c8c75c5e0fa1a2a903695bbc5b0a42a7e/kiwi-systemdeps-bootloaders-10.2.33-150600.14.10.2.x86_64.rpm?eyJhbGciOiJIUzI1NiJ9.eyJqdGkiOiJyOGdBR2R0YUVoWEZUVFhnS21Vc0VRIiwiZXhwIjoxODA4MjM0MjIwLCJpYXQiOjE3NzY2OTgyMjAsIm5iZiI6MTc3NjY5ODEwMCwib3JnIjoxLCJvbmx5Q2hhbm5lbHMiOlsic2xlLW1vZHVsZS1kZXZ0b29sczE1LXNwNy11cGRhdGVzLXg4Nl82NCJdfQ.to4hkIKCYOt1Y8n133tlXFBNCXpNR2TsmTNa0-LpEgM HTTP/1.1" 200 -
172.16.3.7 - - [20/Apr/2026:17:18:40 +0200] "GET /rhn/manager/download/sle-module-devtools15-sp7-updates-x86_64/getPackage/NULL/1f61e60acbb76f9b2182fb96549d048c8c75c5e0fa1a2a903695bbc5b0a42a7e/kiwi-systemdeps-bootloaders-10.2.33-150600.14.10.2.x86_64.rpm?eyJhbGciOiJIUzI1NiJ9.eyJqdGkiOiJyOGdBR2R0YUVoWEZUVFhnS21Vc0VRIiwiZXhwIjoxODA4MjM0MjIwLCJpYXQiOjE3NzY2OTgyMjAsIm5iZiI6MTc3NjY5ODEwMCwib3JnIjoxLCJvbmx5Q2hhbm5lbHMiOlsic2xlLW1vZHVsZS1kZXZ0b29sczE1LXNwNy11cGRhdGVzLXg4Nl82NCJdfQ.to4hkIKCYOt1Y8n133tlXFBNCXpNR2TsmTNa0-LpEgM HTTP/1.1" 200 3663
172.16.3.5 - - [20/Apr/2026:17:18:40 +0200] "GET /rhn/systems/details/history/Pending.do?sid=1000010002& HTTP/1.1" 200 43025
172.16.3.7 - - [20/Apr/2026:17:18:40 +0200] "HEAD /rhn/manager/download/sle-module-python3-15-sp7-updates-x86_64/getPackage/NULL/55193cf8fe8f8faa4f23e6fe32769636d80427ab25f7cb3b908cc5bdb998384e/python311-simplejson-3.19.1-150400.6.10.2.x86_64.rpm?eyJhbGciOiJIUzI1NiJ9.eyJqdGkiOiIxRlNXbC1wYXVTVE01Y0hvM2xJbVJBIiwiZXhwIjoxODA4MjM0MjIwLCJpYXQiOjE3NzY2OTgyMjAsIm5iZiI6MTc3NjY5ODEwMCwib3JnIjoxLCJvbmx5Q2hhbm5lbHMiOlsic2xlLW1vZHVsZS1weXRob24zLTE1LXNwNy11cGRhdGVzLXg4Nl82NCJdfQ.OzY0dOl6R7gDMxFxJlWLiqJ-o1cDSK2qSJOhv8lLNuc HTTP/1.1" 200 -
172.16.3.7 - - [20/Apr/2026:17:18:40 +0200] "GET /rhn/manager/download/sle-module-python3-15-sp7-updates-x86_64/getPackage/NULL/55193cf8fe8f8faa4f23e6fe32769636d80427ab25f7cb3b908cc5bdb998384e/python311-simplejson-3.19.1-150400.6.10.2.x86_64.rpm?eyJhbGciOiJIUzI1NiJ9.eyJqdGkiOiIxRlNXbC1wYXVTVE01Y0hvM2xJbVJBIiwiZXhwIjoxODA4MjM0MjIwLCJpYXQiOjE3NzY2OTgyMjAsIm5iZiI6MTc3NjY5ODEwMCwib3JnIjoxLCJvbmx5Q2hhbm5lbHMiOlsic2xlLW1vZHVsZS1weXRob24zLTE1LXNwNy11cGRhdGVzLXg4Nl82NCJdfQ.OzY0dOl6R7gDMxFxJlWLiqJ-o1cDSK2qSJOhv8lLNuc HTTP/1.1" 200 3664
172.16.3.5 - - [20/Apr/2026:17:18:40 +0200] "POST /rhn/manager/frontend-log HTTP/1.1" 200 16
127.0.0.1 - - [20/Apr/2026:17:18:40 +0200] "GET /rhn/websocket/notifications HTTP/1.1" 101 -
172.16.3.7 - - [20/Apr/2026:17:18:40 +0200] "HEAD /rhn/manager/download/sle-module-python3-15-sp7-updates-x86_64/getPackage/NULL/e5a591a8270d291e1371744440165fccb31398aee4740f8337b672b65bbc76ea/python311-solv-0.7.35-150700.11.5.2.x86_64.rpm?eyJhbGciOiJIUzI1NiJ9.eyJqdGkiOiIxRlNXbC1wYXVTVE01Y0hvM2xJbVJBIiwiZXhwIjoxODA4MjM0MjIwLCJpYXQiOjE3NzY2OTgyMjAsIm5iZiI6MTc3NjY5ODEwMCwib3JnIjoxLCJvbmx5Q2hhbm5lbHMiOlsic2xlLW1vZHVsZS1weXRob24zLTE1LXNwNy11cGRhdGVzLXg4Nl82NCJdfQ.OzY0dOl6R7gDMxFxJlWLiqJ-o1cDSK2qSJOhv8lLNuc HTTP/1.1" 200 -
172.16.3.7 - - [20/Apr/2026:17:18:40 +0200] "GET /rhn/manager/download/sle-module-python3-15-sp7-updates-x86_64/getPackage/NULL/e5a591a8270d291e1371744440165fccb31398aee4740f8337b672b65bbc76ea/python311-solv-0.7.35-150700.11.5.2.x86_64.rpm?eyJhbGciOiJIUzI1NiJ9.eyJqdGkiOiIxRlNXbC1wYXVTVE01Y0hvM2xJbVJBIiwiZXhwIjoxODA4MjM0MjIwLCJpYXQiOjE3NzY2OTgyMjAsIm5iZiI6MTc3NjY5ODEwMCwib3JnIjoxLCJvbmx5Q2hhbm5lbHMiOlsic2xlLW1vZHVsZS1weXRob24zLTE1LXNwNy11cGRhdGVzLXg4Nl82NCJdfQ.OzY0dOl6R7gDMxFxJlWLiqJ-o1cDSK2qSJOhv8lLNuc HTTP/1.1" 200 3664
172.16.3.7 - - [20/Apr/2026:17:18:40 +0200] "HEAD /rhn/manager/download/sle-module-python3-15-sp7-updates-x86_64/getPackage/NULL/b1e620ba6e3d8230a41ade06690793eafffb447c050312a744e4d0a0018e9a39/python311-cssselect-1.2.0-150400.12.6.2.noarch.rpm?eyJhbGciOiJIUzI1NiJ9.eyJqdGkiOiIxRlNXbC1wYXVTVE01Y0hvM2xJbVJBIiwiZXhwIjoxODA4MjM0MjIwLCJpYXQiOjE3NzY2OTgyMjAsIm5iZiI6MTc3NjY5ODEwMCwib3JnIjoxLCJvbmx5Q2hhbm5lbHMiOlsic2xlLW1vZHVsZS1weXRob24zLTE1LXNwNy11cGRhdGVzLXg4Nl82NCJdfQ.OzY0dOl6R7gDMxFxJlWLiqJ-o1cDSK2qSJOhv8lLNuc HTTP/1.1" 200 -
172.16.3.7 - - [20/Apr/2026:17:18:40 +0200] "GET /rhn/manager/download/sle-module-python3-15-sp7-updates-x86_64/getPackage/NULL/b1e620ba6e3d8230a41ade06690793eafffb447c050312a744e4d0a0018e9a39/python311-cssselect-1.2.0-150400.12.6.2.noarch.rpm?eyJhbGciOiJIUzI1NiJ9.eyJqdGkiOiIxRlNXbC1wYXVTVE01Y0hvM2xJbVJBIiwiZXhwIjoxODA4MjM0MjIwLCJpYXQiOjE3NzY2OTgyMjAsIm5iZiI6MTc3NjY5ODEwMCwib3JnIjoxLCJvbmx5Q2hhbm5lbHMiOlsic2xlLW1vZHVsZS1weXRob24zLTE1LXNwNy11cGRhdGVzLXg4Nl82NCJdfQ.OzY0dOl6R7gDMxFxJlWLiqJ-o1cDSK2qSJOhv8lLNuc HTTP/1.1" 200 3663
172.16.3.7 - - [20/Apr/2026:17:18:41 +0200] "HEAD /rhn/manager/download/sle-module-python3-15-sp7-updates-x86_64/getPackage/NULL/9ae96f8575fcde875d02b93b5f77c7940dfee5c18fa928b01c517038d21d4b48/python311-xmltodict-0.13.0-150600.3.7.2.noarch.rpm?eyJhbGciOiJIUzI1NiJ9.eyJqdGkiOiIxRlNXbC1wYXVTVE01Y0hvM2xJbVJBIiwiZXhwIjoxODA4MjM0MjIwLCJpYXQiOjE3NzY2OTgyMjAsIm5iZiI6MTc3NjY5ODEwMCwib3JnIjoxLCJvbmx5Q2hhbm5lbHMiOlsic2xlLW1vZHVsZS1weXRob24zLTE1LXNwNy11cGRhdGVzLXg4Nl82NCJdfQ.OzY0dOl6R7gDMxFxJlWLiqJ-o1cDSK2qSJOhv8lLNuc HTTP/1.1" 200 -
172.16.3.7 - - [20/Apr/2026:17:18:41 +0200] "GET /rhn/manager/download/sle-module-python3-15-sp7-updates-x86_64/getPackage/NULL/9ae96f8575fcde875d02b93b5f77c7940dfee5c18fa928b01c517038d21d4b48/python311-xmltodict-0.13.0-150600.3.7.2.noarch.rpm?eyJhbGciOiJIUzI1NiJ9.eyJqdGkiOiIxRlNXbC1wYXVTVE01Y0hvM2xJbVJBIiwiZXhwIjoxODA4MjM0MjIwLCJpYXQiOjE3NzY2OTgyMjAsIm5iZiI6MTc3NjY5ODEwMCwib3JnIjoxLCJvbmx5Q2hhbm5lbHMiOlsic2xlLW1vZHVsZS1weXRob24zLTE1LXNwNy11cGRhdGVzLXg4Nl82NCJdfQ.OzY0dOl6R7gDMxFxJlWLiqJ-o1cDSK2qSJOhv8lLNuc HTTP/1.1" 200 3664
172.16.3.7 - - [20/Apr/2026:17:18:41 +0200] "HEAD /rhn/manager/download/sle-module-python3-15-sp7-updates-x86_64/getPackage/NULL/dd10e37ea803e397c7d7cccac10c5a5904698067fa54e58513946c93c9853ee1/python311-docopt-0.6.2-150600.18.5.2.noarch.rpm?eyJhbGciOiJIUzI1NiJ9.eyJqdGkiOiIxRlNXbC1wYXVTVE01Y0hvM2xJbVJBIiwiZXhwIjoxODA4MjM0MjIwLCJpYXQiOjE3NzY2OTgyMjAsIm5iZiI6MTc3NjY5ODEwMCwib3JnIjoxLCJvbmx5Q2hhbm5lbHMiOlsic2xlLW1vZHVsZS1weXRob24zLTE1LXNwNy11cGRhdGVzLXg4Nl82NCJdfQ.OzY0dOl6R7gDMxFxJlWLiqJ-o1cDSK2qSJOhv8lLNuc HTTP/1.1" 200 -
172.16.3.7 - - [20/Apr/2026:17:18:41 +0200] "GET /rhn/manager/download/sle-module-python3-15-sp7-updates-x86_64/getPackage/NULL/dd10e37ea803e397c7d7cccac10c5a5904698067fa54e58513946c93c9853ee1/python311-docopt-0.6.2-150600.18.5.2.noarch.rpm?eyJhbGciOiJIUzI1NiJ9.eyJqdGkiOiIxRlNXbC1wYXVTVE01Y0hvM2xJbVJBIiwiZXhwIjoxODA4MjM0MjIwLCJpYXQiOjE3NzY2OTgyMjAsIm5iZiI6MTc3NjY5ODEwMCwib3JnIjoxLCJvbmx5Q2hhbm5lbHMiOlsic2xlLW1vZHVsZS1weXRob24zLTE1LXNwNy11cGRhdGVzLXg4Nl82NCJdfQ.OzY0dOl6R7gDMxFxJlWLiqJ-o1cDSK2qSJOhv8lLNuc HTTP/1.1" 200 3664
172.16.3.7 - - [20/Apr/2026:17:18:41 +0200] "HEAD /rhn/manager/download/sle-module-server-applications15-sp7-updates-x86_64/getPackage/NULL/352710a77fe619c5d591cb844c789c8a2497e1eef8956f08a057bc01e941f549/qemu-block-curl-9.2.4-150700.3.17.1.x86_64.rpm?eyJhbGciOiJIUzI1NiJ9.eyJqdGkiOiJqSVJ1TjBCVlRQQ0hJY0xmU0o3QlNBIiwiZXhwIjoxODA4MjM0MjIwLCJpYXQiOjE3NzY2OTgyMjAsIm5iZiI6MTc3NjY5ODEwMCwib3JnIjoxLCJvbmx5Q2hhbm5lbHMiOlsic2xlLW1vZHVsZS1zZXJ2ZXItYXBwbGljYXRpb25zMTUtc3A3LXVwZGF0ZXMteDg2XzY0Il19.2s8EVaw6Mdf0UrTPrZyyIfYwPeA1RydWNLCWkAdJIgY HTTP/1.1" 200 -
172.16.3.7 - - [20/Apr/2026:17:18:41 +0200] "GET /rhn/manager/download/sle-module-server-applications15-sp7-updates-x86_64/getPackage/NULL/352710a77fe619c5d591cb844c789c8a2497e1eef8956f08a057bc01e941f549/qemu-block-curl-9.2.4-150700.3.17.1.x86_64.rpm?eyJhbGciOiJIUzI1NiJ9.eyJqdGkiOiJqSVJ1TjBCVlRQQ0hJY0xmU0o3QlNBIiwiZXhwIjoxODA4MjM0MjIwLCJpYXQiOjE3NzY2OTgyMjAsIm5iZiI6MTc3NjY5ODEwMCwib3JnIjoxLCJvbmx5Q2hhbm5lbHMiOlsic2xlLW1vZHVsZS1zZXJ2ZXItYXBwbGljYXRpb25zMTUtc3A3LXVwZGF0ZXMteDg2XzY0Il19.2s8EVaw6Mdf0UrTPrZyyIfYwPeA1RydWNLCWkAdJIgY HTTP/1.1" 200 3664
172.16.3.7 - - [20/Apr/2026:17:18:41 +0200] "HEAD /rhn/manager/download/sle-module-server-applications15-sp7-updates-x86_64/getPackage/NULL/c7619698e31edee7d469d390fa3f2cf4eced80c61ab7a25fd4beac7b35f5e573/rdma-ndd-54.0-150700.3.2.1.x86_64.rpm?eyJhbGciOiJIUzI1NiJ9.eyJqdGkiOiJqSVJ1TjBCVlRQQ0hJY0xmU0o3QlNBIiwiZXhwIjoxODA4MjM0MjIwLCJpYXQiOjE3NzY2OTgyMjAsIm5iZiI6MTc3NjY5ODEwMCwib3JnIjoxLCJvbmx5Q2hhbm5lbHMiOlsic2xlLW1vZHVsZS1zZXJ2ZXItYXBwbGljYXRpb25zMTUtc3A3LXVwZGF0ZXMteDg2XzY0Il19.2s8EVaw6Mdf0UrTPrZyyIfYwPeA1RydWNLCWkAdJIgY HTTP/1.1" 200 -
172.16.3.7 - - [20/Apr/2026:17:18:41 +0200] "GET /rhn/manager/download/sle-module-server-applications15-sp7-updates-x86_64/getPackage/NULL/c7619698e31edee7d469d390fa3f2cf4eced80c61ab7a25fd4beac7b35f5e573/rdma-ndd-54.0-150700.3.2.1.x86_64.rpm?eyJhbGciOiJIUzI1NiJ9.eyJqdGkiOiJqSVJ1TjBCVlRQQ0hJY0xmU0o3QlNBIiwiZXhwIjoxODA4MjM0MjIwLCJpYXQiOjE3NzY2OTgyMjAsIm5iZiI6MTc3NjY5ODEwMCwib3JnIjoxLCJvbmx5Q2hhbm5lbHMiOlsic2xlLW1vZHVsZS1zZXJ2ZXItYXBwbGljYXRpb25zMTUtc3A3LXVwZGF0ZXMteDg2XzY0Il19.2s8EVaw6Mdf0UrTPrZyyIfYwPeA1RydWNLCWkAdJIgY HTTP/1.1" 200 3664
172.16.3.7 - - [20/Apr/2026:17:18:41 +0200] "HEAD /rhn/manager/download/sle-module-basesystem15-sp7-pool-x86_64/getPackage/NULL/29a4efb68059ae7bfa4359a4ba4cd132301e6ce4b41ba5e404b953e923177175/xml-commons-resolver-1.2-150200.3.4.3.noarch.rpm?eyJhbGciOiJIUzI1NiJ9.eyJqdGkiOiJpOTFOdlFOeFJ6T0tzcTlJSGdmSEZnIiwiZXhwIjoxODA4MjM0MjIwLCJpYXQiOjE3NzY2OTgyMjAsIm5iZiI6MTc3NjY5ODEwMCwib3JnIjoxLCJvbmx5Q2hhbm5lbHMiOlsic2xlLW1vZHVsZS1iYXNlc3lzdGVtMTUtc3A3LXBvb2wteDg2XzY0Il19.g8-wW0G81qvmvQm6FUBxu-Jb7XkpmUact80kNhnSV6I HTTP/1.1" 200 -
172.16.3.5 - - [20/Apr/2026:17:18:41 +0200] "GET /rhn/systems/details/history/Pending.do?sid=1000010002& HTTP/1.1" 200 40253
172.16.3.7 - - [20/Apr/2026:17:18:41 +0200] "GET /rhn/manager/download/sle-module-basesystem15-sp7-pool-x86_64/getPackage/NULL/29a4efb68059ae7bfa4359a4ba4cd132301e6ce4b41ba5e404b953e923177175/xml-commons-resolver-1.2-150200.3.4.3.noarch.rpm?eyJhbGciOiJIUzI1NiJ9.eyJqdGkiOiJpOTFOdlFOeFJ6T0tzcTlJSGdmSEZnIiwiZXhwIjoxODA4MjM0MjIwLCJpYXQiOjE3NzY2OTgyMjAsIm5iZiI6MTc3NjY5ODEwMCwib3JnIjoxLCJvbmx5Q2hhbm5lbHMiOlsic2xlLW1vZHVsZS1iYXNlc3lzdGVtMTUtc3A3LXBvb2wteDg2XzY0Il19.g8-wW0G81qvmvQm6FUBxu-Jb7XkpmUact80kNhnSV6I HTTP/1.1" 200 3664
172.16.3.7 - - [20/Apr/2026:17:18:41 +0200] "HEAD /rhn/manager/download/sle-module-basesystem15-sp7-pool-x86_64/getPackage/NULL/66e9fd54f6c3f34ed2c7bec94a0a890b86410dfd4a32f9597361cf88d06b27ca/xml-commons-apis-1.4.01-150200.3.4.3.noarch.rpm?eyJhbGciOiJIUzI1NiJ9.eyJqdGkiOiJpOTFOdlFOeFJ6T0tzcTlJSGdmSEZnIiwiZXhwIjoxODA4MjM0MjIwLCJpYXQiOjE3NzY2OTgyMjAsIm5iZiI6MTc3NjY5ODEwMCwib3JnIjoxLCJvbmx5Q2hhbm5lbHMiOlsic2xlLW1vZHVsZS1iYXNlc3lzdGVtMTUtc3A3LXBvb2wteDg2XzY0Il19.g8-wW0G81qvmvQm6FUBxu-Jb7XkpmUact80kNhnSV6I HTTP/1.1" 200 -
172.16.3.7 - - [20/Apr/2026:17:18:41 +0200] "GET /rhn/manager/download/sle-module-basesystem15-sp7-pool-x86_64/getPackage/NULL/66e9fd54f6c3f34ed2c7bec94a0a890b86410dfd4a32f9597361cf88d06b27ca/xml-commons-apis-1.4.01-150200.3.4.3.noarch.rpm?eyJhbGciOiJIUzI1NiJ9.eyJqdGkiOiJpOTFOdlFOeFJ6T0tzcTlJSGdmSEZnIiwiZXhwIjoxODA4MjM0MjIwLCJpYXQiOjE3NzY2OTgyMjAsIm5iZiI6MTc3NjY5ODEwMCwib3JnIjoxLCJvbmx5Q2hhbm5lbHMiOlsic2xlLW1vZHVsZS1iYXNlc3lzdGVtMTUtc3A3LXBvb2wteDg2XzY0Il19.g8-wW0G81qvmvQm6FUBxu-Jb7XkpmUact80kNhnSV6I HTTP/1.1" 200 3664
172.16.3.7 - - [20/Apr/2026:17:18:41 +0200] "HEAD /rhn/manager/download/sle-module-basesystem15-sp7-pool-x86_64/getPackage/NULL/5e2ff037017f9ba5d5a2df46ce618e97a4e3ff8d25d48b9d118d6c864e628ff1/bea-stax-api-1.2.0-150200.11.3.1.noarch.rpm?eyJhbGciOiJIUzI1NiJ9.eyJqdGkiOiJpOTFOdlFOeFJ6T0tzcTlJSGdmSEZnIiwiZXhwIjoxODA4MjM0MjIwLCJpYXQiOjE3NzY2OTgyMjAsIm5iZiI6MTc3NjY5ODEwMCwib3JnIjoxLCJvbmx5Q2hhbm5lbHMiOlsic2xlLW1vZHVsZS1iYXNlc3lzdGVtMTUtc3A3LXBvb2wteDg2XzY0Il19.g8-wW0G81qvmvQm6FUBxu-Jb7XkpmUact80kNhnSV6I HTTP/1.1" 200 -
172.16.3.7 - - [20/Apr/2026:17:18:41 +0200] "GET /rhn/manager/download/sle-module-basesystem15-sp7-pool-x86_64/getPackage/NULL/5e2ff037017f9ba5d5a2df46ce618e97a4e3ff8d25d48b9d118d6c864e628ff1/bea-stax-api-1.2.0-150200.11.3.1.noarch.rpm?eyJhbGciOiJIUzI1NiJ9.eyJqdGkiOiJpOTFOdlFOeFJ6T0tzcTlJSGdmSEZnIiwiZXhwIjoxODA4MjM0MjIwLCJpYXQiOjE3NzY2OTgyMjAsIm5iZiI6MTc3NjY5ODEwMCwib3JnIjoxLCJvbmx5Q2hhbm5lbHMiOlsic2xlLW1vZHVsZS1iYXNlc3lzdGVtMTUtc3A3LXBvb2wteDg2XzY0Il19.g8-wW0G81qvmvQm6FUBxu-Jb7XkpmUact80kNhnSV6I HTTP/1.1" 200 3664
172.16.3.7 - - [20/Apr/2026:17:18:41 +0200] "HEAD /rhn/manager/download/sle-module-basesystem15-sp7-pool-x86_64/getPackage/NULL/9bbe9e61a0ee4046875eb9c0648612187b32937b342396ac07a259c661f3ca0e/xalan-j2-2.7.3-150200.11.7.1.noarch.rpm?eyJhbGciOiJIUzI1NiJ9.eyJqdGkiOiJpOTFOdlFOeFJ6T0tzcTlJSGdmSEZnIiwiZXhwIjoxODA4MjM0MjIwLCJpYXQiOjE3NzY2OTgyMjAsIm5iZiI6MTc3NjY5ODEwMCwib3JnIjoxLCJvbmx5Q2hhbm5lbHMiOlsic2xlLW1vZHVsZS1iYXNlc3lzdGVtMTUtc3A3LXBvb2wteDg2XzY0Il19.g8-wW0G81qvmvQm6FUBxu-Jb7XkpmUact80kNhnSV6I HTTP/1.1" 200 -
172.16.3.5 - - [20/Apr/2026:17:18:41 +0200] "POST /rhn/manager/frontend-log HTTP/1.1" 200 16
127.0.0.1 - - [20/Apr/2026:17:18:41 +0200] "GET /rhn/websocket/notifications HTTP/1.1" 101 -
172.16.3.7 - - [20/Apr/2026:17:18:41 +0200] "GET /rhn/manager/download/sle-module-basesystem15-sp7-pool-x86_64/getPackage/NULL/9bbe9e61a0ee4046875eb9c0648612187b32937b342396ac07a259c661f3ca0e/xalan-j2-2.7.3-150200.11.7.1.noarch.rpm?eyJhbGciOiJIUzI1NiJ9.eyJqdGkiOiJpOTFOdlFOeFJ6T0tzcTlJSGdmSEZnIiwiZXhwIjoxODA4MjM0MjIwLCJpYXQiOjE3NzY2OTgyMjAsIm5iZiI6MTc3NjY5ODEwMCwib3JnIjoxLCJvbmx5Q2hhbm5lbHMiOlsic2xlLW1vZHVsZS1iYXNlc3lzdGVtMTUtc3A3LXBvb2wteDg2XzY0Il19.g8-wW0G81qvmvQm6FUBxu-Jb7XkpmUact80kNhnSV6I HTTP/1.1" 200 3664
172.16.3.7 - - [20/Apr/2026:17:18:41 +0200] "HEAD /rhn/manager/download/sle-module-basesystem15-sp7-pool-x86_64/getPackage/NULL/3403b83b0ede1da28d40182ec4bcae00564389adcc98a4b334e823a1cec00fdf/xerces-j2-2.12.2-150200.3.10.2.noarch.rpm?eyJhbGciOiJIUzI1NiJ9.eyJqdGkiOiJpOTFOdlFOeFJ6T0tzcTlJSGdmSEZnIiwiZXhwIjoxODA4MjM0MjIwLCJpYXQiOjE3NzY2OTgyMjAsIm5iZiI6MTc3NjY5ODEwMCwib3JnIjoxLCJvbmx5Q2hhbm5lbHMiOlsic2xlLW1vZHVsZS1iYXNlc3lzdGVtMTUtc3A3LXBvb2wteDg2XzY0Il19.g8-wW0G81qvmvQm6FUBxu-Jb7XkpmUact80kNhnSV6I HTTP/1.1" 200 -
172.16.3.7 - - [20/Apr/2026:17:18:41 +0200] "GET /rhn/manager/download/sle-module-basesystem15-sp7-pool-x86_64/getPackage/NULL/3403b83b0ede1da28d40182ec4bcae00564389adcc98a4b334e823a1cec00fdf/xerces-j2-2.12.2-150200.3.10.2.noarch.rpm?eyJhbGciOiJIUzI1NiJ9.eyJqdGkiOiJpOTFOdlFOeFJ6T0tzcTlJSGdmSEZnIiwiZXhwIjoxODA4MjM0MjIwLCJpYXQiOjE3NzY2OTgyMjAsIm5iZiI6MTc3NjY5ODEwMCwib3JnIjoxLCJvbmx5Q2hhbm5lbHMiOlsic2xlLW1vZHVsZS1iYXNlc3lzdGVtMTUtc3A3LXBvb2wteDg2XzY0Il19.g8-wW0G81qvmvQm6FUBxu-Jb7XkpmUact80kNhnSV6I HTTP/1.1" 200 3664
172.16.3.7 - - [20/Apr/2026:17:18:41 +0200] "HEAD /rhn/manager/download/sle-module-basesystem15-sp7-pool-x86_64/getPackage/NULL/69c2adcf3e22a483d01dc809644db379b278c5c9d26390d6d77d2d7046cc59cf/bea-stax-1.2.0-150200.11.3.1.noarch.rpm?eyJhbGciOiJIUzI1NiJ9.eyJqdGkiOiJpOTFOdlFOeFJ6T0tzcTlJSGdmSEZnIiwiZXhwIjoxODA4MjM0MjIwLCJpYXQiOjE3NzY2OTgyMjAsIm5iZiI6MTc3NjY5ODEwMCwib3JnIjoxLCJvbmx5Q2hhbm5lbHMiOlsic2xlLW1vZHVsZS1iYXNlc3lzdGVtMTUtc3A3LXBvb2wteDg2XzY0Il19.g8-wW0G81qvmvQm6FUBxu-Jb7XkpmUact80kNhnSV6I HTTP/1.1" 200 -
172.16.3.7 - - [20/Apr/2026:17:18:41 +0200] "GET /rhn/manager/download/sle-module-basesystem15-sp7-pool-x86_64/getPackage/NULL/69c2adcf3e22a483d01dc809644db379b278c5c9d26390d6d77d2d7046cc59cf/bea-stax-1.2.0-150200.11.3.1.noarch.rpm?eyJhbGciOiJIUzI1NiJ9.eyJqdGkiOiJpOTFOdlFOeFJ6T0tzcTlJSGdmSEZnIiwiZXhwIjoxODA4MjM0MjIwLCJpYXQiOjE3NzY2OTgyMjAsIm5iZiI6MTc3NjY5ODEwMCwib3JnIjoxLCJvbmx5Q2hhbm5lbHMiOlsic2xlLW1vZHVsZS1iYXNlc3lzdGVtMTUtc3A3LXBvb2wteDg2XzY0Il19.g8-wW0G81qvmvQm6FUBxu-Jb7XkpmUact80kNhnSV6I HTTP/1.1" 200 3664
172.16.3.7 - - [20/Apr/2026:17:18:41 +0200] "HEAD /rhn/manager/download/sle-module-basesystem15-sp7-pool-x86_64/getPackage/NULL/aea6db92173e4435a577a9d45db2d92885793bace007a83b6cc9ebf7966ea089/saxon9-9.4.0.7-150200.12.4.3.noarch.rpm?eyJhbGciOiJIUzI1NiJ9.eyJqdGkiOiJpOTFOdlFOeFJ6T0tzcTlJSGdmSEZnIiwiZXhwIjoxODA4MjM0MjIwLCJpYXQiOjE3NzY2OTgyMjAsIm5iZiI6MTc3NjY5ODEwMCwib3JnIjoxLCJvbmx5Q2hhbm5lbHMiOlsic2xlLW1vZHVsZS1iYXNlc3lzdGVtMTUtc3A3LXBvb2wteDg2XzY0Il19.g8-wW0G81qvmvQm6FUBxu-Jb7XkpmUact80kNhnSV6I HTTP/1.1" 200 -
172.16.3.7 - - [20/Apr/2026:17:18:42 +0200] "GET /rhn/manager/download/sle-module-basesystem15-sp7-pool-x86_64/getPackage/NULL/aea6db92173e4435a577a9d45db2d92885793bace007a83b6cc9ebf7966ea089/saxon9-9.4.0.7-150200.12.4.3.noarch.rpm?eyJhbGciOiJIUzI1NiJ9.eyJqdGkiOiJpOTFOdlFOeFJ6T0tzcTlJSGdmSEZnIiwiZXhwIjoxODA4MjM0MjIwLCJpYXQiOjE3NzY2OTgyMjAsIm5iZiI6MTc3NjY5ODEwMCwib3JnIjoxLCJvbmx5Q2hhbm5lbHMiOlsic2xlLW1vZHVsZS1iYXNlc3lzdGVtMTUtc3A3LXBvb2wteDg2XzY0Il19.g8-wW0G81qvmvQm6FUBxu-Jb7XkpmUact80kNhnSV6I HTTP/1.1" 200 3664
172.16.3.7 - - [20/Apr/2026:17:18:42 +0200] "HEAD /rhn/manager/download/sle-module-python3-15-sp7-pool-x86_64/getPackage/NULL/c36d94e818cfbc4b59add7a2ec5773ba26bc25eedc8abb30460144dcf0b53439/python311-lxml-4.9.3-150400.8.8.1.x86_64.rpm?eyJhbGciOiJIUzI1NiJ9.eyJqdGkiOiJubVJ0cUNGODlZTEpxR2l4REpLeTVnIiwiZXhwIjoxODA4MjM0MjIwLCJpYXQiOjE3NzY2OTgyMjAsIm5iZiI6MTc3NjY5ODEwMCwib3JnIjoxLCJvbmx5Q2hhbm5lbHMiOlsic2xlLW1vZHVsZS1weXRob24zLTE1LXNwNy1wb29sLXg4Nl82NCJdfQ.nqy34RtOJY3xaeoPnBg5Cmac4j76lSEt2xYoKishYFI HTTP/1.1" 200 -
172.16.3.7 - - [20/Apr/2026:17:18:42 +0200] "GET /rhn/manager/download/sle-module-python3-15-sp7-pool-x86_64/getPackage/NULL/c36d94e818cfbc4b59add7a2ec5773ba26bc25eedc8abb30460144dcf0b53439/python311-lxml-4.9.3-150400.8.8.1.x86_64.rpm?eyJhbGciOiJIUzI1NiJ9.eyJqdGkiOiJubVJ0cUNGODlZTEpxR2l4REpLeTVnIiwiZXhwIjoxODA4MjM0MjIwLCJpYXQiOjE3NzY2OTgyMjAsIm5iZiI6MTc3NjY5ODEwMCwib3JnIjoxLCJvbmx5Q2hhbm5lbHMiOlsic2xlLW1vZHVsZS1weXRob24zLTE1LXNwNy1wb29sLXg4Nl82NCJdfQ.nqy34RtOJY3xaeoPnBg5Cmac4j76lSEt2xYoKishYFI HTTP/1.1" 200 3664
172.16.3.5 - - [20/Apr/2026:17:18:42 +0200] "GET /rhn/systems/details/history/History.do?sid=1000010002& HTTP/1.1" 200 47552
172.16.3.7 - - [20/Apr/2026:17:18:42 +0200] "HEAD /rhn/manager/download/sle-module-basesystem15-sp7-updates-x86_64/getPackage/NULL/0349d72912323bcef256b8ebea6df8a74f89f0f4aea32b0d1b04e5ce5b220140/libibverbs1-54.0-150700.3.2.1.x86_64.rpm?eyJhbGciOiJIUzI1NiJ9.eyJqdGkiOiJwU3V4RU9NZjI4RUliQmpLS2UxTU5RIiwiZXhwIjoxODA4MjM0MjIwLCJpYXQiOjE3NzY2OTgyMjAsIm5iZiI6MTc3NjY5ODEwMCwib3JnIjoxLCJvbmx5Q2hhbm5lbHMiOlsic2xlLW1vZHVsZS1iYXNlc3lzdGVtMTUtc3A3LXVwZGF0ZXMteDg2XzY0Il19.j90FXHKTwXI58Sli3elTNpuvyhEMBx96dNnzBNP0ILI HTTP/1.1" 200 -
172.16.3.5 - - [20/Apr/2026:17:18:42 +0200] "POST /rhn/manager/frontend-log HTTP/1.1" 200 16
172.16.3.7 - - [20/Apr/2026:17:18:42 +0200] "GET /rhn/manager/download/sle-module-basesystem15-sp7-updates-x86_64/getPackage/NULL/0349d72912323bcef256b8ebea6df8a74f89f0f4aea32b0d1b04e5ce5b220140/libibverbs1-54.0-150700.3.2.1.x86_64.rpm?eyJhbGciOiJIUzI1NiJ9.eyJqdGkiOiJwU3V4RU9NZjI4RUliQmpLS2UxTU5RIiwiZXhwIjoxODA4MjM0MjIwLCJpYXQiOjE3NzY2OTgyMjAsIm5iZiI6MTc3NjY5ODEwMCwib3JnIjoxLCJvbmx5Q2hhbm5lbHMiOlsic2xlLW1vZHVsZS1iYXNlc3lzdGVtMTUtc3A3LXVwZGF0ZXMteDg2XzY0Il19.j90FXHKTwXI58Sli3elTNpuvyhEMBx96dNnzBNP0ILI HTTP/1.1" 200 3664
127.0.0.1 - - [20/Apr/2026:17:18:42 +0200] "GET /rhn/websocket/notifications HTTP/1.1" 101 -
172.16.3.7 - - [20/Apr/2026:17:18:42 +0200] "HEAD /rhn/manager/download/sle-module-basesystem15-sp7-updates-x86_64/getPackage/NULL/ff58eff51143e93ebc83f27b4edc10ed90993640c5d1003b2e374c7afc11172c/libefa1-54.0-150700.3.2.1.x86_64.rpm?eyJhbGciOiJIUzI1NiJ9.eyJqdGkiOiJwU3V4RU9NZjI4RUliQmpLS2UxTU5RIiwiZXhwIjoxODA4MjM0MjIwLCJpYXQiOjE3NzY2OTgyMjAsIm5iZiI6MTc3NjY5ODEwMCwib3JnIjoxLCJvbmx5Q2hhbm5lbHMiOlsic2xlLW1vZHVsZS1iYXNlc3lzdGVtMTUtc3A3LXVwZGF0ZXMteDg2XzY0Il19.j90FXHKTwXI58Sli3elTNpuvyhEMBx96dNnzBNP0ILI HTTP/1.1" 200 -
172.16.3.5 - - [20/Apr/2026:17:18:42 +0200] "GET /rhn/systems/details/history/Pending.do?sid=1000010001& HTTP/1.1" 200 40265
172.16.3.7 - - [20/Apr/2026:17:18:42 +0200] "GET /rhn/manager/download/sle-module-basesystem15-sp7-updates-x86_64/getPackage/NULL/ff58eff51143e93ebc83f27b4edc10ed90993640c5d1003b2e374c7afc11172c/libefa1-54.0-150700.3.2.1.x86_64.rpm?eyJhbGciOiJIUzI1NiJ9.eyJqdGkiOiJwU3V4RU9NZjI4RUliQmpLS2UxTU5RIiwiZXhwIjoxODA4MjM0MjIwLCJpYXQiOjE3NzY2OTgyMjAsIm5iZiI6MTc3NjY5ODEwMCwib3JnIjoxLCJvbmx5Q2hhbm5lbHMiOlsic2xlLW1vZHVsZS1iYXNlc3lzdGVtMTUtc3A3LXVwZGF0ZXMteDg2XzY0Il19.j90FXHKTwXI58Sli3elTNpuvyhEMBx96dNnzBNP0ILI HTTP/1.1" 200 3664
172.16.3.7 - - [20/Apr/2026:17:18:42 +0200] "HEAD /rhn/manager/download/sle-module-basesystem15-sp7-updates-x86_64/getPackage/NULL/3ab63fed3194f6710be40fc7d2e268cb976e44a366ea2ca8e511a3529f2e620a/libhns1-54.0-150700.3.2.1.x86_64.rpm?eyJhbGciOiJIUzI1NiJ9.eyJqdGkiOiJwU3V4RU9NZjI4RUliQmpLS2UxTU5RIiwiZXhwIjoxODA4MjM0MjIwLCJpYXQiOjE3NzY2OTgyMjAsIm5iZiI6MTc3NjY5ODEwMCwib3JnIjoxLCJvbmx5Q2hhbm5lbHMiOlsic2xlLW1vZHVsZS1iYXNlc3lzdGVtMTUtc3A3LXVwZGF0ZXMteDg2XzY0Il19.j90FXHKTwXI58Sli3elTNpuvyhEMBx96dNnzBNP0ILI HTTP/1.1" 200 -
172.16.3.7 - - [20/Apr/2026:17:18:42 +0200] "GET /rhn/manager/download/sle-module-basesystem15-sp7-updates-x86_64/getPackage/NULL/3ab63fed3194f6710be40fc7d2e268cb976e44a366ea2ca8e511a3529f2e620a/libhns1-54.0-150700.3.2.1.x86_64.rpm?eyJhbGciOiJIUzI1NiJ9.eyJqdGkiOiJwU3V4RU9NZjI4RUliQmpLS2UxTU5RIiwiZXhwIjoxODA4MjM0MjIwLCJpYXQiOjE3NzY2OTgyMjAsIm5iZiI6MTc3NjY5ODEwMCwib3JnIjoxLCJvbmx5Q2hhbm5lbHMiOlsic2xlLW1vZHVsZS1iYXNlc3lzdGVtMTUtc3A3LXVwZGF0ZXMteDg2XzY0Il19.j90FXHKTwXI58Sli3elTNpuvyhEMBx96dNnzBNP0ILI HTTP/1.1" 200 3664
172.16.3.5 - - [20/Apr/2026:17:18:42 +0200] "POST /rhn/manager/frontend-log HTTP/1.1" 200 16
127.0.0.1 - - [20/Apr/2026:17:18:42 +0200] "GET /rhn/websocket/notifications HTTP/1.1" 101 -
172.16.3.7 - - [20/Apr/2026:17:18:42 +0200] "HEAD /rhn/manager/download/sle-module-basesystem15-sp7-updates-x86_64/getPackage/NULL/b572948bec34da25376b040fc63f5bc5a097d6e8e6e14fbc8dac9be9b3d4aa11/libmlx5-1-54.0-150700.3.2.1.x86_64.rpm?eyJhbGciOiJIUzI1NiJ9.eyJqdGkiOiJwU3V4RU9NZjI4RUliQmpLS2UxTU5RIiwiZXhwIjoxODA4MjM0MjIwLCJpYXQiOjE3NzY2OTgyMjAsIm5iZiI6MTc3NjY5ODEwMCwib3JnIjoxLCJvbmx5Q2hhbm5lbHMiOlsic2xlLW1vZHVsZS1iYXNlc3lzdGVtMTUtc3A3LXVwZGF0ZXMteDg2XzY0Il19.j90FXHKTwXI58Sli3elTNpuvyhEMBx96dNnzBNP0ILI HTTP/1.1" 200 -
172.16.3.7 - - [20/Apr/2026:17:18:42 +0200] "GET /rhn/manager/download/sle-module-basesystem15-sp7-updates-x86_64/getPackage/NULL/b572948bec34da25376b040fc63f5bc5a097d6e8e6e14fbc8dac9be9b3d4aa11/libmlx5-1-54.0-150700.3.2.1.x86_64.rpm?eyJhbGciOiJIUzI1NiJ9.eyJqdGkiOiJwU3V4RU9NZjI4RUliQmpLS2UxTU5RIiwiZXhwIjoxODA4MjM0MjIwLCJpYXQiOjE3NzY2OTgyMjAsIm5iZiI6MTc3NjY5ODEwMCwib3JnIjoxLCJvbmx5Q2hhbm5lbHMiOlsic2xlLW1vZHVsZS1iYXNlc3lzdGVtMTUtc3A3LXVwZGF0ZXMteDg2XzY0Il19.j90FXHKTwXI58Sli3elTNpuvyhEMBx96dNnzBNP0ILI HTTP/1.1" 200 3664
172.16.3.5 - - [20/Apr/2026:17:18:42 +0200] "POST /rhn/manager/frontend-log HTTP/1.1" 200 16
172.16.3.7 - - [20/Apr/2026:17:18:43 +0200] "HEAD /rhn/manager/download/sle-module-basesystem15-sp7-updates-x86_64/getPackage/NULL/1e1347f2cf8655244d4c46fb93630a47984a2c99f1f4fa0645f3f4e449eae00a/libmlx4-1-54.0-150700.3.2.1.x86_64.rpm?eyJhbGciOiJIUzI1NiJ9.eyJqdGkiOiJwU3V4RU9NZjI4RUliQmpLS2UxTU5RIiwiZXhwIjoxODA4MjM0MjIwLCJpYXQiOjE3NzY2OTgyMjAsIm5iZiI6MTc3NjY5ODEwMCwib3JnIjoxLCJvbmx5Q2hhbm5lbHMiOlsic2xlLW1vZHVsZS1iYXNlc3lzdGVtMTUtc3A3LXVwZGF0ZXMteDg2XzY0Il19.j90FXHKTwXI58Sli3elTNpuvyhEMBx96dNnzBNP0ILI HTTP/1.1" 200 -
172.16.3.7 - - [20/Apr/2026:17:18:43 +0200] "GET /rhn/manager/download/sle-module-basesystem15-sp7-updates-x86_64/getPackage/NULL/1e1347f2cf8655244d4c46fb93630a47984a2c99f1f4fa0645f3f4e449eae00a/libmlx4-1-54.0-150700.3.2.1.x86_64.rpm?eyJhbGciOiJIUzI1NiJ9.eyJqdGkiOiJwU3V4RU9NZjI4RUliQmpLS2UxTU5RIiwiZXhwIjoxODA4MjM0MjIwLCJpYXQiOjE3NzY2OTgyMjAsIm5iZiI6MTc3NjY5ODEwMCwib3JnIjoxLCJvbmx5Q2hhbm5lbHMiOlsic2xlLW1vZHVsZS1iYXNlc3lzdGVtMTUtc3A3LXVwZGF0ZXMteDg2XzY0Il19.j90FXHKTwXI58Sli3elTNpuvyhEMBx96dNnzBNP0ILI HTTP/1.1" 200 3663
172.16.3.7 - - [20/Apr/2026:17:18:43 +0200] "HEAD /rhn/manager/download/sle-module-basesystem15-sp7-updates-x86_64/getPackage/NULL/6a24dc9d64ccaadf03cd23b0824a0671c5db3161dec4504c7c12d98d64ba17b8/libmana1-54.0-150700.3.2.1.x86_64.rpm?eyJhbGciOiJIUzI1NiJ9.eyJqdGkiOiJwU3V4RU9NZjI4RUliQmpLS2UxTU5RIiwiZXhwIjoxODA4MjM0MjIwLCJpYXQiOjE3NzY2OTgyMjAsIm5iZiI6MTc3NjY5ODEwMCwib3JnIjoxLCJvbmx5Q2hhbm5lbHMiOlsic2xlLW1vZHVsZS1iYXNlc3lzdGVtMTUtc3A3LXVwZGF0ZXMteDg2XzY0Il19.j90FXHKTwXI58Sli3elTNpuvyhEMBx96dNnzBNP0ILI HTTP/1.1" 200 -
127.0.0.1 - - [20/Apr/2026:17:18:43 +0200] "GET /rhn/websocket/notifications HTTP/1.1" 101 -
172.16.3.7 - - [20/Apr/2026:17:18:43 +0200] "GET /rhn/manager/download/sle-module-basesystem15-sp7-updates-x86_64/getPackage/NULL/6a24dc9d64ccaadf03cd23b0824a0671c5db3161dec4504c7c12d98d64ba17b8/libmana1-54.0-150700.3.2.1.x86_64.rpm?eyJhbGciOiJIUzI1NiJ9.eyJqdGkiOiJwU3V4RU9NZjI4RUliQmpLS2UxTU5RIiwiZXhwIjoxODA4MjM0MjIwLCJpYXQiOjE3NzY2OTgyMjAsIm5iZiI6MTc3NjY5ODEwMCwib3JnIjoxLCJvbmx5Q2hhbm5lbHMiOlsic2xlLW1vZHVsZS1iYXNlc3lzdGVtMTUtc3A3LXVwZGF0ZXMteDg2XzY0Il19.j90FXHKTwXI58Sli3elTNpuvyhEMBx96dNnzBNP0ILI HTTP/1.1" 200 3664
172.16.3.7 - - [20/Apr/2026:17:18:43 +0200] "HEAD /rhn/manager/download/sle-module-basesystem15-sp7-updates-x86_64/getPackage/NULL/c534224c33ab1dd3d67ed4f22417e644b5b81c27caeaaab284ef9fc6eff48672/libibverbs-54.0-150700.3.2.1.x86_64.rpm?eyJhbGciOiJIUzI1NiJ9.eyJqdGkiOiJwU3V4RU9NZjI4RUliQmpLS2UxTU5RIiwiZXhwIjoxODA4MjM0MjIwLCJpYXQiOjE3NzY2OTgyMjAsIm5iZiI6MTc3NjY5ODEwMCwib3JnIjoxLCJvbmx5Q2hhbm5lbHMiOlsic2xlLW1vZHVsZS1iYXNlc3lzdGVtMTUtc3A3LXVwZGF0ZXMteDg2XzY0Il19.j90FXHKTwXI58Sli3elTNpuvyhEMBx96dNnzBNP0ILI HTTP/1.1" 200 -
172.16.3.7 - - [20/Apr/2026:17:18:43 +0200] "GET /rhn/manager/download/sle-module-basesystem15-sp7-updates-x86_64/getPackage/NULL/c534224c33ab1dd3d67ed4f22417e644b5b81c27caeaaab284ef9fc6eff48672/libibverbs-54.0-150700.3.2.1.x86_64.rpm?eyJhbGciOiJIUzI1NiJ9.eyJqdGkiOiJwU3V4RU9NZjI4RUliQmpLS2UxTU5RIiwiZXhwIjoxODA4MjM0MjIwLCJpYXQiOjE3NzY2OTgyMjAsIm5iZiI6MTc3NjY5ODEwMCwib3JnIjoxLCJvbmx5Q2hhbm5lbHMiOlsic2xlLW1vZHVsZS1iYXNlc3lzdGVtMTUtc3A3LXVwZGF0ZXMteDg2XzY0Il19.j90FXHKTwXI58Sli3elTNpuvyhEMBx96dNnzBNP0ILI HTTP/1.1" 200 3663
172.16.3.7 - - [20/Apr/2026:17:18:43 +0200] "HEAD /rhn/manager/download/sle-module-basesystem15-sp7-updates-x86_64/getPackage/NULL/ac404d0326844b5875c616f4ee5019002e3bd85be6f5c0d18dff1ad4d1e269a1/librdmacm1-54.0-150700.3.2.1.x86_64.rpm?eyJhbGciOiJIUzI1NiJ9.eyJqdGkiOiJwU3V4RU9NZjI4RUliQmpLS2UxTU5RIiwiZXhwIjoxODA4MjM0MjIwLCJpYXQiOjE3NzY2OTgyMjAsIm5iZiI6MTc3NjY5ODEwMCwib3JnIjoxLCJvbmx5Q2hhbm5lbHMiOlsic2xlLW1vZHVsZS1iYXNlc3lzdGVtMTUtc3A3LXVwZGF0ZXMteDg2XzY0Il19.j90FXHKTwXI58Sli3elTNpuvyhEMBx96dNnzBNP0ILI HTTP/1.1" 200 -
172.16.3.7 - - [20/Apr/2026:17:18:43 +0200] "GET /rhn/manager/download/sle-module-basesystem15-sp7-updates-x86_64/getPackage/NULL/ac404d0326844b5875c616f4ee5019002e3bd85be6f5c0d18dff1ad4d1e269a1/librdmacm1-54.0-150700.3.2.1.x86_64.rpm?eyJhbGciOiJIUzI1NiJ9.eyJqdGkiOiJwU3V4RU9NZjI4RUliQmpLS2UxTU5RIiwiZXhwIjoxODA4MjM0MjIwLCJpYXQiOjE3NzY2OTgyMjAsIm5iZiI6MTc3NjY5ODEwMCwib3JnIjoxLCJvbmx5Q2hhbm5lbHMiOlsic2xlLW1vZHVsZS1iYXNlc3lzdGVtMTUtc3A3LXVwZGF0ZXMteDg2XzY0Il19.j90FXHKTwXI58Sli3elTNpuvyhEMBx96dNnzBNP0ILI HTTP/1.1" 200 3664
172.16.3.5 - - [20/Apr/2026:17:18:43 +0200] "GET /rhn/systems/details/history/Event.do?sid=1000010002&aid=30 HTTP/1.1" 200 40601
172.16.3.7 - - [20/Apr/2026:17:18:43 +0200] "HEAD /rhn/manager/download/sle-module-devtools15-sp7-pool-x86_64/getPackage/NULL/34cce15fc4f8fced1b574f038b9797d50907505ccead06033ac5189553c60c9b/isorelax-0.1-150200.11.4.4.noarch.rpm?eyJhbGciOiJIUzI1NiJ9.eyJqdGkiOiIzdzVaWUZ0NG1ZTEpVR0hTM29FX1hnIiwiZXhwIjoxODA4MjM0MjIwLCJpYXQiOjE3NzY2OTgyMjAsIm5iZiI6MTc3NjY5ODEwMCwib3JnIjoxLCJvbmx5Q2hhbm5lbHMiOlsic2xlLW1vZHVsZS1kZXZ0b29sczE1LXNwNy1wb29sLXg4Nl82NCJdfQ.3XFogf_RwbevEZQNHv3_ysMABLvbpon0Qpqm8IOKmSk HTTP/1.1" 200 -
172.16.3.7 - - [20/Apr/2026:17:18:43 +0200] "GET /rhn/manager/download/sle-module-devtools15-sp7-pool-x86_64/getPackage/NULL/34cce15fc4f8fced1b574f038b9797d50907505ccead06033ac5189553c60c9b/isorelax-0.1-150200.11.4.4.noarch.rpm?eyJhbGciOiJIUzI1NiJ9.eyJqdGkiOiIzdzVaWUZ0NG1ZTEpVR0hTM29FX1hnIiwiZXhwIjoxODA4MjM0MjIwLCJpYXQiOjE3NzY2OTgyMjAsIm5iZiI6MTc3NjY5ODEwMCwib3JnIjoxLCJvbmx5Q2hhbm5lbHMiOlsic2xlLW1vZHVsZS1kZXZ0b29sczE1LXNwNy1wb29sLXg4Nl82NCJdfQ.3XFogf_RwbevEZQNHv3_ysMABLvbpon0Qpqm8IOKmSk HTTP/1.1" 200 3664
172.16.3.7 - - [20/Apr/2026:17:18:43 +0200] "HEAD /rhn/manager/download/sle-module-devtools15-sp7-pool-x86_64/getPackage/NULL/6694123fbaffdd805442c289f9baa2b81cc8344e0473f359c414b471f4af3802/saxon9-scripts-9.4.0.7-150200.12.4.3.noarch.rpm?eyJhbGciOiJIUzI1NiJ9.eyJqdGkiOiIzdzVaWUZ0NG1ZTEpVR0hTM29FX1hnIiwiZXhwIjoxODA4MjM0MjIwLCJpYXQiOjE3NzY2OTgyMjAsIm5iZiI6MTc3NjY5ODEwMCwib3JnIjoxLCJvbmx5Q2hhbm5lbHMiOlsic2xlLW1vZHVsZS1kZXZ0b29sczE1LXNwNy1wb29sLXg4Nl82NCJdfQ.3XFogf_RwbevEZQNHv3_ysMABLvbpon0Qpqm8IOKmSk HTTP/1.1" 200 -
127.0.0.1 - - [20/Apr/2026:17:18:43 +0200] "GET /rhn/websocket/notifications HTTP/1.1" 101 -
172.16.3.5 - - [20/Apr/2026:17:18:43 +0200] "POST /rhn/manager/frontend-log HTTP/1.1" 200 16
172.16.3.7 - - [20/Apr/2026:17:18:43 +0200] "GET /rhn/manager/download/sle-module-devtools15-sp7-pool-x86_64/getPackage/NULL/6694123fbaffdd805442c289f9baa2b81cc8344e0473f359c414b471f4af3802/saxon9-scripts-9.4.0.7-150200.12.4.3.noarch.rpm?eyJhbGciOiJIUzI1NiJ9.eyJqdGkiOiIzdzVaWUZ0NG1ZTEpVR0hTM29FX1hnIiwiZXhwIjoxODA4MjM0MjIwLCJpYXQiOjE3NzY2OTgyMjAsIm5iZiI6MTc3NjY5ODEwMCwib3JnIjoxLCJvbmx5Q2hhbm5lbHMiOlsic2xlLW1vZHVsZS1kZXZ0b29sczE1LXNwNy1wb29sLXg4Nl82NCJdfQ.3XFogf_RwbevEZQNHv3_ysMABLvbpon0Qpqm8IOKmSk HTTP/1.1" 200 3664
172.16.3.7 - - [20/Apr/2026:17:18:43 +0200] "HEAD /rhn/manager/download/sle-module-devtools15-sp7-pool-x86_64/getPackage/NULL/6de3c8442a6f536d7ade800b697e210d6bbab90bf75fd8860fbd48728dab08f6/jing-20220510-150200.10.7.3.noarch.rpm?eyJhbGciOiJIUzI1NiJ9.eyJqdGkiOiIzdzVaWUZ0NG1ZTEpVR0hTM29FX1hnIiwiZXhwIjoxODA4MjM0MjIwLCJpYXQiOjE3NzY2OTgyMjAsIm5iZiI6MTc3NjY5ODEwMCwib3JnIjoxLCJvbmx5Q2hhbm5lbHMiOlsic2xlLW1vZHVsZS1kZXZ0b29sczE1LXNwNy1wb29sLXg4Nl82NCJdfQ.3XFogf_RwbevEZQNHv3_ysMABLvbpon0Qpqm8IOKmSk HTTP/1.1" 200 -
172.16.3.7 - - [20/Apr/2026:17:18:43 +0200] "GET /rhn/manager/download/sle-module-devtools15-sp7-pool-x86_64/getPackage/NULL/6de3c8442a6f536d7ade800b697e210d6bbab90bf75fd8860fbd48728dab08f6/jing-20220510-150200.10.7.3.noarch.rpm?eyJhbGciOiJIUzI1NiJ9.eyJqdGkiOiIzdzVaWUZ0NG1ZTEpVR0hTM29FX1hnIiwiZXhwIjoxODA4MjM0MjIwLCJpYXQiOjE3NzY2OTgyMjAsIm5iZiI6MTc3NjY5ODEwMCwib3JnIjoxLCJvbmx5Q2hhbm5lbHMiOlsic2xlLW1vZHVsZS1kZXZ0b29sczE1LXNwNy1wb29sLXg4Nl82NCJdfQ.3XFogf_RwbevEZQNHv3_ysMABLvbpon0Qpqm8IOKmSk HTTP/1.1" 200 3664
172.16.3.7 - - [20/Apr/2026:17:18:43 +0200] "HEAD /rhn/manager/download/sle-module-basesystem15-sp7-pool-x86_64/getPackage/NULL/4a76efc70888ce5ef1b319a947eb2c3e1703b05583d2c08757342733da581462/librados2-16.2.13.66+g54799ee0666-150400.3.11.1.x86_64.rpm?eyJhbGciOiJIUzI1NiJ9.eyJqdGkiOiJpOTFOdlFOeFJ6T0tzcTlJSGdmSEZnIiwiZXhwIjoxODA4MjM0MjIwLCJpYXQiOjE3NzY2OTgyMjAsIm5iZiI6MTc3NjY5ODEwMCwib3JnIjoxLCJvbmx5Q2hhbm5lbHMiOlsic2xlLW1vZHVsZS1iYXNlc3lzdGVtMTUtc3A3LXBvb2wteDg2XzY0Il19.g8-wW0G81qvmvQm6FUBxu-Jb7XkpmUact80kNhnSV6I HTTP/1.1" 200 -
172.16.3.7 - - [20/Apr/2026:17:18:43 +0200] "GET /rhn/manager/download/sle-module-basesystem15-sp7-pool-x86_64/getPackage/NULL/4a76efc70888ce5ef1b319a947eb2c3e1703b05583d2c08757342733da581462/librados2-16.2.13.66+g54799ee0666-150400.3.11.1.x86_64.rpm?eyJhbGciOiJIUzI1NiJ9.eyJqdGkiOiJpOTFOdlFOeFJ6T0tzcTlJSGdmSEZnIiwiZXhwIjoxODA4MjM0MjIwLCJpYXQiOjE3NzY2OTgyMjAsIm5iZiI6MTc3NjY5ODEwMCwib3JnIjoxLCJvbmx5Q2hhbm5lbHMiOlsic2xlLW1vZHVsZS1iYXNlc3lzdGVtMTUtc3A3LXBvb2wteDg2XzY0Il19.g8-wW0G81qvmvQm6FUBxu-Jb7XkpmUact80kNhnSV6I HTTP/1.1" 200 3664
172.16.3.7 - - [20/Apr/2026:17:18:43 +0200] "HEAD /rhn/manager/download/sle-module-basesystem15-sp7-pool-x86_64/getPackage/NULL/edb25543d35191d49b08d6194a0a33d502b59a8a299f2e0b40922bb04083be63/librbd1-16.2.13.66+g54799ee0666-150400.3.11.1.x86_64.rpm?eyJhbGciOiJIUzI1NiJ9.eyJqdGkiOiJpOTFOdlFOeFJ6T0tzcTlJSGdmSEZnIiwiZXhwIjoxODA4MjM0MjIwLCJpYXQiOjE3NzY2OTgyMjAsIm5iZiI6MTc3NjY5ODEwMCwib3JnIjoxLCJvbmx5Q2hhbm5lbHMiOlsic2xlLW1vZHVsZS1iYXNlc3lzdGVtMTUtc3A3LXBvb2wteDg2XzY0Il19.g8-wW0G81qvmvQm6FUBxu-Jb7XkpmUact80kNhnSV6I HTTP/1.1" 200 -
172.16.3.7 - - [20/Apr/2026:17:18:44 +0200] "GET /rhn/manager/download/sle-module-basesystem15-sp7-pool-x86_64/getPackage/NULL/edb25543d35191d49b08d6194a0a33d502b59a8a299f2e0b40922bb04083be63/librbd1-16.2.13.66+g54799ee0666-150400.3.11.1.x86_64.rpm?eyJhbGciOiJIUzI1NiJ9.eyJqdGkiOiJpOTFOdlFOeFJ6T0tzcTlJSGdmSEZnIiwiZXhwIjoxODA4MjM0MjIwLCJpYXQiOjE3NzY2OTgyMjAsIm5iZiI6MTc3NjY5ODEwMCwib3JnIjoxLCJvbmx5Q2hhbm5lbHMiOlsic2xlLW1vZHVsZS1iYXNlc3lzdGVtMTUtc3A3LXBvb2wteDg2XzY0Il19.g8-wW0G81qvmvQm6FUBxu-Jb7XkpmUact80kNhnSV6I HTTP/1.1" 200 3664
172.16.3.7 - - [20/Apr/2026:17:18:44 +0200] "HEAD /rhn/manager/download/sle-module-devtools15-sp7-updates-x86_64/getPackage/NULL/ea44278121a6c2730e698d081eaea2220749704507693e7878dcffa27c5c89d4/kiwi-systemdeps-image-validation-10.2.33-150600.14.10.2.x86_64.rpm?eyJhbGciOiJIUzI1NiJ9.eyJqdGkiOiJyOGdBR2R0YUVoWEZUVFhnS21Vc0VRIiwiZXhwIjoxODA4MjM0MjIwLCJpYXQiOjE3NzY2OTgyMjAsIm5iZiI6MTc3NjY5ODEwMCwib3JnIjoxLCJvbmx5Q2hhbm5lbHMiOlsic2xlLW1vZHVsZS1kZXZ0b29sczE1LXNwNy11cGRhdGVzLXg4Nl82NCJdfQ.to4hkIKCYOt1Y8n133tlXFBNCXpNR2TsmTNa0-LpEgM HTTP/1.1" 200 -
172.16.3.5 - - [20/Apr/2026:17:18:44 +0200] "GET /rhn/systems/details/history/Event.do?sid=1000010005&aid=25 HTTP/1.1" 200 40521
172.16.3.7 - - [20/Apr/2026:17:18:44 +0200] "GET /rhn/manager/download/sle-module-devtools15-sp7-updates-x86_64/getPackage/NULL/ea44278121a6c2730e698d081eaea2220749704507693e7878dcffa27c5c89d4/kiwi-systemdeps-image-validation-10.2.33-150600.14.10.2.x86_64.rpm?eyJhbGciOiJIUzI1NiJ9.eyJqdGkiOiJyOGdBR2R0YUVoWEZUVFhnS21Vc0VRIiwiZXhwIjoxODA4MjM0MjIwLCJpYXQiOjE3NzY2OTgyMjAsIm5iZiI6MTc3NjY5ODEwMCwib3JnIjoxLCJvbmx5Q2hhbm5lbHMiOlsic2xlLW1vZHVsZS1kZXZ0b29sczE1LXNwNy11cGRhdGVzLXg4Nl82NCJdfQ.to4hkIKCYOt1Y8n133tlXFBNCXpNR2TsmTNa0-LpEgM HTTP/1.1" 200 3663
172.16.3.7 - - [20/Apr/2026:17:18:44 +0200] "HEAD /rhn/manager/download/sle-module-server-applications15-sp7-updates-x86_64/getPackage/NULL/272bf49487399c4c2045b4dad49a8271111191879b00c441125c6f85d859e8c8/qemu-block-rbd-9.2.4-150700.3.17.1.x86_64.rpm?eyJhbGciOiJIUzI1NiJ9.eyJqdGkiOiJqSVJ1TjBCVlRQQ0hJY0xmU0o3QlNBIiwiZXhwIjoxODA4MjM0MjIwLCJpYXQiOjE3NzY2OTgyMjAsIm5iZiI6MTc3NjY5ODEwMCwib3JnIjoxLCJvbmx5Q2hhbm5lbHMiOlsic2xlLW1vZHVsZS1zZXJ2ZXItYXBwbGljYXRpb25zMTUtc3A3LXVwZGF0ZXMteDg2XzY0Il19.2s8EVaw6Mdf0UrTPrZyyIfYwPeA1RydWNLCWkAdJIgY HTTP/1.1" 200 -
172.16.3.7 - - [20/Apr/2026:17:18:44 +0200] "GET /rhn/manager/download/sle-module-server-applications15-sp7-updates-x86_64/getPackage/NULL/272bf49487399c4c2045b4dad49a8271111191879b00c441125c6f85d859e8c8/qemu-block-rbd-9.2.4-150700.3.17.1.x86_64.rpm?eyJhbGciOiJIUzI1NiJ9.eyJqdGkiOiJqSVJ1TjBCVlRQQ0hJY0xmU0o3QlNBIiwiZXhwIjoxODA4MjM0MjIwLCJpYXQiOjE3NzY2OTgyMjAsIm5iZiI6MTc3NjY5ODEwMCwib3JnIjoxLCJvbmx5Q2hhbm5lbHMiOlsic2xlLW1vZHVsZS1zZXJ2ZXItYXBwbGljYXRpb25zMTUtc3A3LXVwZGF0ZXMteDg2XzY0Il19.2s8EVaw6Mdf0UrTPrZyyIfYwPeA1RydWNLCWkAdJIgY HTTP/1.1" 200 3664
172.16.3.5 - - [20/Apr/2026:17:18:44 +0200] "POST /rhn/manager/frontend-log HTTP/1.1" 200 16
172.16.3.7 - - [20/Apr/2026:17:18:44 +0200] "HEAD /rhn/manager/download/sle-module-basesystem15-sp7-updates-x86_64/getPackage/NULL/8d7d32f63987baae48508db92133a8f4d265aaf9a6630ae1be0c0e2144ea3d0c/qemu-tools-9.2.4-150700.3.17.1.x86_64.rpm?eyJhbGciOiJIUzI1NiJ9.eyJqdGkiOiJwU3V4RU9NZjI4RUliQmpLS2UxTU5RIiwiZXhwIjoxODA4MjM0MjIwLCJpYXQiOjE3NzY2OTgyMjAsIm5iZiI6MTc3NjY5ODEwMCwib3JnIjoxLCJvbmx5Q2hhbm5lbHMiOlsic2xlLW1vZHVsZS1iYXNlc3lzdGVtMTUtc3A3LXVwZGF0ZXMteDg2XzY0Il19.j90FXHKTwXI58Sli3elTNpuvyhEMBx96dNnzBNP0ILI HTTP/1.1" 200 -
172.16.3.7 - - [20/Apr/2026:17:18:44 +0200] "GET /rhn/manager/download/sle-module-basesystem15-sp7-updates-x86_64/getPackage/NULL/8d7d32f63987baae48508db92133a8f4d265aaf9a6630ae1be0c0e2144ea3d0c/qemu-tools-9.2.4-150700.3.17.1.x86_64.rpm?eyJhbGciOiJIUzI1NiJ9.eyJqdGkiOiJwU3V4RU9NZjI4RUliQmpLS2UxTU5RIiwiZXhwIjoxODA4MjM0MjIwLCJpYXQiOjE3NzY2OTgyMjAsIm5iZiI6MTc3NjY5ODEwMCwib3JnIjoxLCJvbmx5Q2hhbm5lbHMiOlsic2xlLW1vZHVsZS1iYXNlc3lzdGVtMTUtc3A3LXVwZGF0ZXMteDg2XzY0Il19.j90FXHKTwXI58Sli3elTNpuvyhEMBx96dNnzBNP0ILI HTTP/1.1" 200 3663
172.16.3.7 - - [20/Apr/2026:17:18:44 +0200] "HEAD /rhn/manager/download/sle-module-devtools15-sp7-updates-x86_64/getPackage/NULL/fcd2a8d00c3c334f166f05b6730ce8ea06740b32eebb520c274c5cdb4f4dcc84/kiwi-systemdeps-filesystems-10.2.33-150600.14.10.2.x86_64.rpm?eyJhbGciOiJIUzI1NiJ9.eyJqdGkiOiJyOGdBR2R0YUVoWEZUVFhnS21Vc0VRIiwiZXhwIjoxODA4MjM0MjIwLCJpYXQiOjE3NzY2OTgyMjAsIm5iZiI6MTc3NjY5ODEwMCwib3JnIjoxLCJvbmx5Q2hhbm5lbHMiOlsic2xlLW1vZHVsZS1kZXZ0b29sczE1LXNwNy11cGRhdGVzLXg4Nl82NCJdfQ.to4hkIKCYOt1Y8n133tlXFBNCXpNR2TsmTNa0-LpEgM HTTP/1.1" 200 -
172.16.3.7 - - [20/Apr/2026:17:18:44 +0200] "GET /rhn/manager/download/sle-module-devtools15-sp7-updates-x86_64/getPackage/NULL/fcd2a8d00c3c334f166f05b6730ce8ea06740b32eebb520c274c5cdb4f4dcc84/kiwi-systemdeps-filesystems-10.2.33-150600.14.10.2.x86_64.rpm?eyJhbGciOiJIUzI1NiJ9.eyJqdGkiOiJyOGdBR2R0YUVoWEZUVFhnS21Vc0VRIiwiZXhwIjoxODA4MjM0MjIwLCJpYXQiOjE3NzY2OTgyMjAsIm5iZiI6MTc3NjY5ODEwMCwib3JnIjoxLCJvbmx5Q2hhbm5lbHMiOlsic2xlLW1vZHVsZS1kZXZ0b29sczE1LXNwNy11cGRhdGVzLXg4Nl82NCJdfQ.to4hkIKCYOt1Y8n133tlXFBNCXpNR2TsmTNa0-LpEgM HTTP/1.1" 200 3664
127.0.0.1 - - [20/Apr/2026:17:18:44 +0200] "GET /rhn/websocket/notifications HTTP/1.1" 101 -
172.16.3.7 - - [20/Apr/2026:17:18:44 +0200] "HEAD /rhn/manager/download/sle-module-devtools15-sp7-updates-x86_64/getPackage/NULL/efaeb02e4773968e9fa6a8bb06579bb260bbec253ce881894c8581255f40a6d3/kiwi-systemdeps-iso-media-10.2.33-150600.14.10.2.x86_64.rpm?eyJhbGciOiJIUzI1NiJ9.eyJqdGkiOiJyOGdBR2R0YUVoWEZUVFhnS21Vc0VRIiwiZXhwIjoxODA4MjM0MjIwLCJpYXQiOjE3NzY2OTgyMjAsIm5iZiI6MTc3NjY5ODEwMCwib3JnIjoxLCJvbmx5Q2hhbm5lbHMiOlsic2xlLW1vZHVsZS1kZXZ0b29sczE1LXNwNy11cGRhdGVzLXg4Nl82NCJdfQ.to4hkIKCYOt1Y8n133tlXFBNCXpNR2TsmTNa0-LpEgM HTTP/1.1" 200 -
172.16.3.7 - - [20/Apr/2026:17:18:44 +0200] "GET /rhn/manager/download/sle-module-devtools15-sp7-updates-x86_64/getPackage/NULL/efaeb02e4773968e9fa6a8bb06579bb260bbec253ce881894c8581255f40a6d3/kiwi-systemdeps-iso-media-10.2.33-150600.14.10.2.x86_64.rpm?eyJhbGciOiJIUzI1NiJ9.eyJqdGkiOiJyOGdBR2R0YUVoWEZUVFhnS21Vc0VRIiwiZXhwIjoxODA4MjM0MjIwLCJpYXQiOjE3NzY2OTgyMjAsIm5iZiI6MTc3NjY5ODEwMCwib3JnIjoxLCJvbmx5Q2hhbm5lbHMiOlsic2xlLW1vZHVsZS1kZXZ0b29sczE1LXNwNy11cGRhdGVzLXg4Nl82NCJdfQ.to4hkIKCYOt1Y8n133tlXFBNCXpNR2TsmTNa0-LpEgM HTTP/1.1" 200 3663
172.16.3.5 - - [20/Apr/2026:17:18:44 +0200] "POST /rhn/manager/frontend-log HTTP/1.1" 200 16
172.16.3.7 - - [20/Apr/2026:17:18:44 +0200] "HEAD /rhn/manager/download/sle-module-devtools15-sp7-updates-x86_64/getPackage/NULL/10a96bc959e2f7029acde7a87fe98c763227a80f26a7af833206c84b8c981020/kiwi-systemdeps-disk-images-10.2.33-150600.14.10.2.x86_64.rpm?eyJhbGciOiJIUzI1NiJ9.eyJqdGkiOiJyOGdBR2R0YUVoWEZUVFhnS21Vc0VRIiwiZXhwIjoxODA4MjM0MjIwLCJpYXQiOjE3NzY2OTgyMjAsIm5iZiI6MTc3NjY5ODEwMCwib3JnIjoxLCJvbmx5Q2hhbm5lbHMiOlsic2xlLW1vZHVsZS1kZXZ0b29sczE1LXNwNy11cGRhdGVzLXg4Nl82NCJdfQ.to4hkIKCYOt1Y8n133tlXFBNCXpNR2TsmTNa0-LpEgM HTTP/1.1" 200 -
172.16.3.7 - - [20/Apr/2026:17:18:44 +0200] "GET /rhn/manager/download/sle-module-devtools15-sp7-updates-x86_64/getPackage/NULL/10a96bc959e2f7029acde7a87fe98c763227a80f26a7af833206c84b8c981020/kiwi-systemdeps-disk-images-10.2.33-150600.14.10.2.x86_64.rpm?eyJhbGciOiJIUzI1NiJ9.eyJqdGkiOiJyOGdBR2R0YUVoWEZUVFhnS21Vc0VRIiwiZXhwIjoxODA4MjM0MjIwLCJpYXQiOjE3NzY2OTgyMjAsIm5iZiI6MTc3NjY5ODEwMCwib3JnIjoxLCJvbmx5Q2hhbm5lbHMiOlsic2xlLW1vZHVsZS1kZXZ0b29sczE1LXNwNy11cGRhdGVzLXg4Nl82NCJdfQ.to4hkIKCYOt1Y8n133tlXFBNCXpNR2TsmTNa0-LpEgM HTTP/1.1" 200 3663
127.0.0.1 - - [20/Apr/2026:17:18:44 +0200] "GET /rhn/websocket/notifications HTTP/1.1" 101 -
172.16.3.7 - - [20/Apr/2026:17:18:44 +0200] "HEAD /rhn/manager/download/sle-module-devtools15-sp7-updates-x86_64/getPackage/NULL/f6eb6af39a810c94545c27a6ce2e8ac6318c23d5c5405b414eb304cc1080e8a5/kiwi-systemdeps-10.2.33-150600.14.10.2.x86_64.rpm?eyJhbGciOiJIUzI1NiJ9.eyJqdGkiOiJyOGdBR2R0YUVoWEZUVFhnS21Vc0VRIiwiZXhwIjoxODA4MjM0MjIwLCJpYXQiOjE3NzY2OTgyMjAsIm5iZiI6MTc3NjY5ODEwMCwib3JnIjoxLCJvbmx5Q2hhbm5lbHMiOlsic2xlLW1vZHVsZS1kZXZ0b29sczE1LXNwNy11cGRhdGVzLXg4Nl82NCJdfQ.to4hkIKCYOt1Y8n133tlXFBNCXpNR2TsmTNa0-LpEgM HTTP/1.1" 200 -
172.16.3.7 - - [20/Apr/2026:17:18:44 +0200] "GET /rhn/manager/download/sle-module-devtools15-sp7-updates-x86_64/getPackage/NULL/f6eb6af39a810c94545c27a6ce2e8ac6318c23d5c5405b414eb304cc1080e8a5/kiwi-systemdeps-10.2.33-150600.14.10.2.x86_64.rpm?eyJhbGciOiJIUzI1NiJ9.eyJqdGkiOiJyOGdBR2R0YUVoWEZUVFhnS21Vc0VRIiwiZXhwIjoxODA4MjM0MjIwLCJpYXQiOjE3NzY2OTgyMjAsIm5iZiI6MTc3NjY5ODEwMCwib3JnIjoxLCJvbmx5Q2hhbm5lbHMiOlsic2xlLW1vZHVsZS1kZXZ0b29sczE1LXNwNy11cGRhdGVzLXg4Nl82NCJdfQ.to4hkIKCYOt1Y8n133tlXFBNCXpNR2TsmTNa0-LpEgM HTTP/1.1" 200 3664
172.16.3.7 - - [20/Apr/2026:17:18:44 +0200] "HEAD /rhn/manager/download/sle-module-devtools15-sp7-updates-x86_64/getPackage/NULL/f9856e1a688d767cec942efd320a4c443a01691552137403bdc25c24e1806ea6/python311-kiwi-10.2.33-150600.14.10.2.x86_64.rpm?eyJhbGciOiJIUzI1NiJ9.eyJqdGkiOiJyOGdBR2R0YUVoWEZUVFhnS21Vc0VRIiwiZXhwIjoxODA4MjM0MjIwLCJpYXQiOjE3NzY2OTgyMjAsIm5iZiI6MTc3NjY5ODEwMCwib3JnIjoxLCJvbmx5Q2hhbm5lbHMiOlsic2xlLW1vZHVsZS1kZXZ0b29sczE1LXNwNy11cGRhdGVzLXg4Nl82NCJdfQ.to4hkIKCYOt1Y8n133tlXFBNCXpNR2TsmTNa0-LpEgM HTTP/1.1" 200 -
172.16.3.7 - - [20/Apr/2026:17:18:44 +0200] "GET /rhn/manager/download/sle-module-devtools15-sp7-updates-x86_64/getPackage/NULL/f9856e1a688d767cec942efd320a4c443a01691552137403bdc25c24e1806ea6/python311-kiwi-10.2.33-150600.14.10.2.x86_64.rpm?eyJhbGciOiJIUzI1NiJ9.eyJqdGkiOiJyOGdBR2R0YUVoWEZUVFhnS21Vc0VRIiwiZXhwIjoxODA4MjM0MjIwLCJpYXQiOjE3NzY2OTgyMjAsIm5iZiI6MTc3NjY5ODEwMCwib3JnIjoxLCJvbmx5Q2hhbm5lbHMiOlsic2xlLW1vZHVsZS1kZXZ0b29sczE1LXNwNy11cGRhdGVzLXg4Nl82NCJdfQ.to4hkIKCYOt1Y8n133tlXFBNCXpNR2TsmTNa0-LpEgM HTTP/1.1" 200 3664
172.16.3.5 - - [20/Apr/2026:17:18:48 +0200] "GET /rhn/systems/details/history/Event.do?sid=1000010004&aid=20 HTTP/1.1" 200 40585
172.16.3.5 - - [20/Apr/2026:17:18:48 +0200] "POST /rhn/manager/frontend-log HTTP/1.1" 200 16
127.0.0.1 - - [20/Apr/2026:17:18:48 +0200] "GET /rhn/websocket/notifications HTTP/1.1" 101 -
172.16.3.5 - - [20/Apr/2026:17:18:48 +0200] "POST /rhn/manager/frontend-log HTTP/1.1" 200 16
127.0.0.1 - - [20/Apr/2026:17:18:48 +0200] "GET /rhn/websocket/notifications HTTP/1.1" 101 -
::1 - - [20/Apr/2026:17:18:49 +0200] "GET /rhn/manager/login HTTP/1.1" 302 -
172.16.3.5 - - [20/Apr/2026:17:18:53 +0200] "GET /rhn/systems/details/history/Event.do?sid=1000010002&aid=30 HTTP/1.1" 200 40542
172.16.3.5 - - [20/Apr/2026:17:18:53 +0200] "POST /rhn/manager/frontend-log HTTP/1.1" 200 16
127.0.0.1 - - [20/Apr/2026:17:18:53 +0200] "GET /rhn/websocket/notifications HTTP/1.1" 101 -
172.16.3.5 - - [20/Apr/2026:17:18:53 +0200] "POST /rhn/manager/frontend-log HTTP/1.1" 200 16
172.16.3.5 - - [20/Apr/2026:17:18:53 +0200] "GET /rhn/systems/details/history/History.do?sid=1000010001& HTTP/1.1" 200 47628
127.0.0.1 - - [20/Apr/2026:17:18:53 +0200] "GET /rhn/websocket/notifications HTTP/1.1" 101 -
172.16.3.5 - - [20/Apr/2026:17:18:53 +0200] "POST /rhn/manager/frontend-log HTTP/1.1" 200 16
127.0.0.1 - - [20/Apr/2026:17:18:53 +0200] "GET /rhn/websocket/notifications HTTP/1.1" 101 -
172.16.3.5 - - [20/Apr/2026:17:18:54 +0200] "GET /rhn/systems/details/history/Event.do?sid=1000010001&aid=29 HTTP/1.1" 200 40564
127.0.0.1 - - [20/Apr/2026:17:18:54 +0200] "GET /rhn/websocket/notifications HTTP/1.1" 101 -
172.16.3.5 - - [20/Apr/2026:17:18:54 +0200] "POST /rhn/manager/frontend-log HTTP/1.1" 200 16
172.16.3.5 - - [20/Apr/2026:17:18:54 +0200] "GET /rhn/systems/details/history/Pending.do?sid=1000010005& HTTP/1.1" 200 40262
172.16.3.5 - - [20/Apr/2026:17:18:54 +0200] "POST /rhn/manager/api/auth/login HTTP/1.1" 200 16
127.0.0.1 - - [20/Apr/2026:17:18:55 +0200] "GET /rhn/websocket/notifications HTTP/1.1" 101 -
172.16.3.5 - - [20/Apr/2026:17:18:55 +0200] "POST /rhn/manager/frontend-log HTTP/1.1" 200 16
172.16.3.5 - - [20/Apr/2026:17:18:55 +0200] "POST /rhn/manager/api/system/searchByName HTTP/1.1" 200 165
172.16.3.5 - - [20/Apr/2026:17:18:55 +0200] "GET /rhn/manager/api/auth/logout HTTP/1.1" 200 16
172.16.3.5 - - [20/Apr/2026:17:18:55 +0200] "GET /rhn/systems/details/history/Pending.do?sid=1000010005& HTTP/1.1" 200 40262
127.0.0.1 - - [20/Apr/2026:17:18:55 +0200] "GET /rhn/websocket/notifications HTTP/1.1" 101 -
172.16.3.5 - - [20/Apr/2026:17:18:55 +0200] "POST /rhn/manager/frontend-log HTTP/1.1" 200 16
172.16.3.5 - - [20/Apr/2026:17:18:55 +0200] "GET /rhn/systems/details/Overview.do?sid=1000010001 HTTP/1.1" 200 46817
172.16.3.5 - - [20/Apr/2026:17:18:55 +0200] "POST /rhn/manager/frontend-log HTTP/1.1" 200 16
172.16.3.5 - - [20/Apr/2026:17:18:55 +0200] "GET /rhn/systems/details/history/History.do?sid=1000010005& HTTP/1.1" 200 46448
127.0.0.1 - - [20/Apr/2026:17:18:55 +0200] "GET /rhn/websocket/notifications HTTP/1.1" 101 -
172.16.3.5 - - [20/Apr/2026:17:18:56 +0200] "POST /rhn/manager/frontend-log HTTP/1.1" 200 16
127.0.0.1 - - [20/Apr/2026:17:18:56 +0200] "GET /rhn/websocket/notifications HTTP/1.1" 101 -
172.16.3.5 - - [20/Apr/2026:17:18:56 +0200] "POST /rhn/manager/frontend-log HTTP/1.1" 200 16
172.16.3.5 - - [20/Apr/2026:17:18:56 +0200] "GET /rhn/systems/details/history/Pending.do?sid=1000010001& HTTP/1.1" 200 40265
172.16.3.5 - - [20/Apr/2026:17:18:56 +0200] "POST /rhn/manager/frontend-log HTTP/1.1" 200 16
127.0.0.1 - - [20/Apr/2026:17:18:56 +0200] "GET /rhn/websocket/notifications HTTP/1.1" 101 -
172.16.3.5 - - [20/Apr/2026:17:18:56 +0200] "GET /rhn/systems/details/history/Event.do?sid=1000010005&aid=28 HTTP/1.1" 200 40554
127.0.0.1 - - [20/Apr/2026:17:18:56 +0200] "GET /rhn/websocket/notifications HTTP/1.1" 101 -
172.16.3.5 - - [20/Apr/2026:17:18:56 +0200] "POST /rhn/manager/frontend-log HTTP/1.1" 200 16
172.16.3.5 - - [20/Apr/2026:17:18:56 +0200] "GET /rhn/systems/details/history/History.do?sid=1000010001& HTTP/1.1" 200 47628
127.0.0.1 - - [20/Apr/2026:17:18:57 +0200] "GET /rhn/websocket/notifications HTTP/1.1" 101 -
172.16.3.5 - - [20/Apr/2026:17:18:57 +0200] "POST /rhn/manager/frontend-log HTTP/1.1" 200 16
172.16.3.5 - - [20/Apr/2026:17:18:57 +0200] "POST /rhn/manager/api/auth/login HTTP/1.1" 200 16
172.16.3.5 - - [20/Apr/2026:17:18:57 +0200] "POST /rhn/manager/api/system/searchByName HTTP/1.1" 200 166
172.16.3.5 - - [20/Apr/2026:17:18:57 +0200] "GET /rhn/manager/api/auth/logout HTTP/1.1" 200 16
172.16.3.5 - - [20/Apr/2026:17:18:57 +0200] "GET /rhn/systems/details/Overview.do?sid=1000010005 HTTP/1.1" 200 45609
172.16.3.5 - - [20/Apr/2026:17:18:58 +0200] "POST /rhn/manager/frontend-log HTTP/1.1" 200 16
127.0.0.1 - - [20/Apr/2026:17:18:58 +0200] "GET /rhn/websocket/notifications HTTP/1.1" 101 -
172.16.3.5 - - [20/Apr/2026:17:18:58 +0200] "POST /rhn/manager/frontend-log HTTP/1.1" 200 16
127.0.0.1 - - [20/Apr/2026:17:18:58 +0200] "GET /rhn/websocket/notifications HTTP/1.1" 101 -
172.16.3.5 - - [20/Apr/2026:17:18:58 +0200] "GET /rhn/systems/details/Overview.do?sid=1000010005& HTTP/1.1" 200 45609
127.0.0.1 - - [20/Apr/2026:17:18:58 +0200] "GET /rhn/websocket/notifications HTTP/1.1" 101 -
172.16.3.5 - - [20/Apr/2026:17:18:58 +0200] "POST /rhn/manager/frontend-log HTTP/1.1" 200 16
172.16.3.5 - - [20/Apr/2026:17:18:59 +0200] "GET /rhn/systems/details/Connection.do?sid=1000010005& HTTP/1.1" 200 41535
127.0.0.1 - - [20/Apr/2026:17:18:59 +0200] "GET /rhn/websocket/notifications HTTP/1.1" 101 -
172.16.3.5 - - [20/Apr/2026:17:18:59 +0200] "POST /rhn/manager/frontend-log HTTP/1.1" 200 16
172.16.3.5 - - [20/Apr/2026:17:18:59 +0200] "POST /rhn/manager/api/auth/login HTTP/1.1" 200 16
172.16.3.5 - - [20/Apr/2026:17:18:59 +0200] "POST /rhn/manager/api/system/searchByName HTTP/1.1" 200 157
172.16.3.5 - - [20/Apr/2026:17:18:59 +0200] "GET /rhn/manager/api/auth/logout HTTP/1.1" 200 16
172.16.3.5 - - [20/Apr/2026:17:19:00 +0200] "GET /rhn/systems/details/Overview.do?sid=1000010000 HTTP/1.1" 200 45773
172.16.3.5 - - [20/Apr/2026:17:19:00 +0200] "POST /rhn/manager/frontend-log HTTP/1.1" 200 16
172.16.3.5 - - [20/Apr/2026:17:19:00 +0200] "POST /rhn/manager/frontend-log HTTP/1.1" 200 16
127.0.0.1 - - [20/Apr/2026:17:19:00 +0200] "GET /rhn/websocket/notifications HTTP/1.1" 101 -
172.16.3.5 - - [20/Apr/2026:17:19:01 +0200] "GET /rhn/systems/details/Overview.do?sid=1000010000& HTTP/1.1" 200 45773
