172.16.3.7 - - [20/Apr/2026:17:17:32 +0200] "HEAD /rhn/manager/download/sle-product-sles15-sp7-updates-x86_64/repodata/9a8506e2092196b78cb0fbdc7a487bfd1e27bb6a8a004b6bd523e4a32b51fff8-susedata.xml.gz?eyJhbGciOiJIUzI1NiJ9.eyJqdGkiOiI4X1RjS0Vzc0xmOUlSaUM0VlF2MFFBIiwiZXhwIjoxODA4MjM0MjIwLCJpYXQiOjE3NzY2OTgyMjAsIm5iZiI6MTc3NjY5ODEwMCwib3JnIjoxLCJvbmx5Q2hhbm5lbHMiOlsic2xlLXByb2R1Y3Qtc2xlczE1LXNwNy11cGRhdGVzLXg4Nl82NCJdfQ.3bnVd6mfAkmjJnoLjynq9vGo4-dkE18IBeeVbaRuhk8 HTTP/1.1" 200 -
172.16.3.7 - - [20/Apr/2026:17:17:32 +0200] "HEAD /rhn/manager/download/sle-product-sles15-sp7-updates-x86_64/repodata/74815e6f5958da10982056d81de0b18142bed762d0cfb91313c805e6702be54a-updateinfo.xml.gz?eyJhbGciOiJIUzI1NiJ9.eyJqdGkiOiI4X1RjS0Vzc0xmOUlSaUM0VlF2MFFBIiwiZXhwIjoxODA4MjM0MjIwLCJpYXQiOjE3NzY2OTgyMjAsIm5iZiI6MTc3NjY5ODEwMCwib3JnIjoxLCJvbmx5Q2hhbm5lbHMiOlsic2xlLXByb2R1Y3Qtc2xlczE1LXNwNy11cGRhdGVzLXg4Nl82NCJdfQ.3bnVd6mfAkmjJnoLjynq9vGo4-dkE18IBeeVbaRuhk8 HTTP/1.1" 200 -
172.16.3.7 - - [20/Apr/2026:17:17:32 +0200] "HEAD /rhn/manager/download/devel-build-host-channel/repodata/repomd.xml?eyJhbGciOiJIUzI1NiJ9.eyJqdGkiOiJ4SVJ0QWg0N3owem5MTmtIdTYtdWx3IiwiZXhwIjoxODA4MjM0MjIwLCJpYXQiOjE3NzY2OTgyMjAsIm5iZiI6MTc3NjY5ODEwMCwib3JnIjoxLCJvbmx5Q2hhbm5lbHMiOlsiZGV2ZWwtYnVpbGQtaG9zdC1jaGFubmVsIl19.ROVSiz3aXpbJU-biPfU6IPCNmj9qgiwYYl8wq7Xr2XY HTTP/1.1" 200 -
172.16.3.7 - - [20/Apr/2026:17:17:32 +0200] "HEAD /rhn/manager/download/devel-build-host-channel/media.1/media?eyJhbGciOiJIUzI1NiJ9.eyJqdGkiOiJ4SVJ0QWg0N3owem5MTmtIdTYtdWx3IiwiZXhwIjoxODA4MjM0MjIwLCJpYXQiOjE3NzY2OTgyMjAsIm5iZiI6MTc3NjY5ODEwMCwib3JnIjoxLCJvbmx5Q2hhbm5lbHMiOlsiZGV2ZWwtYnVpbGQtaG9zdC1jaGFubmVsIl19.ROVSiz3aXpbJU-biPfU6IPCNmj9qgiwYYl8wq7Xr2XY HTTP/1.1" 404 -
172.16.3.7 - - [20/Apr/2026:17:17:32 +0200] "HEAD /rhn/manager/download/devel-build-host-channel/repodata/repomd.xml?eyJhbGciOiJIUzI1NiJ9.eyJqdGkiOiJ4SVJ0QWg0N3owem5MTmtIdTYtdWx3IiwiZXhwIjoxODA4MjM0MjIwLCJpYXQiOjE3NzY2OTgyMjAsIm5iZiI6MTc3NjY5ODEwMCwib3JnIjoxLCJvbmx5Q2hhbm5lbHMiOlsiZGV2ZWwtYnVpbGQtaG9zdC1jaGFubmVsIl19.ROVSiz3aXpbJU-biPfU6IPCNmj9qgiwYYl8wq7Xr2XY HTTP/1.1" 200 -
172.16.3.7 - - [20/Apr/2026:17:17:32 +0200] "GET /rhn/manager/download/devel-build-host-channel/repodata/repomd.xml?eyJhbGciOiJIUzI1NiJ9.eyJqdGkiOiJ4SVJ0QWg0N3owem5MTmtIdTYtdWx3IiwiZXhwIjoxODA4MjM0MjIwLCJpYXQiOjE3NzY2OTgyMjAsIm5iZiI6MTc3NjY5ODEwMCwib3JnIjoxLCJvbmx5Q2hhbm5lbHMiOlsiZGV2ZWwtYnVpbGQtaG9zdC1jaGFubmVsIl19.ROVSiz3aXpbJU-biPfU6IPCNmj9qgiwYYl8wq7Xr2XY HTTP/1.1" 200 3664
172.16.3.7 - - [20/Apr/2026:17:17:32 +0200] "HEAD /rhn/manager/download/devel-build-host-channel/repodata/repomd.xml.asc?eyJhbGciOiJIUzI1NiJ9.eyJqdGkiOiJ4SVJ0QWg0N3owem5MTmtIdTYtdWx3IiwiZXhwIjoxODA4MjM0MjIwLCJpYXQiOjE3NzY2OTgyMjAsIm5iZiI6MTc3NjY5ODEwMCwib3JnIjoxLCJvbmx5Q2hhbm5lbHMiOlsiZGV2ZWwtYnVpbGQtaG9zdC1jaGFubmVsIl19.ROVSiz3aXpbJU-biPfU6IPCNmj9qgiwYYl8wq7Xr2XY HTTP/1.1" 404 -
172.16.3.7 - - [20/Apr/2026:17:17:32 +0200] "HEAD /rhn/manager/download/devel-build-host-channel/repodata/d8ca5607197fa3e2677fda0b25a04e1e7747001f0e5cd6d1cfa7241c835fcbbc-primary.xml.gz?eyJhbGciOiJIUzI1NiJ9.eyJqdGkiOiJ4SVJ0QWg0N3owem5MTmtIdTYtdWx3IiwiZXhwIjoxODA4MjM0MjIwLCJpYXQiOjE3NzY2OTgyMjAsIm5iZiI6MTc3NjY5ODEwMCwib3JnIjoxLCJvbmx5Q2hhbm5lbHMiOlsiZGV2ZWwtYnVpbGQtaG9zdC1jaGFubmVsIl19.ROVSiz3aXpbJU-biPfU6IPCNmj9qgiwYYl8wq7Xr2XY HTTP/1.1" 200 -
172.16.3.7 - - [20/Apr/2026:17:17:32 +0200] "GET /rhn/manager/download/devel-build-host-channel/repodata/d8ca5607197fa3e2677fda0b25a04e1e7747001f0e5cd6d1cfa7241c835fcbbc-primary.xml.gz?eyJhbGciOiJIUzI1NiJ9.eyJqdGkiOiJ4SVJ0QWg0N3owem5MTmtIdTYtdWx3IiwiZXhwIjoxODA4MjM0MjIwLCJpYXQiOjE3NzY2OTgyMjAsIm5iZiI6MTc3NjY5ODEwMCwib3JnIjoxLCJvbmx5Q2hhbm5lbHMiOlsiZGV2ZWwtYnVpbGQtaG9zdC1jaGFubmVsIl19.ROVSiz3aXpbJU-biPfU6IPCNmj9qgiwYYl8wq7Xr2XY HTTP/1.1" 200 3664
172.16.3.7 - - [20/Apr/2026:17:17:32 +0200] "HEAD /rhn/manager/download/devel-build-host-channel/repodata/a777311d33ef3076297641add5000cb14dfede03ab0ca18aed7ac1348c3e29eb-susedata.xml.gz?eyJhbGciOiJIUzI1NiJ9.eyJqdGkiOiJ4SVJ0QWg0N3owem5MTmtIdTYtdWx3IiwiZXhwIjoxODA4MjM0MjIwLCJpYXQiOjE3NzY2OTgyMjAsIm5iZiI6MTc3NjY5ODEwMCwib3JnIjoxLCJvbmx5Q2hhbm5lbHMiOlsiZGV2ZWwtYnVpbGQtaG9zdC1jaGFubmVsIl19.ROVSiz3aXpbJU-biPfU6IPCNmj9qgiwYYl8wq7Xr2XY HTTP/1.1" 200 -
172.16.3.7 - - [20/Apr/2026:17:17:32 +0200] "GET /rhn/manager/download/devel-build-host-channel/repodata/a777311d33ef3076297641add5000cb14dfede03ab0ca18aed7ac1348c3e29eb-susedata.xml.gz?eyJhbGciOiJIUzI1NiJ9.eyJqdGkiOiJ4SVJ0QWg0N3owem5MTmtIdTYtdWx3IiwiZXhwIjoxODA4MjM0MjIwLCJpYXQiOjE3NzY2OTgyMjAsIm5iZiI6MTc3NjY5ODEwMCwib3JnIjoxLCJvbmx5Q2hhbm5lbHMiOlsiZGV2ZWwtYnVpbGQtaG9zdC1jaGFubmVsIl19.ROVSiz3aXpbJU-biPfU6IPCNmj9qgiwYYl8wq7Xr2XY HTTP/1.1" 200 3664
172.16.3.7 - - [20/Apr/2026:17:17:32 +0200] "HEAD /rhn/manager/download/sle-module-basesystem15-sp7-pool-x86_64/repodata/repomd.xml?eyJhbGciOiJIUzI1NiJ9.eyJqdGkiOiJpOTFOdlFOeFJ6T0tzcTlJSGdmSEZnIiwiZXhwIjoxODA4MjM0MjIwLCJpYXQiOjE3NzY2OTgyMjAsIm5iZiI6MTc3NjY5ODEwMCwib3JnIjoxLCJvbmx5Q2hhbm5lbHMiOlsic2xlLW1vZHVsZS1iYXNlc3lzdGVtMTUtc3A3LXBvb2wteDg2XzY0Il19.g8-wW0G81qvmvQm6FUBxu-Jb7XkpmUact80kNhnSV6I HTTP/1.1" 200 -
172.16.3.7 - - [20/Apr/2026:17:17:32 +0200] "HEAD /rhn/manager/download/sle-module-basesystem15-sp7-pool-x86_64/media.1/media?eyJhbGciOiJIUzI1NiJ9.eyJqdGkiOiJpOTFOdlFOeFJ6T0tzcTlJSGdmSEZnIiwiZXhwIjoxODA4MjM0MjIwLCJpYXQiOjE3NzY2OTgyMjAsIm5iZiI6MTc3NjY5ODEwMCwib3JnIjoxLCJvbmx5Q2hhbm5lbHMiOlsic2xlLW1vZHVsZS1iYXNlc3lzdGVtMTUtc3A3LXBvb2wteDg2XzY0Il19.g8-wW0G81qvmvQm6FUBxu-Jb7XkpmUact80kNhnSV6I HTTP/1.1" 404 -
172.16.3.7 - - [20/Apr/2026:17:17:32 +0200] "HEAD /rhn/manager/download/sle-module-basesystem15-sp7-pool-x86_64/repodata/repomd.xml?eyJhbGciOiJIUzI1NiJ9.eyJqdGkiOiJpOTFOdlFOeFJ6T0tzcTlJSGdmSEZnIiwiZXhwIjoxODA4MjM0MjIwLCJpYXQiOjE3NzY2OTgyMjAsIm5iZiI6MTc3NjY5ODEwMCwib3JnIjoxLCJvbmx5Q2hhbm5lbHMiOlsic2xlLW1vZHVsZS1iYXNlc3lzdGVtMTUtc3A3LXBvb2wteDg2XzY0Il19.g8-wW0G81qvmvQm6FUBxu-Jb7XkpmUact80kNhnSV6I HTTP/1.1" 200 -
172.16.3.7 - - [20/Apr/2026:17:17:32 +0200] "HEAD /rhn/manager/download/sle-module-basesystem15-sp7-pool-x86_64/repodata/repomd.xml.asc?eyJhbGciOiJIUzI1NiJ9.eyJqdGkiOiJpOTFOdlFOeFJ6T0tzcTlJSGdmSEZnIiwiZXhwIjoxODA4MjM0MjIwLCJpYXQiOjE3NzY2OTgyMjAsIm5iZiI6MTc3NjY5ODEwMCwib3JnIjoxLCJvbmx5Q2hhbm5lbHMiOlsic2xlLW1vZHVsZS1iYXNlc3lzdGVtMTUtc3A3LXBvb2wteDg2XzY0Il19.g8-wW0G81qvmvQm6FUBxu-Jb7XkpmUact80kNhnSV6I HTTP/1.1" 404 -
172.16.3.7 - - [20/Apr/2026:17:17:32 +0200] "HEAD /rhn/manager/download/sle-module-basesystem15-sp7-pool-x86_64/repodata/56ed22a682cccc7cc05b4fde6ac9767e3cb3022c0919310b3e4d3cc6a1e763f1-primary.xml.gz?eyJhbGciOiJIUzI1NiJ9.eyJqdGkiOiJpOTFOdlFOeFJ6T0tzcTlJSGdmSEZnIiwiZXhwIjoxODA4MjM0MjIwLCJpYXQiOjE3NzY2OTgyMjAsIm5iZiI6MTc3NjY5ODEwMCwib3JnIjoxLCJvbmx5Q2hhbm5lbHMiOlsic2xlLW1vZHVsZS1iYXNlc3lzdGVtMTUtc3A3LXBvb2wteDg2XzY0Il19.g8-wW0G81qvmvQm6FUBxu-Jb7XkpmUact80kNhnSV6I HTTP/1.1" 200 -
172.16.3.7 - - [20/Apr/2026:17:17:32 +0200] "HEAD /rhn/manager/download/sle-module-basesystem15-sp7-pool-x86_64/repodata/3c879e60e624b409b6704f76b383dfeea041ebac0aec79de79ab10b57a8999dd-susedata.xml.gz?eyJhbGciOiJIUzI1NiJ9.eyJqdGkiOiJpOTFOdlFOeFJ6T0tzcTlJSGdmSEZnIiwiZXhwIjoxODA4MjM0MjIwLCJpYXQiOjE3NzY2OTgyMjAsIm5iZiI6MTc3NjY5ODEwMCwib3JnIjoxLCJvbmx5Q2hhbm5lbHMiOlsic2xlLW1vZHVsZS1iYXNlc3lzdGVtMTUtc3A3LXBvb2wteDg2XzY0Il19.g8-wW0G81qvmvQm6FUBxu-Jb7XkpmUact80kNhnSV6I HTTP/1.1" 200 -
172.16.3.5 - - [20/Apr/2026:17:17:33 +0200] "GET /rhn/systems/details/history/Pending.do?sid=1000010002& HTTP/1.1" 200 43013
172.16.3.7 - - [20/Apr/2026:17:17:33 +0200] "HEAD /rhn/manager/download/sle-module-desktop-applications15-sp7-pool-x86_64/repodata/repomd.xml?eyJhbGciOiJIUzI1NiJ9.eyJqdGkiOiJhT3lFdzk2VFRJR1FoblpjOWwxa3VnIiwiZXhwIjoxODA4MjM0MjIwLCJpYXQiOjE3NzY2OTgyMjAsIm5iZiI6MTc3NjY5ODEwMCwib3JnIjoxLCJvbmx5Q2hhbm5lbHMiOlsic2xlLW1vZHVsZS1kZXNrdG9wLWFwcGxpY2F0aW9uczE1LXNwNy1wb29sLXg4Nl82NCJdfQ.mN0m5nlKBTa70mrjJc8amBQwqTmRq8OgorEOeqJX_Vw HTTP/1.1" 200 -
172.16.3.7 - - [20/Apr/2026:17:17:33 +0200] "HEAD /rhn/manager/download/sle-module-desktop-applications15-sp7-pool-x86_64/media.1/media?eyJhbGciOiJIUzI1NiJ9.eyJqdGkiOiJhT3lFdzk2VFRJR1FoblpjOWwxa3VnIiwiZXhwIjoxODA4MjM0MjIwLCJpYXQiOjE3NzY2OTgyMjAsIm5iZiI6MTc3NjY5ODEwMCwib3JnIjoxLCJvbmx5Q2hhbm5lbHMiOlsic2xlLW1vZHVsZS1kZXNrdG9wLWFwcGxpY2F0aW9uczE1LXNwNy1wb29sLXg4Nl82NCJdfQ.mN0m5nlKBTa70mrjJc8amBQwqTmRq8OgorEOeqJX_Vw HTTP/1.1" 404 -
172.16.3.5 - - [20/Apr/2026:17:17:33 +0200] "POST /rhn/manager/frontend-log HTTP/1.1" 200 16
172.16.3.7 - - [20/Apr/2026:17:17:33 +0200] "HEAD /rhn/manager/download/sle-module-desktop-applications15-sp7-pool-x86_64/repodata/repomd.xml?eyJhbGciOiJIUzI1NiJ9.eyJqdGkiOiJhT3lFdzk2VFRJR1FoblpjOWwxa3VnIiwiZXhwIjoxODA4MjM0MjIwLCJpYXQiOjE3NzY2OTgyMjAsIm5iZiI6MTc3NjY5ODEwMCwib3JnIjoxLCJvbmx5Q2hhbm5lbHMiOlsic2xlLW1vZHVsZS1kZXNrdG9wLWFwcGxpY2F0aW9uczE1LXNwNy1wb29sLXg4Nl82NCJdfQ.mN0m5nlKBTa70mrjJc8amBQwqTmRq8OgorEOeqJX_Vw HTTP/1.1" 200 -
172.16.3.7 - - [20/Apr/2026:17:17:33 +0200] "GET /rhn/manager/download/sle-module-desktop-applications15-sp7-pool-x86_64/repodata/repomd.xml?eyJhbGciOiJIUzI1NiJ9.eyJqdGkiOiJhT3lFdzk2VFRJR1FoblpjOWwxa3VnIiwiZXhwIjoxODA4MjM0MjIwLCJpYXQiOjE3NzY2OTgyMjAsIm5iZiI6MTc3NjY5ODEwMCwib3JnIjoxLCJvbmx5Q2hhbm5lbHMiOlsic2xlLW1vZHVsZS1kZXNrdG9wLWFwcGxpY2F0aW9uczE1LXNwNy1wb29sLXg4Nl82NCJdfQ.mN0m5nlKBTa70mrjJc8amBQwqTmRq8OgorEOeqJX_Vw HTTP/1.1" 200 3664
172.16.3.7 - - [20/Apr/2026:17:17:33 +0200] "HEAD /rhn/manager/download/sle-module-desktop-applications15-sp7-pool-x86_64/repodata/repomd.xml.asc?eyJhbGciOiJIUzI1NiJ9.eyJqdGkiOiJhT3lFdzk2VFRJR1FoblpjOWwxa3VnIiwiZXhwIjoxODA4MjM0MjIwLCJpYXQiOjE3NzY2OTgyMjAsIm5iZiI6MTc3NjY5ODEwMCwib3JnIjoxLCJvbmx5Q2hhbm5lbHMiOlsic2xlLW1vZHVsZS1kZXNrdG9wLWFwcGxpY2F0aW9uczE1LXNwNy1wb29sLXg4Nl82NCJdfQ.mN0m5nlKBTa70mrjJc8amBQwqTmRq8OgorEOeqJX_Vw HTTP/1.1" 404 -
172.16.3.7 - - [20/Apr/2026:17:17:33 +0200] "HEAD /rhn/manager/download/sle-module-desktop-applications15-sp7-pool-x86_64/repodata/1c40ac99927ec1b1f0c0b97f2611d642034ef981b2d67f5e7955a5fabd11251c-primary.xml.gz?eyJhbGciOiJIUzI1NiJ9.eyJqdGkiOiJhT3lFdzk2VFRJR1FoblpjOWwxa3VnIiwiZXhwIjoxODA4MjM0MjIwLCJpYXQiOjE3NzY2OTgyMjAsIm5iZiI6MTc3NjY5ODEwMCwib3JnIjoxLCJvbmx5Q2hhbm5lbHMiOlsic2xlLW1vZHVsZS1kZXNrdG9wLWFwcGxpY2F0aW9uczE1LXNwNy1wb29sLXg4Nl82NCJdfQ.mN0m5nlKBTa70mrjJc8amBQwqTmRq8OgorEOeqJX_Vw HTTP/1.1" 200 -
172.16.3.5 - - [20/Apr/2026:17:17:33 +0200] "POST /rhn/manager/frontend-log HTTP/1.1" 200 16
127.0.0.1 - - [20/Apr/2026:17:17:33 +0200] "GET /rhn/websocket/notifications HTTP/1.1" 101 -
172.16.3.7 - - [20/Apr/2026:17:17:33 +0200] "GET /rhn/manager/download/sle-module-desktop-applications15-sp7-pool-x86_64/repodata/1c40ac99927ec1b1f0c0b97f2611d642034ef981b2d67f5e7955a5fabd11251c-primary.xml.gz?eyJhbGciOiJIUzI1NiJ9.eyJqdGkiOiJhT3lFdzk2VFRJR1FoblpjOWwxa3VnIiwiZXhwIjoxODA4MjM0MjIwLCJpYXQiOjE3NzY2OTgyMjAsIm5iZiI6MTc3NjY5ODEwMCwib3JnIjoxLCJvbmx5Q2hhbm5lbHMiOlsic2xlLW1vZHVsZS1kZXNrdG9wLWFwcGxpY2F0aW9uczE1LXNwNy1wb29sLXg4Nl82NCJdfQ.mN0m5nlKBTa70mrjJc8amBQwqTmRq8OgorEOeqJX_Vw HTTP/1.1" 200 3664
172.16.3.7 - - [20/Apr/2026:17:17:33 +0200] "HEAD /rhn/manager/download/sle-module-desktop-applications15-sp7-pool-x86_64/repodata/7939d4797bea2131b4f1de4bbcf0e7b6fac2a25f65d73f5ab7d9447c9cdb9e43-susedata.xml.gz?eyJhbGciOiJIUzI1NiJ9.eyJqdGkiOiJhT3lFdzk2VFRJR1FoblpjOWwxa3VnIiwiZXhwIjoxODA4MjM0MjIwLCJpYXQiOjE3NzY2OTgyMjAsIm5iZiI6MTc3NjY5ODEwMCwib3JnIjoxLCJvbmx5Q2hhbm5lbHMiOlsic2xlLW1vZHVsZS1kZXNrdG9wLWFwcGxpY2F0aW9uczE1LXNwNy1wb29sLXg4Nl82NCJdfQ.mN0m5nlKBTa70mrjJc8amBQwqTmRq8OgorEOeqJX_Vw HTTP/1.1" 200 -
172.16.3.7 - - [20/Apr/2026:17:17:33 +0200] "GET /rhn/manager/download/sle-module-desktop-applications15-sp7-pool-x86_64/repodata/7939d4797bea2131b4f1de4bbcf0e7b6fac2a25f65d73f5ab7d9447c9cdb9e43-susedata.xml.gz?eyJhbGciOiJIUzI1NiJ9.eyJqdGkiOiJhT3lFdzk2VFRJR1FoblpjOWwxa3VnIiwiZXhwIjoxODA4MjM0MjIwLCJpYXQiOjE3NzY2OTgyMjAsIm5iZiI6MTc3NjY5ODEwMCwib3JnIjoxLCJvbmx5Q2hhbm5lbHMiOlsic2xlLW1vZHVsZS1kZXNrdG9wLWFwcGxpY2F0aW9uczE1LXNwNy1wb29sLXg4Nl82NCJdfQ.mN0m5nlKBTa70mrjJc8amBQwqTmRq8OgorEOeqJX_Vw HTTP/1.1" 200 3664
127.0.0.1 - - [20/Apr/2026:17:17:33 +0200] "GET /rhn/websocket/notifications HTTP/1.1" 101 -
172.16.3.7 - - [20/Apr/2026:17:17:34 +0200] "HEAD /rhn/manager/download/sle-module-devtools15-sp7-pool-x86_64/repodata/repomd.xml?eyJhbGciOiJIUzI1NiJ9.eyJqdGkiOiIzdzVaWUZ0NG1ZTEpVR0hTM29FX1hnIiwiZXhwIjoxODA4MjM0MjIwLCJpYXQiOjE3NzY2OTgyMjAsIm5iZiI6MTc3NjY5ODEwMCwib3JnIjoxLCJvbmx5Q2hhbm5lbHMiOlsic2xlLW1vZHVsZS1kZXZ0b29sczE1LXNwNy1wb29sLXg4Nl82NCJdfQ.3XFogf_RwbevEZQNHv3_ysMABLvbpon0Qpqm8IOKmSk HTTP/1.1" 200 -
172.16.3.7 - - [20/Apr/2026:17:17:34 +0200] "HEAD /rhn/manager/download/sle-module-devtools15-sp7-pool-x86_64/media.1/media?eyJhbGciOiJIUzI1NiJ9.eyJqdGkiOiIzdzVaWUZ0NG1ZTEpVR0hTM29FX1hnIiwiZXhwIjoxODA4MjM0MjIwLCJpYXQiOjE3NzY2OTgyMjAsIm5iZiI6MTc3NjY5ODEwMCwib3JnIjoxLCJvbmx5Q2hhbm5lbHMiOlsic2xlLW1vZHVsZS1kZXZ0b29sczE1LXNwNy1wb29sLXg4Nl82NCJdfQ.3XFogf_RwbevEZQNHv3_ysMABLvbpon0Qpqm8IOKmSk HTTP/1.1" 404 -
172.16.3.7 - - [20/Apr/2026:17:17:34 +0200] "HEAD /rhn/manager/download/sle-module-devtools15-sp7-pool-x86_64/repodata/repomd.xml?eyJhbGciOiJIUzI1NiJ9.eyJqdGkiOiIzdzVaWUZ0NG1ZTEpVR0hTM29FX1hnIiwiZXhwIjoxODA4MjM0MjIwLCJpYXQiOjE3NzY2OTgyMjAsIm5iZiI6MTc3NjY5ODEwMCwib3JnIjoxLCJvbmx5Q2hhbm5lbHMiOlsic2xlLW1vZHVsZS1kZXZ0b29sczE1LXNwNy1wb29sLXg4Nl82NCJdfQ.3XFogf_RwbevEZQNHv3_ysMABLvbpon0Qpqm8IOKmSk HTTP/1.1" 200 -
172.16.3.7 - - [20/Apr/2026:17:17:34 +0200] "GET /rhn/manager/download/sle-module-devtools15-sp7-pool-x86_64/repodata/repomd.xml?eyJhbGciOiJIUzI1NiJ9.eyJqdGkiOiIzdzVaWUZ0NG1ZTEpVR0hTM29FX1hnIiwiZXhwIjoxODA4MjM0MjIwLCJpYXQiOjE3NzY2OTgyMjAsIm5iZiI6MTc3NjY5ODEwMCwib3JnIjoxLCJvbmx5Q2hhbm5lbHMiOlsic2xlLW1vZHVsZS1kZXZ0b29sczE1LXNwNy1wb29sLXg4Nl82NCJdfQ.3XFogf_RwbevEZQNHv3_ysMABLvbpon0Qpqm8IOKmSk HTTP/1.1" 200 3663
172.16.3.7 - - [20/Apr/2026:17:17:34 +0200] "HEAD /rhn/manager/download/sle-module-devtools15-sp7-pool-x86_64/repodata/repomd.xml.asc?eyJhbGciOiJIUzI1NiJ9.eyJqdGkiOiIzdzVaWUZ0NG1ZTEpVR0hTM29FX1hnIiwiZXhwIjoxODA4MjM0MjIwLCJpYXQiOjE3NzY2OTgyMjAsIm5iZiI6MTc3NjY5ODEwMCwib3JnIjoxLCJvbmx5Q2hhbm5lbHMiOlsic2xlLW1vZHVsZS1kZXZ0b29sczE1LXNwNy1wb29sLXg4Nl82NCJdfQ.3XFogf_RwbevEZQNHv3_ysMABLvbpon0Qpqm8IOKmSk HTTP/1.1" 404 -
172.16.3.7 - - [20/Apr/2026:17:17:34 +0200] "HEAD /rhn/manager/download/sle-module-devtools15-sp7-pool-x86_64/repodata/8f64377f534299b39aad599e94851adf7d6cc0fcc93c9bd8c9450bc54cece32c-primary.xml.gz?eyJhbGciOiJIUzI1NiJ9.eyJqdGkiOiIzdzVaWUZ0NG1ZTEpVR0hTM29FX1hnIiwiZXhwIjoxODA4MjM0MjIwLCJpYXQiOjE3NzY2OTgyMjAsIm5iZiI6MTc3NjY5ODEwMCwib3JnIjoxLCJvbmx5Q2hhbm5lbHMiOlsic2xlLW1vZHVsZS1kZXZ0b29sczE1LXNwNy1wb29sLXg4Nl82NCJdfQ.3XFogf_RwbevEZQNHv3_ysMABLvbpon0Qpqm8IOKmSk HTTP/1.1" 200 -
172.16.3.7 - - [20/Apr/2026:17:17:34 +0200] "GET /rhn/manager/download/sle-module-devtools15-sp7-pool-x86_64/repodata/8f64377f534299b39aad599e94851adf7d6cc0fcc93c9bd8c9450bc54cece32c-primary.xml.gz?eyJhbGciOiJIUzI1NiJ9.eyJqdGkiOiIzdzVaWUZ0NG1ZTEpVR0hTM29FX1hnIiwiZXhwIjoxODA4MjM0MjIwLCJpYXQiOjE3NzY2OTgyMjAsIm5iZiI6MTc3NjY5ODEwMCwib3JnIjoxLCJvbmx5Q2hhbm5lbHMiOlsic2xlLW1vZHVsZS1kZXZ0b29sczE1LXNwNy1wb29sLXg4Nl82NCJdfQ.3XFogf_RwbevEZQNHv3_ysMABLvbpon0Qpqm8IOKmSk HTTP/1.1" 200 3664
172.16.3.7 - - [20/Apr/2026:17:17:34 +0200] "HEAD /rhn/manager/download/sle-module-devtools15-sp7-pool-x86_64/repodata/f59111d110004fce6a5801697641a8bb8e6e762c30df87bc6ba4171391cf9d4a-susedata.xml.gz?eyJhbGciOiJIUzI1NiJ9.eyJqdGkiOiIzdzVaWUZ0NG1ZTEpVR0hTM29FX1hnIiwiZXhwIjoxODA4MjM0MjIwLCJpYXQiOjE3NzY2OTgyMjAsIm5iZiI6MTc3NjY5ODEwMCwib3JnIjoxLCJvbmx5Q2hhbm5lbHMiOlsic2xlLW1vZHVsZS1kZXZ0b29sczE1LXNwNy1wb29sLXg4Nl82NCJdfQ.3XFogf_RwbevEZQNHv3_ysMABLvbpon0Qpqm8IOKmSk HTTP/1.1" 200 -
172.16.3.7 - - [20/Apr/2026:17:17:34 +0200] "GET /rhn/manager/download/sle-module-devtools15-sp7-pool-x86_64/repodata/f59111d110004fce6a5801697641a8bb8e6e762c30df87bc6ba4171391cf9d4a-susedata.xml.gz?eyJhbGciOiJIUzI1NiJ9.eyJqdGkiOiIzdzVaWUZ0NG1ZTEpVR0hTM29FX1hnIiwiZXhwIjoxODA4MjM0MjIwLCJpYXQiOjE3NzY2OTgyMjAsIm5iZiI6MTc3NjY5ODEwMCwib3JnIjoxLCJvbmx5Q2hhbm5lbHMiOlsic2xlLW1vZHVsZS1kZXZ0b29sczE1LXNwNy1wb29sLXg4Nl82NCJdfQ.3XFogf_RwbevEZQNHv3_ysMABLvbpon0Qpqm8IOKmSk HTTP/1.1" 200 3664
172.16.3.7 - - [20/Apr/2026:17:17:34 +0200] "HEAD /rhn/manager/download/sle-module-python3-15-sp7-pool-x86_64/repodata/repomd.xml?eyJhbGciOiJIUzI1NiJ9.eyJqdGkiOiJubVJ0cUNGODlZTEpxR2l4REpLeTVnIiwiZXhwIjoxODA4MjM0MjIwLCJpYXQiOjE3NzY2OTgyMjAsIm5iZiI6MTc3NjY5ODEwMCwib3JnIjoxLCJvbmx5Q2hhbm5lbHMiOlsic2xlLW1vZHVsZS1weXRob24zLTE1LXNwNy1wb29sLXg4Nl82NCJdfQ.nqy34RtOJY3xaeoPnBg5Cmac4j76lSEt2xYoKishYFI HTTP/1.1" 200 -
172.16.3.7 - - [20/Apr/2026:17:17:34 +0200] "HEAD /rhn/manager/download/sle-module-python3-15-sp7-pool-x86_64/media.1/media?eyJhbGciOiJIUzI1NiJ9.eyJqdGkiOiJubVJ0cUNGODlZTEpxR2l4REpLeTVnIiwiZXhwIjoxODA4MjM0MjIwLCJpYXQiOjE3NzY2OTgyMjAsIm5iZiI6MTc3NjY5ODEwMCwib3JnIjoxLCJvbmx5Q2hhbm5lbHMiOlsic2xlLW1vZHVsZS1weXRob24zLTE1LXNwNy1wb29sLXg4Nl82NCJdfQ.nqy34RtOJY3xaeoPnBg5Cmac4j76lSEt2xYoKishYFI HTTP/1.1" 404 -
172.16.3.7 - - [20/Apr/2026:17:17:35 +0200] "HEAD /rhn/manager/download/sle-module-python3-15-sp7-pool-x86_64/repodata/repomd.xml?eyJhbGciOiJIUzI1NiJ9.eyJqdGkiOiJubVJ0cUNGODlZTEpxR2l4REpLeTVnIiwiZXhwIjoxODA4MjM0MjIwLCJpYXQiOjE3NzY2OTgyMjAsIm5iZiI6MTc3NjY5ODEwMCwib3JnIjoxLCJvbmx5Q2hhbm5lbHMiOlsic2xlLW1vZHVsZS1weXRob24zLTE1LXNwNy1wb29sLXg4Nl82NCJdfQ.nqy34RtOJY3xaeoPnBg5Cmac4j76lSEt2xYoKishYFI HTTP/1.1" 200 -
172.16.3.7 - - [20/Apr/2026:17:17:35 +0200] "HEAD /rhn/manager/download/sle-module-python3-15-sp7-pool-x86_64/repodata/repomd.xml.asc?eyJhbGciOiJIUzI1NiJ9.eyJqdGkiOiJubVJ0cUNGODlZTEpxR2l4REpLeTVnIiwiZXhwIjoxODA4MjM0MjIwLCJpYXQiOjE3NzY2OTgyMjAsIm5iZiI6MTc3NjY5ODEwMCwib3JnIjoxLCJvbmx5Q2hhbm5lbHMiOlsic2xlLW1vZHVsZS1weXRob24zLTE1LXNwNy1wb29sLXg4Nl82NCJdfQ.nqy34RtOJY3xaeoPnBg5Cmac4j76lSEt2xYoKishYFI HTTP/1.1" 404 -
172.16.3.7 - - [20/Apr/2026:17:17:35 +0200] "HEAD /rhn/manager/download/sle-module-python3-15-sp7-pool-x86_64/repodata/3dc45496e099e6e9235f30917771789104a655a77f3104c4dad9de7dce2b0bb6-primary.xml.gz?eyJhbGciOiJIUzI1NiJ9.eyJqdGkiOiJubVJ0cUNGODlZTEpxR2l4REpLeTVnIiwiZXhwIjoxODA4MjM0MjIwLCJpYXQiOjE3NzY2OTgyMjAsIm5iZiI6MTc3NjY5ODEwMCwib3JnIjoxLCJvbmx5Q2hhbm5lbHMiOlsic2xlLW1vZHVsZS1weXRob24zLTE1LXNwNy1wb29sLXg4Nl82NCJdfQ.nqy34RtOJY3xaeoPnBg5Cmac4j76lSEt2xYoKishYFI HTTP/1.1" 200 -
172.16.3.7 - - [20/Apr/2026:17:17:35 +0200] "HEAD /rhn/manager/download/sle-module-python3-15-sp7-pool-x86_64/repodata/e8e4cb13110a54ed1f3955dfc932897c9045899b35dbebba2facb3c6a652c32b-susedata.xml.gz?eyJhbGciOiJIUzI1NiJ9.eyJqdGkiOiJubVJ0cUNGODlZTEpxR2l4REpLeTVnIiwiZXhwIjoxODA4MjM0MjIwLCJpYXQiOjE3NzY2OTgyMjAsIm5iZiI6MTc3NjY5ODEwMCwib3JnIjoxLCJvbmx5Q2hhbm5lbHMiOlsic2xlLW1vZHVsZS1weXRob24zLTE1LXNwNy1wb29sLXg4Nl82NCJdfQ.nqy34RtOJY3xaeoPnBg5Cmac4j76lSEt2xYoKishYFI HTTP/1.1" 200 -
172.16.3.7 - - [20/Apr/2026:17:17:35 +0200] "HEAD /rhn/manager/download/sle-module-server-applications15-sp7-pool-x86_64/repodata/repomd.xml?eyJhbGciOiJIUzI1NiJ9.eyJqdGkiOiJCQXJZa1lsbFNtYVM1SnJncXJyU1JRIiwiZXhwIjoxODA4MjM0MjIwLCJpYXQiOjE3NzY2OTgyMjAsIm5iZiI6MTc3NjY5ODEwMCwib3JnIjoxLCJvbmx5Q2hhbm5lbHMiOlsic2xlLW1vZHVsZS1zZXJ2ZXItYXBwbGljYXRpb25zMTUtc3A3LXBvb2wteDg2XzY0Il19.HmcIg__enH1LY61fA_eV8mJ8EWlf4yTHye5k4qOtW6s HTTP/1.1" 200 -
172.16.3.7 - - [20/Apr/2026:17:17:35 +0200] "HEAD /rhn/manager/download/sle-module-server-applications15-sp7-pool-x86_64/media.1/media?eyJhbGciOiJIUzI1NiJ9.eyJqdGkiOiJCQXJZa1lsbFNtYVM1SnJncXJyU1JRIiwiZXhwIjoxODA4MjM0MjIwLCJpYXQiOjE3NzY2OTgyMjAsIm5iZiI6MTc3NjY5ODEwMCwib3JnIjoxLCJvbmx5Q2hhbm5lbHMiOlsic2xlLW1vZHVsZS1zZXJ2ZXItYXBwbGljYXRpb25zMTUtc3A3LXBvb2wteDg2XzY0Il19.HmcIg__enH1LY61fA_eV8mJ8EWlf4yTHye5k4qOtW6s HTTP/1.1" 404 -
172.16.3.7 - - [20/Apr/2026:17:17:35 +0200] "HEAD /rhn/manager/download/sle-module-server-applications15-sp7-pool-x86_64/repodata/repomd.xml?eyJhbGciOiJIUzI1NiJ9.eyJqdGkiOiJCQXJZa1lsbFNtYVM1SnJncXJyU1JRIiwiZXhwIjoxODA4MjM0MjIwLCJpYXQiOjE3NzY2OTgyMjAsIm5iZiI6MTc3NjY5ODEwMCwib3JnIjoxLCJvbmx5Q2hhbm5lbHMiOlsic2xlLW1vZHVsZS1zZXJ2ZXItYXBwbGljYXRpb25zMTUtc3A3LXBvb2wteDg2XzY0Il19.HmcIg__enH1LY61fA_eV8mJ8EWlf4yTHye5k4qOtW6s HTTP/1.1" 200 -
172.16.3.7 - - [20/Apr/2026:17:17:35 +0200] "HEAD /rhn/manager/download/sle-module-server-applications15-sp7-pool-x86_64/repodata/repomd.xml.asc?eyJhbGciOiJIUzI1NiJ9.eyJqdGkiOiJCQXJZa1lsbFNtYVM1SnJncXJyU1JRIiwiZXhwIjoxODA4MjM0MjIwLCJpYXQiOjE3NzY2OTgyMjAsIm5iZiI6MTc3NjY5ODEwMCwib3JnIjoxLCJvbmx5Q2hhbm5lbHMiOlsic2xlLW1vZHVsZS1zZXJ2ZXItYXBwbGljYXRpb25zMTUtc3A3LXBvb2wteDg2XzY0Il19.HmcIg__enH1LY61fA_eV8mJ8EWlf4yTHye5k4qOtW6s HTTP/1.1" 404 -
172.16.3.7 - - [20/Apr/2026:17:17:35 +0200] "HEAD /rhn/manager/download/sle-module-server-applications15-sp7-pool-x86_64/repodata/b172f2901a79f4af3da91e1c9ae27eb8a216e3a3572a8b07c8c89a87ee6880f3-primary.xml.gz?eyJhbGciOiJIUzI1NiJ9.eyJqdGkiOiJCQXJZa1lsbFNtYVM1SnJncXJyU1JRIiwiZXhwIjoxODA4MjM0MjIwLCJpYXQiOjE3NzY2OTgyMjAsIm5iZiI6MTc3NjY5ODEwMCwib3JnIjoxLCJvbmx5Q2hhbm5lbHMiOlsic2xlLW1vZHVsZS1zZXJ2ZXItYXBwbGljYXRpb25zMTUtc3A3LXBvb2wteDg2XzY0Il19.HmcIg__enH1LY61fA_eV8mJ8EWlf4yTHye5k4qOtW6s HTTP/1.1" 200 -
172.16.3.7 - - [20/Apr/2026:17:17:35 +0200] "HEAD /rhn/manager/download/sle-module-server-applications15-sp7-pool-x86_64/repodata/fbeca337825d0e7be8c40ff89c27b0f9d2a8a77c700ba7c934366ac3478362ee-susedata.xml.gz?eyJhbGciOiJIUzI1NiJ9.eyJqdGkiOiJCQXJZa1lsbFNtYVM1SnJncXJyU1JRIiwiZXhwIjoxODA4MjM0MjIwLCJpYXQiOjE3NzY2OTgyMjAsIm5iZiI6MTc3NjY5ODEwMCwib3JnIjoxLCJvbmx5Q2hhbm5lbHMiOlsic2xlLW1vZHVsZS1zZXJ2ZXItYXBwbGljYXRpb25zMTUtc3A3LXBvb2wteDg2XzY0Il19.HmcIg__enH1LY61fA_eV8mJ8EWlf4yTHye5k4qOtW6s HTTP/1.1" 200 -
172.16.3.7 - - [20/Apr/2026:17:17:35 +0200] "HEAD /rhn/manager/download/sle-module-systems-management-15-sp7-pool-x86_64/repodata/repomd.xml?eyJhbGciOiJIUzI1NiJ9.eyJqdGkiOiJDOTNTZS1GdW9nNWNPREh0WkpyNHZnIiwiZXhwIjoxODA4MjM0MjIwLCJpYXQiOjE3NzY2OTgyMjAsIm5iZiI6MTc3NjY5ODEwMCwib3JnIjoxLCJvbmx5Q2hhbm5lbHMiOlsic2xlLW1vZHVsZS1zeXN0ZW1zLW1hbmFnZW1lbnQtMTUtc3A3LXBvb2wteDg2XzY0Il19.mMpdFco6lKIA7rbkBQo-vZLEVsXO0KHUFcwQuo8go7s HTTP/1.1" 200 -
172.16.3.7 - - [20/Apr/2026:17:17:35 +0200] "HEAD /rhn/manager/download/sle-module-systems-management-15-sp7-pool-x86_64/media.1/media?eyJhbGciOiJIUzI1NiJ9.eyJqdGkiOiJDOTNTZS1GdW9nNWNPREh0WkpyNHZnIiwiZXhwIjoxODA4MjM0MjIwLCJpYXQiOjE3NzY2OTgyMjAsIm5iZiI6MTc3NjY5ODEwMCwib3JnIjoxLCJvbmx5Q2hhbm5lbHMiOlsic2xlLW1vZHVsZS1zeXN0ZW1zLW1hbmFnZW1lbnQtMTUtc3A3LXBvb2wteDg2XzY0Il19.mMpdFco6lKIA7rbkBQo-vZLEVsXO0KHUFcwQuo8go7s HTTP/1.1" 404 -
172.16.3.7 - - [20/Apr/2026:17:17:35 +0200] "HEAD /rhn/manager/download/sle-module-systems-management-15-sp7-pool-x86_64/repodata/repomd.xml?eyJhbGciOiJIUzI1NiJ9.eyJqdGkiOiJDOTNTZS1GdW9nNWNPREh0WkpyNHZnIiwiZXhwIjoxODA4MjM0MjIwLCJpYXQiOjE3NzY2OTgyMjAsIm5iZiI6MTc3NjY5ODEwMCwib3JnIjoxLCJvbmx5Q2hhbm5lbHMiOlsic2xlLW1vZHVsZS1zeXN0ZW1zLW1hbmFnZW1lbnQtMTUtc3A3LXBvb2wteDg2XzY0Il19.mMpdFco6lKIA7rbkBQo-vZLEVsXO0KHUFcwQuo8go7s HTTP/1.1" 200 -
172.16.3.7 - - [20/Apr/2026:17:17:35 +0200] "HEAD /rhn/manager/download/sle-module-systems-management-15-sp7-pool-x86_64/repodata/repomd.xml.asc?eyJhbGciOiJIUzI1NiJ9.eyJqdGkiOiJDOTNTZS1GdW9nNWNPREh0WkpyNHZnIiwiZXhwIjoxODA4MjM0MjIwLCJpYXQiOjE3NzY2OTgyMjAsIm5iZiI6MTc3NjY5ODEwMCwib3JnIjoxLCJvbmx5Q2hhbm5lbHMiOlsic2xlLW1vZHVsZS1zeXN0ZW1zLW1hbmFnZW1lbnQtMTUtc3A3LXBvb2wteDg2XzY0Il19.mMpdFco6lKIA7rbkBQo-vZLEVsXO0KHUFcwQuo8go7s HTTP/1.1" 404 -
172.16.3.7 - - [20/Apr/2026:17:17:35 +0200] "HEAD /rhn/manager/download/sle-module-systems-management-15-sp7-pool-x86_64/repodata/ca170f775c398d2c056152507613e7e869d240d309f66f90830314263bb77758-primary.xml.gz?eyJhbGciOiJIUzI1NiJ9.eyJqdGkiOiJDOTNTZS1GdW9nNWNPREh0WkpyNHZnIiwiZXhwIjoxODA4MjM0MjIwLCJpYXQiOjE3NzY2OTgyMjAsIm5iZiI6MTc3NjY5ODEwMCwib3JnIjoxLCJvbmx5Q2hhbm5lbHMiOlsic2xlLW1vZHVsZS1zeXN0ZW1zLW1hbmFnZW1lbnQtMTUtc3A3LXBvb2wteDg2XzY0Il19.mMpdFco6lKIA7rbkBQo-vZLEVsXO0KHUFcwQuo8go7s HTTP/1.1" 200 -
172.16.3.7 - - [20/Apr/2026:17:17:35 +0200] "HEAD /rhn/manager/download/sle-module-systems-management-15-sp7-pool-x86_64/repodata/bb7f49dd25548c564ab33e1defb1e5668f63a9b063798989e364da0386f6a8d2-susedata.xml.gz?eyJhbGciOiJIUzI1NiJ9.eyJqdGkiOiJDOTNTZS1GdW9nNWNPREh0WkpyNHZnIiwiZXhwIjoxODA4MjM0MjIwLCJpYXQiOjE3NzY2OTgyMjAsIm5iZiI6MTc3NjY5ODEwMCwib3JnIjoxLCJvbmx5Q2hhbm5lbHMiOlsic2xlLW1vZHVsZS1zeXN0ZW1zLW1hbmFnZW1lbnQtMTUtc3A3LXBvb2wteDg2XzY0Il19.mMpdFco6lKIA7rbkBQo-vZLEVsXO0KHUFcwQuo8go7s HTTP/1.1" 200 -
172.16.3.7 - - [20/Apr/2026:17:17:35 +0200] "HEAD /rhn/manager/download/sle-product-sles15-sp7-pool-x86_64/repodata/repomd.xml?eyJhbGciOiJIUzI1NiJ9.eyJqdGkiOiI5UGNQSlhkbXMyWHZDM2JfRnhsUXhBIiwiZXhwIjoxODA4MjM0MjIwLCJpYXQiOjE3NzY2OTgyMjAsIm5iZiI6MTc3NjY5ODEwMCwib3JnIjoxLCJvbmx5Q2hhbm5lbHMiOlsic2xlLXByb2R1Y3Qtc2xlczE1LXNwNy1wb29sLXg4Nl82NCJdfQ.tUtbkvl8HBW1DkwbFD-He8mOSIoldhgA1BHH6f8Jpcc HTTP/1.1" 200 -
172.16.3.7 - - [20/Apr/2026:17:17:35 +0200] "HEAD /rhn/manager/download/sle-product-sles15-sp7-pool-x86_64/media.1/media?eyJhbGciOiJIUzI1NiJ9.eyJqdGkiOiI5UGNQSlhkbXMyWHZDM2JfRnhsUXhBIiwiZXhwIjoxODA4MjM0MjIwLCJpYXQiOjE3NzY2OTgyMjAsIm5iZiI6MTc3NjY5ODEwMCwib3JnIjoxLCJvbmx5Q2hhbm5lbHMiOlsic2xlLXByb2R1Y3Qtc2xlczE1LXNwNy1wb29sLXg4Nl82NCJdfQ.tUtbkvl8HBW1DkwbFD-He8mOSIoldhgA1BHH6f8Jpcc HTTP/1.1" 404 -
172.16.3.7 - - [20/Apr/2026:17:17:35 +0200] "HEAD /rhn/manager/download/sle-product-sles15-sp7-pool-x86_64/repodata/repomd.xml?eyJhbGciOiJIUzI1NiJ9.eyJqdGkiOiI5UGNQSlhkbXMyWHZDM2JfRnhsUXhBIiwiZXhwIjoxODA4MjM0MjIwLCJpYXQiOjE3NzY2OTgyMjAsIm5iZiI6MTc3NjY5ODEwMCwib3JnIjoxLCJvbmx5Q2hhbm5lbHMiOlsic2xlLXByb2R1Y3Qtc2xlczE1LXNwNy1wb29sLXg4Nl82NCJdfQ.tUtbkvl8HBW1DkwbFD-He8mOSIoldhgA1BHH6f8Jpcc HTTP/1.1" 200 -
172.16.3.7 - - [20/Apr/2026:17:17:35 +0200] "HEAD /rhn/manager/download/sle-product-sles15-sp7-pool-x86_64/repodata/repomd.xml.asc?eyJhbGciOiJIUzI1NiJ9.eyJqdGkiOiI5UGNQSlhkbXMyWHZDM2JfRnhsUXhBIiwiZXhwIjoxODA4MjM0MjIwLCJpYXQiOjE3NzY2OTgyMjAsIm5iZiI6MTc3NjY5ODEwMCwib3JnIjoxLCJvbmx5Q2hhbm5lbHMiOlsic2xlLXByb2R1Y3Qtc2xlczE1LXNwNy1wb29sLXg4Nl82NCJdfQ.tUtbkvl8HBW1DkwbFD-He8mOSIoldhgA1BHH6f8Jpcc HTTP/1.1" 404 -
172.16.3.7 - - [20/Apr/2026:17:17:35 +0200] "HEAD /rhn/manager/download/sle-product-sles15-sp7-pool-x86_64/repodata/66fcb8bb04aafa067687b87a59d08127fca3bad3827d39e259a7a418864fba28-primary.xml.gz?eyJhbGciOiJIUzI1NiJ9.eyJqdGkiOiI5UGNQSlhkbXMyWHZDM2JfRnhsUXhBIiwiZXhwIjoxODA4MjM0MjIwLCJpYXQiOjE3NzY2OTgyMjAsIm5iZiI6MTc3NjY5ODEwMCwib3JnIjoxLCJvbmx5Q2hhbm5lbHMiOlsic2xlLXByb2R1Y3Qtc2xlczE1LXNwNy1wb29sLXg4Nl82NCJdfQ.tUtbkvl8HBW1DkwbFD-He8mOSIoldhgA1BHH6f8Jpcc HTTP/1.1" 200 -
172.16.3.7 - - [20/Apr/2026:17:17:35 +0200] "HEAD /rhn/manager/download/sle-product-sles15-sp7-pool-x86_64/repodata/2e34934e751c235ac6406ea6b3b5e16e6dde0ad209c60d6e5ef3871a8a34ad7f-susedata.xml.gz?eyJhbGciOiJIUzI1NiJ9.eyJqdGkiOiI5UGNQSlhkbXMyWHZDM2JfRnhsUXhBIiwiZXhwIjoxODA4MjM0MjIwLCJpYXQiOjE3NzY2OTgyMjAsIm5iZiI6MTc3NjY5ODEwMCwib3JnIjoxLCJvbmx5Q2hhbm5lbHMiOlsic2xlLXByb2R1Y3Qtc2xlczE1LXNwNy1wb29sLXg4Nl82NCJdfQ.tUtbkvl8HBW1DkwbFD-He8mOSIoldhgA1BHH6f8Jpcc HTTP/1.1" 200 -
172.16.3.7 - - [20/Apr/2026:17:17:35 +0200] "HEAD /rhn/manager/download/sles15-sp7-devel-uyuni-client-x86_64/repodata/repomd.xml?eyJhbGciOiJIUzI1NiJ9.eyJqdGkiOiI1RFhWOXp6eHdGQ1RydWdzUGJXSmd3IiwiZXhwIjoxODA4MjM0MjIwLCJpYXQiOjE3NzY2OTgyMjAsIm5iZiI6MTc3NjY5ODEwMCwib3JnIjoxLCJvbmx5Q2hhbm5lbHMiOlsic2xlczE1LXNwNy1kZXZlbC11eXVuaS1jbGllbnQteDg2XzY0Il19.4JPw4Ni3us_GpgJaqM5mK3EnLvJNXvVdEc6Gox2qjNE HTTP/1.1" 200 -
172.16.3.7 - - [20/Apr/2026:17:17:35 +0200] "HEAD /rhn/manager/download/sles15-sp7-devel-uyuni-client-x86_64/media.1/media?eyJhbGciOiJIUzI1NiJ9.eyJqdGkiOiI1RFhWOXp6eHdGQ1RydWdzUGJXSmd3IiwiZXhwIjoxODA4MjM0MjIwLCJpYXQiOjE3NzY2OTgyMjAsIm5iZiI6MTc3NjY5ODEwMCwib3JnIjoxLCJvbmx5Q2hhbm5lbHMiOlsic2xlczE1LXNwNy1kZXZlbC11eXVuaS1jbGllbnQteDg2XzY0Il19.4JPw4Ni3us_GpgJaqM5mK3EnLvJNXvVdEc6Gox2qjNE HTTP/1.1" 404 -
172.16.3.7 - - [20/Apr/2026:17:17:35 +0200] "HEAD /rhn/manager/download/sles15-sp7-devel-uyuni-client-x86_64/repodata/repomd.xml?eyJhbGciOiJIUzI1NiJ9.eyJqdGkiOiI1RFhWOXp6eHdGQ1RydWdzUGJXSmd3IiwiZXhwIjoxODA4MjM0MjIwLCJpYXQiOjE3NzY2OTgyMjAsIm5iZiI6MTc3NjY5ODEwMCwib3JnIjoxLCJvbmx5Q2hhbm5lbHMiOlsic2xlczE1LXNwNy1kZXZlbC11eXVuaS1jbGllbnQteDg2XzY0Il19.4JPw4Ni3us_GpgJaqM5mK3EnLvJNXvVdEc6Gox2qjNE HTTP/1.1" 200 -
172.16.3.7 - - [20/Apr/2026:17:17:36 +0200] "HEAD /rhn/manager/download/sles15-sp7-devel-uyuni-client-x86_64/repodata/repomd.xml.asc?eyJhbGciOiJIUzI1NiJ9.eyJqdGkiOiI1RFhWOXp6eHdGQ1RydWdzUGJXSmd3IiwiZXhwIjoxODA4MjM0MjIwLCJpYXQiOjE3NzY2OTgyMjAsIm5iZiI6MTc3NjY5ODEwMCwib3JnIjoxLCJvbmx5Q2hhbm5lbHMiOlsic2xlczE1LXNwNy1kZXZlbC11eXVuaS1jbGllbnQteDg2XzY0Il19.4JPw4Ni3us_GpgJaqM5mK3EnLvJNXvVdEc6Gox2qjNE HTTP/1.1" 404 -
172.16.3.7 - - [20/Apr/2026:17:17:36 +0200] "HEAD /rhn/manager/download/sles15-sp7-devel-uyuni-client-x86_64/repodata/f1c83a9b8da704bef4199e259ecc3115f64cf446680ae3ed402f757e786beb3e-primary.xml.gz?eyJhbGciOiJIUzI1NiJ9.eyJqdGkiOiI1RFhWOXp6eHdGQ1RydWdzUGJXSmd3IiwiZXhwIjoxODA4MjM0MjIwLCJpYXQiOjE3NzY2OTgyMjAsIm5iZiI6MTc3NjY5ODEwMCwib3JnIjoxLCJvbmx5Q2hhbm5lbHMiOlsic2xlczE1LXNwNy1kZXZlbC11eXVuaS1jbGllbnQteDg2XzY0Il19.4JPw4Ni3us_GpgJaqM5mK3EnLvJNXvVdEc6Gox2qjNE HTTP/1.1" 200 -
172.16.3.7 - - [20/Apr/2026:17:17:36 +0200] "HEAD /rhn/manager/download/sles15-sp7-devel-uyuni-client-x86_64/repodata/a47b6e8f1c5c6879cbc022ca4a3898508fd9f2006a0f298c2bf486380fec3c1a-susedata.xml.gz?eyJhbGciOiJIUzI1NiJ9.eyJqdGkiOiI1RFhWOXp6eHdGQ1RydWdzUGJXSmd3IiwiZXhwIjoxODA4MjM0MjIwLCJpYXQiOjE3NzY2OTgyMjAsIm5iZiI6MTc3NjY5ODEwMCwib3JnIjoxLCJvbmx5Q2hhbm5lbHMiOlsic2xlczE1LXNwNy1kZXZlbC11eXVuaS1jbGllbnQteDg2XzY0Il19.4JPw4Ni3us_GpgJaqM5mK3EnLvJNXvVdEc6Gox2qjNE HTTP/1.1" 200 -
::1 - - [20/Apr/2026:17:17:38 +0200] "GET /rhn/manager/login HTTP/1.1" 302 -
172.16.3.5 - - [20/Apr/2026:17:17:38 +0200] "GET /rhn/manager/systems/list/all HTTP/1.1" 200 36838
172.16.3.5 - - [20/Apr/2026:17:17:39 +0200] "POST /rhn/manager/frontend-log HTTP/1.1" 200 16
127.0.0.1 - - [20/Apr/2026:17:17:39 +0200] "GET /rhn/websocket/notifications HTTP/1.1" 101 -
172.16.3.5 - - [20/Apr/2026:17:17:39 +0200] "POST /rhn/manager/frontend-log HTTP/1.1" 200 16
127.0.0.1 - - [20/Apr/2026:17:17:39 +0200] "GET /rhn/websocket/notifications HTTP/1.1" 101 -
172.16.3.5 - - [20/Apr/2026:17:17:39 +0200] "GET /rhn/manager/api/systems/list/all?p=1&ps=100&s=1&sc=server_name HTTP/1.1" 200 3169
172.16.3.5 - - [20/Apr/2026:17:17:39 +0200] "POST /rhn/manager/api/sets/system_list HTTP/1.1" 200 1
172.16.3.5 - - [20/Apr/2026:17:17:40 +0200] "GET /rhn/manager/systems/list/all HTTP/1.1" 200 36840
172.16.3.5 - - [20/Apr/2026:17:17:40 +0200] "POST /rhn/manager/frontend-log HTTP/1.1" 200 16
127.0.0.1 - - [20/Apr/2026:17:17:41 +0200] "GET /rhn/websocket/notifications HTTP/1.1" 101 -
172.16.3.5 - - [20/Apr/2026:17:17:41 +0200] "POST /rhn/manager/frontend-log HTTP/1.1" 200 16
172.16.3.5 - - [20/Apr/2026:17:17:41 +0200] "GET /rhn/manager/api/systems/list/all?p=1&ps=100&s=1&sc=server_name HTTP/1.1" 200 3169
127.0.0.1 - - [20/Apr/2026:17:17:41 +0200] "GET /rhn/websocket/notifications HTTP/1.1" 101 -
172.16.3.5 - - [20/Apr/2026:17:17:42 +0200] "POST /rhn/manager/api/sets/system_list HTTP/1.1" 200 1
172.16.3.5 - - [20/Apr/2026:17:17:42 +0200] "GET /rhn/systems/details/history/Pending.do?sid=1000010001& HTTP/1.1" 200 43019
172.16.3.5 - - [20/Apr/2026:17:17:42 +0200] "POST /rhn/manager/frontend-log HTTP/1.1" 200 16
172.16.3.5 - - [20/Apr/2026:17:17:42 +0200] "POST /rhn/manager/frontend-log HTTP/1.1" 200 16
127.0.0.1 - - [20/Apr/2026:17:17:42 +0200] "GET /rhn/websocket/notifications HTTP/1.1" 101 -
127.0.0.1 - - [20/Apr/2026:17:17:42 +0200] "GET /rhn/websocket/notifications HTTP/1.1" 101 -
172.16.3.5 - - [20/Apr/2026:17:17:43 +0200] "GET /rhn/systems/details/history/Pending.do?sid=1000010003& HTTP/1.1" 200 43023
127.0.0.1 - - [20/Apr/2026:17:17:43 +0200] "GET /rhn/websocket/notifications HTTP/1.1" 101 -
172.16.3.5 - - [20/Apr/2026:17:17:43 +0200] "POST /rhn/manager/frontend-log HTTP/1.1" 200 16
172.16.3.5 - - [20/Apr/2026:17:17:43 +0200] "POST /rhn/manager/frontend-log HTTP/1.1" 200 16
127.0.0.1 - - [20/Apr/2026:17:17:43 +0200] "GET /rhn/websocket/notifications HTTP/1.1" 101 -
172.16.3.5 - - [20/Apr/2026:17:17:46 +0200] "GET /rhn/systems/details/history/Pending.do?sid=1000010002& HTTP/1.1" 200 43013
172.16.3.5 - - [20/Apr/2026:17:17:46 +0200] "POST /rhn/manager/frontend-log HTTP/1.1" 200 16
172.16.3.5 - - [20/Apr/2026:17:17:46 +0200] "POST /rhn/manager/frontend-log HTTP/1.1" 200 16
127.0.0.1 - - [20/Apr/2026:17:17:46 +0200] "GET /rhn/websocket/notifications HTTP/1.1" 101 -
127.0.0.1 - - [20/Apr/2026:17:17:47 +0200] "GET /rhn/websocket/notifications HTTP/1.1" 101 -
172.16.3.5 - - [20/Apr/2026:17:17:52 +0200] "GET /rhn/manager/systems/list/all HTTP/1.1" 200 36838
172.16.3.5 - - [20/Apr/2026:17:17:52 +0200] "POST /rhn/manager/frontend-log HTTP/1.1" 200 16
127.0.0.1 - - [20/Apr/2026:17:17:52 +0200] "GET /rhn/websocket/notifications HTTP/1.1" 101 -
172.16.3.5 - - [20/Apr/2026:17:17:53 +0200] "POST /rhn/manager/frontend-log HTTP/1.1" 200 16
127.0.0.1 - - [20/Apr/2026:17:17:53 +0200] "GET /rhn/websocket/notifications HTTP/1.1" 101 -
::1 - - [20/Apr/2026:17:17:53 +0200] "GET /rhn/manager/login HTTP/1.1" 302 -
172.16.3.5 - - [20/Apr/2026:17:17:53 +0200] "GET /rhn/manager/api/systems/list/all?p=1&ps=100&s=1&sc=server_name HTTP/1.1" 200 3169
172.16.3.5 - - [20/Apr/2026:17:17:53 +0200] "POST /rhn/manager/api/sets/system_list HTTP/1.1" 200 1
172.16.3.5 - - [20/Apr/2026:17:17:54 +0200] "GET /rhn/manager/systems/list/all HTTP/1.1" 200 36840
172.16.3.5 - - [20/Apr/2026:17:17:54 +0200] "POST /rhn/manager/frontend-log HTTP/1.1" 200 16
127.0.0.1 - - [20/Apr/2026:17:17:54 +0200] "GET /rhn/websocket/notifications HTTP/1.1" 101 -
127.0.0.1 - - [20/Apr/2026:17:17:54 +0200] "GET /rhn/websocket/notifications HTTP/1.1" 101 -
172.16.3.5 - - [20/Apr/2026:17:17:54 +0200] "POST /rhn/manager/frontend-log HTTP/1.1" 200 16
172.16.3.5 - - [20/Apr/2026:17:17:55 +0200] "GET /rhn/manager/api/systems/list/all?p=1&ps=100&s=1&sc=server_name HTTP/1.1" 200 3169
172.16.3.5 - - [20/Apr/2026:17:17:55 +0200] "POST /rhn/manager/api/sets/system_list HTTP/1.1" 200 1
172.16.3.5 - - [20/Apr/2026:17:17:55 +0200] "GET /rhn/systems/details/history/Pending.do?sid=1000010001& HTTP/1.1" 200 40265
172.16.3.5 - - [20/Apr/2026:17:17:56 +0200] "POST /rhn/manager/frontend-log HTTP/1.1" 200 16
127.0.0.1 - - [20/Apr/2026:17:17:56 +0200] "GET /rhn/websocket/notifications HTTP/1.1" 101 -
172.16.3.5 - - [20/Apr/2026:17:17:56 +0200] "POST /rhn/manager/frontend-log HTTP/1.1" 200 16
127.0.0.1 - - [20/Apr/2026:17:17:56 +0200] "GET /rhn/websocket/notifications HTTP/1.1" 101 -
172.16.3.5 - - [20/Apr/2026:17:17:56 +0200] "GET /rhn/systems/details/history/Pending.do?sid=1000010003& HTTP/1.1" 200 40245
172.16.3.5 - - [20/Apr/2026:17:17:56 +0200] "POST /rhn/manager/frontend-log HTTP/1.1" 200 16
127.0.0.1 - - [20/Apr/2026:17:17:56 +0200] "GET /rhn/websocket/notifications HTTP/1.1" 101 -
172.16.3.5 - - [20/Apr/2026:17:17:57 +0200] "POST /rhn/manager/frontend-log HTTP/1.1" 200 16
127.0.0.1 - - [20/Apr/2026:17:17:57 +0200] "GET /rhn/websocket/notifications HTTP/1.1" 101 -
172.16.3.7 - - [20/Apr/2026:17:17:59 +0200] "HEAD /rhn/manager/download/devel-suse-channel/repodata/repomd.xml?eyJhbGciOiJIUzI1NiJ9.eyJqdGkiOiJtSHByaGVSbi1yaXB1UDV1VWI4VjRRIiwiZXhwIjoxODA4MjM0MjE1LCJpYXQiOjE3NzY2OTgyMTUsIm5iZiI6MTc3NjY5ODA5NSwib3JnIjoxLCJvbmx5Q2hhbm5lbHMiOlsiZGV2ZWwtc3VzZS1jaGFubmVsIl19.TtMD9L836YdaLy_Ach4e0Xurv9rETpJnBqoW6lUOxZg HTTP/1.1" 200 -
172.16.3.7 - - [20/Apr/2026:17:17:59 +0200] "HEAD /rhn/manager/download/devel-suse-channel/media.1/media?eyJhbGciOiJIUzI1NiJ9.eyJqdGkiOiJtSHByaGVSbi1yaXB1UDV1VWI4VjRRIiwiZXhwIjoxODA4MjM0MjE1LCJpYXQiOjE3NzY2OTgyMTUsIm5iZiI6MTc3NjY5ODA5NSwib3JnIjoxLCJvbmx5Q2hhbm5lbHMiOlsiZGV2ZWwtc3VzZS1jaGFubmVsIl19.TtMD9L836YdaLy_Ach4e0Xurv9rETpJnBqoW6lUOxZg HTTP/1.1" 404 -
172.16.3.7 - - [20/Apr/2026:17:17:59 +0200] "HEAD /rhn/manager/download/devel-suse-channel/repodata/repomd.xml?eyJhbGciOiJIUzI1NiJ9.eyJqdGkiOiJtSHByaGVSbi1yaXB1UDV1VWI4VjRRIiwiZXhwIjoxODA4MjM0MjE1LCJpYXQiOjE3NzY2OTgyMTUsIm5iZiI6MTc3NjY5ODA5NSwib3JnIjoxLCJvbmx5Q2hhbm5lbHMiOlsiZGV2ZWwtc3VzZS1jaGFubmVsIl19.TtMD9L836YdaLy_Ach4e0Xurv9rETpJnBqoW6lUOxZg HTTP/1.1" 200 -
172.16.3.7 - - [20/Apr/2026:17:17:59 +0200] "GET /rhn/manager/download/devel-suse-channel/repodata/repomd.xml?eyJhbGciOiJIUzI1NiJ9.eyJqdGkiOiJtSHByaGVSbi1yaXB1UDV1VWI4VjRRIiwiZXhwIjoxODA4MjM0MjE1LCJpYXQiOjE3NzY2OTgyMTUsIm5iZiI6MTc3NjY5ODA5NSwib3JnIjoxLCJvbmx5Q2hhbm5lbHMiOlsiZGV2ZWwtc3VzZS1jaGFubmVsIl19.TtMD9L836YdaLy_Ach4e0Xurv9rETpJnBqoW6lUOxZg HTTP/1.1" 200 3664
172.16.3.7 - - [20/Apr/2026:17:17:59 +0200] "HEAD /rhn/manager/download/devel-suse-channel/repodata/repomd.xml.asc?eyJhbGciOiJIUzI1NiJ9.eyJqdGkiOiJtSHByaGVSbi1yaXB1UDV1VWI4VjRRIiwiZXhwIjoxODA4MjM0MjE1LCJpYXQiOjE3NzY2OTgyMTUsIm5iZiI6MTc3NjY5ODA5NSwib3JnIjoxLCJvbmx5Q2hhbm5lbHMiOlsiZGV2ZWwtc3VzZS1jaGFubmVsIl19.TtMD9L836YdaLy_Ach4e0Xurv9rETpJnBqoW6lUOxZg HTTP/1.1" 404 -
172.16.3.7 - - [20/Apr/2026:17:17:59 +0200] "HEAD /rhn/manager/download/devel-suse-channel/repodata/dc638ca6ca3173d11cd8433b7fafb0c073e799567c40507d67828793f380aa3ccbc6c76efc28e717ffcd6cfc90363735d7c4706d86d915157899dc09d5381c11-primary.xml.gz?eyJhbGciOiJIUzI1NiJ9.eyJqdGkiOiJtSHByaGVSbi1yaXB1UDV1VWI4VjRRIiwiZXhwIjoxODA4MjM0MjE1LCJpYXQiOjE3NzY2OTgyMTUsIm5iZiI6MTc3NjY5ODA5NSwib3JnIjoxLCJvbmx5Q2hhbm5lbHMiOlsiZGV2ZWwtc3VzZS1jaGFubmVsIl19.TtMD9L836YdaLy_Ach4e0Xurv9rETpJnBqoW6lUOxZg HTTP/1.1" 200 -
172.16.3.7 - - [20/Apr/2026:17:17:59 +0200] "GET /rhn/manager/download/devel-suse-channel/repodata/dc638ca6ca3173d11cd8433b7fafb0c073e799567c40507d67828793f380aa3ccbc6c76efc28e717ffcd6cfc90363735d7c4706d86d915157899dc09d5381c11-primary.xml.gz?eyJhbGciOiJIUzI1NiJ9.eyJqdGkiOiJtSHByaGVSbi1yaXB1UDV1VWI4VjRRIiwiZXhwIjoxODA4MjM0MjE1LCJpYXQiOjE3NzY2OTgyMTUsIm5iZiI6MTc3NjY5ODA5NSwib3JnIjoxLCJvbmx5Q2hhbm5lbHMiOlsiZGV2ZWwtc3VzZS1jaGFubmVsIl19.TtMD9L836YdaLy_Ach4e0Xurv9rETpJnBqoW6lUOxZg HTTP/1.1" 200 3664
172.16.3.7 - - [20/Apr/2026:17:17:59 +0200] "HEAD /rhn/manager/download/devel-suse-channel/repodata/3f9cac4a721e273fdb7264069bbfe5baf3667e264672b131f01f8cce0cdb42804b7ec391b898e724c8f68dd50574c5c639ba9d8ff48492d9af231f54561a17dd-susedata.xml.gz?eyJhbGciOiJIUzI1NiJ9.eyJqdGkiOiJtSHByaGVSbi1yaXB1UDV1VWI4VjRRIiwiZXhwIjoxODA4MjM0MjE1LCJpYXQiOjE3NzY2OTgyMTUsIm5iZiI6MTc3NjY5ODA5NSwib3JnIjoxLCJvbmx5Q2hhbm5lbHMiOlsiZGV2ZWwtc3VzZS1jaGFubmVsIl19.TtMD9L836YdaLy_Ach4e0Xurv9rETpJnBqoW6lUOxZg HTTP/1.1" 200 -
172.16.3.7 - - [20/Apr/2026:17:17:59 +0200] "GET /rhn/manager/download/devel-suse-channel/repodata/3f9cac4a721e273fdb7264069bbfe5baf3667e264672b131f01f8cce0cdb42804b7ec391b898e724c8f68dd50574c5c639ba9d8ff48492d9af231f54561a17dd-susedata.xml.gz?eyJhbGciOiJIUzI1NiJ9.eyJqdGkiOiJtSHByaGVSbi1yaXB1UDV1VWI4VjRRIiwiZXhwIjoxODA4MjM0MjE1LCJpYXQiOjE3NzY2OTgyMTUsIm5iZiI6MTc3NjY5ODA5NSwib3JnIjoxLCJvbmx5Q2hhbm5lbHMiOlsiZGV2ZWwtc3VzZS1jaGFubmVsIl19.TtMD9L836YdaLy_Ach4e0Xurv9rETpJnBqoW6lUOxZg HTTP/1.1" 200 3664
172.16.3.7 - - [20/Apr/2026:17:17:59 +0200] "HEAD /rhn/manager/download/fake-rpm-suse-channel/repodata/repomd.xml?eyJhbGciOiJIUzI1NiJ9.eyJqdGkiOiJvMTNLV21BM3R3bnRkeTNYeEdySnJRIiwiZXhwIjoxODA4MjM0MjE1LCJpYXQiOjE3NzY2OTgyMTUsIm5iZiI6MTc3NjY5ODA5NSwib3JnIjoxLCJvbmx5Q2hhbm5lbHMiOlsiZmFrZS1ycG0tc3VzZS1jaGFubmVsIl19.7MPRZJ0lkGOherGVnkcAmRgfL7sAgDUwTstQ1z-AVgg HTTP/1.1" 200 -
172.16.3.7 - - [20/Apr/2026:17:17:59 +0200] "HEAD /rhn/manager/download/fake-rpm-suse-channel/media.1/media?eyJhbGciOiJIUzI1NiJ9.eyJqdGkiOiJvMTNLV21BM3R3bnRkeTNYeEdySnJRIiwiZXhwIjoxODA4MjM0MjE1LCJpYXQiOjE3NzY2OTgyMTUsIm5iZiI6MTc3NjY5ODA5NSwib3JnIjoxLCJvbmx5Q2hhbm5lbHMiOlsiZmFrZS1ycG0tc3VzZS1jaGFubmVsIl19.7MPRZJ0lkGOherGVnkcAmRgfL7sAgDUwTstQ1z-AVgg HTTP/1.1" 404 -
172.16.3.7 - - [20/Apr/2026:17:17:59 +0200] "HEAD /rhn/manager/download/fake-rpm-suse-channel/repodata/repomd.xml?eyJhbGciOiJIUzI1NiJ9.eyJqdGkiOiJvMTNLV21BM3R3bnRkeTNYeEdySnJRIiwiZXhwIjoxODA4MjM0MjE1LCJpYXQiOjE3NzY2OTgyMTUsIm5iZiI6MTc3NjY5ODA5NSwib3JnIjoxLCJvbmx5Q2hhbm5lbHMiOlsiZmFrZS1ycG0tc3VzZS1jaGFubmVsIl19.7MPRZJ0lkGOherGVnkcAmRgfL7sAgDUwTstQ1z-AVgg HTTP/1.1" 200 -
172.16.3.7 - - [20/Apr/2026:17:17:59 +0200] "GET /rhn/manager/download/fake-rpm-suse-channel/repodata/repomd.xml?eyJhbGciOiJIUzI1NiJ9.eyJqdGkiOiJvMTNLV21BM3R3bnRkeTNYeEdySnJRIiwiZXhwIjoxODA4MjM0MjE1LCJpYXQiOjE3NzY2OTgyMTUsIm5iZiI6MTc3NjY5ODA5NSwib3JnIjoxLCJvbmx5Q2hhbm5lbHMiOlsiZmFrZS1ycG0tc3VzZS1jaGFubmVsIl19.7MPRZJ0lkGOherGVnkcAmRgfL7sAgDUwTstQ1z-AVgg HTTP/1.1" 200 3664
172.16.3.7 - - [20/Apr/2026:17:17:59 +0200] "HEAD /rhn/manager/download/fake-rpm-suse-channel/repodata/repomd.xml.asc?eyJhbGciOiJIUzI1NiJ9.eyJqdGkiOiJvMTNLV21BM3R3bnRkeTNYeEdySnJRIiwiZXhwIjoxODA4MjM0MjE1LCJpYXQiOjE3NzY2OTgyMTUsIm5iZiI6MTc3NjY5ODA5NSwib3JnIjoxLCJvbmx5Q2hhbm5lbHMiOlsiZmFrZS1ycG0tc3VzZS1jaGFubmVsIl19.7MPRZJ0lkGOherGVnkcAmRgfL7sAgDUwTstQ1z-AVgg HTTP/1.1" 404 -
172.16.3.7 - - [20/Apr/2026:17:17:59 +0200] "HEAD /rhn/manager/download/fake-rpm-suse-channel/repodata/273df31af2fcd20775198b7caee5421a08cd91a4d65ed23f80ea9716402d4a1795c4720b53cd0e6e1b5d621d9579f81220e07642b0cf7d234252808a03f7a196-primary.xml.gz?eyJhbGciOiJIUzI1NiJ9.eyJqdGkiOiJvMTNLV21BM3R3bnRkeTNYeEdySnJRIiwiZXhwIjoxODA4MjM0MjE1LCJpYXQiOjE3NzY2OTgyMTUsIm5iZiI6MTc3NjY5ODA5NSwib3JnIjoxLCJvbmx5Q2hhbm5lbHMiOlsiZmFrZS1ycG0tc3VzZS1jaGFubmVsIl19.7MPRZJ0lkGOherGVnkcAmRgfL7sAgDUwTstQ1z-AVgg HTTP/1.1" 200 -
172.16.3.7 - - [20/Apr/2026:17:17:59 +0200] "GET /rhn/manager/download/fake-rpm-suse-channel/repodata/273df31af2fcd20775198b7caee5421a08cd91a4d65ed23f80ea9716402d4a1795c4720b53cd0e6e1b5d621d9579f81220e07642b0cf7d234252808a03f7a196-primary.xml.gz?eyJhbGciOiJIUzI1NiJ9.eyJqdGkiOiJvMTNLV21BM3R3bnRkeTNYeEdySnJRIiwiZXhwIjoxODA4MjM0MjE1LCJpYXQiOjE3NzY2OTgyMTUsIm5iZiI6MTc3NjY5ODA5NSwib3JnIjoxLCJvbmx5Q2hhbm5lbHMiOlsiZmFrZS1ycG0tc3VzZS1jaGFubmVsIl19.7MPRZJ0lkGOherGVnkcAmRgfL7sAgDUwTstQ1z-AVgg HTTP/1.1" 200 3664
172.16.3.7 - - [20/Apr/2026:17:17:59 +0200] "HEAD /rhn/manager/download/fake-rpm-suse-channel/repodata/967523dc5726124030e80fb689fa51ce5488d2ac8712bba0620f3ffc36327e732d46cf562cdfb846af7c837ef2954c30cd95d648799cecc00140260e96bc9a58-susedata.xml.gz?eyJhbGciOiJIUzI1NiJ9.eyJqdGkiOiJvMTNLV21BM3R3bnRkeTNYeEdySnJRIiwiZXhwIjoxODA4MjM0MjE1LCJpYXQiOjE3NzY2OTgyMTUsIm5iZiI6MTc3NjY5ODA5NSwib3JnIjoxLCJvbmx5Q2hhbm5lbHMiOlsiZmFrZS1ycG0tc3VzZS1jaGFubmVsIl19.7MPRZJ0lkGOherGVnkcAmRgfL7sAgDUwTstQ1z-AVgg HTTP/1.1" 200 -
172.16.3.7 - - [20/Apr/2026:17:17:59 +0200] "GET /rhn/manager/download/fake-rpm-suse-channel/repodata/967523dc5726124030e80fb689fa51ce5488d2ac8712bba0620f3ffc36327e732d46cf562cdfb846af7c837ef2954c30cd95d648799cecc00140260e96bc9a58-susedata.xml.gz?eyJhbGciOiJIUzI1NiJ9.eyJqdGkiOiJvMTNLV21BM3R3bnRkeTNYeEdySnJRIiwiZXhwIjoxODA4MjM0MjE1LCJpYXQiOjE3NzY2OTgyMTUsIm5iZiI6MTc3NjY5ODA5NSwib3JnIjoxLCJvbmx5Q2hhbm5lbHMiOlsiZmFrZS1ycG0tc3VzZS1jaGFubmVsIl19.7MPRZJ0lkGOherGVnkcAmRgfL7sAgDUwTstQ1z-AVgg HTTP/1.1" 200 3664
172.16.3.7 - - [20/Apr/2026:17:17:59 +0200] "HEAD /rhn/manager/download/fake-rpm-suse-channel/repodata/a33dca05c36f518e2e5e11bf27a2a18c1db5ce0fd39c946c9e071a70e5ba32caefa97fcd5afebd18b3c7a4033dda2283487d3cf84f0702957e0a77766f4ee2bb-updateinfo.xml.gz?eyJhbGciOiJIUzI1NiJ9.eyJqdGkiOiJvMTNLV21BM3R3bnRkeTNYeEdySnJRIiwiZXhwIjoxODA4MjM0MjE1LCJpYXQiOjE3NzY2OTgyMTUsIm5iZiI6MTc3NjY5ODA5NSwib3JnIjoxLCJvbmx5Q2hhbm5lbHMiOlsiZmFrZS1ycG0tc3VzZS1jaGFubmVsIl19.7MPRZJ0lkGOherGVnkcAmRgfL7sAgDUwTstQ1z-AVgg HTTP/1.1" 200 -
172.16.3.7 - - [20/Apr/2026:17:17:59 +0200] "GET /rhn/manager/download/fake-rpm-suse-channel/repodata/a33dca05c36f518e2e5e11bf27a2a18c1db5ce0fd39c946c9e071a70e5ba32caefa97fcd5afebd18b3c7a4033dda2283487d3cf84f0702957e0a77766f4ee2bb-updateinfo.xml.gz?eyJhbGciOiJIUzI1NiJ9.eyJqdGkiOiJvMTNLV21BM3R3bnRkeTNYeEdySnJRIiwiZXhwIjoxODA4MjM0MjE1LCJpYXQiOjE3NzY2OTgyMTUsIm5iZiI6MTc3NjY5ODA5NSwib3JnIjoxLCJvbmx5Q2hhbm5lbHMiOlsiZmFrZS1ycG0tc3VzZS1jaGFubmVsIl19.7MPRZJ0lkGOherGVnkcAmRgfL7sAgDUwTstQ1z-AVgg HTTP/1.1" 200 3664
172.16.3.7 - - [20/Apr/2026:17:17:59 +0200] "HEAD /rhn/manager/download/opensuse_tumbleweed-uyuni-client-devel-x86_64/repodata/repomd.xml?eyJhbGciOiJIUzI1NiJ9.eyJqdGkiOiJLMnBDaEFxSXNoTVNuQy14anZrTkR3IiwiZXhwIjoxODA4MjM0MjE1LCJpYXQiOjE3NzY2OTgyMTUsIm5iZiI6MTc3NjY5ODA5NSwib3JnIjoxLCJvbmx5Q2hhbm5lbHMiOlsib3BlbnN1c2VfdHVtYmxld2VlZC11eXVuaS1jbGllbnQtZGV2ZWwteDg2XzY0Il19.kbFvcWOb2QUamvXwqdUa2438ERaGz8GHbesWJ3OJqok HTTP/1.1" 200 -
172.16.3.7 - - [20/Apr/2026:17:17:59 +0200] "HEAD /rhn/manager/download/opensuse_tumbleweed-uyuni-client-devel-x86_64/media.1/media?eyJhbGciOiJIUzI1NiJ9.eyJqdGkiOiJLMnBDaEFxSXNoTVNuQy14anZrTkR3IiwiZXhwIjoxODA4MjM0MjE1LCJpYXQiOjE3NzY2OTgyMTUsIm5iZiI6MTc3NjY5ODA5NSwib3JnIjoxLCJvbmx5Q2hhbm5lbHMiOlsib3BlbnN1c2VfdHVtYmxld2VlZC11eXVuaS1jbGllbnQtZGV2ZWwteDg2XzY0Il19.kbFvcWOb2QUamvXwqdUa2438ERaGz8GHbesWJ3OJqok HTTP/1.1" 404 -
172.16.3.7 - - [20/Apr/2026:17:17:59 +0200] "HEAD /rhn/manager/download/opensuse_tumbleweed-uyuni-client-devel-x86_64/repodata/repomd.xml?eyJhbGciOiJIUzI1NiJ9.eyJqdGkiOiJLMnBDaEFxSXNoTVNuQy14anZrTkR3IiwiZXhwIjoxODA4MjM0MjE1LCJpYXQiOjE3NzY2OTgyMTUsIm5iZiI6MTc3NjY5ODA5NSwib3JnIjoxLCJvbmx5Q2hhbm5lbHMiOlsib3BlbnN1c2VfdHVtYmxld2VlZC11eXVuaS1jbGllbnQtZGV2ZWwteDg2XzY0Il19.kbFvcWOb2QUamvXwqdUa2438ERaGz8GHbesWJ3OJqok HTTP/1.1" 200 -
172.16.3.7 - - [20/Apr/2026:17:17:59 +0200] "GET /rhn/manager/download/opensuse_tumbleweed-uyuni-client-devel-x86_64/repodata/repomd.xml?eyJhbGciOiJIUzI1NiJ9.eyJqdGkiOiJLMnBDaEFxSXNoTVNuQy14anZrTkR3IiwiZXhwIjoxODA4MjM0MjE1LCJpYXQiOjE3NzY2OTgyMTUsIm5iZiI6MTc3NjY5ODA5NSwib3JnIjoxLCJvbmx5Q2hhbm5lbHMiOlsib3BlbnN1c2VfdHVtYmxld2VlZC11eXVuaS1jbGllbnQtZGV2ZWwteDg2XzY0Il19.kbFvcWOb2QUamvXwqdUa2438ERaGz8GHbesWJ3OJqok HTTP/1.1" 200 3664
172.16.3.7 - - [20/Apr/2026:17:18:00 +0200] "HEAD /rhn/manager/download/opensuse_tumbleweed-uyuni-client-devel-x86_64/repodata/repomd.xml.asc?eyJhbGciOiJIUzI1NiJ9.eyJqdGkiOiJLMnBDaEFxSXNoTVNuQy14anZrTkR3IiwiZXhwIjoxODA4MjM0MjE1LCJpYXQiOjE3NzY2OTgyMTUsIm5iZiI6MTc3NjY5ODA5NSwib3JnIjoxLCJvbmx5Q2hhbm5lbHMiOlsib3BlbnN1c2VfdHVtYmxld2VlZC11eXVuaS1jbGllbnQtZGV2ZWwteDg2XzY0Il19.kbFvcWOb2QUamvXwqdUa2438ERaGz8GHbesWJ3OJqok HTTP/1.1" 404 -
172.16.3.7 - - [20/Apr/2026:17:18:00 +0200] "HEAD /rhn/manager/download/opensuse_tumbleweed-uyuni-client-devel-x86_64/repodata/1044de4de84941abe170de1713f48e10f249a94d12d224edb64cb5f9f20f6af057310317005d0573a600698dbd295fbe2cd33bb33f7ecd363d15509b9334f7b5-primary.xml.gz?eyJhbGciOiJIUzI1NiJ9.eyJqdGkiOiJLMnBDaEFxSXNoTVNuQy14anZrTkR3IiwiZXhwIjoxODA4MjM0MjE1LCJpYXQiOjE3NzY2OTgyMTUsIm5iZiI6MTc3NjY5ODA5NSwib3JnIjoxLCJvbmx5Q2hhbm5lbHMiOlsib3BlbnN1c2VfdHVtYmxld2VlZC11eXVuaS1jbGllbnQtZGV2ZWwteDg2XzY0Il19.kbFvcWOb2QUamvXwqdUa2438ERaGz8GHbesWJ3OJqok HTTP/1.1" 200 -
172.16.3.7 - - [20/Apr/2026:17:18:00 +0200] "GET /rhn/manager/download/opensuse_tumbleweed-uyuni-client-devel-x86_64/repodata/1044de4de84941abe170de1713f48e10f249a94d12d224edb64cb5f9f20f6af057310317005d0573a600698dbd295fbe2cd33bb33f7ecd363d15509b9334f7b5-primary.xml.gz?eyJhbGciOiJIUzI1NiJ9.eyJqdGkiOiJLMnBDaEFxSXNoTVNuQy14anZrTkR3IiwiZXhwIjoxODA4MjM0MjE1LCJpYXQiOjE3NzY2OTgyMTUsIm5iZiI6MTc3NjY5ODA5NSwib3JnIjoxLCJvbmx5Q2hhbm5lbHMiOlsib3BlbnN1c2VfdHVtYmxld2VlZC11eXVuaS1jbGllbnQtZGV2ZWwteDg2XzY0Il19.kbFvcWOb2QUamvXwqdUa2438ERaGz8GHbesWJ3OJqok HTTP/1.1" 200 3663
172.16.3.7 - - [20/Apr/2026:17:18:00 +0200] "HEAD /rhn/manager/download/opensuse_tumbleweed-uyuni-client-devel-x86_64/repodata/720db58c9b64176900d20f1ec5e085d98a676f5075351af10d82045ab58cc0ec48710d98e7b076cb48e45770f36621326b7f0a3da3978f80d7389c43296912b3-susedata.xml.gz?eyJhbGciOiJIUzI1NiJ9.eyJqdGkiOiJLMnBDaEFxSXNoTVNuQy14anZrTkR3IiwiZXhwIjoxODA4MjM0MjE1LCJpYXQiOjE3NzY2OTgyMTUsIm5iZiI6MTc3NjY5ODA5NSwib3JnIjoxLCJvbmx5Q2hhbm5lbHMiOlsib3BlbnN1c2VfdHVtYmxld2VlZC11eXVuaS1jbGllbnQtZGV2ZWwteDg2XzY0Il19.kbFvcWOb2QUamvXwqdUa2438ERaGz8GHbesWJ3OJqok HTTP/1.1" 200 -
172.16.3.7 - - [20/Apr/2026:17:18:00 +0200] "GET /rhn/manager/download/opensuse_tumbleweed-uyuni-client-devel-x86_64/repodata/720db58c9b64176900d20f1ec5e085d98a676f5075351af10d82045ab58cc0ec48710d98e7b076cb48e45770f36621326b7f0a3da3978f80d7389c43296912b3-susedata.xml.gz?eyJhbGciOiJIUzI1NiJ9.eyJqdGkiOiJLMnBDaEFxSXNoTVNuQy14anZrTkR3IiwiZXhwIjoxODA4MjM0MjE1LCJpYXQiOjE3NzY2OTgyMTUsIm5iZiI6MTc3NjY5ODA5NSwib3JnIjoxLCJvbmx5Q2hhbm5lbHMiOlsib3BlbnN1c2VfdHVtYmxld2VlZC11eXVuaS1jbGllbnQtZGV2ZWwteDg2XzY0Il19.kbFvcWOb2QUamvXwqdUa2438ERaGz8GHbesWJ3OJqok HTTP/1.1" 200 3664
172.16.3.7 - - [20/Apr/2026:17:18:00 +0200] "HEAD /rhn/manager/download/opensuse_tumbleweed-x86_64/repodata/repomd.xml?eyJhbGciOiJIUzI1NiJ9.eyJqdGkiOiI2OVZsR1FfWXBWTlBGVnJOTXNmUExBIiwiZXhwIjoxODA4MjM0MjE1LCJpYXQiOjE3NzY2OTgyMTUsIm5iZiI6MTc3NjY5ODA5NSwib3JnIjoxLCJvbmx5Q2hhbm5lbHMiOlsib3BlbnN1c2VfdHVtYmxld2VlZC14ODZfNjQiXX0.OBwRcTnumKkfR4iHoNhgLCqqROLCQjmqiHwKG8kaR9M HTTP/1.1" 200 -
172.16.3.7 - - [20/Apr/2026:17:18:00 +0200] "HEAD /rhn/manager/download/opensuse_tumbleweed-x86_64/media.1/media?eyJhbGciOiJIUzI1NiJ9.eyJqdGkiOiI2OVZsR1FfWXBWTlBGVnJOTXNmUExBIiwiZXhwIjoxODA4MjM0MjE1LCJpYXQiOjE3NzY2OTgyMTUsIm5iZiI6MTc3NjY5ODA5NSwib3JnIjoxLCJvbmx5Q2hhbm5lbHMiOlsib3BlbnN1c2VfdHVtYmxld2VlZC14ODZfNjQiXX0.OBwRcTnumKkfR4iHoNhgLCqqROLCQjmqiHwKG8kaR9M HTTP/1.1" 404 -
172.16.3.7 - - [20/Apr/2026:17:18:00 +0200] "HEAD /rhn/manager/download/opensuse_tumbleweed-x86_64/repodata/repomd.xml?eyJhbGciOiJIUzI1NiJ9.eyJqdGkiOiI2OVZsR1FfWXBWTlBGVnJOTXNmUExBIiwiZXhwIjoxODA4MjM0MjE1LCJpYXQiOjE3NzY2OTgyMTUsIm5iZiI6MTc3NjY5ODA5NSwib3JnIjoxLCJvbmx5Q2hhbm5lbHMiOlsib3BlbnN1c2VfdHVtYmxld2VlZC14ODZfNjQiXX0.OBwRcTnumKkfR4iHoNhgLCqqROLCQjmqiHwKG8kaR9M HTTP/1.1" 200 -
172.16.3.5 - - [20/Apr/2026:17:18:00 +0200] "GET /rhn/systems/details/history/Pending.do?sid=1000010002& HTTP/1.1" 200 40253
172.16.3.7 - - [20/Apr/2026:17:18:00 +0200] "GET /rhn/manager/download/opensuse_tumbleweed-x86_64/repodata/repomd.xml?eyJhbGciOiJIUzI1NiJ9.eyJqdGkiOiI2OVZsR1FfWXBWTlBGVnJOTXNmUExBIiwiZXhwIjoxODA4MjM0MjE1LCJpYXQiOjE3NzY2OTgyMTUsIm5iZiI6MTc3NjY5ODA5NSwib3JnIjoxLCJvbmx5Q2hhbm5lbHMiOlsib3BlbnN1c2VfdHVtYmxld2VlZC14ODZfNjQiXX0.OBwRcTnumKkfR4iHoNhgLCqqROLCQjmqiHwKG8kaR9M HTTP/1.1" 200 3664
172.16.3.7 - - [20/Apr/2026:17:18:00 +0200] "HEAD /rhn/manager/download/opensuse_tumbleweed-x86_64/repodata/repomd.xml.asc?eyJhbGciOiJIUzI1NiJ9.eyJqdGkiOiI2OVZsR1FfWXBWTlBGVnJOTXNmUExBIiwiZXhwIjoxODA4MjM0MjE1LCJpYXQiOjE3NzY2OTgyMTUsIm5iZiI6MTc3NjY5ODA5NSwib3JnIjoxLCJvbmx5Q2hhbm5lbHMiOlsib3BlbnN1c2VfdHVtYmxld2VlZC14ODZfNjQiXX0.OBwRcTnumKkfR4iHoNhgLCqqROLCQjmqiHwKG8kaR9M HTTP/1.1" 404 -
