172.16.3.5 - - [20/Apr/2026:17:16:07 +0200] "POST /rhn/ajax/critical-systems HTTP/1.1" 200 2024
172.16.3.5 - - [20/Apr/2026:17:16:07 +0200] "POST /rhn/ajax/tasks HTTP/1.1" 200 2232
127.0.0.1 - - [20/Apr/2026:17:16:07 +0200] "GET /rhn/websocket/notifications HTTP/1.1" 101 -
172.16.3.5 - - [20/Apr/2026:17:16:07 +0200] "POST /rhn/ajax/systems-groups HTTP/1.1" 200 1489
172.16.3.5 - - [20/Apr/2026:17:16:07 +0200] "POST /rhn/ajax/disk-check-warning HTTP/1.1" 200 -
172.16.3.5 - - [20/Apr/2026:17:16:07 +0200] "POST /rhn/ajax/latest-errata HTTP/1.1" 200 539
172.16.3.5 - - [20/Apr/2026:17:16:08 +0200] "POST /rhn/ajax/recent-systems HTTP/1.1" 200 3173
172.16.3.5 - - [20/Apr/2026:17:16:08 +0200] "POST /rhn/manager/frontend-log HTTP/1.1" 200 16
172.16.3.5 - - [20/Apr/2026:17:16:08 +0200] "GET /rhn/manager/systems/bootstrap HTTP/1.1" 200 37040
172.16.3.5 - - [20/Apr/2026:17:16:08 +0200] "POST /rhn/manager/frontend-log HTTP/1.1" 200 16
127.0.0.1 - - [20/Apr/2026:17:16:09 +0200] "GET /rhn/websocket/notifications HTTP/1.1" 101 -
::1 - - [20/Apr/2026:17:16:16 +0200] "GET /rhn/manager/login HTTP/1.1" 302 -
172.16.3.7 - - [20/Apr/2026:17:16:18 +0200] "GET /rhn/errors/404.jsp HTTP/1.1" 404 4500
172.16.3.7 - - [20/Apr/2026:17:16:19 +0200] "GET /rhn/errors/404.jsp HTTP/1.1" 404 4500
172.16.3.7 - - [20/Apr/2026:17:16:21 +0200] "GET /rhn/errors/404.jsp HTTP/1.1" 404 4500
::1 - - [20/Apr/2026:17:16:31 +0200] "GET /rhn/manager/login HTTP/1.1" 302 -
172.16.3.7 - - [20/Apr/2026:17:16:36 +0200] "GET /rhn/errors/404.jsp HTTP/1.1" 404 4500
172.16.3.7 - - [20/Apr/2026:17:16:36 +0200] "GET /rhn/errors/404.jsp HTTP/1.1" 404 4500
172.16.3.5 - - [20/Apr/2026:17:16:36 +0200] "POST /rhn/manager/api/systems/bootstrap HTTP/1.1" 200 28
172.16.3.5 - - [20/Apr/2026:17:16:37 +0200] "GET /rhn/manager/systems/list/all HTTP/1.1" 200 36842
127.0.0.1 - - [20/Apr/2026:17:16:37 +0200] "GET /rhn/websocket/notifications HTTP/1.1" 101 -
172.16.3.5 - - [20/Apr/2026:17:16:38 +0200] "POST /rhn/manager/frontend-log HTTP/1.1" 200 16
172.16.3.5 - - [20/Apr/2026:17:16:38 +0200] "GET /rhn/manager/api/systems/list/all?p=1&ps=100&s=1&sc=server_name HTTP/1.1" 200 789
172.16.3.5 - - [20/Apr/2026:17:16:38 +0200] "POST /rhn/manager/api/sets/system_list HTTP/1.1" 200 1
172.16.3.7 - - [20/Apr/2026:17:16:39 +0200] "GET /rhn/errors/404.jsp HTTP/1.1" 404 4500
172.16.3.7 - - [20/Apr/2026:17:16:39 +0200] "GET /rhn/errors/404.jsp HTTP/1.1" 404 4500
172.16.3.5 - - [20/Apr/2026:17:16:44 +0200] "POST /rhn/manager/api/systems/bootstrap HTTP/1.1" 200 28
172.16.3.5 - - [20/Apr/2026:17:16:45 +0200] "GET /rhn/manager/systems/list/all HTTP/1.1" 200 36840
127.0.0.1 - - [20/Apr/2026:17:16:45 +0200] "GET /rhn/websocket/notifications HTTP/1.1" 101 -
172.16.3.5 - - [20/Apr/2026:17:16:45 +0200] "GET /rhn/manager/systems/list/all HTTP/1.1" 200 36842
172.16.3.5 - - [20/Apr/2026:17:16:45 +0200] "POST /rhn/manager/frontend-log HTTP/1.1" 200 16
172.16.3.5 - - [20/Apr/2026:17:16:45 +0200] "POST /rhn/manager/frontend-log HTTP/1.1" 200 16
127.0.0.1 - - [20/Apr/2026:17:16:45 +0200] "GET /rhn/websocket/notifications HTTP/1.1" 101 -
127.0.0.1 - - [20/Apr/2026:17:16:46 +0200] "GET /rhn/websocket/notifications HTTP/1.1" 101 -
172.16.3.5 - - [20/Apr/2026:17:16:46 +0200] "POST /rhn/manager/frontend-log HTTP/1.1" 200 16
172.16.3.5 - - [20/Apr/2026:17:16:46 +0200] "GET /rhn/manager/api/systems/list/all?p=1&ps=100&s=1&sc=server_name HTTP/1.1" 200 789
172.16.3.5 - - [20/Apr/2026:17:16:46 +0200] "GET /rhn/manager/api/systems/list/all?p=1&ps=100&s=1&sc=server_name HTTP/1.1" 200 789
::1 - - [20/Apr/2026:17:16:46 +0200] "GET /rhn/manager/login HTTP/1.1" 302 -
172.16.3.5 - - [20/Apr/2026:17:16:46 +0200] "POST /rhn/manager/api/sets/system_list HTTP/1.1" 200 1
172.16.3.5 - - [20/Apr/2026:17:16:46 +0200] "POST /rhn/manager/api/sets/system_list HTTP/1.1" 200 1
172.16.3.5 - - [20/Apr/2026:17:16:49 +0200] "POST /rhn/manager/api/systems/bootstrap HTTP/1.1" 200 28
172.16.3.5 - - [20/Apr/2026:17:16:50 +0200] "GET /rhn/manager/systems/keys HTTP/1.1" 200 36694
127.0.0.1 - - [20/Apr/2026:17:16:51 +0200] "GET /rhn/websocket/notifications HTTP/1.1" 101 -
172.16.3.5 - - [20/Apr/2026:17:16:51 +0200] "POST /rhn/manager/frontend-log HTTP/1.1" 200 16
172.16.3.5 - - [20/Apr/2026:17:16:51 +0200] "POST /rhn/manager/api/systems/bootstrap HTTP/1.1" 200 28
172.16.3.5 - - [20/Apr/2026:17:16:51 +0200] "GET /rhn/manager/api/systems/keys HTTP/1.1" 200 949
172.16.3.5 - - [20/Apr/2026:17:16:52 +0200] "GET /rhn/manager/systems/keys HTTP/1.1" 200 36692
172.16.3.5 - - [20/Apr/2026:17:16:52 +0200] "GET /rhn/manager/systems/list/all HTTP/1.1" 200 36842
127.0.0.1 - - [20/Apr/2026:17:16:52 +0200] "GET /rhn/websocket/notifications HTTP/1.1" 101 -
172.16.3.5 - - [20/Apr/2026:17:16:52 +0200] "POST /rhn/manager/frontend-log HTTP/1.1" 200 16
172.16.3.5 - - [20/Apr/2026:17:16:52 +0200] "GET /rhn/manager/api/systems/keys HTTP/1.1" 200 949
172.16.3.5 - - [20/Apr/2026:17:16:52 +0200] "POST /rhn/manager/frontend-log HTTP/1.1" 200 16
127.0.0.1 - - [20/Apr/2026:17:16:52 +0200] "GET /rhn/websocket/notifications HTTP/1.1" 101 -
172.16.3.5 - - [20/Apr/2026:17:16:53 +0200] "GET /rhn/manager/systems/list/all HTTP/1.1" 200 36840
172.16.3.5 - - [20/Apr/2026:17:16:53 +0200] "GET /rhn/manager/api/systems/list/all?p=1&ps=100&s=1&sc=server_name HTTP/1.1" 200 789
172.16.3.5 - - [20/Apr/2026:17:16:53 +0200] "POST /rhn/manager/frontend-log HTTP/1.1" 200 16
172.16.3.5 - - [20/Apr/2026:17:16:53 +0200] "POST /rhn/manager/api/sets/system_list HTTP/1.1" 200 1
127.0.0.1 - - [20/Apr/2026:17:16:53 +0200] "GET /rhn/websocket/notifications HTTP/1.1" 101 -
127.0.0.1 - - [20/Apr/2026:17:16:53 +0200] "GET /rhn/websocket/notifications HTTP/1.1" 101 -
172.16.3.5 - - [20/Apr/2026:17:16:53 +0200] "GET /rhn/manager/systems/list/all HTTP/1.1" 200 36840
172.16.3.5 - - [20/Apr/2026:17:16:53 +0200] "POST /rhn/manager/frontend-log HTTP/1.1" 200 16
172.16.3.5 - - [20/Apr/2026:17:16:54 +0200] "GET /rhn/manager/api/systems/list/all?p=1&ps=100&s=1&sc=server_name HTTP/1.1" 200 789
172.16.3.5 - - [20/Apr/2026:17:16:54 +0200] "POST /rhn/manager/frontend-log HTTP/1.1" 200 16
127.0.0.1 - - [20/Apr/2026:17:16:54 +0200] "GET /rhn/websocket/notifications HTTP/1.1" 101 -
172.16.3.5 - - [20/Apr/2026:17:16:54 +0200] "POST /rhn/manager/api/sets/system_list HTTP/1.1" 200 1
172.16.3.5 - - [20/Apr/2026:17:16:54 +0200] "GET /rhn/manager/api/systems/list/all?p=1&ps=100&s=1&sc=server_name HTTP/1.1" 200 789
172.16.3.5 - - [20/Apr/2026:17:16:54 +0200] "POST /rhn/manager/api/sets/system_list HTTP/1.1" 200 1
172.16.3.5 - - [20/Apr/2026:17:16:58 +0200] "GET /rhn/manager/systems/list/all HTTP/1.1" 200 36840
172.16.3.5 - - [20/Apr/2026:17:16:58 +0200] "POST /rhn/manager/frontend-log HTTP/1.1" 200 16
127.0.0.1 - - [20/Apr/2026:17:16:58 +0200] "GET /rhn/websocket/notifications HTTP/1.1" 101 -
172.16.3.5 - - [20/Apr/2026:17:16:59 +0200] "POST /rhn/manager/frontend-log HTTP/1.1" 200 16
127.0.0.1 - - [20/Apr/2026:17:16:59 +0200] "GET /rhn/websocket/notifications HTTP/1.1" 101 -
172.16.3.5 - - [20/Apr/2026:17:16:59 +0200] "GET /rhn/manager/api/systems/list/all?p=1&ps=100&s=1&sc=server_name HTTP/1.1" 200 789
172.16.3.5 - - [20/Apr/2026:17:16:59 +0200] "POST /rhn/manager/api/sets/system_list HTTP/1.1" 200 1
172.16.3.5 - - [20/Apr/2026:17:16:59 +0200] "GET /rhn/manager/systems/list/all HTTP/1.1" 200 36842
172.16.3.5 - - [20/Apr/2026:17:16:59 +0200] "POST /rhn/manager/frontend-log HTTP/1.1" 200 16
127.0.0.1 - - [20/Apr/2026:17:17:00 +0200] "GET /rhn/websocket/notifications HTTP/1.1" 101 -
172.16.3.5 - - [20/Apr/2026:17:17:00 +0200] "POST /rhn/manager/frontend-log HTTP/1.1" 200 16
172.16.3.5 - - [20/Apr/2026:17:17:00 +0200] "GET /rhn/manager/systems/list/all HTTP/1.1" 200 36842
172.16.3.5 - - [20/Apr/2026:17:17:00 +0200] "GET /rhn/manager/api/systems/list/all?p=1&ps=100&s=1&sc=server_name HTTP/1.1" 200 3169
172.16.3.5 - - [20/Apr/2026:17:17:01 +0200] "POST /rhn/manager/frontend-log HTTP/1.1" 200 16
127.0.0.1 - - [20/Apr/2026:17:17:01 +0200] "GET /rhn/websocket/notifications HTTP/1.1" 101 -
172.16.3.5 - - [20/Apr/2026:17:17:01 +0200] "POST /rhn/manager/api/sets/system_list HTTP/1.1" 200 1
172.16.3.5 - - [20/Apr/2026:17:17:01 +0200] "GET /rhn/manager/api/systems/list/all?p=1&ps=100&s=1&sc=server_name HTTP/1.1" 200 3169
127.0.0.1 - - [20/Apr/2026:17:17:01 +0200] "GET /rhn/websocket/notifications HTTP/1.1" 101 -
127.0.0.1 - - [20/Apr/2026:17:17:01 +0200] "GET /rhn/websocket/notifications HTTP/1.1" 101 -
172.16.3.5 - - [20/Apr/2026:17:17:01 +0200] "POST /rhn/manager/frontend-log HTTP/1.1" 200 16
172.16.3.5 - - [20/Apr/2026:17:17:02 +0200] "POST /rhn/manager/api/sets/system_list HTTP/1.1" 200 1
::1 - - [20/Apr/2026:17:17:03 +0200] "GET /rhn/manager/login HTTP/1.1" 302 -
172.16.3.7 - - [20/Apr/2026:17:17:03 +0200] "HEAD /rhn/manager/download/devel-suse-channel/repodata/repomd.xml?eyJhbGciOiJIUzI1NiJ9.eyJqdGkiOiJtSHByaGVSbi1yaXB1UDV1VWI4VjRRIiwiZXhwIjoxODA4MjM0MjE1LCJpYXQiOjE3NzY2OTgyMTUsIm5iZiI6MTc3NjY5ODA5NSwib3JnIjoxLCJvbmx5Q2hhbm5lbHMiOlsiZGV2ZWwtc3VzZS1jaGFubmVsIl19.TtMD9L836YdaLy_Ach4e0Xurv9rETpJnBqoW6lUOxZg HTTP/1.1" 200 -
172.16.3.7 - - [20/Apr/2026:17:17:03 +0200] "HEAD /rhn/manager/download/devel-suse-channel/media.1/media?eyJhbGciOiJIUzI1NiJ9.eyJqdGkiOiJtSHByaGVSbi1yaXB1UDV1VWI4VjRRIiwiZXhwIjoxODA4MjM0MjE1LCJpYXQiOjE3NzY2OTgyMTUsIm5iZiI6MTc3NjY5ODA5NSwib3JnIjoxLCJvbmx5Q2hhbm5lbHMiOlsiZGV2ZWwtc3VzZS1jaGFubmVsIl19.TtMD9L836YdaLy_Ach4e0Xurv9rETpJnBqoW6lUOxZg HTTP/1.1" 404 -
172.16.3.7 - - [20/Apr/2026:17:17:04 +0200] "HEAD /rhn/manager/download/devel-suse-channel/repodata/repomd.xml?eyJhbGciOiJIUzI1NiJ9.eyJqdGkiOiJtSHByaGVSbi1yaXB1UDV1VWI4VjRRIiwiZXhwIjoxODA4MjM0MjE1LCJpYXQiOjE3NzY2OTgyMTUsIm5iZiI6MTc3NjY5ODA5NSwib3JnIjoxLCJvbmx5Q2hhbm5lbHMiOlsiZGV2ZWwtc3VzZS1jaGFubmVsIl19.TtMD9L836YdaLy_Ach4e0Xurv9rETpJnBqoW6lUOxZg HTTP/1.1" 200 -
172.16.3.7 - - [20/Apr/2026:17:17:04 +0200] "GET /rhn/manager/download/devel-suse-channel/repodata/repomd.xml?eyJhbGciOiJIUzI1NiJ9.eyJqdGkiOiJtSHByaGVSbi1yaXB1UDV1VWI4VjRRIiwiZXhwIjoxODA4MjM0MjE1LCJpYXQiOjE3NzY2OTgyMTUsIm5iZiI6MTc3NjY5ODA5NSwib3JnIjoxLCJvbmx5Q2hhbm5lbHMiOlsiZGV2ZWwtc3VzZS1jaGFubmVsIl19.TtMD9L836YdaLy_Ach4e0Xurv9rETpJnBqoW6lUOxZg HTTP/1.1" 200 3664
172.16.3.7 - - [20/Apr/2026:17:17:04 +0200] "HEAD /rhn/manager/download/devel-suse-channel/repodata/repomd.xml.asc?eyJhbGciOiJIUzI1NiJ9.eyJqdGkiOiJtSHByaGVSbi1yaXB1UDV1VWI4VjRRIiwiZXhwIjoxODA4MjM0MjE1LCJpYXQiOjE3NzY2OTgyMTUsIm5iZiI6MTc3NjY5ODA5NSwib3JnIjoxLCJvbmx5Q2hhbm5lbHMiOlsiZGV2ZWwtc3VzZS1jaGFubmVsIl19.TtMD9L836YdaLy_Ach4e0Xurv9rETpJnBqoW6lUOxZg HTTP/1.1" 404 -
172.16.3.7 - - [20/Apr/2026:17:17:04 +0200] "HEAD /rhn/manager/download/devel-suse-channel/repodata/dc638ca6ca3173d11cd8433b7fafb0c073e799567c40507d67828793f380aa3ccbc6c76efc28e717ffcd6cfc90363735d7c4706d86d915157899dc09d5381c11-primary.xml.gz?eyJhbGciOiJIUzI1NiJ9.eyJqdGkiOiJtSHByaGVSbi1yaXB1UDV1VWI4VjRRIiwiZXhwIjoxODA4MjM0MjE1LCJpYXQiOjE3NzY2OTgyMTUsIm5iZiI6MTc3NjY5ODA5NSwib3JnIjoxLCJvbmx5Q2hhbm5lbHMiOlsiZGV2ZWwtc3VzZS1jaGFubmVsIl19.TtMD9L836YdaLy_Ach4e0Xurv9rETpJnBqoW6lUOxZg HTTP/1.1" 200 -
172.16.3.7 - - [20/Apr/2026:17:17:04 +0200] "GET /rhn/manager/download/devel-suse-channel/repodata/dc638ca6ca3173d11cd8433b7fafb0c073e799567c40507d67828793f380aa3ccbc6c76efc28e717ffcd6cfc90363735d7c4706d86d915157899dc09d5381c11-primary.xml.gz?eyJhbGciOiJIUzI1NiJ9.eyJqdGkiOiJtSHByaGVSbi1yaXB1UDV1VWI4VjRRIiwiZXhwIjoxODA4MjM0MjE1LCJpYXQiOjE3NzY2OTgyMTUsIm5iZiI6MTc3NjY5ODA5NSwib3JnIjoxLCJvbmx5Q2hhbm5lbHMiOlsiZGV2ZWwtc3VzZS1jaGFubmVsIl19.TtMD9L836YdaLy_Ach4e0Xurv9rETpJnBqoW6lUOxZg HTTP/1.1" 200 3664
172.16.3.7 - - [20/Apr/2026:17:17:04 +0200] "HEAD /rhn/manager/download/devel-suse-channel/repodata/3f9cac4a721e273fdb7264069bbfe5baf3667e264672b131f01f8cce0cdb42804b7ec391b898e724c8f68dd50574c5c639ba9d8ff48492d9af231f54561a17dd-susedata.xml.gz?eyJhbGciOiJIUzI1NiJ9.eyJqdGkiOiJtSHByaGVSbi1yaXB1UDV1VWI4VjRRIiwiZXhwIjoxODA4MjM0MjE1LCJpYXQiOjE3NzY2OTgyMTUsIm5iZiI6MTc3NjY5ODA5NSwib3JnIjoxLCJvbmx5Q2hhbm5lbHMiOlsiZGV2ZWwtc3VzZS1jaGFubmVsIl19.TtMD9L836YdaLy_Ach4e0Xurv9rETpJnBqoW6lUOxZg HTTP/1.1" 200 -
172.16.3.7 - - [20/Apr/2026:17:17:04 +0200] "GET /rhn/manager/download/devel-suse-channel/repodata/3f9cac4a721e273fdb7264069bbfe5baf3667e264672b131f01f8cce0cdb42804b7ec391b898e724c8f68dd50574c5c639ba9d8ff48492d9af231f54561a17dd-susedata.xml.gz?eyJhbGciOiJIUzI1NiJ9.eyJqdGkiOiJtSHByaGVSbi1yaXB1UDV1VWI4VjRRIiwiZXhwIjoxODA4MjM0MjE1LCJpYXQiOjE3NzY2OTgyMTUsIm5iZiI6MTc3NjY5ODA5NSwib3JnIjoxLCJvbmx5Q2hhbm5lbHMiOlsiZGV2ZWwtc3VzZS1jaGFubmVsIl19.TtMD9L836YdaLy_Ach4e0Xurv9rETpJnBqoW6lUOxZg HTTP/1.1" 200 3664
172.16.3.7 - - [20/Apr/2026:17:17:04 +0200] "HEAD /rhn/manager/download/fake-rpm-suse-channel/repodata/repomd.xml?eyJhbGciOiJIUzI1NiJ9.eyJqdGkiOiJvMTNLV21BM3R3bnRkeTNYeEdySnJRIiwiZXhwIjoxODA4MjM0MjE1LCJpYXQiOjE3NzY2OTgyMTUsIm5iZiI6MTc3NjY5ODA5NSwib3JnIjoxLCJvbmx5Q2hhbm5lbHMiOlsiZmFrZS1ycG0tc3VzZS1jaGFubmVsIl19.7MPRZJ0lkGOherGVnkcAmRgfL7sAgDUwTstQ1z-AVgg HTTP/1.1" 200 -
172.16.3.7 - - [20/Apr/2026:17:17:04 +0200] "HEAD /rhn/manager/download/fake-rpm-suse-channel/media.1/media?eyJhbGciOiJIUzI1NiJ9.eyJqdGkiOiJvMTNLV21BM3R3bnRkeTNYeEdySnJRIiwiZXhwIjoxODA4MjM0MjE1LCJpYXQiOjE3NzY2OTgyMTUsIm5iZiI6MTc3NjY5ODA5NSwib3JnIjoxLCJvbmx5Q2hhbm5lbHMiOlsiZmFrZS1ycG0tc3VzZS1jaGFubmVsIl19.7MPRZJ0lkGOherGVnkcAmRgfL7sAgDUwTstQ1z-AVgg HTTP/1.1" 404 -
172.16.3.7 - - [20/Apr/2026:17:17:04 +0200] "HEAD /rhn/manager/download/fake-rpm-suse-channel/repodata/repomd.xml?eyJhbGciOiJIUzI1NiJ9.eyJqdGkiOiJvMTNLV21BM3R3bnRkeTNYeEdySnJRIiwiZXhwIjoxODA4MjM0MjE1LCJpYXQiOjE3NzY2OTgyMTUsIm5iZiI6MTc3NjY5ODA5NSwib3JnIjoxLCJvbmx5Q2hhbm5lbHMiOlsiZmFrZS1ycG0tc3VzZS1jaGFubmVsIl19.7MPRZJ0lkGOherGVnkcAmRgfL7sAgDUwTstQ1z-AVgg HTTP/1.1" 200 -
172.16.3.7 - - [20/Apr/2026:17:17:04 +0200] "GET /rhn/manager/download/fake-rpm-suse-channel/repodata/repomd.xml?eyJhbGciOiJIUzI1NiJ9.eyJqdGkiOiJvMTNLV21BM3R3bnRkeTNYeEdySnJRIiwiZXhwIjoxODA4MjM0MjE1LCJpYXQiOjE3NzY2OTgyMTUsIm5iZiI6MTc3NjY5ODA5NSwib3JnIjoxLCJvbmx5Q2hhbm5lbHMiOlsiZmFrZS1ycG0tc3VzZS1jaGFubmVsIl19.7MPRZJ0lkGOherGVnkcAmRgfL7sAgDUwTstQ1z-AVgg HTTP/1.1" 200 3664
172.16.3.7 - - [20/Apr/2026:17:17:05 +0200] "HEAD /rhn/manager/download/fake-rpm-suse-channel/repodata/repomd.xml.asc?eyJhbGciOiJIUzI1NiJ9.eyJqdGkiOiJvMTNLV21BM3R3bnRkeTNYeEdySnJRIiwiZXhwIjoxODA4MjM0MjE1LCJpYXQiOjE3NzY2OTgyMTUsIm5iZiI6MTc3NjY5ODA5NSwib3JnIjoxLCJvbmx5Q2hhbm5lbHMiOlsiZmFrZS1ycG0tc3VzZS1jaGFubmVsIl19.7MPRZJ0lkGOherGVnkcAmRgfL7sAgDUwTstQ1z-AVgg HTTP/1.1" 404 -
172.16.3.7 - - [20/Apr/2026:17:17:05 +0200] "HEAD /rhn/manager/download/fake-rpm-suse-channel/repodata/273df31af2fcd20775198b7caee5421a08cd91a4d65ed23f80ea9716402d4a1795c4720b53cd0e6e1b5d621d9579f81220e07642b0cf7d234252808a03f7a196-primary.xml.gz?eyJhbGciOiJIUzI1NiJ9.eyJqdGkiOiJvMTNLV21BM3R3bnRkeTNYeEdySnJRIiwiZXhwIjoxODA4MjM0MjE1LCJpYXQiOjE3NzY2OTgyMTUsIm5iZiI6MTc3NjY5ODA5NSwib3JnIjoxLCJvbmx5Q2hhbm5lbHMiOlsiZmFrZS1ycG0tc3VzZS1jaGFubmVsIl19.7MPRZJ0lkGOherGVnkcAmRgfL7sAgDUwTstQ1z-AVgg HTTP/1.1" 200 -
172.16.3.7 - - [20/Apr/2026:17:17:05 +0200] "GET /rhn/manager/download/fake-rpm-suse-channel/repodata/273df31af2fcd20775198b7caee5421a08cd91a4d65ed23f80ea9716402d4a1795c4720b53cd0e6e1b5d621d9579f81220e07642b0cf7d234252808a03f7a196-primary.xml.gz?eyJhbGciOiJIUzI1NiJ9.eyJqdGkiOiJvMTNLV21BM3R3bnRkeTNYeEdySnJRIiwiZXhwIjoxODA4MjM0MjE1LCJpYXQiOjE3NzY2OTgyMTUsIm5iZiI6MTc3NjY5ODA5NSwib3JnIjoxLCJvbmx5Q2hhbm5lbHMiOlsiZmFrZS1ycG0tc3VzZS1jaGFubmVsIl19.7MPRZJ0lkGOherGVnkcAmRgfL7sAgDUwTstQ1z-AVgg HTTP/1.1" 200 3664
172.16.3.7 - - [20/Apr/2026:17:17:05 +0200] "HEAD /rhn/manager/download/fake-rpm-suse-channel/repodata/967523dc5726124030e80fb689fa51ce5488d2ac8712bba0620f3ffc36327e732d46cf562cdfb846af7c837ef2954c30cd95d648799cecc00140260e96bc9a58-susedata.xml.gz?eyJhbGciOiJIUzI1NiJ9.eyJqdGkiOiJvMTNLV21BM3R3bnRkeTNYeEdySnJRIiwiZXhwIjoxODA4MjM0MjE1LCJpYXQiOjE3NzY2OTgyMTUsIm5iZiI6MTc3NjY5ODA5NSwib3JnIjoxLCJvbmx5Q2hhbm5lbHMiOlsiZmFrZS1ycG0tc3VzZS1jaGFubmVsIl19.7MPRZJ0lkGOherGVnkcAmRgfL7sAgDUwTstQ1z-AVgg HTTP/1.1" 200 -
172.16.3.7 - - [20/Apr/2026:17:17:05 +0200] "GET /rhn/manager/download/fake-rpm-suse-channel/repodata/967523dc5726124030e80fb689fa51ce5488d2ac8712bba0620f3ffc36327e732d46cf562cdfb846af7c837ef2954c30cd95d648799cecc00140260e96bc9a58-susedata.xml.gz?eyJhbGciOiJIUzI1NiJ9.eyJqdGkiOiJvMTNLV21BM3R3bnRkeTNYeEdySnJRIiwiZXhwIjoxODA4MjM0MjE1LCJpYXQiOjE3NzY2OTgyMTUsIm5iZiI6MTc3NjY5ODA5NSwib3JnIjoxLCJvbmx5Q2hhbm5lbHMiOlsiZmFrZS1ycG0tc3VzZS1jaGFubmVsIl19.7MPRZJ0lkGOherGVnkcAmRgfL7sAgDUwTstQ1z-AVgg HTTP/1.1" 200 3664
172.16.3.7 - - [20/Apr/2026:17:17:05 +0200] "HEAD /rhn/manager/download/fake-rpm-suse-channel/repodata/a33dca05c36f518e2e5e11bf27a2a18c1db5ce0fd39c946c9e071a70e5ba32caefa97fcd5afebd18b3c7a4033dda2283487d3cf84f0702957e0a77766f4ee2bb-updateinfo.xml.gz?eyJhbGciOiJIUzI1NiJ9.eyJqdGkiOiJvMTNLV21BM3R3bnRkeTNYeEdySnJRIiwiZXhwIjoxODA4MjM0MjE1LCJpYXQiOjE3NzY2OTgyMTUsIm5iZiI6MTc3NjY5ODA5NSwib3JnIjoxLCJvbmx5Q2hhbm5lbHMiOlsiZmFrZS1ycG0tc3VzZS1jaGFubmVsIl19.7MPRZJ0lkGOherGVnkcAmRgfL7sAgDUwTstQ1z-AVgg HTTP/1.1" 200 -
172.16.3.7 - - [20/Apr/2026:17:17:05 +0200] "GET /rhn/manager/download/fake-rpm-suse-channel/repodata/a33dca05c36f518e2e5e11bf27a2a18c1db5ce0fd39c946c9e071a70e5ba32caefa97fcd5afebd18b3c7a4033dda2283487d3cf84f0702957e0a77766f4ee2bb-updateinfo.xml.gz?eyJhbGciOiJIUzI1NiJ9.eyJqdGkiOiJvMTNLV21BM3R3bnRkeTNYeEdySnJRIiwiZXhwIjoxODA4MjM0MjE1LCJpYXQiOjE3NzY2OTgyMTUsIm5iZiI6MTc3NjY5ODA5NSwib3JnIjoxLCJvbmx5Q2hhbm5lbHMiOlsiZmFrZS1ycG0tc3VzZS1jaGFubmVsIl19.7MPRZJ0lkGOherGVnkcAmRgfL7sAgDUwTstQ1z-AVgg HTTP/1.1" 200 3664
172.16.3.7 - - [20/Apr/2026:17:17:05 +0200] "HEAD /rhn/manager/download/opensuse_tumbleweed-uyuni-client-devel-x86_64/repodata/repomd.xml?eyJhbGciOiJIUzI1NiJ9.eyJqdGkiOiJLMnBDaEFxSXNoTVNuQy14anZrTkR3IiwiZXhwIjoxODA4MjM0MjE1LCJpYXQiOjE3NzY2OTgyMTUsIm5iZiI6MTc3NjY5ODA5NSwib3JnIjoxLCJvbmx5Q2hhbm5lbHMiOlsib3BlbnN1c2VfdHVtYmxld2VlZC11eXVuaS1jbGllbnQtZGV2ZWwteDg2XzY0Il19.kbFvcWOb2QUamvXwqdUa2438ERaGz8GHbesWJ3OJqok HTTP/1.1" 200 -
172.16.3.7 - - [20/Apr/2026:17:17:05 +0200] "HEAD /rhn/manager/download/opensuse_tumbleweed-uyuni-client-devel-x86_64/media.1/media?eyJhbGciOiJIUzI1NiJ9.eyJqdGkiOiJLMnBDaEFxSXNoTVNuQy14anZrTkR3IiwiZXhwIjoxODA4MjM0MjE1LCJpYXQiOjE3NzY2OTgyMTUsIm5iZiI6MTc3NjY5ODA5NSwib3JnIjoxLCJvbmx5Q2hhbm5lbHMiOlsib3BlbnN1c2VfdHVtYmxld2VlZC11eXVuaS1jbGllbnQtZGV2ZWwteDg2XzY0Il19.kbFvcWOb2QUamvXwqdUa2438ERaGz8GHbesWJ3OJqok HTTP/1.1" 404 -
172.16.3.7 - - [20/Apr/2026:17:17:05 +0200] "HEAD /rhn/manager/download/opensuse_tumbleweed-uyuni-client-devel-x86_64/repodata/repomd.xml?eyJhbGciOiJIUzI1NiJ9.eyJqdGkiOiJLMnBDaEFxSXNoTVNuQy14anZrTkR3IiwiZXhwIjoxODA4MjM0MjE1LCJpYXQiOjE3NzY2OTgyMTUsIm5iZiI6MTc3NjY5ODA5NSwib3JnIjoxLCJvbmx5Q2hhbm5lbHMiOlsib3BlbnN1c2VfdHVtYmxld2VlZC11eXVuaS1jbGllbnQtZGV2ZWwteDg2XzY0Il19.kbFvcWOb2QUamvXwqdUa2438ERaGz8GHbesWJ3OJqok HTTP/1.1" 200 -
172.16.3.7 - - [20/Apr/2026:17:17:05 +0200] "GET /rhn/manager/download/opensuse_tumbleweed-uyuni-client-devel-x86_64/repodata/repomd.xml?eyJhbGciOiJIUzI1NiJ9.eyJqdGkiOiJLMnBDaEFxSXNoTVNuQy14anZrTkR3IiwiZXhwIjoxODA4MjM0MjE1LCJpYXQiOjE3NzY2OTgyMTUsIm5iZiI6MTc3NjY5ODA5NSwib3JnIjoxLCJvbmx5Q2hhbm5lbHMiOlsib3BlbnN1c2VfdHVtYmxld2VlZC11eXVuaS1jbGllbnQtZGV2ZWwteDg2XzY0Il19.kbFvcWOb2QUamvXwqdUa2438ERaGz8GHbesWJ3OJqok HTTP/1.1" 200 3664
172.16.3.7 - - [20/Apr/2026:17:17:05 +0200] "HEAD /rhn/manager/download/opensuse_tumbleweed-uyuni-client-devel-x86_64/repodata/repomd.xml.asc?eyJhbGciOiJIUzI1NiJ9.eyJqdGkiOiJLMnBDaEFxSXNoTVNuQy14anZrTkR3IiwiZXhwIjoxODA4MjM0MjE1LCJpYXQiOjE3NzY2OTgyMTUsIm5iZiI6MTc3NjY5ODA5NSwib3JnIjoxLCJvbmx5Q2hhbm5lbHMiOlsib3BlbnN1c2VfdHVtYmxld2VlZC11eXVuaS1jbGllbnQtZGV2ZWwteDg2XzY0Il19.kbFvcWOb2QUamvXwqdUa2438ERaGz8GHbesWJ3OJqok HTTP/1.1" 404 -
172.16.3.7 - - [20/Apr/2026:17:17:05 +0200] "HEAD /rhn/manager/download/opensuse_tumbleweed-uyuni-client-devel-x86_64/repodata/1044de4de84941abe170de1713f48e10f249a94d12d224edb64cb5f9f20f6af057310317005d0573a600698dbd295fbe2cd33bb33f7ecd363d15509b9334f7b5-primary.xml.gz?eyJhbGciOiJIUzI1NiJ9.eyJqdGkiOiJLMnBDaEFxSXNoTVNuQy14anZrTkR3IiwiZXhwIjoxODA4MjM0MjE1LCJpYXQiOjE3NzY2OTgyMTUsIm5iZiI6MTc3NjY5ODA5NSwib3JnIjoxLCJvbmx5Q2hhbm5lbHMiOlsib3BlbnN1c2VfdHVtYmxld2VlZC11eXVuaS1jbGllbnQtZGV2ZWwteDg2XzY0Il19.kbFvcWOb2QUamvXwqdUa2438ERaGz8GHbesWJ3OJqok HTTP/1.1" 200 -
172.16.3.7 - - [20/Apr/2026:17:17:05 +0200] "GET /rhn/manager/download/opensuse_tumbleweed-uyuni-client-devel-x86_64/repodata/1044de4de84941abe170de1713f48e10f249a94d12d224edb64cb5f9f20f6af057310317005d0573a600698dbd295fbe2cd33bb33f7ecd363d15509b9334f7b5-primary.xml.gz?eyJhbGciOiJIUzI1NiJ9.eyJqdGkiOiJLMnBDaEFxSXNoTVNuQy14anZrTkR3IiwiZXhwIjoxODA4MjM0MjE1LCJpYXQiOjE3NzY2OTgyMTUsIm5iZiI6MTc3NjY5ODA5NSwib3JnIjoxLCJvbmx5Q2hhbm5lbHMiOlsib3BlbnN1c2VfdHVtYmxld2VlZC11eXVuaS1jbGllbnQtZGV2ZWwteDg2XzY0Il19.kbFvcWOb2QUamvXwqdUa2438ERaGz8GHbesWJ3OJqok HTTP/1.1" 200 3664
172.16.3.7 - - [20/Apr/2026:17:17:05 +0200] "HEAD /rhn/manager/download/opensuse_tumbleweed-uyuni-client-devel-x86_64/repodata/720db58c9b64176900d20f1ec5e085d98a676f5075351af10d82045ab58cc0ec48710d98e7b076cb48e45770f36621326b7f0a3da3978f80d7389c43296912b3-susedata.xml.gz?eyJhbGciOiJIUzI1NiJ9.eyJqdGkiOiJLMnBDaEFxSXNoTVNuQy14anZrTkR3IiwiZXhwIjoxODA4MjM0MjE1LCJpYXQiOjE3NzY2OTgyMTUsIm5iZiI6MTc3NjY5ODA5NSwib3JnIjoxLCJvbmx5Q2hhbm5lbHMiOlsib3BlbnN1c2VfdHVtYmxld2VlZC11eXVuaS1jbGllbnQtZGV2ZWwteDg2XzY0Il19.kbFvcWOb2QUamvXwqdUa2438ERaGz8GHbesWJ3OJqok HTTP/1.1" 200 -
172.16.3.7 - - [20/Apr/2026:17:17:05 +0200] "GET /rhn/manager/download/opensuse_tumbleweed-uyuni-client-devel-x86_64/repodata/720db58c9b64176900d20f1ec5e085d98a676f5075351af10d82045ab58cc0ec48710d98e7b076cb48e45770f36621326b7f0a3da3978f80d7389c43296912b3-susedata.xml.gz?eyJhbGciOiJIUzI1NiJ9.eyJqdGkiOiJLMnBDaEFxSXNoTVNuQy14anZrTkR3IiwiZXhwIjoxODA4MjM0MjE1LCJpYXQiOjE3NzY2OTgyMTUsIm5iZiI6MTc3NjY5ODA5NSwib3JnIjoxLCJvbmx5Q2hhbm5lbHMiOlsib3BlbnN1c2VfdHVtYmxld2VlZC11eXVuaS1jbGllbnQtZGV2ZWwteDg2XzY0Il19.kbFvcWOb2QUamvXwqdUa2438ERaGz8GHbesWJ3OJqok HTTP/1.1" 200 3664
172.16.3.7 - - [20/Apr/2026:17:17:05 +0200] "HEAD /rhn/manager/download/opensuse_tumbleweed-x86_64/repodata/repomd.xml?eyJhbGciOiJIUzI1NiJ9.eyJqdGkiOiI2OVZsR1FfWXBWTlBGVnJOTXNmUExBIiwiZXhwIjoxODA4MjM0MjE1LCJpYXQiOjE3NzY2OTgyMTUsIm5iZiI6MTc3NjY5ODA5NSwib3JnIjoxLCJvbmx5Q2hhbm5lbHMiOlsib3BlbnN1c2VfdHVtYmxld2VlZC14ODZfNjQiXX0.OBwRcTnumKkfR4iHoNhgLCqqROLCQjmqiHwKG8kaR9M HTTP/1.1" 200 -
172.16.3.7 - - [20/Apr/2026:17:17:05 +0200] "HEAD /rhn/manager/download/opensuse_tumbleweed-x86_64/media.1/media?eyJhbGciOiJIUzI1NiJ9.eyJqdGkiOiI2OVZsR1FfWXBWTlBGVnJOTXNmUExBIiwiZXhwIjoxODA4MjM0MjE1LCJpYXQiOjE3NzY2OTgyMTUsIm5iZiI6MTc3NjY5ODA5NSwib3JnIjoxLCJvbmx5Q2hhbm5lbHMiOlsib3BlbnN1c2VfdHVtYmxld2VlZC14ODZfNjQiXX0.OBwRcTnumKkfR4iHoNhgLCqqROLCQjmqiHwKG8kaR9M HTTP/1.1" 404 -
172.16.3.7 - - [20/Apr/2026:17:17:05 +0200] "HEAD /rhn/manager/download/opensuse_tumbleweed-x86_64/repodata/repomd.xml?eyJhbGciOiJIUzI1NiJ9.eyJqdGkiOiI2OVZsR1FfWXBWTlBGVnJOTXNmUExBIiwiZXhwIjoxODA4MjM0MjE1LCJpYXQiOjE3NzY2OTgyMTUsIm5iZiI6MTc3NjY5ODA5NSwib3JnIjoxLCJvbmx5Q2hhbm5lbHMiOlsib3BlbnN1c2VfdHVtYmxld2VlZC14ODZfNjQiXX0.OBwRcTnumKkfR4iHoNhgLCqqROLCQjmqiHwKG8kaR9M HTTP/1.1" 200 -
172.16.3.7 - - [20/Apr/2026:17:17:05 +0200] "GET /rhn/manager/download/opensuse_tumbleweed-x86_64/repodata/repomd.xml?eyJhbGciOiJIUzI1NiJ9.eyJqdGkiOiI2OVZsR1FfWXBWTlBGVnJOTXNmUExBIiwiZXhwIjoxODA4MjM0MjE1LCJpYXQiOjE3NzY2OTgyMTUsIm5iZiI6MTc3NjY5ODA5NSwib3JnIjoxLCJvbmx5Q2hhbm5lbHMiOlsib3BlbnN1c2VfdHVtYmxld2VlZC14ODZfNjQiXX0.OBwRcTnumKkfR4iHoNhgLCqqROLCQjmqiHwKG8kaR9M HTTP/1.1" 200 3664
172.16.3.7 - - [20/Apr/2026:17:17:05 +0200] "HEAD /rhn/manager/download/opensuse_tumbleweed-x86_64/repodata/repomd.xml.asc?eyJhbGciOiJIUzI1NiJ9.eyJqdGkiOiI2OVZsR1FfWXBWTlBGVnJOTXNmUExBIiwiZXhwIjoxODA4MjM0MjE1LCJpYXQiOjE3NzY2OTgyMTUsIm5iZiI6MTc3NjY5ODA5NSwib3JnIjoxLCJvbmx5Q2hhbm5lbHMiOlsib3BlbnN1c2VfdHVtYmxld2VlZC14ODZfNjQiXX0.OBwRcTnumKkfR4iHoNhgLCqqROLCQjmqiHwKG8kaR9M HTTP/1.1" 404 -
172.16.3.7 - - [20/Apr/2026:17:17:05 +0200] "HEAD /rhn/manager/download/opensuse_tumbleweed-x86_64/repodata/a3ba941ddf76a9c718da334ca6cc655baf883b0fd95b147dc372cca9c07239b59662f665a6f2aaaf4ee7046b5596a8dd4fbceb6678d5b2bc8289af53ba7b0df1-primary.xml.gz?eyJhbGciOiJIUzI1NiJ9.eyJqdGkiOiI2OVZsR1FfWXBWTlBGVnJOTXNmUExBIiwiZXhwIjoxODA4MjM0MjE1LCJpYXQiOjE3NzY2OTgyMTUsIm5iZiI6MTc3NjY5ODA5NSwib3JnIjoxLCJvbmx5Q2hhbm5lbHMiOlsib3BlbnN1c2VfdHVtYmxld2VlZC14ODZfNjQiXX0.OBwRcTnumKkfR4iHoNhgLCqqROLCQjmqiHwKG8kaR9M HTTP/1.1" 200 -
172.16.3.7 - - [20/Apr/2026:17:17:05 +0200] "GET /rhn/manager/download/opensuse_tumbleweed-x86_64/repodata/a3ba941ddf76a9c718da334ca6cc655baf883b0fd95b147dc372cca9c07239b59662f665a6f2aaaf4ee7046b5596a8dd4fbceb6678d5b2bc8289af53ba7b0df1-primary.xml.gz?eyJhbGciOiJIUzI1NiJ9.eyJqdGkiOiI2OVZsR1FfWXBWTlBGVnJOTXNmUExBIiwiZXhwIjoxODA4MjM0MjE1LCJpYXQiOjE3NzY2OTgyMTUsIm5iZiI6MTc3NjY5ODA5NSwib3JnIjoxLCJvbmx5Q2hhbm5lbHMiOlsib3BlbnN1c2VfdHVtYmxld2VlZC14ODZfNjQiXX0.OBwRcTnumKkfR4iHoNhgLCqqROLCQjmqiHwKG8kaR9M HTTP/1.1" 200 3664
172.16.3.7 - - [20/Apr/2026:17:17:05 +0200] "HEAD /rhn/manager/download/opensuse_tumbleweed-x86_64/repodata/408ce57e8a39aa873b263f868578d19518a40688eacdd7b0a2c07a5e8a01c5e39df8b80b8ff99d4473235c4ff57df1cd2d22188f28ca76ee957eff99c86baaa2-susedata.xml.gz?eyJhbGciOiJIUzI1NiJ9.eyJqdGkiOiI2OVZsR1FfWXBWTlBGVnJOTXNmUExBIiwiZXhwIjoxODA4MjM0MjE1LCJpYXQiOjE3NzY2OTgyMTUsIm5iZiI6MTc3NjY5ODA5NSwib3JnIjoxLCJvbmx5Q2hhbm5lbHMiOlsib3BlbnN1c2VfdHVtYmxld2VlZC14ODZfNjQiXX0.OBwRcTnumKkfR4iHoNhgLCqqROLCQjmqiHwKG8kaR9M HTTP/1.1" 200 -
172.16.3.7 - - [20/Apr/2026:17:17:05 +0200] "GET /rhn/manager/download/opensuse_tumbleweed-x86_64/repodata/408ce57e8a39aa873b263f868578d19518a40688eacdd7b0a2c07a5e8a01c5e39df8b80b8ff99d4473235c4ff57df1cd2d22188f28ca76ee957eff99c86baaa2-susedata.xml.gz?eyJhbGciOiJIUzI1NiJ9.eyJqdGkiOiI2OVZsR1FfWXBWTlBGVnJOTXNmUExBIiwiZXhwIjoxODA4MjM0MjE1LCJpYXQiOjE3NzY2OTgyMTUsIm5iZiI6MTc3NjY5ODA5NSwib3JnIjoxLCJvbmx5Q2hhbm5lbHMiOlsib3BlbnN1c2VfdHVtYmxld2VlZC14ODZfNjQiXX0.OBwRcTnumKkfR4iHoNhgLCqqROLCQjmqiHwKG8kaR9M HTTP/1.1" 200 3663
172.16.3.5 - - [20/Apr/2026:17:17:06 +0200] "GET /rhn/manager/systems/list/all HTTP/1.1" 200 36840
172.16.3.5 - - [20/Apr/2026:17:17:06 +0200] "POST /rhn/manager/frontend-log HTTP/1.1" 200 16
127.0.0.1 - - [20/Apr/2026:17:17:06 +0200] "GET /rhn/websocket/notifications HTTP/1.1" 101 -
172.16.3.5 - - [20/Apr/2026:17:17:06 +0200] "POST /rhn/manager/frontend-log HTTP/1.1" 200 16
127.0.0.1 - - [20/Apr/2026:17:17:07 +0200] "GET /rhn/websocket/notifications HTTP/1.1" 101 -
172.16.3.7 - - [20/Apr/2026:17:17:07 +0200] "HEAD /rhn/manager/download/devel-rh-like-channel/repodata/repomd.xml?eyJhbGciOiJIUzI1NiJ9.eyJqdGkiOiJ6bVc1VGZjMWhURlZ2QnRyUWZYTmhBIiwiZXhwIjoxODA4MjM0MjAxLCJpYXQiOjE3NzY2OTgyMDEsIm5iZiI6MTc3NjY5ODA4MSwib3JnIjoxLCJvbmx5Q2hhbm5lbHMiOlsiZGV2ZWwtcmgtbGlrZS1jaGFubmVsIl19.V_GG5GpaGRNKgTwplg3o3iPPmutoa6QEKJbcsQhpkl0 HTTP/1.1" 200 -
172.16.3.7 - - [20/Apr/2026:17:17:07 +0200] "GET /rhn/manager/download/devel-rh-like-channel/repodata/repomd.xml?eyJhbGciOiJIUzI1NiJ9.eyJqdGkiOiJ6bVc1VGZjMWhURlZ2QnRyUWZYTmhBIiwiZXhwIjoxODA4MjM0MjAxLCJpYXQiOjE3NzY2OTgyMDEsIm5iZiI6MTc3NjY5ODA4MSwib3JnIjoxLCJvbmx5Q2hhbm5lbHMiOlsiZGV2ZWwtcmgtbGlrZS1jaGFubmVsIl19.V_GG5GpaGRNKgTwplg3o3iPPmutoa6QEKJbcsQhpkl0 HTTP/1.1" 200 3664
172.16.3.7 - - [20/Apr/2026:17:17:07 +0200] "HEAD /rhn/manager/download/devel-rh-like-channel/repodata/28dbbd90d6dfad0fe8a3bb1ffabc32120fdb559c-primary.xml.gz?eyJhbGciOiJIUzI1NiJ9.eyJqdGkiOiJ6bVc1VGZjMWhURlZ2QnRyUWZYTmhBIiwiZXhwIjoxODA4MjM0MjAxLCJpYXQiOjE3NzY2OTgyMDEsIm5iZiI6MTc3NjY5ODA4MSwib3JnIjoxLCJvbmx5Q2hhbm5lbHMiOlsiZGV2ZWwtcmgtbGlrZS1jaGFubmVsIl19.V_GG5GpaGRNKgTwplg3o3iPPmutoa6QEKJbcsQhpkl0 HTTP/1.1" 200 -
172.16.3.7 - - [20/Apr/2026:17:17:07 +0200] "HEAD /rhn/manager/download/devel-rh-like-channel/repodata/b83163fd25a5e5165a9b4704a8150f8a49c1e076-filelists.xml.gz?eyJhbGciOiJIUzI1NiJ9.eyJqdGkiOiJ6bVc1VGZjMWhURlZ2QnRyUWZYTmhBIiwiZXhwIjoxODA4MjM0MjAxLCJpYXQiOjE3NzY2OTgyMDEsIm5iZiI6MTc3NjY5ODA4MSwib3JnIjoxLCJvbmx5Q2hhbm5lbHMiOlsiZGV2ZWwtcmgtbGlrZS1jaGFubmVsIl19.V_GG5GpaGRNKgTwplg3o3iPPmutoa6QEKJbcsQhpkl0 HTTP/1.1" 200 -
172.16.3.7 - - [20/Apr/2026:17:17:07 +0200] "GET /rhn/manager/download/devel-rh-like-channel/repodata/28dbbd90d6dfad0fe8a3bb1ffabc32120fdb559c-primary.xml.gz?eyJhbGciOiJIUzI1NiJ9.eyJqdGkiOiJ6bVc1VGZjMWhURlZ2QnRyUWZYTmhBIiwiZXhwIjoxODA4MjM0MjAxLCJpYXQiOjE3NzY2OTgyMDEsIm5iZiI6MTc3NjY5ODA4MSwib3JnIjoxLCJvbmx5Q2hhbm5lbHMiOlsiZGV2ZWwtcmgtbGlrZS1jaGFubmVsIl19.V_GG5GpaGRNKgTwplg3o3iPPmutoa6QEKJbcsQhpkl0 HTTP/1.1" 200 3664
172.16.3.5 - - [20/Apr/2026:17:17:07 +0200] "GET /rhn/manager/api/systems/list/all?p=1&ps=100&s=1&sc=server_name HTTP/1.1" 200 3169
172.16.3.7 - - [20/Apr/2026:17:17:07 +0200] "GET /rhn/manager/download/devel-rh-like-channel/repodata/b83163fd25a5e5165a9b4704a8150f8a49c1e076-filelists.xml.gz?eyJhbGciOiJIUzI1NiJ9.eyJqdGkiOiJ6bVc1VGZjMWhURlZ2QnRyUWZYTmhBIiwiZXhwIjoxODA4MjM0MjAxLCJpYXQiOjE3NzY2OTgyMDEsIm5iZiI6MTc3NjY5ODA4MSwib3JnIjoxLCJvbmx5Q2hhbm5lbHMiOlsiZGV2ZWwtcmgtbGlrZS1jaGFubmVsIl19.V_GG5GpaGRNKgTwplg3o3iPPmutoa6QEKJbcsQhpkl0 HTTP/1.1" 200 3664
172.16.3.5 - - [20/Apr/2026:17:17:07 +0200] "POST /rhn/manager/api/sets/system_list HTTP/1.1" 200 1
172.16.3.7 - - [20/Apr/2026:17:17:07 +0200] "HEAD /rhn/manager/download/fake-base-channel-rh-like/repodata/repomd.xml?eyJhbGciOiJIUzI1NiJ9.eyJqdGkiOiJzdGZ5WVhxWWVESVl5OHVXNFBNOU1RIiwiZXhwIjoxODA4MjM0MjAxLCJpYXQiOjE3NzY2OTgyMDEsIm5iZiI6MTc3NjY5ODA4MSwib3JnIjoxLCJvbmx5Q2hhbm5lbHMiOlsiZmFrZS1iYXNlLWNoYW5uZWwtcmgtbGlrZSJdfQ.2oquMI06PO-0rygYBMDLBL7Rf0pmqJbA_W_9GrGLYqk HTTP/1.1" 200 -
172.16.3.7 - - [20/Apr/2026:17:17:07 +0200] "GET /rhn/manager/download/fake-base-channel-rh-like/repodata/repomd.xml?eyJhbGciOiJIUzI1NiJ9.eyJqdGkiOiJzdGZ5WVhxWWVESVl5OHVXNFBNOU1RIiwiZXhwIjoxODA4MjM0MjAxLCJpYXQiOjE3NzY2OTgyMDEsIm5iZiI6MTc3NjY5ODA4MSwib3JnIjoxLCJvbmx5Q2hhbm5lbHMiOlsiZmFrZS1iYXNlLWNoYW5uZWwtcmgtbGlrZSJdfQ.2oquMI06PO-0rygYBMDLBL7Rf0pmqJbA_W_9GrGLYqk HTTP/1.1" 200 3663
172.16.3.7 - - [20/Apr/2026:17:17:07 +0200] "HEAD /rhn/manager/download/fake-base-channel-rh-like/repodata/e522b3c992706a26420a5a76ade8476aa254aef1-primary.xml.gz?eyJhbGciOiJIUzI1NiJ9.eyJqdGkiOiJzdGZ5WVhxWWVESVl5OHVXNFBNOU1RIiwiZXhwIjoxODA4MjM0MjAxLCJpYXQiOjE3NzY2OTgyMDEsIm5iZiI6MTc3NjY5ODA4MSwib3JnIjoxLCJvbmx5Q2hhbm5lbHMiOlsiZmFrZS1iYXNlLWNoYW5uZWwtcmgtbGlrZSJdfQ.2oquMI06PO-0rygYBMDLBL7Rf0pmqJbA_W_9GrGLYqk HTTP/1.1" 200 -
172.16.3.7 - - [20/Apr/2026:17:17:07 +0200] "HEAD /rhn/manager/download/fake-base-channel-rh-like/repodata/157b35c92a1edf57af8f2a22f23aacbdf49b13f8-filelists.xml.gz?eyJhbGciOiJIUzI1NiJ9.eyJqdGkiOiJzdGZ5WVhxWWVESVl5OHVXNFBNOU1RIiwiZXhwIjoxODA4MjM0MjAxLCJpYXQiOjE3NzY2OTgyMDEsIm5iZiI6MTc3NjY5ODA4MSwib3JnIjoxLCJvbmx5Q2hhbm5lbHMiOlsiZmFrZS1iYXNlLWNoYW5uZWwtcmgtbGlrZSJdfQ.2oquMI06PO-0rygYBMDLBL7Rf0pmqJbA_W_9GrGLYqk HTTP/1.1" 200 -
172.16.3.7 - - [20/Apr/2026:17:17:07 +0200] "GET /rhn/manager/download/fake-base-channel-rh-like/repodata/e522b3c992706a26420a5a76ade8476aa254aef1-primary.xml.gz?eyJhbGciOiJIUzI1NiJ9.eyJqdGkiOiJzdGZ5WVhxWWVESVl5OHVXNFBNOU1RIiwiZXhwIjoxODA4MjM0MjAxLCJpYXQiOjE3NzY2OTgyMDEsIm5iZiI6MTc3NjY5ODA4MSwib3JnIjoxLCJvbmx5Q2hhbm5lbHMiOlsiZmFrZS1iYXNlLWNoYW5uZWwtcmgtbGlrZSJdfQ.2oquMI06PO-0rygYBMDLBL7Rf0pmqJbA_W_9GrGLYqk HTTP/1.1" 200 3663
172.16.3.7 - - [20/Apr/2026:17:17:07 +0200] "GET /rhn/manager/download/fake-base-channel-rh-like/repodata/157b35c92a1edf57af8f2a22f23aacbdf49b13f8-filelists.xml.gz?eyJhbGciOiJIUzI1NiJ9.eyJqdGkiOiJzdGZ5WVhxWWVESVl5OHVXNFBNOU1RIiwiZXhwIjoxODA4MjM0MjAxLCJpYXQiOjE3NzY2OTgyMDEsIm5iZiI6MTc3NjY5ODA4MSwib3JnIjoxLCJvbmx5Q2hhbm5lbHMiOlsiZmFrZS1iYXNlLWNoYW5uZWwtcmgtbGlrZSJdfQ.2oquMI06PO-0rygYBMDLBL7Rf0pmqJbA_W_9GrGLYqk HTTP/1.1" 200 3664
172.16.3.7 - - [20/Apr/2026:17:17:07 +0200] "HEAD /rhn/manager/download/fake-base-channel-rh-like/repodata/a4a58395cf11483407da9f22ec1050ed7344377b-updateinfo.xml.gz?eyJhbGciOiJIUzI1NiJ9.eyJqdGkiOiJzdGZ5WVhxWWVESVl5OHVXNFBNOU1RIiwiZXhwIjoxODA4MjM0MjAxLCJpYXQiOjE3NzY2OTgyMDEsIm5iZiI6MTc3NjY5ODA4MSwib3JnIjoxLCJvbmx5Q2hhbm5lbHMiOlsiZmFrZS1iYXNlLWNoYW5uZWwtcmgtbGlrZSJdfQ.2oquMI06PO-0rygYBMDLBL7Rf0pmqJbA_W_9GrGLYqk HTTP/1.1" 200 -
172.16.3.7 - - [20/Apr/2026:17:17:07 +0200] "GET /rhn/manager/download/fake-base-channel-rh-like/repodata/a4a58395cf11483407da9f22ec1050ed7344377b-updateinfo.xml.gz?eyJhbGciOiJIUzI1NiJ9.eyJqdGkiOiJzdGZ5WVhxWWVESVl5OHVXNFBNOU1RIiwiZXhwIjoxODA4MjM0MjAxLCJpYXQiOjE3NzY2OTgyMDEsIm5iZiI6MTc3NjY5ODA4MSwib3JnIjoxLCJvbmx5Q2hhbm5lbHMiOlsiZmFrZS1iYXNlLWNoYW5uZWwtcmgtbGlrZSJdfQ.2oquMI06PO-0rygYBMDLBL7Rf0pmqJbA_W_9GrGLYqk HTTP/1.1" 200 3664
172.16.3.7 - - [20/Apr/2026:17:17:07 +0200] "HEAD /rhn/manager/download/devel-build-host-channel/repodata/repomd.xml?eyJhbGciOiJIUzI1NiJ9.eyJqdGkiOiJ4SVJ0QWg0N3owem5MTmtIdTYtdWx3IiwiZXhwIjoxODA4MjM0MjIwLCJpYXQiOjE3NzY2OTgyMjAsIm5iZiI6MTc3NjY5ODEwMCwib3JnIjoxLCJvbmx5Q2hhbm5lbHMiOlsiZGV2ZWwtYnVpbGQtaG9zdC1jaGFubmVsIl19.ROVSiz3aXpbJU-biPfU6IPCNmj9qgiwYYl8wq7Xr2XY HTTP/1.1" 200 -
172.16.3.7 - - [20/Apr/2026:17:17:07 +0200] "HEAD /rhn/manager/download/devel-build-host-channel/media.1/media?eyJhbGciOiJIUzI1NiJ9.eyJqdGkiOiJ4SVJ0QWg0N3owem5MTmtIdTYtdWx3IiwiZXhwIjoxODA4MjM0MjIwLCJpYXQiOjE3NzY2OTgyMjAsIm5iZiI6MTc3NjY5ODEwMCwib3JnIjoxLCJvbmx5Q2hhbm5lbHMiOlsiZGV2ZWwtYnVpbGQtaG9zdC1jaGFubmVsIl19.ROVSiz3aXpbJU-biPfU6IPCNmj9qgiwYYl8wq7Xr2XY HTTP/1.1" 404 -
172.16.3.7 - - [20/Apr/2026:17:17:07 +0200] "HEAD /rhn/manager/download/devel-build-host-channel/repodata/repomd.xml?eyJhbGciOiJIUzI1NiJ9.eyJqdGkiOiJ4SVJ0QWg0N3owem5MTmtIdTYtdWx3IiwiZXhwIjoxODA4MjM0MjIwLCJpYXQiOjE3NzY2OTgyMjAsIm5iZiI6MTc3NjY5ODEwMCwib3JnIjoxLCJvbmx5Q2hhbm5lbHMiOlsiZGV2ZWwtYnVpbGQtaG9zdC1jaGFubmVsIl19.ROVSiz3aXpbJU-biPfU6IPCNmj9qgiwYYl8wq7Xr2XY HTTP/1.1" 200 -
172.16.3.7 - - [20/Apr/2026:17:17:07 +0200] "GET /rhn/manager/download/devel-build-host-channel/repodata/repomd.xml?eyJhbGciOiJIUzI1NiJ9.eyJqdGkiOiJ4SVJ0QWg0N3owem5MTmtIdTYtdWx3IiwiZXhwIjoxODA4MjM0MjIwLCJpYXQiOjE3NzY2OTgyMjAsIm5iZiI6MTc3NjY5ODEwMCwib3JnIjoxLCJvbmx5Q2hhbm5lbHMiOlsiZGV2ZWwtYnVpbGQtaG9zdC1jaGFubmVsIl19.ROVSiz3aXpbJU-biPfU6IPCNmj9qgiwYYl8wq7Xr2XY HTTP/1.1" 200 3664
172.16.3.7 - - [20/Apr/2026:17:17:08 +0200] "HEAD /rhn/manager/download/devel-build-host-channel/repodata/repomd.xml.asc?eyJhbGciOiJIUzI1NiJ9.eyJqdGkiOiJ4SVJ0QWg0N3owem5MTmtIdTYtdWx3IiwiZXhwIjoxODA4MjM0MjIwLCJpYXQiOjE3NzY2OTgyMjAsIm5iZiI6MTc3NjY5ODEwMCwib3JnIjoxLCJvbmx5Q2hhbm5lbHMiOlsiZGV2ZWwtYnVpbGQtaG9zdC1jaGFubmVsIl19.ROVSiz3aXpbJU-biPfU6IPCNmj9qgiwYYl8wq7Xr2XY HTTP/1.1" 404 -
172.16.3.7 - - [20/Apr/2026:17:17:08 +0200] "HEAD /rhn/manager/download/devel-build-host-channel/repodata/d8ca5607197fa3e2677fda0b25a04e1e7747001f0e5cd6d1cfa7241c835fcbbc-primary.xml.gz?eyJhbGciOiJIUzI1NiJ9.eyJqdGkiOiJ4SVJ0QWg0N3owem5MTmtIdTYtdWx3IiwiZXhwIjoxODA4MjM0MjIwLCJpYXQiOjE3NzY2OTgyMjAsIm5iZiI6MTc3NjY5ODEwMCwib3JnIjoxLCJvbmx5Q2hhbm5lbHMiOlsiZGV2ZWwtYnVpbGQtaG9zdC1jaGFubmVsIl19.ROVSiz3aXpbJU-biPfU6IPCNmj9qgiwYYl8wq7Xr2XY HTTP/1.1" 200 -
172.16.3.7 - - [20/Apr/2026:17:17:08 +0200] "GET /rhn/manager/download/devel-build-host-channel/repodata/d8ca5607197fa3e2677fda0b25a04e1e7747001f0e5cd6d1cfa7241c835fcbbc-primary.xml.gz?eyJhbGciOiJIUzI1NiJ9.eyJqdGkiOiJ4SVJ0QWg0N3owem5MTmtIdTYtdWx3IiwiZXhwIjoxODA4MjM0MjIwLCJpYXQiOjE3NzY2OTgyMjAsIm5iZiI6MTc3NjY5ODEwMCwib3JnIjoxLCJvbmx5Q2hhbm5lbHMiOlsiZGV2ZWwtYnVpbGQtaG9zdC1jaGFubmVsIl19.ROVSiz3aXpbJU-biPfU6IPCNmj9qgiwYYl8wq7Xr2XY HTTP/1.1" 200 3664
172.16.3.7 - - [20/Apr/2026:17:17:08 +0200] "HEAD /rhn/manager/download/devel-build-host-channel/repodata/a777311d33ef3076297641add5000cb14dfede03ab0ca18aed7ac1348c3e29eb-susedata.xml.gz?eyJhbGciOiJIUzI1NiJ9.eyJqdGkiOiJ4SVJ0QWg0N3owem5MTmtIdTYtdWx3IiwiZXhwIjoxODA4MjM0MjIwLCJpYXQiOjE3NzY2OTgyMjAsIm5iZiI6MTc3NjY5ODEwMCwib3JnIjoxLCJvbmx5Q2hhbm5lbHMiOlsiZGV2ZWwtYnVpbGQtaG9zdC1jaGFubmVsIl19.ROVSiz3aXpbJU-biPfU6IPCNmj9qgiwYYl8wq7Xr2XY HTTP/1.1" 200 -
172.16.3.7 - - [20/Apr/2026:17:17:08 +0200] "GET /rhn/manager/download/devel-build-host-channel/repodata/a777311d33ef3076297641add5000cb14dfede03ab0ca18aed7ac1348c3e29eb-susedata.xml.gz?eyJhbGciOiJIUzI1NiJ9.eyJqdGkiOiJ4SVJ0QWg0N3owem5MTmtIdTYtdWx3IiwiZXhwIjoxODA4MjM0MjIwLCJpYXQiOjE3NzY2OTgyMjAsIm5iZiI6MTc3NjY5ODEwMCwib3JnIjoxLCJvbmx5Q2hhbm5lbHMiOlsiZGV2ZWwtYnVpbGQtaG9zdC1jaGFubmVsIl19.ROVSiz3aXpbJU-biPfU6IPCNmj9qgiwYYl8wq7Xr2XY HTTP/1.1" 200 3664
172.16.3.7 - - [20/Apr/2026:17:17:08 +0200] "HEAD /rhn/manager/download/sle-module-basesystem15-sp7-pool-x86_64/repodata/repomd.xml?eyJhbGciOiJIUzI1NiJ9.eyJqdGkiOiJpOTFOdlFOeFJ6T0tzcTlJSGdmSEZnIiwiZXhwIjoxODA4MjM0MjIwLCJpYXQiOjE3NzY2OTgyMjAsIm5iZiI6MTc3NjY5ODEwMCwib3JnIjoxLCJvbmx5Q2hhbm5lbHMiOlsic2xlLW1vZHVsZS1iYXNlc3lzdGVtMTUtc3A3LXBvb2wteDg2XzY0Il19.g8-wW0G81qvmvQm6FUBxu-Jb7XkpmUact80kNhnSV6I HTTP/1.1" 200 -
172.16.3.7 - - [20/Apr/2026:17:17:08 +0200] "HEAD /rhn/manager/download/sle-module-basesystem15-sp7-pool-x86_64/media.1/media?eyJhbGciOiJIUzI1NiJ9.eyJqdGkiOiJpOTFOdlFOeFJ6T0tzcTlJSGdmSEZnIiwiZXhwIjoxODA4MjM0MjIwLCJpYXQiOjE3NzY2OTgyMjAsIm5iZiI6MTc3NjY5ODEwMCwib3JnIjoxLCJvbmx5Q2hhbm5lbHMiOlsic2xlLW1vZHVsZS1iYXNlc3lzdGVtMTUtc3A3LXBvb2wteDg2XzY0Il19.g8-wW0G81qvmvQm6FUBxu-Jb7XkpmUact80kNhnSV6I HTTP/1.1" 404 -
172.16.3.7 - - [20/Apr/2026:17:17:08 +0200] "HEAD /rhn/manager/download/sle-module-basesystem15-sp7-pool-x86_64/repodata/repomd.xml?eyJhbGciOiJIUzI1NiJ9.eyJqdGkiOiJpOTFOdlFOeFJ6T0tzcTlJSGdmSEZnIiwiZXhwIjoxODA4MjM0MjIwLCJpYXQiOjE3NzY2OTgyMjAsIm5iZiI6MTc3NjY5ODEwMCwib3JnIjoxLCJvbmx5Q2hhbm5lbHMiOlsic2xlLW1vZHVsZS1iYXNlc3lzdGVtMTUtc3A3LXBvb2wteDg2XzY0Il19.g8-wW0G81qvmvQm6FUBxu-Jb7XkpmUact80kNhnSV6I HTTP/1.1" 200 -
172.16.3.7 - - [20/Apr/2026:17:17:08 +0200] "GET /rhn/manager/download/sle-module-basesystem15-sp7-pool-x86_64/repodata/repomd.xml?eyJhbGciOiJIUzI1NiJ9.eyJqdGkiOiJpOTFOdlFOeFJ6T0tzcTlJSGdmSEZnIiwiZXhwIjoxODA4MjM0MjIwLCJpYXQiOjE3NzY2OTgyMjAsIm5iZiI6MTc3NjY5ODEwMCwib3JnIjoxLCJvbmx5Q2hhbm5lbHMiOlsic2xlLW1vZHVsZS1iYXNlc3lzdGVtMTUtc3A3LXBvb2wteDg2XzY0Il19.g8-wW0G81qvmvQm6FUBxu-Jb7XkpmUact80kNhnSV6I HTTP/1.1" 200 3664
172.16.3.7 - - [20/Apr/2026:17:17:08 +0200] "HEAD /rhn/manager/download/sle-module-basesystem15-sp7-pool-x86_64/repodata/repomd.xml.asc?eyJhbGciOiJIUzI1NiJ9.eyJqdGkiOiJpOTFOdlFOeFJ6T0tzcTlJSGdmSEZnIiwiZXhwIjoxODA4MjM0MjIwLCJpYXQiOjE3NzY2OTgyMjAsIm5iZiI6MTc3NjY5ODEwMCwib3JnIjoxLCJvbmx5Q2hhbm5lbHMiOlsic2xlLW1vZHVsZS1iYXNlc3lzdGVtMTUtc3A3LXBvb2wteDg2XzY0Il19.g8-wW0G81qvmvQm6FUBxu-Jb7XkpmUact80kNhnSV6I HTTP/1.1" 404 -
172.16.3.7 - - [20/Apr/2026:17:17:08 +0200] "HEAD /rhn/manager/download/sle-module-basesystem15-sp7-pool-x86_64/repodata/56ed22a682cccc7cc05b4fde6ac9767e3cb3022c0919310b3e4d3cc6a1e763f1-primary.xml.gz?eyJhbGciOiJIUzI1NiJ9.eyJqdGkiOiJpOTFOdlFOeFJ6T0tzcTlJSGdmSEZnIiwiZXhwIjoxODA4MjM0MjIwLCJpYXQiOjE3NzY2OTgyMjAsIm5iZiI6MTc3NjY5ODEwMCwib3JnIjoxLCJvbmx5Q2hhbm5lbHMiOlsic2xlLW1vZHVsZS1iYXNlc3lzdGVtMTUtc3A3LXBvb2wteDg2XzY0Il19.g8-wW0G81qvmvQm6FUBxu-Jb7XkpmUact80kNhnSV6I HTTP/1.1" 200 -
172.16.3.7 - - [20/Apr/2026:17:17:08 +0200] "GET /rhn/manager/download/sle-module-basesystem15-sp7-pool-x86_64/repodata/56ed22a682cccc7cc05b4fde6ac9767e3cb3022c0919310b3e4d3cc6a1e763f1-primary.xml.gz?eyJhbGciOiJIUzI1NiJ9.eyJqdGkiOiJpOTFOdlFOeFJ6T0tzcTlJSGdmSEZnIiwiZXhwIjoxODA4MjM0MjIwLCJpYXQiOjE3NzY2OTgyMjAsIm5iZiI6MTc3NjY5ODEwMCwib3JnIjoxLCJvbmx5Q2hhbm5lbHMiOlsic2xlLW1vZHVsZS1iYXNlc3lzdGVtMTUtc3A3LXBvb2wteDg2XzY0Il19.g8-wW0G81qvmvQm6FUBxu-Jb7XkpmUact80kNhnSV6I HTTP/1.1" 200 3664
172.16.3.7 - - [20/Apr/2026:17:17:08 +0200] "HEAD /rhn/manager/download/sle-module-basesystem15-sp7-pool-x86_64/repodata/3c879e60e624b409b6704f76b383dfeea041ebac0aec79de79ab10b57a8999dd-susedata.xml.gz?eyJhbGciOiJIUzI1NiJ9.eyJqdGkiOiJpOTFOdlFOeFJ6T0tzcTlJSGdmSEZnIiwiZXhwIjoxODA4MjM0MjIwLCJpYXQiOjE3NzY2OTgyMjAsIm5iZiI6MTc3NjY5ODEwMCwib3JnIjoxLCJvbmx5Q2hhbm5lbHMiOlsic2xlLW1vZHVsZS1iYXNlc3lzdGVtMTUtc3A3LXBvb2wteDg2XzY0Il19.g8-wW0G81qvmvQm6FUBxu-Jb7XkpmUact80kNhnSV6I HTTP/1.1" 200 -
172.16.3.7 - - [20/Apr/2026:17:17:08 +0200] "GET /rhn/manager/download/sle-module-basesystem15-sp7-pool-x86_64/repodata/3c879e60e624b409b6704f76b383dfeea041ebac0aec79de79ab10b57a8999dd-susedata.xml.gz?eyJhbGciOiJIUzI1NiJ9.eyJqdGkiOiJpOTFOdlFOeFJ6T0tzcTlJSGdmSEZnIiwiZXhwIjoxODA4MjM0MjIwLCJpYXQiOjE3NzY2OTgyMjAsIm5iZiI6MTc3NjY5ODEwMCwib3JnIjoxLCJvbmx5Q2hhbm5lbHMiOlsic2xlLW1vZHVsZS1iYXNlc3lzdGVtMTUtc3A3LXBvb2wteDg2XzY0Il19.g8-wW0G81qvmvQm6FUBxu-Jb7XkpmUact80kNhnSV6I HTTP/1.1" 200 3664
172.16.3.7 - - [20/Apr/2026:17:17:09 +0200] "HEAD /rhn/manager/download/sle-module-basesystem15-sp7-updates-x86_64/repodata/repomd.xml?eyJhbGciOiJIUzI1NiJ9.eyJqdGkiOiJwU3V4RU9NZjI4RUliQmpLS2UxTU5RIiwiZXhwIjoxODA4MjM0MjIwLCJpYXQiOjE3NzY2OTgyMjAsIm5iZiI6MTc3NjY5ODEwMCwib3JnIjoxLCJvbmx5Q2hhbm5lbHMiOlsic2xlLW1vZHVsZS1iYXNlc3lzdGVtMTUtc3A3LXVwZGF0ZXMteDg2XzY0Il19.j90FXHKTwXI58Sli3elTNpuvyhEMBx96dNnzBNP0ILI HTTP/1.1" 200 -
172.16.3.7 - - [20/Apr/2026:17:17:09 +0200] "HEAD /rhn/manager/download/sle-module-basesystem15-sp7-updates-x86_64/media.1/media?eyJhbGciOiJIUzI1NiJ9.eyJqdGkiOiJwU3V4RU9NZjI4RUliQmpLS2UxTU5RIiwiZXhwIjoxODA4MjM0MjIwLCJpYXQiOjE3NzY2OTgyMjAsIm5iZiI6MTc3NjY5ODEwMCwib3JnIjoxLCJvbmx5Q2hhbm5lbHMiOlsic2xlLW1vZHVsZS1iYXNlc3lzdGVtMTUtc3A3LXVwZGF0ZXMteDg2XzY0Il19.j90FXHKTwXI58Sli3elTNpuvyhEMBx96dNnzBNP0ILI HTTP/1.1" 404 -
172.16.3.7 - - [20/Apr/2026:17:17:09 +0200] "HEAD /rhn/manager/download/sle-module-basesystem15-sp7-updates-x86_64/repodata/repomd.xml?eyJhbGciOiJIUzI1NiJ9.eyJqdGkiOiJwU3V4RU9NZjI4RUliQmpLS2UxTU5RIiwiZXhwIjoxODA4MjM0MjIwLCJpYXQiOjE3NzY2OTgyMjAsIm5iZiI6MTc3NjY5ODEwMCwib3JnIjoxLCJvbmx5Q2hhbm5lbHMiOlsic2xlLW1vZHVsZS1iYXNlc3lzdGVtMTUtc3A3LXVwZGF0ZXMteDg2XzY0Il19.j90FXHKTwXI58Sli3elTNpuvyhEMBx96dNnzBNP0ILI HTTP/1.1" 200 -
172.16.3.7 - - [20/Apr/2026:17:17:09 +0200] "GET /rhn/manager/download/sle-module-basesystem15-sp7-updates-x86_64/repodata/repomd.xml?eyJhbGciOiJIUzI1NiJ9.eyJqdGkiOiJwU3V4RU9NZjI4RUliQmpLS2UxTU5RIiwiZXhwIjoxODA4MjM0MjIwLCJpYXQiOjE3NzY2OTgyMjAsIm5iZiI6MTc3NjY5ODEwMCwib3JnIjoxLCJvbmx5Q2hhbm5lbHMiOlsic2xlLW1vZHVsZS1iYXNlc3lzdGVtMTUtc3A3LXVwZGF0ZXMteDg2XzY0Il19.j90FXHKTwXI58Sli3elTNpuvyhEMBx96dNnzBNP0ILI HTTP/1.1" 200 3664
172.16.3.7 - - [20/Apr/2026:17:17:09 +0200] "HEAD /rhn/manager/download/sle-module-basesystem15-sp7-updates-x86_64/repodata/repomd.xml.asc?eyJhbGciOiJIUzI1NiJ9.eyJqdGkiOiJwU3V4RU9NZjI4RUliQmpLS2UxTU5RIiwiZXhwIjoxODA4MjM0MjIwLCJpYXQiOjE3NzY2OTgyMjAsIm5iZiI6MTc3NjY5ODEwMCwib3JnIjoxLCJvbmx5Q2hhbm5lbHMiOlsic2xlLW1vZHVsZS1iYXNlc3lzdGVtMTUtc3A3LXVwZGF0ZXMteDg2XzY0Il19.j90FXHKTwXI58Sli3elTNpuvyhEMBx96dNnzBNP0ILI HTTP/1.1" 404 -
172.16.3.7 - - [20/Apr/2026:17:17:09 +0200] "HEAD /rhn/manager/download/sle-module-basesystem15-sp7-updates-x86_64/repodata/9441cd367ebc6fb6386eff460ae9a617d3fe90796cbd5b8317f811832a67611f-primary.xml.gz?eyJhbGciOiJIUzI1NiJ9.eyJqdGkiOiJwU3V4RU9NZjI4RUliQmpLS2UxTU5RIiwiZXhwIjoxODA4MjM0MjIwLCJpYXQiOjE3NzY2OTgyMjAsIm5iZiI6MTc3NjY5ODEwMCwib3JnIjoxLCJvbmx5Q2hhbm5lbHMiOlsic2xlLW1vZHVsZS1iYXNlc3lzdGVtMTUtc3A3LXVwZGF0ZXMteDg2XzY0Il19.j90FXHKTwXI58Sli3elTNpuvyhEMBx96dNnzBNP0ILI HTTP/1.1" 200 -
172.16.3.7 - - [20/Apr/2026:17:17:09 +0200] "GET /rhn/manager/download/sle-module-basesystem15-sp7-updates-x86_64/repodata/9441cd367ebc6fb6386eff460ae9a617d3fe90796cbd5b8317f811832a67611f-primary.xml.gz?eyJhbGciOiJIUzI1NiJ9.eyJqdGkiOiJwU3V4RU9NZjI4RUliQmpLS2UxTU5RIiwiZXhwIjoxODA4MjM0MjIwLCJpYXQiOjE3NzY2OTgyMjAsIm5iZiI6MTc3NjY5ODEwMCwib3JnIjoxLCJvbmx5Q2hhbm5lbHMiOlsic2xlLW1vZHVsZS1iYXNlc3lzdGVtMTUtc3A3LXVwZGF0ZXMteDg2XzY0Il19.j90FXHKTwXI58Sli3elTNpuvyhEMBx96dNnzBNP0ILI HTTP/1.1" 200 3664
172.16.3.7 - - [20/Apr/2026:17:17:09 +0200] "HEAD /rhn/manager/download/sle-module-basesystem15-sp7-updates-x86_64/repodata/f6509ee38c25cad3477c028e1bd394407c69b4109b97e50495213bbb74a22321-susedata.xml.gz?eyJhbGciOiJIUzI1NiJ9.eyJqdGkiOiJwU3V4RU9NZjI4RUliQmpLS2UxTU5RIiwiZXhwIjoxODA4MjM0MjIwLCJpYXQiOjE3NzY2OTgyMjAsIm5iZiI6MTc3NjY5ODEwMCwib3JnIjoxLCJvbmx5Q2hhbm5lbHMiOlsic2xlLW1vZHVsZS1iYXNlc3lzdGVtMTUtc3A3LXVwZGF0ZXMteDg2XzY0Il19.j90FXHKTwXI58Sli3elTNpuvyhEMBx96dNnzBNP0ILI HTTP/1.1" 200 -
172.16.3.7 - - [20/Apr/2026:17:17:09 +0200] "GET /rhn/manager/download/sle-module-basesystem15-sp7-updates-x86_64/repodata/f6509ee38c25cad3477c028e1bd394407c69b4109b97e50495213bbb74a22321-susedata.xml.gz?eyJhbGciOiJIUzI1NiJ9.eyJqdGkiOiJwU3V4RU9NZjI4RUliQmpLS2UxTU5RIiwiZXhwIjoxODA4MjM0MjIwLCJpYXQiOjE3NzY2OTgyMjAsIm5iZiI6MTc3NjY5ODEwMCwib3JnIjoxLCJvbmx5Q2hhbm5lbHMiOlsic2xlLW1vZHVsZS1iYXNlc3lzdGVtMTUtc3A3LXVwZGF0ZXMteDg2XzY0Il19.j90FXHKTwXI58Sli3elTNpuvyhEMBx96dNnzBNP0ILI HTTP/1.1" 200 3664
172.16.3.7 - - [20/Apr/2026:17:17:09 +0200] "HEAD /rhn/manager/download/sle-module-basesystem15-sp7-updates-x86_64/repodata/dfe602757bb5234a96bcf179b73cdf9f7c2106a2b273729746ed7c79ed47b5ff-updateinfo.xml.gz?eyJhbGciOiJIUzI1NiJ9.eyJqdGkiOiJwU3V4RU9NZjI4RUliQmpLS2UxTU5RIiwiZXhwIjoxODA4MjM0MjIwLCJpYXQiOjE3NzY2OTgyMjAsIm5iZiI6MTc3NjY5ODEwMCwib3JnIjoxLCJvbmx5Q2hhbm5lbHMiOlsic2xlLW1vZHVsZS1iYXNlc3lzdGVtMTUtc3A3LXVwZGF0ZXMteDg2XzY0Il19.j90FXHKTwXI58Sli3elTNpuvyhEMBx96dNnzBNP0ILI HTTP/1.1" 200 -
172.16.3.7 - - [20/Apr/2026:17:17:09 +0200] "GET /rhn/manager/download/sle-module-basesystem15-sp7-updates-x86_64/repodata/dfe602757bb5234a96bcf179b73cdf9f7c2106a2b273729746ed7c79ed47b5ff-updateinfo.xml.gz?eyJhbGciOiJIUzI1NiJ9.eyJqdGkiOiJwU3V4RU9NZjI4RUliQmpLS2UxTU5RIiwiZXhwIjoxODA4MjM0MjIwLCJpYXQiOjE3NzY2OTgyMjAsIm5iZiI6MTc3NjY5ODEwMCwib3JnIjoxLCJvbmx5Q2hhbm5lbHMiOlsic2xlLW1vZHVsZS1iYXNlc3lzdGVtMTUtc3A3LXVwZGF0ZXMteDg2XzY0Il19.j90FXHKTwXI58Sli3elTNpuvyhEMBx96dNnzBNP0ILI HTTP/1.1" 200 3664
172.16.3.5 - - [20/Apr/2026:17:17:10 +0200] "GET /rhn/manager/systems/list/all HTTP/1.1" 200 36842
127.0.0.1 - - [20/Apr/2026:17:17:10 +0200] "GET /rhn/websocket/notifications HTTP/1.1" 101 -
172.16.3.5 - - [20/Apr/2026:17:17:10 +0200] "POST /rhn/manager/frontend-log HTTP/1.1" 200 16
172.16.3.5 - - [20/Apr/2026:17:17:11 +0200] "GET /rhn/manager/api/systems/list/all?p=1&ps=100&s=1&sc=server_name HTTP/1.1" 200 3169
172.16.3.7 - - [20/Apr/2026:17:17:11 +0200] "HEAD /rhn/manager/download/sle-module-desktop-applications15-sp7-pool-x86_64/repodata/repomd.xml?eyJhbGciOiJIUzI1NiJ9.eyJqdGkiOiJhT3lFdzk2VFRJR1FoblpjOWwxa3VnIiwiZXhwIjoxODA4MjM0MjIwLCJpYXQiOjE3NzY2OTgyMjAsIm5iZiI6MTc3NjY5ODEwMCwib3JnIjoxLCJvbmx5Q2hhbm5lbHMiOlsic2xlLW1vZHVsZS1kZXNrdG9wLWFwcGxpY2F0aW9uczE1LXNwNy1wb29sLXg4Nl82NCJdfQ.mN0m5nlKBTa70mrjJc8amBQwqTmRq8OgorEOeqJX_Vw HTTP/1.1" 200 -
172.16.3.7 - - [20/Apr/2026:17:17:11 +0200] "HEAD /rhn/manager/download/sle-module-desktop-applications15-sp7-pool-x86_64/media.1/media?eyJhbGciOiJIUzI1NiJ9.eyJqdGkiOiJhT3lFdzk2VFRJR1FoblpjOWwxa3VnIiwiZXhwIjoxODA4MjM0MjIwLCJpYXQiOjE3NzY2OTgyMjAsIm5iZiI6MTc3NjY5ODEwMCwib3JnIjoxLCJvbmx5Q2hhbm5lbHMiOlsic2xlLW1vZHVsZS1kZXNrdG9wLWFwcGxpY2F0aW9uczE1LXNwNy1wb29sLXg4Nl82NCJdfQ.mN0m5nlKBTa70mrjJc8amBQwqTmRq8OgorEOeqJX_Vw HTTP/1.1" 404 -
172.16.3.7 - - [20/Apr/2026:17:17:11 +0200] "HEAD /rhn/manager/download/sle-module-desktop-applications15-sp7-pool-x86_64/repodata/repomd.xml?eyJhbGciOiJIUzI1NiJ9.eyJqdGkiOiJhT3lFdzk2VFRJR1FoblpjOWwxa3VnIiwiZXhwIjoxODA4MjM0MjIwLCJpYXQiOjE3NzY2OTgyMjAsIm5iZiI6MTc3NjY5ODEwMCwib3JnIjoxLCJvbmx5Q2hhbm5lbHMiOlsic2xlLW1vZHVsZS1kZXNrdG9wLWFwcGxpY2F0aW9uczE1LXNwNy1wb29sLXg4Nl82NCJdfQ.mN0m5nlKBTa70mrjJc8amBQwqTmRq8OgorEOeqJX_Vw HTTP/1.1" 200 -
172.16.3.7 - - [20/Apr/2026:17:17:11 +0200] "GET /rhn/manager/download/sle-module-desktop-applications15-sp7-pool-x86_64/repodata/repomd.xml?eyJhbGciOiJIUzI1NiJ9.eyJqdGkiOiJhT3lFdzk2VFRJR1FoblpjOWwxa3VnIiwiZXhwIjoxODA4MjM0MjIwLCJpYXQiOjE3NzY2OTgyMjAsIm5iZiI6MTc3NjY5ODEwMCwib3JnIjoxLCJvbmx5Q2hhbm5lbHMiOlsic2xlLW1vZHVsZS1kZXNrdG9wLWFwcGxpY2F0aW9uczE1LXNwNy1wb29sLXg4Nl82NCJdfQ.mN0m5nlKBTa70mrjJc8amBQwqTmRq8OgorEOeqJX_Vw HTTP/1.1" 200 3664
172.16.3.7 - - [20/Apr/2026:17:17:11 +0200] "HEAD /rhn/manager/download/sle-module-desktop-applications15-sp7-pool-x86_64/repodata/repomd.xml.asc?eyJhbGciOiJIUzI1NiJ9.eyJqdGkiOiJhT3lFdzk2VFRJR1FoblpjOWwxa3VnIiwiZXhwIjoxODA4MjM0MjIwLCJpYXQiOjE3NzY2OTgyMjAsIm5iZiI6MTc3NjY5ODEwMCwib3JnIjoxLCJvbmx5Q2hhbm5lbHMiOlsic2xlLW1vZHVsZS1kZXNrdG9wLWFwcGxpY2F0aW9uczE1LXNwNy1wb29sLXg4Nl82NCJdfQ.mN0m5nlKBTa70mrjJc8amBQwqTmRq8OgorEOeqJX_Vw HTTP/1.1" 404 -
172.16.3.5 - - [20/Apr/2026:17:17:11 +0200] "POST /rhn/manager/api/sets/system_list HTTP/1.1" 200 1
172.16.3.7 - - [20/Apr/2026:17:17:11 +0200] "HEAD /rhn/manager/download/sle-module-desktop-applications15-sp7-pool-x86_64/repodata/1c40ac99927ec1b1f0c0b97f2611d642034ef981b2d67f5e7955a5fabd11251c-primary.xml.gz?eyJhbGciOiJIUzI1NiJ9.eyJqdGkiOiJhT3lFdzk2VFRJR1FoblpjOWwxa3VnIiwiZXhwIjoxODA4MjM0MjIwLCJpYXQiOjE3NzY2OTgyMjAsIm5iZiI6MTc3NjY5ODEwMCwib3JnIjoxLCJvbmx5Q2hhbm5lbHMiOlsic2xlLW1vZHVsZS1kZXNrdG9wLWFwcGxpY2F0aW9uczE1LXNwNy1wb29sLXg4Nl82NCJdfQ.mN0m5nlKBTa70mrjJc8amBQwqTmRq8OgorEOeqJX_Vw HTTP/1.1" 200 -
172.16.3.7 - - [20/Apr/2026:17:17:11 +0200] "GET /rhn/manager/download/sle-module-desktop-applications15-sp7-pool-x86_64/repodata/1c40ac99927ec1b1f0c0b97f2611d642034ef981b2d67f5e7955a5fabd11251c-primary.xml.gz?eyJhbGciOiJIUzI1NiJ9.eyJqdGkiOiJhT3lFdzk2VFRJR1FoblpjOWwxa3VnIiwiZXhwIjoxODA4MjM0MjIwLCJpYXQiOjE3NzY2OTgyMjAsIm5iZiI6MTc3NjY5ODEwMCwib3JnIjoxLCJvbmx5Q2hhbm5lbHMiOlsic2xlLW1vZHVsZS1kZXNrdG9wLWFwcGxpY2F0aW9uczE1LXNwNy1wb29sLXg4Nl82NCJdfQ.mN0m5nlKBTa70mrjJc8amBQwqTmRq8OgorEOeqJX_Vw HTTP/1.1" 200 3663
172.16.3.7 - - [20/Apr/2026:17:17:11 +0200] "HEAD /rhn/manager/download/sle-module-desktop-applications15-sp7-pool-x86_64/repodata/7939d4797bea2131b4f1de4bbcf0e7b6fac2a25f65d73f5ab7d9447c9cdb9e43-susedata.xml.gz?eyJhbGciOiJIUzI1NiJ9.eyJqdGkiOiJhT3lFdzk2VFRJR1FoblpjOWwxa3VnIiwiZXhwIjoxODA4MjM0MjIwLCJpYXQiOjE3NzY2OTgyMjAsIm5iZiI6MTc3NjY5ODEwMCwib3JnIjoxLCJvbmx5Q2hhbm5lbHMiOlsic2xlLW1vZHVsZS1kZXNrdG9wLWFwcGxpY2F0aW9uczE1LXNwNy1wb29sLXg4Nl82NCJdfQ.mN0m5nlKBTa70mrjJc8amBQwqTmRq8OgorEOeqJX_Vw HTTP/1.1" 200 -
172.16.3.7 - - [20/Apr/2026:17:17:11 +0200] "GET /rhn/manager/download/sle-module-desktop-applications15-sp7-pool-x86_64/repodata/7939d4797bea2131b4f1de4bbcf0e7b6fac2a25f65d73f5ab7d9447c9cdb9e43-susedata.xml.gz?eyJhbGciOiJIUzI1NiJ9.eyJqdGkiOiJhT3lFdzk2VFRJR1FoblpjOWwxa3VnIiwiZXhwIjoxODA4MjM0MjIwLCJpYXQiOjE3NzY2OTgyMjAsIm5iZiI6MTc3NjY5ODEwMCwib3JnIjoxLCJvbmx5Q2hhbm5lbHMiOlsic2xlLW1vZHVsZS1kZXNrdG9wLWFwcGxpY2F0aW9uczE1LXNwNy1wb29sLXg4Nl82NCJdfQ.mN0m5nlKBTa70mrjJc8amBQwqTmRq8OgorEOeqJX_Vw HTTP/1.1" 200 3664
172.16.3.5 - - [20/Apr/2026:17:17:11 +0200] "GET /rhn/manager/systems/list/all HTTP/1.1" 200 36842
127.0.0.1 - - [20/Apr/2026:17:17:11 +0200] "GET /rhn/websocket/notifications HTTP/1.1" 101 -
