172.16.3.5 - - [20/Apr/2026:17:17:11 +0200] "POST /rhn/manager/frontend-log HTTP/1.1" 200 16
172.16.3.7 - - [20/Apr/2026:17:17:12 +0200] "HEAD /rhn/manager/download/sle-module-desktop-applications15-sp7-updates-x86_64/repodata/repomd.xml?eyJhbGciOiJIUzI1NiJ9.eyJqdGkiOiJxQmhvWG95eTA0U3hjZkdqWlJmYWpBIiwiZXhwIjoxODA4MjM0MjIwLCJpYXQiOjE3NzY2OTgyMjAsIm5iZiI6MTc3NjY5ODEwMCwib3JnIjoxLCJvbmx5Q2hhbm5lbHMiOlsic2xlLW1vZHVsZS1kZXNrdG9wLWFwcGxpY2F0aW9uczE1LXNwNy11cGRhdGVzLXg4Nl82NCJdfQ.3CxL2sSqal1aqHBkmvXB_ESa1veV9b22hmR1GD8jKY0 HTTP/1.1" 200 -
172.16.3.5 - - [20/Apr/2026:17:17:12 +0200] "GET /rhn/manager/api/systems/list/all?p=1&ps=100&s=1&sc=server_name HTTP/1.1" 200 3169
172.16.3.7 - - [20/Apr/2026:17:17:12 +0200] "HEAD /rhn/manager/download/sle-module-desktop-applications15-sp7-updates-x86_64/media.1/media?eyJhbGciOiJIUzI1NiJ9.eyJqdGkiOiJxQmhvWG95eTA0U3hjZkdqWlJmYWpBIiwiZXhwIjoxODA4MjM0MjIwLCJpYXQiOjE3NzY2OTgyMjAsIm5iZiI6MTc3NjY5ODEwMCwib3JnIjoxLCJvbmx5Q2hhbm5lbHMiOlsic2xlLW1vZHVsZS1kZXNrdG9wLWFwcGxpY2F0aW9uczE1LXNwNy11cGRhdGVzLXg4Nl82NCJdfQ.3CxL2sSqal1aqHBkmvXB_ESa1veV9b22hmR1GD8jKY0 HTTP/1.1" 404 -
172.16.3.7 - - [20/Apr/2026:17:17:12 +0200] "HEAD /rhn/manager/download/sle-module-desktop-applications15-sp7-updates-x86_64/repodata/repomd.xml?eyJhbGciOiJIUzI1NiJ9.eyJqdGkiOiJxQmhvWG95eTA0U3hjZkdqWlJmYWpBIiwiZXhwIjoxODA4MjM0MjIwLCJpYXQiOjE3NzY2OTgyMjAsIm5iZiI6MTc3NjY5ODEwMCwib3JnIjoxLCJvbmx5Q2hhbm5lbHMiOlsic2xlLW1vZHVsZS1kZXNrdG9wLWFwcGxpY2F0aW9uczE1LXNwNy11cGRhdGVzLXg4Nl82NCJdfQ.3CxL2sSqal1aqHBkmvXB_ESa1veV9b22hmR1GD8jKY0 HTTP/1.1" 200 -
172.16.3.7 - - [20/Apr/2026:17:17:12 +0200] "GET /rhn/manager/download/sle-module-desktop-applications15-sp7-updates-x86_64/repodata/repomd.xml?eyJhbGciOiJIUzI1NiJ9.eyJqdGkiOiJxQmhvWG95eTA0U3hjZkdqWlJmYWpBIiwiZXhwIjoxODA4MjM0MjIwLCJpYXQiOjE3NzY2OTgyMjAsIm5iZiI6MTc3NjY5ODEwMCwib3JnIjoxLCJvbmx5Q2hhbm5lbHMiOlsic2xlLW1vZHVsZS1kZXNrdG9wLWFwcGxpY2F0aW9uczE1LXNwNy11cGRhdGVzLXg4Nl82NCJdfQ.3CxL2sSqal1aqHBkmvXB_ESa1veV9b22hmR1GD8jKY0 HTTP/1.1" 200 3663
172.16.3.5 - - [20/Apr/2026:17:17:12 +0200] "GET /rhn/manager/systems/list/all HTTP/1.1" 200 36840
172.16.3.7 - - [20/Apr/2026:17:17:12 +0200] "HEAD /rhn/manager/download/sle-module-desktop-applications15-sp7-updates-x86_64/repodata/repomd.xml.asc?eyJhbGciOiJIUzI1NiJ9.eyJqdGkiOiJxQmhvWG95eTA0U3hjZkdqWlJmYWpBIiwiZXhwIjoxODA4MjM0MjIwLCJpYXQiOjE3NzY2OTgyMjAsIm5iZiI6MTc3NjY5ODEwMCwib3JnIjoxLCJvbmx5Q2hhbm5lbHMiOlsic2xlLW1vZHVsZS1kZXNrdG9wLWFwcGxpY2F0aW9uczE1LXNwNy11cGRhdGVzLXg4Nl82NCJdfQ.3CxL2sSqal1aqHBkmvXB_ESa1veV9b22hmR1GD8jKY0 HTTP/1.1" 404 -
172.16.3.7 - - [20/Apr/2026:17:17:12 +0200] "HEAD /rhn/manager/download/sle-module-desktop-applications15-sp7-updates-x86_64/repodata/0b61529886fb9a13b0da87ca0220f585957a8ee2e49810f7cb0e00e1d08fdcd0-primary.xml.gz?eyJhbGciOiJIUzI1NiJ9.eyJqdGkiOiJxQmhvWG95eTA0U3hjZkdqWlJmYWpBIiwiZXhwIjoxODA4MjM0MjIwLCJpYXQiOjE3NzY2OTgyMjAsIm5iZiI6MTc3NjY5ODEwMCwib3JnIjoxLCJvbmx5Q2hhbm5lbHMiOlsic2xlLW1vZHVsZS1kZXNrdG9wLWFwcGxpY2F0aW9uczE1LXNwNy11cGRhdGVzLXg4Nl82NCJdfQ.3CxL2sSqal1aqHBkmvXB_ESa1veV9b22hmR1GD8jKY0 HTTP/1.1" 200 -
172.16.3.7 - - [20/Apr/2026:17:17:12 +0200] "GET /rhn/manager/download/sle-module-desktop-applications15-sp7-updates-x86_64/repodata/0b61529886fb9a13b0da87ca0220f585957a8ee2e49810f7cb0e00e1d08fdcd0-primary.xml.gz?eyJhbGciOiJIUzI1NiJ9.eyJqdGkiOiJxQmhvWG95eTA0U3hjZkdqWlJmYWpBIiwiZXhwIjoxODA4MjM0MjIwLCJpYXQiOjE3NzY2OTgyMjAsIm5iZiI6MTc3NjY5ODEwMCwib3JnIjoxLCJvbmx5Q2hhbm5lbHMiOlsic2xlLW1vZHVsZS1kZXNrdG9wLWFwcGxpY2F0aW9uczE1LXNwNy11cGRhdGVzLXg4Nl82NCJdfQ.3CxL2sSqal1aqHBkmvXB_ESa1veV9b22hmR1GD8jKY0 HTTP/1.1" 200 3663
172.16.3.5 - - [20/Apr/2026:17:17:12 +0200] "POST /rhn/manager/api/sets/system_list HTTP/1.1" 200 1
172.16.3.7 - - [20/Apr/2026:17:17:12 +0200] "HEAD /rhn/manager/download/sle-module-desktop-applications15-sp7-updates-x86_64/repodata/ab78b31be5c76a7f3f578938f9242fa8967728b2af04aed99f0164d8524bf788-susedata.xml.gz?eyJhbGciOiJIUzI1NiJ9.eyJqdGkiOiJxQmhvWG95eTA0U3hjZkdqWlJmYWpBIiwiZXhwIjoxODA4MjM0MjIwLCJpYXQiOjE3NzY2OTgyMjAsIm5iZiI6MTc3NjY5ODEwMCwib3JnIjoxLCJvbmx5Q2hhbm5lbHMiOlsic2xlLW1vZHVsZS1kZXNrdG9wLWFwcGxpY2F0aW9uczE1LXNwNy11cGRhdGVzLXg4Nl82NCJdfQ.3CxL2sSqal1aqHBkmvXB_ESa1veV9b22hmR1GD8jKY0 HTTP/1.1" 200 -
172.16.3.5 - - [20/Apr/2026:17:17:12 +0200] "POST /rhn/manager/frontend-log HTTP/1.1" 200 16
172.16.3.5 - - [20/Apr/2026:17:17:12 +0200] "GET /rhn/systems/details/Overview.do?sid=1000010001 HTTP/1.1" 200 45587
172.16.3.7 - - [20/Apr/2026:17:17:12 +0200] "GET /rhn/manager/download/sle-module-desktop-applications15-sp7-updates-x86_64/repodata/ab78b31be5c76a7f3f578938f9242fa8967728b2af04aed99f0164d8524bf788-susedata.xml.gz?eyJhbGciOiJIUzI1NiJ9.eyJqdGkiOiJxQmhvWG95eTA0U3hjZkdqWlJmYWpBIiwiZXhwIjoxODA4MjM0MjIwLCJpYXQiOjE3NzY2OTgyMjAsIm5iZiI6MTc3NjY5ODEwMCwib3JnIjoxLCJvbmx5Q2hhbm5lbHMiOlsic2xlLW1vZHVsZS1kZXNrdG9wLWFwcGxpY2F0aW9uczE1LXNwNy11cGRhdGVzLXg4Nl82NCJdfQ.3CxL2sSqal1aqHBkmvXB_ESa1veV9b22hmR1GD8jKY0 HTTP/1.1" 200 3664
172.16.3.7 - - [20/Apr/2026:17:17:12 +0200] "HEAD /rhn/manager/download/sle-module-desktop-applications15-sp7-updates-x86_64/repodata/4e7ba5e64e590cc27dfbd0ae1b9a051f5f76fd9a6cc1e1f3124e5d277bf0dc97-updateinfo.xml.gz?eyJhbGciOiJIUzI1NiJ9.eyJqdGkiOiJxQmhvWG95eTA0U3hjZkdqWlJmYWpBIiwiZXhwIjoxODA4MjM0MjIwLCJpYXQiOjE3NzY2OTgyMjAsIm5iZiI6MTc3NjY5ODEwMCwib3JnIjoxLCJvbmx5Q2hhbm5lbHMiOlsic2xlLW1vZHVsZS1kZXNrdG9wLWFwcGxpY2F0aW9uczE1LXNwNy11cGRhdGVzLXg4Nl82NCJdfQ.3CxL2sSqal1aqHBkmvXB_ESa1veV9b22hmR1GD8jKY0 HTTP/1.1" 200 -
172.16.3.7 - - [20/Apr/2026:17:17:13 +0200] "GET /rhn/manager/download/sle-module-desktop-applications15-sp7-updates-x86_64/repodata/4e7ba5e64e590cc27dfbd0ae1b9a051f5f76fd9a6cc1e1f3124e5d277bf0dc97-updateinfo.xml.gz?eyJhbGciOiJIUzI1NiJ9.eyJqdGkiOiJxQmhvWG95eTA0U3hjZkdqWlJmYWpBIiwiZXhwIjoxODA4MjM0MjIwLCJpYXQiOjE3NzY2OTgyMjAsIm5iZiI6MTc3NjY5ODEwMCwib3JnIjoxLCJvbmx5Q2hhbm5lbHMiOlsic2xlLW1vZHVsZS1kZXNrdG9wLWFwcGxpY2F0aW9uczE1LXNwNy11cGRhdGVzLXg4Nl82NCJdfQ.3CxL2sSqal1aqHBkmvXB_ESa1veV9b22hmR1GD8jKY0 HTTP/1.1" 200 3664
127.0.0.1 - - [20/Apr/2026:17:17:13 +0200] "GET /rhn/websocket/notifications HTTP/1.1" 101 -
172.16.3.7 - - [20/Apr/2026:17:17:13 +0200] "HEAD /rhn/manager/download/sle-module-devtools15-sp7-pool-x86_64/repodata/repomd.xml?eyJhbGciOiJIUzI1NiJ9.eyJqdGkiOiIzdzVaWUZ0NG1ZTEpVR0hTM29FX1hnIiwiZXhwIjoxODA4MjM0MjIwLCJpYXQiOjE3NzY2OTgyMjAsIm5iZiI6MTc3NjY5ODEwMCwib3JnIjoxLCJvbmx5Q2hhbm5lbHMiOlsic2xlLW1vZHVsZS1kZXZ0b29sczE1LXNwNy1wb29sLXg4Nl82NCJdfQ.3XFogf_RwbevEZQNHv3_ysMABLvbpon0Qpqm8IOKmSk HTTP/1.1" 200 -
172.16.3.7 - - [20/Apr/2026:17:17:13 +0200] "HEAD /rhn/manager/download/sle-module-devtools15-sp7-pool-x86_64/media.1/media?eyJhbGciOiJIUzI1NiJ9.eyJqdGkiOiIzdzVaWUZ0NG1ZTEpVR0hTM29FX1hnIiwiZXhwIjoxODA4MjM0MjIwLCJpYXQiOjE3NzY2OTgyMjAsIm5iZiI6MTc3NjY5ODEwMCwib3JnIjoxLCJvbmx5Q2hhbm5lbHMiOlsic2xlLW1vZHVsZS1kZXZ0b29sczE1LXNwNy1wb29sLXg4Nl82NCJdfQ.3XFogf_RwbevEZQNHv3_ysMABLvbpon0Qpqm8IOKmSk HTTP/1.1" 404 -
172.16.3.7 - - [20/Apr/2026:17:17:13 +0200] "HEAD /rhn/manager/download/sle-module-devtools15-sp7-pool-x86_64/repodata/repomd.xml?eyJhbGciOiJIUzI1NiJ9.eyJqdGkiOiIzdzVaWUZ0NG1ZTEpVR0hTM29FX1hnIiwiZXhwIjoxODA4MjM0MjIwLCJpYXQiOjE3NzY2OTgyMjAsIm5iZiI6MTc3NjY5ODEwMCwib3JnIjoxLCJvbmx5Q2hhbm5lbHMiOlsic2xlLW1vZHVsZS1kZXZ0b29sczE1LXNwNy1wb29sLXg4Nl82NCJdfQ.3XFogf_RwbevEZQNHv3_ysMABLvbpon0Qpqm8IOKmSk HTTP/1.1" 200 -
172.16.3.5 - - [20/Apr/2026:17:17:13 +0200] "POST /rhn/manager/frontend-log HTTP/1.1" 200 16
127.0.0.1 - - [20/Apr/2026:17:17:13 +0200] "GET /rhn/websocket/notifications HTTP/1.1" 101 -
172.16.3.5 - - [20/Apr/2026:17:17:13 +0200] "POST /rhn/manager/frontend-log HTTP/1.1" 200 16
172.16.3.7 - - [20/Apr/2026:17:17:13 +0200] "GET /rhn/manager/download/sle-module-devtools15-sp7-pool-x86_64/repodata/repomd.xml?eyJhbGciOiJIUzI1NiJ9.eyJqdGkiOiIzdzVaWUZ0NG1ZTEpVR0hTM29FX1hnIiwiZXhwIjoxODA4MjM0MjIwLCJpYXQiOjE3NzY2OTgyMjAsIm5iZiI6MTc3NjY5ODEwMCwib3JnIjoxLCJvbmx5Q2hhbm5lbHMiOlsic2xlLW1vZHVsZS1kZXZ0b29sczE1LXNwNy1wb29sLXg4Nl82NCJdfQ.3XFogf_RwbevEZQNHv3_ysMABLvbpon0Qpqm8IOKmSk HTTP/1.1" 200 3664
172.16.3.7 - - [20/Apr/2026:17:17:13 +0200] "HEAD /rhn/manager/download/sle-module-devtools15-sp7-pool-x86_64/repodata/repomd.xml.asc?eyJhbGciOiJIUzI1NiJ9.eyJqdGkiOiIzdzVaWUZ0NG1ZTEpVR0hTM29FX1hnIiwiZXhwIjoxODA4MjM0MjIwLCJpYXQiOjE3NzY2OTgyMjAsIm5iZiI6MTc3NjY5ODEwMCwib3JnIjoxLCJvbmx5Q2hhbm5lbHMiOlsic2xlLW1vZHVsZS1kZXZ0b29sczE1LXNwNy1wb29sLXg4Nl82NCJdfQ.3XFogf_RwbevEZQNHv3_ysMABLvbpon0Qpqm8IOKmSk HTTP/1.1" 404 -
172.16.3.5 - - [20/Apr/2026:17:17:13 +0200] "GET /rhn/manager/api/systems/list/all?p=1&ps=100&s=1&sc=server_name HTTP/1.1" 200 3169
172.16.3.7 - - [20/Apr/2026:17:17:13 +0200] "HEAD /rhn/manager/download/sle-module-devtools15-sp7-pool-x86_64/repodata/8f64377f534299b39aad599e94851adf7d6cc0fcc93c9bd8c9450bc54cece32c-primary.xml.gz?eyJhbGciOiJIUzI1NiJ9.eyJqdGkiOiIzdzVaWUZ0NG1ZTEpVR0hTM29FX1hnIiwiZXhwIjoxODA4MjM0MjIwLCJpYXQiOjE3NzY2OTgyMjAsIm5iZiI6MTc3NjY5ODEwMCwib3JnIjoxLCJvbmx5Q2hhbm5lbHMiOlsic2xlLW1vZHVsZS1kZXZ0b29sczE1LXNwNy1wb29sLXg4Nl82NCJdfQ.3XFogf_RwbevEZQNHv3_ysMABLvbpon0Qpqm8IOKmSk HTTP/1.1" 200 -
127.0.0.1 - - [20/Apr/2026:17:17:13 +0200] "GET /rhn/websocket/notifications HTTP/1.1" 101 -
172.16.3.7 - - [20/Apr/2026:17:17:13 +0200] "GET /rhn/manager/download/sle-module-devtools15-sp7-pool-x86_64/repodata/8f64377f534299b39aad599e94851adf7d6cc0fcc93c9bd8c9450bc54cece32c-primary.xml.gz?eyJhbGciOiJIUzI1NiJ9.eyJqdGkiOiIzdzVaWUZ0NG1ZTEpVR0hTM29FX1hnIiwiZXhwIjoxODA4MjM0MjIwLCJpYXQiOjE3NzY2OTgyMjAsIm5iZiI6MTc3NjY5ODEwMCwib3JnIjoxLCJvbmx5Q2hhbm5lbHMiOlsic2xlLW1vZHVsZS1kZXZ0b29sczE1LXNwNy1wb29sLXg4Nl82NCJdfQ.3XFogf_RwbevEZQNHv3_ysMABLvbpon0Qpqm8IOKmSk HTTP/1.1" 200 3664
172.16.3.7 - - [20/Apr/2026:17:17:13 +0200] "HEAD /rhn/manager/download/sle-module-devtools15-sp7-pool-x86_64/repodata/f59111d110004fce6a5801697641a8bb8e6e762c30df87bc6ba4171391cf9d4a-susedata.xml.gz?eyJhbGciOiJIUzI1NiJ9.eyJqdGkiOiIzdzVaWUZ0NG1ZTEpVR0hTM29FX1hnIiwiZXhwIjoxODA4MjM0MjIwLCJpYXQiOjE3NzY2OTgyMjAsIm5iZiI6MTc3NjY5ODEwMCwib3JnIjoxLCJvbmx5Q2hhbm5lbHMiOlsic2xlLW1vZHVsZS1kZXZ0b29sczE1LXNwNy1wb29sLXg4Nl82NCJdfQ.3XFogf_RwbevEZQNHv3_ysMABLvbpon0Qpqm8IOKmSk HTTP/1.1" 200 -
172.16.3.7 - - [20/Apr/2026:17:17:13 +0200] "GET /rhn/manager/download/sle-module-devtools15-sp7-pool-x86_64/repodata/f59111d110004fce6a5801697641a8bb8e6e762c30df87bc6ba4171391cf9d4a-susedata.xml.gz?eyJhbGciOiJIUzI1NiJ9.eyJqdGkiOiIzdzVaWUZ0NG1ZTEpVR0hTM29FX1hnIiwiZXhwIjoxODA4MjM0MjIwLCJpYXQiOjE3NzY2OTgyMjAsIm5iZiI6MTc3NjY5ODEwMCwib3JnIjoxLCJvbmx5Q2hhbm5lbHMiOlsic2xlLW1vZHVsZS1kZXZ0b29sczE1LXNwNy1wb29sLXg4Nl82NCJdfQ.3XFogf_RwbevEZQNHv3_ysMABLvbpon0Qpqm8IOKmSk HTTP/1.1" 200 3664
172.16.3.7 - - [20/Apr/2026:17:17:13 +0200] "HEAD /rhn/manager/download/sle-module-devtools15-sp7-updates-x86_64/repodata/repomd.xml?eyJhbGciOiJIUzI1NiJ9.eyJqdGkiOiJyOGdBR2R0YUVoWEZUVFhnS21Vc0VRIiwiZXhwIjoxODA4MjM0MjIwLCJpYXQiOjE3NzY2OTgyMjAsIm5iZiI6MTc3NjY5ODEwMCwib3JnIjoxLCJvbmx5Q2hhbm5lbHMiOlsic2xlLW1vZHVsZS1kZXZ0b29sczE1LXNwNy11cGRhdGVzLXg4Nl82NCJdfQ.to4hkIKCYOt1Y8n133tlXFBNCXpNR2TsmTNa0-LpEgM HTTP/1.1" 200 -
172.16.3.5 - - [20/Apr/2026:17:17:13 +0200] "GET /rhn/systems/details/history/Pending.do?sid=1000010001& HTTP/1.1" 200 43019
172.16.3.7 - - [20/Apr/2026:17:17:13 +0200] "HEAD /rhn/manager/download/sle-module-devtools15-sp7-updates-x86_64/media.1/media?eyJhbGciOiJIUzI1NiJ9.eyJqdGkiOiJyOGdBR2R0YUVoWEZUVFhnS21Vc0VRIiwiZXhwIjoxODA4MjM0MjIwLCJpYXQiOjE3NzY2OTgyMjAsIm5iZiI6MTc3NjY5ODEwMCwib3JnIjoxLCJvbmx5Q2hhbm5lbHMiOlsic2xlLW1vZHVsZS1kZXZ0b29sczE1LXNwNy11cGRhdGVzLXg4Nl82NCJdfQ.to4hkIKCYOt1Y8n133tlXFBNCXpNR2TsmTNa0-LpEgM HTTP/1.1" 404 -
172.16.3.5 - - [20/Apr/2026:17:17:14 +0200] "POST /rhn/manager/api/sets/system_list HTTP/1.1" 200 1
172.16.3.7 - - [20/Apr/2026:17:17:14 +0200] "HEAD /rhn/manager/download/sle-module-devtools15-sp7-updates-x86_64/repodata/repomd.xml?eyJhbGciOiJIUzI1NiJ9.eyJqdGkiOiJyOGdBR2R0YUVoWEZUVFhnS21Vc0VRIiwiZXhwIjoxODA4MjM0MjIwLCJpYXQiOjE3NzY2OTgyMjAsIm5iZiI6MTc3NjY5ODEwMCwib3JnIjoxLCJvbmx5Q2hhbm5lbHMiOlsic2xlLW1vZHVsZS1kZXZ0b29sczE1LXNwNy11cGRhdGVzLXg4Nl82NCJdfQ.to4hkIKCYOt1Y8n133tlXFBNCXpNR2TsmTNa0-LpEgM HTTP/1.1" 200 -
172.16.3.5 - - [20/Apr/2026:17:17:14 +0200] "GET /rhn/systems/details/Overview.do?sid=1000010003 HTTP/1.1" 200 45817
172.16.3.7 - - [20/Apr/2026:17:17:14 +0200] "GET /rhn/manager/download/sle-module-devtools15-sp7-updates-x86_64/repodata/repomd.xml?eyJhbGciOiJIUzI1NiJ9.eyJqdGkiOiJyOGdBR2R0YUVoWEZUVFhnS21Vc0VRIiwiZXhwIjoxODA4MjM0MjIwLCJpYXQiOjE3NzY2OTgyMjAsIm5iZiI6MTc3NjY5ODEwMCwib3JnIjoxLCJvbmx5Q2hhbm5lbHMiOlsic2xlLW1vZHVsZS1kZXZ0b29sczE1LXNwNy11cGRhdGVzLXg4Nl82NCJdfQ.to4hkIKCYOt1Y8n133tlXFBNCXpNR2TsmTNa0-LpEgM HTTP/1.1" 200 3664
127.0.0.1 - - [20/Apr/2026:17:17:14 +0200] "GET /rhn/websocket/notifications HTTP/1.1" 101 -
172.16.3.7 - - [20/Apr/2026:17:17:14 +0200] "HEAD /rhn/manager/download/sle-module-devtools15-sp7-updates-x86_64/repodata/repomd.xml.asc?eyJhbGciOiJIUzI1NiJ9.eyJqdGkiOiJyOGdBR2R0YUVoWEZUVFhnS21Vc0VRIiwiZXhwIjoxODA4MjM0MjIwLCJpYXQiOjE3NzY2OTgyMjAsIm5iZiI6MTc3NjY5ODEwMCwib3JnIjoxLCJvbmx5Q2hhbm5lbHMiOlsic2xlLW1vZHVsZS1kZXZ0b29sczE1LXNwNy11cGRhdGVzLXg4Nl82NCJdfQ.to4hkIKCYOt1Y8n133tlXFBNCXpNR2TsmTNa0-LpEgM HTTP/1.1" 404 -
172.16.3.7 - - [20/Apr/2026:17:17:14 +0200] "HEAD /rhn/manager/download/sle-module-devtools15-sp7-updates-x86_64/repodata/3659259399a6d4ea30c0dc8d4525c50b36f7a75cbb06173287bb538cf2df4875-primary.xml.gz?eyJhbGciOiJIUzI1NiJ9.eyJqdGkiOiJyOGdBR2R0YUVoWEZUVFhnS21Vc0VRIiwiZXhwIjoxODA4MjM0MjIwLCJpYXQiOjE3NzY2OTgyMjAsIm5iZiI6MTc3NjY5ODEwMCwib3JnIjoxLCJvbmx5Q2hhbm5lbHMiOlsic2xlLW1vZHVsZS1kZXZ0b29sczE1LXNwNy11cGRhdGVzLXg4Nl82NCJdfQ.to4hkIKCYOt1Y8n133tlXFBNCXpNR2TsmTNa0-LpEgM HTTP/1.1" 200 -
172.16.3.5 - - [20/Apr/2026:17:17:14 +0200] "POST /rhn/manager/frontend-log HTTP/1.1" 200 16
172.16.3.7 - - [20/Apr/2026:17:17:14 +0200] "GET /rhn/manager/download/sle-module-devtools15-sp7-updates-x86_64/repodata/3659259399a6d4ea30c0dc8d4525c50b36f7a75cbb06173287bb538cf2df4875-primary.xml.gz?eyJhbGciOiJIUzI1NiJ9.eyJqdGkiOiJyOGdBR2R0YUVoWEZUVFhnS21Vc0VRIiwiZXhwIjoxODA4MjM0MjIwLCJpYXQiOjE3NzY2OTgyMjAsIm5iZiI6MTc3NjY5ODEwMCwib3JnIjoxLCJvbmx5Q2hhbm5lbHMiOlsic2xlLW1vZHVsZS1kZXZ0b29sczE1LXNwNy11cGRhdGVzLXg4Nl82NCJdfQ.to4hkIKCYOt1Y8n133tlXFBNCXpNR2TsmTNa0-LpEgM HTTP/1.1" 200 3664
172.16.3.7 - - [20/Apr/2026:17:17:14 +0200] "HEAD /rhn/manager/download/sle-module-devtools15-sp7-updates-x86_64/repodata/094349e898484ff3eeb4fe80efe2d0980ce4027c12c827c649e9c7ab5880db5b-susedata.xml.gz?eyJhbGciOiJIUzI1NiJ9.eyJqdGkiOiJyOGdBR2R0YUVoWEZUVFhnS21Vc0VRIiwiZXhwIjoxODA4MjM0MjIwLCJpYXQiOjE3NzY2OTgyMjAsIm5iZiI6MTc3NjY5ODEwMCwib3JnIjoxLCJvbmx5Q2hhbm5lbHMiOlsic2xlLW1vZHVsZS1kZXZ0b29sczE1LXNwNy11cGRhdGVzLXg4Nl82NCJdfQ.to4hkIKCYOt1Y8n133tlXFBNCXpNR2TsmTNa0-LpEgM HTTP/1.1" 200 -
172.16.3.7 - - [20/Apr/2026:17:17:14 +0200] "GET /rhn/manager/download/sle-module-devtools15-sp7-updates-x86_64/repodata/094349e898484ff3eeb4fe80efe2d0980ce4027c12c827c649e9c7ab5880db5b-susedata.xml.gz?eyJhbGciOiJIUzI1NiJ9.eyJqdGkiOiJyOGdBR2R0YUVoWEZUVFhnS21Vc0VRIiwiZXhwIjoxODA4MjM0MjIwLCJpYXQiOjE3NzY2OTgyMjAsIm5iZiI6MTc3NjY5ODEwMCwib3JnIjoxLCJvbmx5Q2hhbm5lbHMiOlsic2xlLW1vZHVsZS1kZXZ0b29sczE1LXNwNy11cGRhdGVzLXg4Nl82NCJdfQ.to4hkIKCYOt1Y8n133tlXFBNCXpNR2TsmTNa0-LpEgM HTTP/1.1" 200 3664
172.16.3.7 - - [20/Apr/2026:17:17:14 +0200] "HEAD /rhn/manager/download/sle-module-devtools15-sp7-updates-x86_64/repodata/73df7309c5f74e9506c05c750d3350573e91471dcc09b1723c01c4c5a40e78bc-updateinfo.xml.gz?eyJhbGciOiJIUzI1NiJ9.eyJqdGkiOiJyOGdBR2R0YUVoWEZUVFhnS21Vc0VRIiwiZXhwIjoxODA4MjM0MjIwLCJpYXQiOjE3NzY2OTgyMjAsIm5iZiI6MTc3NjY5ODEwMCwib3JnIjoxLCJvbmx5Q2hhbm5lbHMiOlsic2xlLW1vZHVsZS1kZXZ0b29sczE1LXNwNy11cGRhdGVzLXg4Nl82NCJdfQ.to4hkIKCYOt1Y8n133tlXFBNCXpNR2TsmTNa0-LpEgM HTTP/1.1" 200 -
172.16.3.7 - - [20/Apr/2026:17:17:14 +0200] "GET /rhn/manager/download/sle-module-devtools15-sp7-updates-x86_64/repodata/73df7309c5f74e9506c05c750d3350573e91471dcc09b1723c01c4c5a40e78bc-updateinfo.xml.gz?eyJhbGciOiJIUzI1NiJ9.eyJqdGkiOiJyOGdBR2R0YUVoWEZUVFhnS21Vc0VRIiwiZXhwIjoxODA4MjM0MjIwLCJpYXQiOjE3NzY2OTgyMjAsIm5iZiI6MTc3NjY5ODEwMCwib3JnIjoxLCJvbmx5Q2hhbm5lbHMiOlsic2xlLW1vZHVsZS1kZXZ0b29sczE1LXNwNy11cGRhdGVzLXg4Nl82NCJdfQ.to4hkIKCYOt1Y8n133tlXFBNCXpNR2TsmTNa0-LpEgM HTTP/1.1" 200 3664
172.16.3.5 - - [20/Apr/2026:17:17:14 +0200] "POST /rhn/manager/frontend-log HTTP/1.1" 200 16
127.0.0.1 - - [20/Apr/2026:17:17:14 +0200] "GET /rhn/websocket/notifications HTTP/1.1" 101 -
172.16.3.7 - - [20/Apr/2026:17:17:14 +0200] "HEAD /rhn/manager/download/sle-module-python3-15-sp7-pool-x86_64/repodata/repomd.xml?eyJhbGciOiJIUzI1NiJ9.eyJqdGkiOiJubVJ0cUNGODlZTEpxR2l4REpLeTVnIiwiZXhwIjoxODA4MjM0MjIwLCJpYXQiOjE3NzY2OTgyMjAsIm5iZiI6MTc3NjY5ODEwMCwib3JnIjoxLCJvbmx5Q2hhbm5lbHMiOlsic2xlLW1vZHVsZS1weXRob24zLTE1LXNwNy1wb29sLXg4Nl82NCJdfQ.nqy34RtOJY3xaeoPnBg5Cmac4j76lSEt2xYoKishYFI HTTP/1.1" 200 -
172.16.3.7 - - [20/Apr/2026:17:17:14 +0200] "HEAD /rhn/manager/download/sle-module-python3-15-sp7-pool-x86_64/media.1/media?eyJhbGciOiJIUzI1NiJ9.eyJqdGkiOiJubVJ0cUNGODlZTEpxR2l4REpLeTVnIiwiZXhwIjoxODA4MjM0MjIwLCJpYXQiOjE3NzY2OTgyMjAsIm5iZiI6MTc3NjY5ODEwMCwib3JnIjoxLCJvbmx5Q2hhbm5lbHMiOlsic2xlLW1vZHVsZS1weXRob24zLTE1LXNwNy1wb29sLXg4Nl82NCJdfQ.nqy34RtOJY3xaeoPnBg5Cmac4j76lSEt2xYoKishYFI HTTP/1.1" 404 -
172.16.3.7 - - [20/Apr/2026:17:17:14 +0200] "HEAD /rhn/manager/download/sle-module-python3-15-sp7-pool-x86_64/repodata/repomd.xml?eyJhbGciOiJIUzI1NiJ9.eyJqdGkiOiJubVJ0cUNGODlZTEpxR2l4REpLeTVnIiwiZXhwIjoxODA4MjM0MjIwLCJpYXQiOjE3NzY2OTgyMjAsIm5iZiI6MTc3NjY5ODEwMCwib3JnIjoxLCJvbmx5Q2hhbm5lbHMiOlsic2xlLW1vZHVsZS1weXRob24zLTE1LXNwNy1wb29sLXg4Nl82NCJdfQ.nqy34RtOJY3xaeoPnBg5Cmac4j76lSEt2xYoKishYFI HTTP/1.1" 200 -
172.16.3.5 - - [20/Apr/2026:17:17:14 +0200] "GET /rhn/systems/details/history/Pending.do?sid=1000010001& HTTP/1.1" 200 43019
172.16.3.7 - - [20/Apr/2026:17:17:14 +0200] "GET /rhn/manager/download/sle-module-python3-15-sp7-pool-x86_64/repodata/repomd.xml?eyJhbGciOiJIUzI1NiJ9.eyJqdGkiOiJubVJ0cUNGODlZTEpxR2l4REpLeTVnIiwiZXhwIjoxODA4MjM0MjIwLCJpYXQiOjE3NzY2OTgyMjAsIm5iZiI6MTc3NjY5ODEwMCwib3JnIjoxLCJvbmx5Q2hhbm5lbHMiOlsic2xlLW1vZHVsZS1weXRob24zLTE1LXNwNy1wb29sLXg4Nl82NCJdfQ.nqy34RtOJY3xaeoPnBg5Cmac4j76lSEt2xYoKishYFI HTTP/1.1" 200 3664
172.16.3.7 - - [20/Apr/2026:17:17:15 +0200] "HEAD /rhn/manager/download/sle-module-python3-15-sp7-pool-x86_64/repodata/repomd.xml.asc?eyJhbGciOiJIUzI1NiJ9.eyJqdGkiOiJubVJ0cUNGODlZTEpxR2l4REpLeTVnIiwiZXhwIjoxODA4MjM0MjIwLCJpYXQiOjE3NzY2OTgyMjAsIm5iZiI6MTc3NjY5ODEwMCwib3JnIjoxLCJvbmx5Q2hhbm5lbHMiOlsic2xlLW1vZHVsZS1weXRob24zLTE1LXNwNy1wb29sLXg4Nl82NCJdfQ.nqy34RtOJY3xaeoPnBg5Cmac4j76lSEt2xYoKishYFI HTTP/1.1" 404 -
172.16.3.7 - - [20/Apr/2026:17:17:15 +0200] "HEAD /rhn/manager/download/sle-module-python3-15-sp7-pool-x86_64/repodata/3dc45496e099e6e9235f30917771789104a655a77f3104c4dad9de7dce2b0bb6-primary.xml.gz?eyJhbGciOiJIUzI1NiJ9.eyJqdGkiOiJubVJ0cUNGODlZTEpxR2l4REpLeTVnIiwiZXhwIjoxODA4MjM0MjIwLCJpYXQiOjE3NzY2OTgyMjAsIm5iZiI6MTc3NjY5ODEwMCwib3JnIjoxLCJvbmx5Q2hhbm5lbHMiOlsic2xlLW1vZHVsZS1weXRob24zLTE1LXNwNy1wb29sLXg4Nl82NCJdfQ.nqy34RtOJY3xaeoPnBg5Cmac4j76lSEt2xYoKishYFI HTTP/1.1" 200 -
172.16.3.7 - - [20/Apr/2026:17:17:15 +0200] "GET /rhn/manager/download/sle-module-python3-15-sp7-pool-x86_64/repodata/3dc45496e099e6e9235f30917771789104a655a77f3104c4dad9de7dce2b0bb6-primary.xml.gz?eyJhbGciOiJIUzI1NiJ9.eyJqdGkiOiJubVJ0cUNGODlZTEpxR2l4REpLeTVnIiwiZXhwIjoxODA4MjM0MjIwLCJpYXQiOjE3NzY2OTgyMjAsIm5iZiI6MTc3NjY5ODEwMCwib3JnIjoxLCJvbmx5Q2hhbm5lbHMiOlsic2xlLW1vZHVsZS1weXRob24zLTE1LXNwNy1wb29sLXg4Nl82NCJdfQ.nqy34RtOJY3xaeoPnBg5Cmac4j76lSEt2xYoKishYFI HTTP/1.1" 200 3664
127.0.0.1 - - [20/Apr/2026:17:17:15 +0200] "GET /rhn/websocket/notifications HTTP/1.1" 101 -
172.16.3.7 - - [20/Apr/2026:17:17:15 +0200] "HEAD /rhn/manager/download/sle-module-python3-15-sp7-pool-x86_64/repodata/e8e4cb13110a54ed1f3955dfc932897c9045899b35dbebba2facb3c6a652c32b-susedata.xml.gz?eyJhbGciOiJIUzI1NiJ9.eyJqdGkiOiJubVJ0cUNGODlZTEpxR2l4REpLeTVnIiwiZXhwIjoxODA4MjM0MjIwLCJpYXQiOjE3NzY2OTgyMjAsIm5iZiI6MTc3NjY5ODEwMCwib3JnIjoxLCJvbmx5Q2hhbm5lbHMiOlsic2xlLW1vZHVsZS1weXRob24zLTE1LXNwNy1wb29sLXg4Nl82NCJdfQ.nqy34RtOJY3xaeoPnBg5Cmac4j76lSEt2xYoKishYFI HTTP/1.1" 200 -
172.16.3.7 - - [20/Apr/2026:17:17:15 +0200] "GET /rhn/manager/download/sle-module-python3-15-sp7-pool-x86_64/repodata/e8e4cb13110a54ed1f3955dfc932897c9045899b35dbebba2facb3c6a652c32b-susedata.xml.gz?eyJhbGciOiJIUzI1NiJ9.eyJqdGkiOiJubVJ0cUNGODlZTEpxR2l4REpLeTVnIiwiZXhwIjoxODA4MjM0MjIwLCJpYXQiOjE3NzY2OTgyMjAsIm5iZiI6MTc3NjY5ODEwMCwib3JnIjoxLCJvbmx5Q2hhbm5lbHMiOlsic2xlLW1vZHVsZS1weXRob24zLTE1LXNwNy1wb29sLXg4Nl82NCJdfQ.nqy34RtOJY3xaeoPnBg5Cmac4j76lSEt2xYoKishYFI HTTP/1.1" 200 3664
172.16.3.7 - - [20/Apr/2026:17:17:15 +0200] "HEAD /rhn/manager/download/sle-module-python3-15-sp7-updates-x86_64/repodata/repomd.xml?eyJhbGciOiJIUzI1NiJ9.eyJqdGkiOiIxRlNXbC1wYXVTVE01Y0hvM2xJbVJBIiwiZXhwIjoxODA4MjM0MjIwLCJpYXQiOjE3NzY2OTgyMjAsIm5iZiI6MTc3NjY5ODEwMCwib3JnIjoxLCJvbmx5Q2hhbm5lbHMiOlsic2xlLW1vZHVsZS1weXRob24zLTE1LXNwNy11cGRhdGVzLXg4Nl82NCJdfQ.OzY0dOl6R7gDMxFxJlWLiqJ-o1cDSK2qSJOhv8lLNuc HTTP/1.1" 200 -
172.16.3.5 - - [20/Apr/2026:17:17:15 +0200] "POST /rhn/manager/frontend-log HTTP/1.1" 200 16
172.16.3.7 - - [20/Apr/2026:17:17:15 +0200] "HEAD /rhn/manager/download/sle-module-python3-15-sp7-updates-x86_64/media.1/media?eyJhbGciOiJIUzI1NiJ9.eyJqdGkiOiIxRlNXbC1wYXVTVE01Y0hvM2xJbVJBIiwiZXhwIjoxODA4MjM0MjIwLCJpYXQiOjE3NzY2OTgyMjAsIm5iZiI6MTc3NjY5ODEwMCwib3JnIjoxLCJvbmx5Q2hhbm5lbHMiOlsic2xlLW1vZHVsZS1weXRob24zLTE1LXNwNy11cGRhdGVzLXg4Nl82NCJdfQ.OzY0dOl6R7gDMxFxJlWLiqJ-o1cDSK2qSJOhv8lLNuc HTTP/1.1" 404 -
172.16.3.7 - - [20/Apr/2026:17:17:15 +0200] "HEAD /rhn/manager/download/sle-module-python3-15-sp7-updates-x86_64/repodata/repomd.xml?eyJhbGciOiJIUzI1NiJ9.eyJqdGkiOiIxRlNXbC1wYXVTVE01Y0hvM2xJbVJBIiwiZXhwIjoxODA4MjM0MjIwLCJpYXQiOjE3NzY2OTgyMjAsIm5iZiI6MTc3NjY5ODEwMCwib3JnIjoxLCJvbmx5Q2hhbm5lbHMiOlsic2xlLW1vZHVsZS1weXRob24zLTE1LXNwNy11cGRhdGVzLXg4Nl82NCJdfQ.OzY0dOl6R7gDMxFxJlWLiqJ-o1cDSK2qSJOhv8lLNuc HTTP/1.1" 200 -
172.16.3.7 - - [20/Apr/2026:17:17:15 +0200] "GET /rhn/manager/download/sle-module-python3-15-sp7-updates-x86_64/repodata/repomd.xml?eyJhbGciOiJIUzI1NiJ9.eyJqdGkiOiIxRlNXbC1wYXVTVE01Y0hvM2xJbVJBIiwiZXhwIjoxODA4MjM0MjIwLCJpYXQiOjE3NzY2OTgyMjAsIm5iZiI6MTc3NjY5ODEwMCwib3JnIjoxLCJvbmx5Q2hhbm5lbHMiOlsic2xlLW1vZHVsZS1weXRob24zLTE1LXNwNy11cGRhdGVzLXg4Nl82NCJdfQ.OzY0dOl6R7gDMxFxJlWLiqJ-o1cDSK2qSJOhv8lLNuc HTTP/1.1" 200 3664
172.16.3.7 - - [20/Apr/2026:17:17:15 +0200] "HEAD /rhn/manager/download/sle-module-python3-15-sp7-updates-x86_64/repodata/repomd.xml.asc?eyJhbGciOiJIUzI1NiJ9.eyJqdGkiOiIxRlNXbC1wYXVTVE01Y0hvM2xJbVJBIiwiZXhwIjoxODA4MjM0MjIwLCJpYXQiOjE3NzY2OTgyMjAsIm5iZiI6MTc3NjY5ODEwMCwib3JnIjoxLCJvbmx5Q2hhbm5lbHMiOlsic2xlLW1vZHVsZS1weXRob24zLTE1LXNwNy11cGRhdGVzLXg4Nl82NCJdfQ.OzY0dOl6R7gDMxFxJlWLiqJ-o1cDSK2qSJOhv8lLNuc HTTP/1.1" 404 -
172.16.3.5 - - [20/Apr/2026:17:17:15 +0200] "GET /rhn/systems/details/history/Pending.do?sid=1000010003& HTTP/1.1" 200 43023
172.16.3.7 - - [20/Apr/2026:17:17:16 +0200] "HEAD /rhn/manager/download/sle-module-python3-15-sp7-updates-x86_64/repodata/63e1f963be225f204b8595bf18b9f13f69a9c2adbe8dd9fa44f788db06a439ae-primary.xml.gz?eyJhbGciOiJIUzI1NiJ9.eyJqdGkiOiIxRlNXbC1wYXVTVE01Y0hvM2xJbVJBIiwiZXhwIjoxODA4MjM0MjIwLCJpYXQiOjE3NzY2OTgyMjAsIm5iZiI6MTc3NjY5ODEwMCwib3JnIjoxLCJvbmx5Q2hhbm5lbHMiOlsic2xlLW1vZHVsZS1weXRob24zLTE1LXNwNy11cGRhdGVzLXg4Nl82NCJdfQ.OzY0dOl6R7gDMxFxJlWLiqJ-o1cDSK2qSJOhv8lLNuc HTTP/1.1" 200 -
172.16.3.7 - - [20/Apr/2026:17:17:16 +0200] "GET /rhn/manager/download/sle-module-python3-15-sp7-updates-x86_64/repodata/63e1f963be225f204b8595bf18b9f13f69a9c2adbe8dd9fa44f788db06a439ae-primary.xml.gz?eyJhbGciOiJIUzI1NiJ9.eyJqdGkiOiIxRlNXbC1wYXVTVE01Y0hvM2xJbVJBIiwiZXhwIjoxODA4MjM0MjIwLCJpYXQiOjE3NzY2OTgyMjAsIm5iZiI6MTc3NjY5ODEwMCwib3JnIjoxLCJvbmx5Q2hhbm5lbHMiOlsic2xlLW1vZHVsZS1weXRob24zLTE1LXNwNy11cGRhdGVzLXg4Nl82NCJdfQ.OzY0dOl6R7gDMxFxJlWLiqJ-o1cDSK2qSJOhv8lLNuc HTTP/1.1" 200 3663
172.16.3.7 - - [20/Apr/2026:17:17:16 +0200] "HEAD /rhn/manager/download/sle-module-python3-15-sp7-updates-x86_64/repodata/df7f9c04a0406ff5385869393c580d0d07c97378d44b686dd927479a2897d56b-susedata.xml.gz?eyJhbGciOiJIUzI1NiJ9.eyJqdGkiOiIxRlNXbC1wYXVTVE01Y0hvM2xJbVJBIiwiZXhwIjoxODA4MjM0MjIwLCJpYXQiOjE3NzY2OTgyMjAsIm5iZiI6MTc3NjY5ODEwMCwib3JnIjoxLCJvbmx5Q2hhbm5lbHMiOlsic2xlLW1vZHVsZS1weXRob24zLTE1LXNwNy11cGRhdGVzLXg4Nl82NCJdfQ.OzY0dOl6R7gDMxFxJlWLiqJ-o1cDSK2qSJOhv8lLNuc HTTP/1.1" 200 -
172.16.3.7 - - [20/Apr/2026:17:17:16 +0200] "GET /rhn/manager/download/sle-module-python3-15-sp7-updates-x86_64/repodata/df7f9c04a0406ff5385869393c580d0d07c97378d44b686dd927479a2897d56b-susedata.xml.gz?eyJhbGciOiJIUzI1NiJ9.eyJqdGkiOiIxRlNXbC1wYXVTVE01Y0hvM2xJbVJBIiwiZXhwIjoxODA4MjM0MjIwLCJpYXQiOjE3NzY2OTgyMjAsIm5iZiI6MTc3NjY5ODEwMCwib3JnIjoxLCJvbmx5Q2hhbm5lbHMiOlsic2xlLW1vZHVsZS1weXRob24zLTE1LXNwNy11cGRhdGVzLXg4Nl82NCJdfQ.OzY0dOl6R7gDMxFxJlWLiqJ-o1cDSK2qSJOhv8lLNuc HTTP/1.1" 200 3664
127.0.0.1 - - [20/Apr/2026:17:17:16 +0200] "GET /rhn/websocket/notifications HTTP/1.1" 101 -
172.16.3.7 - - [20/Apr/2026:17:17:16 +0200] "HEAD /rhn/manager/download/sle-module-python3-15-sp7-updates-x86_64/repodata/9776d1e6585db523ea2081f71bf7af2c3b6950996fbafb2d47c7d95752ffb9cc-updateinfo.xml.gz?eyJhbGciOiJIUzI1NiJ9.eyJqdGkiOiIxRlNXbC1wYXVTVE01Y0hvM2xJbVJBIiwiZXhwIjoxODA4MjM0MjIwLCJpYXQiOjE3NzY2OTgyMjAsIm5iZiI6MTc3NjY5ODEwMCwib3JnIjoxLCJvbmx5Q2hhbm5lbHMiOlsic2xlLW1vZHVsZS1weXRob24zLTE1LXNwNy11cGRhdGVzLXg4Nl82NCJdfQ.OzY0dOl6R7gDMxFxJlWLiqJ-o1cDSK2qSJOhv8lLNuc HTTP/1.1" 200 -
172.16.3.5 - - [20/Apr/2026:17:17:16 +0200] "POST /rhn/manager/api/systems/bootstrap-ssh HTTP/1.1" 200 28
172.16.3.7 - - [20/Apr/2026:17:17:16 +0200] "GET /rhn/manager/download/sle-module-python3-15-sp7-updates-x86_64/repodata/9776d1e6585db523ea2081f71bf7af2c3b6950996fbafb2d47c7d95752ffb9cc-updateinfo.xml.gz?eyJhbGciOiJIUzI1NiJ9.eyJqdGkiOiIxRlNXbC1wYXVTVE01Y0hvM2xJbVJBIiwiZXhwIjoxODA4MjM0MjIwLCJpYXQiOjE3NzY2OTgyMjAsIm5iZiI6MTc3NjY5ODEwMCwib3JnIjoxLCJvbmx5Q2hhbm5lbHMiOlsic2xlLW1vZHVsZS1weXRob24zLTE1LXNwNy11cGRhdGVzLXg4Nl82NCJdfQ.OzY0dOl6R7gDMxFxJlWLiqJ-o1cDSK2qSJOhv8lLNuc HTTP/1.1" 200 3664
172.16.3.5 - - [20/Apr/2026:17:17:16 +0200] "POST /rhn/manager/frontend-log HTTP/1.1" 200 16
172.16.3.5 - - [20/Apr/2026:17:17:16 +0200] "GET /rhn/systems/details/history/History.do?sid=1000010001& HTTP/1.1" 200 45335
172.16.3.7 - - [20/Apr/2026:17:17:16 +0200] "HEAD /rhn/manager/download/sle-module-server-applications15-sp7-pool-x86_64/repodata/repomd.xml?eyJhbGciOiJIUzI1NiJ9.eyJqdGkiOiJCQXJZa1lsbFNtYVM1SnJncXJyU1JRIiwiZXhwIjoxODA4MjM0MjIwLCJpYXQiOjE3NzY2OTgyMjAsIm5iZiI6MTc3NjY5ODEwMCwib3JnIjoxLCJvbmx5Q2hhbm5lbHMiOlsic2xlLW1vZHVsZS1zZXJ2ZXItYXBwbGljYXRpb25zMTUtc3A3LXBvb2wteDg2XzY0Il19.HmcIg__enH1LY61fA_eV8mJ8EWlf4yTHye5k4qOtW6s HTTP/1.1" 200 -
172.16.3.7 - - [20/Apr/2026:17:17:16 +0200] "HEAD /rhn/manager/download/sle-module-server-applications15-sp7-pool-x86_64/media.1/media?eyJhbGciOiJIUzI1NiJ9.eyJqdGkiOiJCQXJZa1lsbFNtYVM1SnJncXJyU1JRIiwiZXhwIjoxODA4MjM0MjIwLCJpYXQiOjE3NzY2OTgyMjAsIm5iZiI6MTc3NjY5ODEwMCwib3JnIjoxLCJvbmx5Q2hhbm5lbHMiOlsic2xlLW1vZHVsZS1zZXJ2ZXItYXBwbGljYXRpb25zMTUtc3A3LXBvb2wteDg2XzY0Il19.HmcIg__enH1LY61fA_eV8mJ8EWlf4yTHye5k4qOtW6s HTTP/1.1" 404 -
172.16.3.7 - - [20/Apr/2026:17:17:16 +0200] "HEAD /rhn/manager/download/sle-module-server-applications15-sp7-pool-x86_64/repodata/repomd.xml?eyJhbGciOiJIUzI1NiJ9.eyJqdGkiOiJCQXJZa1lsbFNtYVM1SnJncXJyU1JRIiwiZXhwIjoxODA4MjM0MjIwLCJpYXQiOjE3NzY2OTgyMjAsIm5iZiI6MTc3NjY5ODEwMCwib3JnIjoxLCJvbmx5Q2hhbm5lbHMiOlsic2xlLW1vZHVsZS1zZXJ2ZXItYXBwbGljYXRpb25zMTUtc3A3LXBvb2wteDg2XzY0Il19.HmcIg__enH1LY61fA_eV8mJ8EWlf4yTHye5k4qOtW6s HTTP/1.1" 200 -
172.16.3.7 - - [20/Apr/2026:17:17:16 +0200] "GET /rhn/manager/download/sle-module-server-applications15-sp7-pool-x86_64/repodata/repomd.xml?eyJhbGciOiJIUzI1NiJ9.eyJqdGkiOiJCQXJZa1lsbFNtYVM1SnJncXJyU1JRIiwiZXhwIjoxODA4MjM0MjIwLCJpYXQiOjE3NzY2OTgyMjAsIm5iZiI6MTc3NjY5ODEwMCwib3JnIjoxLCJvbmx5Q2hhbm5lbHMiOlsic2xlLW1vZHVsZS1zZXJ2ZXItYXBwbGljYXRpb25zMTUtc3A3LXBvb2wteDg2XzY0Il19.HmcIg__enH1LY61fA_eV8mJ8EWlf4yTHye5k4qOtW6s HTTP/1.1" 200 3664
127.0.0.1 - - [20/Apr/2026:17:17:17 +0200] "GET /rhn/websocket/notifications HTTP/1.1" 101 -
172.16.3.7 - - [20/Apr/2026:17:17:17 +0200] "HEAD /rhn/manager/download/sle-module-server-applications15-sp7-pool-x86_64/repodata/repomd.xml.asc?eyJhbGciOiJIUzI1NiJ9.eyJqdGkiOiJCQXJZa1lsbFNtYVM1SnJncXJyU1JRIiwiZXhwIjoxODA4MjM0MjIwLCJpYXQiOjE3NzY2OTgyMjAsIm5iZiI6MTc3NjY5ODEwMCwib3JnIjoxLCJvbmx5Q2hhbm5lbHMiOlsic2xlLW1vZHVsZS1zZXJ2ZXItYXBwbGljYXRpb25zMTUtc3A3LXBvb2wteDg2XzY0Il19.HmcIg__enH1LY61fA_eV8mJ8EWlf4yTHye5k4qOtW6s HTTP/1.1" 404 -
172.16.3.7 - - [20/Apr/2026:17:17:17 +0200] "HEAD /rhn/manager/download/sle-module-server-applications15-sp7-pool-x86_64/repodata/b172f2901a79f4af3da91e1c9ae27eb8a216e3a3572a8b07c8c89a87ee6880f3-primary.xml.gz?eyJhbGciOiJIUzI1NiJ9.eyJqdGkiOiJCQXJZa1lsbFNtYVM1SnJncXJyU1JRIiwiZXhwIjoxODA4MjM0MjIwLCJpYXQiOjE3NzY2OTgyMjAsIm5iZiI6MTc3NjY5ODEwMCwib3JnIjoxLCJvbmx5Q2hhbm5lbHMiOlsic2xlLW1vZHVsZS1zZXJ2ZXItYXBwbGljYXRpb25zMTUtc3A3LXBvb2wteDg2XzY0Il19.HmcIg__enH1LY61fA_eV8mJ8EWlf4yTHye5k4qOtW6s HTTP/1.1" 200 -
172.16.3.5 - - [20/Apr/2026:17:17:17 +0200] "POST /rhn/manager/frontend-log HTTP/1.1" 200 16
172.16.3.7 - - [20/Apr/2026:17:17:17 +0200] "GET /rhn/manager/download/sle-module-server-applications15-sp7-pool-x86_64/repodata/b172f2901a79f4af3da91e1c9ae27eb8a216e3a3572a8b07c8c89a87ee6880f3-primary.xml.gz?eyJhbGciOiJIUzI1NiJ9.eyJqdGkiOiJCQXJZa1lsbFNtYVM1SnJncXJyU1JRIiwiZXhwIjoxODA4MjM0MjIwLCJpYXQiOjE3NzY2OTgyMjAsIm5iZiI6MTc3NjY5ODEwMCwib3JnIjoxLCJvbmx5Q2hhbm5lbHMiOlsic2xlLW1vZHVsZS1zZXJ2ZXItYXBwbGljYXRpb25zMTUtc3A3LXBvb2wteDg2XzY0Il19.HmcIg__enH1LY61fA_eV8mJ8EWlf4yTHye5k4qOtW6s HTTP/1.1" 200 3664
172.16.3.7 - - [20/Apr/2026:17:17:17 +0200] "HEAD /rhn/manager/download/sle-module-server-applications15-sp7-pool-x86_64/repodata/fbeca337825d0e7be8c40ff89c27b0f9d2a8a77c700ba7c934366ac3478362ee-susedata.xml.gz?eyJhbGciOiJIUzI1NiJ9.eyJqdGkiOiJCQXJZa1lsbFNtYVM1SnJncXJyU1JRIiwiZXhwIjoxODA4MjM0MjIwLCJpYXQiOjE3NzY2OTgyMjAsIm5iZiI6MTc3NjY5ODEwMCwib3JnIjoxLCJvbmx5Q2hhbm5lbHMiOlsic2xlLW1vZHVsZS1zZXJ2ZXItYXBwbGljYXRpb25zMTUtc3A3LXBvb2wteDg2XzY0Il19.HmcIg__enH1LY61fA_eV8mJ8EWlf4yTHye5k4qOtW6s HTTP/1.1" 200 -
172.16.3.5 - - [20/Apr/2026:17:17:17 +0200] "GET /rhn/manager/systems/list/all HTTP/1.1" 200 36838
172.16.3.7 - - [20/Apr/2026:17:17:17 +0200] "GET /rhn/manager/download/sle-module-server-applications15-sp7-pool-x86_64/repodata/fbeca337825d0e7be8c40ff89c27b0f9d2a8a77c700ba7c934366ac3478362ee-susedata.xml.gz?eyJhbGciOiJIUzI1NiJ9.eyJqdGkiOiJCQXJZa1lsbFNtYVM1SnJncXJyU1JRIiwiZXhwIjoxODA4MjM0MjIwLCJpYXQiOjE3NzY2OTgyMjAsIm5iZiI6MTc3NjY5ODEwMCwib3JnIjoxLCJvbmx5Q2hhbm5lbHMiOlsic2xlLW1vZHVsZS1zZXJ2ZXItYXBwbGljYXRpb25zMTUtc3A3LXBvb2wteDg2XzY0Il19.HmcIg__enH1LY61fA_eV8mJ8EWlf4yTHye5k4qOtW6s HTTP/1.1" 200 3664
172.16.3.7 - - [20/Apr/2026:17:17:17 +0200] "HEAD /rhn/manager/download/sle-module-server-applications15-sp7-updates-x86_64/repodata/repomd.xml?eyJhbGciOiJIUzI1NiJ9.eyJqdGkiOiJqSVJ1TjBCVlRQQ0hJY0xmU0o3QlNBIiwiZXhwIjoxODA4MjM0MjIwLCJpYXQiOjE3NzY2OTgyMjAsIm5iZiI6MTc3NjY5ODEwMCwib3JnIjoxLCJvbmx5Q2hhbm5lbHMiOlsic2xlLW1vZHVsZS1zZXJ2ZXItYXBwbGljYXRpb25zMTUtc3A3LXVwZGF0ZXMteDg2XzY0Il19.2s8EVaw6Mdf0UrTPrZyyIfYwPeA1RydWNLCWkAdJIgY HTTP/1.1" 200 -
172.16.3.7 - - [20/Apr/2026:17:17:17 +0200] "HEAD /rhn/manager/download/sle-module-server-applications15-sp7-updates-x86_64/media.1/media?eyJhbGciOiJIUzI1NiJ9.eyJqdGkiOiJqSVJ1TjBCVlRQQ0hJY0xmU0o3QlNBIiwiZXhwIjoxODA4MjM0MjIwLCJpYXQiOjE3NzY2OTgyMjAsIm5iZiI6MTc3NjY5ODEwMCwib3JnIjoxLCJvbmx5Q2hhbm5lbHMiOlsic2xlLW1vZHVsZS1zZXJ2ZXItYXBwbGljYXRpb25zMTUtc3A3LXVwZGF0ZXMteDg2XzY0Il19.2s8EVaw6Mdf0UrTPrZyyIfYwPeA1RydWNLCWkAdJIgY HTTP/1.1" 404 -
172.16.3.5 - - [20/Apr/2026:17:17:17 +0200] "GET /rhn/systems/details/history/Pending.do?sid=1000010003& HTTP/1.1" 200 43023
172.16.3.7 - - [20/Apr/2026:17:17:17 +0200] "HEAD /rhn/manager/download/sle-module-server-applications15-sp7-updates-x86_64/repodata/repomd.xml?eyJhbGciOiJIUzI1NiJ9.eyJqdGkiOiJqSVJ1TjBCVlRQQ0hJY0xmU0o3QlNBIiwiZXhwIjoxODA4MjM0MjIwLCJpYXQiOjE3NzY2OTgyMjAsIm5iZiI6MTc3NjY5ODEwMCwib3JnIjoxLCJvbmx5Q2hhbm5lbHMiOlsic2xlLW1vZHVsZS1zZXJ2ZXItYXBwbGljYXRpb25zMTUtc3A3LXVwZGF0ZXMteDg2XzY0Il19.2s8EVaw6Mdf0UrTPrZyyIfYwPeA1RydWNLCWkAdJIgY HTTP/1.1" 200 -
172.16.3.5 - - [20/Apr/2026:17:17:17 +0200] "POST /rhn/manager/frontend-log HTTP/1.1" 200 16
172.16.3.7 - - [20/Apr/2026:17:17:17 +0200] "GET /rhn/manager/download/sle-module-server-applications15-sp7-updates-x86_64/repodata/repomd.xml?eyJhbGciOiJIUzI1NiJ9.eyJqdGkiOiJqSVJ1TjBCVlRQQ0hJY0xmU0o3QlNBIiwiZXhwIjoxODA4MjM0MjIwLCJpYXQiOjE3NzY2OTgyMjAsIm5iZiI6MTc3NjY5ODEwMCwib3JnIjoxLCJvbmx5Q2hhbm5lbHMiOlsic2xlLW1vZHVsZS1zZXJ2ZXItYXBwbGljYXRpb25zMTUtc3A3LXVwZGF0ZXMteDg2XzY0Il19.2s8EVaw6Mdf0UrTPrZyyIfYwPeA1RydWNLCWkAdJIgY HTTP/1.1" 200 3664
127.0.0.1 - - [20/Apr/2026:17:17:17 +0200] "GET /rhn/websocket/notifications HTTP/1.1" 101 -
172.16.3.7 - - [20/Apr/2026:17:17:17 +0200] "HEAD /rhn/manager/download/sle-module-server-applications15-sp7-updates-x86_64/repodata/repomd.xml.asc?eyJhbGciOiJIUzI1NiJ9.eyJqdGkiOiJqSVJ1TjBCVlRQQ0hJY0xmU0o3QlNBIiwiZXhwIjoxODA4MjM0MjIwLCJpYXQiOjE3NzY2OTgyMjAsIm5iZiI6MTc3NjY5ODEwMCwib3JnIjoxLCJvbmx5Q2hhbm5lbHMiOlsic2xlLW1vZHVsZS1zZXJ2ZXItYXBwbGljYXRpb25zMTUtc3A3LXVwZGF0ZXMteDg2XzY0Il19.2s8EVaw6Mdf0UrTPrZyyIfYwPeA1RydWNLCWkAdJIgY HTTP/1.1" 404 -
172.16.3.7 - - [20/Apr/2026:17:17:17 +0200] "HEAD /rhn/manager/download/sle-module-server-applications15-sp7-updates-x86_64/repodata/b8643f1b1246a80c7b0d9a08860d5ac06fdbc256a1690d4bc5a5b391bba77cda-primary.xml.gz?eyJhbGciOiJIUzI1NiJ9.eyJqdGkiOiJqSVJ1TjBCVlRQQ0hJY0xmU0o3QlNBIiwiZXhwIjoxODA4MjM0MjIwLCJpYXQiOjE3NzY2OTgyMjAsIm5iZiI6MTc3NjY5ODEwMCwib3JnIjoxLCJvbmx5Q2hhbm5lbHMiOlsic2xlLW1vZHVsZS1zZXJ2ZXItYXBwbGljYXRpb25zMTUtc3A3LXVwZGF0ZXMteDg2XzY0Il19.2s8EVaw6Mdf0UrTPrZyyIfYwPeA1RydWNLCWkAdJIgY HTTP/1.1" 200 -
172.16.3.7 - - [20/Apr/2026:17:17:17 +0200] "GET /rhn/manager/download/sle-module-server-applications15-sp7-updates-x86_64/repodata/b8643f1b1246a80c7b0d9a08860d5ac06fdbc256a1690d4bc5a5b391bba77cda-primary.xml.gz?eyJhbGciOiJIUzI1NiJ9.eyJqdGkiOiJqSVJ1TjBCVlRQQ0hJY0xmU0o3QlNBIiwiZXhwIjoxODA4MjM0MjIwLCJpYXQiOjE3NzY2OTgyMjAsIm5iZiI6MTc3NjY5ODEwMCwib3JnIjoxLCJvbmx5Q2hhbm5lbHMiOlsic2xlLW1vZHVsZS1zZXJ2ZXItYXBwbGljYXRpb25zMTUtc3A3LXVwZGF0ZXMteDg2XzY0Il19.2s8EVaw6Mdf0UrTPrZyyIfYwPeA1RydWNLCWkAdJIgY HTTP/1.1" 200 3664
172.16.3.7 - - [20/Apr/2026:17:17:17 +0200] "HEAD /rhn/manager/download/sle-module-server-applications15-sp7-updates-x86_64/repodata/ac1fef0a4c2a1c39922ddf91cee56225053e7acddec918d0dd72c51a2b5c0f69-susedata.xml.gz?eyJhbGciOiJIUzI1NiJ9.eyJqdGkiOiJqSVJ1TjBCVlRQQ0hJY0xmU0o3QlNBIiwiZXhwIjoxODA4MjM0MjIwLCJpYXQiOjE3NzY2OTgyMjAsIm5iZiI6MTc3NjY5ODEwMCwib3JnIjoxLCJvbmx5Q2hhbm5lbHMiOlsic2xlLW1vZHVsZS1zZXJ2ZXItYXBwbGljYXRpb25zMTUtc3A3LXVwZGF0ZXMteDg2XzY0Il19.2s8EVaw6Mdf0UrTPrZyyIfYwPeA1RydWNLCWkAdJIgY HTTP/1.1" 200 -
172.16.3.5 - - [20/Apr/2026:17:17:17 +0200] "GET /rhn/manager/systems/list/all HTTP/1.1" 200 36840
127.0.0.1 - - [20/Apr/2026:17:17:18 +0200] "GET /rhn/websocket/notifications HTTP/1.1" 101 -
172.16.3.7 - - [20/Apr/2026:17:17:18 +0200] "GET /rhn/manager/download/sle-module-server-applications15-sp7-updates-x86_64/repodata/ac1fef0a4c2a1c39922ddf91cee56225053e7acddec918d0dd72c51a2b5c0f69-susedata.xml.gz?eyJhbGciOiJIUzI1NiJ9.eyJqdGkiOiJqSVJ1TjBCVlRQQ0hJY0xmU0o3QlNBIiwiZXhwIjoxODA4MjM0MjIwLCJpYXQiOjE3NzY2OTgyMjAsIm5iZiI6MTc3NjY5ODEwMCwib3JnIjoxLCJvbmx5Q2hhbm5lbHMiOlsic2xlLW1vZHVsZS1zZXJ2ZXItYXBwbGljYXRpb25zMTUtc3A3LXVwZGF0ZXMteDg2XzY0Il19.2s8EVaw6Mdf0UrTPrZyyIfYwPeA1RydWNLCWkAdJIgY HTTP/1.1" 200 3664
172.16.3.5 - - [20/Apr/2026:17:17:18 +0200] "POST /rhn/manager/frontend-log HTTP/1.1" 200 16
172.16.3.7 - - [20/Apr/2026:17:17:18 +0200] "HEAD /rhn/manager/download/sle-module-server-applications15-sp7-updates-x86_64/repodata/f507c983b478293973ff46d086a36a9336fe1f7065de02b3c68d63e280a57500-updateinfo.xml.gz?eyJhbGciOiJIUzI1NiJ9.eyJqdGkiOiJqSVJ1TjBCVlRQQ0hJY0xmU0o3QlNBIiwiZXhwIjoxODA4MjM0MjIwLCJpYXQiOjE3NzY2OTgyMjAsIm5iZiI6MTc3NjY5ODEwMCwib3JnIjoxLCJvbmx5Q2hhbm5lbHMiOlsic2xlLW1vZHVsZS1zZXJ2ZXItYXBwbGljYXRpb25zMTUtc3A3LXVwZGF0ZXMteDg2XzY0Il19.2s8EVaw6Mdf0UrTPrZyyIfYwPeA1RydWNLCWkAdJIgY HTTP/1.1" 200 -
172.16.3.7 - - [20/Apr/2026:17:17:18 +0200] "GET /rhn/manager/download/sle-module-server-applications15-sp7-updates-x86_64/repodata/f507c983b478293973ff46d086a36a9336fe1f7065de02b3c68d63e280a57500-updateinfo.xml.gz?eyJhbGciOiJIUzI1NiJ9.eyJqdGkiOiJqSVJ1TjBCVlRQQ0hJY0xmU0o3QlNBIiwiZXhwIjoxODA4MjM0MjIwLCJpYXQiOjE3NzY2OTgyMjAsIm5iZiI6MTc3NjY5ODEwMCwib3JnIjoxLCJvbmx5Q2hhbm5lbHMiOlsic2xlLW1vZHVsZS1zZXJ2ZXItYXBwbGljYXRpb25zMTUtc3A3LXVwZGF0ZXMteDg2XzY0Il19.2s8EVaw6Mdf0UrTPrZyyIfYwPeA1RydWNLCWkAdJIgY HTTP/1.1" 200 3664
127.0.0.1 - - [20/Apr/2026:17:17:18 +0200] "GET /rhn/websocket/notifications HTTP/1.1" 101 -
172.16.3.5 - - [20/Apr/2026:17:17:18 +0200] "POST /rhn/manager/frontend-log HTTP/1.1" 200 16
172.16.3.5 - - [20/Apr/2026:17:17:18 +0200] "GET /rhn/systems/details/history/Event.do?sid=1000010001&aid=8 HTTP/1.1" 200 49781
172.16.3.5 - - [20/Apr/2026:17:17:18 +0200] "GET /rhn/manager/api/systems/list/all?p=1&ps=100&s=1&sc=server_name HTTP/1.1" 200 3169
172.16.3.7 - - [20/Apr/2026:17:17:18 +0200] "HEAD /rhn/manager/download/sle-module-systems-management-15-sp7-pool-x86_64/repodata/repomd.xml?eyJhbGciOiJIUzI1NiJ9.eyJqdGkiOiJDOTNTZS1GdW9nNWNPREh0WkpyNHZnIiwiZXhwIjoxODA4MjM0MjIwLCJpYXQiOjE3NzY2OTgyMjAsIm5iZiI6MTc3NjY5ODEwMCwib3JnIjoxLCJvbmx5Q2hhbm5lbHMiOlsic2xlLW1vZHVsZS1zeXN0ZW1zLW1hbmFnZW1lbnQtMTUtc3A3LXBvb2wteDg2XzY0Il19.mMpdFco6lKIA7rbkBQo-vZLEVsXO0KHUFcwQuo8go7s HTTP/1.1" 200 -
172.16.3.7 - - [20/Apr/2026:17:17:18 +0200] "HEAD /rhn/manager/download/sle-module-systems-management-15-sp7-pool-x86_64/media.1/media?eyJhbGciOiJIUzI1NiJ9.eyJqdGkiOiJDOTNTZS1GdW9nNWNPREh0WkpyNHZnIiwiZXhwIjoxODA4MjM0MjIwLCJpYXQiOjE3NzY2OTgyMjAsIm5iZiI6MTc3NjY5ODEwMCwib3JnIjoxLCJvbmx5Q2hhbm5lbHMiOlsic2xlLW1vZHVsZS1zeXN0ZW1zLW1hbmFnZW1lbnQtMTUtc3A3LXBvb2wteDg2XzY0Il19.mMpdFco6lKIA7rbkBQo-vZLEVsXO0KHUFcwQuo8go7s HTTP/1.1" 404 -
172.16.3.7 - - [20/Apr/2026:17:17:18 +0200] "HEAD /rhn/manager/download/sle-module-systems-management-15-sp7-pool-x86_64/repodata/repomd.xml?eyJhbGciOiJIUzI1NiJ9.eyJqdGkiOiJDOTNTZS1GdW9nNWNPREh0WkpyNHZnIiwiZXhwIjoxODA4MjM0MjIwLCJpYXQiOjE3NzY2OTgyMjAsIm5iZiI6MTc3NjY5ODEwMCwib3JnIjoxLCJvbmx5Q2hhbm5lbHMiOlsic2xlLW1vZHVsZS1zeXN0ZW1zLW1hbmFnZW1lbnQtMTUtc3A3LXBvb2wteDg2XzY0Il19.mMpdFco6lKIA7rbkBQo-vZLEVsXO0KHUFcwQuo8go7s HTTP/1.1" 200 -
172.16.3.5 - - [20/Apr/2026:17:17:18 +0200] "GET /rhn/manager/api/systems/list/all?p=1&ps=100&s=1&sc=server_name HTTP/1.1" 200 3169
172.16.3.7 - - [20/Apr/2026:17:17:18 +0200] "GET /rhn/manager/download/sle-module-systems-management-15-sp7-pool-x86_64/repodata/repomd.xml?eyJhbGciOiJIUzI1NiJ9.eyJqdGkiOiJDOTNTZS1GdW9nNWNPREh0WkpyNHZnIiwiZXhwIjoxODA4MjM0MjIwLCJpYXQiOjE3NzY2OTgyMjAsIm5iZiI6MTc3NjY5ODEwMCwib3JnIjoxLCJvbmx5Q2hhbm5lbHMiOlsic2xlLW1vZHVsZS1zeXN0ZW1zLW1hbmFnZW1lbnQtMTUtc3A3LXBvb2wteDg2XzY0Il19.mMpdFco6lKIA7rbkBQo-vZLEVsXO0KHUFcwQuo8go7s HTTP/1.1" 200 3664
172.16.3.7 - - [20/Apr/2026:17:17:18 +0200] "HEAD /rhn/manager/download/sle-module-systems-management-15-sp7-pool-x86_64/repodata/repomd.xml.asc?eyJhbGciOiJIUzI1NiJ9.eyJqdGkiOiJDOTNTZS1GdW9nNWNPREh0WkpyNHZnIiwiZXhwIjoxODA4MjM0MjIwLCJpYXQiOjE3NzY2OTgyMjAsIm5iZiI6MTc3NjY5ODEwMCwib3JnIjoxLCJvbmx5Q2hhbm5lbHMiOlsic2xlLW1vZHVsZS1zeXN0ZW1zLW1hbmFnZW1lbnQtMTUtc3A3LXBvb2wteDg2XzY0Il19.mMpdFco6lKIA7rbkBQo-vZLEVsXO0KHUFcwQuo8go7s HTTP/1.1" 404 -
172.16.3.7 - - [20/Apr/2026:17:17:18 +0200] "HEAD /rhn/manager/download/sle-module-systems-management-15-sp7-pool-x86_64/repodata/ca170f775c398d2c056152507613e7e869d240d309f66f90830314263bb77758-primary.xml.gz?eyJhbGciOiJIUzI1NiJ9.eyJqdGkiOiJDOTNTZS1GdW9nNWNPREh0WkpyNHZnIiwiZXhwIjoxODA4MjM0MjIwLCJpYXQiOjE3NzY2OTgyMjAsIm5iZiI6MTc3NjY5ODEwMCwib3JnIjoxLCJvbmx5Q2hhbm5lbHMiOlsic2xlLW1vZHVsZS1zeXN0ZW1zLW1hbmFnZW1lbnQtMTUtc3A3LXBvb2wteDg2XzY0Il19.mMpdFco6lKIA7rbkBQo-vZLEVsXO0KHUFcwQuo8go7s HTTP/1.1" 200 -
172.16.3.5 - - [20/Apr/2026:17:17:18 +0200] "POST /rhn/manager/frontend-log HTTP/1.1" 200 16
172.16.3.7 - - [20/Apr/2026:17:17:18 +0200] "GET /rhn/manager/download/sle-module-systems-management-15-sp7-pool-x86_64/repodata/ca170f775c398d2c056152507613e7e869d240d309f66f90830314263bb77758-primary.xml.gz?eyJhbGciOiJIUzI1NiJ9.eyJqdGkiOiJDOTNTZS1GdW9nNWNPREh0WkpyNHZnIiwiZXhwIjoxODA4MjM0MjIwLCJpYXQiOjE3NzY2OTgyMjAsIm5iZiI6MTc3NjY5ODEwMCwib3JnIjoxLCJvbmx5Q2hhbm5lbHMiOlsic2xlLW1vZHVsZS1zeXN0ZW1zLW1hbmFnZW1lbnQtMTUtc3A3LXBvb2wteDg2XzY0Il19.mMpdFco6lKIA7rbkBQo-vZLEVsXO0KHUFcwQuo8go7s HTTP/1.1" 200 3664
127.0.0.1 - - [20/Apr/2026:17:17:19 +0200] "GET /rhn/websocket/notifications HTTP/1.1" 101 -
172.16.3.5 - - [20/Apr/2026:17:17:19 +0200] "POST /rhn/manager/api/sets/system_list HTTP/1.1" 200 1
172.16.3.7 - - [20/Apr/2026:17:17:19 +0200] "HEAD /rhn/manager/download/sle-module-systems-management-15-sp7-pool-x86_64/repodata/bb7f49dd25548c564ab33e1defb1e5668f63a9b063798989e364da0386f6a8d2-susedata.xml.gz?eyJhbGciOiJIUzI1NiJ9.eyJqdGkiOiJDOTNTZS1GdW9nNWNPREh0WkpyNHZnIiwiZXhwIjoxODA4MjM0MjIwLCJpYXQiOjE3NzY2OTgyMjAsIm5iZiI6MTc3NjY5ODEwMCwib3JnIjoxLCJvbmx5Q2hhbm5lbHMiOlsic2xlLW1vZHVsZS1zeXN0ZW1zLW1hbmFnZW1lbnQtMTUtc3A3LXBvb2wteDg2XzY0Il19.mMpdFco6lKIA7rbkBQo-vZLEVsXO0KHUFcwQuo8go7s HTTP/1.1" 200 -
172.16.3.7 - - [20/Apr/2026:17:17:19 +0200] "GET /rhn/manager/download/sle-module-systems-management-15-sp7-pool-x86_64/repodata/bb7f49dd25548c564ab33e1defb1e5668f63a9b063798989e364da0386f6a8d2-susedata.xml.gz?eyJhbGciOiJIUzI1NiJ9.eyJqdGkiOiJDOTNTZS1GdW9nNWNPREh0WkpyNHZnIiwiZXhwIjoxODA4MjM0MjIwLCJpYXQiOjE3NzY2OTgyMjAsIm5iZiI6MTc3NjY5ODEwMCwib3JnIjoxLCJvbmx5Q2hhbm5lbHMiOlsic2xlLW1vZHVsZS1zeXN0ZW1zLW1hbmFnZW1lbnQtMTUtc3A3LXBvb2wteDg2XzY0Il19.mMpdFco6lKIA7rbkBQo-vZLEVsXO0KHUFcwQuo8go7s HTTP/1.1" 200 3664
172.16.3.5 - - [20/Apr/2026:17:17:19 +0200] "POST /rhn/manager/api/sets/system_list HTTP/1.1" 200 1
172.16.3.7 - - [20/Apr/2026:17:17:19 +0200] "HEAD /rhn/manager/download/sle-module-systems-management-15-sp7-updates-x86_64/repodata/repomd.xml?eyJhbGciOiJIUzI1NiJ9.eyJqdGkiOiJWMWt1ZHllVzFRbWNuaERTMUJiTUZ3IiwiZXhwIjoxODA4MjM0MjIwLCJpYXQiOjE3NzY2OTgyMjAsIm5iZiI6MTc3NjY5ODEwMCwib3JnIjoxLCJvbmx5Q2hhbm5lbHMiOlsic2xlLW1vZHVsZS1zeXN0ZW1zLW1hbmFnZW1lbnQtMTUtc3A3LXVwZGF0ZXMteDg2XzY0Il19.0NP0xxLjH3qohJui6ckFyWdBAnryUo6X4l9Zk9tXhMs HTTP/1.1" 200 -
172.16.3.5 - - [20/Apr/2026:17:17:19 +0200] "GET /rhn/systems/details/history/History.do?sid=1000010003& HTTP/1.1" 200 45338
172.16.3.7 - - [20/Apr/2026:17:17:19 +0200] "HEAD /rhn/manager/download/sle-module-systems-management-15-sp7-updates-x86_64/media.1/media?eyJhbGciOiJIUzI1NiJ9.eyJqdGkiOiJWMWt1ZHllVzFRbWNuaERTMUJiTUZ3IiwiZXhwIjoxODA4MjM0MjIwLCJpYXQiOjE3NzY2OTgyMjAsIm5iZiI6MTc3NjY5ODEwMCwib3JnIjoxLCJvbmx5Q2hhbm5lbHMiOlsic2xlLW1vZHVsZS1zeXN0ZW1zLW1hbmFnZW1lbnQtMTUtc3A3LXVwZGF0ZXMteDg2XzY0Il19.0NP0xxLjH3qohJui6ckFyWdBAnryUo6X4l9Zk9tXhMs HTTP/1.1" 404 -
172.16.3.7 - - [20/Apr/2026:17:17:19 +0200] "HEAD /rhn/manager/download/sle-module-systems-management-15-sp7-updates-x86_64/repodata/repomd.xml?eyJhbGciOiJIUzI1NiJ9.eyJqdGkiOiJWMWt1ZHllVzFRbWNuaERTMUJiTUZ3IiwiZXhwIjoxODA4MjM0MjIwLCJpYXQiOjE3NzY2OTgyMjAsIm5iZiI6MTc3NjY5ODEwMCwib3JnIjoxLCJvbmx5Q2hhbm5lbHMiOlsic2xlLW1vZHVsZS1zeXN0ZW1zLW1hbmFnZW1lbnQtMTUtc3A3LXVwZGF0ZXMteDg2XzY0Il19.0NP0xxLjH3qohJui6ckFyWdBAnryUo6X4l9Zk9tXhMs HTTP/1.1" 200 -
172.16.3.7 - - [20/Apr/2026:17:17:19 +0200] "GET /rhn/manager/download/sle-module-systems-management-15-sp7-updates-x86_64/repodata/repomd.xml?eyJhbGciOiJIUzI1NiJ9.eyJqdGkiOiJWMWt1ZHllVzFRbWNuaERTMUJiTUZ3IiwiZXhwIjoxODA4MjM0MjIwLCJpYXQiOjE3NzY2OTgyMjAsIm5iZiI6MTc3NjY5ODEwMCwib3JnIjoxLCJvbmx5Q2hhbm5lbHMiOlsic2xlLW1vZHVsZS1zeXN0ZW1zLW1hbmFnZW1lbnQtMTUtc3A3LXVwZGF0ZXMteDg2XzY0Il19.0NP0xxLjH3qohJui6ckFyWdBAnryUo6X4l9Zk9tXhMs HTTP/1.1" 200 3664
172.16.3.7 - - [20/Apr/2026:17:17:19 +0200] "HEAD /rhn/manager/download/sle-module-systems-management-15-sp7-updates-x86_64/repodata/repomd.xml.asc?eyJhbGciOiJIUzI1NiJ9.eyJqdGkiOiJWMWt1ZHllVzFRbWNuaERTMUJiTUZ3IiwiZXhwIjoxODA4MjM0MjIwLCJpYXQiOjE3NzY2OTgyMjAsIm5iZiI6MTc3NjY5ODEwMCwib3JnIjoxLCJvbmx5Q2hhbm5lbHMiOlsic2xlLW1vZHVsZS1zeXN0ZW1zLW1hbmFnZW1lbnQtMTUtc3A3LXVwZGF0ZXMteDg2XzY0Il19.0NP0xxLjH3qohJui6ckFyWdBAnryUo6X4l9Zk9tXhMs HTTP/1.1" 404 -
172.16.3.7 - - [20/Apr/2026:17:17:19 +0200] "HEAD /rhn/manager/download/sle-module-systems-management-15-sp7-updates-x86_64/repodata/b46d74c3c294135efcda7e1a48d82ff878c9e37f915cf0d45900f20e13c86498-primary.xml.gz?eyJhbGciOiJIUzI1NiJ9.eyJqdGkiOiJWMWt1ZHllVzFRbWNuaERTMUJiTUZ3IiwiZXhwIjoxODA4MjM0MjIwLCJpYXQiOjE3NzY2OTgyMjAsIm5iZiI6MTc3NjY5ODEwMCwib3JnIjoxLCJvbmx5Q2hhbm5lbHMiOlsic2xlLW1vZHVsZS1zeXN0ZW1zLW1hbmFnZW1lbnQtMTUtc3A3LXVwZGF0ZXMteDg2XzY0Il19.0NP0xxLjH3qohJui6ckFyWdBAnryUo6X4l9Zk9tXhMs HTTP/1.1" 200 -
172.16.3.7 - - [20/Apr/2026:17:17:19 +0200] "GET /rhn/manager/download/sle-module-systems-management-15-sp7-updates-x86_64/repodata/b46d74c3c294135efcda7e1a48d82ff878c9e37f915cf0d45900f20e13c86498-primary.xml.gz?eyJhbGciOiJIUzI1NiJ9.eyJqdGkiOiJWMWt1ZHllVzFRbWNuaERTMUJiTUZ3IiwiZXhwIjoxODA4MjM0MjIwLCJpYXQiOjE3NzY2OTgyMjAsIm5iZiI6MTc3NjY5ODEwMCwib3JnIjoxLCJvbmx5Q2hhbm5lbHMiOlsic2xlLW1vZHVsZS1zeXN0ZW1zLW1hbmFnZW1lbnQtMTUtc3A3LXVwZGF0ZXMteDg2XzY0Il19.0NP0xxLjH3qohJui6ckFyWdBAnryUo6X4l9Zk9tXhMs HTTP/1.1" 200 3664
127.0.0.1 - - [20/Apr/2026:17:17:19 +0200] "GET /rhn/websocket/notifications HTTP/1.1" 101 -
172.16.3.7 - - [20/Apr/2026:17:17:19 +0200] "HEAD /rhn/manager/download/sle-module-systems-management-15-sp7-updates-x86_64/repodata/860a8ffd2e631d23d2e7e19d0bb2ec71704b82672341c7e80418b42f7f6aaea2-susedata.xml.gz?eyJhbGciOiJIUzI1NiJ9.eyJqdGkiOiJWMWt1ZHllVzFRbWNuaERTMUJiTUZ3IiwiZXhwIjoxODA4MjM0MjIwLCJpYXQiOjE3NzY2OTgyMjAsIm5iZiI6MTc3NjY5ODEwMCwib3JnIjoxLCJvbmx5Q2hhbm5lbHMiOlsic2xlLW1vZHVsZS1zeXN0ZW1zLW1hbmFnZW1lbnQtMTUtc3A3LXVwZGF0ZXMteDg2XzY0Il19.0NP0xxLjH3qohJui6ckFyWdBAnryUo6X4l9Zk9tXhMs HTTP/1.1" 200 -
172.16.3.5 - - [20/Apr/2026:17:17:19 +0200] "POST /rhn/manager/frontend-log HTTP/1.1" 200 16
172.16.3.7 - - [20/Apr/2026:17:17:19 +0200] "GET /rhn/manager/download/sle-module-systems-management-15-sp7-updates-x86_64/repodata/860a8ffd2e631d23d2e7e19d0bb2ec71704b82672341c7e80418b42f7f6aaea2-susedata.xml.gz?eyJhbGciOiJIUzI1NiJ9.eyJqdGkiOiJWMWt1ZHllVzFRbWNuaERTMUJiTUZ3IiwiZXhwIjoxODA4MjM0MjIwLCJpYXQiOjE3NzY2OTgyMjAsIm5iZiI6MTc3NjY5ODEwMCwib3JnIjoxLCJvbmx5Q2hhbm5lbHMiOlsic2xlLW1vZHVsZS1zeXN0ZW1zLW1hbmFnZW1lbnQtMTUtc3A3LXVwZGF0ZXMteDg2XzY0Il19.0NP0xxLjH3qohJui6ckFyWdBAnryUo6X4l9Zk9tXhMs HTTP/1.1" 200 3664
172.16.3.7 - - [20/Apr/2026:17:17:19 +0200] "HEAD /rhn/manager/download/sle-module-systems-management-15-sp7-updates-x86_64/repodata/e4a4c2423b86adddc35c88cfb449171043a3ee99e6cf97677d945c1158970ef7-updateinfo.xml.gz?eyJhbGciOiJIUzI1NiJ9.eyJqdGkiOiJWMWt1ZHllVzFRbWNuaERTMUJiTUZ3IiwiZXhwIjoxODA4MjM0MjIwLCJpYXQiOjE3NzY2OTgyMjAsIm5iZiI6MTc3NjY5ODEwMCwib3JnIjoxLCJvbmx5Q2hhbm5lbHMiOlsic2xlLW1vZHVsZS1zeXN0ZW1zLW1hbmFnZW1lbnQtMTUtc3A3LXVwZGF0ZXMteDg2XzY0Il19.0NP0xxLjH3qohJui6ckFyWdBAnryUo6X4l9Zk9tXhMs HTTP/1.1" 200 -
172.16.3.7 - - [20/Apr/2026:17:17:19 +0200] "GET /rhn/manager/download/sle-module-systems-management-15-sp7-updates-x86_64/repodata/e4a4c2423b86adddc35c88cfb449171043a3ee99e6cf97677d945c1158970ef7-updateinfo.xml.gz?eyJhbGciOiJIUzI1NiJ9.eyJqdGkiOiJWMWt1ZHllVzFRbWNuaERTMUJiTUZ3IiwiZXhwIjoxODA4MjM0MjIwLCJpYXQiOjE3NzY2OTgyMjAsIm5iZiI6MTc3NjY5ODEwMCwib3JnIjoxLCJvbmx5Q2hhbm5lbHMiOlsic2xlLW1vZHVsZS1zeXN0ZW1zLW1hbmFnZW1lbnQtMTUtc3A3LXVwZGF0ZXMteDg2XzY0Il19.0NP0xxLjH3qohJui6ckFyWdBAnryUo6X4l9Zk9tXhMs HTTP/1.1" 200 3664
172.16.3.5 - - [20/Apr/2026:17:17:19 +0200] "GET /rhn/systems/details/history/Pending.do?sid=1000010001& HTTP/1.1" 200 43019
172.16.3.7 - - [20/Apr/2026:17:17:19 +0200] "HEAD /rhn/manager/download/sle-product-sles15-sp7-pool-x86_64/repodata/repomd.xml?eyJhbGciOiJIUzI1NiJ9.eyJqdGkiOiI5UGNQSlhkbXMyWHZDM2JfRnhsUXhBIiwiZXhwIjoxODA4MjM0MjIwLCJpYXQiOjE3NzY2OTgyMjAsIm5iZiI6MTc3NjY5ODEwMCwib3JnIjoxLCJvbmx5Q2hhbm5lbHMiOlsic2xlLXByb2R1Y3Qtc2xlczE1LXNwNy1wb29sLXg4Nl82NCJdfQ.tUtbkvl8HBW1DkwbFD-He8mOSIoldhgA1BHH6f8Jpcc HTTP/1.1" 200 -
172.16.3.7 - - [20/Apr/2026:17:17:19 +0200] "HEAD /rhn/manager/download/sle-product-sles15-sp7-pool-x86_64/media.1/media?eyJhbGciOiJIUzI1NiJ9.eyJqdGkiOiI5UGNQSlhkbXMyWHZDM2JfRnhsUXhBIiwiZXhwIjoxODA4MjM0MjIwLCJpYXQiOjE3NzY2OTgyMjAsIm5iZiI6MTc3NjY5ODEwMCwib3JnIjoxLCJvbmx5Q2hhbm5lbHMiOlsic2xlLXByb2R1Y3Qtc2xlczE1LXNwNy1wb29sLXg4Nl82NCJdfQ.tUtbkvl8HBW1DkwbFD-He8mOSIoldhgA1BHH6f8Jpcc HTTP/1.1" 404 -
172.16.3.7 - - [20/Apr/2026:17:17:20 +0200] "HEAD /rhn/manager/download/sle-product-sles15-sp7-pool-x86_64/repodata/repomd.xml?eyJhbGciOiJIUzI1NiJ9.eyJqdGkiOiI5UGNQSlhkbXMyWHZDM2JfRnhsUXhBIiwiZXhwIjoxODA4MjM0MjIwLCJpYXQiOjE3NzY2OTgyMjAsIm5iZiI6MTc3NjY5ODEwMCwib3JnIjoxLCJvbmx5Q2hhbm5lbHMiOlsic2xlLXByb2R1Y3Qtc2xlczE1LXNwNy1wb29sLXg4Nl82NCJdfQ.tUtbkvl8HBW1DkwbFD-He8mOSIoldhgA1BHH6f8Jpcc HTTP/1.1" 200 -
172.16.3.7 - - [20/Apr/2026:17:17:20 +0200] "GET /rhn/manager/download/sle-product-sles15-sp7-pool-x86_64/repodata/repomd.xml?eyJhbGciOiJIUzI1NiJ9.eyJqdGkiOiI5UGNQSlhkbXMyWHZDM2JfRnhsUXhBIiwiZXhwIjoxODA4MjM0MjIwLCJpYXQiOjE3NzY2OTgyMjAsIm5iZiI6MTc3NjY5ODEwMCwib3JnIjoxLCJvbmx5Q2hhbm5lbHMiOlsic2xlLXByb2R1Y3Qtc2xlczE1LXNwNy1wb29sLXg4Nl82NCJdfQ.tUtbkvl8HBW1DkwbFD-He8mOSIoldhgA1BHH6f8Jpcc HTTP/1.1" 200 3664
172.16.3.7 - - [20/Apr/2026:17:17:20 +0200] "HEAD /rhn/manager/download/sle-product-sles15-sp7-pool-x86_64/repodata/repomd.xml.asc?eyJhbGciOiJIUzI1NiJ9.eyJqdGkiOiI5UGNQSlhkbXMyWHZDM2JfRnhsUXhBIiwiZXhwIjoxODA4MjM0MjIwLCJpYXQiOjE3NzY2OTgyMjAsIm5iZiI6MTc3NjY5ODEwMCwib3JnIjoxLCJvbmx5Q2hhbm5lbHMiOlsic2xlLXByb2R1Y3Qtc2xlczE1LXNwNy1wb29sLXg4Nl82NCJdfQ.tUtbkvl8HBW1DkwbFD-He8mOSIoldhgA1BHH6f8Jpcc HTTP/1.1" 404 -
172.16.3.7 - - [20/Apr/2026:17:17:20 +0200] "HEAD /rhn/manager/download/sle-product-sles15-sp7-pool-x86_64/repodata/66fcb8bb04aafa067687b87a59d08127fca3bad3827d39e259a7a418864fba28-primary.xml.gz?eyJhbGciOiJIUzI1NiJ9.eyJqdGkiOiI5UGNQSlhkbXMyWHZDM2JfRnhsUXhBIiwiZXhwIjoxODA4MjM0MjIwLCJpYXQiOjE3NzY2OTgyMjAsIm5iZiI6MTc3NjY5ODEwMCwib3JnIjoxLCJvbmx5Q2hhbm5lbHMiOlsic2xlLXByb2R1Y3Qtc2xlczE1LXNwNy1wb29sLXg4Nl82NCJdfQ.tUtbkvl8HBW1DkwbFD-He8mOSIoldhgA1BHH6f8Jpcc HTTP/1.1" 200 -
127.0.0.1 - - [20/Apr/2026:17:17:20 +0200] "GET /rhn/websocket/notifications HTTP/1.1" 101 -
