172.16.3.5 - - [20/Apr/2026:17:02:40 +0200] "POST /rhn/manager/frontend-log HTTP/1.1" 200 16
127.0.0.1 - - [20/Apr/2026:17:02:40 +0200] "GET /rhn/websocket/notifications HTTP/1.1" 101 -
127.0.0.1 - - [20/Apr/2026:17:02:40 +0200] "GET /rhn/websocket/notifications HTTP/1.1" 101 -
172.16.3.5 - - [20/Apr/2026:17:02:40 +0200] "GET /rhn/channels/manage/Manage.do HTTP/1.1" 200 48388
172.16.3.5 - - [20/Apr/2026:17:02:40 +0200] "POST /rhn/manager/frontend-log HTTP/1.1" 200 16
127.0.0.1 - - [20/Apr/2026:17:02:40 +0200] "GET /rhn/websocket/notifications HTTP/1.1" 101 -
172.16.3.5 - - [20/Apr/2026:17:02:40 +0200] "GET /rhn/channels/manage/Edit.do HTTP/1.1" 200 55666
127.0.0.1 - - [20/Apr/2026:17:02:40 +0200] "GET /rhn/websocket/notifications HTTP/1.1" 101 -
172.16.3.5 - - [20/Apr/2026:17:02:41 +0200] "POST /rhn/manager/frontend-log HTTP/1.1" 200 16
::1 - - [20/Apr/2026:17:02:41 +0200] "GET /rhn/manager/login HTTP/1.1" 302 -
172.16.3.5 - - [20/Apr/2026:17:02:41 +0200] "POST /rhn/channels/manage/Edit.do HTTP/1.1" 302 -
172.16.3.5 - - [20/Apr/2026:17:02:41 +0200] "GET /rhn/channels/manage/Edit.do?cid=130 HTTP/1.1" 200 55960
172.16.3.5 - - [20/Apr/2026:17:02:41 +0200] "POST /rhn/manager/frontend-log HTTP/1.1" 200 16
127.0.0.1 - - [20/Apr/2026:17:02:42 +0200] "GET /rhn/websocket/notifications HTTP/1.1" 101 -
172.16.3.5 - - [20/Apr/2026:17:02:42 +0200] "POST /rhn/manager/frontend-log HTTP/1.1" 200 16
127.0.0.1 - - [20/Apr/2026:17:02:42 +0200] "GET /rhn/websocket/notifications HTTP/1.1" 101 -
172.16.3.5 - - [20/Apr/2026:17:02:42 +0200] "GET /rhn/manager/login HTTP/1.1" 302 -
172.16.3.5 - - [20/Apr/2026:17:02:42 +0200] "GET /rhn/YourRhn.do HTTP/1.1" 200 38966
172.16.3.5 - - [20/Apr/2026:17:02:42 +0200] "POST /rhn/manager/frontend-log HTTP/1.1" 200 16
127.0.0.1 - - [20/Apr/2026:17:02:42 +0200] "GET /rhn/websocket/notifications HTTP/1.1" 101 -
172.16.3.5 - - [20/Apr/2026:17:02:42 +0200] "POST /rhn/ajax/inactive-systems HTTP/1.1" 200 540
172.16.3.5 - - [20/Apr/2026:17:02:42 +0200] "POST /rhn/ajax/subscription-warning HTTP/1.1" 200 -
172.16.3.5 - - [20/Apr/2026:17:02:43 +0200] "POST /rhn/ajax/pending-actions HTTP/1.1" 200 636
172.16.3.5 - - [20/Apr/2026:17:02:43 +0200] "POST /rhn/ajax/critical-systems HTTP/1.1" 200 2025
172.16.3.5 - - [20/Apr/2026:17:02:43 +0200] "POST /rhn/ajax/tasks HTTP/1.1" 200 2232
172.16.3.5 - - [20/Apr/2026:17:02:43 +0200] "POST /rhn/ajax/systems-groups HTTP/1.1" 200 1490
172.16.3.5 - - [20/Apr/2026:17:02:43 +0200] "POST /rhn/ajax/disk-check-warning HTTP/1.1" 200 -
172.16.3.5 - - [20/Apr/2026:17:02:43 +0200] "POST /rhn/ajax/recent-systems HTTP/1.1" 200 2058
172.16.3.5 - - [20/Apr/2026:17:02:43 +0200] "POST /rhn/manager/frontend-log HTTP/1.1" 200 16
172.16.3.5 - - [20/Apr/2026:17:02:43 +0200] "POST /rhn/ajax/latest-errata HTTP/1.1" 200 539
172.16.3.5 - - [20/Apr/2026:17:02:43 +0200] "GET /rhn/channels/manage/repos/RepoList.do HTTP/1.1" 200 42220
127.0.0.1 - - [20/Apr/2026:17:02:43 +0200] "GET /rhn/websocket/notifications HTTP/1.1" 101 -
172.16.3.5 - - [20/Apr/2026:17:02:43 +0200] "POST /rhn/manager/frontend-log HTTP/1.1" 200 16
172.16.3.5 - - [20/Apr/2026:17:02:43 +0200] "GET /rhn/channels/manage/repos/RepoCreate.do HTTP/1.1" 200 41427
127.0.0.1 - - [20/Apr/2026:17:02:43 +0200] "GET /rhn/websocket/notifications HTTP/1.1" 101 -
172.16.3.5 - - [20/Apr/2026:17:02:44 +0200] "POST /rhn/manager/frontend-log HTTP/1.1" 200 16
172.16.3.5 - - [20/Apr/2026:17:02:44 +0200] "POST /rhn/channels/manage/repos/RepoCreate.do HTTP/1.1" 302 -
172.16.3.5 - - [20/Apr/2026:17:02:44 +0200] "GET /rhn/channels/manage/repos/RepoEdit.do?id=520 HTTP/1.1" 200 42075
172.16.3.5 - - [20/Apr/2026:17:02:44 +0200] "POST /rhn/manager/frontend-log HTTP/1.1" 200 16
127.0.0.1 - - [20/Apr/2026:17:02:44 +0200] "GET /rhn/websocket/notifications HTTP/1.1" 101 -
172.16.3.5 - - [20/Apr/2026:17:02:44 +0200] "POST /rhn/manager/frontend-log HTTP/1.1" 200 16
127.0.0.1 - - [20/Apr/2026:17:02:44 +0200] "GET /rhn/websocket/notifications HTTP/1.1" 101 -
172.16.3.5 - - [20/Apr/2026:17:02:44 +0200] "GET /rhn/channels/manage/repos/RepoList.do HTTP/1.1" 200 42581
127.0.0.1 - - [20/Apr/2026:17:02:45 +0200] "GET /rhn/websocket/notifications HTTP/1.1" 101 -
172.16.3.5 - - [20/Apr/2026:17:02:45 +0200] "POST /rhn/manager/frontend-log HTTP/1.1" 200 16
172.16.3.5 - - [20/Apr/2026:17:02:45 +0200] "GET /rhn/channels/manage/repos/RepoEdit.do?id=520 HTTP/1.1" 200 41984
127.0.0.1 - - [20/Apr/2026:17:02:45 +0200] "GET /rhn/websocket/notifications HTTP/1.1" 101 -
172.16.3.5 - - [20/Apr/2026:17:02:45 +0200] "POST /rhn/manager/frontend-log HTTP/1.1" 200 16
172.16.3.5 - - [20/Apr/2026:17:02:55 +0200] "POST /rhn/channels/manage/repos/RepoEdit.do HTTP/1.1" 302 -
172.16.3.5 - - [20/Apr/2026:17:02:55 +0200] "GET /rhn/channels/manage/repos/RepoEdit.do?id=520 HTTP/1.1" 200 42057
172.16.3.5 - - [20/Apr/2026:17:02:55 +0200] "POST /rhn/manager/frontend-log HTTP/1.1" 200 16
127.0.0.1 - - [20/Apr/2026:17:02:55 +0200] "GET /rhn/websocket/notifications HTTP/1.1" 101 -
172.16.3.5 - - [20/Apr/2026:17:02:56 +0200] "POST /rhn/manager/frontend-log HTTP/1.1" 200 16
::1 - - [20/Apr/2026:17:02:56 +0200] "GET /rhn/manager/login HTTP/1.1" 302 -
127.0.0.1 - - [20/Apr/2026:17:02:56 +0200] "GET /rhn/websocket/notifications HTTP/1.1" 101 -
172.16.3.5 - - [20/Apr/2026:17:02:56 +0200] "GET /rhn/channels/manage/repos/RepoList.do HTTP/1.1" 200 42581
127.0.0.1 - - [20/Apr/2026:17:02:56 +0200] "GET /rhn/websocket/notifications HTTP/1.1" 101 -
172.16.3.5 - - [20/Apr/2026:17:02:56 +0200] "POST /rhn/manager/frontend-log HTTP/1.1" 200 16
172.16.3.5 - - [20/Apr/2026:17:02:56 +0200] "GET /rhn/channels/manage/repos/RepoCreate.do HTTP/1.1" 200 41427
127.0.0.1 - - [20/Apr/2026:17:02:56 +0200] "GET /rhn/websocket/notifications HTTP/1.1" 101 -
172.16.3.5 - - [20/Apr/2026:17:02:56 +0200] "POST /rhn/manager/frontend-log HTTP/1.1" 200 16
172.16.3.5 - - [20/Apr/2026:17:02:57 +0200] "POST /rhn/channels/manage/repos/RepoCreate.do HTTP/1.1" 302 -
172.16.3.5 - - [20/Apr/2026:17:02:57 +0200] "GET /rhn/channels/manage/repos/RepoEdit.do?id=521 HTTP/1.1" 200 42086
172.16.3.5 - - [20/Apr/2026:17:02:57 +0200] "POST /rhn/manager/frontend-log HTTP/1.1" 200 16
127.0.0.1 - - [20/Apr/2026:17:02:57 +0200] "GET /rhn/websocket/notifications HTTP/1.1" 101 -
172.16.3.5 - - [20/Apr/2026:17:02:57 +0200] "POST /rhn/manager/frontend-log HTTP/1.1" 200 16
127.0.0.1 - - [20/Apr/2026:17:02:57 +0200] "GET /rhn/websocket/notifications HTTP/1.1" 101 -
172.16.3.5 - - [20/Apr/2026:17:02:57 +0200] "GET /rhn/channels/manage/repos/RepoList.do HTTP/1.1" 200 42947
127.0.0.1 - - [20/Apr/2026:17:02:57 +0200] "GET /rhn/websocket/notifications HTTP/1.1" 101 -
172.16.3.5 - - [20/Apr/2026:17:02:57 +0200] "POST /rhn/manager/frontend-log HTTP/1.1" 200 16
172.16.3.5 - - [20/Apr/2026:17:02:57 +0200] "GET /rhn/channels/manage/repos/RepoEdit.do?id=521 HTTP/1.1" 200 41995
127.0.0.1 - - [20/Apr/2026:17:02:57 +0200] "GET /rhn/websocket/notifications HTTP/1.1" 101 -
172.16.3.5 - - [20/Apr/2026:17:02:57 +0200] "POST /rhn/manager/frontend-log HTTP/1.1" 200 16
172.16.3.5 - - [20/Apr/2026:17:03:08 +0200] "POST /rhn/channels/manage/repos/RepoEdit.do HTTP/1.1" 302 -
172.16.3.5 - - [20/Apr/2026:17:03:08 +0200] "GET /rhn/channels/manage/repos/RepoEdit.do?id=521 HTTP/1.1" 200 42068
172.16.3.5 - - [20/Apr/2026:17:03:08 +0200] "POST /rhn/manager/frontend-log HTTP/1.1" 200 16
127.0.0.1 - - [20/Apr/2026:17:03:08 +0200] "GET /rhn/websocket/notifications HTTP/1.1" 101 -
172.16.3.5 - - [20/Apr/2026:17:03:08 +0200] "POST /rhn/manager/frontend-log HTTP/1.1" 200 16
127.0.0.1 - - [20/Apr/2026:17:03:08 +0200] "GET /rhn/websocket/notifications HTTP/1.1" 101 -
172.16.3.5 - - [20/Apr/2026:17:03:09 +0200] "GET /rhn/channels/manage/Manage.do HTTP/1.1" 200 48873
127.0.0.1 - - [20/Apr/2026:17:03:09 +0200] "GET /rhn/websocket/notifications HTTP/1.1" 101 -
172.16.3.5 - - [20/Apr/2026:17:03:09 +0200] "POST /rhn/manager/frontend-log HTTP/1.1" 200 16
172.16.3.5 - - [20/Apr/2026:17:03:09 +0200] "GET /rhn/channels/manage/Edit.do?cid=123 HTTP/1.1" 200 55844
127.0.0.1 - - [20/Apr/2026:17:03:09 +0200] "GET /rhn/websocket/notifications HTTP/1.1" 101 -
172.16.3.5 - - [20/Apr/2026:17:03:09 +0200] "POST /rhn/manager/frontend-log HTTP/1.1" 200 16
172.16.3.5 - - [20/Apr/2026:17:03:10 +0200] "POST /rhn/channels/manage/Edit.do HTTP/1.1" 302 -
172.16.3.5 - - [20/Apr/2026:17:03:10 +0200] "GET /rhn/channels/manage/Edit.do?cid=123 HTTP/1.1" 200 56018
172.16.3.5 - - [20/Apr/2026:17:03:10 +0200] "POST /rhn/manager/frontend-log HTTP/1.1" 200 16
127.0.0.1 - - [20/Apr/2026:17:03:10 +0200] "GET /rhn/websocket/notifications HTTP/1.1" 101 -
172.16.3.5 - - [20/Apr/2026:17:03:10 +0200] "POST /rhn/manager/frontend-log HTTP/1.1" 200 16
127.0.0.1 - - [20/Apr/2026:17:03:10 +0200] "GET /rhn/websocket/notifications HTTP/1.1" 101 -
172.16.3.5 - - [20/Apr/2026:17:03:10 +0200] "GET /rhn/channels/manage/Repositories.do?cid=123 HTTP/1.1" 200 46787
127.0.0.1 - - [20/Apr/2026:17:03:11 +0200] "GET /rhn/websocket/notifications HTTP/1.1" 101 -
172.16.3.5 - - [20/Apr/2026:17:03:11 +0200] "POST /rhn/manager/frontend-log HTTP/1.1" 200 16
172.16.3.5 - - [20/Apr/2026:17:03:11 +0200] "POST /rhn/ajax/item-selector HTTP/1.1" 200 35
172.16.3.5 - - [20/Apr/2026:17:03:11 +0200] "POST /rhn/channels/manage/Repositories.do?cid=123 HTTP/1.1" 302 -
::1 - - [20/Apr/2026:17:03:11 +0200] "GET /rhn/manager/login HTTP/1.1" 302 -
172.16.3.5 - - [20/Apr/2026:17:03:11 +0200] "GET /rhn/channels/manage/Repositories.do?cid=123 HTTP/1.1" 200 47343
172.16.3.5 - - [20/Apr/2026:17:03:11 +0200] "POST /rhn/manager/frontend-log HTTP/1.1" 200 16
127.0.0.1 - - [20/Apr/2026:17:03:11 +0200] "GET /rhn/websocket/notifications HTTP/1.1" 101 -
172.16.3.5 - - [20/Apr/2026:17:03:11 +0200] "GET /rhn/channels/manage/Manage.do HTTP/1.1" 200 48873
127.0.0.1 - - [20/Apr/2026:17:03:12 +0200] "GET /rhn/websocket/notifications HTTP/1.1" 101 -
172.16.3.5 - - [20/Apr/2026:17:03:12 +0200] "POST /rhn/manager/frontend-log HTTP/1.1" 200 16
172.16.3.5 - - [20/Apr/2026:17:03:12 +0200] "GET /rhn/channels/manage/Edit.do?cid=127 HTTP/1.1" 200 55866
127.0.0.1 - - [20/Apr/2026:17:03:12 +0200] "GET /rhn/websocket/notifications HTTP/1.1" 101 -
172.16.3.5 - - [20/Apr/2026:17:03:12 +0200] "POST /rhn/manager/frontend-log HTTP/1.1" 200 16
172.16.3.5 - - [20/Apr/2026:17:03:12 +0200] "POST /rhn/channels/manage/Edit.do HTTP/1.1" 302 -
172.16.3.5 - - [20/Apr/2026:17:03:13 +0200] "GET /rhn/channels/manage/Edit.do?cid=127 HTTP/1.1" 200 56044
172.16.3.5 - - [20/Apr/2026:17:03:13 +0200] "POST /rhn/manager/frontend-log HTTP/1.1" 200 16
127.0.0.1 - - [20/Apr/2026:17:03:13 +0200] "GET /rhn/websocket/notifications HTTP/1.1" 101 -
172.16.3.5 - - [20/Apr/2026:17:03:13 +0200] "POST /rhn/manager/frontend-log HTTP/1.1" 200 16
172.16.3.5 - - [20/Apr/2026:17:03:13 +0200] "GET /rhn/channels/manage/Repositories.do?cid=127 HTTP/1.1" 200 46791
127.0.0.1 - - [20/Apr/2026:17:03:13 +0200] "GET /rhn/websocket/notifications HTTP/1.1" 101 -
172.16.3.5 - - [20/Apr/2026:17:03:14 +0200] "POST /rhn/ajax/item-selector HTTP/1.1" 200 35
172.16.3.5 - - [20/Apr/2026:17:03:14 +0200] "POST /rhn/manager/frontend-log HTTP/1.1" 200 16
172.16.3.5 - - [20/Apr/2026:17:03:14 +0200] "POST /rhn/channels/manage/Repositories.do?cid=127 HTTP/1.1" 302 -
172.16.3.5 - - [20/Apr/2026:17:03:14 +0200] "GET /rhn/channels/manage/Repositories.do?cid=127 HTTP/1.1" 200 47351
127.0.0.1 - - [20/Apr/2026:17:03:15 +0200] "GET /rhn/websocket/notifications HTTP/1.1" 101 -
172.16.3.5 - - [20/Apr/2026:17:03:15 +0200] "POST /rhn/manager/frontend-log HTTP/1.1" 200 16
::1 - - [20/Apr/2026:17:03:15 +0200] "GET /rhn/errors/404.jsp HTTP/1.1" 404 4500
172.16.3.5 - - [20/Apr/2026:17:03:15 +0200] "GET /rhn/channels/manage/Manage.do HTTP/1.1" 200 48873
127.0.0.1 - - [20/Apr/2026:17:03:15 +0200] "GET /rhn/websocket/notifications HTTP/1.1" 101 -
172.16.3.5 - - [20/Apr/2026:17:03:15 +0200] "POST /rhn/manager/frontend-log HTTP/1.1" 200 16
172.16.3.5 - - [20/Apr/2026:17:03:15 +0200] "GET /rhn/channels/manage/Edit.do?cid=129 HTTP/1.1" 200 55822
127.0.0.1 - - [20/Apr/2026:17:03:15 +0200] "GET /rhn/websocket/notifications HTTP/1.1" 101 -
172.16.3.5 - - [20/Apr/2026:17:03:15 +0200] "POST /rhn/manager/frontend-log HTTP/1.1" 200 16
172.16.3.5 - - [20/Apr/2026:17:03:16 +0200] "POST /rhn/channels/manage/Edit.do HTTP/1.1" 302 -
172.16.3.5 - - [20/Apr/2026:17:03:16 +0200] "GET /rhn/channels/manage/Edit.do?cid=129 HTTP/1.1" 200 56000
172.16.3.5 - - [20/Apr/2026:17:03:16 +0200] "POST /rhn/manager/frontend-log HTTP/1.1" 200 16
127.0.0.1 - - [20/Apr/2026:17:03:16 +0200] "GET /rhn/websocket/notifications HTTP/1.1" 101 -
172.16.3.5 - - [20/Apr/2026:17:03:16 +0200] "POST /rhn/manager/frontend-log HTTP/1.1" 200 16
127.0.0.1 - - [20/Apr/2026:17:03:16 +0200] "GET /rhn/websocket/notifications HTTP/1.1" 101 -
172.16.3.5 - - [20/Apr/2026:17:03:16 +0200] "GET /rhn/channels/manage/Repositories.do?cid=129 HTTP/1.1" 200 46791
127.0.0.1 - - [20/Apr/2026:17:03:17 +0200] "GET /rhn/websocket/notifications HTTP/1.1" 101 -
172.16.3.5 - - [20/Apr/2026:17:03:17 +0200] "POST /rhn/manager/frontend-log HTTP/1.1" 200 16
172.16.3.5 - - [20/Apr/2026:17:03:17 +0200] "POST /rhn/ajax/item-selector HTTP/1.1" 200 35
::1 - - [20/Apr/2026:17:03:17 +0200] "GET /rhn/errors/404.jsp HTTP/1.1" 404 4500
172.16.3.5 - - [20/Apr/2026:17:03:17 +0200] "POST /rhn/channels/manage/Repositories.do?cid=129 HTTP/1.1" 302 -
172.16.3.5 - - [20/Apr/2026:17:03:18 +0200] "GET /rhn/channels/manage/Repositories.do?cid=129 HTTP/1.1" 200 47351
172.16.3.5 - - [20/Apr/2026:17:03:18 +0200] "POST /rhn/manager/frontend-log HTTP/1.1" 200 16
127.0.0.1 - - [20/Apr/2026:17:03:18 +0200] "GET /rhn/websocket/notifications HTTP/1.1" 101 -
172.16.3.5 - - [20/Apr/2026:17:03:18 +0200] "GET /rhn/channels/manage/Manage.do HTTP/1.1" 200 48874
127.0.0.1 - - [20/Apr/2026:17:03:18 +0200] "GET /rhn/websocket/notifications HTTP/1.1" 101 -
172.16.3.5 - - [20/Apr/2026:17:03:18 +0200] "POST /rhn/manager/frontend-log HTTP/1.1" 200 16
172.16.3.5 - - [20/Apr/2026:17:03:18 +0200] "GET /rhn/channels/manage/Edit.do?cid=130 HTTP/1.1" 200 55839
127.0.0.1 - - [20/Apr/2026:17:03:18 +0200] "GET /rhn/websocket/notifications HTTP/1.1" 101 -
172.16.3.5 - - [20/Apr/2026:17:03:19 +0200] "POST /rhn/manager/frontend-log HTTP/1.1" 200 16
172.16.3.5 - - [20/Apr/2026:17:03:19 +0200] "POST /rhn/channels/manage/Edit.do HTTP/1.1" 302 -
172.16.3.5 - - [20/Apr/2026:17:03:19 +0200] "GET /rhn/channels/manage/Edit.do?cid=130 HTTP/1.1" 200 56019
172.16.3.5 - - [20/Apr/2026:17:03:19 +0200] "POST /rhn/manager/frontend-log HTTP/1.1" 200 16
127.0.0.1 - - [20/Apr/2026:17:03:19 +0200] "GET /rhn/websocket/notifications HTTP/1.1" 101 -
172.16.3.5 - - [20/Apr/2026:17:03:19 +0200] "POST /rhn/manager/frontend-log HTTP/1.1" 200 16
127.0.0.1 - - [20/Apr/2026:17:03:19 +0200] "GET /rhn/websocket/notifications HTTP/1.1" 101 -
172.16.3.5 - - [20/Apr/2026:17:03:19 +0200] "GET /rhn/channels/manage/Repositories.do?cid=130 HTTP/1.1" 200 46793
172.16.3.5 - - [20/Apr/2026:17:03:20 +0200] "POST /rhn/manager/frontend-log HTTP/1.1" 200 16
127.0.0.1 - - [20/Apr/2026:17:03:20 +0200] "GET /rhn/websocket/notifications HTTP/1.1" 101 -
172.16.3.5 - - [20/Apr/2026:17:03:20 +0200] "POST /rhn/ajax/item-selector HTTP/1.1" 200 35
172.16.3.5 - - [20/Apr/2026:17:03:21 +0200] "POST /rhn/channels/manage/Repositories.do?cid=130 HTTP/1.1" 302 -
172.16.3.5 - - [20/Apr/2026:17:03:21 +0200] "GET /rhn/channels/manage/Repositories.do?cid=130 HTTP/1.1" 200 47355
172.16.3.5 - - [20/Apr/2026:17:03:21 +0200] "POST /rhn/manager/frontend-log HTTP/1.1" 200 16
127.0.0.1 - - [20/Apr/2026:17:03:21 +0200] "GET /rhn/websocket/notifications HTTP/1.1" 101 -
172.16.3.5 - - [20/Apr/2026:17:03:21 +0200] "GET /rhn/channels/manage/repos/RepoList.do HTTP/1.1" 200 42947
172.16.3.5 - - [20/Apr/2026:17:03:21 +0200] "POST /rhn/manager/frontend-log HTTP/1.1" 200 16
127.0.0.1 - - [20/Apr/2026:17:03:22 +0200] "GET /rhn/websocket/notifications HTTP/1.1" 101 -
172.16.3.5 - - [20/Apr/2026:17:03:22 +0200] "GET /rhn/channels/manage/repos/RepoCreate.do HTTP/1.1" 200 41427
127.0.0.1 - - [20/Apr/2026:17:03:22 +0200] "GET /rhn/websocket/notifications HTTP/1.1" 101 -
172.16.3.5 - - [20/Apr/2026:17:03:22 +0200] "POST /rhn/manager/frontend-log HTTP/1.1" 200 16
::1 - - [20/Apr/2026:17:03:24 +0200] "GET /rhn/errors/404.jsp HTTP/1.1" 404 4500
::1 - - [20/Apr/2026:17:03:25 +0200] "GET /rhn/errors/404.jsp HTTP/1.1" 404 4500
::1 - - [20/Apr/2026:17:03:26 +0200] "GET /rhn/manager/login HTTP/1.1" 302 -
172.16.3.5 - - [20/Apr/2026:17:03:32 +0200] "POST /rhn/channels/manage/repos/RepoCreate.do HTTP/1.1" 302 -
172.16.3.5 - - [20/Apr/2026:17:03:32 +0200] "GET /rhn/channels/manage/repos/RepoEdit.do?id=522 HTTP/1.1" 200 42065
172.16.3.5 - - [20/Apr/2026:17:03:32 +0200] "POST /rhn/manager/frontend-log HTTP/1.1" 200 16
127.0.0.1 - - [20/Apr/2026:17:03:33 +0200] "GET /rhn/websocket/notifications HTTP/1.1" 101 -
172.16.3.5 - - [20/Apr/2026:17:03:33 +0200] "POST /rhn/manager/frontend-log HTTP/1.1" 200 16
127.0.0.1 - - [20/Apr/2026:17:03:33 +0200] "GET /rhn/websocket/notifications HTTP/1.1" 101 -
172.16.3.5 - - [20/Apr/2026:17:03:33 +0200] "GET /rhn/channels/manage/Manage.do HTTP/1.1" 200 48874
127.0.0.1 - - [20/Apr/2026:17:03:33 +0200] "GET /rhn/websocket/notifications HTTP/1.1" 101 -
172.16.3.5 - - [20/Apr/2026:17:03:33 +0200] "POST /rhn/manager/frontend-log HTTP/1.1" 200 16
172.16.3.5 - - [20/Apr/2026:17:03:33 +0200] "GET /rhn/channels/manage/Edit.do?cid=125 HTTP/1.1" 200 55832
127.0.0.1 - - [20/Apr/2026:17:03:33 +0200] "GET /rhn/websocket/notifications HTTP/1.1" 101 -
172.16.3.5 - - [20/Apr/2026:17:03:33 +0200] "POST /rhn/manager/frontend-log HTTP/1.1" 200 16
172.16.3.5 - - [20/Apr/2026:17:03:34 +0200] "POST /rhn/channels/manage/Edit.do HTTP/1.1" 302 -
172.16.3.5 - - [20/Apr/2026:17:03:34 +0200] "GET /rhn/channels/manage/Edit.do?cid=125 HTTP/1.1" 200 56008
172.16.3.5 - - [20/Apr/2026:17:03:34 +0200] "POST /rhn/manager/frontend-log HTTP/1.1" 200 16
127.0.0.1 - - [20/Apr/2026:17:03:34 +0200] "GET /rhn/websocket/notifications HTTP/1.1" 101 -
172.16.3.5 - - [20/Apr/2026:17:03:34 +0200] "POST /rhn/manager/frontend-log HTTP/1.1" 200 16
127.0.0.1 - - [20/Apr/2026:17:03:34 +0200] "GET /rhn/websocket/notifications HTTP/1.1" 101 -
172.16.3.5 - - [20/Apr/2026:17:03:34 +0200] "GET /rhn/channels/manage/Repositories.do?cid=125 HTTP/1.1" 200 47459
127.0.0.1 - - [20/Apr/2026:17:03:34 +0200] "GET /rhn/websocket/notifications HTTP/1.1" 101 -
172.16.3.5 - - [20/Apr/2026:17:03:34 +0200] "POST /rhn/manager/frontend-log HTTP/1.1" 200 16
172.16.3.5 - - [20/Apr/2026:17:03:35 +0200] "POST /rhn/ajax/item-selector HTTP/1.1" 200 35
172.16.3.5 - - [20/Apr/2026:17:03:35 +0200] "POST /rhn/channels/manage/Repositories.do?cid=125 HTTP/1.1" 302 -
172.16.3.5 - - [20/Apr/2026:17:03:35 +0200] "GET /rhn/channels/manage/Repositories.do?cid=125 HTTP/1.1" 200 48017
172.16.3.5 - - [20/Apr/2026:17:03:35 +0200] "POST /rhn/manager/frontend-log HTTP/1.1" 200 16
127.0.0.1 - - [20/Apr/2026:17:03:35 +0200] "GET /rhn/websocket/notifications HTTP/1.1" 101 -
172.16.3.5 - - [20/Apr/2026:17:03:35 +0200] "GET /rhn/channels/manage/Manage.do HTTP/1.1" 200 48874
127.0.0.1 - - [20/Apr/2026:17:03:36 +0200] "GET /rhn/websocket/notifications HTTP/1.1" 101 -
172.16.3.5 - - [20/Apr/2026:17:03:36 +0200] "POST /rhn/manager/frontend-log HTTP/1.1" 200 16
172.16.3.5 - - [20/Apr/2026:17:03:36 +0200] "GET /rhn/channels/manage/Edit.do?cid=122 HTTP/1.1" 200 55856
127.0.0.1 - - [20/Apr/2026:17:03:36 +0200] "GET /rhn/websocket/notifications HTTP/1.1" 101 -
172.16.3.5 - - [20/Apr/2026:17:03:36 +0200] "POST /rhn/manager/frontend-log HTTP/1.1" 200 16
172.16.3.5 - - [20/Apr/2026:17:03:36 +0200] "GET /rhn/channels/manage/Repositories.do?cid=122 HTTP/1.1" 200 47464
127.0.0.1 - - [20/Apr/2026:17:03:36 +0200] "GET /rhn/websocket/notifications HTTP/1.1" 101 -
172.16.3.5 - - [20/Apr/2026:17:03:37 +0200] "POST /rhn/ajax/item-selector HTTP/1.1" 200 35
172.16.3.5 - - [20/Apr/2026:17:03:37 +0200] "POST /rhn/manager/frontend-log HTTP/1.1" 200 16
172.16.3.5 - - [20/Apr/2026:17:03:37 +0200] "POST /rhn/channels/manage/Repositories.do?cid=122 HTTP/1.1" 302 -
172.16.3.5 - - [20/Apr/2026:17:03:38 +0200] "GET /rhn/channels/manage/Repositories.do?cid=122 HTTP/1.1" 200 48027
127.0.0.1 - - [20/Apr/2026:17:03:38 +0200] "GET /rhn/websocket/notifications HTTP/1.1" 101 -
172.16.3.5 - - [20/Apr/2026:17:03:38 +0200] "POST /rhn/manager/frontend-log HTTP/1.1" 200 16
172.16.3.5 - - [20/Apr/2026:17:03:38 +0200] "GET /rhn/channels/manage/repos/RepoList.do HTTP/1.1" 200 43309
127.0.0.1 - - [20/Apr/2026:17:03:38 +0200] "GET /rhn/websocket/notifications HTTP/1.1" 101 -
172.16.3.5 - - [20/Apr/2026:17:03:38 +0200] "POST /rhn/manager/frontend-log HTTP/1.1" 200 16
172.16.3.5 - - [20/Apr/2026:17:03:39 +0200] "GET /rhn/channels/manage/repos/RepoCreate.do HTTP/1.1" 200 41427
127.0.0.1 - - [20/Apr/2026:17:03:39 +0200] "GET /rhn/websocket/notifications HTTP/1.1" 101 -
172.16.3.5 - - [20/Apr/2026:17:03:39 +0200] "POST /rhn/manager/frontend-log HTTP/1.1" 200 16
172.16.3.5 - - [20/Apr/2026:17:03:39 +0200] "POST /rhn/channels/manage/repos/RepoCreate.do HTTP/1.1" 302 -
172.16.3.5 - - [20/Apr/2026:17:03:40 +0200] "GET /rhn/channels/manage/repos/RepoEdit.do?id=523 HTTP/1.1" 200 42081
172.16.3.5 - - [20/Apr/2026:17:03:40 +0200] "POST /rhn/manager/frontend-log HTTP/1.1" 200 16
127.0.0.1 - - [20/Apr/2026:17:03:40 +0200] "GET /rhn/websocket/notifications HTTP/1.1" 101 -
172.16.3.5 - - [20/Apr/2026:17:03:40 +0200] "POST /rhn/manager/frontend-log HTTP/1.1" 200 16
172.16.3.5 - - [20/Apr/2026:17:03:40 +0200] "GET /rhn/channels/manage/Manage.do HTTP/1.1" 200 48875
172.16.3.5 - - [20/Apr/2026:17:03:41 +0200] "POST /rhn/manager/frontend-log HTTP/1.1" 200 16
127.0.0.1 - - [20/Apr/2026:17:03:41 +0200] "GET /rhn/websocket/notifications HTTP/1.1" 101 -
172.16.3.5 - - [20/Apr/2026:17:03:41 +0200] "GET /rhn/channels/manage/Edit.do?cid=128 HTTP/1.1" 200 55788
172.16.3.5 - - [20/Apr/2026:17:03:41 +0200] "POST /rhn/manager/frontend-log HTTP/1.1" 200 16
127.0.0.1 - - [20/Apr/2026:17:03:41 +0200] "GET /rhn/websocket/notifications HTTP/1.1" 101 -
172.16.3.5 - - [20/Apr/2026:17:03:41 +0200] "GET /rhn/channels/manage/Repositories.do?cid=128 HTTP/1.1" 200 48136
127.0.0.1 - - [20/Apr/2026:17:03:41 +0200] "GET /rhn/websocket/notifications HTTP/1.1" 101 -
172.16.3.5 - - [20/Apr/2026:17:03:41 +0200] "POST /rhn/manager/frontend-log HTTP/1.1" 200 16
172.16.3.5 - - [20/Apr/2026:17:03:42 +0200] "POST /rhn/ajax/item-selector HTTP/1.1" 200 35
172.16.3.5 - - [20/Apr/2026:17:03:42 +0200] "POST /rhn/channels/manage/Repositories.do?cid=128 HTTP/1.1" 302 -
172.16.3.5 - - [20/Apr/2026:17:03:42 +0200] "GET /rhn/channels/manage/Repositories.do?cid=128 HTTP/1.1" 200 48700
127.0.0.1 - - [20/Apr/2026:17:03:42 +0200] "GET /rhn/websocket/notifications HTTP/1.1" 101 -
172.16.3.5 - - [20/Apr/2026:17:03:42 +0200] "POST /rhn/manager/frontend-log HTTP/1.1" 200 16
172.16.3.5 - - [20/Apr/2026:17:03:42 +0200] "GET /rhn/manager/login HTTP/1.1" 302 -
::1 - - [20/Apr/2026:17:03:42 +0200] "GET /rhn/manager/login HTTP/1.1" 302 -
172.16.3.5 - - [20/Apr/2026:17:03:43 +0200] "GET /rhn/YourRhn.do HTTP/1.1" 200 38966
172.16.3.5 - - [20/Apr/2026:17:03:43 +0200] "POST /rhn/manager/frontend-log HTTP/1.1" 200 16
::1 - - [20/Apr/2026:17:03:43 +0200] "GET /rhn/errors/404.jsp HTTP/1.1" 404 4500
::1 - - [20/Apr/2026:17:03:43 +0200] "GET /rhn/errors/404.jsp HTTP/1.1" 404 4500
::1 - - [20/Apr/2026:17:03:43 +0200] "GET /rhn/errors/404.jsp HTTP/1.1" 404 4500
::1 - - [20/Apr/2026:17:03:43 +0200] "GET /rhn/errors/404.jsp HTTP/1.1" 404 4500
172.16.3.5 - - [20/Apr/2026:17:03:43 +0200] "POST /rhn/ajax/subscription-warning HTTP/1.1" 200 -
127.0.0.1 - - [20/Apr/2026:17:03:43 +0200] "GET /rhn/websocket/notifications HTTP/1.1" 101 -
172.16.3.5 - - [20/Apr/2026:17:03:43 +0200] "POST /rhn/ajax/pending-actions HTTP/1.1" 200 636
172.16.3.5 - - [20/Apr/2026:17:03:43 +0200] "POST /rhn/ajax/inactive-systems HTTP/1.1" 200 540
172.16.3.5 - - [20/Apr/2026:17:03:43 +0200] "POST /rhn/ajax/critical-systems HTTP/1.1" 200 2025
172.16.3.5 - - [20/Apr/2026:17:03:43 +0200] "POST /rhn/ajax/latest-errata HTTP/1.1" 200 539
172.16.3.5 - - [20/Apr/2026:17:03:43 +0200] "POST /rhn/ajax/disk-check-warning HTTP/1.1" 200 -
172.16.3.5 - - [20/Apr/2026:17:03:43 +0200] "POST /rhn/ajax/tasks HTTP/1.1" 200 2232
172.16.3.5 - - [20/Apr/2026:17:03:43 +0200] "POST /rhn/ajax/systems-groups HTTP/1.1" 200 1490
172.16.3.5 - - [20/Apr/2026:17:03:43 +0200] "POST /rhn/manager/frontend-log HTTP/1.1" 200 16
172.16.3.5 - - [20/Apr/2026:17:03:43 +0200] "POST /rhn/ajax/recent-systems HTTP/1.1" 200 2058
172.16.3.5 - - [20/Apr/2026:17:03:43 +0200] "GET /rhn/channels/manage/Manage.do HTTP/1.1" 200 48875
127.0.0.1 - - [20/Apr/2026:17:03:44 +0200] "GET /rhn/websocket/notifications HTTP/1.1" 101 -
172.16.3.5 - - [20/Apr/2026:17:03:44 +0200] "POST /rhn/manager/frontend-log HTTP/1.1" 200 16
172.16.3.5 - - [20/Apr/2026:17:03:44 +0200] "GET /rhn/channels/manage/Edit.do HTTP/1.1" 200 55889
127.0.0.1 - - [20/Apr/2026:17:03:44 +0200] "GET /rhn/websocket/notifications HTTP/1.1" 101 -
172.16.3.5 - - [20/Apr/2026:17:03:44 +0200] "POST /rhn/manager/frontend-log HTTP/1.1" 200 16
172.16.3.5 - - [20/Apr/2026:17:03:45 +0200] "POST /rhn/channels/manage/Edit.do HTTP/1.1" 302 -
172.16.3.5 - - [20/Apr/2026:17:03:45 +0200] "GET /rhn/channels/manage/Edit.do?cid=131 HTTP/1.1" 200 55949
172.16.3.5 - - [20/Apr/2026:17:03:45 +0200] "POST /rhn/manager/frontend-log HTTP/1.1" 200 16
127.0.0.1 - - [20/Apr/2026:17:03:45 +0200] "GET /rhn/websocket/notifications HTTP/1.1" 101 -
172.16.3.5 - - [20/Apr/2026:17:03:45 +0200] "POST /rhn/manager/frontend-log HTTP/1.1" 200 16
127.0.0.1 - - [20/Apr/2026:17:03:45 +0200] "GET /rhn/websocket/notifications HTTP/1.1" 101 -
172.16.3.5 - - [20/Apr/2026:17:03:50 +0200] "POST /rhn/manager/api/auth/login HTTP/1.1" 200 16
172.16.3.5 - - [20/Apr/2026:17:03:50 +0200] "GET /rhn/manager/api/channel/software/listUserRepos HTTP/1.1" 200 1435
172.16.3.5 - - [20/Apr/2026:17:03:50 +0200] "GET /rhn/manager/api/auth/logout HTTP/1.1" 200 16
::1 - - [20/Apr/2026:17:03:50 +0200] "GET /rhn/errors/404.jsp HTTP/1.1" 404 4500
172.16.3.5 - - [20/Apr/2026:17:03:50 +0200] "POST /rhn/manager/api/auth/login HTTP/1.1" 200 16
172.16.3.5 - - [20/Apr/2026:17:03:50 +0200] "POST /rhn/manager/api/channel/software/createRepo HTTP/1.1" 200 314
172.16.3.5 - - [20/Apr/2026:17:03:50 +0200] "GET /rhn/manager/api/auth/logout HTTP/1.1" 200 16
172.16.3.5 - - [20/Apr/2026:17:03:51 +0200] "POST /rhn/manager/api/auth/login HTTP/1.1" 200 16
::1 - - [20/Apr/2026:17:03:51 +0200] "GET /rhn/errors/404.jsp HTTP/1.1" 404 4500
172.16.3.5 - - [20/Apr/2026:17:03:51 +0200] "POST /rhn/manager/api/channel/software/associateRepo HTTP/1.1" 200 895
172.16.3.5 - - [20/Apr/2026:17:03:51 +0200] "GET /rhn/manager/api/auth/logout HTTP/1.1" 200 16
172.16.3.5 - - [20/Apr/2026:17:03:51 +0200] "POST /rhn/manager/api/auth/login HTTP/1.1" 200 16
172.16.3.5 - - [20/Apr/2026:17:03:51 +0200] "GET /rhn/manager/api/channel/software/listUserRepos HTTP/1.1" 200 1662
172.16.3.5 - - [20/Apr/2026:17:03:52 +0200] "GET /rhn/manager/api/auth/logout HTTP/1.1" 200 16
172.16.3.5 - - [20/Apr/2026:17:03:52 +0200] "POST /rhn/manager/api/auth/login HTTP/1.1" 200 16
172.16.3.5 - - [20/Apr/2026:17:03:52 +0200] "POST /rhn/manager/api/channel/software/createRepo HTTP/1.1" 200 276
172.16.3.5 - - [20/Apr/2026:17:03:52 +0200] "GET /rhn/manager/api/auth/logout HTTP/1.1" 200 16
172.16.3.5 - - [20/Apr/2026:17:03:52 +0200] "POST /rhn/manager/api/auth/login HTTP/1.1" 200 16
172.16.3.5 - - [20/Apr/2026:17:03:53 +0200] "POST /rhn/manager/api/channel/software/associateRepo HTTP/1.1" 200 1146
172.16.3.5 - - [20/Apr/2026:17:03:53 +0200] "GET /rhn/manager/api/auth/logout HTTP/1.1" 200 16
172.16.3.5 - - [20/Apr/2026:17:03:53 +0200] "GET /rhn/channels/manage/Manage.do HTTP/1.1" 200 49507
127.0.0.1 - - [20/Apr/2026:17:03:53 +0200] "GET /rhn/websocket/notifications HTTP/1.1" 101 -
172.16.3.5 - - [20/Apr/2026:17:03:53 +0200] "POST /rhn/manager/frontend-log HTTP/1.1" 200 16
172.16.3.5 - - [20/Apr/2026:17:03:54 +0200] "GET /rhn/channels/manage/Edit.do HTTP/1.1" 200 55889
172.16.3.5 - - [20/Apr/2026:17:03:54 +0200] "POST /rhn/manager/frontend-log HTTP/1.1" 200 16
127.0.0.1 - - [20/Apr/2026:17:03:54 +0200] "GET /rhn/websocket/notifications HTTP/1.1" 101 -
172.16.3.5 - - [20/Apr/2026:17:03:54 +0200] "POST /rhn/channels/manage/Edit.do HTTP/1.1" 302 -
172.16.3.5 - - [20/Apr/2026:17:03:55 +0200] "GET /rhn/channels/manage/Edit.do?cid=132 HTTP/1.1" 200 55995
172.16.3.5 - - [20/Apr/2026:17:03:55 +0200] "POST /rhn/manager/frontend-log HTTP/1.1" 200 16
172.16.3.5 - - [20/Apr/2026:17:03:55 +0200] "POST /rhn/manager/frontend-log HTTP/1.1" 200 16
127.0.0.1 - - [20/Apr/2026:17:03:55 +0200] "GET /rhn/websocket/notifications HTTP/1.1" 101 -
127.0.0.1 - - [20/Apr/2026:17:03:55 +0200] "GET /rhn/websocket/notifications HTTP/1.1" 101 -
::1 - - [20/Apr/2026:17:03:58 +0200] "GET /rhn/manager/login HTTP/1.1" 302 -
172.16.3.5 - - [20/Apr/2026:17:03:58 +0200] "POST /rhn/manager/api/auth/login HTTP/1.1" 200 16
172.16.3.5 - - [20/Apr/2026:17:03:58 +0200] "GET /rhn/manager/api/channel/software/listUserRepos HTTP/1.1" 200 1851
172.16.3.5 - - [20/Apr/2026:17:03:58 +0200] "GET /rhn/manager/api/auth/logout HTTP/1.1" 200 16
172.16.3.5 - - [20/Apr/2026:17:03:58 +0200] "POST /rhn/manager/api/auth/login HTTP/1.1" 200 16
172.16.3.5 - - [20/Apr/2026:17:03:58 +0200] "POST /rhn/manager/api/channel/software/associateRepo HTTP/1.1" 200 883
172.16.3.5 - - [20/Apr/2026:17:03:58 +0200] "GET /rhn/manager/api/auth/logout HTTP/1.1" 200 16
172.16.3.5 - - [20/Apr/2026:17:03:59 +0200] "POST /rhn/manager/api/auth/login HTTP/1.1" 200 16
172.16.3.5 - - [20/Apr/2026:17:03:59 +0200] "GET /rhn/manager/api/channel/software/listUserRepos HTTP/1.1" 200 1851
172.16.3.5 - - [20/Apr/2026:17:03:59 +0200] "GET /rhn/manager/api/auth/logout HTTP/1.1" 200 16
172.16.3.5 - - [20/Apr/2026:17:03:59 +0200] "POST /rhn/manager/api/auth/login HTTP/1.1" 200 16
172.16.3.5 - - [20/Apr/2026:17:03:59 +0200] "POST /rhn/manager/api/channel/software/associateRepo HTTP/1.1" 200 883
172.16.3.5 - - [20/Apr/2026:17:03:59 +0200] "GET /rhn/manager/api/auth/logout HTTP/1.1" 200 16
172.16.3.5 - - [20/Apr/2026:17:03:59 +0200] "GET /rhn/channels/manage/Manage.do HTTP/1.1" 200 50145
127.0.0.1 - - [20/Apr/2026:17:04:00 +0200] "GET /rhn/websocket/notifications HTTP/1.1" 101 -
172.16.3.5 - - [20/Apr/2026:17:04:00 +0200] "POST /rhn/manager/frontend-log HTTP/1.1" 200 16
172.16.3.5 - - [20/Apr/2026:17:04:00 +0200] "GET /rhn/channels/manage/Edit.do HTTP/1.1" 200 55889
127.0.0.1 - - [20/Apr/2026:17:04:01 +0200] "GET /rhn/websocket/notifications HTTP/1.1" 101 -
172.16.3.5 - - [20/Apr/2026:17:04:01 +0200] "POST /rhn/manager/frontend-log HTTP/1.1" 200 16
172.16.3.5 - - [20/Apr/2026:17:04:01 +0200] "POST /rhn/channels/manage/Edit.do HTTP/1.1" 302 -
172.16.3.5 - - [20/Apr/2026:17:04:01 +0200] "GET /rhn/channels/manage/Edit.do?cid=133 HTTP/1.1" 200 56007
172.16.3.5 - - [20/Apr/2026:17:04:02 +0200] "POST /rhn/manager/frontend-log HTTP/1.1" 200 16
127.0.0.1 - - [20/Apr/2026:17:04:02 +0200] "GET /rhn/websocket/notifications HTTP/1.1" 101 -
172.16.3.5 - - [20/Apr/2026:17:04:02 +0200] "POST /rhn/manager/frontend-log HTTP/1.1" 200 16
127.0.0.1 - - [20/Apr/2026:17:04:02 +0200] "GET /rhn/websocket/notifications HTTP/1.1" 101 -
172.16.3.5 - - [20/Apr/2026:17:04:06 +0200] "POST /rhn/manager/api/auth/login HTTP/1.1" 200 16
172.16.3.5 - - [20/Apr/2026:17:04:07 +0200] "GET /rhn/manager/api/channel/software/listUserRepos HTTP/1.1" 200 1851
172.16.3.5 - - [20/Apr/2026:17:04:07 +0200] "GET /rhn/manager/api/auth/logout HTTP/1.1" 200 16
172.16.3.5 - - [20/Apr/2026:17:04:07 +0200] "POST /rhn/manager/api/auth/login HTTP/1.1" 200 16
172.16.3.5 - - [20/Apr/2026:17:04:07 +0200] "POST /rhn/manager/api/channel/software/createRepo HTTP/1.1" 200 303
172.16.3.5 - - [20/Apr/2026:17:04:07 +0200] "GET /rhn/manager/api/auth/logout HTTP/1.1" 200 16
172.16.3.5 - - [20/Apr/2026:17:04:07 +0200] "POST /rhn/manager/api/auth/login HTTP/1.1" 200 16
172.16.3.5 - - [20/Apr/2026:17:04:08 +0200] "POST /rhn/manager/api/channel/software/associateRepo HTTP/1.1" 200 915
172.16.3.5 - - [20/Apr/2026:17:04:08 +0200] "GET /rhn/manager/api/auth/logout HTTP/1.1" 200 16
172.16.3.5 - - [20/Apr/2026:17:04:08 +0200] "POST /rhn/manager/api/auth/login HTTP/1.1" 200 16
172.16.3.5 - - [20/Apr/2026:17:04:08 +0200] "GET /rhn/manager/api/channel/software/listUserRepos HTTP/1.1" 200 2067
172.16.3.5 - - [20/Apr/2026:17:04:08 +0200] "GET /rhn/manager/api/auth/logout HTTP/1.1" 200 16
172.16.3.5 - - [20/Apr/2026:17:04:08 +0200] "POST /rhn/manager/api/auth/login HTTP/1.1" 200 16
172.16.3.5 - - [20/Apr/2026:17:04:09 +0200] "POST /rhn/manager/api/channel/software/associateRepo HTTP/1.1" 200 1166
172.16.3.5 - - [20/Apr/2026:17:04:09 +0200] "GET /rhn/manager/api/auth/logout HTTP/1.1" 200 16
172.16.3.5 - - [20/Apr/2026:17:04:09 +0200] "POST /rhn/manager/api/auth/login HTTP/1.1" 200 16
172.16.3.5 - - [20/Apr/2026:17:04:10 +0200] "GET /rhn/manager/api/channel/software/listUserRepos HTTP/1.1" 200 2067
172.16.3.5 - - [20/Apr/2026:17:04:10 +0200] "GET /rhn/manager/api/auth/logout HTTP/1.1" 200 16
::1 - - [20/Apr/2026:17:04:10 +0200] "GET /rhn/errors/404.jsp HTTP/1.1" 404 4500
172.16.3.5 - - [20/Apr/2026:17:04:10 +0200] "POST /rhn/manager/api/auth/login HTTP/1.1" 200 16
172.16.3.5 - - [20/Apr/2026:17:04:11 +0200] "POST /rhn/manager/api/channel/software/associateRepo HTTP/1.1" 200 1166
172.16.3.5 - - [20/Apr/2026:17:04:11 +0200] "GET /rhn/manager/api/auth/logout HTTP/1.1" 200 16
::1 - - [20/Apr/2026:17:04:11 +0200] "GET /rhn/errors/404.jsp HTTP/1.1" 404 4500
172.16.3.5 - - [20/Apr/2026:17:04:11 +0200] "GET /rhn/channels/manage/Manage.do HTTP/1.1" 200 50784
127.0.0.1 - - [20/Apr/2026:17:04:11 +0200] "GET /rhn/websocket/notifications HTTP/1.1" 101 -
172.16.3.5 - - [20/Apr/2026:17:04:11 +0200] "POST /rhn/manager/frontend-log HTTP/1.1" 200 16
172.16.3.5 - - [20/Apr/2026:17:04:11 +0200] "GET /rhn/channels/manage/Edit.do HTTP/1.1" 200 55889
127.0.0.1 - - [20/Apr/2026:17:04:12 +0200] "GET /rhn/websocket/notifications HTTP/1.1" 101 -
172.16.3.5 - - [20/Apr/2026:17:04:12 +0200] "POST /rhn/manager/frontend-log HTTP/1.1" 200 16
172.16.3.5 - - [20/Apr/2026:17:04:12 +0200] "POST /rhn/channels/manage/Edit.do HTTP/1.1" 302 -
172.16.3.5 - - [20/Apr/2026:17:04:12 +0200] "GET /rhn/channels/manage/Edit.do?cid=134 HTTP/1.1" 200 55964
172.16.3.5 - - [20/Apr/2026:17:04:13 +0200] "POST /rhn/manager/frontend-log HTTP/1.1" 200 16
127.0.0.1 - - [20/Apr/2026:17:04:13 +0200] "GET /rhn/websocket/notifications HTTP/1.1" 101 -
172.16.3.5 - - [20/Apr/2026:17:04:13 +0200] "POST /rhn/manager/frontend-log HTTP/1.1" 200 16
127.0.0.1 - - [20/Apr/2026:17:04:13 +0200] "GET /rhn/websocket/notifications HTTP/1.1" 101 -
::1 - - [20/Apr/2026:17:04:13 +0200] "GET /rhn/manager/login HTTP/1.1" 302 -
172.16.3.5 - - [20/Apr/2026:17:04:15 +0200] "POST /rhn/manager/api/auth/login HTTP/1.1" 200 16
172.16.3.5 - - [20/Apr/2026:17:04:15 +0200] "GET /rhn/manager/api/channel/software/listUserRepos HTTP/1.1" 200 2067
172.16.3.5 - - [20/Apr/2026:17:04:15 +0200] "GET /rhn/manager/api/auth/logout HTTP/1.1" 200 16
172.16.3.5 - - [20/Apr/2026:17:04:15 +0200] "POST /rhn/manager/api/auth/login HTTP/1.1" 200 16
172.16.3.5 - - [20/Apr/2026:17:04:15 +0200] "POST /rhn/manager/api/channel/software/createRepo HTTP/1.1" 200 271
172.16.3.5 - - [20/Apr/2026:17:04:16 +0200] "GET /rhn/manager/api/auth/logout HTTP/1.1" 200 16
172.16.3.5 - - [20/Apr/2026:17:04:16 +0200] "POST /rhn/manager/api/auth/login HTTP/1.1" 200 16
172.16.3.5 - - [20/Apr/2026:17:04:16 +0200] "POST /rhn/manager/api/channel/software/associateRepo HTTP/1.1" 200 858
172.16.3.5 - - [20/Apr/2026:17:04:16 +0200] "GET /rhn/manager/api/auth/logout HTTP/1.1" 200 16
172.16.3.5 - - [20/Apr/2026:17:04:16 +0200] "POST /rhn/manager/api/auth/login HTTP/1.1" 200 16
172.16.3.5 - - [20/Apr/2026:17:04:16 +0200] "GET /rhn/manager/api/channel/software/listUserRepos HTTP/1.1" 200 2251
172.16.3.5 - - [20/Apr/2026:17:04:16 +0200] "GET /rhn/manager/api/auth/logout HTTP/1.1" 200 16
172.16.3.5 - - [20/Apr/2026:17:04:17 +0200] "POST /rhn/manager/api/auth/login HTTP/1.1" 200 16
172.16.3.5 - - [20/Apr/2026:17:04:17 +0200] "POST /rhn/manager/api/channel/software/associateRepo HTTP/1.1" 200 1109
172.16.3.5 - - [20/Apr/2026:17:04:17 +0200] "GET /rhn/manager/api/auth/logout HTTP/1.1" 200 16
::1 - - [20/Apr/2026:17:04:17 +0200] "GET /rhn/errors/404.jsp HTTP/1.1" 404 4500
172.16.3.5 - - [20/Apr/2026:17:04:17 +0200] "POST /rhn/manager/api/auth/login HTTP/1.1" 200 16
172.16.3.5 - - [20/Apr/2026:17:04:17 +0200] "GET /rhn/manager/api/channel/software/listUserRepos HTTP/1.1" 200 2251
172.16.3.5 - - [20/Apr/2026:17:04:17 +0200] "GET /rhn/manager/api/auth/logout HTTP/1.1" 200 16
::1 - - [20/Apr/2026:17:04:18 +0200] "GET /rhn/errors/404.jsp HTTP/1.1" 404 4500
172.16.3.5 - - [20/Apr/2026:17:04:18 +0200] "POST /rhn/manager/api/auth/login HTTP/1.1" 200 16
172.16.3.5 - - [20/Apr/2026:17:04:18 +0200] "POST /rhn/manager/api/channel/software/associateRepo HTTP/1.1" 200 1109
172.16.3.5 - - [20/Apr/2026:17:04:18 +0200] "GET /rhn/manager/api/auth/logout HTTP/1.1" 200 16
172.16.3.5 - - [20/Apr/2026:17:04:18 +0200] "GET /rhn/manager/login HTTP/1.1" 302 -
172.16.3.5 - - [20/Apr/2026:17:04:19 +0200] "GET /rhn/YourRhn.do HTTP/1.1" 200 38966
172.16.3.5 - - [20/Apr/2026:17:04:19 +0200] "POST /rhn/manager/frontend-log HTTP/1.1" 200 16
172.16.3.5 - - [20/Apr/2026:17:04:19 +0200] "POST /rhn/ajax/subscription-warning HTTP/1.1" 200 -
172.16.3.5 - - [20/Apr/2026:17:04:19 +0200] "POST /rhn/ajax/pending-actions HTTP/1.1" 200 636
127.0.0.1 - - [20/Apr/2026:17:04:19 +0200] "GET /rhn/websocket/notifications HTTP/1.1" 101 -
172.16.3.5 - - [20/Apr/2026:17:04:19 +0200] "POST /rhn/ajax/inactive-systems HTTP/1.1" 200 540
172.16.3.5 - - [20/Apr/2026:17:04:20 +0200] "POST /rhn/ajax/critical-systems HTTP/1.1" 200 2025
172.16.3.5 - - [20/Apr/2026:17:04:20 +0200] "POST /rhn/ajax/disk-check-warning HTTP/1.1" 200 -
172.16.3.5 - - [20/Apr/2026:17:04:20 +0200] "POST /rhn/ajax/tasks HTTP/1.1" 200 2232
127.0.0.1 - - [20/Apr/2026:17:04:20 +0200] "GET /rhn/websocket/notifications HTTP/1.1" 101 -
172.16.3.5 - - [20/Apr/2026:17:04:20 +0200] "POST /rhn/ajax/latest-errata HTTP/1.1" 200 539
172.16.3.5 - - [20/Apr/2026:17:04:20 +0200] "POST /rhn/ajax/recent-systems HTTP/1.1" 200 2058
172.16.3.5 - - [20/Apr/2026:17:04:20 +0200] "POST /rhn/manager/frontend-log HTTP/1.1" 200 16
172.16.3.5 - - [20/Apr/2026:17:04:20 +0200] "POST /rhn/ajax/systems-groups HTTP/1.1" 200 1490
172.16.3.5 - - [20/Apr/2026:17:04:23 +0200] "GET /rhn/manager/login HTTP/1.1" 302 -
172.16.3.5 - - [20/Apr/2026:17:04:23 +0200] "GET /rhn/YourRhn.do HTTP/1.1" 200 38966
172.16.3.5 - - [20/Apr/2026:17:04:23 +0200] "POST /rhn/manager/frontend-log HTTP/1.1" 200 16
172.16.3.5 - - [20/Apr/2026:17:04:23 +0200] "POST /rhn/ajax/subscription-warning HTTP/1.1" 200 -
172.16.3.5 - - [20/Apr/2026:17:04:23 +0200] "POST /rhn/ajax/inactive-systems HTTP/1.1" 200 540
172.16.3.5 - - [20/Apr/2026:17:04:23 +0200] "POST /rhn/ajax/tasks HTTP/1.1" 200 2232
172.16.3.5 - - [20/Apr/2026:17:04:23 +0200] "POST /rhn/ajax/pending-actions HTTP/1.1" 200 636
127.0.0.1 - - [20/Apr/2026:17:04:23 +0200] "GET /rhn/websocket/notifications HTTP/1.1" 101 -
172.16.3.5 - - [20/Apr/2026:17:04:23 +0200] "POST /rhn/ajax/disk-check-warning HTTP/1.1" 200 -
172.16.3.5 - - [20/Apr/2026:17:04:23 +0200] "POST /rhn/ajax/latest-errata HTTP/1.1" 200 539
172.16.3.5 - - [20/Apr/2026:17:04:23 +0200] "POST /rhn/ajax/critical-systems HTTP/1.1" 200 2025
172.16.3.5 - - [20/Apr/2026:17:04:23 +0200] "POST /rhn/ajax/systems-groups HTTP/1.1" 200 1490
172.16.3.5 - - [20/Apr/2026:17:04:23 +0200] "POST /rhn/ajax/recent-systems HTTP/1.1" 200 2058
172.16.3.5 - - [20/Apr/2026:17:04:24 +0200] "POST /rhn/manager/frontend-log HTTP/1.1" 200 16
172.16.3.5 - - [20/Apr/2026:17:04:24 +0200] "GET /rhn/channels/manage/Manage.do HTTP/1.1" 200 51420
127.0.0.1 - - [20/Apr/2026:17:04:24 +0200] "GET /rhn/websocket/notifications HTTP/1.1" 101 -
172.16.3.5 - - [20/Apr/2026:17:04:24 +0200] "POST /rhn/manager/frontend-log HTTP/1.1" 200 16
172.16.3.5 - - [20/Apr/2026:17:04:24 +0200] "GET /rhn/channels/manage/Edit.do?cid=123 HTTP/1.1" 200 55984
127.0.0.1 - - [20/Apr/2026:17:04:24 +0200] "GET /rhn/websocket/notifications HTTP/1.1" 101 -
172.16.3.5 - - [20/Apr/2026:17:04:24 +0200] "POST /rhn/manager/frontend-log HTTP/1.1" 200 16
172.16.3.5 - - [20/Apr/2026:17:04:24 +0200] "GET /rhn/channels/manage/Repositories.do?cid=123 HTTP/1.1" 200 51409
127.0.0.1 - - [20/Apr/2026:17:04:25 +0200] "GET /rhn/websocket/notifications HTTP/1.1" 101 -
172.16.3.5 - - [20/Apr/2026:17:04:25 +0200] "POST /rhn/manager/frontend-log HTTP/1.1" 200 16
172.16.3.5 - - [20/Apr/2026:17:04:25 +0200] "GET /rhn/channels/manage/Sync.do?cid=123 HTTP/1.1" 200 43622
172.16.3.5 - - [20/Apr/2026:17:04:25 +0200] "POST /rhn/manager/frontend-log HTTP/1.1" 200 16
127.0.0.1 - - [20/Apr/2026:17:04:25 +0200] "GET /rhn/websocket/notifications HTTP/1.1" 101 -
172.16.3.5 - - [20/Apr/2026:17:04:26 +0200] "POST /rhn/channels/manage/Sync.do?cid=123 HTTP/1.1" 302 -
172.16.3.5 - - [20/Apr/2026:17:04:27 +0200] "GET /rhn/channels/manage/Sync.do?cid=123 HTTP/1.1" 200 43734
172.16.3.5 - - [20/Apr/2026:17:04:27 +0200] "POST /rhn/manager/frontend-log HTTP/1.1" 200 16
127.0.0.1 - - [20/Apr/2026:17:04:27 +0200] "GET /rhn/websocket/notifications HTTP/1.1" 101 -
::1 - - [20/Apr/2026:17:04:29 +0200] "GET /rhn/manager/login HTTP/1.1" 302 -
::1 - - [20/Apr/2026:17:04:29 +0200] "GET /rhn/errors/404.jsp HTTP/1.1" 404 4500
::1 - - [20/Apr/2026:17:04:31 +0200] "GET /rhn/errors/404.jsp HTTP/1.1" 404 4500
::1 - - [20/Apr/2026:17:04:44 +0200] "GET /rhn/manager/login HTTP/1.1" 302 -
172.16.3.5 - - [20/Apr/2026:17:04:50 +0200] "GET /rhn/manager/login HTTP/1.1" 302 -
172.16.3.5 - - [20/Apr/2026:17:04:50 +0200] "GET /rhn/YourRhn.do HTTP/1.1" 200 38966
172.16.3.5 - - [20/Apr/2026:17:04:50 +0200] "POST /rhn/manager/frontend-log HTTP/1.1" 200 16
127.0.0.1 - - [20/Apr/2026:17:04:50 +0200] "GET /rhn/websocket/notifications HTTP/1.1" 101 -
172.16.3.5 - - [20/Apr/2026:17:04:50 +0200] "POST /rhn/ajax/subscription-warning HTTP/1.1" 200 -
172.16.3.5 - - [20/Apr/2026:17:04:50 +0200] "POST /rhn/ajax/disk-check-warning HTTP/1.1" 200 -
172.16.3.5 - - [20/Apr/2026:17:04:50 +0200] "POST /rhn/ajax/critical-systems HTTP/1.1" 200 2025
172.16.3.5 - - [20/Apr/2026:17:04:50 +0200] "POST /rhn/ajax/inactive-systems HTTP/1.1" 200 540
172.16.3.5 - - [20/Apr/2026:17:04:50 +0200] "POST /rhn/ajax/pending-actions HTTP/1.1" 200 636
172.16.3.5 - - [20/Apr/2026:17:04:51 +0200] "POST /rhn/ajax/tasks HTTP/1.1" 200 2232
172.16.3.5 - - [20/Apr/2026:17:04:51 +0200] "POST /rhn/ajax/systems-groups HTTP/1.1" 200 1490
172.16.3.5 - - [20/Apr/2026:17:04:51 +0200] "POST /rhn/ajax/latest-errata HTTP/1.1" 200 539
172.16.3.5 - - [20/Apr/2026:17:04:51 +0200] "POST /rhn/manager/frontend-log HTTP/1.1" 200 16
172.16.3.5 - - [20/Apr/2026:17:04:51 +0200] "POST /rhn/ajax/recent-systems HTTP/1.1" 200 2058
172.16.3.5 - - [20/Apr/2026:17:04:51 +0200] "GET /rhn/channels/manage/Manage.do HTTP/1.1" 200 51420
127.0.0.1 - - [20/Apr/2026:17:04:51 +0200] "GET /rhn/websocket/notifications HTTP/1.1" 101 -
172.16.3.5 - - [20/Apr/2026:17:04:51 +0200] "POST /rhn/manager/frontend-log HTTP/1.1" 200 16
172.16.3.5 - - [20/Apr/2026:17:04:51 +0200] "GET /rhn/channels/manage/Edit.do?cid=125 HTTP/1.1" 200 55974
127.0.0.1 - - [20/Apr/2026:17:04:51 +0200] "GET /rhn/websocket/notifications HTTP/1.1" 101 -
172.16.3.5 - - [20/Apr/2026:17:04:51 +0200] "POST /rhn/manager/frontend-log HTTP/1.1" 200 16
172.16.3.5 - - [20/Apr/2026:17:04:52 +0200] "GET /rhn/channels/manage/Repositories.do?cid=125 HTTP/1.1" 200 51411
127.0.0.1 - - [20/Apr/2026:17:04:52 +0200] "GET /rhn/websocket/notifications HTTP/1.1" 101 -
172.16.3.5 - - [20/Apr/2026:17:04:52 +0200] "POST /rhn/manager/frontend-log HTTP/1.1" 200 16
172.16.3.5 - - [20/Apr/2026:17:04:52 +0200] "GET /rhn/channels/manage/Sync.do?cid=125 HTTP/1.1" 200 43627
127.0.0.1 - - [20/Apr/2026:17:04:52 +0200] "GET /rhn/websocket/notifications HTTP/1.1" 101 -
172.16.3.5 - - [20/Apr/2026:17:04:52 +0200] "POST /rhn/manager/frontend-log HTTP/1.1" 200 16
172.16.3.5 - - [20/Apr/2026:17:04:53 +0200] "POST /rhn/channels/manage/Sync.do?cid=125 HTTP/1.1" 302 -
172.16.3.5 - - [20/Apr/2026:17:04:54 +0200] "GET /rhn/channels/manage/Sync.do?cid=125 HTTP/1.1" 200 43741
172.16.3.5 - - [20/Apr/2026:17:04:54 +0200] "POST /rhn/manager/frontend-log HTTP/1.1" 200 16
127.0.0.1 - - [20/Apr/2026:17:04:54 +0200] "GET /rhn/websocket/notifications HTTP/1.1" 101 -
::1 - - [20/Apr/2026:17:04:59 +0200] "GET /rhn/manager/login HTTP/1.1" 302 -
172.16.3.5 - - [20/Apr/2026:17:05:11 +0200] "GET /rhn/manager/login HTTP/1.1" 302 -
172.16.3.5 - - [20/Apr/2026:17:05:11 +0200] "GET /rhn/YourRhn.do HTTP/1.1" 200 38966
172.16.3.5 - - [20/Apr/2026:17:05:11 +0200] "POST /rhn/manager/frontend-log HTTP/1.1" 200 16
172.16.3.5 - - [20/Apr/2026:17:05:11 +0200] "POST /rhn/ajax/subscription-warning HTTP/1.1" 200 -
172.16.3.5 - - [20/Apr/2026:17:05:11 +0200] "POST /rhn/ajax/inactive-systems HTTP/1.1" 200 540
127.0.0.1 - - [20/Apr/2026:17:05:12 +0200] "GET /rhn/websocket/notifications HTTP/1.1" 101 -
172.16.3.5 - - [20/Apr/2026:17:05:12 +0200] "POST /rhn/ajax/pending-actions HTTP/1.1" 200 636
172.16.3.5 - - [20/Apr/2026:17:05:12 +0200] "POST /rhn/ajax/latest-errata HTTP/1.1" 200 539
172.16.3.5 - - [20/Apr/2026:17:05:12 +0200] "POST /rhn/ajax/tasks HTTP/1.1" 200 2232
172.16.3.5 - - [20/Apr/2026:17:05:12 +0200] "POST /rhn/ajax/systems-groups HTTP/1.1" 200 1490
172.16.3.5 - - [20/Apr/2026:17:05:12 +0200] "POST /rhn/ajax/disk-check-warning HTTP/1.1" 200 -
172.16.3.5 - - [20/Apr/2026:17:05:12 +0200] "POST /rhn/ajax/recent-systems HTTP/1.1" 200 2058
172.16.3.5 - - [20/Apr/2026:17:05:12 +0200] "POST /rhn/manager/frontend-log HTTP/1.1" 200 16
172.16.3.5 - - [20/Apr/2026:17:05:12 +0200] "POST /rhn/ajax/critical-systems HTTP/1.1" 200 2025
172.16.3.5 - - [20/Apr/2026:17:05:12 +0200] "GET /rhn/channels/manage/Manage.do HTTP/1.1" 200 51420
127.0.0.1 - - [20/Apr/2026:17:05:12 +0200] "GET /rhn/websocket/notifications HTTP/1.1" 101 -
172.16.3.5 - - [20/Apr/2026:17:05:12 +0200] "POST /rhn/manager/frontend-log HTTP/1.1" 200 16
172.16.3.5 - - [20/Apr/2026:17:05:12 +0200] "GET /rhn/channels/manage/Edit.do?cid=127 HTTP/1.1" 200 56010
172.16.3.5 - - [20/Apr/2026:17:05:13 +0200] "POST /rhn/manager/frontend-log HTTP/1.1" 200 16
127.0.0.1 - - [20/Apr/2026:17:05:13 +0200] "GET /rhn/websocket/notifications HTTP/1.1" 101 -
172.16.3.5 - - [20/Apr/2026:17:05:13 +0200] "GET /rhn/channels/manage/Repositories.do?cid=127 HTTP/1.1" 200 51413
172.16.3.5 - - [20/Apr/2026:17:05:13 +0200] "POST /rhn/manager/frontend-log HTTP/1.1" 200 16
127.0.0.1 - - [20/Apr/2026:17:05:13 +0200] "GET /rhn/websocket/notifications HTTP/1.1" 101 -
172.16.3.5 - - [20/Apr/2026:17:05:13 +0200] "GET /rhn/channels/manage/Sync.do?cid=127 HTTP/1.1" 200 43630
127.0.0.1 - - [20/Apr/2026:17:05:14 +0200] "GET /rhn/websocket/notifications HTTP/1.1" 101 -
172.16.3.5 - - [20/Apr/2026:17:05:14 +0200] "POST /rhn/manager/frontend-log HTTP/1.1" 200 16
::1 - - [20/Apr/2026:17:05:14 +0200] "GET /rhn/manager/login HTTP/1.1" 302 -
172.16.3.5 - - [20/Apr/2026:17:05:15 +0200] "POST /rhn/channels/manage/Sync.do?cid=127 HTTP/1.1" 302 -
172.16.3.5 - - [20/Apr/2026:17:05:15 +0200] "GET /rhn/channels/manage/Sync.do?cid=127 HTTP/1.1" 200 43746
127.0.0.1 - - [20/Apr/2026:17:05:15 +0200] "GET /rhn/websocket/notifications HTTP/1.1" 101 -
172.16.3.5 - - [20/Apr/2026:17:05:15 +0200] "POST /rhn/manager/frontend-log HTTP/1.1" 200 16
::1 - - [20/Apr/2026:17:05:18 +0200] "GET /rhn/errors/404.jsp HTTP/1.1" 404 4500
::1 - - [20/Apr/2026:17:05:19 +0200] "GET /rhn/errors/404.jsp HTTP/1.1" 404 4500
172.16.3.5 - - [20/Apr/2026:17:05:28 +0200] "GET /rhn/manager/login HTTP/1.1" 302 -
172.16.3.5 - - [20/Apr/2026:17:05:28 +0200] "GET /rhn/YourRhn.do HTTP/1.1" 200 38966
172.16.3.5 - - [20/Apr/2026:17:05:29 +0200] "POST /rhn/manager/frontend-log HTTP/1.1" 200 16
127.0.0.1 - - [20/Apr/2026:17:05:29 +0200] "GET /rhn/websocket/notifications HTTP/1.1" 101 -
172.16.3.5 - - [20/Apr/2026:17:05:29 +0200] "POST /rhn/ajax/pending-actions HTTP/1.1" 200 636
172.16.3.5 - - [20/Apr/2026:17:05:29 +0200] "POST /rhn/ajax/inactive-systems HTTP/1.1" 200 540
172.16.3.5 - - [20/Apr/2026:17:05:29 +0200] "POST /rhn/ajax/subscription-warning HTTP/1.1" 200 -
172.16.3.5 - - [20/Apr/2026:17:05:29 +0200] "POST /rhn/ajax/systems-groups HTTP/1.1" 200 1490
172.16.3.5 - - [20/Apr/2026:17:05:29 +0200] "POST /rhn/ajax/latest-errata HTTP/1.1" 200 539
172.16.3.5 - - [20/Apr/2026:17:05:29 +0200] "POST /rhn/ajax/critical-systems HTTP/1.1" 200 2025
172.16.3.5 - - [20/Apr/2026:17:05:29 +0200] "POST /rhn/ajax/disk-check-warning HTTP/1.1" 200 -
172.16.3.5 - - [20/Apr/2026:17:05:29 +0200] "POST /rhn/ajax/recent-systems HTTP/1.1" 200 2058
172.16.3.5 - - [20/Apr/2026:17:05:29 +0200] "POST /rhn/ajax/tasks HTTP/1.1" 200 2232
172.16.3.5 - - [20/Apr/2026:17:05:29 +0200] "POST /rhn/manager/frontend-log HTTP/1.1" 200 16
172.16.3.5 - - [20/Apr/2026:17:05:29 +0200] "GET /rhn/channels/manage/Manage.do HTTP/1.1" 200 51420
127.0.0.1 - - [20/Apr/2026:17:05:29 +0200] "GET /rhn/websocket/notifications HTTP/1.1" 101 -
172.16.3.5 - - [20/Apr/2026:17:05:29 +0200] "POST /rhn/manager/frontend-log HTTP/1.1" 200 16
172.16.3.5 - - [20/Apr/2026:17:05:30 +0200] "GET /rhn/channels/manage/Edit.do?cid=122 HTTP/1.1" 200 55944
172.16.3.5 - - [20/Apr/2026:17:05:30 +0200] "POST /rhn/manager/frontend-log HTTP/1.1" 200 16
::1 - - [20/Apr/2026:17:05:30 +0200] "GET /rhn/manager/login HTTP/1.1" 302 -
127.0.0.1 - - [20/Apr/2026:17:05:30 +0200] "GET /rhn/websocket/notifications HTTP/1.1" 101 -
172.16.3.5 - - [20/Apr/2026:17:05:30 +0200] "GET /rhn/channels/manage/Repositories.do?cid=122 HTTP/1.1" 200 51416
127.0.0.1 - - [20/Apr/2026:17:05:30 +0200] "GET /rhn/websocket/notifications HTTP/1.1" 101 -
172.16.3.5 - - [20/Apr/2026:17:05:30 +0200] "POST /rhn/manager/frontend-log HTTP/1.1" 200 16
172.16.3.5 - - [20/Apr/2026:17:05:30 +0200] "GET /rhn/channels/manage/Sync.do?cid=122 HTTP/1.1" 200 43636
