172.16.3.5 - - [20/Apr/2026:17:17:20 +0200] "POST /rhn/manager/frontend-log HTTP/1.1" 200 16
172.16.3.7 - - [20/Apr/2026:17:17:20 +0200] "GET /rhn/manager/download/sle-product-sles15-sp7-pool-x86_64/repodata/66fcb8bb04aafa067687b87a59d08127fca3bad3827d39e259a7a418864fba28-primary.xml.gz?eyJhbGciOiJIUzI1NiJ9.eyJqdGkiOiI5UGNQSlhkbXMyWHZDM2JfRnhsUXhBIiwiZXhwIjoxODA4MjM0MjIwLCJpYXQiOjE3NzY2OTgyMjAsIm5iZiI6MTc3NjY5ODEwMCwib3JnIjoxLCJvbmx5Q2hhbm5lbHMiOlsic2xlLXByb2R1Y3Qtc2xlczE1LXNwNy1wb29sLXg4Nl82NCJdfQ.tUtbkvl8HBW1DkwbFD-He8mOSIoldhgA1BHH6f8Jpcc HTTP/1.1" 200 3664
172.16.3.5 - - [20/Apr/2026:17:17:20 +0200] "GET /rhn/systems/details/history/Event.do?sid=1000010003&aid=15 HTTP/1.1" 200 49408
172.16.3.7 - - [20/Apr/2026:17:17:20 +0200] "HEAD /rhn/manager/download/sle-product-sles15-sp7-pool-x86_64/repodata/2e34934e751c235ac6406ea6b3b5e16e6dde0ad209c60d6e5ef3871a8a34ad7f-susedata.xml.gz?eyJhbGciOiJIUzI1NiJ9.eyJqdGkiOiI5UGNQSlhkbXMyWHZDM2JfRnhsUXhBIiwiZXhwIjoxODA4MjM0MjIwLCJpYXQiOjE3NzY2OTgyMjAsIm5iZiI6MTc3NjY5ODEwMCwib3JnIjoxLCJvbmx5Q2hhbm5lbHMiOlsic2xlLXByb2R1Y3Qtc2xlczE1LXNwNy1wb29sLXg4Nl82NCJdfQ.tUtbkvl8HBW1DkwbFD-He8mOSIoldhgA1BHH6f8Jpcc HTTP/1.1" 200 -
172.16.3.7 - - [20/Apr/2026:17:17:20 +0200] "GET /rhn/manager/download/sle-product-sles15-sp7-pool-x86_64/repodata/2e34934e751c235ac6406ea6b3b5e16e6dde0ad209c60d6e5ef3871a8a34ad7f-susedata.xml.gz?eyJhbGciOiJIUzI1NiJ9.eyJqdGkiOiI5UGNQSlhkbXMyWHZDM2JfRnhsUXhBIiwiZXhwIjoxODA4MjM0MjIwLCJpYXQiOjE3NzY2OTgyMjAsIm5iZiI6MTc3NjY5ODEwMCwib3JnIjoxLCJvbmx5Q2hhbm5lbHMiOlsic2xlLXByb2R1Y3Qtc2xlczE1LXNwNy1wb29sLXg4Nl82NCJdfQ.tUtbkvl8HBW1DkwbFD-He8mOSIoldhgA1BHH6f8Jpcc HTTP/1.1" 200 3664
172.16.3.7 - - [20/Apr/2026:17:17:20 +0200] "HEAD /rhn/manager/download/sle-product-sles15-sp7-updates-x86_64/repodata/repomd.xml?eyJhbGciOiJIUzI1NiJ9.eyJqdGkiOiI4X1RjS0Vzc0xmOUlSaUM0VlF2MFFBIiwiZXhwIjoxODA4MjM0MjIwLCJpYXQiOjE3NzY2OTgyMjAsIm5iZiI6MTc3NjY5ODEwMCwib3JnIjoxLCJvbmx5Q2hhbm5lbHMiOlsic2xlLXByb2R1Y3Qtc2xlczE1LXNwNy11cGRhdGVzLXg4Nl82NCJdfQ.3bnVd6mfAkmjJnoLjynq9vGo4-dkE18IBeeVbaRuhk8 HTTP/1.1" 200 -
172.16.3.7 - - [20/Apr/2026:17:17:20 +0200] "HEAD /rhn/manager/download/sle-product-sles15-sp7-updates-x86_64/media.1/media?eyJhbGciOiJIUzI1NiJ9.eyJqdGkiOiI4X1RjS0Vzc0xmOUlSaUM0VlF2MFFBIiwiZXhwIjoxODA4MjM0MjIwLCJpYXQiOjE3NzY2OTgyMjAsIm5iZiI6MTc3NjY5ODEwMCwib3JnIjoxLCJvbmx5Q2hhbm5lbHMiOlsic2xlLXByb2R1Y3Qtc2xlczE1LXNwNy11cGRhdGVzLXg4Nl82NCJdfQ.3bnVd6mfAkmjJnoLjynq9vGo4-dkE18IBeeVbaRuhk8 HTTP/1.1" 404 -
172.16.3.7 - - [20/Apr/2026:17:17:20 +0200] "HEAD /rhn/manager/download/sle-product-sles15-sp7-updates-x86_64/repodata/repomd.xml?eyJhbGciOiJIUzI1NiJ9.eyJqdGkiOiI4X1RjS0Vzc0xmOUlSaUM0VlF2MFFBIiwiZXhwIjoxODA4MjM0MjIwLCJpYXQiOjE3NzY2OTgyMjAsIm5iZiI6MTc3NjY5ODEwMCwib3JnIjoxLCJvbmx5Q2hhbm5lbHMiOlsic2xlLXByb2R1Y3Qtc2xlczE1LXNwNy11cGRhdGVzLXg4Nl82NCJdfQ.3bnVd6mfAkmjJnoLjynq9vGo4-dkE18IBeeVbaRuhk8 HTTP/1.1" 200 -
172.16.3.7 - - [20/Apr/2026:17:17:20 +0200] "GET /rhn/manager/download/sle-product-sles15-sp7-updates-x86_64/repodata/repomd.xml?eyJhbGciOiJIUzI1NiJ9.eyJqdGkiOiI4X1RjS0Vzc0xmOUlSaUM0VlF2MFFBIiwiZXhwIjoxODA4MjM0MjIwLCJpYXQiOjE3NzY2OTgyMjAsIm5iZiI6MTc3NjY5ODEwMCwib3JnIjoxLCJvbmx5Q2hhbm5lbHMiOlsic2xlLXByb2R1Y3Qtc2xlczE1LXNwNy11cGRhdGVzLXg4Nl82NCJdfQ.3bnVd6mfAkmjJnoLjynq9vGo4-dkE18IBeeVbaRuhk8 HTTP/1.1" 200 3664
172.16.3.5 - - [20/Apr/2026:17:17:20 +0200] "POST /rhn/manager/frontend-log HTTP/1.1" 200 16
172.16.3.7 - - [20/Apr/2026:17:17:20 +0200] "HEAD /rhn/manager/download/sle-product-sles15-sp7-updates-x86_64/repodata/repomd.xml.asc?eyJhbGciOiJIUzI1NiJ9.eyJqdGkiOiI4X1RjS0Vzc0xmOUlSaUM0VlF2MFFBIiwiZXhwIjoxODA4MjM0MjIwLCJpYXQiOjE3NzY2OTgyMjAsIm5iZiI6MTc3NjY5ODEwMCwib3JnIjoxLCJvbmx5Q2hhbm5lbHMiOlsic2xlLXByb2R1Y3Qtc2xlczE1LXNwNy11cGRhdGVzLXg4Nl82NCJdfQ.3bnVd6mfAkmjJnoLjynq9vGo4-dkE18IBeeVbaRuhk8 HTTP/1.1" 404 -
172.16.3.7 - - [20/Apr/2026:17:17:20 +0200] "HEAD /rhn/manager/download/sle-product-sles15-sp7-updates-x86_64/repodata/664a17e0abeec827358f75d322f498d815f5ab773d1d8f77d4f4187ee090709a-primary.xml.gz?eyJhbGciOiJIUzI1NiJ9.eyJqdGkiOiI4X1RjS0Vzc0xmOUlSaUM0VlF2MFFBIiwiZXhwIjoxODA4MjM0MjIwLCJpYXQiOjE3NzY2OTgyMjAsIm5iZiI6MTc3NjY5ODEwMCwib3JnIjoxLCJvbmx5Q2hhbm5lbHMiOlsic2xlLXByb2R1Y3Qtc2xlczE1LXNwNy11cGRhdGVzLXg4Nl82NCJdfQ.3bnVd6mfAkmjJnoLjynq9vGo4-dkE18IBeeVbaRuhk8 HTTP/1.1" 200 -
127.0.0.1 - - [20/Apr/2026:17:17:20 +0200] "GET /rhn/websocket/notifications HTTP/1.1" 101 -
172.16.3.7 - - [20/Apr/2026:17:17:20 +0200] "GET /rhn/manager/download/sle-product-sles15-sp7-updates-x86_64/repodata/664a17e0abeec827358f75d322f498d815f5ab773d1d8f77d4f4187ee090709a-primary.xml.gz?eyJhbGciOiJIUzI1NiJ9.eyJqdGkiOiI4X1RjS0Vzc0xmOUlSaUM0VlF2MFFBIiwiZXhwIjoxODA4MjM0MjIwLCJpYXQiOjE3NzY2OTgyMjAsIm5iZiI6MTc3NjY5ODEwMCwib3JnIjoxLCJvbmx5Q2hhbm5lbHMiOlsic2xlLXByb2R1Y3Qtc2xlczE1LXNwNy11cGRhdGVzLXg4Nl82NCJdfQ.3bnVd6mfAkmjJnoLjynq9vGo4-dkE18IBeeVbaRuhk8 HTTP/1.1" 200 3664
172.16.3.5 - - [20/Apr/2026:17:17:20 +0200] "GET /rhn/systems/details/Overview.do?sid=1000010002 HTTP/1.1" 200 45539
172.16.3.7 - - [20/Apr/2026:17:17:20 +0200] "HEAD /rhn/manager/download/sle-product-sles15-sp7-updates-x86_64/repodata/9a8506e2092196b78cb0fbdc7a487bfd1e27bb6a8a004b6bd523e4a32b51fff8-susedata.xml.gz?eyJhbGciOiJIUzI1NiJ9.eyJqdGkiOiI4X1RjS0Vzc0xmOUlSaUM0VlF2MFFBIiwiZXhwIjoxODA4MjM0MjIwLCJpYXQiOjE3NzY2OTgyMjAsIm5iZiI6MTc3NjY5ODEwMCwib3JnIjoxLCJvbmx5Q2hhbm5lbHMiOlsic2xlLXByb2R1Y3Qtc2xlczE1LXNwNy11cGRhdGVzLXg4Nl82NCJdfQ.3bnVd6mfAkmjJnoLjynq9vGo4-dkE18IBeeVbaRuhk8 HTTP/1.1" 200 -
172.16.3.5 - - [20/Apr/2026:17:17:20 +0200] "GET /rhn/systems/details/history/Pending.do?sid=1000010001& HTTP/1.1" 200 43019
172.16.3.7 - - [20/Apr/2026:17:17:20 +0200] "GET /rhn/manager/download/sle-product-sles15-sp7-updates-x86_64/repodata/9a8506e2092196b78cb0fbdc7a487bfd1e27bb6a8a004b6bd523e4a32b51fff8-susedata.xml.gz?eyJhbGciOiJIUzI1NiJ9.eyJqdGkiOiI4X1RjS0Vzc0xmOUlSaUM0VlF2MFFBIiwiZXhwIjoxODA4MjM0MjIwLCJpYXQiOjE3NzY2OTgyMjAsIm5iZiI6MTc3NjY5ODEwMCwib3JnIjoxLCJvbmx5Q2hhbm5lbHMiOlsic2xlLXByb2R1Y3Qtc2xlczE1LXNwNy11cGRhdGVzLXg4Nl82NCJdfQ.3bnVd6mfAkmjJnoLjynq9vGo4-dkE18IBeeVbaRuhk8 HTTP/1.1" 200 3664
172.16.3.7 - - [20/Apr/2026:17:17:20 +0200] "HEAD /rhn/manager/download/sle-product-sles15-sp7-updates-x86_64/repodata/74815e6f5958da10982056d81de0b18142bed762d0cfb91313c805e6702be54a-updateinfo.xml.gz?eyJhbGciOiJIUzI1NiJ9.eyJqdGkiOiI4X1RjS0Vzc0xmOUlSaUM0VlF2MFFBIiwiZXhwIjoxODA4MjM0MjIwLCJpYXQiOjE3NzY2OTgyMjAsIm5iZiI6MTc3NjY5ODEwMCwib3JnIjoxLCJvbmx5Q2hhbm5lbHMiOlsic2xlLXByb2R1Y3Qtc2xlczE1LXNwNy11cGRhdGVzLXg4Nl82NCJdfQ.3bnVd6mfAkmjJnoLjynq9vGo4-dkE18IBeeVbaRuhk8 HTTP/1.1" 200 -
172.16.3.7 - - [20/Apr/2026:17:17:21 +0200] "GET /rhn/manager/download/sle-product-sles15-sp7-updates-x86_64/repodata/74815e6f5958da10982056d81de0b18142bed762d0cfb91313c805e6702be54a-updateinfo.xml.gz?eyJhbGciOiJIUzI1NiJ9.eyJqdGkiOiI4X1RjS0Vzc0xmOUlSaUM0VlF2MFFBIiwiZXhwIjoxODA4MjM0MjIwLCJpYXQiOjE3NzY2OTgyMjAsIm5iZiI6MTc3NjY5ODEwMCwib3JnIjoxLCJvbmx5Q2hhbm5lbHMiOlsic2xlLXByb2R1Y3Qtc2xlczE1LXNwNy11cGRhdGVzLXg4Nl82NCJdfQ.3bnVd6mfAkmjJnoLjynq9vGo4-dkE18IBeeVbaRuhk8 HTTP/1.1" 200 3663
172.16.3.7 - - [20/Apr/2026:17:17:21 +0200] "HEAD /rhn/manager/download/sles15-sp7-devel-uyuni-client-x86_64/repodata/repomd.xml?eyJhbGciOiJIUzI1NiJ9.eyJqdGkiOiI1RFhWOXp6eHdGQ1RydWdzUGJXSmd3IiwiZXhwIjoxODA4MjM0MjIwLCJpYXQiOjE3NzY2OTgyMjAsIm5iZiI6MTc3NjY5ODEwMCwib3JnIjoxLCJvbmx5Q2hhbm5lbHMiOlsic2xlczE1LXNwNy1kZXZlbC11eXVuaS1jbGllbnQteDg2XzY0Il19.4JPw4Ni3us_GpgJaqM5mK3EnLvJNXvVdEc6Gox2qjNE HTTP/1.1" 200 -
127.0.0.1 - - [20/Apr/2026:17:17:21 +0200] "GET /rhn/websocket/notifications HTTP/1.1" 101 -
172.16.3.7 - - [20/Apr/2026:17:17:21 +0200] "HEAD /rhn/manager/download/sles15-sp7-devel-uyuni-client-x86_64/media.1/media?eyJhbGciOiJIUzI1NiJ9.eyJqdGkiOiI1RFhWOXp6eHdGQ1RydWdzUGJXSmd3IiwiZXhwIjoxODA4MjM0MjIwLCJpYXQiOjE3NzY2OTgyMjAsIm5iZiI6MTc3NjY5ODEwMCwib3JnIjoxLCJvbmx5Q2hhbm5lbHMiOlsic2xlczE1LXNwNy1kZXZlbC11eXVuaS1jbGllbnQteDg2XzY0Il19.4JPw4Ni3us_GpgJaqM5mK3EnLvJNXvVdEc6Gox2qjNE HTTP/1.1" 404 -
172.16.3.5 - - [20/Apr/2026:17:17:21 +0200] "POST /rhn/manager/frontend-log HTTP/1.1" 200 16
172.16.3.5 - - [20/Apr/2026:17:17:21 +0200] "POST /rhn/manager/frontend-log HTTP/1.1" 200 16
127.0.0.1 - - [20/Apr/2026:17:17:21 +0200] "GET /rhn/websocket/notifications HTTP/1.1" 101 -
172.16.3.7 - - [20/Apr/2026:17:17:21 +0200] "HEAD /rhn/manager/download/sles15-sp7-devel-uyuni-client-x86_64/repodata/repomd.xml?eyJhbGciOiJIUzI1NiJ9.eyJqdGkiOiI1RFhWOXp6eHdGQ1RydWdzUGJXSmd3IiwiZXhwIjoxODA4MjM0MjIwLCJpYXQiOjE3NzY2OTgyMjAsIm5iZiI6MTc3NjY5ODEwMCwib3JnIjoxLCJvbmx5Q2hhbm5lbHMiOlsic2xlczE1LXNwNy1kZXZlbC11eXVuaS1jbGllbnQteDg2XzY0Il19.4JPw4Ni3us_GpgJaqM5mK3EnLvJNXvVdEc6Gox2qjNE HTTP/1.1" 200 -
172.16.3.7 - - [20/Apr/2026:17:17:21 +0200] "GET /rhn/manager/download/sles15-sp7-devel-uyuni-client-x86_64/repodata/repomd.xml?eyJhbGciOiJIUzI1NiJ9.eyJqdGkiOiI1RFhWOXp6eHdGQ1RydWdzUGJXSmd3IiwiZXhwIjoxODA4MjM0MjIwLCJpYXQiOjE3NzY2OTgyMjAsIm5iZiI6MTc3NjY5ODEwMCwib3JnIjoxLCJvbmx5Q2hhbm5lbHMiOlsic2xlczE1LXNwNy1kZXZlbC11eXVuaS1jbGllbnQteDg2XzY0Il19.4JPw4Ni3us_GpgJaqM5mK3EnLvJNXvVdEc6Gox2qjNE HTTP/1.1" 200 3664
172.16.3.7 - - [20/Apr/2026:17:17:21 +0200] "HEAD /rhn/manager/download/sles15-sp7-devel-uyuni-client-x86_64/repodata/repomd.xml.asc?eyJhbGciOiJIUzI1NiJ9.eyJqdGkiOiI1RFhWOXp6eHdGQ1RydWdzUGJXSmd3IiwiZXhwIjoxODA4MjM0MjIwLCJpYXQiOjE3NzY2OTgyMjAsIm5iZiI6MTc3NjY5ODEwMCwib3JnIjoxLCJvbmx5Q2hhbm5lbHMiOlsic2xlczE1LXNwNy1kZXZlbC11eXVuaS1jbGllbnQteDg2XzY0Il19.4JPw4Ni3us_GpgJaqM5mK3EnLvJNXvVdEc6Gox2qjNE HTTP/1.1" 404 -
172.16.3.7 - - [20/Apr/2026:17:17:21 +0200] "HEAD /rhn/manager/download/sles15-sp7-devel-uyuni-client-x86_64/repodata/f1c83a9b8da704bef4199e259ecc3115f64cf446680ae3ed402f757e786beb3e-primary.xml.gz?eyJhbGciOiJIUzI1NiJ9.eyJqdGkiOiI1RFhWOXp6eHdGQ1RydWdzUGJXSmd3IiwiZXhwIjoxODA4MjM0MjIwLCJpYXQiOjE3NzY2OTgyMjAsIm5iZiI6MTc3NjY5ODEwMCwib3JnIjoxLCJvbmx5Q2hhbm5lbHMiOlsic2xlczE1LXNwNy1kZXZlbC11eXVuaS1jbGllbnQteDg2XzY0Il19.4JPw4Ni3us_GpgJaqM5mK3EnLvJNXvVdEc6Gox2qjNE HTTP/1.1" 200 -
172.16.3.7 - - [20/Apr/2026:17:17:21 +0200] "GET /rhn/manager/download/sles15-sp7-devel-uyuni-client-x86_64/repodata/f1c83a9b8da704bef4199e259ecc3115f64cf446680ae3ed402f757e786beb3e-primary.xml.gz?eyJhbGciOiJIUzI1NiJ9.eyJqdGkiOiI1RFhWOXp6eHdGQ1RydWdzUGJXSmd3IiwiZXhwIjoxODA4MjM0MjIwLCJpYXQiOjE3NzY2OTgyMjAsIm5iZiI6MTc3NjY5ODEwMCwib3JnIjoxLCJvbmx5Q2hhbm5lbHMiOlsic2xlczE1LXNwNy1kZXZlbC11eXVuaS1jbGllbnQteDg2XzY0Il19.4JPw4Ni3us_GpgJaqM5mK3EnLvJNXvVdEc6Gox2qjNE HTTP/1.1" 200 3664
172.16.3.7 - - [20/Apr/2026:17:17:21 +0200] "HEAD /rhn/manager/download/sles15-sp7-devel-uyuni-client-x86_64/repodata/a47b6e8f1c5c6879cbc022ca4a3898508fd9f2006a0f298c2bf486380fec3c1a-susedata.xml.gz?eyJhbGciOiJIUzI1NiJ9.eyJqdGkiOiI1RFhWOXp6eHdGQ1RydWdzUGJXSmd3IiwiZXhwIjoxODA4MjM0MjIwLCJpYXQiOjE3NzY2OTgyMjAsIm5iZiI6MTc3NjY5ODEwMCwib3JnIjoxLCJvbmx5Q2hhbm5lbHMiOlsic2xlczE1LXNwNy1kZXZlbC11eXVuaS1jbGllbnQteDg2XzY0Il19.4JPw4Ni3us_GpgJaqM5mK3EnLvJNXvVdEc6Gox2qjNE HTTP/1.1" 200 -
172.16.3.7 - - [20/Apr/2026:17:17:21 +0200] "GET /rhn/manager/download/sles15-sp7-devel-uyuni-client-x86_64/repodata/a47b6e8f1c5c6879cbc022ca4a3898508fd9f2006a0f298c2bf486380fec3c1a-susedata.xml.gz?eyJhbGciOiJIUzI1NiJ9.eyJqdGkiOiI1RFhWOXp6eHdGQ1RydWdzUGJXSmd3IiwiZXhwIjoxODA4MjM0MjIwLCJpYXQiOjE3NzY2OTgyMjAsIm5iZiI6MTc3NjY5ODEwMCwib3JnIjoxLCJvbmx5Q2hhbm5lbHMiOlsic2xlczE1LXNwNy1kZXZlbC11eXVuaS1jbGllbnQteDg2XzY0Il19.4JPw4Ni3us_GpgJaqM5mK3EnLvJNXvVdEc6Gox2qjNE HTTP/1.1" 200 3664
172.16.3.5 - - [20/Apr/2026:17:17:21 +0200] "GET /rhn/systems/details/history/Pending.do?sid=1000010003& HTTP/1.1" 200 43023
172.16.3.5 - - [20/Apr/2026:17:17:21 +0200] "GET /rhn/systems/details/history/Pending.do?sid=1000010002& HTTP/1.1" 200 43013
172.16.3.5 - - [20/Apr/2026:17:17:21 +0200] "POST /rhn/manager/frontend-log HTTP/1.1" 200 16
127.0.0.1 - - [20/Apr/2026:17:17:21 +0200] "GET /rhn/websocket/notifications HTTP/1.1" 101 -
127.0.0.1 - - [20/Apr/2026:17:17:22 +0200] "GET /rhn/websocket/notifications HTTP/1.1" 101 -
172.16.3.5 - - [20/Apr/2026:17:17:22 +0200] "POST /rhn/manager/frontend-log HTTP/1.1" 200 16
172.16.3.5 - - [20/Apr/2026:17:17:22 +0200] "GET /rhn/systems/details/history/Pending.do?sid=1000010003& HTTP/1.1" 200 43023
172.16.3.5 - - [20/Apr/2026:17:17:22 +0200] "GET /rhn/systems/details/history/Pending.do?sid=1000010002& HTTP/1.1" 200 43013
127.0.0.1 - - [20/Apr/2026:17:17:22 +0200] "GET /rhn/websocket/notifications HTTP/1.1" 101 -
172.16.3.5 - - [20/Apr/2026:17:17:22 +0200] "POST /rhn/manager/frontend-log HTTP/1.1" 200 16
127.0.0.1 - - [20/Apr/2026:17:17:22 +0200] "GET /rhn/websocket/notifications HTTP/1.1" 101 -
172.16.3.5 - - [20/Apr/2026:17:17:22 +0200] "POST /rhn/manager/frontend-log HTTP/1.1" 200 16
::1 - - [20/Apr/2026:17:17:22 +0200] "GET /rhn/manager/login HTTP/1.1" 302 -
172.16.3.5 - - [20/Apr/2026:17:17:23 +0200] "GET /rhn/systems/details/history/History.do?sid=1000010002& HTTP/1.1" 200 45326
127.0.0.1 - - [20/Apr/2026:17:17:23 +0200] "GET /rhn/websocket/notifications HTTP/1.1" 101 -
172.16.3.5 - - [20/Apr/2026:17:17:23 +0200] "POST /rhn/manager/frontend-log HTTP/1.1" 200 16
172.16.3.5 - - [20/Apr/2026:17:17:24 +0200] "GET /rhn/systems/details/history/Event.do?sid=1000010002&aid=11 HTTP/1.1" 200 48579
127.0.0.1 - - [20/Apr/2026:17:17:24 +0200] "GET /rhn/websocket/notifications HTTP/1.1" 101 -
172.16.3.5 - - [20/Apr/2026:17:17:24 +0200] "POST /rhn/manager/frontend-log HTTP/1.1" 200 16
172.16.3.5 - - [20/Apr/2026:17:17:25 +0200] "GET /rhn/manager/systems/list/all HTTP/1.1" 200 36838
172.16.3.5 - - [20/Apr/2026:17:17:25 +0200] "GET /rhn/systems/details/history/Pending.do?sid=1000010002& HTTP/1.1" 200 43013
172.16.3.5 - - [20/Apr/2026:17:17:25 +0200] "POST /rhn/manager/frontend-log HTTP/1.1" 200 16
172.16.3.5 - - [20/Apr/2026:17:17:25 +0200] "POST /rhn/manager/frontend-log HTTP/1.1" 200 16
127.0.0.1 - - [20/Apr/2026:17:17:25 +0200] "GET /rhn/websocket/notifications HTTP/1.1" 101 -
127.0.0.1 - - [20/Apr/2026:17:17:25 +0200] "GET /rhn/websocket/notifications HTTP/1.1" 101 -
172.16.3.5 - - [20/Apr/2026:17:17:26 +0200] "POST /rhn/manager/frontend-log HTTP/1.1" 200 16
127.0.0.1 - - [20/Apr/2026:17:17:26 +0200] "GET /rhn/websocket/notifications HTTP/1.1" 101 -
172.16.3.5 - - [20/Apr/2026:17:17:26 +0200] "GET /rhn/manager/api/systems/list/all?p=1&ps=100&s=1&sc=server_name HTTP/1.1" 200 3169
172.16.3.7 - - [20/Apr/2026:17:17:26 +0200] "HEAD /rhn/manager/download/sle-module-python3-15-sp7-pool-x86_64/getPackage/NULL/41088f393ce29becdfb2ec9a920f1293ed386c1bf6d517d01516d328e42f06e2/sle-module-python3-release-15.7-150700.28.1.x86_64.rpm?eyJhbGciOiJIUzI1NiJ9.eyJqdGkiOiJubVJ0cUNGODlZTEpxR2l4REpLeTVnIiwiZXhwIjoxODA4MjM0MjIwLCJpYXQiOjE3NzY2OTgyMjAsIm5iZiI6MTc3NjY5ODEwMCwib3JnIjoxLCJvbmx5Q2hhbm5lbHMiOlsic2xlLW1vZHVsZS1weXRob24zLTE1LXNwNy1wb29sLXg4Nl82NCJdfQ.nqy34RtOJY3xaeoPnBg5Cmac4j76lSEt2xYoKishYFI HTTP/1.1" 200 -
172.16.3.7 - - [20/Apr/2026:17:17:26 +0200] "GET /rhn/manager/download/sle-module-python3-15-sp7-pool-x86_64/getPackage/NULL/41088f393ce29becdfb2ec9a920f1293ed386c1bf6d517d01516d328e42f06e2/sle-module-python3-release-15.7-150700.28.1.x86_64.rpm?eyJhbGciOiJIUzI1NiJ9.eyJqdGkiOiJubVJ0cUNGODlZTEpxR2l4REpLeTVnIiwiZXhwIjoxODA4MjM0MjIwLCJpYXQiOjE3NzY2OTgyMjAsIm5iZiI6MTc3NjY5ODEwMCwib3JnIjoxLCJvbmx5Q2hhbm5lbHMiOlsic2xlLW1vZHVsZS1weXRob24zLTE1LXNwNy1wb29sLXg4Nl82NCJdfQ.nqy34RtOJY3xaeoPnBg5Cmac4j76lSEt2xYoKishYFI HTTP/1.1" 200 3664
172.16.3.5 - - [20/Apr/2026:17:17:26 +0200] "GET /rhn/systems/details/history/Pending.do?sid=1000010002& HTTP/1.1" 200 43013
172.16.3.7 - - [20/Apr/2026:17:17:26 +0200] "HEAD /rhn/manager/download/sle-module-systems-management-15-sp7-pool-x86_64/getPackage/NULL/74f499e46e243e03e2c42b455cca5a269464b6d16d2536b941040c85497644fd/sle-module-systems-management-release-15.7-150700.28.1.x86_64.rpm?eyJhbGciOiJIUzI1NiJ9.eyJqdGkiOiJDOTNTZS1GdW9nNWNPREh0WkpyNHZnIiwiZXhwIjoxODA4MjM0MjIwLCJpYXQiOjE3NzY2OTgyMjAsIm5iZiI6MTc3NjY5ODEwMCwib3JnIjoxLCJvbmx5Q2hhbm5lbHMiOlsic2xlLW1vZHVsZS1zeXN0ZW1zLW1hbmFnZW1lbnQtMTUtc3A3LXBvb2wteDg2XzY0Il19.mMpdFco6lKIA7rbkBQo-vZLEVsXO0KHUFcwQuo8go7s HTTP/1.1" 200 -
172.16.3.5 - - [20/Apr/2026:17:17:26 +0200] "POST /rhn/manager/api/sets/system_list HTTP/1.1" 200 1
172.16.3.7 - - [20/Apr/2026:17:17:26 +0200] "GET /rhn/manager/download/sle-module-systems-management-15-sp7-pool-x86_64/getPackage/NULL/74f499e46e243e03e2c42b455cca5a269464b6d16d2536b941040c85497644fd/sle-module-systems-management-release-15.7-150700.28.1.x86_64.rpm?eyJhbGciOiJIUzI1NiJ9.eyJqdGkiOiJDOTNTZS1GdW9nNWNPREh0WkpyNHZnIiwiZXhwIjoxODA4MjM0MjIwLCJpYXQiOjE3NzY2OTgyMjAsIm5iZiI6MTc3NjY5ODEwMCwib3JnIjoxLCJvbmx5Q2hhbm5lbHMiOlsic2xlLW1vZHVsZS1zeXN0ZW1zLW1hbmFnZW1lbnQtMTUtc3A3LXBvb2wteDg2XzY0Il19.mMpdFco6lKIA7rbkBQo-vZLEVsXO0KHUFcwQuo8go7s HTTP/1.1" 200 3664
127.0.0.1 - - [20/Apr/2026:17:17:26 +0200] "GET /rhn/websocket/notifications HTTP/1.1" 101 -
172.16.3.5 - - [20/Apr/2026:17:17:26 +0200] "POST /rhn/manager/frontend-log HTTP/1.1" 200 16
172.16.3.5 - - [20/Apr/2026:17:17:26 +0200] "GET /rhn/manager/systems/list/all HTTP/1.1" 200 36840
172.16.3.5 - - [20/Apr/2026:17:17:27 +0200] "POST /rhn/manager/frontend-log HTTP/1.1" 200 16
127.0.0.1 - - [20/Apr/2026:17:17:27 +0200] "GET /rhn/websocket/notifications HTTP/1.1" 101 -
172.16.3.5 - - [20/Apr/2026:17:17:27 +0200] "POST /rhn/manager/frontend-log HTTP/1.1" 200 16
127.0.0.1 - - [20/Apr/2026:17:17:27 +0200] "GET /rhn/websocket/notifications HTTP/1.1" 101 -
172.16.3.7 - - [20/Apr/2026:17:17:27 +0200] "HEAD /rhn/manager/download/sle-module-basesystem15-sp7-updates-x86_64/repodata/repomd.xml?eyJhbGciOiJIUzI1NiJ9.eyJqdGkiOiJwU3V4RU9NZjI4RUliQmpLS2UxTU5RIiwiZXhwIjoxODA4MjM0MjIwLCJpYXQiOjE3NzY2OTgyMjAsIm5iZiI6MTc3NjY5ODEwMCwib3JnIjoxLCJvbmx5Q2hhbm5lbHMiOlsic2xlLW1vZHVsZS1iYXNlc3lzdGVtMTUtc3A3LXVwZGF0ZXMteDg2XzY0Il19.j90FXHKTwXI58Sli3elTNpuvyhEMBx96dNnzBNP0ILI HTTP/1.1" 200 -
172.16.3.7 - - [20/Apr/2026:17:17:27 +0200] "HEAD /rhn/manager/download/sle-module-basesystem15-sp7-updates-x86_64/media.1/media?eyJhbGciOiJIUzI1NiJ9.eyJqdGkiOiJwU3V4RU9NZjI4RUliQmpLS2UxTU5RIiwiZXhwIjoxODA4MjM0MjIwLCJpYXQiOjE3NzY2OTgyMjAsIm5iZiI6MTc3NjY5ODEwMCwib3JnIjoxLCJvbmx5Q2hhbm5lbHMiOlsic2xlLW1vZHVsZS1iYXNlc3lzdGVtMTUtc3A3LXVwZGF0ZXMteDg2XzY0Il19.j90FXHKTwXI58Sli3elTNpuvyhEMBx96dNnzBNP0ILI HTTP/1.1" 404 -
172.16.3.7 - - [20/Apr/2026:17:17:27 +0200] "HEAD /rhn/manager/download/sle-module-basesystem15-sp7-updates-x86_64/repodata/repomd.xml?eyJhbGciOiJIUzI1NiJ9.eyJqdGkiOiJwU3V4RU9NZjI4RUliQmpLS2UxTU5RIiwiZXhwIjoxODA4MjM0MjIwLCJpYXQiOjE3NzY2OTgyMjAsIm5iZiI6MTc3NjY5ODEwMCwib3JnIjoxLCJvbmx5Q2hhbm5lbHMiOlsic2xlLW1vZHVsZS1iYXNlc3lzdGVtMTUtc3A3LXVwZGF0ZXMteDg2XzY0Il19.j90FXHKTwXI58Sli3elTNpuvyhEMBx96dNnzBNP0ILI HTTP/1.1" 200 -
172.16.3.5 - - [20/Apr/2026:17:17:27 +0200] "GET /rhn/manager/api/systems/list/all?p=1&ps=100&s=1&sc=server_name HTTP/1.1" 200 3169
172.16.3.5 - - [20/Apr/2026:17:17:27 +0200] "GET /rhn/systems/details/history/Pending.do?sid=1000010001& HTTP/1.1" 200 43019
172.16.3.7 - - [20/Apr/2026:17:17:27 +0200] "GET /rhn/manager/download/sle-module-basesystem15-sp7-updates-x86_64/repodata/repomd.xml?eyJhbGciOiJIUzI1NiJ9.eyJqdGkiOiJwU3V4RU9NZjI4RUliQmpLS2UxTU5RIiwiZXhwIjoxODA4MjM0MjIwLCJpYXQiOjE3NzY2OTgyMjAsIm5iZiI6MTc3NjY5ODEwMCwib3JnIjoxLCJvbmx5Q2hhbm5lbHMiOlsic2xlLW1vZHVsZS1iYXNlc3lzdGVtMTUtc3A3LXVwZGF0ZXMteDg2XzY0Il19.j90FXHKTwXI58Sli3elTNpuvyhEMBx96dNnzBNP0ILI HTTP/1.1" 200 3664
172.16.3.7 - - [20/Apr/2026:17:17:27 +0200] "HEAD /rhn/manager/download/sle-module-basesystem15-sp7-updates-x86_64/repodata/repomd.xml.asc?eyJhbGciOiJIUzI1NiJ9.eyJqdGkiOiJwU3V4RU9NZjI4RUliQmpLS2UxTU5RIiwiZXhwIjoxODA4MjM0MjIwLCJpYXQiOjE3NzY2OTgyMjAsIm5iZiI6MTc3NjY5ODEwMCwib3JnIjoxLCJvbmx5Q2hhbm5lbHMiOlsic2xlLW1vZHVsZS1iYXNlc3lzdGVtMTUtc3A3LXVwZGF0ZXMteDg2XzY0Il19.j90FXHKTwXI58Sli3elTNpuvyhEMBx96dNnzBNP0ILI HTTP/1.1" 404 -
172.16.3.5 - - [20/Apr/2026:17:17:27 +0200] "POST /rhn/manager/api/sets/system_list HTTP/1.1" 200 1
172.16.3.7 - - [20/Apr/2026:17:17:27 +0200] "HEAD /rhn/manager/download/sle-module-basesystem15-sp7-updates-x86_64/repodata/9441cd367ebc6fb6386eff460ae9a617d3fe90796cbd5b8317f811832a67611f-primary.xml.gz?eyJhbGciOiJIUzI1NiJ9.eyJqdGkiOiJwU3V4RU9NZjI4RUliQmpLS2UxTU5RIiwiZXhwIjoxODA4MjM0MjIwLCJpYXQiOjE3NzY2OTgyMjAsIm5iZiI6MTc3NjY5ODEwMCwib3JnIjoxLCJvbmx5Q2hhbm5lbHMiOlsic2xlLW1vZHVsZS1iYXNlc3lzdGVtMTUtc3A3LXVwZGF0ZXMteDg2XzY0Il19.j90FXHKTwXI58Sli3elTNpuvyhEMBx96dNnzBNP0ILI HTTP/1.1" 200 -
172.16.3.5 - - [20/Apr/2026:17:17:27 +0200] "POST /rhn/manager/frontend-log HTTP/1.1" 200 16
172.16.3.7 - - [20/Apr/2026:17:17:27 +0200] "GET /rhn/manager/download/sle-module-basesystem15-sp7-updates-x86_64/repodata/9441cd367ebc6fb6386eff460ae9a617d3fe90796cbd5b8317f811832a67611f-primary.xml.gz?eyJhbGciOiJIUzI1NiJ9.eyJqdGkiOiJwU3V4RU9NZjI4RUliQmpLS2UxTU5RIiwiZXhwIjoxODA4MjM0MjIwLCJpYXQiOjE3NzY2OTgyMjAsIm5iZiI6MTc3NjY5ODEwMCwib3JnIjoxLCJvbmx5Q2hhbm5lbHMiOlsic2xlLW1vZHVsZS1iYXNlc3lzdGVtMTUtc3A3LXVwZGF0ZXMteDg2XzY0Il19.j90FXHKTwXI58Sli3elTNpuvyhEMBx96dNnzBNP0ILI HTTP/1.1" 200 3664
172.16.3.5 - - [20/Apr/2026:17:17:28 +0200] "POST /rhn/manager/frontend-log HTTP/1.1" 200 16
172.16.3.7 - - [20/Apr/2026:17:17:28 +0200] "HEAD /rhn/manager/download/sle-module-basesystem15-sp7-updates-x86_64/repodata/f6509ee38c25cad3477c028e1bd394407c69b4109b97e50495213bbb74a22321-susedata.xml.gz?eyJhbGciOiJIUzI1NiJ9.eyJqdGkiOiJwU3V4RU9NZjI4RUliQmpLS2UxTU5RIiwiZXhwIjoxODA4MjM0MjIwLCJpYXQiOjE3NzY2OTgyMjAsIm5iZiI6MTc3NjY5ODEwMCwib3JnIjoxLCJvbmx5Q2hhbm5lbHMiOlsic2xlLW1vZHVsZS1iYXNlc3lzdGVtMTUtc3A3LXVwZGF0ZXMteDg2XzY0Il19.j90FXHKTwXI58Sli3elTNpuvyhEMBx96dNnzBNP0ILI HTTP/1.1" 200 -
127.0.0.1 - - [20/Apr/2026:17:17:28 +0200] "GET /rhn/websocket/notifications HTTP/1.1" 101 -
172.16.3.7 - - [20/Apr/2026:17:17:28 +0200] "GET /rhn/manager/download/sle-module-basesystem15-sp7-updates-x86_64/repodata/f6509ee38c25cad3477c028e1bd394407c69b4109b97e50495213bbb74a22321-susedata.xml.gz?eyJhbGciOiJIUzI1NiJ9.eyJqdGkiOiJwU3V4RU9NZjI4RUliQmpLS2UxTU5RIiwiZXhwIjoxODA4MjM0MjIwLCJpYXQiOjE3NzY2OTgyMjAsIm5iZiI6MTc3NjY5ODEwMCwib3JnIjoxLCJvbmx5Q2hhbm5lbHMiOlsic2xlLW1vZHVsZS1iYXNlc3lzdGVtMTUtc3A3LXVwZGF0ZXMteDg2XzY0Il19.j90FXHKTwXI58Sli3elTNpuvyhEMBx96dNnzBNP0ILI HTTP/1.1" 200 3662
172.16.3.7 - - [20/Apr/2026:17:17:28 +0200] "HEAD /rhn/manager/download/sle-module-basesystem15-sp7-updates-x86_64/repodata/dfe602757bb5234a96bcf179b73cdf9f7c2106a2b273729746ed7c79ed47b5ff-updateinfo.xml.gz?eyJhbGciOiJIUzI1NiJ9.eyJqdGkiOiJwU3V4RU9NZjI4RUliQmpLS2UxTU5RIiwiZXhwIjoxODA4MjM0MjIwLCJpYXQiOjE3NzY2OTgyMjAsIm5iZiI6MTc3NjY5ODEwMCwib3JnIjoxLCJvbmx5Q2hhbm5lbHMiOlsic2xlLW1vZHVsZS1iYXNlc3lzdGVtMTUtc3A3LXVwZGF0ZXMteDg2XzY0Il19.j90FXHKTwXI58Sli3elTNpuvyhEMBx96dNnzBNP0ILI HTTP/1.1" 200 -
172.16.3.7 - - [20/Apr/2026:17:17:28 +0200] "GET /rhn/manager/download/sle-module-basesystem15-sp7-updates-x86_64/repodata/dfe602757bb5234a96bcf179b73cdf9f7c2106a2b273729746ed7c79ed47b5ff-updateinfo.xml.gz?eyJhbGciOiJIUzI1NiJ9.eyJqdGkiOiJwU3V4RU9NZjI4RUliQmpLS2UxTU5RIiwiZXhwIjoxODA4MjM0MjIwLCJpYXQiOjE3NzY2OTgyMjAsIm5iZiI6MTc3NjY5ODEwMCwib3JnIjoxLCJvbmx5Q2hhbm5lbHMiOlsic2xlLW1vZHVsZS1iYXNlc3lzdGVtMTUtc3A3LXVwZGF0ZXMteDg2XzY0Il19.j90FXHKTwXI58Sli3elTNpuvyhEMBx96dNnzBNP0ILI HTTP/1.1" 200 3664
127.0.0.1 - - [20/Apr/2026:17:17:28 +0200] "GET /rhn/websocket/notifications HTTP/1.1" 101 -
172.16.3.5 - - [20/Apr/2026:17:17:29 +0200] "GET /rhn/systems/details/history/Pending.do?sid=1000010003& HTTP/1.1" 200 43023
172.16.3.5 - - [20/Apr/2026:17:17:29 +0200] "POST /rhn/manager/frontend-log HTTP/1.1" 200 16
172.16.3.5 - - [20/Apr/2026:17:17:29 +0200] "POST /rhn/manager/frontend-log HTTP/1.1" 200 16
127.0.0.1 - - [20/Apr/2026:17:17:29 +0200] "GET /rhn/websocket/notifications HTTP/1.1" 101 -
127.0.0.1 - - [20/Apr/2026:17:17:29 +0200] "GET /rhn/websocket/notifications HTTP/1.1" 101 -
172.16.3.7 - - [20/Apr/2026:17:17:29 +0200] "HEAD /rhn/manager/download/sle-module-desktop-applications15-sp7-updates-x86_64/repodata/repomd.xml?eyJhbGciOiJIUzI1NiJ9.eyJqdGkiOiJxQmhvWG95eTA0U3hjZkdqWlJmYWpBIiwiZXhwIjoxODA4MjM0MjIwLCJpYXQiOjE3NzY2OTgyMjAsIm5iZiI6MTc3NjY5ODEwMCwib3JnIjoxLCJvbmx5Q2hhbm5lbHMiOlsic2xlLW1vZHVsZS1kZXNrdG9wLWFwcGxpY2F0aW9uczE1LXNwNy11cGRhdGVzLXg4Nl82NCJdfQ.3CxL2sSqal1aqHBkmvXB_ESa1veV9b22hmR1GD8jKY0 HTTP/1.1" 200 -
172.16.3.7 - - [20/Apr/2026:17:17:29 +0200] "HEAD /rhn/manager/download/sle-module-desktop-applications15-sp7-updates-x86_64/media.1/media?eyJhbGciOiJIUzI1NiJ9.eyJqdGkiOiJxQmhvWG95eTA0U3hjZkdqWlJmYWpBIiwiZXhwIjoxODA4MjM0MjIwLCJpYXQiOjE3NzY2OTgyMjAsIm5iZiI6MTc3NjY5ODEwMCwib3JnIjoxLCJvbmx5Q2hhbm5lbHMiOlsic2xlLW1vZHVsZS1kZXNrdG9wLWFwcGxpY2F0aW9uczE1LXNwNy11cGRhdGVzLXg4Nl82NCJdfQ.3CxL2sSqal1aqHBkmvXB_ESa1veV9b22hmR1GD8jKY0 HTTP/1.1" 404 -
172.16.3.7 - - [20/Apr/2026:17:17:30 +0200] "HEAD /rhn/manager/download/sle-module-desktop-applications15-sp7-updates-x86_64/repodata/repomd.xml?eyJhbGciOiJIUzI1NiJ9.eyJqdGkiOiJxQmhvWG95eTA0U3hjZkdqWlJmYWpBIiwiZXhwIjoxODA4MjM0MjIwLCJpYXQiOjE3NzY2OTgyMjAsIm5iZiI6MTc3NjY5ODEwMCwib3JnIjoxLCJvbmx5Q2hhbm5lbHMiOlsic2xlLW1vZHVsZS1kZXNrdG9wLWFwcGxpY2F0aW9uczE1LXNwNy11cGRhdGVzLXg4Nl82NCJdfQ.3CxL2sSqal1aqHBkmvXB_ESa1veV9b22hmR1GD8jKY0 HTTP/1.1" 200 -
172.16.3.7 - - [20/Apr/2026:17:17:30 +0200] "GET /rhn/manager/download/sle-module-desktop-applications15-sp7-updates-x86_64/repodata/repomd.xml?eyJhbGciOiJIUzI1NiJ9.eyJqdGkiOiJxQmhvWG95eTA0U3hjZkdqWlJmYWpBIiwiZXhwIjoxODA4MjM0MjIwLCJpYXQiOjE3NzY2OTgyMjAsIm5iZiI6MTc3NjY5ODEwMCwib3JnIjoxLCJvbmx5Q2hhbm5lbHMiOlsic2xlLW1vZHVsZS1kZXNrdG9wLWFwcGxpY2F0aW9uczE1LXNwNy11cGRhdGVzLXg4Nl82NCJdfQ.3CxL2sSqal1aqHBkmvXB_ESa1veV9b22hmR1GD8jKY0 HTTP/1.1" 200 3664
172.16.3.7 - - [20/Apr/2026:17:17:30 +0200] "HEAD /rhn/manager/download/sle-module-desktop-applications15-sp7-updates-x86_64/repodata/repomd.xml.asc?eyJhbGciOiJIUzI1NiJ9.eyJqdGkiOiJxQmhvWG95eTA0U3hjZkdqWlJmYWpBIiwiZXhwIjoxODA4MjM0MjIwLCJpYXQiOjE3NzY2OTgyMjAsIm5iZiI6MTc3NjY5ODEwMCwib3JnIjoxLCJvbmx5Q2hhbm5lbHMiOlsic2xlLW1vZHVsZS1kZXNrdG9wLWFwcGxpY2F0aW9uczE1LXNwNy11cGRhdGVzLXg4Nl82NCJdfQ.3CxL2sSqal1aqHBkmvXB_ESa1veV9b22hmR1GD8jKY0 HTTP/1.1" 404 -
172.16.3.7 - - [20/Apr/2026:17:17:30 +0200] "HEAD /rhn/manager/download/sle-module-desktop-applications15-sp7-updates-x86_64/repodata/0b61529886fb9a13b0da87ca0220f585957a8ee2e49810f7cb0e00e1d08fdcd0-primary.xml.gz?eyJhbGciOiJIUzI1NiJ9.eyJqdGkiOiJxQmhvWG95eTA0U3hjZkdqWlJmYWpBIiwiZXhwIjoxODA4MjM0MjIwLCJpYXQiOjE3NzY2OTgyMjAsIm5iZiI6MTc3NjY5ODEwMCwib3JnIjoxLCJvbmx5Q2hhbm5lbHMiOlsic2xlLW1vZHVsZS1kZXNrdG9wLWFwcGxpY2F0aW9uczE1LXNwNy11cGRhdGVzLXg4Nl82NCJdfQ.3CxL2sSqal1aqHBkmvXB_ESa1veV9b22hmR1GD8jKY0 HTTP/1.1" 200 -
172.16.3.7 - - [20/Apr/2026:17:17:30 +0200] "GET /rhn/manager/download/sle-module-desktop-applications15-sp7-updates-x86_64/repodata/0b61529886fb9a13b0da87ca0220f585957a8ee2e49810f7cb0e00e1d08fdcd0-primary.xml.gz?eyJhbGciOiJIUzI1NiJ9.eyJqdGkiOiJxQmhvWG95eTA0U3hjZkdqWlJmYWpBIiwiZXhwIjoxODA4MjM0MjIwLCJpYXQiOjE3NzY2OTgyMjAsIm5iZiI6MTc3NjY5ODEwMCwib3JnIjoxLCJvbmx5Q2hhbm5lbHMiOlsic2xlLW1vZHVsZS1kZXNrdG9wLWFwcGxpY2F0aW9uczE1LXNwNy11cGRhdGVzLXg4Nl82NCJdfQ.3CxL2sSqal1aqHBkmvXB_ESa1veV9b22hmR1GD8jKY0 HTTP/1.1" 200 3664
172.16.3.7 - - [20/Apr/2026:17:17:30 +0200] "HEAD /rhn/manager/download/sle-module-desktop-applications15-sp7-updates-x86_64/repodata/ab78b31be5c76a7f3f578938f9242fa8967728b2af04aed99f0164d8524bf788-susedata.xml.gz?eyJhbGciOiJIUzI1NiJ9.eyJqdGkiOiJxQmhvWG95eTA0U3hjZkdqWlJmYWpBIiwiZXhwIjoxODA4MjM0MjIwLCJpYXQiOjE3NzY2OTgyMjAsIm5iZiI6MTc3NjY5ODEwMCwib3JnIjoxLCJvbmx5Q2hhbm5lbHMiOlsic2xlLW1vZHVsZS1kZXNrdG9wLWFwcGxpY2F0aW9uczE1LXNwNy11cGRhdGVzLXg4Nl82NCJdfQ.3CxL2sSqal1aqHBkmvXB_ESa1veV9b22hmR1GD8jKY0 HTTP/1.1" 200 -
172.16.3.7 - - [20/Apr/2026:17:17:30 +0200] "GET /rhn/manager/download/sle-module-desktop-applications15-sp7-updates-x86_64/repodata/ab78b31be5c76a7f3f578938f9242fa8967728b2af04aed99f0164d8524bf788-susedata.xml.gz?eyJhbGciOiJIUzI1NiJ9.eyJqdGkiOiJxQmhvWG95eTA0U3hjZkdqWlJmYWpBIiwiZXhwIjoxODA4MjM0MjIwLCJpYXQiOjE3NzY2OTgyMjAsIm5iZiI6MTc3NjY5ODEwMCwib3JnIjoxLCJvbmx5Q2hhbm5lbHMiOlsic2xlLW1vZHVsZS1kZXNrdG9wLWFwcGxpY2F0aW9uczE1LXNwNy11cGRhdGVzLXg4Nl82NCJdfQ.3CxL2sSqal1aqHBkmvXB_ESa1veV9b22hmR1GD8jKY0 HTTP/1.1" 200 3664
172.16.3.7 - - [20/Apr/2026:17:17:30 +0200] "HEAD /rhn/manager/download/sle-module-desktop-applications15-sp7-updates-x86_64/repodata/4e7ba5e64e590cc27dfbd0ae1b9a051f5f76fd9a6cc1e1f3124e5d277bf0dc97-updateinfo.xml.gz?eyJhbGciOiJIUzI1NiJ9.eyJqdGkiOiJxQmhvWG95eTA0U3hjZkdqWlJmYWpBIiwiZXhwIjoxODA4MjM0MjIwLCJpYXQiOjE3NzY2OTgyMjAsIm5iZiI6MTc3NjY5ODEwMCwib3JnIjoxLCJvbmx5Q2hhbm5lbHMiOlsic2xlLW1vZHVsZS1kZXNrdG9wLWFwcGxpY2F0aW9uczE1LXNwNy11cGRhdGVzLXg4Nl82NCJdfQ.3CxL2sSqal1aqHBkmvXB_ESa1veV9b22hmR1GD8jKY0 HTTP/1.1" 200 -
172.16.3.7 - - [20/Apr/2026:17:17:30 +0200] "GET /rhn/manager/download/sle-module-desktop-applications15-sp7-updates-x86_64/repodata/4e7ba5e64e590cc27dfbd0ae1b9a051f5f76fd9a6cc1e1f3124e5d277bf0dc97-updateinfo.xml.gz?eyJhbGciOiJIUzI1NiJ9.eyJqdGkiOiJxQmhvWG95eTA0U3hjZkdqWlJmYWpBIiwiZXhwIjoxODA4MjM0MjIwLCJpYXQiOjE3NzY2OTgyMjAsIm5iZiI6MTc3NjY5ODEwMCwib3JnIjoxLCJvbmx5Q2hhbm5lbHMiOlsic2xlLW1vZHVsZS1kZXNrdG9wLWFwcGxpY2F0aW9uczE1LXNwNy11cGRhdGVzLXg4Nl82NCJdfQ.3CxL2sSqal1aqHBkmvXB_ESa1veV9b22hmR1GD8jKY0 HTTP/1.1" 200 3664
172.16.3.7 - - [20/Apr/2026:17:17:30 +0200] "HEAD /rhn/manager/download/sle-module-devtools15-sp7-updates-x86_64/repodata/repomd.xml?eyJhbGciOiJIUzI1NiJ9.eyJqdGkiOiJyOGdBR2R0YUVoWEZUVFhnS21Vc0VRIiwiZXhwIjoxODA4MjM0MjIwLCJpYXQiOjE3NzY2OTgyMjAsIm5iZiI6MTc3NjY5ODEwMCwib3JnIjoxLCJvbmx5Q2hhbm5lbHMiOlsic2xlLW1vZHVsZS1kZXZ0b29sczE1LXNwNy11cGRhdGVzLXg4Nl82NCJdfQ.to4hkIKCYOt1Y8n133tlXFBNCXpNR2TsmTNa0-LpEgM HTTP/1.1" 200 -
172.16.3.7 - - [20/Apr/2026:17:17:30 +0200] "HEAD /rhn/manager/download/sle-module-devtools15-sp7-updates-x86_64/media.1/media?eyJhbGciOiJIUzI1NiJ9.eyJqdGkiOiJyOGdBR2R0YUVoWEZUVFhnS21Vc0VRIiwiZXhwIjoxODA4MjM0MjIwLCJpYXQiOjE3NzY2OTgyMjAsIm5iZiI6MTc3NjY5ODEwMCwib3JnIjoxLCJvbmx5Q2hhbm5lbHMiOlsic2xlLW1vZHVsZS1kZXZ0b29sczE1LXNwNy11cGRhdGVzLXg4Nl82NCJdfQ.to4hkIKCYOt1Y8n133tlXFBNCXpNR2TsmTNa0-LpEgM HTTP/1.1" 404 -
172.16.3.7 - - [20/Apr/2026:17:17:30 +0200] "HEAD /rhn/manager/download/sle-module-devtools15-sp7-updates-x86_64/repodata/repomd.xml?eyJhbGciOiJIUzI1NiJ9.eyJqdGkiOiJyOGdBR2R0YUVoWEZUVFhnS21Vc0VRIiwiZXhwIjoxODA4MjM0MjIwLCJpYXQiOjE3NzY2OTgyMjAsIm5iZiI6MTc3NjY5ODEwMCwib3JnIjoxLCJvbmx5Q2hhbm5lbHMiOlsic2xlLW1vZHVsZS1kZXZ0b29sczE1LXNwNy11cGRhdGVzLXg4Nl82NCJdfQ.to4hkIKCYOt1Y8n133tlXFBNCXpNR2TsmTNa0-LpEgM HTTP/1.1" 200 -
172.16.3.7 - - [20/Apr/2026:17:17:30 +0200] "GET /rhn/manager/download/sle-module-devtools15-sp7-updates-x86_64/repodata/repomd.xml?eyJhbGciOiJIUzI1NiJ9.eyJqdGkiOiJyOGdBR2R0YUVoWEZUVFhnS21Vc0VRIiwiZXhwIjoxODA4MjM0MjIwLCJpYXQiOjE3NzY2OTgyMjAsIm5iZiI6MTc3NjY5ODEwMCwib3JnIjoxLCJvbmx5Q2hhbm5lbHMiOlsic2xlLW1vZHVsZS1kZXZ0b29sczE1LXNwNy11cGRhdGVzLXg4Nl82NCJdfQ.to4hkIKCYOt1Y8n133tlXFBNCXpNR2TsmTNa0-LpEgM HTTP/1.1" 200 3664
172.16.3.7 - - [20/Apr/2026:17:17:30 +0200] "HEAD /rhn/manager/download/sle-module-devtools15-sp7-updates-x86_64/repodata/repomd.xml.asc?eyJhbGciOiJIUzI1NiJ9.eyJqdGkiOiJyOGdBR2R0YUVoWEZUVFhnS21Vc0VRIiwiZXhwIjoxODA4MjM0MjIwLCJpYXQiOjE3NzY2OTgyMjAsIm5iZiI6MTc3NjY5ODEwMCwib3JnIjoxLCJvbmx5Q2hhbm5lbHMiOlsic2xlLW1vZHVsZS1kZXZ0b29sczE1LXNwNy11cGRhdGVzLXg4Nl82NCJdfQ.to4hkIKCYOt1Y8n133tlXFBNCXpNR2TsmTNa0-LpEgM HTTP/1.1" 404 -
172.16.3.7 - - [20/Apr/2026:17:17:30 +0200] "HEAD /rhn/manager/download/sle-module-devtools15-sp7-updates-x86_64/repodata/3659259399a6d4ea30c0dc8d4525c50b36f7a75cbb06173287bb538cf2df4875-primary.xml.gz?eyJhbGciOiJIUzI1NiJ9.eyJqdGkiOiJyOGdBR2R0YUVoWEZUVFhnS21Vc0VRIiwiZXhwIjoxODA4MjM0MjIwLCJpYXQiOjE3NzY2OTgyMjAsIm5iZiI6MTc3NjY5ODEwMCwib3JnIjoxLCJvbmx5Q2hhbm5lbHMiOlsic2xlLW1vZHVsZS1kZXZ0b29sczE1LXNwNy11cGRhdGVzLXg4Nl82NCJdfQ.to4hkIKCYOt1Y8n133tlXFBNCXpNR2TsmTNa0-LpEgM HTTP/1.1" 200 -
172.16.3.7 - - [20/Apr/2026:17:17:30 +0200] "GET /rhn/manager/download/sle-module-devtools15-sp7-updates-x86_64/repodata/3659259399a6d4ea30c0dc8d4525c50b36f7a75cbb06173287bb538cf2df4875-primary.xml.gz?eyJhbGciOiJIUzI1NiJ9.eyJqdGkiOiJyOGdBR2R0YUVoWEZUVFhnS21Vc0VRIiwiZXhwIjoxODA4MjM0MjIwLCJpYXQiOjE3NzY2OTgyMjAsIm5iZiI6MTc3NjY5ODEwMCwib3JnIjoxLCJvbmx5Q2hhbm5lbHMiOlsic2xlLW1vZHVsZS1kZXZ0b29sczE1LXNwNy11cGRhdGVzLXg4Nl82NCJdfQ.to4hkIKCYOt1Y8n133tlXFBNCXpNR2TsmTNa0-LpEgM HTTP/1.1" 200 3663
172.16.3.7 - - [20/Apr/2026:17:17:30 +0200] "HEAD /rhn/manager/download/sle-module-devtools15-sp7-updates-x86_64/repodata/094349e898484ff3eeb4fe80efe2d0980ce4027c12c827c649e9c7ab5880db5b-susedata.xml.gz?eyJhbGciOiJIUzI1NiJ9.eyJqdGkiOiJyOGdBR2R0YUVoWEZUVFhnS21Vc0VRIiwiZXhwIjoxODA4MjM0MjIwLCJpYXQiOjE3NzY2OTgyMjAsIm5iZiI6MTc3NjY5ODEwMCwib3JnIjoxLCJvbmx5Q2hhbm5lbHMiOlsic2xlLW1vZHVsZS1kZXZ0b29sczE1LXNwNy11cGRhdGVzLXg4Nl82NCJdfQ.to4hkIKCYOt1Y8n133tlXFBNCXpNR2TsmTNa0-LpEgM HTTP/1.1" 200 -
172.16.3.7 - - [20/Apr/2026:17:17:30 +0200] "GET /rhn/manager/download/sle-module-devtools15-sp7-updates-x86_64/repodata/094349e898484ff3eeb4fe80efe2d0980ce4027c12c827c649e9c7ab5880db5b-susedata.xml.gz?eyJhbGciOiJIUzI1NiJ9.eyJqdGkiOiJyOGdBR2R0YUVoWEZUVFhnS21Vc0VRIiwiZXhwIjoxODA4MjM0MjIwLCJpYXQiOjE3NzY2OTgyMjAsIm5iZiI6MTc3NjY5ODEwMCwib3JnIjoxLCJvbmx5Q2hhbm5lbHMiOlsic2xlLW1vZHVsZS1kZXZ0b29sczE1LXNwNy11cGRhdGVzLXg4Nl82NCJdfQ.to4hkIKCYOt1Y8n133tlXFBNCXpNR2TsmTNa0-LpEgM HTTP/1.1" 200 3664
172.16.3.7 - - [20/Apr/2026:17:17:30 +0200] "HEAD /rhn/manager/download/sle-module-devtools15-sp7-updates-x86_64/repodata/73df7309c5f74e9506c05c750d3350573e91471dcc09b1723c01c4c5a40e78bc-updateinfo.xml.gz?eyJhbGciOiJIUzI1NiJ9.eyJqdGkiOiJyOGdBR2R0YUVoWEZUVFhnS21Vc0VRIiwiZXhwIjoxODA4MjM0MjIwLCJpYXQiOjE3NzY2OTgyMjAsIm5iZiI6MTc3NjY5ODEwMCwib3JnIjoxLCJvbmx5Q2hhbm5lbHMiOlsic2xlLW1vZHVsZS1kZXZ0b29sczE1LXNwNy11cGRhdGVzLXg4Nl82NCJdfQ.to4hkIKCYOt1Y8n133tlXFBNCXpNR2TsmTNa0-LpEgM HTTP/1.1" 200 -
172.16.3.7 - - [20/Apr/2026:17:17:30 +0200] "GET /rhn/manager/download/sle-module-devtools15-sp7-updates-x86_64/repodata/73df7309c5f74e9506c05c750d3350573e91471dcc09b1723c01c4c5a40e78bc-updateinfo.xml.gz?eyJhbGciOiJIUzI1NiJ9.eyJqdGkiOiJyOGdBR2R0YUVoWEZUVFhnS21Vc0VRIiwiZXhwIjoxODA4MjM0MjIwLCJpYXQiOjE3NzY2OTgyMjAsIm5iZiI6MTc3NjY5ODEwMCwib3JnIjoxLCJvbmx5Q2hhbm5lbHMiOlsic2xlLW1vZHVsZS1kZXZ0b29sczE1LXNwNy11cGRhdGVzLXg4Nl82NCJdfQ.to4hkIKCYOt1Y8n133tlXFBNCXpNR2TsmTNa0-LpEgM HTTP/1.1" 200 3664
172.16.3.7 - - [20/Apr/2026:17:17:30 +0200] "HEAD /rhn/manager/download/sle-module-python3-15-sp7-updates-x86_64/repodata/repomd.xml?eyJhbGciOiJIUzI1NiJ9.eyJqdGkiOiIxRlNXbC1wYXVTVE01Y0hvM2xJbVJBIiwiZXhwIjoxODA4MjM0MjIwLCJpYXQiOjE3NzY2OTgyMjAsIm5iZiI6MTc3NjY5ODEwMCwib3JnIjoxLCJvbmx5Q2hhbm5lbHMiOlsic2xlLW1vZHVsZS1weXRob24zLTE1LXNwNy11cGRhdGVzLXg4Nl82NCJdfQ.OzY0dOl6R7gDMxFxJlWLiqJ-o1cDSK2qSJOhv8lLNuc HTTP/1.1" 200 -
172.16.3.7 - - [20/Apr/2026:17:17:30 +0200] "HEAD /rhn/manager/download/sle-module-python3-15-sp7-updates-x86_64/media.1/media?eyJhbGciOiJIUzI1NiJ9.eyJqdGkiOiIxRlNXbC1wYXVTVE01Y0hvM2xJbVJBIiwiZXhwIjoxODA4MjM0MjIwLCJpYXQiOjE3NzY2OTgyMjAsIm5iZiI6MTc3NjY5ODEwMCwib3JnIjoxLCJvbmx5Q2hhbm5lbHMiOlsic2xlLW1vZHVsZS1weXRob24zLTE1LXNwNy11cGRhdGVzLXg4Nl82NCJdfQ.OzY0dOl6R7gDMxFxJlWLiqJ-o1cDSK2qSJOhv8lLNuc HTTP/1.1" 404 -
172.16.3.7 - - [20/Apr/2026:17:17:30 +0200] "HEAD /rhn/manager/download/sle-module-python3-15-sp7-updates-x86_64/repodata/repomd.xml?eyJhbGciOiJIUzI1NiJ9.eyJqdGkiOiIxRlNXbC1wYXVTVE01Y0hvM2xJbVJBIiwiZXhwIjoxODA4MjM0MjIwLCJpYXQiOjE3NzY2OTgyMjAsIm5iZiI6MTc3NjY5ODEwMCwib3JnIjoxLCJvbmx5Q2hhbm5lbHMiOlsic2xlLW1vZHVsZS1weXRob24zLTE1LXNwNy11cGRhdGVzLXg4Nl82NCJdfQ.OzY0dOl6R7gDMxFxJlWLiqJ-o1cDSK2qSJOhv8lLNuc HTTP/1.1" 200 -
172.16.3.7 - - [20/Apr/2026:17:17:30 +0200] "GET /rhn/manager/download/sle-module-python3-15-sp7-updates-x86_64/repodata/repomd.xml?eyJhbGciOiJIUzI1NiJ9.eyJqdGkiOiIxRlNXbC1wYXVTVE01Y0hvM2xJbVJBIiwiZXhwIjoxODA4MjM0MjIwLCJpYXQiOjE3NzY2OTgyMjAsIm5iZiI6MTc3NjY5ODEwMCwib3JnIjoxLCJvbmx5Q2hhbm5lbHMiOlsic2xlLW1vZHVsZS1weXRob24zLTE1LXNwNy11cGRhdGVzLXg4Nl82NCJdfQ.OzY0dOl6R7gDMxFxJlWLiqJ-o1cDSK2qSJOhv8lLNuc HTTP/1.1" 200 3664
172.16.3.7 - - [20/Apr/2026:17:17:30 +0200] "HEAD /rhn/manager/download/sle-module-python3-15-sp7-updates-x86_64/repodata/repomd.xml.asc?eyJhbGciOiJIUzI1NiJ9.eyJqdGkiOiIxRlNXbC1wYXVTVE01Y0hvM2xJbVJBIiwiZXhwIjoxODA4MjM0MjIwLCJpYXQiOjE3NzY2OTgyMjAsIm5iZiI6MTc3NjY5ODEwMCwib3JnIjoxLCJvbmx5Q2hhbm5lbHMiOlsic2xlLW1vZHVsZS1weXRob24zLTE1LXNwNy11cGRhdGVzLXg4Nl82NCJdfQ.OzY0dOl6R7gDMxFxJlWLiqJ-o1cDSK2qSJOhv8lLNuc HTTP/1.1" 404 -
172.16.3.7 - - [20/Apr/2026:17:17:30 +0200] "HEAD /rhn/manager/download/sle-module-python3-15-sp7-updates-x86_64/repodata/63e1f963be225f204b8595bf18b9f13f69a9c2adbe8dd9fa44f788db06a439ae-primary.xml.gz?eyJhbGciOiJIUzI1NiJ9.eyJqdGkiOiIxRlNXbC1wYXVTVE01Y0hvM2xJbVJBIiwiZXhwIjoxODA4MjM0MjIwLCJpYXQiOjE3NzY2OTgyMjAsIm5iZiI6MTc3NjY5ODEwMCwib3JnIjoxLCJvbmx5Q2hhbm5lbHMiOlsic2xlLW1vZHVsZS1weXRob24zLTE1LXNwNy11cGRhdGVzLXg4Nl82NCJdfQ.OzY0dOl6R7gDMxFxJlWLiqJ-o1cDSK2qSJOhv8lLNuc HTTP/1.1" 200 -
172.16.3.7 - - [20/Apr/2026:17:17:31 +0200] "GET /rhn/manager/download/sle-module-python3-15-sp7-updates-x86_64/repodata/63e1f963be225f204b8595bf18b9f13f69a9c2adbe8dd9fa44f788db06a439ae-primary.xml.gz?eyJhbGciOiJIUzI1NiJ9.eyJqdGkiOiIxRlNXbC1wYXVTVE01Y0hvM2xJbVJBIiwiZXhwIjoxODA4MjM0MjIwLCJpYXQiOjE3NzY2OTgyMjAsIm5iZiI6MTc3NjY5ODEwMCwib3JnIjoxLCJvbmx5Q2hhbm5lbHMiOlsic2xlLW1vZHVsZS1weXRob24zLTE1LXNwNy11cGRhdGVzLXg4Nl82NCJdfQ.OzY0dOl6R7gDMxFxJlWLiqJ-o1cDSK2qSJOhv8lLNuc HTTP/1.1" 200 3664
172.16.3.7 - - [20/Apr/2026:17:17:31 +0200] "HEAD /rhn/manager/download/sle-module-python3-15-sp7-updates-x86_64/repodata/df7f9c04a0406ff5385869393c580d0d07c97378d44b686dd927479a2897d56b-susedata.xml.gz?eyJhbGciOiJIUzI1NiJ9.eyJqdGkiOiIxRlNXbC1wYXVTVE01Y0hvM2xJbVJBIiwiZXhwIjoxODA4MjM0MjIwLCJpYXQiOjE3NzY2OTgyMjAsIm5iZiI6MTc3NjY5ODEwMCwib3JnIjoxLCJvbmx5Q2hhbm5lbHMiOlsic2xlLW1vZHVsZS1weXRob24zLTE1LXNwNy11cGRhdGVzLXg4Nl82NCJdfQ.OzY0dOl6R7gDMxFxJlWLiqJ-o1cDSK2qSJOhv8lLNuc HTTP/1.1" 200 -
172.16.3.7 - - [20/Apr/2026:17:17:31 +0200] "GET /rhn/manager/download/sle-module-python3-15-sp7-updates-x86_64/repodata/df7f9c04a0406ff5385869393c580d0d07c97378d44b686dd927479a2897d56b-susedata.xml.gz?eyJhbGciOiJIUzI1NiJ9.eyJqdGkiOiIxRlNXbC1wYXVTVE01Y0hvM2xJbVJBIiwiZXhwIjoxODA4MjM0MjIwLCJpYXQiOjE3NzY2OTgyMjAsIm5iZiI6MTc3NjY5ODEwMCwib3JnIjoxLCJvbmx5Q2hhbm5lbHMiOlsic2xlLW1vZHVsZS1weXRob24zLTE1LXNwNy11cGRhdGVzLXg4Nl82NCJdfQ.OzY0dOl6R7gDMxFxJlWLiqJ-o1cDSK2qSJOhv8lLNuc HTTP/1.1" 200 3664
172.16.3.7 - - [20/Apr/2026:17:17:31 +0200] "HEAD /rhn/manager/download/sle-module-python3-15-sp7-updates-x86_64/repodata/9776d1e6585db523ea2081f71bf7af2c3b6950996fbafb2d47c7d95752ffb9cc-updateinfo.xml.gz?eyJhbGciOiJIUzI1NiJ9.eyJqdGkiOiIxRlNXbC1wYXVTVE01Y0hvM2xJbVJBIiwiZXhwIjoxODA4MjM0MjIwLCJpYXQiOjE3NzY2OTgyMjAsIm5iZiI6MTc3NjY5ODEwMCwib3JnIjoxLCJvbmx5Q2hhbm5lbHMiOlsic2xlLW1vZHVsZS1weXRob24zLTE1LXNwNy11cGRhdGVzLXg4Nl82NCJdfQ.OzY0dOl6R7gDMxFxJlWLiqJ-o1cDSK2qSJOhv8lLNuc HTTP/1.1" 200 -
172.16.3.7 - - [20/Apr/2026:17:17:31 +0200] "GET /rhn/manager/download/sle-module-python3-15-sp7-updates-x86_64/repodata/9776d1e6585db523ea2081f71bf7af2c3b6950996fbafb2d47c7d95752ffb9cc-updateinfo.xml.gz?eyJhbGciOiJIUzI1NiJ9.eyJqdGkiOiIxRlNXbC1wYXVTVE01Y0hvM2xJbVJBIiwiZXhwIjoxODA4MjM0MjIwLCJpYXQiOjE3NzY2OTgyMjAsIm5iZiI6MTc3NjY5ODEwMCwib3JnIjoxLCJvbmx5Q2hhbm5lbHMiOlsic2xlLW1vZHVsZS1weXRob24zLTE1LXNwNy11cGRhdGVzLXg4Nl82NCJdfQ.OzY0dOl6R7gDMxFxJlWLiqJ-o1cDSK2qSJOhv8lLNuc HTTP/1.1" 200 3664
172.16.3.7 - - [20/Apr/2026:17:17:31 +0200] "HEAD /rhn/manager/download/sle-module-server-applications15-sp7-updates-x86_64/repodata/repomd.xml?eyJhbGciOiJIUzI1NiJ9.eyJqdGkiOiJqSVJ1TjBCVlRQQ0hJY0xmU0o3QlNBIiwiZXhwIjoxODA4MjM0MjIwLCJpYXQiOjE3NzY2OTgyMjAsIm5iZiI6MTc3NjY5ODEwMCwib3JnIjoxLCJvbmx5Q2hhbm5lbHMiOlsic2xlLW1vZHVsZS1zZXJ2ZXItYXBwbGljYXRpb25zMTUtc3A3LXVwZGF0ZXMteDg2XzY0Il19.2s8EVaw6Mdf0UrTPrZyyIfYwPeA1RydWNLCWkAdJIgY HTTP/1.1" 200 -
172.16.3.7 - - [20/Apr/2026:17:17:31 +0200] "HEAD /rhn/manager/download/sle-module-server-applications15-sp7-updates-x86_64/media.1/media?eyJhbGciOiJIUzI1NiJ9.eyJqdGkiOiJqSVJ1TjBCVlRQQ0hJY0xmU0o3QlNBIiwiZXhwIjoxODA4MjM0MjIwLCJpYXQiOjE3NzY2OTgyMjAsIm5iZiI6MTc3NjY5ODEwMCwib3JnIjoxLCJvbmx5Q2hhbm5lbHMiOlsic2xlLW1vZHVsZS1zZXJ2ZXItYXBwbGljYXRpb25zMTUtc3A3LXVwZGF0ZXMteDg2XzY0Il19.2s8EVaw6Mdf0UrTPrZyyIfYwPeA1RydWNLCWkAdJIgY HTTP/1.1" 404 -
172.16.3.7 - - [20/Apr/2026:17:17:31 +0200] "HEAD /rhn/manager/download/sle-module-server-applications15-sp7-updates-x86_64/repodata/repomd.xml?eyJhbGciOiJIUzI1NiJ9.eyJqdGkiOiJqSVJ1TjBCVlRQQ0hJY0xmU0o3QlNBIiwiZXhwIjoxODA4MjM0MjIwLCJpYXQiOjE3NzY2OTgyMjAsIm5iZiI6MTc3NjY5ODEwMCwib3JnIjoxLCJvbmx5Q2hhbm5lbHMiOlsic2xlLW1vZHVsZS1zZXJ2ZXItYXBwbGljYXRpb25zMTUtc3A3LXVwZGF0ZXMteDg2XzY0Il19.2s8EVaw6Mdf0UrTPrZyyIfYwPeA1RydWNLCWkAdJIgY HTTP/1.1" 200 -
172.16.3.7 - - [20/Apr/2026:17:17:31 +0200] "GET /rhn/manager/download/sle-module-server-applications15-sp7-updates-x86_64/repodata/repomd.xml?eyJhbGciOiJIUzI1NiJ9.eyJqdGkiOiJqSVJ1TjBCVlRQQ0hJY0xmU0o3QlNBIiwiZXhwIjoxODA4MjM0MjIwLCJpYXQiOjE3NzY2OTgyMjAsIm5iZiI6MTc3NjY5ODEwMCwib3JnIjoxLCJvbmx5Q2hhbm5lbHMiOlsic2xlLW1vZHVsZS1zZXJ2ZXItYXBwbGljYXRpb25zMTUtc3A3LXVwZGF0ZXMteDg2XzY0Il19.2s8EVaw6Mdf0UrTPrZyyIfYwPeA1RydWNLCWkAdJIgY HTTP/1.1" 200 3664
172.16.3.7 - - [20/Apr/2026:17:17:31 +0200] "HEAD /rhn/manager/download/sle-module-server-applications15-sp7-updates-x86_64/repodata/repomd.xml.asc?eyJhbGciOiJIUzI1NiJ9.eyJqdGkiOiJqSVJ1TjBCVlRQQ0hJY0xmU0o3QlNBIiwiZXhwIjoxODA4MjM0MjIwLCJpYXQiOjE3NzY2OTgyMjAsIm5iZiI6MTc3NjY5ODEwMCwib3JnIjoxLCJvbmx5Q2hhbm5lbHMiOlsic2xlLW1vZHVsZS1zZXJ2ZXItYXBwbGljYXRpb25zMTUtc3A3LXVwZGF0ZXMteDg2XzY0Il19.2s8EVaw6Mdf0UrTPrZyyIfYwPeA1RydWNLCWkAdJIgY HTTP/1.1" 404 -
172.16.3.7 - - [20/Apr/2026:17:17:31 +0200] "HEAD /rhn/manager/download/sle-module-server-applications15-sp7-updates-x86_64/repodata/b8643f1b1246a80c7b0d9a08860d5ac06fdbc256a1690d4bc5a5b391bba77cda-primary.xml.gz?eyJhbGciOiJIUzI1NiJ9.eyJqdGkiOiJqSVJ1TjBCVlRQQ0hJY0xmU0o3QlNBIiwiZXhwIjoxODA4MjM0MjIwLCJpYXQiOjE3NzY2OTgyMjAsIm5iZiI6MTc3NjY5ODEwMCwib3JnIjoxLCJvbmx5Q2hhbm5lbHMiOlsic2xlLW1vZHVsZS1zZXJ2ZXItYXBwbGljYXRpb25zMTUtc3A3LXVwZGF0ZXMteDg2XzY0Il19.2s8EVaw6Mdf0UrTPrZyyIfYwPeA1RydWNLCWkAdJIgY HTTP/1.1" 200 -
172.16.3.7 - - [20/Apr/2026:17:17:31 +0200] "GET /rhn/manager/download/sle-module-server-applications15-sp7-updates-x86_64/repodata/b8643f1b1246a80c7b0d9a08860d5ac06fdbc256a1690d4bc5a5b391bba77cda-primary.xml.gz?eyJhbGciOiJIUzI1NiJ9.eyJqdGkiOiJqSVJ1TjBCVlRQQ0hJY0xmU0o3QlNBIiwiZXhwIjoxODA4MjM0MjIwLCJpYXQiOjE3NzY2OTgyMjAsIm5iZiI6MTc3NjY5ODEwMCwib3JnIjoxLCJvbmx5Q2hhbm5lbHMiOlsic2xlLW1vZHVsZS1zZXJ2ZXItYXBwbGljYXRpb25zMTUtc3A3LXVwZGF0ZXMteDg2XzY0Il19.2s8EVaw6Mdf0UrTPrZyyIfYwPeA1RydWNLCWkAdJIgY HTTP/1.1" 200 3664
172.16.3.7 - - [20/Apr/2026:17:17:31 +0200] "HEAD /rhn/manager/download/sle-module-server-applications15-sp7-updates-x86_64/repodata/ac1fef0a4c2a1c39922ddf91cee56225053e7acddec918d0dd72c51a2b5c0f69-susedata.xml.gz?eyJhbGciOiJIUzI1NiJ9.eyJqdGkiOiJqSVJ1TjBCVlRQQ0hJY0xmU0o3QlNBIiwiZXhwIjoxODA4MjM0MjIwLCJpYXQiOjE3NzY2OTgyMjAsIm5iZiI6MTc3NjY5ODEwMCwib3JnIjoxLCJvbmx5Q2hhbm5lbHMiOlsic2xlLW1vZHVsZS1zZXJ2ZXItYXBwbGljYXRpb25zMTUtc3A3LXVwZGF0ZXMteDg2XzY0Il19.2s8EVaw6Mdf0UrTPrZyyIfYwPeA1RydWNLCWkAdJIgY HTTP/1.1" 200 -
172.16.3.7 - - [20/Apr/2026:17:17:31 +0200] "GET /rhn/manager/download/sle-module-server-applications15-sp7-updates-x86_64/repodata/ac1fef0a4c2a1c39922ddf91cee56225053e7acddec918d0dd72c51a2b5c0f69-susedata.xml.gz?eyJhbGciOiJIUzI1NiJ9.eyJqdGkiOiJqSVJ1TjBCVlRQQ0hJY0xmU0o3QlNBIiwiZXhwIjoxODA4MjM0MjIwLCJpYXQiOjE3NzY2OTgyMjAsIm5iZiI6MTc3NjY5ODEwMCwib3JnIjoxLCJvbmx5Q2hhbm5lbHMiOlsic2xlLW1vZHVsZS1zZXJ2ZXItYXBwbGljYXRpb25zMTUtc3A3LXVwZGF0ZXMteDg2XzY0Il19.2s8EVaw6Mdf0UrTPrZyyIfYwPeA1RydWNLCWkAdJIgY HTTP/1.1" 200 3663
172.16.3.7 - - [20/Apr/2026:17:17:31 +0200] "HEAD /rhn/manager/download/sle-module-server-applications15-sp7-updates-x86_64/repodata/f507c983b478293973ff46d086a36a9336fe1f7065de02b3c68d63e280a57500-updateinfo.xml.gz?eyJhbGciOiJIUzI1NiJ9.eyJqdGkiOiJqSVJ1TjBCVlRQQ0hJY0xmU0o3QlNBIiwiZXhwIjoxODA4MjM0MjIwLCJpYXQiOjE3NzY2OTgyMjAsIm5iZiI6MTc3NjY5ODEwMCwib3JnIjoxLCJvbmx5Q2hhbm5lbHMiOlsic2xlLW1vZHVsZS1zZXJ2ZXItYXBwbGljYXRpb25zMTUtc3A3LXVwZGF0ZXMteDg2XzY0Il19.2s8EVaw6Mdf0UrTPrZyyIfYwPeA1RydWNLCWkAdJIgY HTTP/1.1" 200 -
172.16.3.7 - - [20/Apr/2026:17:17:31 +0200] "GET /rhn/manager/download/sle-module-server-applications15-sp7-updates-x86_64/repodata/f507c983b478293973ff46d086a36a9336fe1f7065de02b3c68d63e280a57500-updateinfo.xml.gz?eyJhbGciOiJIUzI1NiJ9.eyJqdGkiOiJqSVJ1TjBCVlRQQ0hJY0xmU0o3QlNBIiwiZXhwIjoxODA4MjM0MjIwLCJpYXQiOjE3NzY2OTgyMjAsIm5iZiI6MTc3NjY5ODEwMCwib3JnIjoxLCJvbmx5Q2hhbm5lbHMiOlsic2xlLW1vZHVsZS1zZXJ2ZXItYXBwbGljYXRpb25zMTUtc3A3LXVwZGF0ZXMteDg2XzY0Il19.2s8EVaw6Mdf0UrTPrZyyIfYwPeA1RydWNLCWkAdJIgY HTTP/1.1" 200 3663
172.16.3.7 - - [20/Apr/2026:17:17:31 +0200] "HEAD /rhn/manager/download/sle-module-systems-management-15-sp7-updates-x86_64/repodata/repomd.xml?eyJhbGciOiJIUzI1NiJ9.eyJqdGkiOiJWMWt1ZHllVzFRbWNuaERTMUJiTUZ3IiwiZXhwIjoxODA4MjM0MjIwLCJpYXQiOjE3NzY2OTgyMjAsIm5iZiI6MTc3NjY5ODEwMCwib3JnIjoxLCJvbmx5Q2hhbm5lbHMiOlsic2xlLW1vZHVsZS1zeXN0ZW1zLW1hbmFnZW1lbnQtMTUtc3A3LXVwZGF0ZXMteDg2XzY0Il19.0NP0xxLjH3qohJui6ckFyWdBAnryUo6X4l9Zk9tXhMs HTTP/1.1" 200 -
172.16.3.7 - - [20/Apr/2026:17:17:31 +0200] "HEAD /rhn/manager/download/sle-module-systems-management-15-sp7-updates-x86_64/media.1/media?eyJhbGciOiJIUzI1NiJ9.eyJqdGkiOiJWMWt1ZHllVzFRbWNuaERTMUJiTUZ3IiwiZXhwIjoxODA4MjM0MjIwLCJpYXQiOjE3NzY2OTgyMjAsIm5iZiI6MTc3NjY5ODEwMCwib3JnIjoxLCJvbmx5Q2hhbm5lbHMiOlsic2xlLW1vZHVsZS1zeXN0ZW1zLW1hbmFnZW1lbnQtMTUtc3A3LXVwZGF0ZXMteDg2XzY0Il19.0NP0xxLjH3qohJui6ckFyWdBAnryUo6X4l9Zk9tXhMs HTTP/1.1" 404 -
172.16.3.7 - - [20/Apr/2026:17:17:31 +0200] "HEAD /rhn/manager/download/sle-module-systems-management-15-sp7-updates-x86_64/repodata/repomd.xml?eyJhbGciOiJIUzI1NiJ9.eyJqdGkiOiJWMWt1ZHllVzFRbWNuaERTMUJiTUZ3IiwiZXhwIjoxODA4MjM0MjIwLCJpYXQiOjE3NzY2OTgyMjAsIm5iZiI6MTc3NjY5ODEwMCwib3JnIjoxLCJvbmx5Q2hhbm5lbHMiOlsic2xlLW1vZHVsZS1zeXN0ZW1zLW1hbmFnZW1lbnQtMTUtc3A3LXVwZGF0ZXMteDg2XzY0Il19.0NP0xxLjH3qohJui6ckFyWdBAnryUo6X4l9Zk9tXhMs HTTP/1.1" 200 -
172.16.3.7 - - [20/Apr/2026:17:17:31 +0200] "HEAD /rhn/manager/download/sle-module-systems-management-15-sp7-updates-x86_64/repodata/repomd.xml.asc?eyJhbGciOiJIUzI1NiJ9.eyJqdGkiOiJWMWt1ZHllVzFRbWNuaERTMUJiTUZ3IiwiZXhwIjoxODA4MjM0MjIwLCJpYXQiOjE3NzY2OTgyMjAsIm5iZiI6MTc3NjY5ODEwMCwib3JnIjoxLCJvbmx5Q2hhbm5lbHMiOlsic2xlLW1vZHVsZS1zeXN0ZW1zLW1hbmFnZW1lbnQtMTUtc3A3LXVwZGF0ZXMteDg2XzY0Il19.0NP0xxLjH3qohJui6ckFyWdBAnryUo6X4l9Zk9tXhMs HTTP/1.1" 404 -
172.16.3.7 - - [20/Apr/2026:17:17:31 +0200] "HEAD /rhn/manager/download/sle-module-systems-management-15-sp7-updates-x86_64/repodata/b46d74c3c294135efcda7e1a48d82ff878c9e37f915cf0d45900f20e13c86498-primary.xml.gz?eyJhbGciOiJIUzI1NiJ9.eyJqdGkiOiJWMWt1ZHllVzFRbWNuaERTMUJiTUZ3IiwiZXhwIjoxODA4MjM0MjIwLCJpYXQiOjE3NzY2OTgyMjAsIm5iZiI6MTc3NjY5ODEwMCwib3JnIjoxLCJvbmx5Q2hhbm5lbHMiOlsic2xlLW1vZHVsZS1zeXN0ZW1zLW1hbmFnZW1lbnQtMTUtc3A3LXVwZGF0ZXMteDg2XzY0Il19.0NP0xxLjH3qohJui6ckFyWdBAnryUo6X4l9Zk9tXhMs HTTP/1.1" 200 -
172.16.3.7 - - [20/Apr/2026:17:17:31 +0200] "HEAD /rhn/manager/download/sle-module-systems-management-15-sp7-updates-x86_64/repodata/860a8ffd2e631d23d2e7e19d0bb2ec71704b82672341c7e80418b42f7f6aaea2-susedata.xml.gz?eyJhbGciOiJIUzI1NiJ9.eyJqdGkiOiJWMWt1ZHllVzFRbWNuaERTMUJiTUZ3IiwiZXhwIjoxODA4MjM0MjIwLCJpYXQiOjE3NzY2OTgyMjAsIm5iZiI6MTc3NjY5ODEwMCwib3JnIjoxLCJvbmx5Q2hhbm5lbHMiOlsic2xlLW1vZHVsZS1zeXN0ZW1zLW1hbmFnZW1lbnQtMTUtc3A3LXVwZGF0ZXMteDg2XzY0Il19.0NP0xxLjH3qohJui6ckFyWdBAnryUo6X4l9Zk9tXhMs HTTP/1.1" 200 -
172.16.3.7 - - [20/Apr/2026:17:17:31 +0200] "HEAD /rhn/manager/download/sle-module-systems-management-15-sp7-updates-x86_64/repodata/e4a4c2423b86adddc35c88cfb449171043a3ee99e6cf97677d945c1158970ef7-updateinfo.xml.gz?eyJhbGciOiJIUzI1NiJ9.eyJqdGkiOiJWMWt1ZHllVzFRbWNuaERTMUJiTUZ3IiwiZXhwIjoxODA4MjM0MjIwLCJpYXQiOjE3NzY2OTgyMjAsIm5iZiI6MTc3NjY5ODEwMCwib3JnIjoxLCJvbmx5Q2hhbm5lbHMiOlsic2xlLW1vZHVsZS1zeXN0ZW1zLW1hbmFnZW1lbnQtMTUtc3A3LXVwZGF0ZXMteDg2XzY0Il19.0NP0xxLjH3qohJui6ckFyWdBAnryUo6X4l9Zk9tXhMs HTTP/1.1" 200 -
172.16.3.7 - - [20/Apr/2026:17:17:31 +0200] "HEAD /rhn/manager/download/sle-product-sles15-sp7-updates-x86_64/repodata/repomd.xml?eyJhbGciOiJIUzI1NiJ9.eyJqdGkiOiI4X1RjS0Vzc0xmOUlSaUM0VlF2MFFBIiwiZXhwIjoxODA4MjM0MjIwLCJpYXQiOjE3NzY2OTgyMjAsIm5iZiI6MTc3NjY5ODEwMCwib3JnIjoxLCJvbmx5Q2hhbm5lbHMiOlsic2xlLXByb2R1Y3Qtc2xlczE1LXNwNy11cGRhdGVzLXg4Nl82NCJdfQ.3bnVd6mfAkmjJnoLjynq9vGo4-dkE18IBeeVbaRuhk8 HTTP/1.1" 200 -
172.16.3.7 - - [20/Apr/2026:17:17:31 +0200] "HEAD /rhn/manager/download/sle-product-sles15-sp7-updates-x86_64/media.1/media?eyJhbGciOiJIUzI1NiJ9.eyJqdGkiOiI4X1RjS0Vzc0xmOUlSaUM0VlF2MFFBIiwiZXhwIjoxODA4MjM0MjIwLCJpYXQiOjE3NzY2OTgyMjAsIm5iZiI6MTc3NjY5ODEwMCwib3JnIjoxLCJvbmx5Q2hhbm5lbHMiOlsic2xlLXByb2R1Y3Qtc2xlczE1LXNwNy11cGRhdGVzLXg4Nl82NCJdfQ.3bnVd6mfAkmjJnoLjynq9vGo4-dkE18IBeeVbaRuhk8 HTTP/1.1" 404 -
172.16.3.7 - - [20/Apr/2026:17:17:31 +0200] "HEAD /rhn/manager/download/sle-product-sles15-sp7-updates-x86_64/repodata/repomd.xml?eyJhbGciOiJIUzI1NiJ9.eyJqdGkiOiI4X1RjS0Vzc0xmOUlSaUM0VlF2MFFBIiwiZXhwIjoxODA4MjM0MjIwLCJpYXQiOjE3NzY2OTgyMjAsIm5iZiI6MTc3NjY5ODEwMCwib3JnIjoxLCJvbmx5Q2hhbm5lbHMiOlsic2xlLXByb2R1Y3Qtc2xlczE1LXNwNy11cGRhdGVzLXg4Nl82NCJdfQ.3bnVd6mfAkmjJnoLjynq9vGo4-dkE18IBeeVbaRuhk8 HTTP/1.1" 200 -
172.16.3.7 - - [20/Apr/2026:17:17:31 +0200] "HEAD /rhn/manager/download/sle-product-sles15-sp7-updates-x86_64/repodata/repomd.xml.asc?eyJhbGciOiJIUzI1NiJ9.eyJqdGkiOiI4X1RjS0Vzc0xmOUlSaUM0VlF2MFFBIiwiZXhwIjoxODA4MjM0MjIwLCJpYXQiOjE3NzY2OTgyMjAsIm5iZiI6MTc3NjY5ODEwMCwib3JnIjoxLCJvbmx5Q2hhbm5lbHMiOlsic2xlLXByb2R1Y3Qtc2xlczE1LXNwNy11cGRhdGVzLXg4Nl82NCJdfQ.3bnVd6mfAkmjJnoLjynq9vGo4-dkE18IBeeVbaRuhk8 HTTP/1.1" 404 -
172.16.3.7 - - [20/Apr/2026:17:17:32 +0200] "HEAD /rhn/manager/download/sle-product-sles15-sp7-updates-x86_64/repodata/664a17e0abeec827358f75d322f498d815f5ab773d1d8f77d4f4187ee090709a-primary.xml.gz?eyJhbGciOiJIUzI1NiJ9.eyJqdGkiOiI4X1RjS0Vzc0xmOUlSaUM0VlF2MFFBIiwiZXhwIjoxODA4MjM0MjIwLCJpYXQiOjE3NzY2OTgyMjAsIm5iZiI6MTc3NjY5ODEwMCwib3JnIjoxLCJvbmx5Q2hhbm5lbHMiOlsic2xlLXByb2R1Y3Qtc2xlczE1LXNwNy11cGRhdGVzLXg4Nl82NCJdfQ.3bnVd6mfAkmjJnoLjynq9vGo4-dkE18IBeeVbaRuhk8 HTTP/1.1" 200 -
