172.16.3.7 - - [20/Apr/2026:17:18:00 +0200] "HEAD /rhn/manager/download/opensuse_tumbleweed-x86_64/repodata/a3ba941ddf76a9c718da334ca6cc655baf883b0fd95b147dc372cca9c07239b59662f665a6f2aaaf4ee7046b5596a8dd4fbceb6678d5b2bc8289af53ba7b0df1-primary.xml.gz?eyJhbGciOiJIUzI1NiJ9.eyJqdGkiOiI2OVZsR1FfWXBWTlBGVnJOTXNmUExBIiwiZXhwIjoxODA4MjM0MjE1LCJpYXQiOjE3NzY2OTgyMTUsIm5iZiI6MTc3NjY5ODA5NSwib3JnIjoxLCJvbmx5Q2hhbm5lbHMiOlsib3BlbnN1c2VfdHVtYmxld2VlZC14ODZfNjQiXX0.OBwRcTnumKkfR4iHoNhgLCqqROLCQjmqiHwKG8kaR9M HTTP/1.1" 200 -
172.16.3.5 - - [20/Apr/2026:17:18:00 +0200] "POST /rhn/manager/frontend-log HTTP/1.1" 200 16
172.16.3.7 - - [20/Apr/2026:17:18:00 +0200] "GET /rhn/manager/download/opensuse_tumbleweed-x86_64/repodata/a3ba941ddf76a9c718da334ca6cc655baf883b0fd95b147dc372cca9c07239b59662f665a6f2aaaf4ee7046b5596a8dd4fbceb6678d5b2bc8289af53ba7b0df1-primary.xml.gz?eyJhbGciOiJIUzI1NiJ9.eyJqdGkiOiI2OVZsR1FfWXBWTlBGVnJOTXNmUExBIiwiZXhwIjoxODA4MjM0MjE1LCJpYXQiOjE3NzY2OTgyMTUsIm5iZiI6MTc3NjY5ODA5NSwib3JnIjoxLCJvbmx5Q2hhbm5lbHMiOlsib3BlbnN1c2VfdHVtYmxld2VlZC14ODZfNjQiXX0.OBwRcTnumKkfR4iHoNhgLCqqROLCQjmqiHwKG8kaR9M HTTP/1.1" 200 3664
172.16.3.7 - - [20/Apr/2026:17:18:00 +0200] "HEAD /rhn/manager/download/opensuse_tumbleweed-x86_64/repodata/408ce57e8a39aa873b263f868578d19518a40688eacdd7b0a2c07a5e8a01c5e39df8b80b8ff99d4473235c4ff57df1cd2d22188f28ca76ee957eff99c86baaa2-susedata.xml.gz?eyJhbGciOiJIUzI1NiJ9.eyJqdGkiOiI2OVZsR1FfWXBWTlBGVnJOTXNmUExBIiwiZXhwIjoxODA4MjM0MjE1LCJpYXQiOjE3NzY2OTgyMTUsIm5iZiI6MTc3NjY5ODA5NSwib3JnIjoxLCJvbmx5Q2hhbm5lbHMiOlsib3BlbnN1c2VfdHVtYmxld2VlZC14ODZfNjQiXX0.OBwRcTnumKkfR4iHoNhgLCqqROLCQjmqiHwKG8kaR9M HTTP/1.1" 200 -
127.0.0.1 - - [20/Apr/2026:17:18:00 +0200] "GET /rhn/websocket/notifications HTTP/1.1" 101 -
172.16.3.7 - - [20/Apr/2026:17:18:00 +0200] "GET /rhn/manager/download/opensuse_tumbleweed-x86_64/repodata/408ce57e8a39aa873b263f868578d19518a40688eacdd7b0a2c07a5e8a01c5e39df8b80b8ff99d4473235c4ff57df1cd2d22188f28ca76ee957eff99c86baaa2-susedata.xml.gz?eyJhbGciOiJIUzI1NiJ9.eyJqdGkiOiI2OVZsR1FfWXBWTlBGVnJOTXNmUExBIiwiZXhwIjoxODA4MjM0MjE1LCJpYXQiOjE3NzY2OTgyMTUsIm5iZiI6MTc3NjY5ODA5NSwib3JnIjoxLCJvbmx5Q2hhbm5lbHMiOlsib3BlbnN1c2VfdHVtYmxld2VlZC14ODZfNjQiXX0.OBwRcTnumKkfR4iHoNhgLCqqROLCQjmqiHwKG8kaR9M HTTP/1.1" 200 3664
172.16.3.5 - - [20/Apr/2026:17:18:00 +0200] "POST /rhn/manager/frontend-log HTTP/1.1" 200 16
127.0.0.1 - - [20/Apr/2026:17:18:00 +0200] "GET /rhn/websocket/notifications HTTP/1.1" 101 -
172.16.3.5 - - [20/Apr/2026:17:18:06 +0200] "GET /rhn/manager/systems/list/all HTTP/1.1" 200 36838
172.16.3.5 - - [20/Apr/2026:17:18:06 +0200] "POST /rhn/manager/frontend-log HTTP/1.1" 200 16
172.16.3.5 - - [20/Apr/2026:17:18:06 +0200] "GET /rhn/systems/details/history/History.do?sid=1000010001& HTTP/1.1" 200 46447
127.0.0.1 - - [20/Apr/2026:17:18:06 +0200] "GET /rhn/websocket/notifications HTTP/1.1" 101 -
172.16.3.5 - - [20/Apr/2026:17:18:06 +0200] "POST /rhn/manager/frontend-log HTTP/1.1" 200 16
172.16.3.5 - - [20/Apr/2026:17:18:07 +0200] "POST /rhn/manager/frontend-log HTTP/1.1" 200 16
127.0.0.1 - - [20/Apr/2026:17:18:07 +0200] "GET /rhn/websocket/notifications HTTP/1.1" 101 -
127.0.0.1 - - [20/Apr/2026:17:18:07 +0200] "GET /rhn/websocket/notifications HTTP/1.1" 101 -
172.16.3.5 - - [20/Apr/2026:17:18:07 +0200] "GET /rhn/manager/api/systems/list/all?p=1&ps=100&s=1&sc=server_name HTTP/1.1" 200 4792
172.16.3.7 - - [20/Apr/2026:17:18:07 +0200] "HEAD /rhn/manager/download/sle-module-basesystem15-sp7-updates-x86_64/repodata/repomd.xml?eyJhbGciOiJIUzI1NiJ9.eyJqdGkiOiJwU3V4RU9NZjI4RUliQmpLS2UxTU5RIiwiZXhwIjoxODA4MjM0MjIwLCJpYXQiOjE3NzY2OTgyMjAsIm5iZiI6MTc3NjY5ODEwMCwib3JnIjoxLCJvbmx5Q2hhbm5lbHMiOlsic2xlLW1vZHVsZS1iYXNlc3lzdGVtMTUtc3A3LXVwZGF0ZXMteDg2XzY0Il19.j90FXHKTwXI58Sli3elTNpuvyhEMBx96dNnzBNP0ILI HTTP/1.1" 200 -
172.16.3.7 - - [20/Apr/2026:17:18:07 +0200] "HEAD /rhn/manager/download/sle-module-basesystem15-sp7-updates-x86_64/media.1/media?eyJhbGciOiJIUzI1NiJ9.eyJqdGkiOiJwU3V4RU9NZjI4RUliQmpLS2UxTU5RIiwiZXhwIjoxODA4MjM0MjIwLCJpYXQiOjE3NzY2OTgyMjAsIm5iZiI6MTc3NjY5ODEwMCwib3JnIjoxLCJvbmx5Q2hhbm5lbHMiOlsic2xlLW1vZHVsZS1iYXNlc3lzdGVtMTUtc3A3LXVwZGF0ZXMteDg2XzY0Il19.j90FXHKTwXI58Sli3elTNpuvyhEMBx96dNnzBNP0ILI HTTP/1.1" 404 -
172.16.3.7 - - [20/Apr/2026:17:18:07 +0200] "HEAD /rhn/manager/download/sle-module-basesystem15-sp7-updates-x86_64/repodata/repomd.xml?eyJhbGciOiJIUzI1NiJ9.eyJqdGkiOiJwU3V4RU9NZjI4RUliQmpLS2UxTU5RIiwiZXhwIjoxODA4MjM0MjIwLCJpYXQiOjE3NzY2OTgyMjAsIm5iZiI6MTc3NjY5ODEwMCwib3JnIjoxLCJvbmx5Q2hhbm5lbHMiOlsic2xlLW1vZHVsZS1iYXNlc3lzdGVtMTUtc3A3LXVwZGF0ZXMteDg2XzY0Il19.j90FXHKTwXI58Sli3elTNpuvyhEMBx96dNnzBNP0ILI HTTP/1.1" 200 -
172.16.3.5 - - [20/Apr/2026:17:18:07 +0200] "POST /rhn/manager/api/sets/system_list HTTP/1.1" 200 1
172.16.3.5 - - [20/Apr/2026:17:18:07 +0200] "GET /rhn/systems/details/history/Event.do?sid=1000010001&aid=7 HTTP/1.1" 200 40521
172.16.3.7 - - [20/Apr/2026:17:18:07 +0200] "GET /rhn/manager/download/sle-module-basesystem15-sp7-updates-x86_64/repodata/repomd.xml?eyJhbGciOiJIUzI1NiJ9.eyJqdGkiOiJwU3V4RU9NZjI4RUliQmpLS2UxTU5RIiwiZXhwIjoxODA4MjM0MjIwLCJpYXQiOjE3NzY2OTgyMjAsIm5iZiI6MTc3NjY5ODEwMCwib3JnIjoxLCJvbmx5Q2hhbm5lbHMiOlsic2xlLW1vZHVsZS1iYXNlc3lzdGVtMTUtc3A3LXVwZGF0ZXMteDg2XzY0Il19.j90FXHKTwXI58Sli3elTNpuvyhEMBx96dNnzBNP0ILI HTTP/1.1" 200 3664
172.16.3.5 - - [20/Apr/2026:17:18:07 +0200] "GET /rhn/systems/details/history/History.do?sid=1000010003& HTTP/1.1" 200 46453
172.16.3.7 - - [20/Apr/2026:17:18:07 +0200] "HEAD /rhn/manager/download/sle-module-basesystem15-sp7-updates-x86_64/repodata/repomd.xml.asc?eyJhbGciOiJIUzI1NiJ9.eyJqdGkiOiJwU3V4RU9NZjI4RUliQmpLS2UxTU5RIiwiZXhwIjoxODA4MjM0MjIwLCJpYXQiOjE3NzY2OTgyMjAsIm5iZiI6MTc3NjY5ODEwMCwib3JnIjoxLCJvbmx5Q2hhbm5lbHMiOlsic2xlLW1vZHVsZS1iYXNlc3lzdGVtMTUtc3A3LXVwZGF0ZXMteDg2XzY0Il19.j90FXHKTwXI58Sli3elTNpuvyhEMBx96dNnzBNP0ILI HTTP/1.1" 404 -
172.16.3.7 - - [20/Apr/2026:17:18:08 +0200] "HEAD /rhn/manager/download/sle-module-basesystem15-sp7-updates-x86_64/repodata/9441cd367ebc6fb6386eff460ae9a617d3fe90796cbd5b8317f811832a67611f-primary.xml.gz?eyJhbGciOiJIUzI1NiJ9.eyJqdGkiOiJwU3V4RU9NZjI4RUliQmpLS2UxTU5RIiwiZXhwIjoxODA4MjM0MjIwLCJpYXQiOjE3NzY2OTgyMjAsIm5iZiI6MTc3NjY5ODEwMCwib3JnIjoxLCJvbmx5Q2hhbm5lbHMiOlsic2xlLW1vZHVsZS1iYXNlc3lzdGVtMTUtc3A3LXVwZGF0ZXMteDg2XzY0Il19.j90FXHKTwXI58Sli3elTNpuvyhEMBx96dNnzBNP0ILI HTTP/1.1" 200 -
172.16.3.7 - - [20/Apr/2026:17:18:08 +0200] "GET /rhn/manager/download/sle-module-basesystem15-sp7-updates-x86_64/repodata/9441cd367ebc6fb6386eff460ae9a617d3fe90796cbd5b8317f811832a67611f-primary.xml.gz?eyJhbGciOiJIUzI1NiJ9.eyJqdGkiOiJwU3V4RU9NZjI4RUliQmpLS2UxTU5RIiwiZXhwIjoxODA4MjM0MjIwLCJpYXQiOjE3NzY2OTgyMjAsIm5iZiI6MTc3NjY5ODEwMCwib3JnIjoxLCJvbmx5Q2hhbm5lbHMiOlsic2xlLW1vZHVsZS1iYXNlc3lzdGVtMTUtc3A3LXVwZGF0ZXMteDg2XzY0Il19.j90FXHKTwXI58Sli3elTNpuvyhEMBx96dNnzBNP0ILI HTTP/1.1" 200 3664
172.16.3.5 - - [20/Apr/2026:17:18:08 +0200] "POST /rhn/manager/frontend-log HTTP/1.1" 200 16
172.16.3.5 - - [20/Apr/2026:17:18:08 +0200] "POST /rhn/manager/frontend-log HTTP/1.1" 200 16
172.16.3.7 - - [20/Apr/2026:17:18:08 +0200] "HEAD /rhn/manager/download/sle-module-basesystem15-sp7-updates-x86_64/repodata/f6509ee38c25cad3477c028e1bd394407c69b4109b97e50495213bbb74a22321-susedata.xml.gz?eyJhbGciOiJIUzI1NiJ9.eyJqdGkiOiJwU3V4RU9NZjI4RUliQmpLS2UxTU5RIiwiZXhwIjoxODA4MjM0MjIwLCJpYXQiOjE3NzY2OTgyMjAsIm5iZiI6MTc3NjY5ODEwMCwib3JnIjoxLCJvbmx5Q2hhbm5lbHMiOlsic2xlLW1vZHVsZS1iYXNlc3lzdGVtMTUtc3A3LXVwZGF0ZXMteDg2XzY0Il19.j90FXHKTwXI58Sli3elTNpuvyhEMBx96dNnzBNP0ILI HTTP/1.1" 200 -
127.0.0.1 - - [20/Apr/2026:17:18:08 +0200] "GET /rhn/websocket/notifications HTTP/1.1" 101 -
127.0.0.1 - - [20/Apr/2026:17:18:08 +0200] "GET /rhn/websocket/notifications HTTP/1.1" 101 -
172.16.3.7 - - [20/Apr/2026:17:18:08 +0200] "GET /rhn/manager/download/sle-module-basesystem15-sp7-updates-x86_64/repodata/f6509ee38c25cad3477c028e1bd394407c69b4109b97e50495213bbb74a22321-susedata.xml.gz?eyJhbGciOiJIUzI1NiJ9.eyJqdGkiOiJwU3V4RU9NZjI4RUliQmpLS2UxTU5RIiwiZXhwIjoxODA4MjM0MjIwLCJpYXQiOjE3NzY2OTgyMjAsIm5iZiI6MTc3NjY5ODEwMCwib3JnIjoxLCJvbmx5Q2hhbm5lbHMiOlsic2xlLW1vZHVsZS1iYXNlc3lzdGVtMTUtc3A3LXVwZGF0ZXMteDg2XzY0Il19.j90FXHKTwXI58Sli3elTNpuvyhEMBx96dNnzBNP0ILI HTTP/1.1" 200 3664
172.16.3.7 - - [20/Apr/2026:17:18:08 +0200] "HEAD /rhn/manager/download/sle-module-basesystem15-sp7-updates-x86_64/repodata/dfe602757bb5234a96bcf179b73cdf9f7c2106a2b273729746ed7c79ed47b5ff-updateinfo.xml.gz?eyJhbGciOiJIUzI1NiJ9.eyJqdGkiOiJwU3V4RU9NZjI4RUliQmpLS2UxTU5RIiwiZXhwIjoxODA4MjM0MjIwLCJpYXQiOjE3NzY2OTgyMjAsIm5iZiI6MTc3NjY5ODEwMCwib3JnIjoxLCJvbmx5Q2hhbm5lbHMiOlsic2xlLW1vZHVsZS1iYXNlc3lzdGVtMTUtc3A3LXVwZGF0ZXMteDg2XzY0Il19.j90FXHKTwXI58Sli3elTNpuvyhEMBx96dNnzBNP0ILI HTTP/1.1" 200 -
172.16.3.5 - - [20/Apr/2026:17:18:08 +0200] "GET /rhn/manager/systems/list/all HTTP/1.1" 200 36840
172.16.3.7 - - [20/Apr/2026:17:18:08 +0200] "GET /rhn/manager/download/sle-module-basesystem15-sp7-updates-x86_64/repodata/dfe602757bb5234a96bcf179b73cdf9f7c2106a2b273729746ed7c79ed47b5ff-updateinfo.xml.gz?eyJhbGciOiJIUzI1NiJ9.eyJqdGkiOiJwU3V4RU9NZjI4RUliQmpLS2UxTU5RIiwiZXhwIjoxODA4MjM0MjIwLCJpYXQiOjE3NzY2OTgyMjAsIm5iZiI6MTc3NjY5ODEwMCwib3JnIjoxLCJvbmx5Q2hhbm5lbHMiOlsic2xlLW1vZHVsZS1iYXNlc3lzdGVtMTUtc3A3LXVwZGF0ZXMteDg2XzY0Il19.j90FXHKTwXI58Sli3elTNpuvyhEMBx96dNnzBNP0ILI HTTP/1.1" 200 3664
172.16.3.5 - - [20/Apr/2026:17:18:08 +0200] "POST /rhn/manager/frontend-log HTTP/1.1" 200 16
172.16.3.5 - - [20/Apr/2026:17:18:09 +0200] "GET /rhn/systems/details/history/Event.do?sid=1000010003&aid=14 HTTP/1.1" 200 40519
172.16.3.5 - - [20/Apr/2026:17:18:09 +0200] "POST /rhn/manager/frontend-log HTTP/1.1" 200 16
127.0.0.1 - - [20/Apr/2026:17:18:09 +0200] "GET /rhn/websocket/notifications HTTP/1.1" 101 -
127.0.0.1 - - [20/Apr/2026:17:18:09 +0200] "GET /rhn/websocket/notifications HTTP/1.1" 101 -
172.16.3.5 - - [20/Apr/2026:17:18:09 +0200] "POST /rhn/manager/frontend-log HTTP/1.1" 200 16
172.16.3.5 - - [20/Apr/2026:17:18:09 +0200] "GET /rhn/manager/api/systems/list/all?p=1&ps=100&s=1&sc=server_name HTTP/1.1" 200 4792
127.0.0.1 - - [20/Apr/2026:17:18:09 +0200] "GET /rhn/websocket/notifications HTTP/1.1" 101 -
172.16.3.5 - - [20/Apr/2026:17:18:10 +0200] "POST /rhn/manager/api/sets/system_list HTTP/1.1" 200 1
172.16.3.5 - - [20/Apr/2026:17:18:10 +0200] "GET /rhn/systems/details/history/Pending.do?sid=1000010001& HTTP/1.1" 200 40265
172.16.3.5 - - [20/Apr/2026:17:18:10 +0200] "POST /rhn/manager/frontend-log HTTP/1.1" 200 16
127.0.0.1 - - [20/Apr/2026:17:18:10 +0200] "GET /rhn/websocket/notifications HTTP/1.1" 101 -
172.16.3.7 - - [20/Apr/2026:17:18:10 +0200] "HEAD /rhn/manager/download/sle-module-desktop-applications15-sp7-updates-x86_64/repodata/repomd.xml?eyJhbGciOiJIUzI1NiJ9.eyJqdGkiOiJxQmhvWG95eTA0U3hjZkdqWlJmYWpBIiwiZXhwIjoxODA4MjM0MjIwLCJpYXQiOjE3NzY2OTgyMjAsIm5iZiI6MTc3NjY5ODEwMCwib3JnIjoxLCJvbmx5Q2hhbm5lbHMiOlsic2xlLW1vZHVsZS1kZXNrdG9wLWFwcGxpY2F0aW9uczE1LXNwNy11cGRhdGVzLXg4Nl82NCJdfQ.3CxL2sSqal1aqHBkmvXB_ESa1veV9b22hmR1GD8jKY0 HTTP/1.1" 200 -
172.16.3.7 - - [20/Apr/2026:17:18:10 +0200] "HEAD /rhn/manager/download/sle-module-desktop-applications15-sp7-updates-x86_64/media.1/media?eyJhbGciOiJIUzI1NiJ9.eyJqdGkiOiJxQmhvWG95eTA0U3hjZkdqWlJmYWpBIiwiZXhwIjoxODA4MjM0MjIwLCJpYXQiOjE3NzY2OTgyMjAsIm5iZiI6MTc3NjY5ODEwMCwib3JnIjoxLCJvbmx5Q2hhbm5lbHMiOlsic2xlLW1vZHVsZS1kZXNrdG9wLWFwcGxpY2F0aW9uczE1LXNwNy11cGRhdGVzLXg4Nl82NCJdfQ.3CxL2sSqal1aqHBkmvXB_ESa1veV9b22hmR1GD8jKY0 HTTP/1.1" 404 -
172.16.3.7 - - [20/Apr/2026:17:18:10 +0200] "HEAD /rhn/manager/download/sle-module-desktop-applications15-sp7-updates-x86_64/repodata/repomd.xml?eyJhbGciOiJIUzI1NiJ9.eyJqdGkiOiJxQmhvWG95eTA0U3hjZkdqWlJmYWpBIiwiZXhwIjoxODA4MjM0MjIwLCJpYXQiOjE3NzY2OTgyMjAsIm5iZiI6MTc3NjY5ODEwMCwib3JnIjoxLCJvbmx5Q2hhbm5lbHMiOlsic2xlLW1vZHVsZS1kZXNrdG9wLWFwcGxpY2F0aW9uczE1LXNwNy11cGRhdGVzLXg4Nl82NCJdfQ.3CxL2sSqal1aqHBkmvXB_ESa1veV9b22hmR1GD8jKY0 HTTP/1.1" 200 -
172.16.3.7 - - [20/Apr/2026:17:18:10 +0200] "GET /rhn/manager/download/sle-module-desktop-applications15-sp7-updates-x86_64/repodata/repomd.xml?eyJhbGciOiJIUzI1NiJ9.eyJqdGkiOiJxQmhvWG95eTA0U3hjZkdqWlJmYWpBIiwiZXhwIjoxODA4MjM0MjIwLCJpYXQiOjE3NzY2OTgyMjAsIm5iZiI6MTc3NjY5ODEwMCwib3JnIjoxLCJvbmx5Q2hhbm5lbHMiOlsic2xlLW1vZHVsZS1kZXNrdG9wLWFwcGxpY2F0aW9uczE1LXNwNy11cGRhdGVzLXg4Nl82NCJdfQ.3CxL2sSqal1aqHBkmvXB_ESa1veV9b22hmR1GD8jKY0 HTTP/1.1" 200 3664
172.16.3.7 - - [20/Apr/2026:17:18:10 +0200] "HEAD /rhn/manager/download/sle-module-desktop-applications15-sp7-updates-x86_64/repodata/repomd.xml.asc?eyJhbGciOiJIUzI1NiJ9.eyJqdGkiOiJxQmhvWG95eTA0U3hjZkdqWlJmYWpBIiwiZXhwIjoxODA4MjM0MjIwLCJpYXQiOjE3NzY2OTgyMjAsIm5iZiI6MTc3NjY5ODEwMCwib3JnIjoxLCJvbmx5Q2hhbm5lbHMiOlsic2xlLW1vZHVsZS1kZXNrdG9wLWFwcGxpY2F0aW9uczE1LXNwNy11cGRhdGVzLXg4Nl82NCJdfQ.3CxL2sSqal1aqHBkmvXB_ESa1veV9b22hmR1GD8jKY0 HTTP/1.1" 404 -
172.16.3.7 - - [20/Apr/2026:17:18:10 +0200] "HEAD /rhn/manager/download/sle-module-desktop-applications15-sp7-updates-x86_64/repodata/0b61529886fb9a13b0da87ca0220f585957a8ee2e49810f7cb0e00e1d08fdcd0-primary.xml.gz?eyJhbGciOiJIUzI1NiJ9.eyJqdGkiOiJxQmhvWG95eTA0U3hjZkdqWlJmYWpBIiwiZXhwIjoxODA4MjM0MjIwLCJpYXQiOjE3NzY2OTgyMjAsIm5iZiI6MTc3NjY5ODEwMCwib3JnIjoxLCJvbmx5Q2hhbm5lbHMiOlsic2xlLW1vZHVsZS1kZXNrdG9wLWFwcGxpY2F0aW9uczE1LXNwNy11cGRhdGVzLXg4Nl82NCJdfQ.3CxL2sSqal1aqHBkmvXB_ESa1veV9b22hmR1GD8jKY0 HTTP/1.1" 200 -
172.16.3.7 - - [20/Apr/2026:17:18:10 +0200] "GET /rhn/manager/download/sle-module-desktop-applications15-sp7-updates-x86_64/repodata/0b61529886fb9a13b0da87ca0220f585957a8ee2e49810f7cb0e00e1d08fdcd0-primary.xml.gz?eyJhbGciOiJIUzI1NiJ9.eyJqdGkiOiJxQmhvWG95eTA0U3hjZkdqWlJmYWpBIiwiZXhwIjoxODA4MjM0MjIwLCJpYXQiOjE3NzY2OTgyMjAsIm5iZiI6MTc3NjY5ODEwMCwib3JnIjoxLCJvbmx5Q2hhbm5lbHMiOlsic2xlLW1vZHVsZS1kZXNrdG9wLWFwcGxpY2F0aW9uczE1LXNwNy11cGRhdGVzLXg4Nl82NCJdfQ.3CxL2sSqal1aqHBkmvXB_ESa1veV9b22hmR1GD8jKY0 HTTP/1.1" 200 3664
172.16.3.7 - - [20/Apr/2026:17:18:10 +0200] "HEAD /rhn/manager/download/sle-module-desktop-applications15-sp7-updates-x86_64/repodata/ab78b31be5c76a7f3f578938f9242fa8967728b2af04aed99f0164d8524bf788-susedata.xml.gz?eyJhbGciOiJIUzI1NiJ9.eyJqdGkiOiJxQmhvWG95eTA0U3hjZkdqWlJmYWpBIiwiZXhwIjoxODA4MjM0MjIwLCJpYXQiOjE3NzY2OTgyMjAsIm5iZiI6MTc3NjY5ODEwMCwib3JnIjoxLCJvbmx5Q2hhbm5lbHMiOlsic2xlLW1vZHVsZS1kZXNrdG9wLWFwcGxpY2F0aW9uczE1LXNwNy11cGRhdGVzLXg4Nl82NCJdfQ.3CxL2sSqal1aqHBkmvXB_ESa1veV9b22hmR1GD8jKY0 HTTP/1.1" 200 -
172.16.3.5 - - [20/Apr/2026:17:18:10 +0200] "GET /rhn/systems/details/history/Pending.do?sid=1000010001& HTTP/1.1" 200 40265
172.16.3.5 - - [20/Apr/2026:17:18:10 +0200] "GET /rhn/systems/details/history/Pending.do?sid=1000010003& HTTP/1.1" 200 40263
172.16.3.7 - - [20/Apr/2026:17:18:10 +0200] "GET /rhn/manager/download/sle-module-desktop-applications15-sp7-updates-x86_64/repodata/ab78b31be5c76a7f3f578938f9242fa8967728b2af04aed99f0164d8524bf788-susedata.xml.gz?eyJhbGciOiJIUzI1NiJ9.eyJqdGkiOiJxQmhvWG95eTA0U3hjZkdqWlJmYWpBIiwiZXhwIjoxODA4MjM0MjIwLCJpYXQiOjE3NzY2OTgyMjAsIm5iZiI6MTc3NjY5ODEwMCwib3JnIjoxLCJvbmx5Q2hhbm5lbHMiOlsic2xlLW1vZHVsZS1kZXNrdG9wLWFwcGxpY2F0aW9uczE1LXNwNy11cGRhdGVzLXg4Nl82NCJdfQ.3CxL2sSqal1aqHBkmvXB_ESa1veV9b22hmR1GD8jKY0 HTTP/1.1" 200 3664
172.16.3.7 - - [20/Apr/2026:17:18:10 +0200] "HEAD /rhn/manager/download/sle-module-desktop-applications15-sp7-updates-x86_64/repodata/4e7ba5e64e590cc27dfbd0ae1b9a051f5f76fd9a6cc1e1f3124e5d277bf0dc97-updateinfo.xml.gz?eyJhbGciOiJIUzI1NiJ9.eyJqdGkiOiJxQmhvWG95eTA0U3hjZkdqWlJmYWpBIiwiZXhwIjoxODA4MjM0MjIwLCJpYXQiOjE3NzY2OTgyMjAsIm5iZiI6MTc3NjY5ODEwMCwib3JnIjoxLCJvbmx5Q2hhbm5lbHMiOlsic2xlLW1vZHVsZS1kZXNrdG9wLWFwcGxpY2F0aW9uczE1LXNwNy11cGRhdGVzLXg4Nl82NCJdfQ.3CxL2sSqal1aqHBkmvXB_ESa1veV9b22hmR1GD8jKY0 HTTP/1.1" 200 -
172.16.3.7 - - [20/Apr/2026:17:18:10 +0200] "GET /rhn/manager/download/sle-module-desktop-applications15-sp7-updates-x86_64/repodata/4e7ba5e64e590cc27dfbd0ae1b9a051f5f76fd9a6cc1e1f3124e5d277bf0dc97-updateinfo.xml.gz?eyJhbGciOiJIUzI1NiJ9.eyJqdGkiOiJxQmhvWG95eTA0U3hjZkdqWlJmYWpBIiwiZXhwIjoxODA4MjM0MjIwLCJpYXQiOjE3NzY2OTgyMjAsIm5iZiI6MTc3NjY5ODEwMCwib3JnIjoxLCJvbmx5Q2hhbm5lbHMiOlsic2xlLW1vZHVsZS1kZXNrdG9wLWFwcGxpY2F0aW9uczE1LXNwNy11cGRhdGVzLXg4Nl82NCJdfQ.3CxL2sSqal1aqHBkmvXB_ESa1veV9b22hmR1GD8jKY0 HTTP/1.1" 200 3663
172.16.3.5 - - [20/Apr/2026:17:18:10 +0200] "POST /rhn/manager/frontend-log HTTP/1.1" 200 16
127.0.0.1 - - [20/Apr/2026:17:18:11 +0200] "GET /rhn/websocket/notifications HTTP/1.1" 101 -
172.16.3.7 - - [20/Apr/2026:17:18:11 +0200] "HEAD /rhn/manager/download/sle-module-devtools15-sp7-updates-x86_64/repodata/repomd.xml?eyJhbGciOiJIUzI1NiJ9.eyJqdGkiOiJyOGdBR2R0YUVoWEZUVFhnS21Vc0VRIiwiZXhwIjoxODA4MjM0MjIwLCJpYXQiOjE3NzY2OTgyMjAsIm5iZiI6MTc3NjY5ODEwMCwib3JnIjoxLCJvbmx5Q2hhbm5lbHMiOlsic2xlLW1vZHVsZS1kZXZ0b29sczE1LXNwNy11cGRhdGVzLXg4Nl82NCJdfQ.to4hkIKCYOt1Y8n133tlXFBNCXpNR2TsmTNa0-LpEgM HTTP/1.1" 200 -
172.16.3.5 - - [20/Apr/2026:17:18:11 +0200] "POST /rhn/manager/frontend-log HTTP/1.1" 200 16
172.16.3.7 - - [20/Apr/2026:17:18:11 +0200] "HEAD /rhn/manager/download/sle-module-devtools15-sp7-updates-x86_64/media.1/media?eyJhbGciOiJIUzI1NiJ9.eyJqdGkiOiJyOGdBR2R0YUVoWEZUVFhnS21Vc0VRIiwiZXhwIjoxODA4MjM0MjIwLCJpYXQiOjE3NzY2OTgyMjAsIm5iZiI6MTc3NjY5ODEwMCwib3JnIjoxLCJvbmx5Q2hhbm5lbHMiOlsic2xlLW1vZHVsZS1kZXZ0b29sczE1LXNwNy11cGRhdGVzLXg4Nl82NCJdfQ.to4hkIKCYOt1Y8n133tlXFBNCXpNR2TsmTNa0-LpEgM HTTP/1.1" 404 -
127.0.0.1 - - [20/Apr/2026:17:18:11 +0200] "GET /rhn/websocket/notifications HTTP/1.1" 101 -
172.16.3.7 - - [20/Apr/2026:17:18:11 +0200] "HEAD /rhn/manager/download/sle-module-devtools15-sp7-updates-x86_64/repodata/repomd.xml?eyJhbGciOiJIUzI1NiJ9.eyJqdGkiOiJyOGdBR2R0YUVoWEZUVFhnS21Vc0VRIiwiZXhwIjoxODA4MjM0MjIwLCJpYXQiOjE3NzY2OTgyMjAsIm5iZiI6MTc3NjY5ODEwMCwib3JnIjoxLCJvbmx5Q2hhbm5lbHMiOlsic2xlLW1vZHVsZS1kZXZ0b29sczE1LXNwNy11cGRhdGVzLXg4Nl82NCJdfQ.to4hkIKCYOt1Y8n133tlXFBNCXpNR2TsmTNa0-LpEgM HTTP/1.1" 200 -
172.16.3.7 - - [20/Apr/2026:17:18:11 +0200] "GET /rhn/manager/download/sle-module-devtools15-sp7-updates-x86_64/repodata/repomd.xml?eyJhbGciOiJIUzI1NiJ9.eyJqdGkiOiJyOGdBR2R0YUVoWEZUVFhnS21Vc0VRIiwiZXhwIjoxODA4MjM0MjIwLCJpYXQiOjE3NzY2OTgyMjAsIm5iZiI6MTc3NjY5ODEwMCwib3JnIjoxLCJvbmx5Q2hhbm5lbHMiOlsic2xlLW1vZHVsZS1kZXZ0b29sczE1LXNwNy11cGRhdGVzLXg4Nl82NCJdfQ.to4hkIKCYOt1Y8n133tlXFBNCXpNR2TsmTNa0-LpEgM HTTP/1.1" 200 3664
172.16.3.7 - - [20/Apr/2026:17:18:11 +0200] "HEAD /rhn/manager/download/sle-module-devtools15-sp7-updates-x86_64/repodata/repomd.xml.asc?eyJhbGciOiJIUzI1NiJ9.eyJqdGkiOiJyOGdBR2R0YUVoWEZUVFhnS21Vc0VRIiwiZXhwIjoxODA4MjM0MjIwLCJpYXQiOjE3NzY2OTgyMjAsIm5iZiI6MTc3NjY5ODEwMCwib3JnIjoxLCJvbmx5Q2hhbm5lbHMiOlsic2xlLW1vZHVsZS1kZXZ0b29sczE1LXNwNy11cGRhdGVzLXg4Nl82NCJdfQ.to4hkIKCYOt1Y8n133tlXFBNCXpNR2TsmTNa0-LpEgM HTTP/1.1" 404 -
172.16.3.7 - - [20/Apr/2026:17:18:11 +0200] "HEAD /rhn/manager/download/sle-module-devtools15-sp7-updates-x86_64/repodata/3659259399a6d4ea30c0dc8d4525c50b36f7a75cbb06173287bb538cf2df4875-primary.xml.gz?eyJhbGciOiJIUzI1NiJ9.eyJqdGkiOiJyOGdBR2R0YUVoWEZUVFhnS21Vc0VRIiwiZXhwIjoxODA4MjM0MjIwLCJpYXQiOjE3NzY2OTgyMjAsIm5iZiI6MTc3NjY5ODEwMCwib3JnIjoxLCJvbmx5Q2hhbm5lbHMiOlsic2xlLW1vZHVsZS1kZXZ0b29sczE1LXNwNy11cGRhdGVzLXg4Nl82NCJdfQ.to4hkIKCYOt1Y8n133tlXFBNCXpNR2TsmTNa0-LpEgM HTTP/1.1" 200 -
172.16.3.7 - - [20/Apr/2026:17:18:11 +0200] "GET /rhn/manager/download/sle-module-devtools15-sp7-updates-x86_64/repodata/3659259399a6d4ea30c0dc8d4525c50b36f7a75cbb06173287bb538cf2df4875-primary.xml.gz?eyJhbGciOiJIUzI1NiJ9.eyJqdGkiOiJyOGdBR2R0YUVoWEZUVFhnS21Vc0VRIiwiZXhwIjoxODA4MjM0MjIwLCJpYXQiOjE3NzY2OTgyMjAsIm5iZiI6MTc3NjY5ODEwMCwib3JnIjoxLCJvbmx5Q2hhbm5lbHMiOlsic2xlLW1vZHVsZS1kZXZ0b29sczE1LXNwNy11cGRhdGVzLXg4Nl82NCJdfQ.to4hkIKCYOt1Y8n133tlXFBNCXpNR2TsmTNa0-LpEgM HTTP/1.1" 200 3664
172.16.3.7 - - [20/Apr/2026:17:18:11 +0200] "HEAD /rhn/manager/download/sle-module-devtools15-sp7-updates-x86_64/repodata/094349e898484ff3eeb4fe80efe2d0980ce4027c12c827c649e9c7ab5880db5b-susedata.xml.gz?eyJhbGciOiJIUzI1NiJ9.eyJqdGkiOiJyOGdBR2R0YUVoWEZUVFhnS21Vc0VRIiwiZXhwIjoxODA4MjM0MjIwLCJpYXQiOjE3NzY2OTgyMjAsIm5iZiI6MTc3NjY5ODEwMCwib3JnIjoxLCJvbmx5Q2hhbm5lbHMiOlsic2xlLW1vZHVsZS1kZXZ0b29sczE1LXNwNy11cGRhdGVzLXg4Nl82NCJdfQ.to4hkIKCYOt1Y8n133tlXFBNCXpNR2TsmTNa0-LpEgM HTTP/1.1" 200 -
172.16.3.7 - - [20/Apr/2026:17:18:11 +0200] "GET /rhn/manager/download/sle-module-devtools15-sp7-updates-x86_64/repodata/094349e898484ff3eeb4fe80efe2d0980ce4027c12c827c649e9c7ab5880db5b-susedata.xml.gz?eyJhbGciOiJIUzI1NiJ9.eyJqdGkiOiJyOGdBR2R0YUVoWEZUVFhnS21Vc0VRIiwiZXhwIjoxODA4MjM0MjIwLCJpYXQiOjE3NzY2OTgyMjAsIm5iZiI6MTc3NjY5ODEwMCwib3JnIjoxLCJvbmx5Q2hhbm5lbHMiOlsic2xlLW1vZHVsZS1kZXZ0b29sczE1LXNwNy11cGRhdGVzLXg4Nl82NCJdfQ.to4hkIKCYOt1Y8n133tlXFBNCXpNR2TsmTNa0-LpEgM HTTP/1.1" 200 3664
172.16.3.7 - - [20/Apr/2026:17:18:11 +0200] "HEAD /rhn/manager/download/sle-module-devtools15-sp7-updates-x86_64/repodata/73df7309c5f74e9506c05c750d3350573e91471dcc09b1723c01c4c5a40e78bc-updateinfo.xml.gz?eyJhbGciOiJIUzI1NiJ9.eyJqdGkiOiJyOGdBR2R0YUVoWEZUVFhnS21Vc0VRIiwiZXhwIjoxODA4MjM0MjIwLCJpYXQiOjE3NzY2OTgyMjAsIm5iZiI6MTc3NjY5ODEwMCwib3JnIjoxLCJvbmx5Q2hhbm5lbHMiOlsic2xlLW1vZHVsZS1kZXZ0b29sczE1LXNwNy11cGRhdGVzLXg4Nl82NCJdfQ.to4hkIKCYOt1Y8n133tlXFBNCXpNR2TsmTNa0-LpEgM HTTP/1.1" 200 -
172.16.3.5 - - [20/Apr/2026:17:18:11 +0200] "GET /rhn/systems/details/history/History.do?sid=1000010002& HTTP/1.1" 200 46441
172.16.3.5 - - [20/Apr/2026:17:18:11 +0200] "GET /rhn/systems/details/history/Pending.do?sid=1000010003& HTTP/1.1" 200 40263
172.16.3.7 - - [20/Apr/2026:17:18:11 +0200] "GET /rhn/manager/download/sle-module-devtools15-sp7-updates-x86_64/repodata/73df7309c5f74e9506c05c750d3350573e91471dcc09b1723c01c4c5a40e78bc-updateinfo.xml.gz?eyJhbGciOiJIUzI1NiJ9.eyJqdGkiOiJyOGdBR2R0YUVoWEZUVFhnS21Vc0VRIiwiZXhwIjoxODA4MjM0MjIwLCJpYXQiOjE3NzY2OTgyMjAsIm5iZiI6MTc3NjY5ODEwMCwib3JnIjoxLCJvbmx5Q2hhbm5lbHMiOlsic2xlLW1vZHVsZS1kZXZ0b29sczE1LXNwNy11cGRhdGVzLXg4Nl82NCJdfQ.to4hkIKCYOt1Y8n133tlXFBNCXpNR2TsmTNa0-LpEgM HTTP/1.1" 200 3663
172.16.3.5 - - [20/Apr/2026:17:18:11 +0200] "GET /rhn/systems/details/history/History.do?sid=1000010001& HTTP/1.1" 200 46447
172.16.3.7 - - [20/Apr/2026:17:18:11 +0200] "HEAD /rhn/manager/download/sle-module-python3-15-sp7-updates-x86_64/repodata/repomd.xml?eyJhbGciOiJIUzI1NiJ9.eyJqdGkiOiIxRlNXbC1wYXVTVE01Y0hvM2xJbVJBIiwiZXhwIjoxODA4MjM0MjIwLCJpYXQiOjE3NzY2OTgyMjAsIm5iZiI6MTc3NjY5ODEwMCwib3JnIjoxLCJvbmx5Q2hhbm5lbHMiOlsic2xlLW1vZHVsZS1weXRob24zLTE1LXNwNy11cGRhdGVzLXg4Nl82NCJdfQ.OzY0dOl6R7gDMxFxJlWLiqJ-o1cDSK2qSJOhv8lLNuc HTTP/1.1" 200 -
172.16.3.7 - - [20/Apr/2026:17:18:11 +0200] "HEAD /rhn/manager/download/sle-module-python3-15-sp7-updates-x86_64/media.1/media?eyJhbGciOiJIUzI1NiJ9.eyJqdGkiOiIxRlNXbC1wYXVTVE01Y0hvM2xJbVJBIiwiZXhwIjoxODA4MjM0MjIwLCJpYXQiOjE3NzY2OTgyMjAsIm5iZiI6MTc3NjY5ODEwMCwib3JnIjoxLCJvbmx5Q2hhbm5lbHMiOlsic2xlLW1vZHVsZS1weXRob24zLTE1LXNwNy11cGRhdGVzLXg4Nl82NCJdfQ.OzY0dOl6R7gDMxFxJlWLiqJ-o1cDSK2qSJOhv8lLNuc HTTP/1.1" 404 -
172.16.3.7 - - [20/Apr/2026:17:18:11 +0200] "HEAD /rhn/manager/download/sle-module-python3-15-sp7-updates-x86_64/repodata/repomd.xml?eyJhbGciOiJIUzI1NiJ9.eyJqdGkiOiIxRlNXbC1wYXVTVE01Y0hvM2xJbVJBIiwiZXhwIjoxODA4MjM0MjIwLCJpYXQiOjE3NzY2OTgyMjAsIm5iZiI6MTc3NjY5ODEwMCwib3JnIjoxLCJvbmx5Q2hhbm5lbHMiOlsic2xlLW1vZHVsZS1weXRob24zLTE1LXNwNy11cGRhdGVzLXg4Nl82NCJdfQ.OzY0dOl6R7gDMxFxJlWLiqJ-o1cDSK2qSJOhv8lLNuc HTTP/1.1" 200 -
127.0.0.1 - - [20/Apr/2026:17:18:11 +0200] "GET /rhn/websocket/notifications HTTP/1.1" 101 -
172.16.3.7 - - [20/Apr/2026:17:18:12 +0200] "GET /rhn/manager/download/sle-module-python3-15-sp7-updates-x86_64/repodata/repomd.xml?eyJhbGciOiJIUzI1NiJ9.eyJqdGkiOiIxRlNXbC1wYXVTVE01Y0hvM2xJbVJBIiwiZXhwIjoxODA4MjM0MjIwLCJpYXQiOjE3NzY2OTgyMjAsIm5iZiI6MTc3NjY5ODEwMCwib3JnIjoxLCJvbmx5Q2hhbm5lbHMiOlsic2xlLW1vZHVsZS1weXRob24zLTE1LXNwNy11cGRhdGVzLXg4Nl82NCJdfQ.OzY0dOl6R7gDMxFxJlWLiqJ-o1cDSK2qSJOhv8lLNuc HTTP/1.1" 200 3664
172.16.3.5 - - [20/Apr/2026:17:18:12 +0200] "POST /rhn/manager/frontend-log HTTP/1.1" 200 16
127.0.0.1 - - [20/Apr/2026:17:18:12 +0200] "GET /rhn/websocket/notifications HTTP/1.1" 101 -
172.16.3.7 - - [20/Apr/2026:17:18:12 +0200] "HEAD /rhn/manager/download/sle-module-python3-15-sp7-updates-x86_64/repodata/repomd.xml.asc?eyJhbGciOiJIUzI1NiJ9.eyJqdGkiOiIxRlNXbC1wYXVTVE01Y0hvM2xJbVJBIiwiZXhwIjoxODA4MjM0MjIwLCJpYXQiOjE3NzY2OTgyMjAsIm5iZiI6MTc3NjY5ODEwMCwib3JnIjoxLCJvbmx5Q2hhbm5lbHMiOlsic2xlLW1vZHVsZS1weXRob24zLTE1LXNwNy11cGRhdGVzLXg4Nl82NCJdfQ.OzY0dOl6R7gDMxFxJlWLiqJ-o1cDSK2qSJOhv8lLNuc HTTP/1.1" 404 -
::1 - - [20/Apr/2026:17:18:12 +0200] "GET /rhn/manager/login HTTP/1.1" 302 -
172.16.3.7 - - [20/Apr/2026:17:18:12 +0200] "HEAD /rhn/manager/download/sle-module-python3-15-sp7-updates-x86_64/repodata/63e1f963be225f204b8595bf18b9f13f69a9c2adbe8dd9fa44f788db06a439ae-primary.xml.gz?eyJhbGciOiJIUzI1NiJ9.eyJqdGkiOiIxRlNXbC1wYXVTVE01Y0hvM2xJbVJBIiwiZXhwIjoxODA4MjM0MjIwLCJpYXQiOjE3NzY2OTgyMjAsIm5iZiI6MTc3NjY5ODEwMCwib3JnIjoxLCJvbmx5Q2hhbm5lbHMiOlsic2xlLW1vZHVsZS1weXRob24zLTE1LXNwNy11cGRhdGVzLXg4Nl82NCJdfQ.OzY0dOl6R7gDMxFxJlWLiqJ-o1cDSK2qSJOhv8lLNuc HTTP/1.1" 200 -
127.0.0.1 - - [20/Apr/2026:17:18:12 +0200] "GET /rhn/websocket/notifications HTTP/1.1" 101 -
172.16.3.5 - - [20/Apr/2026:17:18:12 +0200] "POST /rhn/manager/frontend-log HTTP/1.1" 200 16
172.16.3.7 - - [20/Apr/2026:17:18:12 +0200] "GET /rhn/manager/download/sle-module-python3-15-sp7-updates-x86_64/repodata/63e1f963be225f204b8595bf18b9f13f69a9c2adbe8dd9fa44f788db06a439ae-primary.xml.gz?eyJhbGciOiJIUzI1NiJ9.eyJqdGkiOiIxRlNXbC1wYXVTVE01Y0hvM2xJbVJBIiwiZXhwIjoxODA4MjM0MjIwLCJpYXQiOjE3NzY2OTgyMjAsIm5iZiI6MTc3NjY5ODEwMCwib3JnIjoxLCJvbmx5Q2hhbm5lbHMiOlsic2xlLW1vZHVsZS1weXRob24zLTE1LXNwNy11cGRhdGVzLXg4Nl82NCJdfQ.OzY0dOl6R7gDMxFxJlWLiqJ-o1cDSK2qSJOhv8lLNuc HTTP/1.1" 200 3664
172.16.3.5 - - [20/Apr/2026:17:18:12 +0200] "POST /rhn/manager/frontend-log HTTP/1.1" 200 16
172.16.3.7 - - [20/Apr/2026:17:18:12 +0200] "HEAD /rhn/manager/download/sle-module-python3-15-sp7-updates-x86_64/repodata/df7f9c04a0406ff5385869393c580d0d07c97378d44b686dd927479a2897d56b-susedata.xml.gz?eyJhbGciOiJIUzI1NiJ9.eyJqdGkiOiIxRlNXbC1wYXVTVE01Y0hvM2xJbVJBIiwiZXhwIjoxODA4MjM0MjIwLCJpYXQiOjE3NzY2OTgyMjAsIm5iZiI6MTc3NjY5ODEwMCwib3JnIjoxLCJvbmx5Q2hhbm5lbHMiOlsic2xlLW1vZHVsZS1weXRob24zLTE1LXNwNy11cGRhdGVzLXg4Nl82NCJdfQ.OzY0dOl6R7gDMxFxJlWLiqJ-o1cDSK2qSJOhv8lLNuc HTTP/1.1" 200 -
172.16.3.7 - - [20/Apr/2026:17:18:12 +0200] "GET /rhn/manager/download/sle-module-python3-15-sp7-updates-x86_64/repodata/df7f9c04a0406ff5385869393c580d0d07c97378d44b686dd927479a2897d56b-susedata.xml.gz?eyJhbGciOiJIUzI1NiJ9.eyJqdGkiOiIxRlNXbC1wYXVTVE01Y0hvM2xJbVJBIiwiZXhwIjoxODA4MjM0MjIwLCJpYXQiOjE3NzY2OTgyMjAsIm5iZiI6MTc3NjY5ODEwMCwib3JnIjoxLCJvbmx5Q2hhbm5lbHMiOlsic2xlLW1vZHVsZS1weXRob24zLTE1LXNwNy11cGRhdGVzLXg4Nl82NCJdfQ.OzY0dOl6R7gDMxFxJlWLiqJ-o1cDSK2qSJOhv8lLNuc HTTP/1.1" 200 3662
172.16.3.7 - - [20/Apr/2026:17:18:12 +0200] "HEAD /rhn/manager/download/sle-module-python3-15-sp7-updates-x86_64/repodata/9776d1e6585db523ea2081f71bf7af2c3b6950996fbafb2d47c7d95752ffb9cc-updateinfo.xml.gz?eyJhbGciOiJIUzI1NiJ9.eyJqdGkiOiIxRlNXbC1wYXVTVE01Y0hvM2xJbVJBIiwiZXhwIjoxODA4MjM0MjIwLCJpYXQiOjE3NzY2OTgyMjAsIm5iZiI6MTc3NjY5ODEwMCwib3JnIjoxLCJvbmx5Q2hhbm5lbHMiOlsic2xlLW1vZHVsZS1weXRob24zLTE1LXNwNy11cGRhdGVzLXg4Nl82NCJdfQ.OzY0dOl6R7gDMxFxJlWLiqJ-o1cDSK2qSJOhv8lLNuc HTTP/1.1" 200 -
172.16.3.7 - - [20/Apr/2026:17:18:12 +0200] "GET /rhn/manager/download/sle-module-python3-15-sp7-updates-x86_64/repodata/9776d1e6585db523ea2081f71bf7af2c3b6950996fbafb2d47c7d95752ffb9cc-updateinfo.xml.gz?eyJhbGciOiJIUzI1NiJ9.eyJqdGkiOiIxRlNXbC1wYXVTVE01Y0hvM2xJbVJBIiwiZXhwIjoxODA4MjM0MjIwLCJpYXQiOjE3NzY2OTgyMjAsIm5iZiI6MTc3NjY5ODEwMCwib3JnIjoxLCJvbmx5Q2hhbm5lbHMiOlsic2xlLW1vZHVsZS1weXRob24zLTE1LXNwNy11cGRhdGVzLXg4Nl82NCJdfQ.OzY0dOl6R7gDMxFxJlWLiqJ-o1cDSK2qSJOhv8lLNuc HTTP/1.1" 200 3664
172.16.3.7 - - [20/Apr/2026:17:18:12 +0200] "HEAD /rhn/manager/download/sle-module-server-applications15-sp7-updates-x86_64/repodata/repomd.xml?eyJhbGciOiJIUzI1NiJ9.eyJqdGkiOiJqSVJ1TjBCVlRQQ0hJY0xmU0o3QlNBIiwiZXhwIjoxODA4MjM0MjIwLCJpYXQiOjE3NzY2OTgyMjAsIm5iZiI6MTc3NjY5ODEwMCwib3JnIjoxLCJvbmx5Q2hhbm5lbHMiOlsic2xlLW1vZHVsZS1zZXJ2ZXItYXBwbGljYXRpb25zMTUtc3A3LXVwZGF0ZXMteDg2XzY0Il19.2s8EVaw6Mdf0UrTPrZyyIfYwPeA1RydWNLCWkAdJIgY HTTP/1.1" 200 -
172.16.3.7 - - [20/Apr/2026:17:18:12 +0200] "HEAD /rhn/manager/download/sle-module-server-applications15-sp7-updates-x86_64/media.1/media?eyJhbGciOiJIUzI1NiJ9.eyJqdGkiOiJqSVJ1TjBCVlRQQ0hJY0xmU0o3QlNBIiwiZXhwIjoxODA4MjM0MjIwLCJpYXQiOjE3NzY2OTgyMjAsIm5iZiI6MTc3NjY5ODEwMCwib3JnIjoxLCJvbmx5Q2hhbm5lbHMiOlsic2xlLW1vZHVsZS1zZXJ2ZXItYXBwbGljYXRpb25zMTUtc3A3LXVwZGF0ZXMteDg2XzY0Il19.2s8EVaw6Mdf0UrTPrZyyIfYwPeA1RydWNLCWkAdJIgY HTTP/1.1" 404 -
172.16.3.7 - - [20/Apr/2026:17:18:12 +0200] "HEAD /rhn/manager/download/sle-module-server-applications15-sp7-updates-x86_64/repodata/repomd.xml?eyJhbGciOiJIUzI1NiJ9.eyJqdGkiOiJqSVJ1TjBCVlRQQ0hJY0xmU0o3QlNBIiwiZXhwIjoxODA4MjM0MjIwLCJpYXQiOjE3NzY2OTgyMjAsIm5iZiI6MTc3NjY5ODEwMCwib3JnIjoxLCJvbmx5Q2hhbm5lbHMiOlsic2xlLW1vZHVsZS1zZXJ2ZXItYXBwbGljYXRpb25zMTUtc3A3LXVwZGF0ZXMteDg2XzY0Il19.2s8EVaw6Mdf0UrTPrZyyIfYwPeA1RydWNLCWkAdJIgY HTTP/1.1" 200 -
172.16.3.7 - - [20/Apr/2026:17:18:12 +0200] "GET /rhn/manager/download/sle-module-server-applications15-sp7-updates-x86_64/repodata/repomd.xml?eyJhbGciOiJIUzI1NiJ9.eyJqdGkiOiJqSVJ1TjBCVlRQQ0hJY0xmU0o3QlNBIiwiZXhwIjoxODA4MjM0MjIwLCJpYXQiOjE3NzY2OTgyMjAsIm5iZiI6MTc3NjY5ODEwMCwib3JnIjoxLCJvbmx5Q2hhbm5lbHMiOlsic2xlLW1vZHVsZS1zZXJ2ZXItYXBwbGljYXRpb25zMTUtc3A3LXVwZGF0ZXMteDg2XzY0Il19.2s8EVaw6Mdf0UrTPrZyyIfYwPeA1RydWNLCWkAdJIgY HTTP/1.1" 200 3664
172.16.3.7 - - [20/Apr/2026:17:18:12 +0200] "HEAD /rhn/manager/download/sle-module-server-applications15-sp7-updates-x86_64/repodata/repomd.xml.asc?eyJhbGciOiJIUzI1NiJ9.eyJqdGkiOiJqSVJ1TjBCVlRQQ0hJY0xmU0o3QlNBIiwiZXhwIjoxODA4MjM0MjIwLCJpYXQiOjE3NzY2OTgyMjAsIm5iZiI6MTc3NjY5ODEwMCwib3JnIjoxLCJvbmx5Q2hhbm5lbHMiOlsic2xlLW1vZHVsZS1zZXJ2ZXItYXBwbGljYXRpb25zMTUtc3A3LXVwZGF0ZXMteDg2XzY0Il19.2s8EVaw6Mdf0UrTPrZyyIfYwPeA1RydWNLCWkAdJIgY HTTP/1.1" 404 -
172.16.3.5 - - [20/Apr/2026:17:18:12 +0200] "GET /rhn/systems/details/history/History.do?sid=1000010003& HTTP/1.1" 200 46453
172.16.3.7 - - [20/Apr/2026:17:18:12 +0200] "HEAD /rhn/manager/download/sle-module-server-applications15-sp7-updates-x86_64/repodata/b8643f1b1246a80c7b0d9a08860d5ac06fdbc256a1690d4bc5a5b391bba77cda-primary.xml.gz?eyJhbGciOiJIUzI1NiJ9.eyJqdGkiOiJqSVJ1TjBCVlRQQ0hJY0xmU0o3QlNBIiwiZXhwIjoxODA4MjM0MjIwLCJpYXQiOjE3NzY2OTgyMjAsIm5iZiI6MTc3NjY5ODEwMCwib3JnIjoxLCJvbmx5Q2hhbm5lbHMiOlsic2xlLW1vZHVsZS1zZXJ2ZXItYXBwbGljYXRpb25zMTUtc3A3LXVwZGF0ZXMteDg2XzY0Il19.2s8EVaw6Mdf0UrTPrZyyIfYwPeA1RydWNLCWkAdJIgY HTTP/1.1" 200 -
172.16.3.7 - - [20/Apr/2026:17:18:12 +0200] "GET /rhn/manager/download/sle-module-server-applications15-sp7-updates-x86_64/repodata/b8643f1b1246a80c7b0d9a08860d5ac06fdbc256a1690d4bc5a5b391bba77cda-primary.xml.gz?eyJhbGciOiJIUzI1NiJ9.eyJqdGkiOiJqSVJ1TjBCVlRQQ0hJY0xmU0o3QlNBIiwiZXhwIjoxODA4MjM0MjIwLCJpYXQiOjE3NzY2OTgyMjAsIm5iZiI6MTc3NjY5ODEwMCwib3JnIjoxLCJvbmx5Q2hhbm5lbHMiOlsic2xlLW1vZHVsZS1zZXJ2ZXItYXBwbGljYXRpb25zMTUtc3A3LXVwZGF0ZXMteDg2XzY0Il19.2s8EVaw6Mdf0UrTPrZyyIfYwPeA1RydWNLCWkAdJIgY HTTP/1.1" 200 3664
172.16.3.5 - - [20/Apr/2026:17:18:12 +0200] "GET /rhn/systems/details/history/Event.do?sid=1000010001&aid=12 HTTP/1.1" 200 40556
172.16.3.7 - - [20/Apr/2026:17:18:12 +0200] "HEAD /rhn/manager/download/sle-module-server-applications15-sp7-updates-x86_64/repodata/ac1fef0a4c2a1c39922ddf91cee56225053e7acddec918d0dd72c51a2b5c0f69-susedata.xml.gz?eyJhbGciOiJIUzI1NiJ9.eyJqdGkiOiJqSVJ1TjBCVlRQQ0hJY0xmU0o3QlNBIiwiZXhwIjoxODA4MjM0MjIwLCJpYXQiOjE3NzY2OTgyMjAsIm5iZiI6MTc3NjY5ODEwMCwib3JnIjoxLCJvbmx5Q2hhbm5lbHMiOlsic2xlLW1vZHVsZS1zZXJ2ZXItYXBwbGljYXRpb25zMTUtc3A3LXVwZGF0ZXMteDg2XzY0Il19.2s8EVaw6Mdf0UrTPrZyyIfYwPeA1RydWNLCWkAdJIgY HTTP/1.1" 200 -
172.16.3.7 - - [20/Apr/2026:17:18:12 +0200] "GET /rhn/manager/download/sle-module-server-applications15-sp7-updates-x86_64/repodata/ac1fef0a4c2a1c39922ddf91cee56225053e7acddec918d0dd72c51a2b5c0f69-susedata.xml.gz?eyJhbGciOiJIUzI1NiJ9.eyJqdGkiOiJqSVJ1TjBCVlRQQ0hJY0xmU0o3QlNBIiwiZXhwIjoxODA4MjM0MjIwLCJpYXQiOjE3NzY2OTgyMjAsIm5iZiI6MTc3NjY5ODEwMCwib3JnIjoxLCJvbmx5Q2hhbm5lbHMiOlsic2xlLW1vZHVsZS1zZXJ2ZXItYXBwbGljYXRpb25zMTUtc3A3LXVwZGF0ZXMteDg2XzY0Il19.2s8EVaw6Mdf0UrTPrZyyIfYwPeA1RydWNLCWkAdJIgY HTTP/1.1" 200 3664
172.16.3.5 - - [20/Apr/2026:17:18:12 +0200] "GET /rhn/systems/details/history/Event.do?sid=1000010002&aid=10 HTTP/1.1" 200 40501
172.16.3.7 - - [20/Apr/2026:17:18:12 +0200] "HEAD /rhn/manager/download/sle-module-server-applications15-sp7-updates-x86_64/repodata/f507c983b478293973ff46d086a36a9336fe1f7065de02b3c68d63e280a57500-updateinfo.xml.gz?eyJhbGciOiJIUzI1NiJ9.eyJqdGkiOiJqSVJ1TjBCVlRQQ0hJY0xmU0o3QlNBIiwiZXhwIjoxODA4MjM0MjIwLCJpYXQiOjE3NzY2OTgyMjAsIm5iZiI6MTc3NjY5ODEwMCwib3JnIjoxLCJvbmx5Q2hhbm5lbHMiOlsic2xlLW1vZHVsZS1zZXJ2ZXItYXBwbGljYXRpb25zMTUtc3A3LXVwZGF0ZXMteDg2XzY0Il19.2s8EVaw6Mdf0UrTPrZyyIfYwPeA1RydWNLCWkAdJIgY HTTP/1.1" 200 -
127.0.0.1 - - [20/Apr/2026:17:18:12 +0200] "GET /rhn/websocket/notifications HTTP/1.1" 101 -
172.16.3.7 - - [20/Apr/2026:17:18:12 +0200] "GET /rhn/manager/download/sle-module-server-applications15-sp7-updates-x86_64/repodata/f507c983b478293973ff46d086a36a9336fe1f7065de02b3c68d63e280a57500-updateinfo.xml.gz?eyJhbGciOiJIUzI1NiJ9.eyJqdGkiOiJqSVJ1TjBCVlRQQ0hJY0xmU0o3QlNBIiwiZXhwIjoxODA4MjM0MjIwLCJpYXQiOjE3NzY2OTgyMjAsIm5iZiI6MTc3NjY5ODEwMCwib3JnIjoxLCJvbmx5Q2hhbm5lbHMiOlsic2xlLW1vZHVsZS1zZXJ2ZXItYXBwbGljYXRpb25zMTUtc3A3LXVwZGF0ZXMteDg2XzY0Il19.2s8EVaw6Mdf0UrTPrZyyIfYwPeA1RydWNLCWkAdJIgY HTTP/1.1" 200 3664
127.0.0.1 - - [20/Apr/2026:17:18:12 +0200] "GET /rhn/websocket/notifications HTTP/1.1" 101 -
172.16.3.5 - - [20/Apr/2026:17:18:13 +0200] "POST /rhn/manager/frontend-log HTTP/1.1" 200 16
172.16.3.5 - - [20/Apr/2026:17:18:13 +0200] "POST /rhn/manager/frontend-log HTTP/1.1" 200 16
127.0.0.1 - - [20/Apr/2026:17:18:13 +0200] "GET /rhn/websocket/notifications HTTP/1.1" 101 -
172.16.3.5 - - [20/Apr/2026:17:18:13 +0200] "POST /rhn/manager/frontend-log HTTP/1.1" 200 16
172.16.3.7 - - [20/Apr/2026:17:18:13 +0200] "HEAD /rhn/manager/download/sle-module-systems-management-15-sp7-updates-x86_64/repodata/repomd.xml?eyJhbGciOiJIUzI1NiJ9.eyJqdGkiOiJWMWt1ZHllVzFRbWNuaERTMUJiTUZ3IiwiZXhwIjoxODA4MjM0MjIwLCJpYXQiOjE3NzY2OTgyMjAsIm5iZiI6MTc3NjY5ODEwMCwib3JnIjoxLCJvbmx5Q2hhbm5lbHMiOlsic2xlLW1vZHVsZS1zeXN0ZW1zLW1hbmFnZW1lbnQtMTUtc3A3LXVwZGF0ZXMteDg2XzY0Il19.0NP0xxLjH3qohJui6ckFyWdBAnryUo6X4l9Zk9tXhMs HTTP/1.1" 200 -
172.16.3.7 - - [20/Apr/2026:17:18:13 +0200] "HEAD /rhn/manager/download/sle-module-systems-management-15-sp7-updates-x86_64/media.1/media?eyJhbGciOiJIUzI1NiJ9.eyJqdGkiOiJWMWt1ZHllVzFRbWNuaERTMUJiTUZ3IiwiZXhwIjoxODA4MjM0MjIwLCJpYXQiOjE3NzY2OTgyMjAsIm5iZiI6MTc3NjY5ODEwMCwib3JnIjoxLCJvbmx5Q2hhbm5lbHMiOlsic2xlLW1vZHVsZS1zeXN0ZW1zLW1hbmFnZW1lbnQtMTUtc3A3LXVwZGF0ZXMteDg2XzY0Il19.0NP0xxLjH3qohJui6ckFyWdBAnryUo6X4l9Zk9tXhMs HTTP/1.1" 404 -
172.16.3.7 - - [20/Apr/2026:17:18:13 +0200] "HEAD /rhn/manager/download/sle-module-systems-management-15-sp7-updates-x86_64/repodata/repomd.xml?eyJhbGciOiJIUzI1NiJ9.eyJqdGkiOiJWMWt1ZHllVzFRbWNuaERTMUJiTUZ3IiwiZXhwIjoxODA4MjM0MjIwLCJpYXQiOjE3NzY2OTgyMjAsIm5iZiI6MTc3NjY5ODEwMCwib3JnIjoxLCJvbmx5Q2hhbm5lbHMiOlsic2xlLW1vZHVsZS1zeXN0ZW1zLW1hbmFnZW1lbnQtMTUtc3A3LXVwZGF0ZXMteDg2XzY0Il19.0NP0xxLjH3qohJui6ckFyWdBAnryUo6X4l9Zk9tXhMs HTTP/1.1" 200 -
172.16.3.7 - - [20/Apr/2026:17:18:13 +0200] "GET /rhn/manager/download/sle-module-systems-management-15-sp7-updates-x86_64/repodata/repomd.xml?eyJhbGciOiJIUzI1NiJ9.eyJqdGkiOiJWMWt1ZHllVzFRbWNuaERTMUJiTUZ3IiwiZXhwIjoxODA4MjM0MjIwLCJpYXQiOjE3NzY2OTgyMjAsIm5iZiI6MTc3NjY5ODEwMCwib3JnIjoxLCJvbmx5Q2hhbm5lbHMiOlsic2xlLW1vZHVsZS1zeXN0ZW1zLW1hbmFnZW1lbnQtMTUtc3A3LXVwZGF0ZXMteDg2XzY0Il19.0NP0xxLjH3qohJui6ckFyWdBAnryUo6X4l9Zk9tXhMs HTTP/1.1" 200 3664
172.16.3.7 - - [20/Apr/2026:17:18:13 +0200] "HEAD /rhn/manager/download/sle-module-systems-management-15-sp7-updates-x86_64/repodata/repomd.xml.asc?eyJhbGciOiJIUzI1NiJ9.eyJqdGkiOiJWMWt1ZHllVzFRbWNuaERTMUJiTUZ3IiwiZXhwIjoxODA4MjM0MjIwLCJpYXQiOjE3NzY2OTgyMjAsIm5iZiI6MTc3NjY5ODEwMCwib3JnIjoxLCJvbmx5Q2hhbm5lbHMiOlsic2xlLW1vZHVsZS1zeXN0ZW1zLW1hbmFnZW1lbnQtMTUtc3A3LXVwZGF0ZXMteDg2XzY0Il19.0NP0xxLjH3qohJui6ckFyWdBAnryUo6X4l9Zk9tXhMs HTTP/1.1" 404 -
172.16.3.7 - - [20/Apr/2026:17:18:13 +0200] "HEAD /rhn/manager/download/sle-module-systems-management-15-sp7-updates-x86_64/repodata/b46d74c3c294135efcda7e1a48d82ff878c9e37f915cf0d45900f20e13c86498-primary.xml.gz?eyJhbGciOiJIUzI1NiJ9.eyJqdGkiOiJWMWt1ZHllVzFRbWNuaERTMUJiTUZ3IiwiZXhwIjoxODA4MjM0MjIwLCJpYXQiOjE3NzY2OTgyMjAsIm5iZiI6MTc3NjY5ODEwMCwib3JnIjoxLCJvbmx5Q2hhbm5lbHMiOlsic2xlLW1vZHVsZS1zeXN0ZW1zLW1hbmFnZW1lbnQtMTUtc3A3LXVwZGF0ZXMteDg2XzY0Il19.0NP0xxLjH3qohJui6ckFyWdBAnryUo6X4l9Zk9tXhMs HTTP/1.1" 200 -
172.16.3.7 - - [20/Apr/2026:17:18:13 +0200] "GET /rhn/manager/download/sle-module-systems-management-15-sp7-updates-x86_64/repodata/b46d74c3c294135efcda7e1a48d82ff878c9e37f915cf0d45900f20e13c86498-primary.xml.gz?eyJhbGciOiJIUzI1NiJ9.eyJqdGkiOiJWMWt1ZHllVzFRbWNuaERTMUJiTUZ3IiwiZXhwIjoxODA4MjM0MjIwLCJpYXQiOjE3NzY2OTgyMjAsIm5iZiI6MTc3NjY5ODEwMCwib3JnIjoxLCJvbmx5Q2hhbm5lbHMiOlsic2xlLW1vZHVsZS1zeXN0ZW1zLW1hbmFnZW1lbnQtMTUtc3A3LXVwZGF0ZXMteDg2XzY0Il19.0NP0xxLjH3qohJui6ckFyWdBAnryUo6X4l9Zk9tXhMs HTTP/1.1" 200 3664
172.16.3.5 - - [20/Apr/2026:17:18:13 +0200] "POST /rhn/manager/api/auth/login HTTP/1.1" 200 16
172.16.3.7 - - [20/Apr/2026:17:18:13 +0200] "HEAD /rhn/manager/download/sle-module-systems-management-15-sp7-updates-x86_64/repodata/860a8ffd2e631d23d2e7e19d0bb2ec71704b82672341c7e80418b42f7f6aaea2-susedata.xml.gz?eyJhbGciOiJIUzI1NiJ9.eyJqdGkiOiJWMWt1ZHllVzFRbWNuaERTMUJiTUZ3IiwiZXhwIjoxODA4MjM0MjIwLCJpYXQiOjE3NzY2OTgyMjAsIm5iZiI6MTc3NjY5ODEwMCwib3JnIjoxLCJvbmx5Q2hhbm5lbHMiOlsic2xlLW1vZHVsZS1zeXN0ZW1zLW1hbmFnZW1lbnQtMTUtc3A3LXVwZGF0ZXMteDg2XzY0Il19.0NP0xxLjH3qohJui6ckFyWdBAnryUo6X4l9Zk9tXhMs HTTP/1.1" 200 -
172.16.3.7 - - [20/Apr/2026:17:18:13 +0200] "GET /rhn/manager/download/sle-module-systems-management-15-sp7-updates-x86_64/repodata/860a8ffd2e631d23d2e7e19d0bb2ec71704b82672341c7e80418b42f7f6aaea2-susedata.xml.gz?eyJhbGciOiJIUzI1NiJ9.eyJqdGkiOiJWMWt1ZHllVzFRbWNuaERTMUJiTUZ3IiwiZXhwIjoxODA4MjM0MjIwLCJpYXQiOjE3NzY2OTgyMjAsIm5iZiI6MTc3NjY5ODEwMCwib3JnIjoxLCJvbmx5Q2hhbm5lbHMiOlsic2xlLW1vZHVsZS1zeXN0ZW1zLW1hbmFnZW1lbnQtMTUtc3A3LXVwZGF0ZXMteDg2XzY0Il19.0NP0xxLjH3qohJui6ckFyWdBAnryUo6X4l9Zk9tXhMs HTTP/1.1" 200 3664
172.16.3.7 - - [20/Apr/2026:17:18:13 +0200] "HEAD /rhn/manager/download/sle-module-systems-management-15-sp7-updates-x86_64/repodata/e4a4c2423b86adddc35c88cfb449171043a3ee99e6cf97677d945c1158970ef7-updateinfo.xml.gz?eyJhbGciOiJIUzI1NiJ9.eyJqdGkiOiJWMWt1ZHllVzFRbWNuaERTMUJiTUZ3IiwiZXhwIjoxODA4MjM0MjIwLCJpYXQiOjE3NzY2OTgyMjAsIm5iZiI6MTc3NjY5ODEwMCwib3JnIjoxLCJvbmx5Q2hhbm5lbHMiOlsic2xlLW1vZHVsZS1zeXN0ZW1zLW1hbmFnZW1lbnQtMTUtc3A3LXVwZGF0ZXMteDg2XzY0Il19.0NP0xxLjH3qohJui6ckFyWdBAnryUo6X4l9Zk9tXhMs HTTP/1.1" 200 -
172.16.3.7 - - [20/Apr/2026:17:18:13 +0200] "GET /rhn/manager/download/sle-module-systems-management-15-sp7-updates-x86_64/repodata/e4a4c2423b86adddc35c88cfb449171043a3ee99e6cf97677d945c1158970ef7-updateinfo.xml.gz?eyJhbGciOiJIUzI1NiJ9.eyJqdGkiOiJWMWt1ZHllVzFRbWNuaERTMUJiTUZ3IiwiZXhwIjoxODA4MjM0MjIwLCJpYXQiOjE3NzY2OTgyMjAsIm5iZiI6MTc3NjY5ODEwMCwib3JnIjoxLCJvbmx5Q2hhbm5lbHMiOlsic2xlLW1vZHVsZS1zeXN0ZW1zLW1hbmFnZW1lbnQtMTUtc3A3LXVwZGF0ZXMteDg2XzY0Il19.0NP0xxLjH3qohJui6ckFyWdBAnryUo6X4l9Zk9tXhMs HTTP/1.1" 200 3664
172.16.3.5 - - [20/Apr/2026:17:18:13 +0200] "POST /rhn/manager/api/system/searchByName HTTP/1.1" 200 165
172.16.3.7 - - [20/Apr/2026:17:18:13 +0200] "HEAD /rhn/manager/download/sle-product-sles15-sp7-updates-x86_64/repodata/repomd.xml?eyJhbGciOiJIUzI1NiJ9.eyJqdGkiOiI4X1RjS0Vzc0xmOUlSaUM0VlF2MFFBIiwiZXhwIjoxODA4MjM0MjIwLCJpYXQiOjE3NzY2OTgyMjAsIm5iZiI6MTc3NjY5ODEwMCwib3JnIjoxLCJvbmx5Q2hhbm5lbHMiOlsic2xlLXByb2R1Y3Qtc2xlczE1LXNwNy11cGRhdGVzLXg4Nl82NCJdfQ.3bnVd6mfAkmjJnoLjynq9vGo4-dkE18IBeeVbaRuhk8 HTTP/1.1" 200 -
172.16.3.5 - - [20/Apr/2026:17:18:13 +0200] "GET /rhn/systems/details/history/Event.do?sid=1000010003&aid=23 HTTP/1.1" 200 40552
172.16.3.7 - - [20/Apr/2026:17:18:13 +0200] "HEAD /rhn/manager/download/sle-product-sles15-sp7-updates-x86_64/media.1/media?eyJhbGciOiJIUzI1NiJ9.eyJqdGkiOiI4X1RjS0Vzc0xmOUlSaUM0VlF2MFFBIiwiZXhwIjoxODA4MjM0MjIwLCJpYXQiOjE3NzY2OTgyMjAsIm5iZiI6MTc3NjY5ODEwMCwib3JnIjoxLCJvbmx5Q2hhbm5lbHMiOlsic2xlLXByb2R1Y3Qtc2xlczE1LXNwNy11cGRhdGVzLXg4Nl82NCJdfQ.3bnVd6mfAkmjJnoLjynq9vGo4-dkE18IBeeVbaRuhk8 HTTP/1.1" 404 -
172.16.3.7 - - [20/Apr/2026:17:18:13 +0200] "HEAD /rhn/manager/download/sle-product-sles15-sp7-updates-x86_64/repodata/repomd.xml?eyJhbGciOiJIUzI1NiJ9.eyJqdGkiOiI4X1RjS0Vzc0xmOUlSaUM0VlF2MFFBIiwiZXhwIjoxODA4MjM0MjIwLCJpYXQiOjE3NzY2OTgyMjAsIm5iZiI6MTc3NjY5ODEwMCwib3JnIjoxLCJvbmx5Q2hhbm5lbHMiOlsic2xlLXByb2R1Y3Qtc2xlczE1LXNwNy11cGRhdGVzLXg4Nl82NCJdfQ.3bnVd6mfAkmjJnoLjynq9vGo4-dkE18IBeeVbaRuhk8 HTTP/1.1" 200 -
172.16.3.7 - - [20/Apr/2026:17:18:13 +0200] "GET /rhn/manager/download/sle-product-sles15-sp7-updates-x86_64/repodata/repomd.xml?eyJhbGciOiJIUzI1NiJ9.eyJqdGkiOiI4X1RjS0Vzc0xmOUlSaUM0VlF2MFFBIiwiZXhwIjoxODA4MjM0MjIwLCJpYXQiOjE3NzY2OTgyMjAsIm5iZiI6MTc3NjY5ODEwMCwib3JnIjoxLCJvbmx5Q2hhbm5lbHMiOlsic2xlLXByb2R1Y3Qtc2xlczE1LXNwNy11cGRhdGVzLXg4Nl82NCJdfQ.3bnVd6mfAkmjJnoLjynq9vGo4-dkE18IBeeVbaRuhk8 HTTP/1.1" 200 3664
172.16.3.5 - - [20/Apr/2026:17:18:13 +0200] "GET /rhn/manager/api/auth/logout HTTP/1.1" 200 16
172.16.3.7 - - [20/Apr/2026:17:18:13 +0200] "HEAD /rhn/manager/download/sle-product-sles15-sp7-updates-x86_64/repodata/repomd.xml.asc?eyJhbGciOiJIUzI1NiJ9.eyJqdGkiOiI4X1RjS0Vzc0xmOUlSaUM0VlF2MFFBIiwiZXhwIjoxODA4MjM0MjIwLCJpYXQiOjE3NzY2OTgyMjAsIm5iZiI6MTc3NjY5ODEwMCwib3JnIjoxLCJvbmx5Q2hhbm5lbHMiOlsic2xlLXByb2R1Y3Qtc2xlczE1LXNwNy11cGRhdGVzLXg4Nl82NCJdfQ.3bnVd6mfAkmjJnoLjynq9vGo4-dkE18IBeeVbaRuhk8 HTTP/1.1" 404 -
172.16.3.5 - - [20/Apr/2026:17:18:13 +0200] "GET /rhn/systems/details/history/Pending.do?sid=1000010002& HTTP/1.1" 200 40253
172.16.3.7 - - [20/Apr/2026:17:18:13 +0200] "HEAD /rhn/manager/download/sle-product-sles15-sp7-updates-x86_64/repodata/664a17e0abeec827358f75d322f498d815f5ab773d1d8f77d4f4187ee090709a-primary.xml.gz?eyJhbGciOiJIUzI1NiJ9.eyJqdGkiOiI4X1RjS0Vzc0xmOUlSaUM0VlF2MFFBIiwiZXhwIjoxODA4MjM0MjIwLCJpYXQiOjE3NzY2OTgyMjAsIm5iZiI6MTc3NjY5ODEwMCwib3JnIjoxLCJvbmx5Q2hhbm5lbHMiOlsic2xlLXByb2R1Y3Qtc2xlczE1LXNwNy11cGRhdGVzLXg4Nl82NCJdfQ.3bnVd6mfAkmjJnoLjynq9vGo4-dkE18IBeeVbaRuhk8 HTTP/1.1" 200 -
172.16.3.5 - - [20/Apr/2026:17:18:13 +0200] "POST /rhn/manager/frontend-log HTTP/1.1" 200 16
127.0.0.1 - - [20/Apr/2026:17:18:13 +0200] "GET /rhn/websocket/notifications HTTP/1.1" 101 -
172.16.3.7 - - [20/Apr/2026:17:18:14 +0200] "GET /rhn/manager/download/sle-product-sles15-sp7-updates-x86_64/repodata/664a17e0abeec827358f75d322f498d815f5ab773d1d8f77d4f4187ee090709a-primary.xml.gz?eyJhbGciOiJIUzI1NiJ9.eyJqdGkiOiI4X1RjS0Vzc0xmOUlSaUM0VlF2MFFBIiwiZXhwIjoxODA4MjM0MjIwLCJpYXQiOjE3NzY2OTgyMjAsIm5iZiI6MTc3NjY5ODEwMCwib3JnIjoxLCJvbmx5Q2hhbm5lbHMiOlsic2xlLXByb2R1Y3Qtc2xlczE1LXNwNy11cGRhdGVzLXg4Nl82NCJdfQ.3bnVd6mfAkmjJnoLjynq9vGo4-dkE18IBeeVbaRuhk8 HTTP/1.1" 200 3664
172.16.3.5 - - [20/Apr/2026:17:18:14 +0200] "POST /rhn/manager/frontend-log HTTP/1.1" 200 16
172.16.3.7 - - [20/Apr/2026:17:18:14 +0200] "HEAD /rhn/manager/download/sle-product-sles15-sp7-updates-x86_64/repodata/9a8506e2092196b78cb0fbdc7a487bfd1e27bb6a8a004b6bd523e4a32b51fff8-susedata.xml.gz?eyJhbGciOiJIUzI1NiJ9.eyJqdGkiOiI4X1RjS0Vzc0xmOUlSaUM0VlF2MFFBIiwiZXhwIjoxODA4MjM0MjIwLCJpYXQiOjE3NzY2OTgyMjAsIm5iZiI6MTc3NjY5ODEwMCwib3JnIjoxLCJvbmx5Q2hhbm5lbHMiOlsic2xlLXByb2R1Y3Qtc2xlczE1LXNwNy11cGRhdGVzLXg4Nl82NCJdfQ.3bnVd6mfAkmjJnoLjynq9vGo4-dkE18IBeeVbaRuhk8 HTTP/1.1" 200 -
127.0.0.1 - - [20/Apr/2026:17:18:14 +0200] "GET /rhn/websocket/notifications HTTP/1.1" 101 -
172.16.3.7 - - [20/Apr/2026:17:18:14 +0200] "GET /rhn/manager/download/sle-product-sles15-sp7-updates-x86_64/repodata/9a8506e2092196b78cb0fbdc7a487bfd1e27bb6a8a004b6bd523e4a32b51fff8-susedata.xml.gz?eyJhbGciOiJIUzI1NiJ9.eyJqdGkiOiI4X1RjS0Vzc0xmOUlSaUM0VlF2MFFBIiwiZXhwIjoxODA4MjM0MjIwLCJpYXQiOjE3NzY2OTgyMjAsIm5iZiI6MTc3NjY5ODEwMCwib3JnIjoxLCJvbmx5Q2hhbm5lbHMiOlsic2xlLXByb2R1Y3Qtc2xlczE1LXNwNy11cGRhdGVzLXg4Nl82NCJdfQ.3bnVd6mfAkmjJnoLjynq9vGo4-dkE18IBeeVbaRuhk8 HTTP/1.1" 200 3664
172.16.3.7 - - [20/Apr/2026:17:18:14 +0200] "HEAD /rhn/manager/download/sle-product-sles15-sp7-updates-x86_64/repodata/74815e6f5958da10982056d81de0b18142bed762d0cfb91313c805e6702be54a-updateinfo.xml.gz?eyJhbGciOiJIUzI1NiJ9.eyJqdGkiOiI4X1RjS0Vzc0xmOUlSaUM0VlF2MFFBIiwiZXhwIjoxODA4MjM0MjIwLCJpYXQiOjE3NzY2OTgyMjAsIm5iZiI6MTc3NjY5ODEwMCwib3JnIjoxLCJvbmx5Q2hhbm5lbHMiOlsic2xlLXByb2R1Y3Qtc2xlczE1LXNwNy11cGRhdGVzLXg4Nl82NCJdfQ.3bnVd6mfAkmjJnoLjynq9vGo4-dkE18IBeeVbaRuhk8 HTTP/1.1" 200 -
172.16.3.7 - - [20/Apr/2026:17:18:14 +0200] "GET /rhn/manager/download/sle-product-sles15-sp7-updates-x86_64/repodata/74815e6f5958da10982056d81de0b18142bed762d0cfb91313c805e6702be54a-updateinfo.xml.gz?eyJhbGciOiJIUzI1NiJ9.eyJqdGkiOiI4X1RjS0Vzc0xmOUlSaUM0VlF2MFFBIiwiZXhwIjoxODA4MjM0MjIwLCJpYXQiOjE3NzY2OTgyMjAsIm5iZiI6MTc3NjY5ODEwMCwib3JnIjoxLCJvbmx5Q2hhbm5lbHMiOlsic2xlLXByb2R1Y3Qtc2xlczE1LXNwNy11cGRhdGVzLXg4Nl82NCJdfQ.3bnVd6mfAkmjJnoLjynq9vGo4-dkE18IBeeVbaRuhk8 HTTP/1.1" 200 3664
172.16.3.7 - - [20/Apr/2026:17:18:14 +0200] "HEAD /rhn/manager/download/devel-build-host-channel/repodata/repomd.xml?eyJhbGciOiJIUzI1NiJ9.eyJqdGkiOiJ4SVJ0QWg0N3owem5MTmtIdTYtdWx3IiwiZXhwIjoxODA4MjM0MjIwLCJpYXQiOjE3NzY2OTgyMjAsIm5iZiI6MTc3NjY5ODEwMCwib3JnIjoxLCJvbmx5Q2hhbm5lbHMiOlsiZGV2ZWwtYnVpbGQtaG9zdC1jaGFubmVsIl19.ROVSiz3aXpbJU-biPfU6IPCNmj9qgiwYYl8wq7Xr2XY HTTP/1.1" 200 -
172.16.3.7 - - [20/Apr/2026:17:18:14 +0200] "HEAD /rhn/manager/download/devel-build-host-channel/media.1/media?eyJhbGciOiJIUzI1NiJ9.eyJqdGkiOiJ4SVJ0QWg0N3owem5MTmtIdTYtdWx3IiwiZXhwIjoxODA4MjM0MjIwLCJpYXQiOjE3NzY2OTgyMjAsIm5iZiI6MTc3NjY5ODEwMCwib3JnIjoxLCJvbmx5Q2hhbm5lbHMiOlsiZGV2ZWwtYnVpbGQtaG9zdC1jaGFubmVsIl19.ROVSiz3aXpbJU-biPfU6IPCNmj9qgiwYYl8wq7Xr2XY HTTP/1.1" 404 -
172.16.3.7 - - [20/Apr/2026:17:18:14 +0200] "HEAD /rhn/manager/download/devel-build-host-channel/repodata/repomd.xml?eyJhbGciOiJIUzI1NiJ9.eyJqdGkiOiJ4SVJ0QWg0N3owem5MTmtIdTYtdWx3IiwiZXhwIjoxODA4MjM0MjIwLCJpYXQiOjE3NzY2OTgyMjAsIm5iZiI6MTc3NjY5ODEwMCwib3JnIjoxLCJvbmx5Q2hhbm5lbHMiOlsiZGV2ZWwtYnVpbGQtaG9zdC1jaGFubmVsIl19.ROVSiz3aXpbJU-biPfU6IPCNmj9qgiwYYl8wq7Xr2XY HTTP/1.1" 200 -
172.16.3.7 - - [20/Apr/2026:17:18:14 +0200] "GET /rhn/manager/download/devel-build-host-channel/repodata/repomd.xml?eyJhbGciOiJIUzI1NiJ9.eyJqdGkiOiJ4SVJ0QWg0N3owem5MTmtIdTYtdWx3IiwiZXhwIjoxODA4MjM0MjIwLCJpYXQiOjE3NzY2OTgyMjAsIm5iZiI6MTc3NjY5ODEwMCwib3JnIjoxLCJvbmx5Q2hhbm5lbHMiOlsiZGV2ZWwtYnVpbGQtaG9zdC1jaGFubmVsIl19.ROVSiz3aXpbJU-biPfU6IPCNmj9qgiwYYl8wq7Xr2XY HTTP/1.1" 200 3663
172.16.3.7 - - [20/Apr/2026:17:18:14 +0200] "HEAD /rhn/manager/download/devel-build-host-channel/repodata/repomd.xml.asc?eyJhbGciOiJIUzI1NiJ9.eyJqdGkiOiJ4SVJ0QWg0N3owem5MTmtIdTYtdWx3IiwiZXhwIjoxODA4MjM0MjIwLCJpYXQiOjE3NzY2OTgyMjAsIm5iZiI6MTc3NjY5ODEwMCwib3JnIjoxLCJvbmx5Q2hhbm5lbHMiOlsiZGV2ZWwtYnVpbGQtaG9zdC1jaGFubmVsIl19.ROVSiz3aXpbJU-biPfU6IPCNmj9qgiwYYl8wq7Xr2XY HTTP/1.1" 404 -
172.16.3.5 - - [20/Apr/2026:17:18:14 +0200] "GET /rhn/systems/details/history/Pending.do?sid=1000010002& HTTP/1.1" 200 40253
172.16.3.7 - - [20/Apr/2026:17:18:14 +0200] "HEAD /rhn/manager/download/devel-build-host-channel/repodata/d8ca5607197fa3e2677fda0b25a04e1e7747001f0e5cd6d1cfa7241c835fcbbc-primary.xml.gz?eyJhbGciOiJIUzI1NiJ9.eyJqdGkiOiJ4SVJ0QWg0N3owem5MTmtIdTYtdWx3IiwiZXhwIjoxODA4MjM0MjIwLCJpYXQiOjE3NzY2OTgyMjAsIm5iZiI6MTc3NjY5ODEwMCwib3JnIjoxLCJvbmx5Q2hhbm5lbHMiOlsiZGV2ZWwtYnVpbGQtaG9zdC1jaGFubmVsIl19.ROVSiz3aXpbJU-biPfU6IPCNmj9qgiwYYl8wq7Xr2XY HTTP/1.1" 200 -
172.16.3.7 - - [20/Apr/2026:17:18:14 +0200] "GET /rhn/manager/download/devel-build-host-channel/repodata/d8ca5607197fa3e2677fda0b25a04e1e7747001f0e5cd6d1cfa7241c835fcbbc-primary.xml.gz?eyJhbGciOiJIUzI1NiJ9.eyJqdGkiOiJ4SVJ0QWg0N3owem5MTmtIdTYtdWx3IiwiZXhwIjoxODA4MjM0MjIwLCJpYXQiOjE3NzY2OTgyMjAsIm5iZiI6MTc3NjY5ODEwMCwib3JnIjoxLCJvbmx5Q2hhbm5lbHMiOlsiZGV2ZWwtYnVpbGQtaG9zdC1jaGFubmVsIl19.ROVSiz3aXpbJU-biPfU6IPCNmj9qgiwYYl8wq7Xr2XY HTTP/1.1" 200 3663
172.16.3.7 - - [20/Apr/2026:17:18:14 +0200] "HEAD /rhn/manager/download/devel-build-host-channel/repodata/a777311d33ef3076297641add5000cb14dfede03ab0ca18aed7ac1348c3e29eb-susedata.xml.gz?eyJhbGciOiJIUzI1NiJ9.eyJqdGkiOiJ4SVJ0QWg0N3owem5MTmtIdTYtdWx3IiwiZXhwIjoxODA4MjM0MjIwLCJpYXQiOjE3NzY2OTgyMjAsIm5iZiI6MTc3NjY5ODEwMCwib3JnIjoxLCJvbmx5Q2hhbm5lbHMiOlsiZGV2ZWwtYnVpbGQtaG9zdC1jaGFubmVsIl19.ROVSiz3aXpbJU-biPfU6IPCNmj9qgiwYYl8wq7Xr2XY HTTP/1.1" 200 -
172.16.3.7 - - [20/Apr/2026:17:18:14 +0200] "GET /rhn/manager/download/devel-build-host-channel/repodata/a777311d33ef3076297641add5000cb14dfede03ab0ca18aed7ac1348c3e29eb-susedata.xml.gz?eyJhbGciOiJIUzI1NiJ9.eyJqdGkiOiJ4SVJ0QWg0N3owem5MTmtIdTYtdWx3IiwiZXhwIjoxODA4MjM0MjIwLCJpYXQiOjE3NzY2OTgyMjAsIm5iZiI6MTc3NjY5ODEwMCwib3JnIjoxLCJvbmx5Q2hhbm5lbHMiOlsiZGV2ZWwtYnVpbGQtaG9zdC1jaGFubmVsIl19.ROVSiz3aXpbJU-biPfU6IPCNmj9qgiwYYl8wq7Xr2XY HTTP/1.1" 200 3664
172.16.3.5 - - [20/Apr/2026:17:18:14 +0200] "POST /rhn/manager/frontend-log HTTP/1.1" 200 16
127.0.0.1 - - [20/Apr/2026:17:18:14 +0200] "GET /rhn/websocket/notifications HTTP/1.1" 101 -
172.16.3.7 - - [20/Apr/2026:17:18:14 +0200] "HEAD /rhn/manager/download/sle-module-basesystem15-sp7-pool-x86_64/repodata/repomd.xml?eyJhbGciOiJIUzI1NiJ9.eyJqdGkiOiJpOTFOdlFOeFJ6T0tzcTlJSGdmSEZnIiwiZXhwIjoxODA4MjM0MjIwLCJpYXQiOjE3NzY2OTgyMjAsIm5iZiI6MTc3NjY5ODEwMCwib3JnIjoxLCJvbmx5Q2hhbm5lbHMiOlsic2xlLW1vZHVsZS1iYXNlc3lzdGVtMTUtc3A3LXBvb2wteDg2XzY0Il19.g8-wW0G81qvmvQm6FUBxu-Jb7XkpmUact80kNhnSV6I HTTP/1.1" 200 -
172.16.3.5 - - [20/Apr/2026:17:18:14 +0200] "GET /rhn/systems/details/Overview.do?sid=1000010001 HTTP/1.1" 200 46817
172.16.3.7 - - [20/Apr/2026:17:18:14 +0200] "HEAD /rhn/manager/download/sle-module-basesystem15-sp7-pool-x86_64/media.1/media?eyJhbGciOiJIUzI1NiJ9.eyJqdGkiOiJpOTFOdlFOeFJ6T0tzcTlJSGdmSEZnIiwiZXhwIjoxODA4MjM0MjIwLCJpYXQiOjE3NzY2OTgyMjAsIm5iZiI6MTc3NjY5ODEwMCwib3JnIjoxLCJvbmx5Q2hhbm5lbHMiOlsic2xlLW1vZHVsZS1iYXNlc3lzdGVtMTUtc3A3LXBvb2wteDg2XzY0Il19.g8-wW0G81qvmvQm6FUBxu-Jb7XkpmUact80kNhnSV6I HTTP/1.1" 404 -
