172.16.3.7 - - [20/Apr/2026:17:18:14 +0200] "HEAD /rhn/manager/download/sle-module-basesystem15-sp7-pool-x86_64/repodata/repomd.xml?eyJhbGciOiJIUzI1NiJ9.eyJqdGkiOiJpOTFOdlFOeFJ6T0tzcTlJSGdmSEZnIiwiZXhwIjoxODA4MjM0MjIwLCJpYXQiOjE3NzY2OTgyMjAsIm5iZiI6MTc3NjY5ODEwMCwib3JnIjoxLCJvbmx5Q2hhbm5lbHMiOlsic2xlLW1vZHVsZS1iYXNlc3lzdGVtMTUtc3A3LXBvb2wteDg2XzY0Il19.g8-wW0G81qvmvQm6FUBxu-Jb7XkpmUact80kNhnSV6I HTTP/1.1" 200 -
172.16.3.7 - - [20/Apr/2026:17:18:15 +0200] "GET /rhn/manager/download/sle-module-basesystem15-sp7-pool-x86_64/repodata/repomd.xml?eyJhbGciOiJIUzI1NiJ9.eyJqdGkiOiJpOTFOdlFOeFJ6T0tzcTlJSGdmSEZnIiwiZXhwIjoxODA4MjM0MjIwLCJpYXQiOjE3NzY2OTgyMjAsIm5iZiI6MTc3NjY5ODEwMCwib3JnIjoxLCJvbmx5Q2hhbm5lbHMiOlsic2xlLW1vZHVsZS1iYXNlc3lzdGVtMTUtc3A3LXBvb2wteDg2XzY0Il19.g8-wW0G81qvmvQm6FUBxu-Jb7XkpmUact80kNhnSV6I HTTP/1.1" 200 3664
172.16.3.5 - - [20/Apr/2026:17:18:15 +0200] "POST /rhn/manager/frontend-log HTTP/1.1" 200 16
172.16.3.7 - - [20/Apr/2026:17:18:15 +0200] "HEAD /rhn/manager/download/sle-module-basesystem15-sp7-pool-x86_64/repodata/repomd.xml.asc?eyJhbGciOiJIUzI1NiJ9.eyJqdGkiOiJpOTFOdlFOeFJ6T0tzcTlJSGdmSEZnIiwiZXhwIjoxODA4MjM0MjIwLCJpYXQiOjE3NzY2OTgyMjAsIm5iZiI6MTc3NjY5ODEwMCwib3JnIjoxLCJvbmx5Q2hhbm5lbHMiOlsic2xlLW1vZHVsZS1iYXNlc3lzdGVtMTUtc3A3LXBvb2wteDg2XzY0Il19.g8-wW0G81qvmvQm6FUBxu-Jb7XkpmUact80kNhnSV6I HTTP/1.1" 404 -
127.0.0.1 - - [20/Apr/2026:17:18:15 +0200] "GET /rhn/websocket/notifications HTTP/1.1" 101 -
172.16.3.7 - - [20/Apr/2026:17:18:15 +0200] "HEAD /rhn/manager/download/sle-module-basesystem15-sp7-pool-x86_64/repodata/56ed22a682cccc7cc05b4fde6ac9767e3cb3022c0919310b3e4d3cc6a1e763f1-primary.xml.gz?eyJhbGciOiJIUzI1NiJ9.eyJqdGkiOiJpOTFOdlFOeFJ6T0tzcTlJSGdmSEZnIiwiZXhwIjoxODA4MjM0MjIwLCJpYXQiOjE3NzY2OTgyMjAsIm5iZiI6MTc3NjY5ODEwMCwib3JnIjoxLCJvbmx5Q2hhbm5lbHMiOlsic2xlLW1vZHVsZS1iYXNlc3lzdGVtMTUtc3A3LXBvb2wteDg2XzY0Il19.g8-wW0G81qvmvQm6FUBxu-Jb7XkpmUact80kNhnSV6I HTTP/1.1" 200 -
172.16.3.5 - - [20/Apr/2026:17:18:15 +0200] "POST /rhn/manager/frontend-log HTTP/1.1" 200 16
172.16.3.7 - - [20/Apr/2026:17:18:15 +0200] "GET /rhn/manager/download/sle-module-basesystem15-sp7-pool-x86_64/repodata/56ed22a682cccc7cc05b4fde6ac9767e3cb3022c0919310b3e4d3cc6a1e763f1-primary.xml.gz?eyJhbGciOiJIUzI1NiJ9.eyJqdGkiOiJpOTFOdlFOeFJ6T0tzcTlJSGdmSEZnIiwiZXhwIjoxODA4MjM0MjIwLCJpYXQiOjE3NzY2OTgyMjAsIm5iZiI6MTc3NjY5ODEwMCwib3JnIjoxLCJvbmx5Q2hhbm5lbHMiOlsic2xlLW1vZHVsZS1iYXNlc3lzdGVtMTUtc3A3LXBvb2wteDg2XzY0Il19.g8-wW0G81qvmvQm6FUBxu-Jb7XkpmUact80kNhnSV6I HTTP/1.1" 200 3664
172.16.3.7 - - [20/Apr/2026:17:18:15 +0200] "HEAD /rhn/manager/download/sle-module-basesystem15-sp7-pool-x86_64/repodata/3c879e60e624b409b6704f76b383dfeea041ebac0aec79de79ab10b57a8999dd-susedata.xml.gz?eyJhbGciOiJIUzI1NiJ9.eyJqdGkiOiJpOTFOdlFOeFJ6T0tzcTlJSGdmSEZnIiwiZXhwIjoxODA4MjM0MjIwLCJpYXQiOjE3NzY2OTgyMjAsIm5iZiI6MTc3NjY5ODEwMCwib3JnIjoxLCJvbmx5Q2hhbm5lbHMiOlsic2xlLW1vZHVsZS1iYXNlc3lzdGVtMTUtc3A3LXBvb2wteDg2XzY0Il19.g8-wW0G81qvmvQm6FUBxu-Jb7XkpmUact80kNhnSV6I HTTP/1.1" 200 -
172.16.3.5 - - [20/Apr/2026:17:18:15 +0200] "GET /rhn/systems/details/history/History.do?sid=1000010002& HTTP/1.1" 200 46441
172.16.3.7 - - [20/Apr/2026:17:18:15 +0200] "GET /rhn/manager/download/sle-module-basesystem15-sp7-pool-x86_64/repodata/3c879e60e624b409b6704f76b383dfeea041ebac0aec79de79ab10b57a8999dd-susedata.xml.gz?eyJhbGciOiJIUzI1NiJ9.eyJqdGkiOiJpOTFOdlFOeFJ6T0tzcTlJSGdmSEZnIiwiZXhwIjoxODA4MjM0MjIwLCJpYXQiOjE3NzY2OTgyMjAsIm5iZiI6MTc3NjY5ODEwMCwib3JnIjoxLCJvbmx5Q2hhbm5lbHMiOlsic2xlLW1vZHVsZS1iYXNlc3lzdGVtMTUtc3A3LXBvb2wteDg2XzY0Il19.g8-wW0G81qvmvQm6FUBxu-Jb7XkpmUact80kNhnSV6I HTTP/1.1" 200 3663
127.0.0.1 - - [20/Apr/2026:17:18:15 +0200] "GET /rhn/websocket/notifications HTTP/1.1" 101 -
172.16.3.5 - - [20/Apr/2026:17:18:15 +0200] "POST /rhn/manager/frontend-log HTTP/1.1" 200 16
172.16.3.5 - - [20/Apr/2026:17:18:15 +0200] "GET /rhn/systems/details/Overview.do?sid=1000010001& HTTP/1.1" 200 46817
172.16.3.7 - - [20/Apr/2026:17:18:16 +0200] "HEAD /rhn/manager/download/sle-module-desktop-applications15-sp7-pool-x86_64/repodata/repomd.xml?eyJhbGciOiJIUzI1NiJ9.eyJqdGkiOiJhT3lFdzk2VFRJR1FoblpjOWwxa3VnIiwiZXhwIjoxODA4MjM0MjIwLCJpYXQiOjE3NzY2OTgyMjAsIm5iZiI6MTc3NjY5ODEwMCwib3JnIjoxLCJvbmx5Q2hhbm5lbHMiOlsic2xlLW1vZHVsZS1kZXNrdG9wLWFwcGxpY2F0aW9uczE1LXNwNy1wb29sLXg4Nl82NCJdfQ.mN0m5nlKBTa70mrjJc8amBQwqTmRq8OgorEOeqJX_Vw HTTP/1.1" 200 -
172.16.3.7 - - [20/Apr/2026:17:18:16 +0200] "HEAD /rhn/manager/download/sle-module-desktop-applications15-sp7-pool-x86_64/media.1/media?eyJhbGciOiJIUzI1NiJ9.eyJqdGkiOiJhT3lFdzk2VFRJR1FoblpjOWwxa3VnIiwiZXhwIjoxODA4MjM0MjIwLCJpYXQiOjE3NzY2OTgyMjAsIm5iZiI6MTc3NjY5ODEwMCwib3JnIjoxLCJvbmx5Q2hhbm5lbHMiOlsic2xlLW1vZHVsZS1kZXNrdG9wLWFwcGxpY2F0aW9uczE1LXNwNy1wb29sLXg4Nl82NCJdfQ.mN0m5nlKBTa70mrjJc8amBQwqTmRq8OgorEOeqJX_Vw HTTP/1.1" 404 -
172.16.3.7 - - [20/Apr/2026:17:18:16 +0200] "HEAD /rhn/manager/download/sle-module-desktop-applications15-sp7-pool-x86_64/repodata/repomd.xml?eyJhbGciOiJIUzI1NiJ9.eyJqdGkiOiJhT3lFdzk2VFRJR1FoblpjOWwxa3VnIiwiZXhwIjoxODA4MjM0MjIwLCJpYXQiOjE3NzY2OTgyMjAsIm5iZiI6MTc3NjY5ODEwMCwib3JnIjoxLCJvbmx5Q2hhbm5lbHMiOlsic2xlLW1vZHVsZS1kZXNrdG9wLWFwcGxpY2F0aW9uczE1LXNwNy1wb29sLXg4Nl82NCJdfQ.mN0m5nlKBTa70mrjJc8amBQwqTmRq8OgorEOeqJX_Vw HTTP/1.1" 200 -
172.16.3.7 - - [20/Apr/2026:17:18:16 +0200] "GET /rhn/manager/download/sle-module-desktop-applications15-sp7-pool-x86_64/repodata/repomd.xml?eyJhbGciOiJIUzI1NiJ9.eyJqdGkiOiJhT3lFdzk2VFRJR1FoblpjOWwxa3VnIiwiZXhwIjoxODA4MjM0MjIwLCJpYXQiOjE3NzY2OTgyMjAsIm5iZiI6MTc3NjY5ODEwMCwib3JnIjoxLCJvbmx5Q2hhbm5lbHMiOlsic2xlLW1vZHVsZS1kZXNrdG9wLWFwcGxpY2F0aW9uczE1LXNwNy1wb29sLXg4Nl82NCJdfQ.mN0m5nlKBTa70mrjJc8amBQwqTmRq8OgorEOeqJX_Vw HTTP/1.1" 200 3662
127.0.0.1 - - [20/Apr/2026:17:18:16 +0200] "GET /rhn/websocket/notifications HTTP/1.1" 101 -
172.16.3.7 - - [20/Apr/2026:17:18:16 +0200] "HEAD /rhn/manager/download/sle-module-desktop-applications15-sp7-pool-x86_64/repodata/repomd.xml.asc?eyJhbGciOiJIUzI1NiJ9.eyJqdGkiOiJhT3lFdzk2VFRJR1FoblpjOWwxa3VnIiwiZXhwIjoxODA4MjM0MjIwLCJpYXQiOjE3NzY2OTgyMjAsIm5iZiI6MTc3NjY5ODEwMCwib3JnIjoxLCJvbmx5Q2hhbm5lbHMiOlsic2xlLW1vZHVsZS1kZXNrdG9wLWFwcGxpY2F0aW9uczE1LXNwNy1wb29sLXg4Nl82NCJdfQ.mN0m5nlKBTa70mrjJc8amBQwqTmRq8OgorEOeqJX_Vw HTTP/1.1" 404 -
172.16.3.7 - - [20/Apr/2026:17:18:16 +0200] "HEAD /rhn/manager/download/sle-module-desktop-applications15-sp7-pool-x86_64/repodata/1c40ac99927ec1b1f0c0b97f2611d642034ef981b2d67f5e7955a5fabd11251c-primary.xml.gz?eyJhbGciOiJIUzI1NiJ9.eyJqdGkiOiJhT3lFdzk2VFRJR1FoblpjOWwxa3VnIiwiZXhwIjoxODA4MjM0MjIwLCJpYXQiOjE3NzY2OTgyMjAsIm5iZiI6MTc3NjY5ODEwMCwib3JnIjoxLCJvbmx5Q2hhbm5lbHMiOlsic2xlLW1vZHVsZS1kZXNrdG9wLWFwcGxpY2F0aW9uczE1LXNwNy1wb29sLXg4Nl82NCJdfQ.mN0m5nlKBTa70mrjJc8amBQwqTmRq8OgorEOeqJX_Vw HTTP/1.1" 200 -
172.16.3.7 - - [20/Apr/2026:17:18:16 +0200] "GET /rhn/manager/download/sle-module-desktop-applications15-sp7-pool-x86_64/repodata/1c40ac99927ec1b1f0c0b97f2611d642034ef981b2d67f5e7955a5fabd11251c-primary.xml.gz?eyJhbGciOiJIUzI1NiJ9.eyJqdGkiOiJhT3lFdzk2VFRJR1FoblpjOWwxa3VnIiwiZXhwIjoxODA4MjM0MjIwLCJpYXQiOjE3NzY2OTgyMjAsIm5iZiI6MTc3NjY5ODEwMCwib3JnIjoxLCJvbmx5Q2hhbm5lbHMiOlsic2xlLW1vZHVsZS1kZXNrdG9wLWFwcGxpY2F0aW9uczE1LXNwNy1wb29sLXg4Nl82NCJdfQ.mN0m5nlKBTa70mrjJc8amBQwqTmRq8OgorEOeqJX_Vw HTTP/1.1" 200 3664
172.16.3.5 - - [20/Apr/2026:17:18:16 +0200] "POST /rhn/manager/frontend-log HTTP/1.1" 200 16
172.16.3.7 - - [20/Apr/2026:17:18:16 +0200] "HEAD /rhn/manager/download/sle-module-desktop-applications15-sp7-pool-x86_64/repodata/7939d4797bea2131b4f1de4bbcf0e7b6fac2a25f65d73f5ab7d9447c9cdb9e43-susedata.xml.gz?eyJhbGciOiJIUzI1NiJ9.eyJqdGkiOiJhT3lFdzk2VFRJR1FoblpjOWwxa3VnIiwiZXhwIjoxODA4MjM0MjIwLCJpYXQiOjE3NzY2OTgyMjAsIm5iZiI6MTc3NjY5ODEwMCwib3JnIjoxLCJvbmx5Q2hhbm5lbHMiOlsic2xlLW1vZHVsZS1kZXNrdG9wLWFwcGxpY2F0aW9uczE1LXNwNy1wb29sLXg4Nl82NCJdfQ.mN0m5nlKBTa70mrjJc8amBQwqTmRq8OgorEOeqJX_Vw HTTP/1.1" 200 -
172.16.3.5 - - [20/Apr/2026:17:18:16 +0200] "GET /rhn/systems/details/history/Event.do?sid=1000010002&aid=17 HTTP/1.1" 200 40534
172.16.3.7 - - [20/Apr/2026:17:18:16 +0200] "GET /rhn/manager/download/sle-module-desktop-applications15-sp7-pool-x86_64/repodata/7939d4797bea2131b4f1de4bbcf0e7b6fac2a25f65d73f5ab7d9447c9cdb9e43-susedata.xml.gz?eyJhbGciOiJIUzI1NiJ9.eyJqdGkiOiJhT3lFdzk2VFRJR1FoblpjOWwxa3VnIiwiZXhwIjoxODA4MjM0MjIwLCJpYXQiOjE3NzY2OTgyMjAsIm5iZiI6MTc3NjY5ODEwMCwib3JnIjoxLCJvbmx5Q2hhbm5lbHMiOlsic2xlLW1vZHVsZS1kZXNrdG9wLWFwcGxpY2F0aW9uczE1LXNwNy1wb29sLXg4Nl82NCJdfQ.mN0m5nlKBTa70mrjJc8amBQwqTmRq8OgorEOeqJX_Vw HTTP/1.1" 200 3664
172.16.3.5 - - [20/Apr/2026:17:18:16 +0200] "POST /rhn/manager/frontend-log HTTP/1.1" 200 16
127.0.0.1 - - [20/Apr/2026:17:18:16 +0200] "GET /rhn/websocket/notifications HTTP/1.1" 101 -
172.16.3.5 - - [20/Apr/2026:17:18:16 +0200] "GET /rhn/systems/details/Connection.do?sid=1000010001& HTTP/1.1" 200 41536
127.0.0.1 - - [20/Apr/2026:17:18:17 +0200] "GET /rhn/websocket/notifications HTTP/1.1" 101 -
172.16.3.5 - - [20/Apr/2026:17:18:17 +0200] "POST /rhn/manager/frontend-log HTTP/1.1" 200 16
172.16.3.5 - - [20/Apr/2026:17:18:17 +0200] "POST /rhn/manager/api/auth/login HTTP/1.1" 200 16
172.16.3.5 - - [20/Apr/2026:17:18:17 +0200] "POST /rhn/manager/api/system/searchByName HTTP/1.1" 200 157
172.16.3.7 - - [20/Apr/2026:17:18:17 +0200] "HEAD /rhn/manager/download/sle-module-devtools15-sp7-pool-x86_64/repodata/repomd.xml?eyJhbGciOiJIUzI1NiJ9.eyJqdGkiOiIzdzVaWUZ0NG1ZTEpVR0hTM29FX1hnIiwiZXhwIjoxODA4MjM0MjIwLCJpYXQiOjE3NzY2OTgyMjAsIm5iZiI6MTc3NjY5ODEwMCwib3JnIjoxLCJvbmx5Q2hhbm5lbHMiOlsic2xlLW1vZHVsZS1kZXZ0b29sczE1LXNwNy1wb29sLXg4Nl82NCJdfQ.3XFogf_RwbevEZQNHv3_ysMABLvbpon0Qpqm8IOKmSk HTTP/1.1" 200 -
172.16.3.7 - - [20/Apr/2026:17:18:17 +0200] "HEAD /rhn/manager/download/sle-module-devtools15-sp7-pool-x86_64/media.1/media?eyJhbGciOiJIUzI1NiJ9.eyJqdGkiOiIzdzVaWUZ0NG1ZTEpVR0hTM29FX1hnIiwiZXhwIjoxODA4MjM0MjIwLCJpYXQiOjE3NzY2OTgyMjAsIm5iZiI6MTc3NjY5ODEwMCwib3JnIjoxLCJvbmx5Q2hhbm5lbHMiOlsic2xlLW1vZHVsZS1kZXZ0b29sczE1LXNwNy1wb29sLXg4Nl82NCJdfQ.3XFogf_RwbevEZQNHv3_ysMABLvbpon0Qpqm8IOKmSk HTTP/1.1" 404 -
172.16.3.7 - - [20/Apr/2026:17:18:17 +0200] "HEAD /rhn/manager/download/sle-module-devtools15-sp7-pool-x86_64/repodata/repomd.xml?eyJhbGciOiJIUzI1NiJ9.eyJqdGkiOiIzdzVaWUZ0NG1ZTEpVR0hTM29FX1hnIiwiZXhwIjoxODA4MjM0MjIwLCJpYXQiOjE3NzY2OTgyMjAsIm5iZiI6MTc3NjY5ODEwMCwib3JnIjoxLCJvbmx5Q2hhbm5lbHMiOlsic2xlLW1vZHVsZS1kZXZ0b29sczE1LXNwNy1wb29sLXg4Nl82NCJdfQ.3XFogf_RwbevEZQNHv3_ysMABLvbpon0Qpqm8IOKmSk HTTP/1.1" 200 -
172.16.3.7 - - [20/Apr/2026:17:18:17 +0200] "GET /rhn/manager/download/sle-module-devtools15-sp7-pool-x86_64/repodata/repomd.xml?eyJhbGciOiJIUzI1NiJ9.eyJqdGkiOiIzdzVaWUZ0NG1ZTEpVR0hTM29FX1hnIiwiZXhwIjoxODA4MjM0MjIwLCJpYXQiOjE3NzY2OTgyMjAsIm5iZiI6MTc3NjY5ODEwMCwib3JnIjoxLCJvbmx5Q2hhbm5lbHMiOlsic2xlLW1vZHVsZS1kZXZ0b29sczE1LXNwNy1wb29sLXg4Nl82NCJdfQ.3XFogf_RwbevEZQNHv3_ysMABLvbpon0Qpqm8IOKmSk HTTP/1.1" 200 3664
172.16.3.5 - - [20/Apr/2026:17:18:17 +0200] "GET /rhn/manager/api/auth/logout HTTP/1.1" 200 16
172.16.3.7 - - [20/Apr/2026:17:18:17 +0200] "HEAD /rhn/manager/download/sle-module-devtools15-sp7-pool-x86_64/repodata/repomd.xml.asc?eyJhbGciOiJIUzI1NiJ9.eyJqdGkiOiIzdzVaWUZ0NG1ZTEpVR0hTM29FX1hnIiwiZXhwIjoxODA4MjM0MjIwLCJpYXQiOjE3NzY2OTgyMjAsIm5iZiI6MTc3NjY5ODEwMCwib3JnIjoxLCJvbmx5Q2hhbm5lbHMiOlsic2xlLW1vZHVsZS1kZXZ0b29sczE1LXNwNy1wb29sLXg4Nl82NCJdfQ.3XFogf_RwbevEZQNHv3_ysMABLvbpon0Qpqm8IOKmSk HTTP/1.1" 404 -
172.16.3.7 - - [20/Apr/2026:17:18:17 +0200] "HEAD /rhn/manager/download/sle-module-devtools15-sp7-pool-x86_64/repodata/8f64377f534299b39aad599e94851adf7d6cc0fcc93c9bd8c9450bc54cece32c-primary.xml.gz?eyJhbGciOiJIUzI1NiJ9.eyJqdGkiOiIzdzVaWUZ0NG1ZTEpVR0hTM29FX1hnIiwiZXhwIjoxODA4MjM0MjIwLCJpYXQiOjE3NzY2OTgyMjAsIm5iZiI6MTc3NjY5ODEwMCwib3JnIjoxLCJvbmx5Q2hhbm5lbHMiOlsic2xlLW1vZHVsZS1kZXZ0b29sczE1LXNwNy1wb29sLXg4Nl82NCJdfQ.3XFogf_RwbevEZQNHv3_ysMABLvbpon0Qpqm8IOKmSk HTTP/1.1" 200 -
172.16.3.7 - - [20/Apr/2026:17:18:17 +0200] "GET /rhn/manager/download/sle-module-devtools15-sp7-pool-x86_64/repodata/8f64377f534299b39aad599e94851adf7d6cc0fcc93c9bd8c9450bc54cece32c-primary.xml.gz?eyJhbGciOiJIUzI1NiJ9.eyJqdGkiOiIzdzVaWUZ0NG1ZTEpVR0hTM29FX1hnIiwiZXhwIjoxODA4MjM0MjIwLCJpYXQiOjE3NzY2OTgyMjAsIm5iZiI6MTc3NjY5ODEwMCwib3JnIjoxLCJvbmx5Q2hhbm5lbHMiOlsic2xlLW1vZHVsZS1kZXZ0b29sczE1LXNwNy1wb29sLXg4Nl82NCJdfQ.3XFogf_RwbevEZQNHv3_ysMABLvbpon0Qpqm8IOKmSk HTTP/1.1" 200 3664
172.16.3.7 - - [20/Apr/2026:17:18:17 +0200] "HEAD /rhn/manager/download/sle-module-devtools15-sp7-pool-x86_64/repodata/f59111d110004fce6a5801697641a8bb8e6e762c30df87bc6ba4171391cf9d4a-susedata.xml.gz?eyJhbGciOiJIUzI1NiJ9.eyJqdGkiOiIzdzVaWUZ0NG1ZTEpVR0hTM29FX1hnIiwiZXhwIjoxODA4MjM0MjIwLCJpYXQiOjE3NzY2OTgyMjAsIm5iZiI6MTc3NjY5ODEwMCwib3JnIjoxLCJvbmx5Q2hhbm5lbHMiOlsic2xlLW1vZHVsZS1kZXZ0b29sczE1LXNwNy1wb29sLXg4Nl82NCJdfQ.3XFogf_RwbevEZQNHv3_ysMABLvbpon0Qpqm8IOKmSk HTTP/1.1" 200 -
172.16.3.7 - - [20/Apr/2026:17:18:17 +0200] "GET /rhn/manager/download/sle-module-devtools15-sp7-pool-x86_64/repodata/f59111d110004fce6a5801697641a8bb8e6e762c30df87bc6ba4171391cf9d4a-susedata.xml.gz?eyJhbGciOiJIUzI1NiJ9.eyJqdGkiOiIzdzVaWUZ0NG1ZTEpVR0hTM29FX1hnIiwiZXhwIjoxODA4MjM0MjIwLCJpYXQiOjE3NzY2OTgyMjAsIm5iZiI6MTc3NjY5ODEwMCwib3JnIjoxLCJvbmx5Q2hhbm5lbHMiOlsic2xlLW1vZHVsZS1kZXZ0b29sczE1LXNwNy1wb29sLXg4Nl82NCJdfQ.3XFogf_RwbevEZQNHv3_ysMABLvbpon0Qpqm8IOKmSk HTTP/1.1" 200 3664
172.16.3.5 - - [20/Apr/2026:17:18:17 +0200] "GET /rhn/manager/systems/list/all HTTP/1.1" 200 36838
172.16.3.7 - - [20/Apr/2026:17:18:18 +0200] "HEAD /rhn/manager/download/sle-module-python3-15-sp7-pool-x86_64/repodata/repomd.xml?eyJhbGciOiJIUzI1NiJ9.eyJqdGkiOiJubVJ0cUNGODlZTEpxR2l4REpLeTVnIiwiZXhwIjoxODA4MjM0MjIwLCJpYXQiOjE3NzY2OTgyMjAsIm5iZiI6MTc3NjY5ODEwMCwib3JnIjoxLCJvbmx5Q2hhbm5lbHMiOlsic2xlLW1vZHVsZS1weXRob24zLTE1LXNwNy1wb29sLXg4Nl82NCJdfQ.nqy34RtOJY3xaeoPnBg5Cmac4j76lSEt2xYoKishYFI HTTP/1.1" 200 -
172.16.3.5 - - [20/Apr/2026:17:18:18 +0200] "POST /rhn/manager/api/auth/login HTTP/1.1" 200 16
172.16.3.7 - - [20/Apr/2026:17:18:18 +0200] "HEAD /rhn/manager/download/sle-module-python3-15-sp7-pool-x86_64/media.1/media?eyJhbGciOiJIUzI1NiJ9.eyJqdGkiOiJubVJ0cUNGODlZTEpxR2l4REpLeTVnIiwiZXhwIjoxODA4MjM0MjIwLCJpYXQiOjE3NzY2OTgyMjAsIm5iZiI6MTc3NjY5ODEwMCwib3JnIjoxLCJvbmx5Q2hhbm5lbHMiOlsic2xlLW1vZHVsZS1weXRob24zLTE1LXNwNy1wb29sLXg4Nl82NCJdfQ.nqy34RtOJY3xaeoPnBg5Cmac4j76lSEt2xYoKishYFI HTTP/1.1" 404 -
172.16.3.7 - - [20/Apr/2026:17:18:18 +0200] "HEAD /rhn/manager/download/sle-module-python3-15-sp7-pool-x86_64/repodata/repomd.xml?eyJhbGciOiJIUzI1NiJ9.eyJqdGkiOiJubVJ0cUNGODlZTEpxR2l4REpLeTVnIiwiZXhwIjoxODA4MjM0MjIwLCJpYXQiOjE3NzY2OTgyMjAsIm5iZiI6MTc3NjY5ODEwMCwib3JnIjoxLCJvbmx5Q2hhbm5lbHMiOlsic2xlLW1vZHVsZS1weXRob24zLTE1LXNwNy1wb29sLXg4Nl82NCJdfQ.nqy34RtOJY3xaeoPnBg5Cmac4j76lSEt2xYoKishYFI HTTP/1.1" 200 -
127.0.0.1 - - [20/Apr/2026:17:18:18 +0200] "GET /rhn/websocket/notifications HTTP/1.1" 101 -
172.16.3.5 - - [20/Apr/2026:17:18:18 +0200] "POST /rhn/manager/frontend-log HTTP/1.1" 200 16
172.16.3.7 - - [20/Apr/2026:17:18:18 +0200] "GET /rhn/manager/download/sle-module-python3-15-sp7-pool-x86_64/repodata/repomd.xml?eyJhbGciOiJIUzI1NiJ9.eyJqdGkiOiJubVJ0cUNGODlZTEpxR2l4REpLeTVnIiwiZXhwIjoxODA4MjM0MjIwLCJpYXQiOjE3NzY2OTgyMjAsIm5iZiI6MTc3NjY5ODEwMCwib3JnIjoxLCJvbmx5Q2hhbm5lbHMiOlsic2xlLW1vZHVsZS1weXRob24zLTE1LXNwNy1wb29sLXg4Nl82NCJdfQ.nqy34RtOJY3xaeoPnBg5Cmac4j76lSEt2xYoKishYFI HTTP/1.1" 200 3664
172.16.3.7 - - [20/Apr/2026:17:18:18 +0200] "HEAD /rhn/manager/download/sle-module-python3-15-sp7-pool-x86_64/repodata/repomd.xml.asc?eyJhbGciOiJIUzI1NiJ9.eyJqdGkiOiJubVJ0cUNGODlZTEpxR2l4REpLeTVnIiwiZXhwIjoxODA4MjM0MjIwLCJpYXQiOjE3NzY2OTgyMjAsIm5iZiI6MTc3NjY5ODEwMCwib3JnIjoxLCJvbmx5Q2hhbm5lbHMiOlsic2xlLW1vZHVsZS1weXRob24zLTE1LXNwNy1wb29sLXg4Nl82NCJdfQ.nqy34RtOJY3xaeoPnBg5Cmac4j76lSEt2xYoKishYFI HTTP/1.1" 404 -
172.16.3.7 - - [20/Apr/2026:17:18:18 +0200] "HEAD /rhn/manager/download/sle-module-python3-15-sp7-pool-x86_64/repodata/3dc45496e099e6e9235f30917771789104a655a77f3104c4dad9de7dce2b0bb6-primary.xml.gz?eyJhbGciOiJIUzI1NiJ9.eyJqdGkiOiJubVJ0cUNGODlZTEpxR2l4REpLeTVnIiwiZXhwIjoxODA4MjM0MjIwLCJpYXQiOjE3NzY2OTgyMjAsIm5iZiI6MTc3NjY5ODEwMCwib3JnIjoxLCJvbmx5Q2hhbm5lbHMiOlsic2xlLW1vZHVsZS1weXRob24zLTE1LXNwNy1wb29sLXg4Nl82NCJdfQ.nqy34RtOJY3xaeoPnBg5Cmac4j76lSEt2xYoKishYFI HTTP/1.1" 200 -
172.16.3.5 - - [20/Apr/2026:17:18:18 +0200] "POST /rhn/manager/api/system/searchByName HTTP/1.1" 200 155
172.16.3.7 - - [20/Apr/2026:17:18:18 +0200] "GET /rhn/manager/download/sle-module-python3-15-sp7-pool-x86_64/repodata/3dc45496e099e6e9235f30917771789104a655a77f3104c4dad9de7dce2b0bb6-primary.xml.gz?eyJhbGciOiJIUzI1NiJ9.eyJqdGkiOiJubVJ0cUNGODlZTEpxR2l4REpLeTVnIiwiZXhwIjoxODA4MjM0MjIwLCJpYXQiOjE3NzY2OTgyMjAsIm5iZiI6MTc3NjY5ODEwMCwib3JnIjoxLCJvbmx5Q2hhbm5lbHMiOlsic2xlLW1vZHVsZS1weXRob24zLTE1LXNwNy1wb29sLXg4Nl82NCJdfQ.nqy34RtOJY3xaeoPnBg5Cmac4j76lSEt2xYoKishYFI HTTP/1.1" 200 3664
172.16.3.5 - - [20/Apr/2026:17:18:18 +0200] "GET /rhn/manager/api/systems/list/all?p=1&ps=100&s=1&sc=server_name HTTP/1.1" 200 4792
172.16.3.7 - - [20/Apr/2026:17:18:18 +0200] "HEAD /rhn/manager/download/sle-module-python3-15-sp7-pool-x86_64/repodata/e8e4cb13110a54ed1f3955dfc932897c9045899b35dbebba2facb3c6a652c32b-susedata.xml.gz?eyJhbGciOiJIUzI1NiJ9.eyJqdGkiOiJubVJ0cUNGODlZTEpxR2l4REpLeTVnIiwiZXhwIjoxODA4MjM0MjIwLCJpYXQiOjE3NzY2OTgyMjAsIm5iZiI6MTc3NjY5ODEwMCwib3JnIjoxLCJvbmx5Q2hhbm5lbHMiOlsic2xlLW1vZHVsZS1weXRob24zLTE1LXNwNy1wb29sLXg4Nl82NCJdfQ.nqy34RtOJY3xaeoPnBg5Cmac4j76lSEt2xYoKishYFI HTTP/1.1" 200 -
172.16.3.7 - - [20/Apr/2026:17:18:18 +0200] "GET /rhn/manager/download/sle-module-python3-15-sp7-pool-x86_64/repodata/e8e4cb13110a54ed1f3955dfc932897c9045899b35dbebba2facb3c6a652c32b-susedata.xml.gz?eyJhbGciOiJIUzI1NiJ9.eyJqdGkiOiJubVJ0cUNGODlZTEpxR2l4REpLeTVnIiwiZXhwIjoxODA4MjM0MjIwLCJpYXQiOjE3NzY2OTgyMjAsIm5iZiI6MTc3NjY5ODEwMCwib3JnIjoxLCJvbmx5Q2hhbm5lbHMiOlsic2xlLW1vZHVsZS1weXRob24zLTE1LXNwNy1wb29sLXg4Nl82NCJdfQ.nqy34RtOJY3xaeoPnBg5Cmac4j76lSEt2xYoKishYFI HTTP/1.1" 200 3664
172.16.3.5 - - [20/Apr/2026:17:18:18 +0200] "GET /rhn/manager/api/auth/logout HTTP/1.1" 200 16
172.16.3.7 - - [20/Apr/2026:17:18:18 +0200] "HEAD /rhn/manager/download/sle-module-server-applications15-sp7-pool-x86_64/repodata/repomd.xml?eyJhbGciOiJIUzI1NiJ9.eyJqdGkiOiJCQXJZa1lsbFNtYVM1SnJncXJyU1JRIiwiZXhwIjoxODA4MjM0MjIwLCJpYXQiOjE3NzY2OTgyMjAsIm5iZiI6MTc3NjY5ODEwMCwib3JnIjoxLCJvbmx5Q2hhbm5lbHMiOlsic2xlLW1vZHVsZS1zZXJ2ZXItYXBwbGljYXRpb25zMTUtc3A3LXBvb2wteDg2XzY0Il19.HmcIg__enH1LY61fA_eV8mJ8EWlf4yTHye5k4qOtW6s HTTP/1.1" 200 -
172.16.3.7 - - [20/Apr/2026:17:18:18 +0200] "HEAD /rhn/manager/download/sle-module-server-applications15-sp7-pool-x86_64/media.1/media?eyJhbGciOiJIUzI1NiJ9.eyJqdGkiOiJCQXJZa1lsbFNtYVM1SnJncXJyU1JRIiwiZXhwIjoxODA4MjM0MjIwLCJpYXQiOjE3NzY2OTgyMjAsIm5iZiI6MTc3NjY5ODEwMCwib3JnIjoxLCJvbmx5Q2hhbm5lbHMiOlsic2xlLW1vZHVsZS1zZXJ2ZXItYXBwbGljYXRpb25zMTUtc3A3LXBvb2wteDg2XzY0Il19.HmcIg__enH1LY61fA_eV8mJ8EWlf4yTHye5k4qOtW6s HTTP/1.1" 404 -
172.16.3.7 - - [20/Apr/2026:17:18:18 +0200] "HEAD /rhn/manager/download/sle-module-server-applications15-sp7-pool-x86_64/repodata/repomd.xml?eyJhbGciOiJIUzI1NiJ9.eyJqdGkiOiJCQXJZa1lsbFNtYVM1SnJncXJyU1JRIiwiZXhwIjoxODA4MjM0MjIwLCJpYXQiOjE3NzY2OTgyMjAsIm5iZiI6MTc3NjY5ODEwMCwib3JnIjoxLCJvbmx5Q2hhbm5lbHMiOlsic2xlLW1vZHVsZS1zZXJ2ZXItYXBwbGljYXRpb25zMTUtc3A3LXBvb2wteDg2XzY0Il19.HmcIg__enH1LY61fA_eV8mJ8EWlf4yTHye5k4qOtW6s HTTP/1.1" 200 -
172.16.3.5 - - [20/Apr/2026:17:18:18 +0200] "POST /rhn/manager/api/sets/system_list HTTP/1.1" 200 1
172.16.3.5 - - [20/Apr/2026:17:18:18 +0200] "GET /rhn/systems/details/Overview.do?sid=1000010000 HTTP/1.1" 200 45775
172.16.3.7 - - [20/Apr/2026:17:18:18 +0200] "GET /rhn/manager/download/sle-module-server-applications15-sp7-pool-x86_64/repodata/repomd.xml?eyJhbGciOiJIUzI1NiJ9.eyJqdGkiOiJCQXJZa1lsbFNtYVM1SnJncXJyU1JRIiwiZXhwIjoxODA4MjM0MjIwLCJpYXQiOjE3NzY2OTgyMjAsIm5iZiI6MTc3NjY5ODEwMCwib3JnIjoxLCJvbmx5Q2hhbm5lbHMiOlsic2xlLW1vZHVsZS1zZXJ2ZXItYXBwbGljYXRpb25zMTUtc3A3LXBvb2wteDg2XzY0Il19.HmcIg__enH1LY61fA_eV8mJ8EWlf4yTHye5k4qOtW6s HTTP/1.1" 200 3664
172.16.3.7 - - [20/Apr/2026:17:18:18 +0200] "HEAD /rhn/manager/download/sle-module-server-applications15-sp7-pool-x86_64/repodata/repomd.xml.asc?eyJhbGciOiJIUzI1NiJ9.eyJqdGkiOiJCQXJZa1lsbFNtYVM1SnJncXJyU1JRIiwiZXhwIjoxODA4MjM0MjIwLCJpYXQiOjE3NzY2OTgyMjAsIm5iZiI6MTc3NjY5ODEwMCwib3JnIjoxLCJvbmx5Q2hhbm5lbHMiOlsic2xlLW1vZHVsZS1zZXJ2ZXItYXBwbGljYXRpb25zMTUtc3A3LXBvb2wteDg2XzY0Il19.HmcIg__enH1LY61fA_eV8mJ8EWlf4yTHye5k4qOtW6s HTTP/1.1" 404 -
172.16.3.7 - - [20/Apr/2026:17:18:18 +0200] "HEAD /rhn/manager/download/sle-module-server-applications15-sp7-pool-x86_64/repodata/b172f2901a79f4af3da91e1c9ae27eb8a216e3a3572a8b07c8c89a87ee6880f3-primary.xml.gz?eyJhbGciOiJIUzI1NiJ9.eyJqdGkiOiJCQXJZa1lsbFNtYVM1SnJncXJyU1JRIiwiZXhwIjoxODA4MjM0MjIwLCJpYXQiOjE3NzY2OTgyMjAsIm5iZiI6MTc3NjY5ODEwMCwib3JnIjoxLCJvbmx5Q2hhbm5lbHMiOlsic2xlLW1vZHVsZS1zZXJ2ZXItYXBwbGljYXRpb25zMTUtc3A3LXBvb2wteDg2XzY0Il19.HmcIg__enH1LY61fA_eV8mJ8EWlf4yTHye5k4qOtW6s HTTP/1.1" 200 -
172.16.3.7 - - [20/Apr/2026:17:18:18 +0200] "GET /rhn/manager/download/sle-module-server-applications15-sp7-pool-x86_64/repodata/b172f2901a79f4af3da91e1c9ae27eb8a216e3a3572a8b07c8c89a87ee6880f3-primary.xml.gz?eyJhbGciOiJIUzI1NiJ9.eyJqdGkiOiJCQXJZa1lsbFNtYVM1SnJncXJyU1JRIiwiZXhwIjoxODA4MjM0MjIwLCJpYXQiOjE3NzY2OTgyMjAsIm5iZiI6MTc3NjY5ODEwMCwib3JnIjoxLCJvbmx5Q2hhbm5lbHMiOlsic2xlLW1vZHVsZS1zZXJ2ZXItYXBwbGljYXRpb25zMTUtc3A3LXBvb2wteDg2XzY0Il19.HmcIg__enH1LY61fA_eV8mJ8EWlf4yTHye5k4qOtW6s HTTP/1.1" 200 3664
172.16.3.7 - - [20/Apr/2026:17:18:19 +0200] "HEAD /rhn/manager/download/sle-module-server-applications15-sp7-pool-x86_64/repodata/fbeca337825d0e7be8c40ff89c27b0f9d2a8a77c700ba7c934366ac3478362ee-susedata.xml.gz?eyJhbGciOiJIUzI1NiJ9.eyJqdGkiOiJCQXJZa1lsbFNtYVM1SnJncXJyU1JRIiwiZXhwIjoxODA4MjM0MjIwLCJpYXQiOjE3NzY2OTgyMjAsIm5iZiI6MTc3NjY5ODEwMCwib3JnIjoxLCJvbmx5Q2hhbm5lbHMiOlsic2xlLW1vZHVsZS1zZXJ2ZXItYXBwbGljYXRpb25zMTUtc3A3LXBvb2wteDg2XzY0Il19.HmcIg__enH1LY61fA_eV8mJ8EWlf4yTHye5k4qOtW6s HTTP/1.1" 200 -
172.16.3.5 - - [20/Apr/2026:17:18:19 +0200] "POST /rhn/manager/frontend-log HTTP/1.1" 200 16
127.0.0.1 - - [20/Apr/2026:17:18:19 +0200] "GET /rhn/websocket/notifications HTTP/1.1" 101 -
172.16.3.7 - - [20/Apr/2026:17:18:19 +0200] "GET /rhn/manager/download/sle-module-server-applications15-sp7-pool-x86_64/repodata/fbeca337825d0e7be8c40ff89c27b0f9d2a8a77c700ba7c934366ac3478362ee-susedata.xml.gz?eyJhbGciOiJIUzI1NiJ9.eyJqdGkiOiJCQXJZa1lsbFNtYVM1SnJncXJyU1JRIiwiZXhwIjoxODA4MjM0MjIwLCJpYXQiOjE3NzY2OTgyMjAsIm5iZiI6MTc3NjY5ODEwMCwib3JnIjoxLCJvbmx5Q2hhbm5lbHMiOlsic2xlLW1vZHVsZS1zZXJ2ZXItYXBwbGljYXRpb25zMTUtc3A3LXBvb2wteDg2XzY0Il19.HmcIg__enH1LY61fA_eV8mJ8EWlf4yTHye5k4qOtW6s HTTP/1.1" 200 3664
172.16.3.5 - - [20/Apr/2026:17:18:19 +0200] "POST /rhn/manager/frontend-log HTTP/1.1" 200 16
172.16.3.7 - - [20/Apr/2026:17:18:19 +0200] "HEAD /rhn/manager/download/sle-module-systems-management-15-sp7-pool-x86_64/repodata/repomd.xml?eyJhbGciOiJIUzI1NiJ9.eyJqdGkiOiJDOTNTZS1GdW9nNWNPREh0WkpyNHZnIiwiZXhwIjoxODA4MjM0MjIwLCJpYXQiOjE3NzY2OTgyMjAsIm5iZiI6MTc3NjY5ODEwMCwib3JnIjoxLCJvbmx5Q2hhbm5lbHMiOlsic2xlLW1vZHVsZS1zeXN0ZW1zLW1hbmFnZW1lbnQtMTUtc3A3LXBvb2wteDg2XzY0Il19.mMpdFco6lKIA7rbkBQo-vZLEVsXO0KHUFcwQuo8go7s HTTP/1.1" 200 -
172.16.3.7 - - [20/Apr/2026:17:18:19 +0200] "HEAD /rhn/manager/download/sle-module-systems-management-15-sp7-pool-x86_64/media.1/media?eyJhbGciOiJIUzI1NiJ9.eyJqdGkiOiJDOTNTZS1GdW9nNWNPREh0WkpyNHZnIiwiZXhwIjoxODA4MjM0MjIwLCJpYXQiOjE3NzY2OTgyMjAsIm5iZiI6MTc3NjY5ODEwMCwib3JnIjoxLCJvbmx5Q2hhbm5lbHMiOlsic2xlLW1vZHVsZS1zeXN0ZW1zLW1hbmFnZW1lbnQtMTUtc3A3LXBvb2wteDg2XzY0Il19.mMpdFco6lKIA7rbkBQo-vZLEVsXO0KHUFcwQuo8go7s HTTP/1.1" 404 -
172.16.3.7 - - [20/Apr/2026:17:18:19 +0200] "HEAD /rhn/manager/download/sle-module-systems-management-15-sp7-pool-x86_64/repodata/repomd.xml?eyJhbGciOiJIUzI1NiJ9.eyJqdGkiOiJDOTNTZS1GdW9nNWNPREh0WkpyNHZnIiwiZXhwIjoxODA4MjM0MjIwLCJpYXQiOjE3NzY2OTgyMjAsIm5iZiI6MTc3NjY5ODEwMCwib3JnIjoxLCJvbmx5Q2hhbm5lbHMiOlsic2xlLW1vZHVsZS1zeXN0ZW1zLW1hbmFnZW1lbnQtMTUtc3A3LXBvb2wteDg2XzY0Il19.mMpdFco6lKIA7rbkBQo-vZLEVsXO0KHUFcwQuo8go7s HTTP/1.1" 200 -
172.16.3.7 - - [20/Apr/2026:17:18:19 +0200] "GET /rhn/manager/download/sle-module-systems-management-15-sp7-pool-x86_64/repodata/repomd.xml?eyJhbGciOiJIUzI1NiJ9.eyJqdGkiOiJDOTNTZS1GdW9nNWNPREh0WkpyNHZnIiwiZXhwIjoxODA4MjM0MjIwLCJpYXQiOjE3NzY2OTgyMjAsIm5iZiI6MTc3NjY5ODEwMCwib3JnIjoxLCJvbmx5Q2hhbm5lbHMiOlsic2xlLW1vZHVsZS1zeXN0ZW1zLW1hbmFnZW1lbnQtMTUtc3A3LXBvb2wteDg2XzY0Il19.mMpdFco6lKIA7rbkBQo-vZLEVsXO0KHUFcwQuo8go7s HTTP/1.1" 200 3664
172.16.3.7 - - [20/Apr/2026:17:18:19 +0200] "HEAD /rhn/manager/download/sle-module-systems-management-15-sp7-pool-x86_64/repodata/repomd.xml.asc?eyJhbGciOiJIUzI1NiJ9.eyJqdGkiOiJDOTNTZS1GdW9nNWNPREh0WkpyNHZnIiwiZXhwIjoxODA4MjM0MjIwLCJpYXQiOjE3NzY2OTgyMjAsIm5iZiI6MTc3NjY5ODEwMCwib3JnIjoxLCJvbmx5Q2hhbm5lbHMiOlsic2xlLW1vZHVsZS1zeXN0ZW1zLW1hbmFnZW1lbnQtMTUtc3A3LXBvb2wteDg2XzY0Il19.mMpdFco6lKIA7rbkBQo-vZLEVsXO0KHUFcwQuo8go7s HTTP/1.1" 404 -
172.16.3.7 - - [20/Apr/2026:17:18:19 +0200] "HEAD /rhn/manager/download/sle-module-systems-management-15-sp7-pool-x86_64/repodata/ca170f775c398d2c056152507613e7e869d240d309f66f90830314263bb77758-primary.xml.gz?eyJhbGciOiJIUzI1NiJ9.eyJqdGkiOiJDOTNTZS1GdW9nNWNPREh0WkpyNHZnIiwiZXhwIjoxODA4MjM0MjIwLCJpYXQiOjE3NzY2OTgyMjAsIm5iZiI6MTc3NjY5ODEwMCwib3JnIjoxLCJvbmx5Q2hhbm5lbHMiOlsic2xlLW1vZHVsZS1zeXN0ZW1zLW1hbmFnZW1lbnQtMTUtc3A3LXBvb2wteDg2XzY0Il19.mMpdFco6lKIA7rbkBQo-vZLEVsXO0KHUFcwQuo8go7s HTTP/1.1" 200 -
172.16.3.7 - - [20/Apr/2026:17:18:19 +0200] "GET /rhn/manager/download/sle-module-systems-management-15-sp7-pool-x86_64/repodata/ca170f775c398d2c056152507613e7e869d240d309f66f90830314263bb77758-primary.xml.gz?eyJhbGciOiJIUzI1NiJ9.eyJqdGkiOiJDOTNTZS1GdW9nNWNPREh0WkpyNHZnIiwiZXhwIjoxODA4MjM0MjIwLCJpYXQiOjE3NzY2OTgyMjAsIm5iZiI6MTc3NjY5ODEwMCwib3JnIjoxLCJvbmx5Q2hhbm5lbHMiOlsic2xlLW1vZHVsZS1zeXN0ZW1zLW1hbmFnZW1lbnQtMTUtc3A3LXBvb2wteDg2XzY0Il19.mMpdFco6lKIA7rbkBQo-vZLEVsXO0KHUFcwQuo8go7s HTTP/1.1" 200 3664
172.16.3.7 - - [20/Apr/2026:17:18:19 +0200] "HEAD /rhn/manager/download/sle-module-systems-management-15-sp7-pool-x86_64/repodata/bb7f49dd25548c564ab33e1defb1e5668f63a9b063798989e364da0386f6a8d2-susedata.xml.gz?eyJhbGciOiJIUzI1NiJ9.eyJqdGkiOiJDOTNTZS1GdW9nNWNPREh0WkpyNHZnIiwiZXhwIjoxODA4MjM0MjIwLCJpYXQiOjE3NzY2OTgyMjAsIm5iZiI6MTc3NjY5ODEwMCwib3JnIjoxLCJvbmx5Q2hhbm5lbHMiOlsic2xlLW1vZHVsZS1zeXN0ZW1zLW1hbmFnZW1lbnQtMTUtc3A3LXBvb2wteDg2XzY0Il19.mMpdFco6lKIA7rbkBQo-vZLEVsXO0KHUFcwQuo8go7s HTTP/1.1" 200 -
172.16.3.7 - - [20/Apr/2026:17:18:19 +0200] "GET /rhn/manager/download/sle-module-systems-management-15-sp7-pool-x86_64/repodata/bb7f49dd25548c564ab33e1defb1e5668f63a9b063798989e364da0386f6a8d2-susedata.xml.gz?eyJhbGciOiJIUzI1NiJ9.eyJqdGkiOiJDOTNTZS1GdW9nNWNPREh0WkpyNHZnIiwiZXhwIjoxODA4MjM0MjIwLCJpYXQiOjE3NzY2OTgyMjAsIm5iZiI6MTc3NjY5ODEwMCwib3JnIjoxLCJvbmx5Q2hhbm5lbHMiOlsic2xlLW1vZHVsZS1zeXN0ZW1zLW1hbmFnZW1lbnQtMTUtc3A3LXBvb2wteDg2XzY0Il19.mMpdFco6lKIA7rbkBQo-vZLEVsXO0KHUFcwQuo8go7s HTTP/1.1" 200 3664
172.16.3.5 - - [20/Apr/2026:17:18:19 +0200] "GET /rhn/systems/details/Overview.do?sid=1000010002 HTTP/1.1" 200 46433
172.16.3.7 - - [20/Apr/2026:17:18:19 +0200] "HEAD /rhn/manager/download/sle-product-sles15-sp7-pool-x86_64/repodata/repomd.xml?eyJhbGciOiJIUzI1NiJ9.eyJqdGkiOiI5UGNQSlhkbXMyWHZDM2JfRnhsUXhBIiwiZXhwIjoxODA4MjM0MjIwLCJpYXQiOjE3NzY2OTgyMjAsIm5iZiI6MTc3NjY5ODEwMCwib3JnIjoxLCJvbmx5Q2hhbm5lbHMiOlsic2xlLXByb2R1Y3Qtc2xlczE1LXNwNy1wb29sLXg4Nl82NCJdfQ.tUtbkvl8HBW1DkwbFD-He8mOSIoldhgA1BHH6f8Jpcc HTTP/1.1" 200 -
172.16.3.7 - - [20/Apr/2026:17:18:19 +0200] "HEAD /rhn/manager/download/sle-product-sles15-sp7-pool-x86_64/media.1/media?eyJhbGciOiJIUzI1NiJ9.eyJqdGkiOiI5UGNQSlhkbXMyWHZDM2JfRnhsUXhBIiwiZXhwIjoxODA4MjM0MjIwLCJpYXQiOjE3NzY2OTgyMjAsIm5iZiI6MTc3NjY5ODEwMCwib3JnIjoxLCJvbmx5Q2hhbm5lbHMiOlsic2xlLXByb2R1Y3Qtc2xlczE1LXNwNy1wb29sLXg4Nl82NCJdfQ.tUtbkvl8HBW1DkwbFD-He8mOSIoldhgA1BHH6f8Jpcc HTTP/1.1" 404 -
172.16.3.5 - - [20/Apr/2026:17:18:19 +0200] "GET /rhn/systems/details/Overview.do?sid=1000010000& HTTP/1.1" 200 45775
172.16.3.7 - - [20/Apr/2026:17:18:19 +0200] "HEAD /rhn/manager/download/sle-product-sles15-sp7-pool-x86_64/repodata/repomd.xml?eyJhbGciOiJIUzI1NiJ9.eyJqdGkiOiI5UGNQSlhkbXMyWHZDM2JfRnhsUXhBIiwiZXhwIjoxODA4MjM0MjIwLCJpYXQiOjE3NzY2OTgyMjAsIm5iZiI6MTc3NjY5ODEwMCwib3JnIjoxLCJvbmx5Q2hhbm5lbHMiOlsic2xlLXByb2R1Y3Qtc2xlczE1LXNwNy1wb29sLXg4Nl82NCJdfQ.tUtbkvl8HBW1DkwbFD-He8mOSIoldhgA1BHH6f8Jpcc HTTP/1.1" 200 -
172.16.3.5 - - [20/Apr/2026:17:18:19 +0200] "POST /rhn/manager/frontend-log HTTP/1.1" 200 16
172.16.3.5 - - [20/Apr/2026:17:18:19 +0200] "GET /rhn/systems/details/Overview.do?sid=1000010005 HTTP/1.1" 200 45059
172.16.3.7 - - [20/Apr/2026:17:18:19 +0200] "GET /rhn/manager/download/sle-product-sles15-sp7-pool-x86_64/repodata/repomd.xml?eyJhbGciOiJIUzI1NiJ9.eyJqdGkiOiI5UGNQSlhkbXMyWHZDM2JfRnhsUXhBIiwiZXhwIjoxODA4MjM0MjIwLCJpYXQiOjE3NzY2OTgyMjAsIm5iZiI6MTc3NjY5ODEwMCwib3JnIjoxLCJvbmx5Q2hhbm5lbHMiOlsic2xlLXByb2R1Y3Qtc2xlczE1LXNwNy1wb29sLXg4Nl82NCJdfQ.tUtbkvl8HBW1DkwbFD-He8mOSIoldhgA1BHH6f8Jpcc HTTP/1.1" 200 3664
172.16.3.7 - - [20/Apr/2026:17:18:19 +0200] "HEAD /rhn/manager/download/sle-product-sles15-sp7-pool-x86_64/repodata/repomd.xml.asc?eyJhbGciOiJIUzI1NiJ9.eyJqdGkiOiI5UGNQSlhkbXMyWHZDM2JfRnhsUXhBIiwiZXhwIjoxODA4MjM0MjIwLCJpYXQiOjE3NzY2OTgyMjAsIm5iZiI6MTc3NjY5ODEwMCwib3JnIjoxLCJvbmx5Q2hhbm5lbHMiOlsic2xlLXByb2R1Y3Qtc2xlczE1LXNwNy1wb29sLXg4Nl82NCJdfQ.tUtbkvl8HBW1DkwbFD-He8mOSIoldhgA1BHH6f8Jpcc HTTP/1.1" 404 -
127.0.0.1 - - [20/Apr/2026:17:18:20 +0200] "GET /rhn/websocket/notifications HTTP/1.1" 101 -
172.16.3.7 - - [20/Apr/2026:17:18:20 +0200] "HEAD /rhn/manager/download/sle-product-sles15-sp7-pool-x86_64/repodata/66fcb8bb04aafa067687b87a59d08127fca3bad3827d39e259a7a418864fba28-primary.xml.gz?eyJhbGciOiJIUzI1NiJ9.eyJqdGkiOiI5UGNQSlhkbXMyWHZDM2JfRnhsUXhBIiwiZXhwIjoxODA4MjM0MjIwLCJpYXQiOjE3NzY2OTgyMjAsIm5iZiI6MTc3NjY5ODEwMCwib3JnIjoxLCJvbmx5Q2hhbm5lbHMiOlsic2xlLXByb2R1Y3Qtc2xlczE1LXNwNy1wb29sLXg4Nl82NCJdfQ.tUtbkvl8HBW1DkwbFD-He8mOSIoldhgA1BHH6f8Jpcc HTTP/1.1" 200 -
172.16.3.7 - - [20/Apr/2026:17:18:20 +0200] "GET /rhn/manager/download/sle-product-sles15-sp7-pool-x86_64/repodata/66fcb8bb04aafa067687b87a59d08127fca3bad3827d39e259a7a418864fba28-primary.xml.gz?eyJhbGciOiJIUzI1NiJ9.eyJqdGkiOiI5UGNQSlhkbXMyWHZDM2JfRnhsUXhBIiwiZXhwIjoxODA4MjM0MjIwLCJpYXQiOjE3NzY2OTgyMjAsIm5iZiI6MTc3NjY5ODEwMCwib3JnIjoxLCJvbmx5Q2hhbm5lbHMiOlsic2xlLXByb2R1Y3Qtc2xlczE1LXNwNy1wb29sLXg4Nl82NCJdfQ.tUtbkvl8HBW1DkwbFD-He8mOSIoldhgA1BHH6f8Jpcc HTTP/1.1" 200 3664
172.16.3.7 - - [20/Apr/2026:17:18:20 +0200] "HEAD /rhn/manager/download/sle-product-sles15-sp7-pool-x86_64/repodata/2e34934e751c235ac6406ea6b3b5e16e6dde0ad209c60d6e5ef3871a8a34ad7f-susedata.xml.gz?eyJhbGciOiJIUzI1NiJ9.eyJqdGkiOiI5UGNQSlhkbXMyWHZDM2JfRnhsUXhBIiwiZXhwIjoxODA4MjM0MjIwLCJpYXQiOjE3NzY2OTgyMjAsIm5iZiI6MTc3NjY5ODEwMCwib3JnIjoxLCJvbmx5Q2hhbm5lbHMiOlsic2xlLXByb2R1Y3Qtc2xlczE1LXNwNy1wb29sLXg4Nl82NCJdfQ.tUtbkvl8HBW1DkwbFD-He8mOSIoldhgA1BHH6f8Jpcc HTTP/1.1" 200 -
172.16.3.5 - - [20/Apr/2026:17:18:20 +0200] "GET /rhn/manager/systems/list/all HTTP/1.1" 200 36840
172.16.3.5 - - [20/Apr/2026:17:18:20 +0200] "POST /rhn/manager/frontend-log HTTP/1.1" 200 16
172.16.3.5 - - [20/Apr/2026:17:18:20 +0200] "POST /rhn/manager/frontend-log HTTP/1.1" 200 16
172.16.3.7 - - [20/Apr/2026:17:18:20 +0200] "GET /rhn/manager/download/sle-product-sles15-sp7-pool-x86_64/repodata/2e34934e751c235ac6406ea6b3b5e16e6dde0ad209c60d6e5ef3871a8a34ad7f-susedata.xml.gz?eyJhbGciOiJIUzI1NiJ9.eyJqdGkiOiI5UGNQSlhkbXMyWHZDM2JfRnhsUXhBIiwiZXhwIjoxODA4MjM0MjIwLCJpYXQiOjE3NzY2OTgyMjAsIm5iZiI6MTc3NjY5ODEwMCwib3JnIjoxLCJvbmx5Q2hhbm5lbHMiOlsic2xlLXByb2R1Y3Qtc2xlczE1LXNwNy1wb29sLXg4Nl82NCJdfQ.tUtbkvl8HBW1DkwbFD-He8mOSIoldhgA1BHH6f8Jpcc HTTP/1.1" 200 3663
127.0.0.1 - - [20/Apr/2026:17:18:20 +0200] "GET /rhn/websocket/notifications HTTP/1.1" 101 -
127.0.0.1 - - [20/Apr/2026:17:18:20 +0200] "GET /rhn/websocket/notifications HTTP/1.1" 101 -
172.16.3.5 - - [20/Apr/2026:17:18:20 +0200] "POST /rhn/manager/api/auth/login HTTP/1.1" 200 16
172.16.3.7 - - [20/Apr/2026:17:18:20 +0200] "HEAD /rhn/manager/download/sles15-sp7-devel-uyuni-client-x86_64/repodata/repomd.xml?eyJhbGciOiJIUzI1NiJ9.eyJqdGkiOiI1RFhWOXp6eHdGQ1RydWdzUGJXSmd3IiwiZXhwIjoxODA4MjM0MjIwLCJpYXQiOjE3NzY2OTgyMjAsIm5iZiI6MTc3NjY5ODEwMCwib3JnIjoxLCJvbmx5Q2hhbm5lbHMiOlsic2xlczE1LXNwNy1kZXZlbC11eXVuaS1jbGllbnQteDg2XzY0Il19.4JPw4Ni3us_GpgJaqM5mK3EnLvJNXvVdEc6Gox2qjNE HTTP/1.1" 200 -
172.16.3.7 - - [20/Apr/2026:17:18:20 +0200] "HEAD /rhn/manager/download/sles15-sp7-devel-uyuni-client-x86_64/media.1/media?eyJhbGciOiJIUzI1NiJ9.eyJqdGkiOiI1RFhWOXp6eHdGQ1RydWdzUGJXSmd3IiwiZXhwIjoxODA4MjM0MjIwLCJpYXQiOjE3NzY2OTgyMjAsIm5iZiI6MTc3NjY5ODEwMCwib3JnIjoxLCJvbmx5Q2hhbm5lbHMiOlsic2xlczE1LXNwNy1kZXZlbC11eXVuaS1jbGllbnQteDg2XzY0Il19.4JPw4Ni3us_GpgJaqM5mK3EnLvJNXvVdEc6Gox2qjNE HTTP/1.1" 404 -
172.16.3.7 - - [20/Apr/2026:17:18:20 +0200] "HEAD /rhn/manager/download/sles15-sp7-devel-uyuni-client-x86_64/repodata/repomd.xml?eyJhbGciOiJIUzI1NiJ9.eyJqdGkiOiI1RFhWOXp6eHdGQ1RydWdzUGJXSmd3IiwiZXhwIjoxODA4MjM0MjIwLCJpYXQiOjE3NzY2OTgyMjAsIm5iZiI6MTc3NjY5ODEwMCwib3JnIjoxLCJvbmx5Q2hhbm5lbHMiOlsic2xlczE1LXNwNy1kZXZlbC11eXVuaS1jbGllbnQteDg2XzY0Il19.4JPw4Ni3us_GpgJaqM5mK3EnLvJNXvVdEc6Gox2qjNE HTTP/1.1" 200 -
172.16.3.7 - - [20/Apr/2026:17:18:20 +0200] "GET /rhn/manager/download/sles15-sp7-devel-uyuni-client-x86_64/repodata/repomd.xml?eyJhbGciOiJIUzI1NiJ9.eyJqdGkiOiI1RFhWOXp6eHdGQ1RydWdzUGJXSmd3IiwiZXhwIjoxODA4MjM0MjIwLCJpYXQiOjE3NzY2OTgyMjAsIm5iZiI6MTc3NjY5ODEwMCwib3JnIjoxLCJvbmx5Q2hhbm5lbHMiOlsic2xlczE1LXNwNy1kZXZlbC11eXVuaS1jbGllbnQteDg2XzY0Il19.4JPw4Ni3us_GpgJaqM5mK3EnLvJNXvVdEc6Gox2qjNE HTTP/1.1" 200 3663
127.0.0.1 - - [20/Apr/2026:17:18:20 +0200] "GET /rhn/websocket/notifications HTTP/1.1" 101 -
172.16.3.7 - - [20/Apr/2026:17:18:20 +0200] "HEAD /rhn/manager/download/sles15-sp7-devel-uyuni-client-x86_64/repodata/repomd.xml.asc?eyJhbGciOiJIUzI1NiJ9.eyJqdGkiOiI1RFhWOXp6eHdGQ1RydWdzUGJXSmd3IiwiZXhwIjoxODA4MjM0MjIwLCJpYXQiOjE3NzY2OTgyMjAsIm5iZiI6MTc3NjY5ODEwMCwib3JnIjoxLCJvbmx5Q2hhbm5lbHMiOlsic2xlczE1LXNwNy1kZXZlbC11eXVuaS1jbGllbnQteDg2XzY0Il19.4JPw4Ni3us_GpgJaqM5mK3EnLvJNXvVdEc6Gox2qjNE HTTP/1.1" 404 -
172.16.3.5 - - [20/Apr/2026:17:18:20 +0200] "POST /rhn/manager/frontend-log HTTP/1.1" 200 16
172.16.3.5 - - [20/Apr/2026:17:18:20 +0200] "POST /rhn/manager/frontend-log HTTP/1.1" 200 16
172.16.3.7 - - [20/Apr/2026:17:18:20 +0200] "HEAD /rhn/manager/download/sles15-sp7-devel-uyuni-client-x86_64/repodata/f1c83a9b8da704bef4199e259ecc3115f64cf446680ae3ed402f757e786beb3e-primary.xml.gz?eyJhbGciOiJIUzI1NiJ9.eyJqdGkiOiI1RFhWOXp6eHdGQ1RydWdzUGJXSmd3IiwiZXhwIjoxODA4MjM0MjIwLCJpYXQiOjE3NzY2OTgyMjAsIm5iZiI6MTc3NjY5ODEwMCwib3JnIjoxLCJvbmx5Q2hhbm5lbHMiOlsic2xlczE1LXNwNy1kZXZlbC11eXVuaS1jbGllbnQteDg2XzY0Il19.4JPw4Ni3us_GpgJaqM5mK3EnLvJNXvVdEc6Gox2qjNE HTTP/1.1" 200 -
172.16.3.7 - - [20/Apr/2026:17:18:20 +0200] "GET /rhn/manager/download/sles15-sp7-devel-uyuni-client-x86_64/repodata/f1c83a9b8da704bef4199e259ecc3115f64cf446680ae3ed402f757e786beb3e-primary.xml.gz?eyJhbGciOiJIUzI1NiJ9.eyJqdGkiOiI1RFhWOXp6eHdGQ1RydWdzUGJXSmd3IiwiZXhwIjoxODA4MjM0MjIwLCJpYXQiOjE3NzY2OTgyMjAsIm5iZiI6MTc3NjY5ODEwMCwib3JnIjoxLCJvbmx5Q2hhbm5lbHMiOlsic2xlczE1LXNwNy1kZXZlbC11eXVuaS1jbGllbnQteDg2XzY0Il19.4JPw4Ni3us_GpgJaqM5mK3EnLvJNXvVdEc6Gox2qjNE HTTP/1.1" 200 3664
172.16.3.7 - - [20/Apr/2026:17:18:21 +0200] "HEAD /rhn/manager/download/sles15-sp7-devel-uyuni-client-x86_64/repodata/a47b6e8f1c5c6879cbc022ca4a3898508fd9f2006a0f298c2bf486380fec3c1a-susedata.xml.gz?eyJhbGciOiJIUzI1NiJ9.eyJqdGkiOiI1RFhWOXp6eHdGQ1RydWdzUGJXSmd3IiwiZXhwIjoxODA4MjM0MjIwLCJpYXQiOjE3NzY2OTgyMjAsIm5iZiI6MTc3NjY5ODEwMCwib3JnIjoxLCJvbmx5Q2hhbm5lbHMiOlsic2xlczE1LXNwNy1kZXZlbC11eXVuaS1jbGllbnQteDg2XzY0Il19.4JPw4Ni3us_GpgJaqM5mK3EnLvJNXvVdEc6Gox2qjNE HTTP/1.1" 200 -
127.0.0.1 - - [20/Apr/2026:17:18:21 +0200] "GET /rhn/websocket/notifications HTTP/1.1" 101 -
172.16.3.5 - - [20/Apr/2026:17:18:21 +0200] "POST /rhn/manager/api/system/searchByName HTTP/1.1" 200 163
172.16.3.7 - - [20/Apr/2026:17:18:21 +0200] "GET /rhn/manager/download/sles15-sp7-devel-uyuni-client-x86_64/repodata/a47b6e8f1c5c6879cbc022ca4a3898508fd9f2006a0f298c2bf486380fec3c1a-susedata.xml.gz?eyJhbGciOiJIUzI1NiJ9.eyJqdGkiOiI1RFhWOXp6eHdGQ1RydWdzUGJXSmd3IiwiZXhwIjoxODA4MjM0MjIwLCJpYXQiOjE3NzY2OTgyMjAsIm5iZiI6MTc3NjY5ODEwMCwib3JnIjoxLCJvbmx5Q2hhbm5lbHMiOlsic2xlczE1LXNwNy1kZXZlbC11eXVuaS1jbGllbnQteDg2XzY0Il19.4JPw4Ni3us_GpgJaqM5mK3EnLvJNXvVdEc6Gox2qjNE HTTP/1.1" 200 3663
172.16.3.5 - - [20/Apr/2026:17:18:21 +0200] "GET /rhn/manager/api/systems/list/all?p=1&ps=100&s=1&sc=server_name HTTP/1.1" 200 4792
172.16.3.5 - - [20/Apr/2026:17:18:21 +0200] "GET /rhn/manager/api/auth/logout HTTP/1.1" 200 16
172.16.3.5 - - [20/Apr/2026:17:18:21 +0200] "GET /rhn/systems/details/history/Pending.do?sid=1000010005& HTTP/1.1" 200 40244
172.16.3.5 - - [20/Apr/2026:17:18:21 +0200] "POST /rhn/manager/api/sets/system_list HTTP/1.1" 200 1
172.16.3.5 - - [20/Apr/2026:17:18:21 +0200] "GET /rhn/systems/details/ProxyClients.do?sid=1000010000& HTTP/1.1" 200 58216
127.0.0.1 - - [20/Apr/2026:17:18:21 +0200] "GET /rhn/websocket/notifications HTTP/1.1" 101 -
172.16.3.5 - - [20/Apr/2026:17:18:22 +0200] "POST /rhn/manager/frontend-log HTTP/1.1" 200 16
172.16.3.5 - - [20/Apr/2026:17:18:22 +0200] "POST /rhn/manager/frontend-log HTTP/1.1" 200 16
172.16.3.5 - - [20/Apr/2026:17:18:22 +0200] "GET /rhn/systems/details/Overview.do?sid=1000010002& HTTP/1.1" 200 46433
127.0.0.1 - - [20/Apr/2026:17:18:22 +0200] "GET /rhn/websocket/notifications HTTP/1.1" 101 -
172.16.3.5 - - [20/Apr/2026:17:18:22 +0200] "POST /rhn/manager/api/auth/login HTTP/1.1" 200 16
172.16.3.7 - - [20/Apr/2026:17:18:22 +0200] "HEAD /rhn/manager/download/sle-module-basesystem15-sp7-pool-x86_64/getPackage/NULL/e5b6e78440a67d6987c31a70a11621cf17272df6435466bd8fcd31958f0dd7f6/libsha1detectcoll1-1.0.3-2.18.x86_64.rpm?eyJhbGciOiJIUzI1NiJ9.eyJqdGkiOiJpOTFOdlFOeFJ6T0tzcTlJSGdmSEZnIiwiZXhwIjoxODA4MjM0MjIwLCJpYXQiOjE3NzY2OTgyMjAsIm5iZiI6MTc3NjY5ODEwMCwib3JnIjoxLCJvbmx5Q2hhbm5lbHMiOlsic2xlLW1vZHVsZS1iYXNlc3lzdGVtMTUtc3A3LXBvb2wteDg2XzY0Il19.g8-wW0G81qvmvQm6FUBxu-Jb7XkpmUact80kNhnSV6I HTTP/1.1" 200 -
172.16.3.7 - - [20/Apr/2026:17:18:22 +0200] "GET /rhn/manager/download/sle-module-basesystem15-sp7-pool-x86_64/getPackage/NULL/e5b6e78440a67d6987c31a70a11621cf17272df6435466bd8fcd31958f0dd7f6/libsha1detectcoll1-1.0.3-2.18.x86_64.rpm?eyJhbGciOiJIUzI1NiJ9.eyJqdGkiOiJpOTFOdlFOeFJ6T0tzcTlJSGdmSEZnIiwiZXhwIjoxODA4MjM0MjIwLCJpYXQiOjE3NzY2OTgyMjAsIm5iZiI6MTc3NjY5ODEwMCwib3JnIjoxLCJvbmx5Q2hhbm5lbHMiOlsic2xlLW1vZHVsZS1iYXNlc3lzdGVtMTUtc3A3LXBvb2wteDg2XzY0Il19.g8-wW0G81qvmvQm6FUBxu-Jb7XkpmUact80kNhnSV6I HTTP/1.1" 200 3664
127.0.0.1 - - [20/Apr/2026:17:18:22 +0200] "GET /rhn/websocket/notifications HTTP/1.1" 101 -
172.16.3.5 - - [20/Apr/2026:17:18:23 +0200] "POST /rhn/manager/frontend-log HTTP/1.1" 200 16
172.16.3.7 - - [20/Apr/2026:17:18:23 +0200] "HEAD /rhn/manager/download/sle-module-basesystem15-sp7-updates-x86_64/getPackage/NULL/c93916b0da569c1dee83dde8b268c9fea33e4fc4b0f68f8924ca7adaabf35143/git-core-2.51.0-150600.3.15.1.x86_64.rpm?eyJhbGciOiJIUzI1NiJ9.eyJqdGkiOiJwU3V4RU9NZjI4RUliQmpLS2UxTU5RIiwiZXhwIjoxODA4MjM0MjIwLCJpYXQiOjE3NzY2OTgyMjAsIm5iZiI6MTc3NjY5ODEwMCwib3JnIjoxLCJvbmx5Q2hhbm5lbHMiOlsic2xlLW1vZHVsZS1iYXNlc3lzdGVtMTUtc3A3LXVwZGF0ZXMteDg2XzY0Il19.j90FXHKTwXI58Sli3elTNpuvyhEMBx96dNnzBNP0ILI HTTP/1.1" 200 -
172.16.3.7 - - [20/Apr/2026:17:18:23 +0200] "GET /rhn/manager/download/sle-module-basesystem15-sp7-updates-x86_64/getPackage/NULL/c93916b0da569c1dee83dde8b268c9fea33e4fc4b0f68f8924ca7adaabf35143/git-core-2.51.0-150600.3.15.1.x86_64.rpm?eyJhbGciOiJIUzI1NiJ9.eyJqdGkiOiJwU3V4RU9NZjI4RUliQmpLS2UxTU5RIiwiZXhwIjoxODA4MjM0MjIwLCJpYXQiOjE3NzY2OTgyMjAsIm5iZiI6MTc3NjY5ODEwMCwib3JnIjoxLCJvbmx5Q2hhbm5lbHMiOlsic2xlLW1vZHVsZS1iYXNlc3lzdGVtMTUtc3A3LXVwZGF0ZXMteDg2XzY0Il19.j90FXHKTwXI58Sli3elTNpuvyhEMBx96dNnzBNP0ILI HTTP/1.1" 200 3664
172.16.3.5 - - [20/Apr/2026:17:18:23 +0200] "GET /rhn/systems/details/history/Pending.do?sid=1000010005& HTTP/1.1" 200 40244
172.16.3.5 - - [20/Apr/2026:17:18:23 +0200] "GET /rhn/systems/details/Overview.do?sid=1000010003 HTTP/1.1" 200 47161
127.0.0.1 - - [20/Apr/2026:17:18:23 +0200] "GET /rhn/websocket/notifications HTTP/1.1" 101 -
172.16.3.5 - - [20/Apr/2026:17:18:23 +0200] "POST /rhn/manager/frontend-log HTTP/1.1" 200 16
172.16.3.5 - - [20/Apr/2026:17:18:23 +0200] "POST /rhn/manager/api/system/searchByName HTTP/1.1" 200 165
172.16.3.5 - - [20/Apr/2026:17:18:23 +0200] "POST /rhn/manager/frontend-log HTTP/1.1" 200 16
172.16.3.5 - - [20/Apr/2026:17:18:24 +0200] "GET /rhn/manager/api/auth/logout HTTP/1.1" 200 16
127.0.0.1 - - [20/Apr/2026:17:18:24 +0200] "GET /rhn/websocket/notifications HTTP/1.1" 101 -
172.16.3.5 - - [20/Apr/2026:17:18:24 +0200] "GET /rhn/systems/details/Connection.do?sid=1000010002& HTTP/1.1" 200 41525
172.16.3.5 - - [20/Apr/2026:17:18:24 +0200] "POST /rhn/manager/frontend-log HTTP/1.1" 200 16
172.16.3.5 - - [20/Apr/2026:17:18:24 +0200] "POST /rhn/manager/frontend-log HTTP/1.1" 200 16
127.0.0.1 - - [20/Apr/2026:17:18:24 +0200] "GET /rhn/websocket/notifications HTTP/1.1" 101 -
172.16.3.5 - - [20/Apr/2026:17:18:25 +0200] "POST /rhn/manager/api/auth/login HTTP/1.1" 200 16
172.16.3.5 - - [20/Apr/2026:17:18:25 +0200] "POST /rhn/manager/api/system/searchByName HTTP/1.1" 200 157
172.16.3.5 - - [20/Apr/2026:17:18:25 +0200] "GET /rhn/systems/details/history/History.do?sid=1000010005& HTTP/1.1" 200 46360
172.16.3.5 - - [20/Apr/2026:17:18:25 +0200] "GET /rhn/systems/details/Overview.do?sid=1000010004 HTTP/1.1" 200 50407
172.16.3.5 - - [20/Apr/2026:17:18:25 +0200] "GET /rhn/manager/api/auth/logout HTTP/1.1" 200 16
127.0.0.1 - - [20/Apr/2026:17:18:26 +0200] "GET /rhn/websocket/notifications HTTP/1.1" 101 -
172.16.3.5 - - [20/Apr/2026:17:18:26 +0200] "POST /rhn/manager/frontend-log HTTP/1.1" 200 16
172.16.3.5 - - [20/Apr/2026:17:18:26 +0200] "GET /rhn/systems/details/Overview.do?sid=1000010003& HTTP/1.1" 200 47161
172.16.3.5 - - [20/Apr/2026:17:18:26 +0200] "POST /rhn/manager/frontend-log HTTP/1.1" 200 16
127.0.0.1 - - [20/Apr/2026:17:18:26 +0200] "GET /rhn/websocket/notifications HTTP/1.1" 101 -
172.16.3.5 - - [20/Apr/2026:17:18:26 +0200] "GET /rhn/systems/details/Overview.do?sid=1000010001 HTTP/1.1" 200 46817
172.16.3.5 - - [20/Apr/2026:17:18:26 +0200] "POST /rhn/manager/frontend-log HTTP/1.1" 200 16
127.0.0.1 - - [20/Apr/2026:17:18:26 +0200] "GET /rhn/websocket/notifications HTTP/1.1" 101 -
172.16.3.5 - - [20/Apr/2026:17:18:26 +0200] "POST /rhn/manager/frontend-log HTTP/1.1" 200 16
127.0.0.1 - - [20/Apr/2026:17:18:26 +0200] "GET /rhn/websocket/notifications HTTP/1.1" 101 -
172.16.3.5 - - [20/Apr/2026:17:18:26 +0200] "POST /rhn/manager/frontend-log HTTP/1.1" 200 16
172.16.3.5 - - [20/Apr/2026:17:18:27 +0200] "GET /rhn/systems/details/history/Event.do?sid=1000010005&aid=26 HTTP/1.1" 200 46508
172.16.3.5 - - [20/Apr/2026:17:18:27 +0200] "GET /rhn/systems/details/history/Pending.do?sid=1000010004& HTTP/1.1" 200 40242
172.16.3.5 - - [20/Apr/2026:17:18:27 +0200] "GET /rhn/systems/details/Connection.do?sid=1000010003& HTTP/1.1" 200 41534
172.16.3.5 - - [20/Apr/2026:17:18:27 +0200] "GET /rhn/systems/details/Overview.do?sid=1000010000 HTTP/1.1" 200 45774
172.16.3.5 - - [20/Apr/2026:17:18:27 +0200] "GET /rhn/systems/details/packages/Packages.do?sid=1000010001& HTTP/1.1" 200 40896
127.0.0.1 - - [20/Apr/2026:17:18:27 +0200] "GET /rhn/websocket/notifications HTTP/1.1" 101 -
172.16.3.5 - - [20/Apr/2026:17:18:28 +0200] "POST /rhn/manager/frontend-log HTTP/1.1" 200 16
127.0.0.1 - - [20/Apr/2026:17:18:28 +0200] "GET /rhn/websocket/notifications HTTP/1.1" 101 -
172.16.3.5 - - [20/Apr/2026:17:18:28 +0200] "POST /rhn/manager/frontend-log HTTP/1.1" 200 16
127.0.0.1 - - [20/Apr/2026:17:18:28 +0200] "GET /rhn/websocket/notifications HTTP/1.1" 101 -
172.16.3.5 - - [20/Apr/2026:17:18:28 +0200] "POST /rhn/manager/frontend-log HTTP/1.1" 200 16
172.16.3.5 - - [20/Apr/2026:17:18:28 +0200] "POST /rhn/manager/frontend-log HTTP/1.1" 200 16
172.16.3.5 - - [20/Apr/2026:17:18:28 +0200] "POST /rhn/manager/frontend-log HTTP/1.1" 200 16
172.16.3.5 - - [20/Apr/2026:17:18:28 +0200] "POST /rhn/manager/frontend-log HTTP/1.1" 200 16
127.0.0.1 - - [20/Apr/2026:17:18:28 +0200] "GET /rhn/websocket/notifications HTTP/1.1" 101 -
127.0.0.1 - - [20/Apr/2026:17:18:28 +0200] "GET /rhn/websocket/notifications HTTP/1.1" 101 -
172.16.3.5 - - [20/Apr/2026:17:18:28 +0200] "GET /rhn/systems/details/history/Pending.do?sid=1000010004& HTTP/1.1" 200 40242
172.16.3.5 - - [20/Apr/2026:17:18:28 +0200] "POST /rhn/manager/api/auth/login HTTP/1.1" 200 16
172.16.3.5 - - [20/Apr/2026:17:18:29 +0200] "POST /rhn/manager/frontend-log HTTP/1.1" 200 16
127.0.0.1 - - [20/Apr/2026:17:18:29 +0200] "GET /rhn/websocket/notifications HTTP/1.1" 101 -
172.16.3.5 - - [20/Apr/2026:17:18:29 +0200] "POST /rhn/manager/api/system/searchByName HTTP/1.1" 200 157
172.16.3.5 - - [20/Apr/2026:17:18:29 +0200] "GET /rhn/systems/details/history/Pending.do?sid=1000010005& HTTP/1.1" 200 40244
172.16.3.5 - - [20/Apr/2026:17:18:29 +0200] "GET /rhn/manager/api/auth/logout HTTP/1.1" 200 16
172.16.3.5 - - [20/Apr/2026:17:18:29 +0200] "POST /rhn/manager/frontend-log HTTP/1.1" 200 16
127.0.0.1 - - [20/Apr/2026:17:18:29 +0200] "GET /rhn/websocket/notifications HTTP/1.1" 101 -
172.16.3.5 - - [20/Apr/2026:17:18:29 +0200] "GET /rhn/systems/details/SystemChannels.do?sid=1000010001& HTTP/1.1" 200 39250
172.16.3.5 - - [20/Apr/2026:17:18:30 +0200] "GET /rhn/systems/details/Overview.do?sid=1000010000& HTTP/1.1" 200 45774
172.16.3.5 - - [20/Apr/2026:17:18:30 +0200] "POST /rhn/manager/frontend-log HTTP/1.1" 200 16
127.0.0.1 - - [20/Apr/2026:17:18:30 +0200] "GET /rhn/websocket/notifications HTTP/1.1" 101 -
172.16.3.5 - - [20/Apr/2026:17:18:30 +0200] "GET /rhn/manager/api/systems/1000010001/channels HTTP/1.1" 200 534
172.16.3.5 - - [20/Apr/2026:17:18:30 +0200] "GET /rhn/manager/api/systems/1000010001/channels-available-base HTTP/1.1" 200 1041
172.16.3.7 - - [20/Apr/2026:17:18:30 +0200] "HEAD /rhn/manager/download/sle-module-basesystem15-sp7-pool-x86_64/getPackage/NULL/fcccb0d936a1f5b827f15036fa204a76bff5376d78b8e63d0ec3b1b36fb9743c/skopeo-1.14.4-150300.11.22.1.x86_64.rpm?eyJhbGciOiJIUzI1NiJ9.eyJqdGkiOiJpOTFOdlFOeFJ6T0tzcTlJSGdmSEZnIiwiZXhwIjoxODA4MjM0MjIwLCJpYXQiOjE3NzY2OTgyMjAsIm5iZiI6MTc3NjY5ODEwMCwib3JnIjoxLCJvbmx5Q2hhbm5lbHMiOlsic2xlLW1vZHVsZS1iYXNlc3lzdGVtMTUtc3A3LXBvb2wteDg2XzY0Il19.g8-wW0G81qvmvQm6FUBxu-Jb7XkpmUact80kNhnSV6I HTTP/1.1" 200 -
127.0.0.1 - - [20/Apr/2026:17:18:30 +0200] "GET /rhn/websocket/notifications HTTP/1.1" 101 -
172.16.3.5 - - [20/Apr/2026:17:18:30 +0200] "POST /rhn/manager/frontend-log HTTP/1.1" 200 16
172.16.3.5 - - [20/Apr/2026:17:18:30 +0200] "GET /rhn/systems/details/history/History.do?sid=1000010004& HTTP/1.1" 200 49712
172.16.3.7 - - [20/Apr/2026:17:18:30 +0200] "GET /rhn/manager/download/sle-module-basesystem15-sp7-pool-x86_64/getPackage/NULL/fcccb0d936a1f5b827f15036fa204a76bff5376d78b8e63d0ec3b1b36fb9743c/skopeo-1.14.4-150300.11.22.1.x86_64.rpm?eyJhbGciOiJIUzI1NiJ9.eyJqdGkiOiJpOTFOdlFOeFJ6T0tzcTlJSGdmSEZnIiwiZXhwIjoxODA4MjM0MjIwLCJpYXQiOjE3NzY2OTgyMjAsIm5iZiI6MTc3NjY5ODEwMCwib3JnIjoxLCJvbmx5Q2hhbm5lbHMiOlsic2xlLW1vZHVsZS1iYXNlc3lzdGVtMTUtc3A3LXBvb2wteDg2XzY0Il19.g8-wW0G81qvmvQm6FUBxu-Jb7XkpmUact80kNhnSV6I HTTP/1.1" 200 3664
172.16.3.5 - - [20/Apr/2026:17:18:30 +0200] "GET /rhn/systems/details/history/Pending.do?sid=1000010005& HTTP/1.1" 200 40244
172.16.3.5 - - [20/Apr/2026:17:18:30 +0200] "GET /rhn/manager/api/systems/1000010001/channels/129/accessible-children?oldBaseChannelId=129 HTTP/1.1" 200 283
172.16.3.7 - - [20/Apr/2026:17:18:30 +0200] "HEAD /rhn/manager/download/sle-module-basesystem15-sp7-pool-x86_64/getPackage/NULL/f5440f198ab6c4fb585654dcdb919f8bcc369548547521f9927f090196c3c448/libisofs6-1.5.6-150600.1.5.x86_64.rpm?eyJhbGciOiJIUzI1NiJ9.eyJqdGkiOiJpOTFOdlFOeFJ6T0tzcTlJSGdmSEZnIiwiZXhwIjoxODA4MjM0MjIwLCJpYXQiOjE3NzY2OTgyMjAsIm5iZiI6MTc3NjY5ODEwMCwib3JnIjoxLCJvbmx5Q2hhbm5lbHMiOlsic2xlLW1vZHVsZS1iYXNlc3lzdGVtMTUtc3A3LXBvb2wteDg2XzY0Il19.g8-wW0G81qvmvQm6FUBxu-Jb7XkpmUact80kNhnSV6I HTTP/1.1" 200 -
172.16.3.5 - - [20/Apr/2026:17:18:31 +0200] "POST /rhn/manager/frontend-log HTTP/1.1" 200 16
172.16.3.7 - - [20/Apr/2026:17:18:31 +0200] "GET /rhn/manager/download/sle-module-basesystem15-sp7-pool-x86_64/getPackage/NULL/f5440f198ab6c4fb585654dcdb919f8bcc369548547521f9927f090196c3c448/libisofs6-1.5.6-150600.1.5.x86_64.rpm?eyJhbGciOiJIUzI1NiJ9.eyJqdGkiOiJpOTFOdlFOeFJ6T0tzcTlJSGdmSEZnIiwiZXhwIjoxODA4MjM0MjIwLCJpYXQiOjE3NzY2OTgyMjAsIm5iZiI6MTc3NjY5ODEwMCwib3JnIjoxLCJvbmx5Q2hhbm5lbHMiOlsic2xlLW1vZHVsZS1iYXNlc3lzdGVtMTUtc3A3LXBvb2wteDg2XzY0Il19.g8-wW0G81qvmvQm6FUBxu-Jb7XkpmUact80kNhnSV6I HTTP/1.1" 200 3664
127.0.0.1 - - [20/Apr/2026:17:18:31 +0200] "GET /rhn/websocket/notifications HTTP/1.1" 101 -
172.16.3.5 - - [20/Apr/2026:17:18:31 +0200] "POST /rhn/manager/frontend-log HTTP/1.1" 200 16
127.0.0.1 - - [20/Apr/2026:17:18:31 +0200] "GET /rhn/websocket/notifications HTTP/1.1" 101 -
172.16.3.7 - - [20/Apr/2026:17:18:31 +0200] "HEAD /rhn/manager/download/sle-module-basesystem15-sp7-pool-x86_64/getPackage/NULL/fc01987c103deba82c90f938ce7db2707ceb1d9eca7f66698064ece67caa00a9/libsgutils2-1_48-2-1.48+11.56e7b2f-150600.3.3.11.x86_64.rpm?eyJhbGciOiJIUzI1NiJ9.eyJqdGkiOiJpOTFOdlFOeFJ6T0tzcTlJSGdmSEZnIiwiZXhwIjoxODA4MjM0MjIwLCJpYXQiOjE3NzY2OTgyMjAsIm5iZiI6MTc3NjY5ODEwMCwib3JnIjoxLCJvbmx5Q2hhbm5lbHMiOlsic2xlLW1vZHVsZS1iYXNlc3lzdGVtMTUtc3A3LXBvb2wteDg2XzY0Il19.g8-wW0G81qvmvQm6FUBxu-Jb7XkpmUact80kNhnSV6I HTTP/1.1" 200 -
172.16.3.5 - - [20/Apr/2026:17:18:31 +0200] "POST /rhn/manager/api/admin/mandatoryChannels HTTP/1.1" 200 43
172.16.3.7 - - [20/Apr/2026:17:18:31 +0200] "GET /rhn/manager/download/sle-module-basesystem15-sp7-pool-x86_64/getPackage/NULL/fc01987c103deba82c90f938ce7db2707ceb1d9eca7f66698064ece67caa00a9/libsgutils2-1_48-2-1.48+11.56e7b2f-150600.3.3.11.x86_64.rpm?eyJhbGciOiJIUzI1NiJ9.eyJqdGkiOiJpOTFOdlFOeFJ6T0tzcTlJSGdmSEZnIiwiZXhwIjoxODA4MjM0MjIwLCJpYXQiOjE3NzY2OTgyMjAsIm5iZiI6MTc3NjY5ODEwMCwib3JnIjoxLCJvbmx5Q2hhbm5lbHMiOlsic2xlLW1vZHVsZS1iYXNlc3lzdGVtMTUtc3A3LXBvb2wteDg2XzY0Il19.g8-wW0G81qvmvQm6FUBxu-Jb7XkpmUact80kNhnSV6I HTTP/1.1" 200 3664
