172.16.3.5 - - [20/Apr/2026:13:52:56 +0200] "POST /rhn/ajax/inactive-systems HTTP/1.1" 200 540
172.16.3.5 - - [20/Apr/2026:13:52:56 +0200] "POST /rhn/ajax/pending-actions HTTP/1.1" 200 636
172.16.3.5 - - [20/Apr/2026:13:52:56 +0200] "POST /rhn/ajax/disk-check-warning HTTP/1.1" 200 -
172.16.3.5 - - [20/Apr/2026:13:52:56 +0200] "POST /rhn/manager/frontend-log HTTP/1.1" 200 16
172.16.3.5 - - [20/Apr/2026:13:52:56 +0200] "POST /rhn/ajax/tasks HTTP/1.1" 200 2232
172.16.3.5 - - [20/Apr/2026:13:52:56 +0200] "POST /rhn/ajax/critical-systems HTTP/1.1" 200 2026
172.16.3.5 - - [20/Apr/2026:13:52:56 +0200] "POST /rhn/ajax/recent-systems HTTP/1.1" 200 2059
172.16.3.5 - - [20/Apr/2026:13:52:56 +0200] "POST /rhn/ajax/latest-errata HTTP/1.1" 200 539
172.16.3.5 - - [20/Apr/2026:13:52:56 +0200] "POST /rhn/manager/frontend-log HTTP/1.1" 200 16
172.16.3.5 - - [20/Apr/2026:13:52:57 +0200] "POST /rhn/ajax/systems-groups HTTP/1.1" 200 1491
172.16.3.5 - - [20/Apr/2026:13:52:57 +0200] "GET /rhn/channels/manage/Manage.do HTTP/1.1" 200 43422
172.16.3.5 - - [20/Apr/2026:13:52:57 +0200] "POST /rhn/manager/frontend-log HTTP/1.1" 200 16
127.0.0.1 - - [20/Apr/2026:13:52:57 +0200] "GET /rhn/websocket/notifications HTTP/1.1" 101 -
172.16.3.5 - - [20/Apr/2026:13:52:57 +0200] "GET /rhn/channels/manage/Edit.do HTTP/1.1" 200 54260
172.16.3.5 - - [20/Apr/2026:13:52:58 +0200] "POST /rhn/manager/frontend-log HTTP/1.1" 200 16
127.0.0.1 - - [20/Apr/2026:13:52:58 +0200] "GET /rhn/websocket/notifications HTTP/1.1" 101 -
172.16.3.5 - - [20/Apr/2026:13:52:58 +0200] "POST /rhn/channels/manage/Edit.do HTTP/1.1" 302 -
172.16.3.5 - - [20/Apr/2026:13:52:59 +0200] "GET /rhn/channels/manage/Edit.do?cid=121 HTTP/1.1" 200 54814
127.0.0.1 - - [20/Apr/2026:13:52:59 +0200] "GET /rhn/websocket/notifications HTTP/1.1" 101 -
172.16.3.5 - - [20/Apr/2026:13:52:59 +0200] "POST /rhn/manager/frontend-log HTTP/1.1" 200 16
172.16.3.5 - - [20/Apr/2026:13:53:00 +0200] "POST /rhn/manager/frontend-log HTTP/1.1" 200 16
172.16.3.5 - - [20/Apr/2026:13:53:00 +0200] "GET /rhn/channels/manage/Manage.do HTTP/1.1" 200 43906
172.16.3.5 - - [20/Apr/2026:13:53:00 +0200] "POST /rhn/manager/frontend-log HTTP/1.1" 200 16
127.0.0.1 - - [20/Apr/2026:13:53:00 +0200] "GET /rhn/websocket/notifications HTTP/1.1" 101 -
172.16.3.5 - - [20/Apr/2026:13:53:01 +0200] "GET /rhn/channels/manage/Edit.do HTTP/1.1" 200 54483
172.16.3.5 - - [20/Apr/2026:13:53:01 +0200] "POST /rhn/manager/frontend-log HTTP/1.1" 200 16
127.0.0.1 - - [20/Apr/2026:13:53:02 +0200] "GET /rhn/websocket/notifications HTTP/1.1" 101 -
172.16.3.5 - - [20/Apr/2026:13:53:02 +0200] "POST /rhn/channels/manage/Edit.do HTTP/1.1" 302 -
172.16.3.5 - - [20/Apr/2026:13:53:03 +0200] "GET /rhn/channels/manage/Edit.do?cid=122 HTTP/1.1" 200 54854
127.0.0.1 - - [20/Apr/2026:13:53:03 +0200] "GET /rhn/websocket/notifications HTTP/1.1" 101 -
172.16.3.5 - - [20/Apr/2026:13:53:03 +0200] "POST /rhn/manager/frontend-log HTTP/1.1" 200 16
172.16.3.5 - - [20/Apr/2026:13:53:03 +0200] "POST /rhn/manager/frontend-log HTTP/1.1" 200 16
172.16.3.5 - - [20/Apr/2026:13:53:03 +0200] "GET /rhn/channels/manage/Manage.do HTTP/1.1" 200 44548
172.16.3.5 - - [20/Apr/2026:13:53:04 +0200] "POST /rhn/manager/frontend-log HTTP/1.1" 200 16
127.0.0.1 - - [20/Apr/2026:13:53:04 +0200] "GET /rhn/websocket/notifications HTTP/1.1" 101 -
172.16.3.5 - - [20/Apr/2026:13:53:04 +0200] "GET /rhn/channels/manage/Edit.do HTTP/1.1" 200 54483
::1 - - [20/Apr/2026:13:53:04 +0200] "GET /rhn/manager/login HTTP/1.1" 302 -
172.16.3.5 - - [20/Apr/2026:13:53:04 +0200] "POST /rhn/manager/frontend-log HTTP/1.1" 200 16
127.0.0.1 - - [20/Apr/2026:13:53:04 +0200] "GET /rhn/websocket/notifications HTTP/1.1" 101 -
172.16.3.5 - - [20/Apr/2026:13:53:05 +0200] "POST /rhn/channels/manage/Edit.do HTTP/1.1" 302 -
172.16.3.5 - - [20/Apr/2026:13:53:05 +0200] "GET /rhn/channels/manage/Edit.do?cid=123 HTTP/1.1" 200 54835
127.0.0.1 - - [20/Apr/2026:13:53:06 +0200] "GET /rhn/websocket/notifications HTTP/1.1" 101 -
172.16.3.5 - - [20/Apr/2026:13:53:06 +0200] "POST /rhn/manager/frontend-log HTTP/1.1" 200 16
172.16.3.5 - - [20/Apr/2026:13:53:06 +0200] "POST /rhn/manager/frontend-log HTTP/1.1" 200 16
172.16.3.5 - - [20/Apr/2026:13:53:06 +0200] "GET /rhn/channels/manage/Manage.do HTTP/1.1" 200 45182
127.0.0.1 - - [20/Apr/2026:13:53:07 +0200] "GET /rhn/websocket/notifications HTTP/1.1" 101 -
172.16.3.5 - - [20/Apr/2026:13:53:07 +0200] "POST /rhn/manager/frontend-log HTTP/1.1" 200 16
172.16.3.5 - - [20/Apr/2026:13:53:07 +0200] "GET /rhn/channels/manage/Edit.do HTTP/1.1" 200 54483
127.0.0.1 - - [20/Apr/2026:13:53:07 +0200] "GET /rhn/websocket/notifications HTTP/1.1" 101 -
172.16.3.5 - - [20/Apr/2026:13:53:07 +0200] "POST /rhn/manager/frontend-log HTTP/1.1" 200 16
172.16.3.5 - - [20/Apr/2026:13:53:08 +0200] "POST /rhn/channels/manage/Edit.do HTTP/1.1" 302 -
172.16.3.5 - - [20/Apr/2026:13:53:09 +0200] "GET /rhn/channels/manage/Edit.do?cid=124 HTTP/1.1" 200 55082
172.16.3.5 - - [20/Apr/2026:13:53:09 +0200] "POST /rhn/manager/frontend-log HTTP/1.1" 200 16
172.16.3.5 - - [20/Apr/2026:13:53:09 +0200] "POST /rhn/manager/frontend-log HTTP/1.1" 200 16
127.0.0.1 - - [20/Apr/2026:13:53:09 +0200] "GET /rhn/websocket/notifications HTTP/1.1" 101 -
172.16.3.5 - - [20/Apr/2026:13:53:10 +0200] "GET /rhn/channels/manage/Manage.do HTTP/1.1" 200 45664
172.16.3.5 - - [20/Apr/2026:13:53:10 +0200] "POST /rhn/manager/frontend-log HTTP/1.1" 200 16
127.0.0.1 - - [20/Apr/2026:13:53:10 +0200] "GET /rhn/websocket/notifications HTTP/1.1" 101 -
172.16.3.5 - - [20/Apr/2026:13:53:10 +0200] "GET /rhn/channels/manage/Edit.do HTTP/1.1" 200 54815
127.0.0.1 - - [20/Apr/2026:13:53:10 +0200] "GET /rhn/websocket/notifications HTTP/1.1" 101 -
172.16.3.5 - - [20/Apr/2026:13:53:10 +0200] "POST /rhn/manager/frontend-log HTTP/1.1" 200 16
172.16.3.5 - - [20/Apr/2026:13:53:11 +0200] "POST /rhn/channels/manage/Edit.do HTTP/1.1" 302 -
172.16.3.5 - - [20/Apr/2026:13:53:12 +0200] "GET /rhn/channels/manage/Edit.do?cid=125 HTTP/1.1" 200 55104
172.16.3.5 - - [20/Apr/2026:13:53:12 +0200] "POST /rhn/manager/frontend-log HTTP/1.1" 200 16
127.0.0.1 - - [20/Apr/2026:13:53:12 +0200] "GET /rhn/websocket/notifications HTTP/1.1" 101 -
172.16.3.5 - - [20/Apr/2026:13:53:12 +0200] "POST /rhn/manager/frontend-log HTTP/1.1" 200 16
172.16.3.5 - - [20/Apr/2026:13:53:13 +0200] "GET /rhn/channels/manage/Manage.do HTTP/1.1" 200 46300
172.16.3.5 - - [20/Apr/2026:13:53:13 +0200] "POST /rhn/manager/frontend-log HTTP/1.1" 200 16
127.0.0.1 - - [20/Apr/2026:13:53:13 +0200] "GET /rhn/websocket/notifications HTTP/1.1" 101 -
172.16.3.5 - - [20/Apr/2026:13:53:13 +0200] "GET /rhn/channels/manage/Edit.do HTTP/1.1" 200 54815
172.16.3.5 - - [20/Apr/2026:13:53:13 +0200] "POST /rhn/manager/frontend-log HTTP/1.1" 200 16
127.0.0.1 - - [20/Apr/2026:13:53:13 +0200] "GET /rhn/websocket/notifications HTTP/1.1" 101 -
172.16.3.5 - - [20/Apr/2026:13:53:14 +0200] "POST /rhn/channels/manage/Edit.do HTTP/1.1" 302 -
172.16.3.5 - - [20/Apr/2026:13:53:15 +0200] "GET /rhn/channels/manage/Edit.do?cid=126 HTTP/1.1" 200 55263
172.16.3.5 - - [20/Apr/2026:13:53:15 +0200] "POST /rhn/manager/frontend-log HTTP/1.1" 200 16
172.16.3.5 - - [20/Apr/2026:13:53:16 +0200] "POST /rhn/manager/frontend-log HTTP/1.1" 200 16
127.0.0.1 - - [20/Apr/2026:13:53:16 +0200] "GET /rhn/websocket/notifications HTTP/1.1" 101 -
172.16.3.5 - - [20/Apr/2026:13:53:16 +0200] "GET /rhn/channels/manage/Manage.do HTTP/1.1" 200 46782
127.0.0.1 - - [20/Apr/2026:13:53:17 +0200] "GET /rhn/websocket/notifications HTTP/1.1" 101 -
172.16.3.5 - - [20/Apr/2026:13:53:17 +0200] "POST /rhn/manager/frontend-log HTTP/1.1" 200 16
172.16.3.5 - - [20/Apr/2026:13:53:17 +0200] "GET /rhn/channels/manage/Edit.do HTTP/1.1" 200 55035
172.16.3.5 - - [20/Apr/2026:13:53:18 +0200] "POST /rhn/manager/frontend-log HTTP/1.1" 200 16
127.0.0.1 - - [20/Apr/2026:13:53:18 +0200] "GET /rhn/websocket/notifications HTTP/1.1" 101 -
172.16.3.5 - - [20/Apr/2026:13:53:18 +0200] "POST /rhn/channels/manage/Edit.do HTTP/1.1" 302 -
172.16.3.5 - - [20/Apr/2026:13:53:19 +0200] "GET /rhn/channels/manage/Edit.do?cid=127 HTTP/1.1" 200 55305
172.16.3.5 - - [20/Apr/2026:13:53:20 +0200] "POST /rhn/manager/frontend-log HTTP/1.1" 200 16
172.16.3.5 - - [20/Apr/2026:13:53:20 +0200] "POST /rhn/manager/frontend-log HTTP/1.1" 200 16
127.0.0.1 - - [20/Apr/2026:13:53:20 +0200] "GET /rhn/websocket/notifications HTTP/1.1" 101 -
172.16.3.5 - - [20/Apr/2026:13:53:20 +0200] "GET /rhn/channels/manage/Manage.do HTTP/1.1" 200 47420
127.0.0.1 - - [20/Apr/2026:13:53:21 +0200] "GET /rhn/websocket/notifications HTTP/1.1" 101 -
172.16.3.5 - - [20/Apr/2026:13:53:21 +0200] "POST /rhn/manager/frontend-log HTTP/1.1" 200 16
172.16.3.5 - - [20/Apr/2026:13:53:21 +0200] "GET /rhn/channels/manage/Edit.do HTTP/1.1" 200 55035
::1 - - [20/Apr/2026:13:53:21 +0200] "GET /rhn/manager/login HTTP/1.1" 302 -
127.0.0.1 - - [20/Apr/2026:13:53:21 +0200] "GET /rhn/websocket/notifications HTTP/1.1" 101 -
172.16.3.5 - - [20/Apr/2026:13:53:21 +0200] "POST /rhn/manager/frontend-log HTTP/1.1" 200 16
172.16.3.5 - - [20/Apr/2026:13:53:32 +0200] "POST /rhn/channels/manage/Edit.do HTTP/1.1" 302 -
172.16.3.5 - - [20/Apr/2026:13:53:34 +0200] "GET /rhn/channels/manage/Edit.do?cid=128 HTTP/1.1" 200 55583
172.16.3.5 - - [20/Apr/2026:13:53:34 +0200] "POST /rhn/manager/frontend-log HTTP/1.1" 200 16
127.0.0.1 - - [20/Apr/2026:13:53:35 +0200] "GET /rhn/websocket/notifications HTTP/1.1" 101 -
172.16.3.5 - - [20/Apr/2026:13:53:35 +0200] "POST /rhn/manager/frontend-log HTTP/1.1" 200 16
172.16.3.5 - - [20/Apr/2026:13:53:35 +0200] "GET /rhn/channels/manage/Manage.do HTTP/1.1" 200 47907
127.0.0.1 - - [20/Apr/2026:13:53:36 +0200] "GET /rhn/websocket/notifications HTTP/1.1" 101 -
172.16.3.5 - - [20/Apr/2026:13:53:36 +0200] "POST /rhn/manager/frontend-log HTTP/1.1" 200 16
172.16.3.5 - - [20/Apr/2026:13:53:36 +0200] "GET /rhn/channels/manage/Edit.do HTTP/1.1" 200 55447
127.0.0.1 - - [20/Apr/2026:13:53:36 +0200] "GET /rhn/websocket/notifications HTTP/1.1" 101 -
172.16.3.5 - - [20/Apr/2026:13:53:36 +0200] "POST /rhn/manager/frontend-log HTTP/1.1" 200 16
172.16.3.5 - - [20/Apr/2026:13:53:37 +0200] "POST /rhn/channels/manage/Edit.do HTTP/1.1" 302 -
::1 - - [20/Apr/2026:13:53:38 +0200] "GET /rhn/manager/login HTTP/1.1" 302 -
172.16.3.5 - - [20/Apr/2026:13:53:38 +0200] "GET /rhn/channels/manage/Edit.do?cid=129 HTTP/1.1" 200 55778
172.16.3.5 - - [20/Apr/2026:13:53:38 +0200] "POST /rhn/manager/frontend-log HTTP/1.1" 200 16
172.16.3.5 - - [20/Apr/2026:13:53:38 +0200] "POST /rhn/manager/frontend-log HTTP/1.1" 200 16
127.0.0.1 - - [20/Apr/2026:13:53:38 +0200] "GET /rhn/websocket/notifications HTTP/1.1" 101 -
172.16.3.5 - - [20/Apr/2026:13:53:38 +0200] "GET /rhn/channels/manage/Manage.do HTTP/1.1" 200 48389
127.0.0.1 - - [20/Apr/2026:13:53:39 +0200] "GET /rhn/websocket/notifications HTTP/1.1" 101 -
172.16.3.5 - - [20/Apr/2026:13:53:39 +0200] "POST /rhn/manager/frontend-log HTTP/1.1" 200 16
172.16.3.5 - - [20/Apr/2026:13:53:39 +0200] "GET /rhn/channels/manage/Edit.do HTTP/1.1" 200 55668
172.16.3.5 - - [20/Apr/2026:13:53:39 +0200] "POST /rhn/manager/frontend-log HTTP/1.1" 200 16
127.0.0.1 - - [20/Apr/2026:13:53:40 +0200] "GET /rhn/websocket/notifications HTTP/1.1" 101 -
172.16.3.5 - - [20/Apr/2026:13:53:40 +0200] "POST /rhn/channels/manage/Edit.do HTTP/1.1" 302 -
172.16.3.5 - - [20/Apr/2026:13:53:41 +0200] "GET /rhn/channels/manage/Edit.do?cid=130 HTTP/1.1" 200 55962
172.16.3.5 - - [20/Apr/2026:13:53:41 +0200] "POST /rhn/manager/frontend-log HTTP/1.1" 200 16
127.0.0.1 - - [20/Apr/2026:13:53:41 +0200] "GET /rhn/websocket/notifications HTTP/1.1" 101 -
172.16.3.5 - - [20/Apr/2026:13:53:41 +0200] "POST /rhn/manager/frontend-log HTTP/1.1" 200 16
172.16.3.5 - - [20/Apr/2026:13:53:41 +0200] "POST /rhn/manager/frontend-log HTTP/1.1" 200 16
127.0.0.1 - - [20/Apr/2026:13:53:42 +0200] "GET /rhn/websocket/notifications HTTP/1.1" 101 -
172.16.3.5 - - [20/Apr/2026:13:53:42 +0200] "GET /rhn/manager/login HTTP/1.1" 302 -
172.16.3.5 - - [20/Apr/2026:13:53:42 +0200] "GET /rhn/YourRhn.do HTTP/1.1" 200 38967
127.0.0.1 - - [20/Apr/2026:13:53:43 +0200] "GET /rhn/websocket/notifications HTTP/1.1" 101 -
172.16.3.5 - - [20/Apr/2026:13:53:43 +0200] "POST /rhn/ajax/pending-actions HTTP/1.1" 200 636
172.16.3.5 - - [20/Apr/2026:13:53:43 +0200] "POST /rhn/ajax/subscription-warning HTTP/1.1" 200 -
172.16.3.5 - - [20/Apr/2026:13:53:43 +0200] "POST /rhn/ajax/critical-systems HTTP/1.1" 200 2026
172.16.3.5 - - [20/Apr/2026:13:53:43 +0200] "POST /rhn/manager/frontend-log HTTP/1.1" 200 16
172.16.3.5 - - [20/Apr/2026:13:53:43 +0200] "POST /rhn/ajax/disk-check-warning HTTP/1.1" 200 -
172.16.3.5 - - [20/Apr/2026:13:53:44 +0200] "POST /rhn/ajax/inactive-systems HTTP/1.1" 200 540
172.16.3.5 - - [20/Apr/2026:13:53:44 +0200] "POST /rhn/ajax/latest-errata HTTP/1.1" 200 539
172.16.3.5 - - [20/Apr/2026:13:53:44 +0200] "POST /rhn/ajax/systems-groups HTTP/1.1" 200 1491
172.16.3.5 - - [20/Apr/2026:13:53:44 +0200] "POST /rhn/ajax/recent-systems HTTP/1.1" 200 2059
172.16.3.5 - - [20/Apr/2026:13:53:44 +0200] "POST /rhn/ajax/tasks HTTP/1.1" 200 2232
172.16.3.5 - - [20/Apr/2026:13:53:44 +0200] "POST /rhn/manager/frontend-log HTTP/1.1" 200 16
172.16.3.5 - - [20/Apr/2026:13:53:44 +0200] "GET /rhn/channels/manage/repos/RepoList.do HTTP/1.1" 200 42222
172.16.3.5 - - [20/Apr/2026:13:53:45 +0200] "POST /rhn/manager/frontend-log HTTP/1.1" 200 16
127.0.0.1 - - [20/Apr/2026:13:53:45 +0200] "GET /rhn/websocket/notifications HTTP/1.1" 101 -
172.16.3.5 - - [20/Apr/2026:13:53:45 +0200] "GET /rhn/channels/manage/repos/RepoCreate.do HTTP/1.1" 200 41429
127.0.0.1 - - [20/Apr/2026:13:53:46 +0200] "GET /rhn/websocket/notifications HTTP/1.1" 101 -
172.16.3.5 - - [20/Apr/2026:13:53:46 +0200] "POST /rhn/manager/frontend-log HTTP/1.1" 200 16
172.16.3.5 - - [20/Apr/2026:13:53:46 +0200] "POST /rhn/channels/manage/repos/RepoCreate.do HTTP/1.1" 302 -
172.16.3.5 - - [20/Apr/2026:13:53:46 +0200] "GET /rhn/channels/manage/repos/RepoEdit.do?id=520 HTTP/1.1" 200 42077
172.16.3.5 - - [20/Apr/2026:13:53:46 +0200] "POST /rhn/manager/frontend-log HTTP/1.1" 200 16
127.0.0.1 - - [20/Apr/2026:13:53:47 +0200] "GET /rhn/websocket/notifications HTTP/1.1" 101 -
172.16.3.5 - - [20/Apr/2026:13:53:47 +0200] "POST /rhn/manager/frontend-log HTTP/1.1" 200 16
172.16.3.5 - - [20/Apr/2026:13:53:47 +0200] "GET /rhn/channels/manage/repos/RepoList.do HTTP/1.1" 200 42583
172.16.3.5 - - [20/Apr/2026:13:53:47 +0200] "POST /rhn/manager/frontend-log HTTP/1.1" 200 16
127.0.0.1 - - [20/Apr/2026:13:53:47 +0200] "GET /rhn/websocket/notifications HTTP/1.1" 101 -
172.16.3.5 - - [20/Apr/2026:13:53:48 +0200] "GET /rhn/channels/manage/repos/RepoEdit.do?id=520 HTTP/1.1" 200 41986
172.16.3.5 - - [20/Apr/2026:13:53:48 +0200] "POST /rhn/manager/frontend-log HTTP/1.1" 200 16
127.0.0.1 - - [20/Apr/2026:13:53:48 +0200] "GET /rhn/websocket/notifications HTTP/1.1" 101 -
::1 - - [20/Apr/2026:13:53:53 +0200] "GET /rhn/manager/login HTTP/1.1" 302 -
172.16.3.5 - - [20/Apr/2026:13:53:58 +0200] "POST /rhn/channels/manage/repos/RepoEdit.do HTTP/1.1" 302 -
172.16.3.5 - - [20/Apr/2026:13:53:59 +0200] "GET /rhn/channels/manage/repos/RepoEdit.do?id=520 HTTP/1.1" 200 42059
172.16.3.5 - - [20/Apr/2026:13:54:00 +0200] "POST /rhn/manager/frontend-log HTTP/1.1" 200 16
172.16.3.5 - - [20/Apr/2026:13:54:00 +0200] "POST /rhn/manager/frontend-log HTTP/1.1" 200 16
127.0.0.1 - - [20/Apr/2026:13:54:00 +0200] "GET /rhn/websocket/notifications HTTP/1.1" 101 -
172.16.3.5 - - [20/Apr/2026:13:54:00 +0200] "GET /rhn/channels/manage/repos/RepoList.do HTTP/1.1" 200 42583
127.0.0.1 - - [20/Apr/2026:13:54:01 +0200] "GET /rhn/websocket/notifications HTTP/1.1" 101 -
172.16.3.5 - - [20/Apr/2026:13:54:01 +0200] "POST /rhn/manager/frontend-log HTTP/1.1" 200 16
172.16.3.5 - - [20/Apr/2026:13:54:01 +0200] "GET /rhn/channels/manage/repos/RepoCreate.do HTTP/1.1" 200 41429
127.0.0.1 - - [20/Apr/2026:13:54:02 +0200] "GET /rhn/websocket/notifications HTTP/1.1" 101 -
172.16.3.5 - - [20/Apr/2026:13:54:02 +0200] "POST /rhn/manager/frontend-log HTTP/1.1" 200 16
172.16.3.5 - - [20/Apr/2026:13:54:02 +0200] "POST /rhn/channels/manage/repos/RepoCreate.do HTTP/1.1" 302 -
172.16.3.5 - - [20/Apr/2026:13:54:02 +0200] "GET /rhn/channels/manage/repos/RepoEdit.do?id=521 HTTP/1.1" 200 42088
172.16.3.5 - - [20/Apr/2026:13:54:03 +0200] "POST /rhn/manager/frontend-log HTTP/1.1" 200 16
127.0.0.1 - - [20/Apr/2026:13:54:03 +0200] "GET /rhn/websocket/notifications HTTP/1.1" 101 -
172.16.3.5 - - [20/Apr/2026:13:54:03 +0200] "POST /rhn/manager/frontend-log HTTP/1.1" 200 16
172.16.3.5 - - [20/Apr/2026:13:54:03 +0200] "GET /rhn/channels/manage/repos/RepoList.do HTTP/1.1" 200 42949
172.16.3.5 - - [20/Apr/2026:13:54:03 +0200] "POST /rhn/manager/frontend-log HTTP/1.1" 200 16
127.0.0.1 - - [20/Apr/2026:13:54:03 +0200] "GET /rhn/websocket/notifications HTTP/1.1" 101 -
172.16.3.5 - - [20/Apr/2026:13:54:04 +0200] "GET /rhn/channels/manage/repos/RepoEdit.do?id=521 HTTP/1.1" 200 41997
127.0.0.1 - - [20/Apr/2026:13:54:04 +0200] "GET /rhn/websocket/notifications HTTP/1.1" 101 -
172.16.3.5 - - [20/Apr/2026:13:54:04 +0200] "POST /rhn/manager/frontend-log HTTP/1.1" 200 16
::1 - - [20/Apr/2026:13:54:09 +0200] "GET /rhn/manager/login HTTP/1.1" 302 -
172.16.3.5 - - [20/Apr/2026:13:54:14 +0200] "POST /rhn/channels/manage/repos/RepoEdit.do HTTP/1.1" 302 -
172.16.3.5 - - [20/Apr/2026:13:54:14 +0200] "GET /rhn/channels/manage/repos/RepoEdit.do?id=521 HTTP/1.1" 200 42070
172.16.3.5 - - [20/Apr/2026:13:54:15 +0200] "POST /rhn/manager/frontend-log HTTP/1.1" 200 16
127.0.0.1 - - [20/Apr/2026:13:54:15 +0200] "GET /rhn/websocket/notifications HTTP/1.1" 101 -
172.16.3.5 - - [20/Apr/2026:13:54:15 +0200] "POST /rhn/manager/frontend-log HTTP/1.1" 200 16
172.16.3.5 - - [20/Apr/2026:13:54:15 +0200] "GET /rhn/channels/manage/Manage.do HTTP/1.1" 200 48874
127.0.0.1 - - [20/Apr/2026:13:54:15 +0200] "GET /rhn/websocket/notifications HTTP/1.1" 101 -
172.16.3.5 - - [20/Apr/2026:13:54:16 +0200] "POST /rhn/manager/frontend-log HTTP/1.1" 200 16
172.16.3.5 - - [20/Apr/2026:13:54:16 +0200] "GET /rhn/channels/manage/Edit.do?cid=123 HTTP/1.1" 200 55846
127.0.0.1 - - [20/Apr/2026:13:54:16 +0200] "GET /rhn/websocket/notifications HTTP/1.1" 101 -
172.16.3.5 - - [20/Apr/2026:13:54:17 +0200] "POST /rhn/manager/frontend-log HTTP/1.1" 200 16
172.16.3.5 - - [20/Apr/2026:13:54:17 +0200] "POST /rhn/channels/manage/Edit.do HTTP/1.1" 302 -
172.16.3.5 - - [20/Apr/2026:13:54:18 +0200] "GET /rhn/channels/manage/Edit.do?cid=123 HTTP/1.1" 200 56020
172.16.3.5 - - [20/Apr/2026:13:54:18 +0200] "POST /rhn/manager/frontend-log HTTP/1.1" 200 16
127.0.0.1 - - [20/Apr/2026:13:54:18 +0200] "GET /rhn/websocket/notifications HTTP/1.1" 101 -
172.16.3.5 - - [20/Apr/2026:13:54:18 +0200] "POST /rhn/manager/frontend-log HTTP/1.1" 200 16
172.16.3.5 - - [20/Apr/2026:13:54:19 +0200] "GET /rhn/channels/manage/Repositories.do?cid=123 HTTP/1.1" 200 46789
172.16.3.5 - - [20/Apr/2026:13:54:19 +0200] "POST /rhn/manager/frontend-log HTTP/1.1" 200 16
172.16.3.5 - - [20/Apr/2026:13:54:19 +0200] "POST /rhn/ajax/item-selector HTTP/1.1" 200 35
127.0.0.1 - - [20/Apr/2026:13:54:19 +0200] "GET /rhn/websocket/notifications HTTP/1.1" 101 -
172.16.3.5 - - [20/Apr/2026:13:54:19 +0200] "POST /rhn/channels/manage/Repositories.do?cid=123 HTTP/1.1" 302 -
172.16.3.5 - - [20/Apr/2026:13:54:20 +0200] "GET /rhn/channels/manage/Repositories.do?cid=123 HTTP/1.1" 200 47345
172.16.3.5 - - [20/Apr/2026:13:54:21 +0200] "POST /rhn/manager/frontend-log HTTP/1.1" 200 16
127.0.0.1 - - [20/Apr/2026:13:54:22 +0200] "GET /rhn/websocket/notifications HTTP/1.1" 101 -
172.16.3.5 - - [20/Apr/2026:13:54:22 +0200] "GET /rhn/channels/manage/Manage.do HTTP/1.1" 200 48874
127.0.0.1 - - [20/Apr/2026:13:54:22 +0200] "GET /rhn/websocket/notifications HTTP/1.1" 101 -
172.16.3.5 - - [20/Apr/2026:13:54:22 +0200] "POST /rhn/manager/frontend-log HTTP/1.1" 200 16
172.16.3.5 - - [20/Apr/2026:13:54:23 +0200] "GET /rhn/channels/manage/Edit.do?cid=127 HTTP/1.1" 200 55868
127.0.0.1 - - [20/Apr/2026:13:54:23 +0200] "GET /rhn/websocket/notifications HTTP/1.1" 101 -
172.16.3.5 - - [20/Apr/2026:13:54:23 +0200] "POST /rhn/manager/frontend-log HTTP/1.1" 200 16
172.16.3.5 - - [20/Apr/2026:13:54:23 +0200] "POST /rhn/channels/manage/Edit.do HTTP/1.1" 302 -
172.16.3.5 - - [20/Apr/2026:13:54:24 +0200] "GET /rhn/channels/manage/Edit.do?cid=127 HTTP/1.1" 200 56046
172.16.3.5 - - [20/Apr/2026:13:54:24 +0200] "POST /rhn/manager/frontend-log HTTP/1.1" 200 16
127.0.0.1 - - [20/Apr/2026:13:54:24 +0200] "GET /rhn/websocket/notifications HTTP/1.1" 101 -
172.16.3.5 - - [20/Apr/2026:13:54:24 +0200] "POST /rhn/manager/frontend-log HTTP/1.1" 200 16
172.16.3.5 - - [20/Apr/2026:13:54:25 +0200] "GET /rhn/channels/manage/Repositories.do?cid=127 HTTP/1.1" 200 46793
::1 - - [20/Apr/2026:13:54:25 +0200] "GET /rhn/manager/login HTTP/1.1" 302 -
127.0.0.1 - - [20/Apr/2026:13:54:25 +0200] "GET /rhn/websocket/notifications HTTP/1.1" 101 -
172.16.3.5 - - [20/Apr/2026:13:54:25 +0200] "POST /rhn/manager/frontend-log HTTP/1.1" 200 16
172.16.3.5 - - [20/Apr/2026:13:54:25 +0200] "POST /rhn/ajax/item-selector HTTP/1.1" 200 35
172.16.3.5 - - [20/Apr/2026:13:54:25 +0200] "POST /rhn/channels/manage/Repositories.do?cid=127 HTTP/1.1" 302 -
172.16.3.5 - - [20/Apr/2026:13:54:26 +0200] "GET /rhn/channels/manage/Repositories.do?cid=127 HTTP/1.1" 200 47353
172.16.3.5 - - [20/Apr/2026:13:54:26 +0200] "POST /rhn/manager/frontend-log HTTP/1.1" 200 16
127.0.0.1 - - [20/Apr/2026:13:54:26 +0200] "GET /rhn/websocket/notifications HTTP/1.1" 101 -
172.16.3.5 - - [20/Apr/2026:13:54:26 +0200] "GET /rhn/channels/manage/Manage.do HTTP/1.1" 200 48874
127.0.0.1 - - [20/Apr/2026:13:54:27 +0200] "GET /rhn/websocket/notifications HTTP/1.1" 101 -
172.16.3.5 - - [20/Apr/2026:13:54:27 +0200] "POST /rhn/manager/frontend-log HTTP/1.1" 200 16
172.16.3.5 - - [20/Apr/2026:13:54:27 +0200] "GET /rhn/channels/manage/Edit.do?cid=129 HTTP/1.1" 200 55824
127.0.0.1 - - [20/Apr/2026:13:54:27 +0200] "GET /rhn/websocket/notifications HTTP/1.1" 101 -
172.16.3.5 - - [20/Apr/2026:13:54:28 +0200] "POST /rhn/manager/frontend-log HTTP/1.1" 200 16
172.16.3.5 - - [20/Apr/2026:13:54:28 +0200] "POST /rhn/channels/manage/Edit.do HTTP/1.1" 302 -
172.16.3.5 - - [20/Apr/2026:13:54:28 +0200] "GET /rhn/channels/manage/Edit.do?cid=129 HTTP/1.1" 200 56002
172.16.3.5 - - [20/Apr/2026:13:54:29 +0200] "POST /rhn/manager/frontend-log HTTP/1.1" 200 16
172.16.3.5 - - [20/Apr/2026:13:54:29 +0200] "POST /rhn/manager/frontend-log HTTP/1.1" 200 16
127.0.0.1 - - [20/Apr/2026:13:54:29 +0200] "GET /rhn/websocket/notifications HTTP/1.1" 101 -
172.16.3.5 - - [20/Apr/2026:13:54:29 +0200] "GET /rhn/channels/manage/Repositories.do?cid=129 HTTP/1.1" 200 46793
172.16.3.5 - - [20/Apr/2026:13:54:30 +0200] "POST /rhn/ajax/item-selector HTTP/1.1" 200 35
127.0.0.1 - - [20/Apr/2026:13:54:30 +0200] "GET /rhn/websocket/notifications HTTP/1.1" 101 -
172.16.3.5 - - [20/Apr/2026:13:54:30 +0200] "POST /rhn/manager/frontend-log HTTP/1.1" 200 16
172.16.3.5 - - [20/Apr/2026:13:54:30 +0200] "POST /rhn/channels/manage/Repositories.do?cid=129 HTTP/1.1" 302 -
172.16.3.5 - - [20/Apr/2026:13:54:30 +0200] "GET /rhn/channels/manage/Repositories.do?cid=129 HTTP/1.1" 200 47353
127.0.0.1 - - [20/Apr/2026:13:54:31 +0200] "GET /rhn/websocket/notifications HTTP/1.1" 101 -
172.16.3.5 - - [20/Apr/2026:13:54:31 +0200] "POST /rhn/manager/frontend-log HTTP/1.1" 200 16
172.16.3.5 - - [20/Apr/2026:13:54:31 +0200] "GET /rhn/channels/manage/Manage.do HTTP/1.1" 200 48874
127.0.0.1 - - [20/Apr/2026:13:54:32 +0200] "GET /rhn/websocket/notifications HTTP/1.1" 101 -
172.16.3.5 - - [20/Apr/2026:13:54:32 +0200] "POST /rhn/manager/frontend-log HTTP/1.1" 200 16
172.16.3.5 - - [20/Apr/2026:13:54:32 +0200] "GET /rhn/channels/manage/Edit.do?cid=130 HTTP/1.1" 200 55841
127.0.0.1 - - [20/Apr/2026:13:54:33 +0200] "GET /rhn/websocket/notifications HTTP/1.1" 101 -
172.16.3.5 - - [20/Apr/2026:13:54:33 +0200] "POST /rhn/manager/frontend-log HTTP/1.1" 200 16
172.16.3.5 - - [20/Apr/2026:13:54:33 +0200] "POST /rhn/channels/manage/Edit.do HTTP/1.1" 302 -
172.16.3.5 - - [20/Apr/2026:13:54:34 +0200] "GET /rhn/channels/manage/Edit.do?cid=130 HTTP/1.1" 200 56021
127.0.0.1 - - [20/Apr/2026:13:54:34 +0200] "GET /rhn/websocket/notifications HTTP/1.1" 101 -
172.16.3.5 - - [20/Apr/2026:13:54:34 +0200] "POST /rhn/manager/frontend-log HTTP/1.1" 200 16
172.16.3.5 - - [20/Apr/2026:13:54:35 +0200] "GET /rhn/channels/manage/Repositories.do?cid=130 HTTP/1.1" 200 46795
172.16.3.5 - - [20/Apr/2026:13:54:35 +0200] "POST /rhn/manager/frontend-log HTTP/1.1" 200 16
127.0.0.1 - - [20/Apr/2026:13:54:36 +0200] "GET /rhn/websocket/notifications HTTP/1.1" 101 -
172.16.3.5 - - [20/Apr/2026:13:54:36 +0200] "POST /rhn/manager/frontend-log HTTP/1.1" 200 16
172.16.3.5 - - [20/Apr/2026:13:54:36 +0200] "POST /rhn/ajax/item-selector HTTP/1.1" 200 35
172.16.3.5 - - [20/Apr/2026:13:54:36 +0200] "POST /rhn/channels/manage/Repositories.do?cid=130 HTTP/1.1" 302 -
172.16.3.5 - - [20/Apr/2026:13:54:37 +0200] "GET /rhn/channels/manage/Repositories.do?cid=130 HTTP/1.1" 200 47357
127.0.0.1 - - [20/Apr/2026:13:54:38 +0200] "GET /rhn/websocket/notifications HTTP/1.1" 101 -
172.16.3.5 - - [20/Apr/2026:13:54:38 +0200] "POST /rhn/manager/frontend-log HTTP/1.1" 200 16
172.16.3.5 - - [20/Apr/2026:13:54:39 +0200] "GET /rhn/channels/manage/repos/RepoList.do HTTP/1.1" 200 42949
172.16.3.5 - - [20/Apr/2026:13:54:39 +0200] "POST /rhn/manager/frontend-log HTTP/1.1" 200 16
127.0.0.1 - - [20/Apr/2026:13:54:39 +0200] "GET /rhn/websocket/notifications HTTP/1.1" 101 -
172.16.3.5 - - [20/Apr/2026:13:54:39 +0200] "GET /rhn/channels/manage/repos/RepoCreate.do HTTP/1.1" 200 41429
172.16.3.5 - - [20/Apr/2026:13:54:40 +0200] "POST /rhn/manager/frontend-log HTTP/1.1" 200 16
127.0.0.1 - - [20/Apr/2026:13:54:40 +0200] "GET /rhn/websocket/notifications HTTP/1.1" 101 -
::1 - - [20/Apr/2026:13:54:42 +0200] "GET /rhn/manager/login HTTP/1.1" 302 -
172.16.3.5 - - [20/Apr/2026:13:54:50 +0200] "POST /rhn/channels/manage/repos/RepoCreate.do HTTP/1.1" 302 -
172.16.3.5 - - [20/Apr/2026:13:54:51 +0200] "GET /rhn/channels/manage/repos/RepoEdit.do?id=522 HTTP/1.1" 200 42067
172.16.3.5 - - [20/Apr/2026:13:54:51 +0200] "POST /rhn/manager/frontend-log HTTP/1.1" 200 16
172.16.3.5 - - [20/Apr/2026:13:54:51 +0200] "POST /rhn/manager/frontend-log HTTP/1.1" 200 16
127.0.0.1 - - [20/Apr/2026:13:54:51 +0200] "GET /rhn/websocket/notifications HTTP/1.1" 101 -
172.16.3.5 - - [20/Apr/2026:13:54:51 +0200] "GET /rhn/channels/manage/Manage.do HTTP/1.1" 200 48874
172.16.3.5 - - [20/Apr/2026:13:54:52 +0200] "POST /rhn/manager/frontend-log HTTP/1.1" 200 16
127.0.0.1 - - [20/Apr/2026:13:54:52 +0200] "GET /rhn/websocket/notifications HTTP/1.1" 101 -
172.16.3.5 - - [20/Apr/2026:13:54:52 +0200] "GET /rhn/channels/manage/Edit.do?cid=125 HTTP/1.1" 200 55834
172.16.3.5 - - [20/Apr/2026:13:54:52 +0200] "POST /rhn/manager/frontend-log HTTP/1.1" 200 16
127.0.0.1 - - [20/Apr/2026:13:54:52 +0200] "GET /rhn/websocket/notifications HTTP/1.1" 101 -
172.16.3.5 - - [20/Apr/2026:13:54:53 +0200] "POST /rhn/channels/manage/Edit.do HTTP/1.1" 302 -
172.16.3.5 - - [20/Apr/2026:13:54:53 +0200] "GET /rhn/channels/manage/Edit.do?cid=125 HTTP/1.1" 200 56010
172.16.3.5 - - [20/Apr/2026:13:54:54 +0200] "POST /rhn/manager/frontend-log HTTP/1.1" 200 16
172.16.3.5 - - [20/Apr/2026:13:54:54 +0200] "POST /rhn/manager/frontend-log HTTP/1.1" 200 16
172.16.3.5 - - [20/Apr/2026:13:54:54 +0200] "GET /rhn/channels/manage/Repositories.do?cid=125 HTTP/1.1" 200 47461
172.16.3.5 - - [20/Apr/2026:13:54:55 +0200] "POST /rhn/manager/frontend-log HTTP/1.1" 200 16
127.0.0.1 - - [20/Apr/2026:13:54:55 +0200] "GET /rhn/websocket/notifications HTTP/1.1" 101 -
172.16.3.5 - - [20/Apr/2026:13:54:55 +0200] "POST /rhn/ajax/item-selector HTTP/1.1" 200 35
172.16.3.5 - - [20/Apr/2026:13:54:55 +0200] "POST /rhn/channels/manage/Repositories.do?cid=125 HTTP/1.1" 302 -
172.16.3.5 - - [20/Apr/2026:13:54:56 +0200] "GET /rhn/channels/manage/Repositories.do?cid=125 HTTP/1.1" 200 48019
127.0.0.1 - - [20/Apr/2026:13:54:56 +0200] "GET /rhn/websocket/notifications HTTP/1.1" 101 -
172.16.3.5 - - [20/Apr/2026:13:54:56 +0200] "POST /rhn/manager/frontend-log HTTP/1.1" 200 16
172.16.3.5 - - [20/Apr/2026:13:54:57 +0200] "GET /rhn/channels/manage/Manage.do HTTP/1.1" 200 48874
127.0.0.1 - - [20/Apr/2026:13:54:58 +0200] "GET /rhn/websocket/notifications HTTP/1.1" 101 -
172.16.3.5 - - [20/Apr/2026:13:54:58 +0200] "POST /rhn/manager/frontend-log HTTP/1.1" 200 16
172.16.3.5 - - [20/Apr/2026:13:54:58 +0200] "GET /rhn/channels/manage/Edit.do?cid=122 HTTP/1.1" 200 55858
::1 - - [20/Apr/2026:13:54:58 +0200] "GET /rhn/manager/login HTTP/1.1" 302 -
127.0.0.1 - - [20/Apr/2026:13:54:58 +0200] "GET /rhn/websocket/notifications HTTP/1.1" 101 -
172.16.3.5 - - [20/Apr/2026:13:54:59 +0200] "POST /rhn/manager/frontend-log HTTP/1.1" 200 16
172.16.3.5 - - [20/Apr/2026:13:54:59 +0200] "GET /rhn/channels/manage/Repositories.do?cid=122 HTTP/1.1" 200 47466
172.16.3.5 - - [20/Apr/2026:13:54:59 +0200] "POST /rhn/manager/frontend-log HTTP/1.1" 200 16
172.16.3.5 - - [20/Apr/2026:13:54:59 +0200] "POST /rhn/ajax/item-selector HTTP/1.1" 200 35
127.0.0.1 - - [20/Apr/2026:13:55:00 +0200] "GET /rhn/websocket/notifications HTTP/1.1" 101 -
172.16.3.5 - - [20/Apr/2026:13:55:00 +0200] "POST /rhn/channels/manage/Repositories.do?cid=122 HTTP/1.1" 302 -
172.16.3.5 - - [20/Apr/2026:13:55:00 +0200] "GET /rhn/channels/manage/Repositories.do?cid=122 HTTP/1.1" 200 48029
127.0.0.1 - - [20/Apr/2026:13:55:01 +0200] "GET /rhn/websocket/notifications HTTP/1.1" 101 -
172.16.3.5 - - [20/Apr/2026:13:55:01 +0200] "POST /rhn/manager/frontend-log HTTP/1.1" 200 16
172.16.3.5 - - [20/Apr/2026:13:55:01 +0200] "GET /rhn/channels/manage/repos/RepoList.do HTTP/1.1" 200 43311
172.16.3.5 - - [20/Apr/2026:13:55:02 +0200] "POST /rhn/manager/frontend-log HTTP/1.1" 200 16
127.0.0.1 - - [20/Apr/2026:13:55:02 +0200] "GET /rhn/websocket/notifications HTTP/1.1" 101 -
172.16.3.5 - - [20/Apr/2026:13:55:02 +0200] "GET /rhn/channels/manage/repos/RepoCreate.do HTTP/1.1" 200 41429
127.0.0.1 - - [20/Apr/2026:13:55:02 +0200] "GET /rhn/websocket/notifications HTTP/1.1" 101 -
172.16.3.5 - - [20/Apr/2026:13:55:03 +0200] "POST /rhn/manager/frontend-log HTTP/1.1" 200 16
172.16.3.5 - - [20/Apr/2026:13:55:03 +0200] "POST /rhn/channels/manage/repos/RepoCreate.do HTTP/1.1" 302 -
172.16.3.5 - - [20/Apr/2026:13:55:03 +0200] "GET /rhn/channels/manage/repos/RepoEdit.do?id=523 HTTP/1.1" 200 42083
172.16.3.5 - - [20/Apr/2026:13:55:04 +0200] "POST /rhn/manager/frontend-log HTTP/1.1" 200 16
172.16.3.5 - - [20/Apr/2026:13:55:04 +0200] "POST /rhn/manager/frontend-log HTTP/1.1" 200 16
127.0.0.1 - - [20/Apr/2026:13:55:04 +0200] "GET /rhn/websocket/notifications HTTP/1.1" 101 -
172.16.3.5 - - [20/Apr/2026:13:55:04 +0200] "GET /rhn/channels/manage/Manage.do HTTP/1.1" 200 48874
172.16.3.5 - - [20/Apr/2026:13:55:04 +0200] "POST /rhn/manager/frontend-log HTTP/1.1" 200 16
127.0.0.1 - - [20/Apr/2026:13:55:04 +0200] "GET /rhn/websocket/notifications HTTP/1.1" 101 -
172.16.3.5 - - [20/Apr/2026:13:55:05 +0200] "GET /rhn/channels/manage/Edit.do?cid=128 HTTP/1.1" 200 55790
127.0.0.1 - - [20/Apr/2026:13:55:05 +0200] "GET /rhn/websocket/notifications HTTP/1.1" 101 -
172.16.3.5 - - [20/Apr/2026:13:55:05 +0200] "POST /rhn/manager/frontend-log HTTP/1.1" 200 16
172.16.3.5 - - [20/Apr/2026:13:55:05 +0200] "GET /rhn/channels/manage/Repositories.do?cid=128 HTTP/1.1" 200 48138
172.16.3.5 - - [20/Apr/2026:13:55:06 +0200] "POST /rhn/manager/frontend-log HTTP/1.1" 200 16
127.0.0.1 - - [20/Apr/2026:13:55:06 +0200] "GET /rhn/websocket/notifications HTTP/1.1" 101 -
172.16.3.5 - - [20/Apr/2026:13:55:06 +0200] "POST /rhn/ajax/item-selector HTTP/1.1" 200 35
172.16.3.5 - - [20/Apr/2026:13:55:06 +0200] "POST /rhn/channels/manage/Repositories.do?cid=128 HTTP/1.1" 302 -
172.16.3.5 - - [20/Apr/2026:13:55:07 +0200] "GET /rhn/channels/manage/Repositories.do?cid=128 HTTP/1.1" 200 48702
172.16.3.5 - - [20/Apr/2026:13:55:07 +0200] "POST /rhn/manager/frontend-log HTTP/1.1" 200 16
127.0.0.1 - - [20/Apr/2026:13:55:07 +0200] "GET /rhn/websocket/notifications HTTP/1.1" 101 -
172.16.3.5 - - [20/Apr/2026:13:55:07 +0200] "GET /rhn/manager/login HTTP/1.1" 302 -
172.16.3.5 - - [20/Apr/2026:13:55:08 +0200] "GET /rhn/YourRhn.do HTTP/1.1" 200 38967
172.16.3.5 - - [20/Apr/2026:13:55:09 +0200] "POST /rhn/ajax/inactive-systems HTTP/1.1" 200 540
127.0.0.1 - - [20/Apr/2026:13:55:09 +0200] "GET /rhn/websocket/notifications HTTP/1.1" 101 -
172.16.3.5 - - [20/Apr/2026:13:55:09 +0200] "POST /rhn/manager/frontend-log HTTP/1.1" 200 16
172.16.3.5 - - [20/Apr/2026:13:55:09 +0200] "POST /rhn/ajax/disk-check-warning HTTP/1.1" 200 -
172.16.3.5 - - [20/Apr/2026:13:55:09 +0200] "POST /rhn/ajax/pending-actions HTTP/1.1" 200 636
172.16.3.5 - - [20/Apr/2026:13:55:09 +0200] "POST /rhn/ajax/subscription-warning HTTP/1.1" 200 -
172.16.3.5 - - [20/Apr/2026:13:55:09 +0200] "POST /rhn/ajax/critical-systems HTTP/1.1" 200 2026
172.16.3.5 - - [20/Apr/2026:13:55:09 +0200] "POST /rhn/ajax/tasks HTTP/1.1" 200 2232
172.16.3.5 - - [20/Apr/2026:13:55:09 +0200] "POST /rhn/ajax/recent-systems HTTP/1.1" 200 2059
172.16.3.5 - - [20/Apr/2026:13:55:09 +0200] "POST /rhn/manager/frontend-log HTTP/1.1" 200 16
172.16.3.5 - - [20/Apr/2026:13:55:09 +0200] "POST /rhn/ajax/systems-groups HTTP/1.1" 200 1491
172.16.3.5 - - [20/Apr/2026:13:55:10 +0200] "GET /rhn/channels/manage/Manage.do HTTP/1.1" 200 48874
172.16.3.5 - - [20/Apr/2026:13:55:11 +0200] "POST /rhn/manager/frontend-log HTTP/1.1" 200 16
127.0.0.1 - - [20/Apr/2026:13:55:11 +0200] "GET /rhn/websocket/notifications HTTP/1.1" 101 -
172.16.3.5 - - [20/Apr/2026:13:55:11 +0200] "GET /rhn/channels/manage/Edit.do HTTP/1.1" 200 55891
172.16.3.5 - - [20/Apr/2026:13:55:11 +0200] "POST /rhn/ajax/latest-errata HTTP/1.1" 200 539
127.0.0.1 - - [20/Apr/2026:13:55:11 +0200] "GET /rhn/websocket/notifications HTTP/1.1" 101 -
172.16.3.5 - - [20/Apr/2026:13:55:11 +0200] "POST /rhn/manager/frontend-log HTTP/1.1" 200 16
172.16.3.5 - - [20/Apr/2026:13:55:12 +0200] "POST /rhn/channels/manage/Edit.do HTTP/1.1" 302 -
172.16.3.5 - - [20/Apr/2026:13:55:13 +0200] "GET /rhn/channels/manage/Edit.do?cid=131 HTTP/1.1" 200 55951
172.16.3.5 - - [20/Apr/2026:13:55:13 +0200] "POST /rhn/manager/frontend-log HTTP/1.1" 200 16
127.0.0.1 - - [20/Apr/2026:13:55:13 +0200] "GET /rhn/websocket/notifications HTTP/1.1" 101 -
172.16.3.5 - - [20/Apr/2026:13:55:13 +0200] "POST /rhn/manager/frontend-log HTTP/1.1" 200 16
127.0.0.1 - - [20/Apr/2026:13:55:14 +0200] "GET /rhn/websocket/notifications HTTP/1.1" 101 -
::1 - - [20/Apr/2026:13:55:14 +0200] "GET /rhn/manager/login HTTP/1.1" 302 -
172.16.3.5 - - [20/Apr/2026:13:55:18 +0200] "POST /rhn/manager/api/auth/login HTTP/1.1" 200 16
172.16.3.5 - - [20/Apr/2026:13:55:18 +0200] "GET /rhn/manager/api/channel/software/listUserRepos HTTP/1.1" 200 1435
172.16.3.5 - - [20/Apr/2026:13:55:19 +0200] "GET /rhn/manager/api/auth/logout HTTP/1.1" 200 16
172.16.3.5 - - [20/Apr/2026:13:55:19 +0200] "POST /rhn/manager/api/auth/login HTTP/1.1" 200 16
172.16.3.5 - - [20/Apr/2026:13:55:20 +0200] "POST /rhn/manager/api/channel/software/createRepo HTTP/1.1" 200 314
172.16.3.5 - - [20/Apr/2026:13:55:20 +0200] "GET /rhn/manager/api/auth/logout HTTP/1.1" 200 16
172.16.3.5 - - [20/Apr/2026:13:55:20 +0200] "POST /rhn/manager/api/auth/login HTTP/1.1" 200 16
172.16.3.5 - - [20/Apr/2026:13:55:21 +0200] "POST /rhn/manager/api/channel/software/associateRepo HTTP/1.1" 200 895
172.16.3.5 - - [20/Apr/2026:13:55:21 +0200] "GET /rhn/manager/api/auth/logout HTTP/1.1" 200 16
172.16.3.5 - - [20/Apr/2026:13:55:22 +0200] "POST /rhn/manager/api/auth/login HTTP/1.1" 200 16
172.16.3.5 - - [20/Apr/2026:13:55:22 +0200] "GET /rhn/manager/api/channel/software/listUserRepos HTTP/1.1" 200 1662
172.16.3.5 - - [20/Apr/2026:13:55:22 +0200] "GET /rhn/manager/api/auth/logout HTTP/1.1" 200 16
172.16.3.5 - - [20/Apr/2026:13:55:22 +0200] "POST /rhn/manager/api/auth/login HTTP/1.1" 200 16
172.16.3.5 - - [20/Apr/2026:13:55:23 +0200] "POST /rhn/manager/api/channel/software/createRepo HTTP/1.1" 200 276
172.16.3.5 - - [20/Apr/2026:13:55:23 +0200] "GET /rhn/manager/api/auth/logout HTTP/1.1" 200 16
172.16.3.5 - - [20/Apr/2026:13:55:24 +0200] "POST /rhn/manager/api/auth/login HTTP/1.1" 200 16
172.16.3.5 - - [20/Apr/2026:13:55:24 +0200] "POST /rhn/manager/api/channel/software/associateRepo HTTP/1.1" 200 1146
172.16.3.5 - - [20/Apr/2026:13:55:24 +0200] "GET /rhn/manager/api/auth/logout HTTP/1.1" 200 16
172.16.3.5 - - [20/Apr/2026:13:55:25 +0200] "GET /rhn/channels/manage/Manage.do HTTP/1.1" 200 49505
127.0.0.1 - - [20/Apr/2026:13:55:26 +0200] "GET /rhn/websocket/notifications HTTP/1.1" 101 -
172.16.3.5 - - [20/Apr/2026:13:55:26 +0200] "POST /rhn/manager/frontend-log HTTP/1.1" 200 16
172.16.3.5 - - [20/Apr/2026:13:55:27 +0200] "GET /rhn/channels/manage/Edit.do HTTP/1.1" 200 55891
127.0.0.1 - - [20/Apr/2026:13:55:27 +0200] "GET /rhn/websocket/notifications HTTP/1.1" 101 -
172.16.3.5 - - [20/Apr/2026:13:55:27 +0200] "POST /rhn/manager/frontend-log HTTP/1.1" 200 16
172.16.3.5 - - [20/Apr/2026:13:55:28 +0200] "POST /rhn/channels/manage/Edit.do HTTP/1.1" 302 -
172.16.3.5 - - [20/Apr/2026:13:55:28 +0200] "GET /rhn/channels/manage/Edit.do?cid=132 HTTP/1.1" 200 55997
172.16.3.5 - - [20/Apr/2026:13:55:29 +0200] "POST /rhn/manager/frontend-log HTTP/1.1" 200 16
127.0.0.1 - - [20/Apr/2026:13:55:29 +0200] "GET /rhn/websocket/notifications HTTP/1.1" 101 -
172.16.3.5 - - [20/Apr/2026:13:55:29 +0200] "POST /rhn/manager/frontend-log HTTP/1.1" 200 16
127.0.0.1 - - [20/Apr/2026:13:55:29 +0200] "GET /rhn/websocket/notifications HTTP/1.1" 101 -
::1 - - [20/Apr/2026:13:55:30 +0200] "GET /rhn/manager/login HTTP/1.1" 302 -
172.16.3.5 - - [20/Apr/2026:13:55:32 +0200] "POST /rhn/manager/api/auth/login HTTP/1.1" 200 16
172.16.3.5 - - [20/Apr/2026:13:55:32 +0200] "GET /rhn/manager/api/channel/software/listUserRepos HTTP/1.1" 200 1851
172.16.3.5 - - [20/Apr/2026:13:55:32 +0200] "GET /rhn/manager/api/auth/logout HTTP/1.1" 200 16
172.16.3.5 - - [20/Apr/2026:13:55:33 +0200] "POST /rhn/manager/api/auth/login HTTP/1.1" 200 16
172.16.3.5 - - [20/Apr/2026:13:55:33 +0200] "POST /rhn/manager/api/channel/software/associateRepo HTTP/1.1" 200 883
172.16.3.5 - - [20/Apr/2026:13:55:34 +0200] "GET /rhn/manager/api/auth/logout HTTP/1.1" 200 16
172.16.3.5 - - [20/Apr/2026:13:55:34 +0200] "POST /rhn/manager/api/auth/login HTTP/1.1" 200 16
172.16.3.5 - - [20/Apr/2026:13:55:35 +0200] "GET /rhn/manager/api/channel/software/listUserRepos HTTP/1.1" 200 1851
172.16.3.5 - - [20/Apr/2026:13:55:35 +0200] "GET /rhn/manager/api/auth/logout HTTP/1.1" 200 16
172.16.3.5 - - [20/Apr/2026:13:55:35 +0200] "POST /rhn/manager/api/auth/login HTTP/1.1" 200 16
172.16.3.5 - - [20/Apr/2026:13:55:36 +0200] "POST /rhn/manager/api/channel/software/associateRepo HTTP/1.1" 200 883
172.16.3.5 - - [20/Apr/2026:13:55:36 +0200] "GET /rhn/manager/api/auth/logout HTTP/1.1" 200 16
172.16.3.5 - - [20/Apr/2026:13:55:37 +0200] "GET /rhn/channels/manage/Manage.do HTTP/1.1" 200 50143
127.0.0.1 - - [20/Apr/2026:13:55:37 +0200] "GET /rhn/websocket/notifications HTTP/1.1" 101 -
172.16.3.5 - - [20/Apr/2026:13:55:37 +0200] "POST /rhn/manager/frontend-log HTTP/1.1" 200 16
172.16.3.5 - - [20/Apr/2026:13:55:37 +0200] "GET /rhn/channels/manage/Edit.do HTTP/1.1" 200 55891
172.16.3.5 - - [20/Apr/2026:13:55:38 +0200] "POST /rhn/manager/frontend-log HTTP/1.1" 200 16
127.0.0.1 - - [20/Apr/2026:13:55:38 +0200] "GET /rhn/websocket/notifications HTTP/1.1" 101 -
172.16.3.5 - - [20/Apr/2026:13:55:39 +0200] "POST /rhn/channels/manage/Edit.do HTTP/1.1" 302 -
172.16.3.5 - - [20/Apr/2026:13:55:39 +0200] "GET /rhn/channels/manage/Edit.do?cid=133 HTTP/1.1" 200 56009
172.16.3.5 - - [20/Apr/2026:13:55:39 +0200] "POST /rhn/manager/frontend-log HTTP/1.1" 200 16
172.16.3.5 - - [20/Apr/2026:13:55:39 +0200] "POST /rhn/manager/frontend-log HTTP/1.1" 200 16
127.0.0.1 - - [20/Apr/2026:13:55:39 +0200] "GET /rhn/websocket/notifications HTTP/1.1" 101 -
127.0.0.1 - - [20/Apr/2026:13:55:40 +0200] "GET /rhn/websocket/notifications HTTP/1.1" 101 -
172.16.3.5 - - [20/Apr/2026:13:55:45 +0200] "POST /rhn/manager/api/auth/login HTTP/1.1" 200 16
172.16.3.5 - - [20/Apr/2026:13:55:45 +0200] "GET /rhn/manager/api/channel/software/listUserRepos HTTP/1.1" 200 1851
172.16.3.5 - - [20/Apr/2026:13:55:45 +0200] "GET /rhn/manager/api/auth/logout HTTP/1.1" 200 16
::1 - - [20/Apr/2026:13:55:46 +0200] "GET /rhn/manager/login HTTP/1.1" 302 -
172.16.3.5 - - [20/Apr/2026:13:55:46 +0200] "POST /rhn/manager/api/auth/login HTTP/1.1" 200 16
172.16.3.5 - - [20/Apr/2026:13:55:46 +0200] "POST /rhn/manager/api/channel/software/createRepo HTTP/1.1" 200 303
172.16.3.5 - - [20/Apr/2026:13:55:46 +0200] "GET /rhn/manager/api/auth/logout HTTP/1.1" 200 16
172.16.3.5 - - [20/Apr/2026:13:55:47 +0200] "POST /rhn/manager/api/auth/login HTTP/1.1" 200 16
172.16.3.5 - - [20/Apr/2026:13:55:47 +0200] "POST /rhn/manager/api/channel/software/associateRepo HTTP/1.1" 200 915
172.16.3.5 - - [20/Apr/2026:13:55:48 +0200] "GET /rhn/manager/api/auth/logout HTTP/1.1" 200 16
172.16.3.5 - - [20/Apr/2026:13:55:48 +0200] "POST /rhn/manager/api/auth/login HTTP/1.1" 200 16
172.16.3.5 - - [20/Apr/2026:13:55:48 +0200] "GET /rhn/manager/api/channel/software/listUserRepos HTTP/1.1" 200 2067
172.16.3.5 - - [20/Apr/2026:13:55:49 +0200] "GET /rhn/manager/api/auth/logout HTTP/1.1" 200 16
172.16.3.5 - - [20/Apr/2026:13:55:49 +0200] "POST /rhn/manager/api/auth/login HTTP/1.1" 200 16
172.16.3.5 - - [20/Apr/2026:13:55:49 +0200] "POST /rhn/manager/api/channel/software/associateRepo HTTP/1.1" 200 1166
172.16.3.5 - - [20/Apr/2026:13:55:50 +0200] "GET /rhn/manager/api/auth/logout HTTP/1.1" 200 16
172.16.3.5 - - [20/Apr/2026:13:55:50 +0200] "POST /rhn/manager/api/auth/login HTTP/1.1" 200 16
172.16.3.5 - - [20/Apr/2026:13:55:50 +0200] "GET /rhn/manager/api/channel/software/listUserRepos HTTP/1.1" 200 2067
172.16.3.5 - - [20/Apr/2026:13:55:51 +0200] "GET /rhn/manager/api/auth/logout HTTP/1.1" 200 16
172.16.3.5 - - [20/Apr/2026:13:55:51 +0200] "POST /rhn/manager/api/auth/login HTTP/1.1" 200 16
172.16.3.5 - - [20/Apr/2026:13:55:51 +0200] "POST /rhn/manager/api/channel/software/associateRepo HTTP/1.1" 200 1166
172.16.3.5 - - [20/Apr/2026:13:55:52 +0200] "GET /rhn/manager/api/auth/logout HTTP/1.1" 200 16
172.16.3.5 - - [20/Apr/2026:13:55:52 +0200] "GET /rhn/channels/manage/Manage.do HTTP/1.1" 200 50781
127.0.0.1 - - [20/Apr/2026:13:55:52 +0200] "GET /rhn/websocket/notifications HTTP/1.1" 101 -
172.16.3.5 - - [20/Apr/2026:13:55:53 +0200] "POST /rhn/manager/frontend-log HTTP/1.1" 200 16
172.16.3.5 - - [20/Apr/2026:13:55:53 +0200] "GET /rhn/channels/manage/Edit.do HTTP/1.1" 200 55891
172.16.3.5 - - [20/Apr/2026:13:55:53 +0200] "POST /rhn/manager/frontend-log HTTP/1.1" 200 16
127.0.0.1 - - [20/Apr/2026:13:55:53 +0200] "GET /rhn/websocket/notifications HTTP/1.1" 101 -
172.16.3.5 - - [20/Apr/2026:13:55:54 +0200] "POST /rhn/channels/manage/Edit.do HTTP/1.1" 302 -
172.16.3.5 - - [20/Apr/2026:13:55:54 +0200] "GET /rhn/channels/manage/Edit.do?cid=134 HTTP/1.1" 200 55966
172.16.3.5 - - [20/Apr/2026:13:55:54 +0200] "POST /rhn/manager/frontend-log HTTP/1.1" 200 16
172.16.3.5 - - [20/Apr/2026:13:55:54 +0200] "POST /rhn/manager/frontend-log HTTP/1.1" 200 16
127.0.0.1 - - [20/Apr/2026:13:55:54 +0200] "GET /rhn/websocket/notifications HTTP/1.1" 101 -
127.0.0.1 - - [20/Apr/2026:13:55:55 +0200] "GET /rhn/websocket/notifications HTTP/1.1" 101 -
172.16.3.5 - - [20/Apr/2026:13:55:57 +0200] "POST /rhn/manager/api/auth/login HTTP/1.1" 200 16
172.16.3.5 - - [20/Apr/2026:13:55:57 +0200] "GET /rhn/manager/api/channel/software/listUserRepos HTTP/1.1" 200 2067
172.16.3.5 - - [20/Apr/2026:13:55:57 +0200] "GET /rhn/manager/api/auth/logout HTTP/1.1" 200 16
172.16.3.5 - - [20/Apr/2026:13:55:58 +0200] "POST /rhn/manager/api/auth/login HTTP/1.1" 200 16
172.16.3.5 - - [20/Apr/2026:13:55:58 +0200] "POST /rhn/manager/api/channel/software/createRepo HTTP/1.1" 200 271
172.16.3.5 - - [20/Apr/2026:13:55:59 +0200] "GET /rhn/manager/api/auth/logout HTTP/1.1" 200 16
172.16.3.5 - - [20/Apr/2026:13:55:59 +0200] "POST /rhn/manager/api/auth/login HTTP/1.1" 200 16
172.16.3.5 - - [20/Apr/2026:13:56:00 +0200] "POST /rhn/manager/api/channel/software/associateRepo HTTP/1.1" 200 858
172.16.3.5 - - [20/Apr/2026:13:56:01 +0200] "GET /rhn/manager/api/auth/logout HTTP/1.1" 200 16
172.16.3.5 - - [20/Apr/2026:13:56:01 +0200] "POST /rhn/manager/api/auth/login HTTP/1.1" 200 16
172.16.3.5 - - [20/Apr/2026:13:56:01 +0200] "GET /rhn/manager/api/channel/software/listUserRepos HTTP/1.1" 200 2251
172.16.3.5 - - [20/Apr/2026:13:56:02 +0200] "GET /rhn/manager/api/auth/logout HTTP/1.1" 200 16
172.16.3.5 - - [20/Apr/2026:13:56:02 +0200] "POST /rhn/manager/api/auth/login HTTP/1.1" 200 16
::1 - - [20/Apr/2026:13:56:02 +0200] "GET /rhn/manager/login HTTP/1.1" 302 -
172.16.3.5 - - [20/Apr/2026:13:56:02 +0200] "POST /rhn/manager/api/channel/software/associateRepo HTTP/1.1" 200 1109
172.16.3.5 - - [20/Apr/2026:13:56:03 +0200] "GET /rhn/manager/api/auth/logout HTTP/1.1" 200 16
172.16.3.5 - - [20/Apr/2026:13:56:03 +0200] "POST /rhn/manager/api/auth/login HTTP/1.1" 200 16
172.16.3.5 - - [20/Apr/2026:13:56:03 +0200] "GET /rhn/manager/api/channel/software/listUserRepos HTTP/1.1" 200 2251
172.16.3.5 - - [20/Apr/2026:13:56:03 +0200] "GET /rhn/manager/api/auth/logout HTTP/1.1" 200 16
172.16.3.5 - - [20/Apr/2026:13:56:04 +0200] "POST /rhn/manager/api/auth/login HTTP/1.1" 200 16
172.16.3.5 - - [20/Apr/2026:13:56:04 +0200] "POST /rhn/manager/api/channel/software/associateRepo HTTP/1.1" 200 1109
172.16.3.5 - - [20/Apr/2026:13:56:05 +0200] "GET /rhn/manager/api/auth/logout HTTP/1.1" 200 16
172.16.3.5 - - [20/Apr/2026:13:56:05 +0200] "GET /rhn/manager/login HTTP/1.1" 302 -
172.16.3.5 - - [20/Apr/2026:13:56:06 +0200] "GET /rhn/YourRhn.do HTTP/1.1" 200 38967
172.16.3.5 - - [20/Apr/2026:13:56:06 +0200] "POST /rhn/manager/frontend-log HTTP/1.1" 200 16
172.16.3.5 - - [20/Apr/2026:13:56:07 +0200] "POST /rhn/ajax/disk-check-warning HTTP/1.1" 200 -
172.16.3.5 - - [20/Apr/2026:13:56:07 +0200] "POST /rhn/ajax/pending-actions HTTP/1.1" 200 636
127.0.0.1 - - [20/Apr/2026:13:56:07 +0200] "GET /rhn/websocket/notifications HTTP/1.1" 101 -
172.16.3.5 - - [20/Apr/2026:13:56:07 +0200] "POST /rhn/ajax/inactive-systems HTTP/1.1" 200 540
172.16.3.5 - - [20/Apr/2026:13:56:07 +0200] "POST /rhn/ajax/subscription-warning HTTP/1.1" 200 -
172.16.3.5 - - [20/Apr/2026:13:56:07 +0200] "POST /rhn/ajax/critical-systems HTTP/1.1" 200 2026
172.16.3.5 - - [20/Apr/2026:13:56:07 +0200] "POST /rhn/manager/frontend-log HTTP/1.1" 200 16
172.16.3.5 - - [20/Apr/2026:13:56:08 +0200] "POST /rhn/ajax/systems-groups HTTP/1.1" 200 1491
172.16.3.5 - - [20/Apr/2026:13:56:08 +0200] "POST /rhn/ajax/latest-errata HTTP/1.1" 200 539
127.0.0.1 - - [20/Apr/2026:13:56:08 +0200] "GET /rhn/websocket/notifications HTTP/1.1" 101 -
172.16.3.5 - - [20/Apr/2026:13:56:08 +0200] "POST /rhn/ajax/recent-systems HTTP/1.1" 200 2059
172.16.3.5 - - [20/Apr/2026:13:56:08 +0200] "POST /rhn/ajax/tasks HTTP/1.1" 200 2232
172.16.3.5 - - [20/Apr/2026:13:56:10 +0200] "GET /rhn/manager/login HTTP/1.1" 302 -
172.16.3.5 - - [20/Apr/2026:13:56:11 +0200] "GET /rhn/YourRhn.do HTTP/1.1" 200 38967
172.16.3.5 - - [20/Apr/2026:13:56:11 +0200] "POST /rhn/manager/frontend-log HTTP/1.1" 200 16
172.16.3.5 - - [20/Apr/2026:13:56:11 +0200] "POST /rhn/ajax/tasks HTTP/1.1" 200 2232
127.0.0.1 - - [20/Apr/2026:13:56:11 +0200] "GET /rhn/websocket/notifications HTTP/1.1" 101 -
172.16.3.5 - - [20/Apr/2026:13:56:11 +0200] "POST /rhn/ajax/inactive-systems HTTP/1.1" 200 540
172.16.3.5 - - [20/Apr/2026:13:56:11 +0200] "POST /rhn/ajax/pending-actions HTTP/1.1" 200 636
172.16.3.5 - - [20/Apr/2026:13:56:11 +0200] "POST /rhn/ajax/subscription-warning HTTP/1.1" 200 -
172.16.3.5 - - [20/Apr/2026:13:56:12 +0200] "POST /rhn/ajax/critical-systems HTTP/1.1" 200 2026
172.16.3.5 - - [20/Apr/2026:13:56:12 +0200] "POST /rhn/ajax/disk-check-warning HTTP/1.1" 200 -
172.16.3.5 - - [20/Apr/2026:13:56:12 +0200] "POST /rhn/ajax/latest-errata HTTP/1.1" 200 539
172.16.3.5 - - [20/Apr/2026:13:56:12 +0200] "POST /rhn/ajax/recent-systems HTTP/1.1" 200 2059
172.16.3.5 - - [20/Apr/2026:13:56:12 +0200] "POST /rhn/ajax/systems-groups HTTP/1.1" 200 1491
172.16.3.5 - - [20/Apr/2026:13:56:12 +0200] "POST /rhn/manager/frontend-log HTTP/1.1" 200 16
172.16.3.5 - - [20/Apr/2026:13:56:12 +0200] "GET /rhn/channels/manage/Manage.do HTTP/1.1" 200 51416
172.16.3.5 - - [20/Apr/2026:13:56:12 +0200] "POST /rhn/manager/frontend-log HTTP/1.1" 200 16
127.0.0.1 - - [20/Apr/2026:13:56:12 +0200] "GET /rhn/websocket/notifications HTTP/1.1" 101 -
172.16.3.5 - - [20/Apr/2026:13:56:13 +0200] "GET /rhn/channels/manage/Edit.do?cid=123 HTTP/1.1" 200 55965
172.16.3.5 - - [20/Apr/2026:13:56:13 +0200] "POST /rhn/manager/frontend-log HTTP/1.1" 200 16
127.0.0.1 - - [20/Apr/2026:13:56:13 +0200] "GET /rhn/websocket/notifications HTTP/1.1" 101 -
172.16.3.5 - - [20/Apr/2026:13:56:14 +0200] "GET /rhn/channels/manage/Repositories.do?cid=123 HTTP/1.1" 200 51411
127.0.0.1 - - [20/Apr/2026:13:56:15 +0200] "GET /rhn/websocket/notifications HTTP/1.1" 101 -
172.16.3.5 - - [20/Apr/2026:13:56:15 +0200] "POST /rhn/manager/frontend-log HTTP/1.1" 200 16
172.16.3.5 - - [20/Apr/2026:13:56:16 +0200] "GET /rhn/channels/manage/Sync.do?cid=123 HTTP/1.1" 200 43493
127.0.0.1 - - [20/Apr/2026:13:56:16 +0200] "GET /rhn/websocket/notifications HTTP/1.1" 101 -
172.16.3.5 - - [20/Apr/2026:13:56:16 +0200] "POST /rhn/manager/frontend-log HTTP/1.1" 200 16
172.16.3.5 - - [20/Apr/2026:13:56:17 +0200] "POST /rhn/channels/manage/Sync.do?cid=123 HTTP/1.1" 302 -
::1 - - [20/Apr/2026:13:56:18 +0200] "GET /rhn/manager/login HTTP/1.1" 302 -
172.16.3.5 - - [20/Apr/2026:13:56:18 +0200] "GET /rhn/channels/manage/Sync.do?cid=123 HTTP/1.1" 200 43605
127.0.0.1 - - [20/Apr/2026:13:56:19 +0200] "GET /rhn/websocket/notifications HTTP/1.1" 101 -
172.16.3.5 - - [20/Apr/2026:13:56:19 +0200] "POST /rhn/manager/frontend-log HTTP/1.1" 200 16
::1 - - [20/Apr/2026:13:56:34 +0200] "GET /rhn/manager/login HTTP/1.1" 302 -
