172.16.3.5 - - [15/Apr/2026:18:32:30 +0200] "GET /rhn/channels/manage/Edit.do HTTP/1.1" 200 55033
127.0.0.1 - - [15/Apr/2026:18:32:31 +0200] "GET /rhn/websocket/notifications HTTP/1.1" 101 -
172.16.3.5 - - [15/Apr/2026:18:32:31 +0200] "POST /rhn/manager/frontend-log HTTP/1.1" 200 16
::1 - - [15/Apr/2026:18:32:37 +0200] "GET /rhn/manager/login HTTP/1.1" 302 -
172.16.3.5 - - [15/Apr/2026:18:32:41 +0200] "POST /rhn/channels/manage/Edit.do HTTP/1.1" 302 -
172.16.3.5 - - [15/Apr/2026:18:32:42 +0200] "GET /rhn/channels/manage/Edit.do?cid=128 HTTP/1.1" 200 55581
172.16.3.5 - - [15/Apr/2026:18:32:42 +0200] "POST /rhn/manager/frontend-log HTTP/1.1" 200 16
127.0.0.1 - - [15/Apr/2026:18:32:42 +0200] "GET /rhn/websocket/notifications HTTP/1.1" 101 -
172.16.3.5 - - [15/Apr/2026:18:32:42 +0200] "POST /rhn/manager/frontend-log HTTP/1.1" 200 16
127.0.0.1 - - [15/Apr/2026:18:32:42 +0200] "GET /rhn/websocket/notifications HTTP/1.1" 101 -
172.16.3.5 - - [15/Apr/2026:18:32:42 +0200] "GET /rhn/channels/manage/Manage.do HTTP/1.1" 200 47906
127.0.0.1 - - [15/Apr/2026:18:32:42 +0200] "GET /rhn/websocket/notifications HTTP/1.1" 101 -
172.16.3.5 - - [15/Apr/2026:18:32:42 +0200] "POST /rhn/manager/frontend-log HTTP/1.1" 200 16
172.16.3.5 - - [15/Apr/2026:18:32:42 +0200] "GET /rhn/channels/manage/Edit.do HTTP/1.1" 200 55445
127.0.0.1 - - [15/Apr/2026:18:32:42 +0200] "GET /rhn/websocket/notifications HTTP/1.1" 101 -
172.16.3.5 - - [15/Apr/2026:18:32:42 +0200] "POST /rhn/manager/frontend-log HTTP/1.1" 200 16
172.16.3.5 - - [15/Apr/2026:18:32:43 +0200] "POST /rhn/channels/manage/Edit.do HTTP/1.1" 302 -
172.16.3.5 - - [15/Apr/2026:18:32:43 +0200] "GET /rhn/channels/manage/Edit.do?cid=129 HTTP/1.1" 200 55776
172.16.3.5 - - [15/Apr/2026:18:32:43 +0200] "POST /rhn/manager/frontend-log HTTP/1.1" 200 16
127.0.0.1 - - [15/Apr/2026:18:32:44 +0200] "GET /rhn/websocket/notifications HTTP/1.1" 101 -
172.16.3.5 - - [15/Apr/2026:18:32:44 +0200] "POST /rhn/manager/frontend-log HTTP/1.1" 200 16
127.0.0.1 - - [15/Apr/2026:18:32:44 +0200] "GET /rhn/websocket/notifications HTTP/1.1" 101 -
172.16.3.5 - - [15/Apr/2026:18:32:44 +0200] "GET /rhn/channels/manage/Manage.do HTTP/1.1" 200 48388
127.0.0.1 - - [15/Apr/2026:18:32:44 +0200] "GET /rhn/websocket/notifications HTTP/1.1" 101 -
172.16.3.5 - - [15/Apr/2026:18:32:44 +0200] "POST /rhn/manager/frontend-log HTTP/1.1" 200 16
172.16.3.5 - - [15/Apr/2026:18:32:44 +0200] "GET /rhn/channels/manage/Edit.do HTTP/1.1" 200 55666
127.0.0.1 - - [15/Apr/2026:18:32:44 +0200] "GET /rhn/websocket/notifications HTTP/1.1" 101 -
172.16.3.5 - - [15/Apr/2026:18:32:44 +0200] "POST /rhn/manager/frontend-log HTTP/1.1" 200 16
172.16.3.5 - - [15/Apr/2026:18:32:45 +0200] "POST /rhn/channels/manage/Edit.do HTTP/1.1" 302 -
172.16.3.5 - - [15/Apr/2026:18:32:45 +0200] "GET /rhn/channels/manage/Edit.do?cid=130 HTTP/1.1" 200 55960
172.16.3.5 - - [15/Apr/2026:18:32:45 +0200] "POST /rhn/manager/frontend-log HTTP/1.1" 200 16
172.16.3.5 - - [15/Apr/2026:18:32:45 +0200] "POST /rhn/manager/frontend-log HTTP/1.1" 200 16
127.0.0.1 - - [15/Apr/2026:18:32:46 +0200] "GET /rhn/websocket/notifications HTTP/1.1" 101 -
127.0.0.1 - - [15/Apr/2026:18:32:46 +0200] "GET /rhn/websocket/notifications HTTP/1.1" 101 -
172.16.3.5 - - [15/Apr/2026:18:32:46 +0200] "POST /rhn/manager/frontend-log HTTP/1.1" 200 16
172.16.3.5 - - [15/Apr/2026:18:32:46 +0200] "GET /rhn/manager/login HTTP/1.1" 302 -
172.16.3.5 - - [15/Apr/2026:18:32:46 +0200] "GET /rhn/YourRhn.do HTTP/1.1" 200 38966
172.16.3.5 - - [15/Apr/2026:18:32:46 +0200] "POST /rhn/manager/frontend-log HTTP/1.1" 200 16
172.16.3.5 - - [15/Apr/2026:18:32:46 +0200] "POST /rhn/ajax/subscription-warning HTTP/1.1" 200 -
172.16.3.5 - - [15/Apr/2026:18:32:47 +0200] "POST /rhn/ajax/disk-check-warning HTTP/1.1" 200 -
172.16.3.5 - - [15/Apr/2026:18:32:47 +0200] "POST /rhn/ajax/pending-actions HTTP/1.1" 200 636
127.0.0.1 - - [15/Apr/2026:18:32:47 +0200] "GET /rhn/websocket/notifications HTTP/1.1" 101 -
172.16.3.5 - - [15/Apr/2026:18:32:47 +0200] "POST /rhn/ajax/inactive-systems HTTP/1.1" 200 540
172.16.3.5 - - [15/Apr/2026:18:32:47 +0200] "POST /rhn/ajax/tasks HTTP/1.1" 200 2232
172.16.3.5 - - [15/Apr/2026:18:32:47 +0200] "POST /rhn/ajax/latest-errata HTTP/1.1" 200 539
172.16.3.5 - - [15/Apr/2026:18:32:47 +0200] "POST /rhn/ajax/critical-systems HTTP/1.1" 200 2025
172.16.3.5 - - [15/Apr/2026:18:32:47 +0200] "POST /rhn/ajax/systems-groups HTTP/1.1" 200 1490
172.16.3.5 - - [15/Apr/2026:18:32:47 +0200] "POST /rhn/manager/frontend-log HTTP/1.1" 200 16
172.16.3.5 - - [15/Apr/2026:18:32:47 +0200] "POST /rhn/ajax/recent-systems HTTP/1.1" 200 2058
172.16.3.5 - - [15/Apr/2026:18:32:47 +0200] "GET /rhn/channels/manage/repos/RepoList.do HTTP/1.1" 200 42220
172.16.3.5 - - [15/Apr/2026:18:32:47 +0200] "POST /rhn/manager/frontend-log HTTP/1.1" 200 16
127.0.0.1 - - [15/Apr/2026:18:32:47 +0200] "GET /rhn/websocket/notifications HTTP/1.1" 101 -
172.16.3.5 - - [15/Apr/2026:18:32:48 +0200] "GET /rhn/channels/manage/repos/RepoCreate.do HTTP/1.1" 200 41427
127.0.0.1 - - [15/Apr/2026:18:32:48 +0200] "GET /rhn/websocket/notifications HTTP/1.1" 101 -
172.16.3.5 - - [15/Apr/2026:18:32:48 +0200] "POST /rhn/manager/frontend-log HTTP/1.1" 200 16
172.16.3.5 - - [15/Apr/2026:18:32:48 +0200] "POST /rhn/channels/manage/repos/RepoCreate.do HTTP/1.1" 302 -
172.16.3.5 - - [15/Apr/2026:18:32:48 +0200] "GET /rhn/channels/manage/repos/RepoEdit.do?id=520 HTTP/1.1" 200 42075
172.16.3.5 - - [15/Apr/2026:18:32:48 +0200] "POST /rhn/manager/frontend-log HTTP/1.1" 200 16
127.0.0.1 - - [15/Apr/2026:18:32:48 +0200] "GET /rhn/websocket/notifications HTTP/1.1" 101 -
172.16.3.5 - - [15/Apr/2026:18:32:48 +0200] "POST /rhn/manager/frontend-log HTTP/1.1" 200 16
172.16.3.5 - - [15/Apr/2026:18:32:49 +0200] "GET /rhn/channels/manage/repos/RepoList.do HTTP/1.1" 200 42581
127.0.0.1 - - [15/Apr/2026:18:32:49 +0200] "GET /rhn/websocket/notifications HTTP/1.1" 101 -
172.16.3.5 - - [15/Apr/2026:18:32:49 +0200] "POST /rhn/manager/frontend-log HTTP/1.1" 200 16
172.16.3.5 - - [15/Apr/2026:18:32:49 +0200] "GET /rhn/channels/manage/repos/RepoEdit.do?id=520 HTTP/1.1" 200 41984
127.0.0.1 - - [15/Apr/2026:18:32:49 +0200] "GET /rhn/websocket/notifications HTTP/1.1" 101 -
172.16.3.5 - - [15/Apr/2026:18:32:49 +0200] "POST /rhn/manager/frontend-log HTTP/1.1" 200 16
127.0.0.1 - - [15/Apr/2026:18:32:49 +0200] "GET /rhn/websocket/notifications HTTP/1.1" 101 -
::1 - - [15/Apr/2026:18:32:52 +0200] "GET /rhn/manager/login HTTP/1.1" 302 -
172.16.3.5 - - [15/Apr/2026:18:32:59 +0200] "POST /rhn/channels/manage/repos/RepoEdit.do HTTP/1.1" 302 -
172.16.3.5 - - [15/Apr/2026:18:33:00 +0200] "GET /rhn/channels/manage/repos/RepoEdit.do?id=520 HTTP/1.1" 200 42057
172.16.3.5 - - [15/Apr/2026:18:33:00 +0200] "POST /rhn/manager/frontend-log HTTP/1.1" 200 16
172.16.3.5 - - [15/Apr/2026:18:33:00 +0200] "POST /rhn/manager/frontend-log HTTP/1.1" 200 16
127.0.0.1 - - [15/Apr/2026:18:33:00 +0200] "GET /rhn/websocket/notifications HTTP/1.1" 101 -
172.16.3.5 - - [15/Apr/2026:18:33:00 +0200] "GET /rhn/channels/manage/repos/RepoList.do HTTP/1.1" 200 42581
127.0.0.1 - - [15/Apr/2026:18:33:00 +0200] "GET /rhn/websocket/notifications HTTP/1.1" 101 -
172.16.3.5 - - [15/Apr/2026:18:33:00 +0200] "POST /rhn/manager/frontend-log HTTP/1.1" 200 16
172.16.3.5 - - [15/Apr/2026:18:33:00 +0200] "GET /rhn/channels/manage/repos/RepoCreate.do HTTP/1.1" 200 41427
127.0.0.1 - - [15/Apr/2026:18:33:01 +0200] "GET /rhn/websocket/notifications HTTP/1.1" 101 -
172.16.3.5 - - [15/Apr/2026:18:33:01 +0200] "POST /rhn/manager/frontend-log HTTP/1.1" 200 16
172.16.3.5 - - [15/Apr/2026:18:33:01 +0200] "POST /rhn/channels/manage/repos/RepoCreate.do HTTP/1.1" 302 -
172.16.3.5 - - [15/Apr/2026:18:33:01 +0200] "GET /rhn/channels/manage/repos/RepoEdit.do?id=521 HTTP/1.1" 200 42086
172.16.3.5 - - [15/Apr/2026:18:33:01 +0200] "POST /rhn/manager/frontend-log HTTP/1.1" 200 16
127.0.0.1 - - [15/Apr/2026:18:33:01 +0200] "GET /rhn/websocket/notifications HTTP/1.1" 101 -
172.16.3.5 - - [15/Apr/2026:18:33:01 +0200] "POST /rhn/manager/frontend-log HTTP/1.1" 200 16
127.0.0.1 - - [15/Apr/2026:18:33:01 +0200] "GET /rhn/websocket/notifications HTTP/1.1" 101 -
172.16.3.5 - - [15/Apr/2026:18:33:01 +0200] "GET /rhn/channels/manage/repos/RepoList.do HTTP/1.1" 200 42947
127.0.0.1 - - [15/Apr/2026:18:33:02 +0200] "GET /rhn/websocket/notifications HTTP/1.1" 101 -
172.16.3.5 - - [15/Apr/2026:18:33:02 +0200] "POST /rhn/manager/frontend-log HTTP/1.1" 200 16
172.16.3.5 - - [15/Apr/2026:18:33:02 +0200] "GET /rhn/channels/manage/repos/RepoEdit.do?id=521 HTTP/1.1" 200 41995
127.0.0.1 - - [15/Apr/2026:18:33:02 +0200] "GET /rhn/websocket/notifications HTTP/1.1" 101 -
172.16.3.5 - - [15/Apr/2026:18:33:02 +0200] "POST /rhn/manager/frontend-log HTTP/1.1" 200 16
::1 - - [15/Apr/2026:18:33:07 +0200] "GET /rhn/manager/login HTTP/1.1" 302 -
172.16.3.5 - - [15/Apr/2026:18:33:12 +0200] "POST /rhn/channels/manage/repos/RepoEdit.do HTTP/1.1" 302 -
172.16.3.5 - - [15/Apr/2026:18:33:12 +0200] "GET /rhn/channels/manage/repos/RepoEdit.do?id=521 HTTP/1.1" 200 42068
172.16.3.5 - - [15/Apr/2026:18:33:12 +0200] "POST /rhn/manager/frontend-log HTTP/1.1" 200 16
127.0.0.1 - - [15/Apr/2026:18:33:12 +0200] "GET /rhn/websocket/notifications HTTP/1.1" 101 -
172.16.3.5 - - [15/Apr/2026:18:33:13 +0200] "POST /rhn/manager/frontend-log HTTP/1.1" 200 16
127.0.0.1 - - [15/Apr/2026:18:33:13 +0200] "GET /rhn/websocket/notifications HTTP/1.1" 101 -
172.16.3.5 - - [15/Apr/2026:18:33:13 +0200] "GET /rhn/channels/manage/Manage.do HTTP/1.1" 200 48873
172.16.3.5 - - [15/Apr/2026:18:33:13 +0200] "POST /rhn/manager/frontend-log HTTP/1.1" 200 16
127.0.0.1 - - [15/Apr/2026:18:33:13 +0200] "GET /rhn/websocket/notifications HTTP/1.1" 101 -
172.16.3.5 - - [15/Apr/2026:18:33:13 +0200] "GET /rhn/channels/manage/Edit.do?cid=123 HTTP/1.1" 200 55844
127.0.0.1 - - [15/Apr/2026:18:33:13 +0200] "GET /rhn/websocket/notifications HTTP/1.1" 101 -
172.16.3.5 - - [15/Apr/2026:18:33:13 +0200] "POST /rhn/manager/frontend-log HTTP/1.1" 200 16
172.16.3.5 - - [15/Apr/2026:18:33:14 +0200] "POST /rhn/channels/manage/Edit.do HTTP/1.1" 302 -
172.16.3.5 - - [15/Apr/2026:18:33:14 +0200] "GET /rhn/channels/manage/Edit.do?cid=123 HTTP/1.1" 200 56018
172.16.3.5 - - [15/Apr/2026:18:33:14 +0200] "POST /rhn/manager/frontend-log HTTP/1.1" 200 16
127.0.0.1 - - [15/Apr/2026:18:33:14 +0200] "GET /rhn/websocket/notifications HTTP/1.1" 101 -
172.16.3.5 - - [15/Apr/2026:18:33:14 +0200] "POST /rhn/manager/frontend-log HTTP/1.1" 200 16
127.0.0.1 - - [15/Apr/2026:18:33:14 +0200] "GET /rhn/websocket/notifications HTTP/1.1" 101 -
172.16.3.5 - - [15/Apr/2026:18:33:14 +0200] "GET /rhn/channels/manage/Repositories.do?cid=123 HTTP/1.1" 200 46787
127.0.0.1 - - [15/Apr/2026:18:33:15 +0200] "GET /rhn/websocket/notifications HTTP/1.1" 101 -
172.16.3.5 - - [15/Apr/2026:18:33:15 +0200] "POST /rhn/manager/frontend-log HTTP/1.1" 200 16
172.16.3.5 - - [15/Apr/2026:18:33:15 +0200] "POST /rhn/ajax/item-selector HTTP/1.1" 200 35
172.16.3.5 - - [15/Apr/2026:18:33:15 +0200] "POST /rhn/channels/manage/Repositories.do?cid=123 HTTP/1.1" 302 -
172.16.3.5 - - [15/Apr/2026:18:33:15 +0200] "GET /rhn/channels/manage/Repositories.do?cid=123 HTTP/1.1" 200 47343
172.16.3.5 - - [15/Apr/2026:18:33:15 +0200] "POST /rhn/manager/frontend-log HTTP/1.1" 200 16
127.0.0.1 - - [15/Apr/2026:18:33:15 +0200] "GET /rhn/websocket/notifications HTTP/1.1" 101 -
172.16.3.5 - - [15/Apr/2026:18:33:16 +0200] "GET /rhn/channels/manage/Manage.do HTTP/1.1" 200 48873
172.16.3.5 - - [15/Apr/2026:18:33:16 +0200] "POST /rhn/manager/frontend-log HTTP/1.1" 200 16
127.0.0.1 - - [15/Apr/2026:18:33:16 +0200] "GET /rhn/websocket/notifications HTTP/1.1" 101 -
172.16.3.5 - - [15/Apr/2026:18:33:16 +0200] "GET /rhn/channels/manage/Edit.do?cid=127 HTTP/1.1" 200 55866
127.0.0.1 - - [15/Apr/2026:18:33:16 +0200] "GET /rhn/websocket/notifications HTTP/1.1" 101 -
172.16.3.5 - - [15/Apr/2026:18:33:16 +0200] "POST /rhn/manager/frontend-log HTTP/1.1" 200 16
172.16.3.5 - - [15/Apr/2026:18:33:16 +0200] "POST /rhn/channels/manage/Edit.do HTTP/1.1" 302 -
172.16.3.5 - - [15/Apr/2026:18:33:17 +0200] "GET /rhn/channels/manage/Edit.do?cid=127 HTTP/1.1" 200 56044
172.16.3.5 - - [15/Apr/2026:18:33:17 +0200] "POST /rhn/manager/frontend-log HTTP/1.1" 200 16
127.0.0.1 - - [15/Apr/2026:18:33:17 +0200] "GET /rhn/websocket/notifications HTTP/1.1" 101 -
172.16.3.5 - - [15/Apr/2026:18:33:17 +0200] "POST /rhn/manager/frontend-log HTTP/1.1" 200 16
127.0.0.1 - - [15/Apr/2026:18:33:17 +0200] "GET /rhn/websocket/notifications HTTP/1.1" 101 -
172.16.3.5 - - [15/Apr/2026:18:33:17 +0200] "GET /rhn/channels/manage/Repositories.do?cid=127 HTTP/1.1" 200 46791
127.0.0.1 - - [15/Apr/2026:18:33:17 +0200] "GET /rhn/websocket/notifications HTTP/1.1" 101 -
172.16.3.5 - - [15/Apr/2026:18:33:17 +0200] "POST /rhn/manager/frontend-log HTTP/1.1" 200 16
172.16.3.5 - - [15/Apr/2026:18:33:17 +0200] "POST /rhn/ajax/item-selector HTTP/1.1" 200 35
::1 - - [15/Apr/2026:18:33:18 +0200] "GET /rhn/errors/404.jsp HTTP/1.1" 404 4500
172.16.3.5 - - [15/Apr/2026:18:33:18 +0200] "POST /rhn/channels/manage/Repositories.do?cid=127 HTTP/1.1" 302 -
172.16.3.5 - - [15/Apr/2026:18:33:18 +0200] "GET /rhn/channels/manage/Repositories.do?cid=127 HTTP/1.1" 200 47351
172.16.3.5 - - [15/Apr/2026:18:33:19 +0200] "POST /rhn/manager/frontend-log HTTP/1.1" 200 16
127.0.0.1 - - [15/Apr/2026:18:33:19 +0200] "GET /rhn/websocket/notifications HTTP/1.1" 101 -
172.16.3.5 - - [15/Apr/2026:18:33:19 +0200] "GET /rhn/channels/manage/Manage.do HTTP/1.1" 200 48873
172.16.3.5 - - [15/Apr/2026:18:33:19 +0200] "POST /rhn/manager/frontend-log HTTP/1.1" 200 16
127.0.0.1 - - [15/Apr/2026:18:33:19 +0200] "GET /rhn/websocket/notifications HTTP/1.1" 101 -
172.16.3.5 - - [15/Apr/2026:18:33:19 +0200] "GET /rhn/channels/manage/Edit.do?cid=129 HTTP/1.1" 200 55822
127.0.0.1 - - [15/Apr/2026:18:33:20 +0200] "GET /rhn/websocket/notifications HTTP/1.1" 101 -
172.16.3.5 - - [15/Apr/2026:18:33:20 +0200] "POST /rhn/manager/frontend-log HTTP/1.1" 200 16
172.16.3.5 - - [15/Apr/2026:18:33:20 +0200] "POST /rhn/channels/manage/Edit.do HTTP/1.1" 302 -
172.16.3.5 - - [15/Apr/2026:18:33:20 +0200] "GET /rhn/channels/manage/Edit.do?cid=129 HTTP/1.1" 200 56000
::1 - - [15/Apr/2026:18:33:20 +0200] "GET /rhn/errors/404.jsp HTTP/1.1" 404 4500
172.16.3.5 - - [15/Apr/2026:18:33:20 +0200] "POST /rhn/manager/frontend-log HTTP/1.1" 200 16
127.0.0.1 - - [15/Apr/2026:18:33:20 +0200] "GET /rhn/websocket/notifications HTTP/1.1" 101 -
172.16.3.5 - - [15/Apr/2026:18:33:21 +0200] "POST /rhn/manager/frontend-log HTTP/1.1" 200 16
127.0.0.1 - - [15/Apr/2026:18:33:21 +0200] "GET /rhn/websocket/notifications HTTP/1.1" 101 -
172.16.3.5 - - [15/Apr/2026:18:33:21 +0200] "GET /rhn/channels/manage/Repositories.do?cid=129 HTTP/1.1" 200 46791
172.16.3.5 - - [15/Apr/2026:18:33:21 +0200] "POST /rhn/manager/frontend-log HTTP/1.1" 200 16
127.0.0.1 - - [15/Apr/2026:18:33:21 +0200] "GET /rhn/websocket/notifications HTTP/1.1" 101 -
172.16.3.5 - - [15/Apr/2026:18:33:21 +0200] "POST /rhn/ajax/item-selector HTTP/1.1" 200 35
172.16.3.5 - - [15/Apr/2026:18:33:21 +0200] "POST /rhn/channels/manage/Repositories.do?cid=129 HTTP/1.1" 302 -
172.16.3.5 - - [15/Apr/2026:18:33:22 +0200] "GET /rhn/channels/manage/Repositories.do?cid=129 HTTP/1.1" 200 47351
172.16.3.5 - - [15/Apr/2026:18:33:22 +0200] "POST /rhn/manager/frontend-log HTTP/1.1" 200 16
127.0.0.1 - - [15/Apr/2026:18:33:22 +0200] "GET /rhn/websocket/notifications HTTP/1.1" 101 -
172.16.3.5 - - [15/Apr/2026:18:33:22 +0200] "GET /rhn/channels/manage/Manage.do HTTP/1.1" 200 48874
172.16.3.5 - - [15/Apr/2026:18:33:22 +0200] "POST /rhn/manager/frontend-log HTTP/1.1" 200 16
127.0.0.1 - - [15/Apr/2026:18:33:22 +0200] "GET /rhn/websocket/notifications HTTP/1.1" 101 -
172.16.3.5 - - [15/Apr/2026:18:33:22 +0200] "GET /rhn/channels/manage/Edit.do?cid=130 HTTP/1.1" 200 55839
127.0.0.1 - - [15/Apr/2026:18:33:23 +0200] "GET /rhn/websocket/notifications HTTP/1.1" 101 -
172.16.3.5 - - [15/Apr/2026:18:33:23 +0200] "POST /rhn/manager/frontend-log HTTP/1.1" 200 16
172.16.3.5 - - [15/Apr/2026:18:33:23 +0200] "POST /rhn/channels/manage/Edit.do HTTP/1.1" 302 -
::1 - - [15/Apr/2026:18:33:23 +0200] "GET /rhn/manager/login HTTP/1.1" 302 -
172.16.3.5 - - [15/Apr/2026:18:33:23 +0200] "GET /rhn/channels/manage/Edit.do?cid=130 HTTP/1.1" 200 56019
172.16.3.5 - - [15/Apr/2026:18:33:23 +0200] "POST /rhn/manager/frontend-log HTTP/1.1" 200 16
127.0.0.1 - - [15/Apr/2026:18:33:23 +0200] "GET /rhn/websocket/notifications HTTP/1.1" 101 -
172.16.3.5 - - [15/Apr/2026:18:33:23 +0200] "POST /rhn/manager/frontend-log HTTP/1.1" 200 16
127.0.0.1 - - [15/Apr/2026:18:33:24 +0200] "GET /rhn/websocket/notifications HTTP/1.1" 101 -
172.16.3.5 - - [15/Apr/2026:18:33:24 +0200] "GET /rhn/channels/manage/Repositories.do?cid=130 HTTP/1.1" 200 46793
172.16.3.5 - - [15/Apr/2026:18:33:24 +0200] "POST /rhn/manager/frontend-log HTTP/1.1" 200 16
172.16.3.5 - - [15/Apr/2026:18:33:24 +0200] "POST /rhn/ajax/item-selector HTTP/1.1" 200 35
127.0.0.1 - - [15/Apr/2026:18:33:24 +0200] "GET /rhn/websocket/notifications HTTP/1.1" 101 -
172.16.3.5 - - [15/Apr/2026:18:33:25 +0200] "POST /rhn/channels/manage/Repositories.do?cid=130 HTTP/1.1" 302 -
172.16.3.5 - - [15/Apr/2026:18:33:25 +0200] "GET /rhn/channels/manage/Repositories.do?cid=130 HTTP/1.1" 200 47355
172.16.3.5 - - [15/Apr/2026:18:33:25 +0200] "POST /rhn/manager/frontend-log HTTP/1.1" 200 16
127.0.0.1 - - [15/Apr/2026:18:33:25 +0200] "GET /rhn/websocket/notifications HTTP/1.1" 101 -
172.16.3.5 - - [15/Apr/2026:18:33:25 +0200] "GET /rhn/channels/manage/repos/RepoList.do HTTP/1.1" 200 42947
172.16.3.5 - - [15/Apr/2026:18:33:26 +0200] "POST /rhn/manager/frontend-log HTTP/1.1" 200 16
127.0.0.1 - - [15/Apr/2026:18:33:26 +0200] "GET /rhn/websocket/notifications HTTP/1.1" 101 -
172.16.3.5 - - [15/Apr/2026:18:33:26 +0200] "GET /rhn/channels/manage/repos/RepoCreate.do HTTP/1.1" 200 41427
127.0.0.1 - - [15/Apr/2026:18:33:26 +0200] "GET /rhn/websocket/notifications HTTP/1.1" 101 -
172.16.3.5 - - [15/Apr/2026:18:33:26 +0200] "POST /rhn/manager/frontend-log HTTP/1.1" 200 16
::1 - - [15/Apr/2026:18:33:28 +0200] "GET /rhn/errors/404.jsp HTTP/1.1" 404 4500
::1 - - [15/Apr/2026:18:33:29 +0200] "GET /rhn/errors/404.jsp HTTP/1.1" 404 4500
172.16.3.5 - - [15/Apr/2026:18:33:37 +0200] "POST /rhn/channels/manage/repos/RepoCreate.do HTTP/1.1" 302 -
172.16.3.5 - - [15/Apr/2026:18:33:37 +0200] "GET /rhn/channels/manage/repos/RepoEdit.do?id=522 HTTP/1.1" 200 42065
172.16.3.5 - - [15/Apr/2026:18:33:37 +0200] "POST /rhn/manager/frontend-log HTTP/1.1" 200 16
127.0.0.1 - - [15/Apr/2026:18:33:37 +0200] "GET /rhn/websocket/notifications HTTP/1.1" 101 -
172.16.3.5 - - [15/Apr/2026:18:33:37 +0200] "POST /rhn/manager/frontend-log HTTP/1.1" 200 16
127.0.0.1 - - [15/Apr/2026:18:33:38 +0200] "GET /rhn/websocket/notifications HTTP/1.1" 101 -
172.16.3.5 - - [15/Apr/2026:18:33:38 +0200] "GET /rhn/channels/manage/Manage.do HTTP/1.1" 200 48874
127.0.0.1 - - [15/Apr/2026:18:33:38 +0200] "GET /rhn/websocket/notifications HTTP/1.1" 101 -
172.16.3.5 - - [15/Apr/2026:18:33:38 +0200] "POST /rhn/manager/frontend-log HTTP/1.1" 200 16
172.16.3.5 - - [15/Apr/2026:18:33:38 +0200] "GET /rhn/channels/manage/Edit.do?cid=125 HTTP/1.1" 200 55832
::1 - - [15/Apr/2026:18:33:38 +0200] "GET /rhn/manager/login HTTP/1.1" 302 -
127.0.0.1 - - [15/Apr/2026:18:33:38 +0200] "GET /rhn/websocket/notifications HTTP/1.1" 101 -
172.16.3.5 - - [15/Apr/2026:18:33:38 +0200] "POST /rhn/manager/frontend-log HTTP/1.1" 200 16
172.16.3.5 - - [15/Apr/2026:18:33:39 +0200] "POST /rhn/channels/manage/Edit.do HTTP/1.1" 302 -
172.16.3.5 - - [15/Apr/2026:18:33:39 +0200] "GET /rhn/channels/manage/Edit.do?cid=125 HTTP/1.1" 200 56008
172.16.3.5 - - [15/Apr/2026:18:33:39 +0200] "POST /rhn/manager/frontend-log HTTP/1.1" 200 16
127.0.0.1 - - [15/Apr/2026:18:33:39 +0200] "GET /rhn/websocket/notifications HTTP/1.1" 101 -
172.16.3.5 - - [15/Apr/2026:18:33:39 +0200] "POST /rhn/manager/frontend-log HTTP/1.1" 200 16
127.0.0.1 - - [15/Apr/2026:18:33:39 +0200] "GET /rhn/websocket/notifications HTTP/1.1" 101 -
172.16.3.5 - - [15/Apr/2026:18:33:39 +0200] "GET /rhn/channels/manage/Repositories.do?cid=125 HTTP/1.1" 200 47459
127.0.0.1 - - [15/Apr/2026:18:33:39 +0200] "GET /rhn/websocket/notifications HTTP/1.1" 101 -
172.16.3.5 - - [15/Apr/2026:18:33:39 +0200] "POST /rhn/manager/frontend-log HTTP/1.1" 200 16
172.16.3.5 - - [15/Apr/2026:18:33:39 +0200] "POST /rhn/ajax/item-selector HTTP/1.1" 200 35
172.16.3.5 - - [15/Apr/2026:18:33:40 +0200] "POST /rhn/channels/manage/Repositories.do?cid=125 HTTP/1.1" 302 -
172.16.3.5 - - [15/Apr/2026:18:33:40 +0200] "GET /rhn/channels/manage/Repositories.do?cid=125 HTTP/1.1" 200 48017
172.16.3.5 - - [15/Apr/2026:18:33:40 +0200] "POST /rhn/manager/frontend-log HTTP/1.1" 200 16
127.0.0.1 - - [15/Apr/2026:18:33:40 +0200] "GET /rhn/websocket/notifications HTTP/1.1" 101 -
172.16.3.5 - - [15/Apr/2026:18:33:40 +0200] "GET /rhn/channels/manage/Manage.do HTTP/1.1" 200 48874
127.0.0.1 - - [15/Apr/2026:18:33:40 +0200] "GET /rhn/websocket/notifications HTTP/1.1" 101 -
172.16.3.5 - - [15/Apr/2026:18:33:40 +0200] "POST /rhn/manager/frontend-log HTTP/1.1" 200 16
172.16.3.5 - - [15/Apr/2026:18:33:41 +0200] "GET /rhn/channels/manage/Edit.do?cid=122 HTTP/1.1" 200 55856
127.0.0.1 - - [15/Apr/2026:18:33:41 +0200] "GET /rhn/websocket/notifications HTTP/1.1" 101 -
172.16.3.5 - - [15/Apr/2026:18:33:41 +0200] "POST /rhn/manager/frontend-log HTTP/1.1" 200 16
172.16.3.5 - - [15/Apr/2026:18:33:41 +0200] "GET /rhn/channels/manage/Repositories.do?cid=122 HTTP/1.1" 200 47464
127.0.0.1 - - [15/Apr/2026:18:33:41 +0200] "GET /rhn/websocket/notifications HTTP/1.1" 101 -
172.16.3.5 - - [15/Apr/2026:18:33:41 +0200] "POST /rhn/manager/frontend-log HTTP/1.1" 200 16
172.16.3.5 - - [15/Apr/2026:18:33:41 +0200] "POST /rhn/ajax/item-selector HTTP/1.1" 200 35
172.16.3.5 - - [15/Apr/2026:18:33:42 +0200] "POST /rhn/channels/manage/Repositories.do?cid=122 HTTP/1.1" 302 -
172.16.3.5 - - [15/Apr/2026:18:33:42 +0200] "GET /rhn/channels/manage/Repositories.do?cid=122 HTTP/1.1" 200 48027
172.16.3.5 - - [15/Apr/2026:18:33:42 +0200] "POST /rhn/manager/frontend-log HTTP/1.1" 200 16
127.0.0.1 - - [15/Apr/2026:18:33:42 +0200] "GET /rhn/websocket/notifications HTTP/1.1" 101 -
172.16.3.5 - - [15/Apr/2026:18:33:43 +0200] "GET /rhn/channels/manage/repos/RepoList.do HTTP/1.1" 200 43309
127.0.0.1 - - [15/Apr/2026:18:33:43 +0200] "GET /rhn/websocket/notifications HTTP/1.1" 101 -
172.16.3.5 - - [15/Apr/2026:18:33:43 +0200] "POST /rhn/manager/frontend-log HTTP/1.1" 200 16
172.16.3.5 - - [15/Apr/2026:18:33:43 +0200] "GET /rhn/channels/manage/repos/RepoCreate.do HTTP/1.1" 200 41427
127.0.0.1 - - [15/Apr/2026:18:33:43 +0200] "GET /rhn/websocket/notifications HTTP/1.1" 101 -
172.16.3.5 - - [15/Apr/2026:18:33:43 +0200] "POST /rhn/manager/frontend-log HTTP/1.1" 200 16
172.16.3.5 - - [15/Apr/2026:18:33:43 +0200] "POST /rhn/channels/manage/repos/RepoCreate.do HTTP/1.1" 302 -
172.16.3.5 - - [15/Apr/2026:18:33:44 +0200] "GET /rhn/channels/manage/repos/RepoEdit.do?id=523 HTTP/1.1" 200 42081
172.16.3.5 - - [15/Apr/2026:18:33:44 +0200] "POST /rhn/manager/frontend-log HTTP/1.1" 200 16
127.0.0.1 - - [15/Apr/2026:18:33:44 +0200] "GET /rhn/websocket/notifications HTTP/1.1" 101 -
172.16.3.5 - - [15/Apr/2026:18:33:44 +0200] "POST /rhn/manager/frontend-log HTTP/1.1" 200 16
127.0.0.1 - - [15/Apr/2026:18:33:44 +0200] "GET /rhn/websocket/notifications HTTP/1.1" 101 -
172.16.3.5 - - [15/Apr/2026:18:33:44 +0200] "GET /rhn/channels/manage/Manage.do HTTP/1.1" 200 48875
172.16.3.5 - - [15/Apr/2026:18:33:44 +0200] "POST /rhn/manager/frontend-log HTTP/1.1" 200 16
127.0.0.1 - - [15/Apr/2026:18:33:44 +0200] "GET /rhn/websocket/notifications HTTP/1.1" 101 -
172.16.3.5 - - [15/Apr/2026:18:33:44 +0200] "GET /rhn/channels/manage/Edit.do?cid=128 HTTP/1.1" 200 55788
127.0.0.1 - - [15/Apr/2026:18:33:45 +0200] "GET /rhn/websocket/notifications HTTP/1.1" 101 -
172.16.3.5 - - [15/Apr/2026:18:33:45 +0200] "POST /rhn/manager/frontend-log HTTP/1.1" 200 16
172.16.3.5 - - [15/Apr/2026:18:33:45 +0200] "GET /rhn/channels/manage/Repositories.do?cid=128 HTTP/1.1" 200 48136
127.0.0.1 - - [15/Apr/2026:18:33:45 +0200] "GET /rhn/websocket/notifications HTTP/1.1" 101 -
172.16.3.5 - - [15/Apr/2026:18:33:45 +0200] "POST /rhn/manager/frontend-log HTTP/1.1" 200 16
172.16.3.5 - - [15/Apr/2026:18:33:45 +0200] "POST /rhn/ajax/item-selector HTTP/1.1" 200 35
172.16.3.5 - - [15/Apr/2026:18:33:45 +0200] "POST /rhn/channels/manage/Repositories.do?cid=128 HTTP/1.1" 302 -
172.16.3.5 - - [15/Apr/2026:18:33:46 +0200] "GET /rhn/channels/manage/Repositories.do?cid=128 HTTP/1.1" 200 48700
127.0.0.1 - - [15/Apr/2026:18:33:46 +0200] "GET /rhn/websocket/notifications HTTP/1.1" 101 -
172.16.3.5 - - [15/Apr/2026:18:33:46 +0200] "POST /rhn/manager/frontend-log HTTP/1.1" 200 16
172.16.3.5 - - [15/Apr/2026:18:33:46 +0200] "GET /rhn/manager/login HTTP/1.1" 302 -
172.16.3.5 - - [15/Apr/2026:18:33:46 +0200] "GET /rhn/YourRhn.do HTTP/1.1" 200 38966
::1 - - [15/Apr/2026:18:33:46 +0200] "GET /rhn/errors/404.jsp HTTP/1.1" 404 4500
::1 - - [15/Apr/2026:18:33:46 +0200] "GET /rhn/errors/404.jsp HTTP/1.1" 404 4500
::1 - - [15/Apr/2026:18:33:46 +0200] "GET /rhn/errors/404.jsp HTTP/1.1" 404 4500
::1 - - [15/Apr/2026:18:33:46 +0200] "GET /rhn/errors/404.jsp HTTP/1.1" 404 4500
172.16.3.5 - - [15/Apr/2026:18:33:46 +0200] "POST /rhn/manager/frontend-log HTTP/1.1" 200 16
172.16.3.5 - - [15/Apr/2026:18:33:46 +0200] "POST /rhn/ajax/subscription-warning HTTP/1.1" 200 -
172.16.3.5 - - [15/Apr/2026:18:33:46 +0200] "POST /rhn/ajax/pending-actions HTTP/1.1" 200 636
172.16.3.5 - - [15/Apr/2026:18:33:47 +0200] "POST /rhn/ajax/critical-systems HTTP/1.1" 200 2025
127.0.0.1 - - [15/Apr/2026:18:33:47 +0200] "GET /rhn/websocket/notifications HTTP/1.1" 101 -
172.16.3.5 - - [15/Apr/2026:18:33:47 +0200] "POST /rhn/ajax/latest-errata HTTP/1.1" 200 539
172.16.3.5 - - [15/Apr/2026:18:33:47 +0200] "POST /rhn/ajax/systems-groups HTTP/1.1" 200 1490
172.16.3.5 - - [15/Apr/2026:18:33:47 +0200] "POST /rhn/ajax/inactive-systems HTTP/1.1" 200 540
172.16.3.5 - - [15/Apr/2026:18:33:47 +0200] "POST /rhn/ajax/disk-check-warning HTTP/1.1" 200 -
172.16.3.5 - - [15/Apr/2026:18:33:47 +0200] "POST /rhn/manager/frontend-log HTTP/1.1" 200 16
172.16.3.5 - - [15/Apr/2026:18:33:47 +0200] "POST /rhn/ajax/recent-systems HTTP/1.1" 200 2058
172.16.3.5 - - [15/Apr/2026:18:33:47 +0200] "POST /rhn/ajax/tasks HTTP/1.1" 200 2232
172.16.3.5 - - [15/Apr/2026:18:33:47 +0200] "GET /rhn/channels/manage/Manage.do HTTP/1.1" 200 48875
127.0.0.1 - - [15/Apr/2026:18:33:47 +0200] "GET /rhn/websocket/notifications HTTP/1.1" 101 -
172.16.3.5 - - [15/Apr/2026:18:33:47 +0200] "POST /rhn/manager/frontend-log HTTP/1.1" 200 16
172.16.3.5 - - [15/Apr/2026:18:33:47 +0200] "GET /rhn/channels/manage/Edit.do HTTP/1.1" 200 55889
127.0.0.1 - - [15/Apr/2026:18:33:47 +0200] "GET /rhn/websocket/notifications HTTP/1.1" 101 -
172.16.3.5 - - [15/Apr/2026:18:33:47 +0200] "POST /rhn/manager/frontend-log HTTP/1.1" 200 16
172.16.3.5 - - [15/Apr/2026:18:33:48 +0200] "POST /rhn/channels/manage/Edit.do HTTP/1.1" 302 -
172.16.3.5 - - [15/Apr/2026:18:33:48 +0200] "GET /rhn/channels/manage/Edit.do?cid=131 HTTP/1.1" 200 55949
172.16.3.5 - - [15/Apr/2026:18:33:49 +0200] "POST /rhn/manager/frontend-log HTTP/1.1" 200 16
127.0.0.1 - - [15/Apr/2026:18:33:49 +0200] "GET /rhn/websocket/notifications HTTP/1.1" 101 -
172.16.3.5 - - [15/Apr/2026:18:33:49 +0200] "POST /rhn/manager/frontend-log HTTP/1.1" 200 16
127.0.0.1 - - [15/Apr/2026:18:33:49 +0200] "GET /rhn/websocket/notifications HTTP/1.1" 101 -
::1 - - [15/Apr/2026:18:33:53 +0200] "GET /rhn/manager/login HTTP/1.1" 302 -
172.16.3.5 - - [15/Apr/2026:18:33:53 +0200] "POST /rhn/manager/api/auth/login HTTP/1.1" 200 16
172.16.3.5 - - [15/Apr/2026:18:33:54 +0200] "GET /rhn/manager/api/channel/software/listUserRepos HTTP/1.1" 200 1435
172.16.3.5 - - [15/Apr/2026:18:33:54 +0200] "GET /rhn/manager/api/auth/logout HTTP/1.1" 200 16
172.16.3.5 - - [15/Apr/2026:18:33:54 +0200] "POST /rhn/manager/api/auth/login HTTP/1.1" 200 16
172.16.3.5 - - [15/Apr/2026:18:33:54 +0200] "POST /rhn/manager/api/channel/software/createRepo HTTP/1.1" 200 314
172.16.3.5 - - [15/Apr/2026:18:33:54 +0200] "GET /rhn/manager/api/auth/logout HTTP/1.1" 200 16
172.16.3.5 - - [15/Apr/2026:18:33:54 +0200] "POST /rhn/manager/api/auth/login HTTP/1.1" 200 16
::1 - - [15/Apr/2026:18:33:54 +0200] "GET /rhn/errors/404.jsp HTTP/1.1" 404 4500
172.16.3.5 - - [15/Apr/2026:18:33:54 +0200] "POST /rhn/manager/api/channel/software/associateRepo HTTP/1.1" 200 895
172.16.3.5 - - [15/Apr/2026:18:33:55 +0200] "GET /rhn/manager/api/auth/logout HTTP/1.1" 200 16
172.16.3.5 - - [15/Apr/2026:18:33:55 +0200] "POST /rhn/manager/api/auth/login HTTP/1.1" 200 16
172.16.3.5 - - [15/Apr/2026:18:33:55 +0200] "GET /rhn/manager/api/channel/software/listUserRepos HTTP/1.1" 200 1662
::1 - - [15/Apr/2026:18:33:55 +0200] "GET /rhn/errors/404.jsp HTTP/1.1" 404 4500
172.16.3.5 - - [15/Apr/2026:18:33:55 +0200] "GET /rhn/manager/api/auth/logout HTTP/1.1" 200 16
172.16.3.5 - - [15/Apr/2026:18:33:55 +0200] "POST /rhn/manager/api/auth/login HTTP/1.1" 200 16
172.16.3.5 - - [15/Apr/2026:18:33:55 +0200] "POST /rhn/manager/api/channel/software/createRepo HTTP/1.1" 200 276
172.16.3.5 - - [15/Apr/2026:18:33:55 +0200] "GET /rhn/manager/api/auth/logout HTTP/1.1" 200 16
172.16.3.5 - - [15/Apr/2026:18:33:56 +0200] "POST /rhn/manager/api/auth/login HTTP/1.1" 200 16
172.16.3.5 - - [15/Apr/2026:18:33:56 +0200] "POST /rhn/manager/api/channel/software/associateRepo HTTP/1.1" 200 1146
172.16.3.5 - - [15/Apr/2026:18:33:56 +0200] "GET /rhn/manager/api/auth/logout HTTP/1.1" 200 16
172.16.3.5 - - [15/Apr/2026:18:33:56 +0200] "GET /rhn/channels/manage/Manage.do HTTP/1.1" 200 49507
127.0.0.1 - - [15/Apr/2026:18:33:56 +0200] "GET /rhn/websocket/notifications HTTP/1.1" 101 -
172.16.3.5 - - [15/Apr/2026:18:33:56 +0200] "POST /rhn/manager/frontend-log HTTP/1.1" 200 16
172.16.3.5 - - [15/Apr/2026:18:33:57 +0200] "GET /rhn/channels/manage/Edit.do HTTP/1.1" 200 55889
127.0.0.1 - - [15/Apr/2026:18:33:57 +0200] "GET /rhn/websocket/notifications HTTP/1.1" 101 -
172.16.3.5 - - [15/Apr/2026:18:33:57 +0200] "POST /rhn/manager/frontend-log HTTP/1.1" 200 16
172.16.3.5 - - [15/Apr/2026:18:33:57 +0200] "POST /rhn/channels/manage/Edit.do HTTP/1.1" 302 -
172.16.3.5 - - [15/Apr/2026:18:33:58 +0200] "GET /rhn/channels/manage/Edit.do?cid=132 HTTP/1.1" 200 55995
172.16.3.5 - - [15/Apr/2026:18:33:58 +0200] "POST /rhn/manager/frontend-log HTTP/1.1" 200 16
127.0.0.1 - - [15/Apr/2026:18:33:58 +0200] "GET /rhn/websocket/notifications HTTP/1.1" 101 -
172.16.3.5 - - [15/Apr/2026:18:33:58 +0200] "POST /rhn/manager/frontend-log HTTP/1.1" 200 16
127.0.0.1 - - [15/Apr/2026:18:33:58 +0200] "GET /rhn/websocket/notifications HTTP/1.1" 101 -
172.16.3.5 - - [15/Apr/2026:18:34:01 +0200] "POST /rhn/manager/api/auth/login HTTP/1.1" 200 16
172.16.3.5 - - [15/Apr/2026:18:34:01 +0200] "GET /rhn/manager/api/channel/software/listUserRepos HTTP/1.1" 200 1851
172.16.3.5 - - [15/Apr/2026:18:34:01 +0200] "GET /rhn/manager/api/auth/logout HTTP/1.1" 200 16
172.16.3.5 - - [15/Apr/2026:18:34:01 +0200] "POST /rhn/manager/api/auth/login HTTP/1.1" 200 16
172.16.3.5 - - [15/Apr/2026:18:34:01 +0200] "POST /rhn/manager/api/channel/software/associateRepo HTTP/1.1" 200 883
172.16.3.5 - - [15/Apr/2026:18:34:01 +0200] "GET /rhn/manager/api/auth/logout HTTP/1.1" 200 16
172.16.3.5 - - [15/Apr/2026:18:34:02 +0200] "POST /rhn/manager/api/auth/login HTTP/1.1" 200 16
172.16.3.5 - - [15/Apr/2026:18:34:02 +0200] "GET /rhn/manager/api/channel/software/listUserRepos HTTP/1.1" 200 1851
172.16.3.5 - - [15/Apr/2026:18:34:02 +0200] "GET /rhn/manager/api/auth/logout HTTP/1.1" 200 16
172.16.3.5 - - [15/Apr/2026:18:34:02 +0200] "POST /rhn/manager/api/auth/login HTTP/1.1" 200 16
172.16.3.5 - - [15/Apr/2026:18:34:02 +0200] "POST /rhn/manager/api/channel/software/associateRepo HTTP/1.1" 200 883
172.16.3.5 - - [15/Apr/2026:18:34:02 +0200] "GET /rhn/manager/api/auth/logout HTTP/1.1" 200 16
172.16.3.5 - - [15/Apr/2026:18:34:03 +0200] "GET /rhn/channels/manage/Manage.do HTTP/1.1" 200 50145
172.16.3.5 - - [15/Apr/2026:18:34:03 +0200] "POST /rhn/manager/frontend-log HTTP/1.1" 200 16
127.0.0.1 - - [15/Apr/2026:18:34:03 +0200] "GET /rhn/websocket/notifications HTTP/1.1" 101 -
172.16.3.5 - - [15/Apr/2026:18:34:03 +0200] "GET /rhn/channels/manage/Edit.do HTTP/1.1" 200 55889
172.16.3.5 - - [15/Apr/2026:18:34:03 +0200] "POST /rhn/manager/frontend-log HTTP/1.1" 200 16
127.0.0.1 - - [15/Apr/2026:18:34:03 +0200] "GET /rhn/websocket/notifications HTTP/1.1" 101 -
172.16.3.5 - - [15/Apr/2026:18:34:04 +0200] "POST /rhn/channels/manage/Edit.do HTTP/1.1" 302 -
172.16.3.5 - - [15/Apr/2026:18:34:04 +0200] "GET /rhn/channels/manage/Edit.do?cid=133 HTTP/1.1" 200 56007
172.16.3.5 - - [15/Apr/2026:18:34:04 +0200] "POST /rhn/manager/frontend-log HTTP/1.1" 200 16
172.16.3.5 - - [15/Apr/2026:18:34:04 +0200] "POST /rhn/manager/frontend-log HTTP/1.1" 200 16
127.0.0.1 - - [15/Apr/2026:18:34:05 +0200] "GET /rhn/websocket/notifications HTTP/1.1" 101 -
127.0.0.1 - - [15/Apr/2026:18:34:05 +0200] "GET /rhn/websocket/notifications HTTP/1.1" 101 -
::1 - - [15/Apr/2026:18:34:08 +0200] "GET /rhn/manager/login HTTP/1.1" 302 -
172.16.3.5 - - [15/Apr/2026:18:34:09 +0200] "POST /rhn/manager/api/auth/login HTTP/1.1" 200 16
172.16.3.5 - - [15/Apr/2026:18:34:09 +0200] "GET /rhn/manager/api/channel/software/listUserRepos HTTP/1.1" 200 1851
172.16.3.5 - - [15/Apr/2026:18:34:09 +0200] "GET /rhn/manager/api/auth/logout HTTP/1.1" 200 16
172.16.3.5 - - [15/Apr/2026:18:34:10 +0200] "POST /rhn/manager/api/auth/login HTTP/1.1" 200 16
172.16.3.5 - - [15/Apr/2026:18:34:10 +0200] "POST /rhn/manager/api/channel/software/createRepo HTTP/1.1" 200 303
172.16.3.5 - - [15/Apr/2026:18:34:10 +0200] "GET /rhn/manager/api/auth/logout HTTP/1.1" 200 16
172.16.3.5 - - [15/Apr/2026:18:34:10 +0200] "POST /rhn/manager/api/auth/login HTTP/1.1" 200 16
172.16.3.5 - - [15/Apr/2026:18:34:10 +0200] "POST /rhn/manager/api/channel/software/associateRepo HTTP/1.1" 200 915
172.16.3.5 - - [15/Apr/2026:18:34:10 +0200] "GET /rhn/manager/api/auth/logout HTTP/1.1" 200 16
172.16.3.5 - - [15/Apr/2026:18:34:10 +0200] "POST /rhn/manager/api/auth/login HTTP/1.1" 200 16
172.16.3.5 - - [15/Apr/2026:18:34:11 +0200] "GET /rhn/manager/api/channel/software/listUserRepos HTTP/1.1" 200 2067
172.16.3.5 - - [15/Apr/2026:18:34:11 +0200] "GET /rhn/manager/api/auth/logout HTTP/1.1" 200 16
172.16.3.5 - - [15/Apr/2026:18:34:11 +0200] "POST /rhn/manager/api/auth/login HTTP/1.1" 200 16
172.16.3.5 - - [15/Apr/2026:18:34:11 +0200] "POST /rhn/manager/api/channel/software/associateRepo HTTP/1.1" 200 1166
172.16.3.5 - - [15/Apr/2026:18:34:11 +0200] "GET /rhn/manager/api/auth/logout HTTP/1.1" 200 16
172.16.3.5 - - [15/Apr/2026:18:34:11 +0200] "POST /rhn/manager/api/auth/login HTTP/1.1" 200 16
172.16.3.5 - - [15/Apr/2026:18:34:11 +0200] "GET /rhn/manager/api/channel/software/listUserRepos HTTP/1.1" 200 2067
172.16.3.5 - - [15/Apr/2026:18:34:11 +0200] "GET /rhn/manager/api/auth/logout HTTP/1.1" 200 16
172.16.3.5 - - [15/Apr/2026:18:34:12 +0200] "POST /rhn/manager/api/auth/login HTTP/1.1" 200 16
172.16.3.5 - - [15/Apr/2026:18:34:12 +0200] "POST /rhn/manager/api/channel/software/associateRepo HTTP/1.1" 200 1166
172.16.3.5 - - [15/Apr/2026:18:34:12 +0200] "GET /rhn/manager/api/auth/logout HTTP/1.1" 200 16
172.16.3.5 - - [15/Apr/2026:18:34:12 +0200] "GET /rhn/channels/manage/Manage.do HTTP/1.1" 200 50783
127.0.0.1 - - [15/Apr/2026:18:34:12 +0200] "GET /rhn/websocket/notifications HTTP/1.1" 101 -
172.16.3.5 - - [15/Apr/2026:18:34:12 +0200] "POST /rhn/manager/frontend-log HTTP/1.1" 200 16
172.16.3.5 - - [15/Apr/2026:18:34:13 +0200] "GET /rhn/channels/manage/Edit.do HTTP/1.1" 200 55889
127.0.0.1 - - [15/Apr/2026:18:34:13 +0200] "GET /rhn/websocket/notifications HTTP/1.1" 101 -
172.16.3.5 - - [15/Apr/2026:18:34:13 +0200] "POST /rhn/manager/frontend-log HTTP/1.1" 200 16
172.16.3.5 - - [15/Apr/2026:18:34:13 +0200] "POST /rhn/channels/manage/Edit.do HTTP/1.1" 302 -
172.16.3.5 - - [15/Apr/2026:18:34:14 +0200] "GET /rhn/channels/manage/Edit.do?cid=134 HTTP/1.1" 200 55964
172.16.3.5 - - [15/Apr/2026:18:34:14 +0200] "POST /rhn/manager/frontend-log HTTP/1.1" 200 16
127.0.0.1 - - [15/Apr/2026:18:34:14 +0200] "GET /rhn/websocket/notifications HTTP/1.1" 101 -
172.16.3.5 - - [15/Apr/2026:18:34:14 +0200] "POST /rhn/manager/frontend-log HTTP/1.1" 200 16
127.0.0.1 - - [15/Apr/2026:18:34:14 +0200] "GET /rhn/websocket/notifications HTTP/1.1" 101 -
::1 - - [15/Apr/2026:18:34:15 +0200] "GET /rhn/errors/404.jsp HTTP/1.1" 404 4500
::1 - - [15/Apr/2026:18:34:16 +0200] "GET /rhn/errors/404.jsp HTTP/1.1" 404 4500
172.16.3.5 - - [15/Apr/2026:18:34:16 +0200] "POST /rhn/manager/api/auth/login HTTP/1.1" 200 16
172.16.3.5 - - [15/Apr/2026:18:34:16 +0200] "GET /rhn/manager/api/channel/software/listUserRepos HTTP/1.1" 200 2067
172.16.3.5 - - [15/Apr/2026:18:34:17 +0200] "GET /rhn/manager/api/auth/logout HTTP/1.1" 200 16
172.16.3.5 - - [15/Apr/2026:18:34:17 +0200] "POST /rhn/manager/api/auth/login HTTP/1.1" 200 16
172.16.3.5 - - [15/Apr/2026:18:34:17 +0200] "POST /rhn/manager/api/channel/software/createRepo HTTP/1.1" 200 271
172.16.3.5 - - [15/Apr/2026:18:34:17 +0200] "GET /rhn/manager/api/auth/logout HTTP/1.1" 200 16
172.16.3.5 - - [15/Apr/2026:18:34:17 +0200] "POST /rhn/manager/api/auth/login HTTP/1.1" 200 16
172.16.3.5 - - [15/Apr/2026:18:34:17 +0200] "POST /rhn/manager/api/channel/software/associateRepo HTTP/1.1" 200 858
172.16.3.5 - - [15/Apr/2026:18:34:18 +0200] "GET /rhn/manager/api/auth/logout HTTP/1.1" 200 16
172.16.3.5 - - [15/Apr/2026:18:34:18 +0200] "POST /rhn/manager/api/auth/login HTTP/1.1" 200 16
172.16.3.5 - - [15/Apr/2026:18:34:18 +0200] "GET /rhn/manager/api/channel/software/listUserRepos HTTP/1.1" 200 2251
172.16.3.5 - - [15/Apr/2026:18:34:18 +0200] "GET /rhn/manager/api/auth/logout HTTP/1.1" 200 16
172.16.3.5 - - [15/Apr/2026:18:34:18 +0200] "POST /rhn/manager/api/auth/login HTTP/1.1" 200 16
172.16.3.5 - - [15/Apr/2026:18:34:18 +0200] "POST /rhn/manager/api/channel/software/associateRepo HTTP/1.1" 200 1109
172.16.3.5 - - [15/Apr/2026:18:34:18 +0200] "GET /rhn/manager/api/auth/logout HTTP/1.1" 200 16
172.16.3.5 - - [15/Apr/2026:18:34:19 +0200] "POST /rhn/manager/api/auth/login HTTP/1.1" 200 16
172.16.3.5 - - [15/Apr/2026:18:34:19 +0200] "GET /rhn/manager/api/channel/software/listUserRepos HTTP/1.1" 200 2251
172.16.3.5 - - [15/Apr/2026:18:34:19 +0200] "GET /rhn/manager/api/auth/logout HTTP/1.1" 200 16
172.16.3.5 - - [15/Apr/2026:18:34:19 +0200] "POST /rhn/manager/api/auth/login HTTP/1.1" 200 16
172.16.3.5 - - [15/Apr/2026:18:34:20 +0200] "POST /rhn/manager/api/channel/software/associateRepo HTTP/1.1" 200 1109
172.16.3.5 - - [15/Apr/2026:18:34:20 +0200] "GET /rhn/manager/api/auth/logout HTTP/1.1" 200 16
172.16.3.5 - - [15/Apr/2026:18:34:21 +0200] "GET /rhn/manager/login HTTP/1.1" 302 -
172.16.3.5 - - [15/Apr/2026:18:34:21 +0200] "GET /rhn/YourRhn.do HTTP/1.1" 200 38966
::1 - - [15/Apr/2026:18:34:21 +0200] "GET /rhn/errors/404.jsp HTTP/1.1" 404 4500
172.16.3.5 - - [15/Apr/2026:18:34:21 +0200] "POST /rhn/manager/frontend-log HTTP/1.1" 200 16
172.16.3.5 - - [15/Apr/2026:18:34:22 +0200] "POST /rhn/ajax/disk-check-warning HTTP/1.1" 200 -
172.16.3.5 - - [15/Apr/2026:18:34:22 +0200] "POST /rhn/ajax/inactive-systems HTTP/1.1" 200 540
172.16.3.5 - - [15/Apr/2026:18:34:22 +0200] "POST /rhn/ajax/subscription-warning HTTP/1.1" 200 -
127.0.0.1 - - [15/Apr/2026:18:34:22 +0200] "GET /rhn/websocket/notifications HTTP/1.1" 101 -
172.16.3.5 - - [15/Apr/2026:18:34:22 +0200] "POST /rhn/ajax/critical-systems HTTP/1.1" 200 2025
172.16.3.5 - - [15/Apr/2026:18:34:22 +0200] "POST /rhn/ajax/pending-actions HTTP/1.1" 200 636
172.16.3.5 - - [15/Apr/2026:18:34:22 +0200] "POST /rhn/ajax/latest-errata HTTP/1.1" 200 539
172.16.3.5 - - [15/Apr/2026:18:34:22 +0200] "POST /rhn/ajax/tasks HTTP/1.1" 200 2232
172.16.3.5 - - [15/Apr/2026:18:34:22 +0200] "POST /rhn/ajax/recent-systems HTTP/1.1" 200 2058
127.0.0.1 - - [15/Apr/2026:18:34:22 +0200] "GET /rhn/websocket/notifications HTTP/1.1" 101 -
172.16.3.5 - - [15/Apr/2026:18:34:22 +0200] "POST /rhn/ajax/systems-groups HTTP/1.1" 200 1490
172.16.3.5 - - [15/Apr/2026:18:34:22 +0200] "POST /rhn/manager/frontend-log HTTP/1.1" 200 16
::1 - - [15/Apr/2026:18:34:23 +0200] "GET /rhn/errors/404.jsp HTTP/1.1" 404 4500
::1 - - [15/Apr/2026:18:34:24 +0200] "GET /rhn/manager/login HTTP/1.1" 302 -
172.16.3.5 - - [15/Apr/2026:18:34:25 +0200] "GET /rhn/manager/login HTTP/1.1" 302 -
172.16.3.5 - - [15/Apr/2026:18:34:25 +0200] "GET /rhn/YourRhn.do HTTP/1.1" 200 38966
172.16.3.5 - - [15/Apr/2026:18:34:25 +0200] "POST /rhn/manager/frontend-log HTTP/1.1" 200 16
172.16.3.5 - - [15/Apr/2026:18:34:25 +0200] "POST /rhn/ajax/critical-systems HTTP/1.1" 200 2025
172.16.3.5 - - [15/Apr/2026:18:34:25 +0200] "POST /rhn/ajax/inactive-systems HTTP/1.1" 200 540
172.16.3.5 - - [15/Apr/2026:18:34:25 +0200] "POST /rhn/ajax/pending-actions HTTP/1.1" 200 636
127.0.0.1 - - [15/Apr/2026:18:34:25 +0200] "GET /rhn/websocket/notifications HTTP/1.1" 101 -
172.16.3.5 - - [15/Apr/2026:18:34:26 +0200] "POST /rhn/ajax/subscription-warning HTTP/1.1" 200 -
172.16.3.5 - - [15/Apr/2026:18:34:26 +0200] "POST /rhn/ajax/latest-errata HTTP/1.1" 200 539
172.16.3.5 - - [15/Apr/2026:18:34:26 +0200] "POST /rhn/ajax/disk-check-warning HTTP/1.1" 200 -
172.16.3.5 - - [15/Apr/2026:18:34:26 +0200] "POST /rhn/ajax/tasks HTTP/1.1" 200 2232
172.16.3.5 - - [15/Apr/2026:18:34:26 +0200] "POST /rhn/manager/frontend-log HTTP/1.1" 200 16
172.16.3.5 - - [15/Apr/2026:18:34:26 +0200] "POST /rhn/ajax/recent-systems HTTP/1.1" 200 2058
172.16.3.5 - - [15/Apr/2026:18:34:26 +0200] "POST /rhn/ajax/systems-groups HTTP/1.1" 200 1490
172.16.3.5 - - [15/Apr/2026:18:34:26 +0200] "GET /rhn/channels/manage/Manage.do HTTP/1.1" 200 51420
127.0.0.1 - - [15/Apr/2026:18:34:26 +0200] "GET /rhn/websocket/notifications HTTP/1.1" 101 -
172.16.3.5 - - [15/Apr/2026:18:34:26 +0200] "POST /rhn/manager/frontend-log HTTP/1.1" 200 16
172.16.3.5 - - [15/Apr/2026:18:34:26 +0200] "GET /rhn/channels/manage/Edit.do?cid=123 HTTP/1.1" 200 55984
127.0.0.1 - - [15/Apr/2026:18:34:26 +0200] "GET /rhn/websocket/notifications HTTP/1.1" 101 -
172.16.3.5 - - [15/Apr/2026:18:34:26 +0200] "POST /rhn/manager/frontend-log HTTP/1.1" 200 16
172.16.3.5 - - [15/Apr/2026:18:34:27 +0200] "GET /rhn/channels/manage/Repositories.do?cid=123 HTTP/1.1" 200 51409
127.0.0.1 - - [15/Apr/2026:18:34:27 +0200] "GET /rhn/websocket/notifications HTTP/1.1" 101 -
172.16.3.5 - - [15/Apr/2026:18:34:27 +0200] "POST /rhn/manager/frontend-log HTTP/1.1" 200 16
172.16.3.5 - - [15/Apr/2026:18:34:27 +0200] "GET /rhn/channels/manage/Sync.do?cid=123 HTTP/1.1" 200 43622
127.0.0.1 - - [15/Apr/2026:18:34:27 +0200] "GET /rhn/websocket/notifications HTTP/1.1" 101 -
172.16.3.5 - - [15/Apr/2026:18:34:27 +0200] "POST /rhn/manager/frontend-log HTTP/1.1" 200 16
172.16.3.5 - - [15/Apr/2026:18:34:29 +0200] "POST /rhn/channels/manage/Sync.do?cid=123 HTTP/1.1" 302 -
172.16.3.5 - - [15/Apr/2026:18:34:30 +0200] "GET /rhn/channels/manage/Sync.do?cid=123 HTTP/1.1" 200 43734
127.0.0.1 - - [15/Apr/2026:18:34:30 +0200] "GET /rhn/websocket/notifications HTTP/1.1" 101 -
172.16.3.5 - - [15/Apr/2026:18:34:30 +0200] "POST /rhn/manager/frontend-log HTTP/1.1" 200 16
::1 - - [15/Apr/2026:18:34:31 +0200] "GET /rhn/errors/404.jsp HTTP/1.1" 404 4500
::1 - - [15/Apr/2026:18:34:33 +0200] "GET /rhn/errors/404.jsp HTTP/1.1" 404 4500
::1 - - [15/Apr/2026:18:34:39 +0200] "GET /rhn/manager/login HTTP/1.1" 302 -
172.16.3.5 - - [15/Apr/2026:18:34:54 +0200] "GET /rhn/manager/login HTTP/1.1" 302 -
172.16.3.5 - - [15/Apr/2026:18:34:54 +0200] "GET /rhn/YourRhn.do HTTP/1.1" 200 38966
172.16.3.5 - - [15/Apr/2026:18:34:55 +0200] "POST /rhn/manager/frontend-log HTTP/1.1" 200 16
127.0.0.1 - - [15/Apr/2026:18:34:55 +0200] "GET /rhn/websocket/notifications HTTP/1.1" 101 -
172.16.3.5 - - [15/Apr/2026:18:34:55 +0200] "POST /rhn/ajax/pending-actions HTTP/1.1" 200 636
172.16.3.5 - - [15/Apr/2026:18:34:55 +0200] "POST /rhn/ajax/critical-systems HTTP/1.1" 200 2025
172.16.3.5 - - [15/Apr/2026:18:34:55 +0200] "POST /rhn/ajax/disk-check-warning HTTP/1.1" 200 -
172.16.3.5 - - [15/Apr/2026:18:34:55 +0200] "POST /rhn/ajax/subscription-warning HTTP/1.1" 200 -
172.16.3.5 - - [15/Apr/2026:18:34:55 +0200] "POST /rhn/ajax/inactive-systems HTTP/1.1" 200 540
172.16.3.5 - - [15/Apr/2026:18:34:55 +0200] "POST /rhn/ajax/latest-errata HTTP/1.1" 200 539
172.16.3.5 - - [15/Apr/2026:18:34:55 +0200] "POST /rhn/manager/frontend-log HTTP/1.1" 200 16
172.16.3.5 - - [15/Apr/2026:18:34:56 +0200] "POST /rhn/ajax/recent-systems HTTP/1.1" 200 2058
172.16.3.5 - - [15/Apr/2026:18:34:56 +0200] "POST /rhn/ajax/systems-groups HTTP/1.1" 200 1490
172.16.3.5 - - [15/Apr/2026:18:34:56 +0200] "GET /rhn/channels/manage/Manage.do HTTP/1.1" 200 51420
172.16.3.5 - - [15/Apr/2026:18:34:56 +0200] "POST /rhn/ajax/tasks HTTP/1.1" 200 2232
127.0.0.1 - - [15/Apr/2026:18:34:56 +0200] "GET /rhn/websocket/notifications HTTP/1.1" 101 -
172.16.3.5 - - [15/Apr/2026:18:34:56 +0200] "POST /rhn/manager/frontend-log HTTP/1.1" 200 16
172.16.3.5 - - [15/Apr/2026:18:34:56 +0200] "GET /rhn/channels/manage/Edit.do?cid=125 HTTP/1.1" 200 55974
127.0.0.1 - - [15/Apr/2026:18:34:57 +0200] "GET /rhn/websocket/notifications HTTP/1.1" 101 -
172.16.3.5 - - [15/Apr/2026:18:34:57 +0200] "POST /rhn/manager/frontend-log HTTP/1.1" 200 16
172.16.3.5 - - [15/Apr/2026:18:34:57 +0200] "GET /rhn/channels/manage/Repositories.do?cid=125 HTTP/1.1" 200 51411
::1 - - [15/Apr/2026:18:34:57 +0200] "GET /rhn/manager/login HTTP/1.1" 302 -
172.16.3.5 - - [15/Apr/2026:18:34:57 +0200] "POST /rhn/manager/frontend-log HTTP/1.1" 200 16
127.0.0.1 - - [15/Apr/2026:18:34:57 +0200] "GET /rhn/websocket/notifications HTTP/1.1" 101 -
172.16.3.5 - - [15/Apr/2026:18:34:57 +0200] "GET /rhn/channels/manage/Sync.do?cid=125 HTTP/1.1" 200 43627
127.0.0.1 - - [15/Apr/2026:18:34:57 +0200] "GET /rhn/websocket/notifications HTTP/1.1" 101 -
172.16.3.5 - - [15/Apr/2026:18:34:57 +0200] "POST /rhn/manager/frontend-log HTTP/1.1" 200 16
172.16.3.5 - - [15/Apr/2026:18:34:59 +0200] "POST /rhn/channels/manage/Sync.do?cid=125 HTTP/1.1" 302 -
172.16.3.5 - - [15/Apr/2026:18:34:59 +0200] "GET /rhn/channels/manage/Sync.do?cid=125 HTTP/1.1" 200 43741
172.16.3.5 - - [15/Apr/2026:18:34:59 +0200] "POST /rhn/manager/frontend-log HTTP/1.1" 200 16
127.0.0.1 - - [15/Apr/2026:18:34:59 +0200] "GET /rhn/websocket/notifications HTTP/1.1" 101 -
::1 - - [15/Apr/2026:18:35:12 +0200] "GET /rhn/manager/login HTTP/1.1" 302 -
172.16.3.5 - - [15/Apr/2026:18:35:12 +0200] "GET /rhn/manager/login HTTP/1.1" 302 -
172.16.3.5 - - [15/Apr/2026:18:35:12 +0200] "GET /rhn/YourRhn.do HTTP/1.1" 200 38966
172.16.3.5 - - [15/Apr/2026:18:35:13 +0200] "POST /rhn/manager/frontend-log HTTP/1.1" 200 16
127.0.0.1 - - [15/Apr/2026:18:35:13 +0200] "GET /rhn/websocket/notifications HTTP/1.1" 101 -
172.16.3.5 - - [15/Apr/2026:18:35:13 +0200] "POST /rhn/ajax/disk-check-warning HTTP/1.1" 200 -
172.16.3.5 - - [15/Apr/2026:18:35:13 +0200] "POST /rhn/ajax/inactive-systems HTTP/1.1" 200 540
172.16.3.5 - - [15/Apr/2026:18:35:13 +0200] "POST /rhn/ajax/subscription-warning HTTP/1.1" 200 -
172.16.3.5 - - [15/Apr/2026:18:35:13 +0200] "POST /rhn/ajax/pending-actions HTTP/1.1" 200 636
172.16.3.5 - - [15/Apr/2026:18:35:13 +0200] "POST /rhn/ajax/tasks HTTP/1.1" 200 2232
172.16.3.5 - - [15/Apr/2026:18:35:13 +0200] "POST /rhn/ajax/critical-systems HTTP/1.1" 200 2025
172.16.3.5 - - [15/Apr/2026:18:35:13 +0200] "POST /rhn/ajax/systems-groups HTTP/1.1" 200 1490
127.0.0.1 - - [15/Apr/2026:18:35:13 +0200] "GET /rhn/websocket/notifications HTTP/1.1" 101 -
172.16.3.5 - - [15/Apr/2026:18:35:13 +0200] "POST /rhn/ajax/latest-errata HTTP/1.1" 200 539
172.16.3.5 - - [15/Apr/2026:18:35:13 +0200] "POST /rhn/ajax/recent-systems HTTP/1.1" 200 2058
172.16.3.5 - - [15/Apr/2026:18:35:13 +0200] "POST /rhn/manager/frontend-log HTTP/1.1" 200 16
172.16.3.5 - - [15/Apr/2026:18:35:13 +0200] "GET /rhn/channels/manage/Manage.do HTTP/1.1" 200 51420
127.0.0.1 - - [15/Apr/2026:18:35:13 +0200] "GET /rhn/websocket/notifications HTTP/1.1" 101 -
172.16.3.5 - - [15/Apr/2026:18:35:13 +0200] "POST /rhn/manager/frontend-log HTTP/1.1" 200 16
172.16.3.5 - - [15/Apr/2026:18:35:14 +0200] "GET /rhn/channels/manage/Edit.do?cid=127 HTTP/1.1" 200 56010
127.0.0.1 - - [15/Apr/2026:18:35:14 +0200] "GET /rhn/websocket/notifications HTTP/1.1" 101 -
172.16.3.5 - - [15/Apr/2026:18:35:14 +0200] "POST /rhn/manager/frontend-log HTTP/1.1" 200 16
172.16.3.5 - - [15/Apr/2026:18:35:14 +0200] "GET /rhn/channels/manage/Repositories.do?cid=127 HTTP/1.1" 200 51413
127.0.0.1 - - [15/Apr/2026:18:35:14 +0200] "GET /rhn/websocket/notifications HTTP/1.1" 101 -
172.16.3.5 - - [15/Apr/2026:18:35:14 +0200] "POST /rhn/manager/frontend-log HTTP/1.1" 200 16
172.16.3.5 - - [15/Apr/2026:18:35:14 +0200] "GET /rhn/channels/manage/Sync.do?cid=127 HTTP/1.1" 200 43630
127.0.0.1 - - [15/Apr/2026:18:35:15 +0200] "GET /rhn/websocket/notifications HTTP/1.1" 101 -
172.16.3.5 - - [15/Apr/2026:18:35:15 +0200] "POST /rhn/manager/frontend-log HTTP/1.1" 200 16
172.16.3.5 - - [15/Apr/2026:18:35:16 +0200] "POST /rhn/channels/manage/Sync.do?cid=127 HTTP/1.1" 302 -
172.16.3.5 - - [15/Apr/2026:18:35:16 +0200] "GET /rhn/channels/manage/Sync.do?cid=127 HTTP/1.1" 200 43746
172.16.3.5 - - [15/Apr/2026:18:35:17 +0200] "POST /rhn/manager/frontend-log HTTP/1.1" 200 16
127.0.0.1 - - [15/Apr/2026:18:35:17 +0200] "GET /rhn/websocket/notifications HTTP/1.1" 101 -
::1 - - [15/Apr/2026:18:35:19 +0200] "GET /rhn/errors/404.jsp HTTP/1.1" 404 4500
::1 - - [15/Apr/2026:18:35:20 +0200] "GET /rhn/errors/404.jsp HTTP/1.1" 404 4500
::1 - - [15/Apr/2026:18:35:27 +0200] "GET /rhn/manager/login HTTP/1.1" 302 -
172.16.3.5 - - [15/Apr/2026:18:35:29 +0200] "GET /rhn/manager/login HTTP/1.1" 302 -
172.16.3.5 - - [15/Apr/2026:18:35:29 +0200] "GET /rhn/YourRhn.do HTTP/1.1" 200 38966
172.16.3.5 - - [15/Apr/2026:18:35:29 +0200] "POST /rhn/manager/frontend-log HTTP/1.1" 200 16
