::1 - - [15/Apr/2026:16:18:57 +0200] "GET /rhn/manager/login HTTP/1.1" 302 -
172.16.3.5 - - [15/Apr/2026:16:18:57 +0200] "POST /rhn/manager/frontend-log HTTP/1.1" 200 16
127.0.0.1 - - [15/Apr/2026:16:18:57 +0200] "GET /rhn/websocket/notifications HTTP/1.1" 101 -
172.16.3.5 - - [15/Apr/2026:16:18:57 +0200] "GET /rhn/channels/manage/Manage.do HTTP/1.1" 200 47908
127.0.0.1 - - [15/Apr/2026:16:18:58 +0200] "GET /rhn/websocket/notifications HTTP/1.1" 101 -
172.16.3.5 - - [15/Apr/2026:16:18:58 +0200] "POST /rhn/manager/frontend-log HTTP/1.1" 200 16
172.16.3.5 - - [15/Apr/2026:16:18:58 +0200] "GET /rhn/channels/manage/Edit.do HTTP/1.1" 200 55447
127.0.0.1 - - [15/Apr/2026:16:18:58 +0200] "GET /rhn/websocket/notifications HTTP/1.1" 101 -
172.16.3.5 - - [15/Apr/2026:16:18:58 +0200] "POST /rhn/manager/frontend-log HTTP/1.1" 200 16
172.16.3.5 - - [15/Apr/2026:16:18:59 +0200] "POST /rhn/channels/manage/Edit.do HTTP/1.1" 302 -
172.16.3.5 - - [15/Apr/2026:16:18:59 +0200] "GET /rhn/channels/manage/Edit.do?cid=129 HTTP/1.1" 200 55778
172.16.3.5 - - [15/Apr/2026:16:18:59 +0200] "POST /rhn/manager/frontend-log HTTP/1.1" 200 16
127.0.0.1 - - [15/Apr/2026:16:18:59 +0200] "GET /rhn/websocket/notifications HTTP/1.1" 101 -
172.16.3.5 - - [15/Apr/2026:16:18:59 +0200] "POST /rhn/manager/frontend-log HTTP/1.1" 200 16
127.0.0.1 - - [15/Apr/2026:16:18:59 +0200] "GET /rhn/websocket/notifications HTTP/1.1" 101 -
172.16.3.5 - - [15/Apr/2026:16:18:59 +0200] "GET /rhn/channels/manage/Manage.do HTTP/1.1" 200 48390
172.16.3.5 - - [15/Apr/2026:16:18:59 +0200] "POST /rhn/manager/frontend-log HTTP/1.1" 200 16
127.0.0.1 - - [15/Apr/2026:16:18:59 +0200] "GET /rhn/websocket/notifications HTTP/1.1" 101 -
172.16.3.5 - - [15/Apr/2026:16:19:00 +0200] "GET /rhn/channels/manage/Edit.do HTTP/1.1" 200 55668
172.16.3.5 - - [15/Apr/2026:16:19:00 +0200] "POST /rhn/manager/frontend-log HTTP/1.1" 200 16
127.0.0.1 - - [15/Apr/2026:16:19:00 +0200] "GET /rhn/websocket/notifications HTTP/1.1" 101 -
172.16.3.5 - - [15/Apr/2026:16:19:00 +0200] "POST /rhn/channels/manage/Edit.do HTTP/1.1" 302 -
172.16.3.5 - - [15/Apr/2026:16:19:01 +0200] "GET /rhn/channels/manage/Edit.do?cid=130 HTTP/1.1" 200 55962
172.16.3.5 - - [15/Apr/2026:16:19:01 +0200] "POST /rhn/manager/frontend-log HTTP/1.1" 200 16
127.0.0.1 - - [15/Apr/2026:16:19:01 +0200] "GET /rhn/websocket/notifications HTTP/1.1" 101 -
172.16.3.5 - - [15/Apr/2026:16:19:01 +0200] "POST /rhn/manager/frontend-log HTTP/1.1" 200 16
127.0.0.1 - - [15/Apr/2026:16:19:01 +0200] "GET /rhn/websocket/notifications HTTP/1.1" 101 -
172.16.3.5 - - [15/Apr/2026:16:19:01 +0200] "GET /rhn/manager/login HTTP/1.1" 302 -
172.16.3.5 - - [15/Apr/2026:16:19:01 +0200] "GET /rhn/YourRhn.do HTTP/1.1" 200 38967
172.16.3.5 - - [15/Apr/2026:16:19:01 +0200] "POST /rhn/ajax/subscription-warning HTTP/1.1" 200 -
172.16.3.5 - - [15/Apr/2026:16:19:01 +0200] "POST /rhn/manager/frontend-log HTTP/1.1" 200 16
172.16.3.5 - - [15/Apr/2026:16:19:02 +0200] "POST /rhn/ajax/inactive-systems HTTP/1.1" 200 540
172.16.3.5 - - [15/Apr/2026:16:19:02 +0200] "POST /rhn/ajax/disk-check-warning HTTP/1.1" 200 -
127.0.0.1 - - [15/Apr/2026:16:19:02 +0200] "GET /rhn/websocket/notifications HTTP/1.1" 101 -
172.16.3.5 - - [15/Apr/2026:16:19:02 +0200] "POST /rhn/ajax/latest-errata HTTP/1.1" 200 539
172.16.3.5 - - [15/Apr/2026:16:19:02 +0200] "POST /rhn/ajax/pending-actions HTTP/1.1" 200 636
172.16.3.5 - - [15/Apr/2026:16:19:02 +0200] "POST /rhn/ajax/tasks HTTP/1.1" 200 2232
172.16.3.5 - - [15/Apr/2026:16:19:02 +0200] "POST /rhn/ajax/recent-systems HTTP/1.1" 200 2059
172.16.3.5 - - [15/Apr/2026:16:19:02 +0200] "POST /rhn/ajax/systems-groups HTTP/1.1" 200 1491
172.16.3.5 - - [15/Apr/2026:16:19:02 +0200] "POST /rhn/manager/frontend-log HTTP/1.1" 200 16
172.16.3.5 - - [15/Apr/2026:16:19:02 +0200] "POST /rhn/ajax/critical-systems HTTP/1.1" 200 2026
172.16.3.5 - - [15/Apr/2026:16:19:02 +0200] "GET /rhn/channels/manage/repos/RepoList.do HTTP/1.1" 200 42222
127.0.0.1 - - [15/Apr/2026:16:19:02 +0200] "GET /rhn/websocket/notifications HTTP/1.1" 101 -
172.16.3.5 - - [15/Apr/2026:16:19:02 +0200] "POST /rhn/manager/frontend-log HTTP/1.1" 200 16
172.16.3.5 - - [15/Apr/2026:16:19:03 +0200] "GET /rhn/channels/manage/repos/RepoCreate.do HTTP/1.1" 200 41429
127.0.0.1 - - [15/Apr/2026:16:19:03 +0200] "GET /rhn/websocket/notifications HTTP/1.1" 101 -
172.16.3.5 - - [15/Apr/2026:16:19:03 +0200] "POST /rhn/manager/frontend-log HTTP/1.1" 200 16
172.16.3.5 - - [15/Apr/2026:16:19:03 +0200] "POST /rhn/channels/manage/repos/RepoCreate.do HTTP/1.1" 302 -
172.16.3.5 - - [15/Apr/2026:16:19:03 +0200] "GET /rhn/channels/manage/repos/RepoEdit.do?id=520 HTTP/1.1" 200 42077
172.16.3.5 - - [15/Apr/2026:16:19:04 +0200] "POST /rhn/manager/frontend-log HTTP/1.1" 200 16
172.16.3.5 - - [15/Apr/2026:16:19:04 +0200] "POST /rhn/manager/frontend-log HTTP/1.1" 200 16
127.0.0.1 - - [15/Apr/2026:16:19:04 +0200] "GET /rhn/websocket/notifications HTTP/1.1" 101 -
172.16.3.5 - - [15/Apr/2026:16:19:04 +0200] "GET /rhn/channels/manage/repos/RepoList.do HTTP/1.1" 200 42583
127.0.0.1 - - [15/Apr/2026:16:19:04 +0200] "GET /rhn/websocket/notifications HTTP/1.1" 101 -
172.16.3.5 - - [15/Apr/2026:16:19:04 +0200] "GET /rhn/channels/manage/repos/RepoEdit.do?id=520 HTTP/1.1" 200 41986
172.16.3.5 - - [15/Apr/2026:16:19:04 +0200] "POST /rhn/manager/frontend-log HTTP/1.1" 200 16
127.0.0.1 - - [15/Apr/2026:16:19:04 +0200] "GET /rhn/websocket/notifications HTTP/1.1" 101 -
172.16.3.5 - - [15/Apr/2026:16:19:05 +0200] "POST /rhn/manager/frontend-log HTTP/1.1" 200 16
::1 - - [15/Apr/2026:16:19:12 +0200] "GET /rhn/manager/login HTTP/1.1" 302 -
172.16.3.5 - - [15/Apr/2026:16:19:15 +0200] "POST /rhn/channels/manage/repos/RepoEdit.do HTTP/1.1" 302 -
172.16.3.5 - - [15/Apr/2026:16:19:15 +0200] "GET /rhn/channels/manage/repos/RepoEdit.do?id=520 HTTP/1.1" 200 42059
172.16.3.5 - - [15/Apr/2026:16:19:15 +0200] "POST /rhn/manager/frontend-log HTTP/1.1" 200 16
127.0.0.1 - - [15/Apr/2026:16:19:15 +0200] "GET /rhn/websocket/notifications HTTP/1.1" 101 -
172.16.3.5 - - [15/Apr/2026:16:19:15 +0200] "POST /rhn/manager/frontend-log HTTP/1.1" 200 16
127.0.0.1 - - [15/Apr/2026:16:19:15 +0200] "GET /rhn/websocket/notifications HTTP/1.1" 101 -
172.16.3.5 - - [15/Apr/2026:16:19:15 +0200] "GET /rhn/channels/manage/repos/RepoList.do HTTP/1.1" 200 42583
127.0.0.1 - - [15/Apr/2026:16:19:15 +0200] "GET /rhn/websocket/notifications HTTP/1.1" 101 -
172.16.3.5 - - [15/Apr/2026:16:19:15 +0200] "POST /rhn/manager/frontend-log HTTP/1.1" 200 16
172.16.3.5 - - [15/Apr/2026:16:19:16 +0200] "GET /rhn/channels/manage/repos/RepoCreate.do HTTP/1.1" 200 41429
127.0.0.1 - - [15/Apr/2026:16:19:16 +0200] "GET /rhn/websocket/notifications HTTP/1.1" 101 -
172.16.3.5 - - [15/Apr/2026:16:19:16 +0200] "POST /rhn/manager/frontend-log HTTP/1.1" 200 16
172.16.3.5 - - [15/Apr/2026:16:19:16 +0200] "POST /rhn/channels/manage/repos/RepoCreate.do HTTP/1.1" 302 -
172.16.3.5 - - [15/Apr/2026:16:19:16 +0200] "GET /rhn/channels/manage/repos/RepoEdit.do?id=521 HTTP/1.1" 200 42088
172.16.3.5 - - [15/Apr/2026:16:19:16 +0200] "POST /rhn/manager/frontend-log HTTP/1.1" 200 16
127.0.0.1 - - [15/Apr/2026:16:19:16 +0200] "GET /rhn/websocket/notifications HTTP/1.1" 101 -
127.0.0.1 - - [15/Apr/2026:16:19:17 +0200] "GET /rhn/websocket/notifications HTTP/1.1" 101 -
172.16.3.5 - - [15/Apr/2026:16:19:17 +0200] "POST /rhn/manager/frontend-log HTTP/1.1" 200 16
172.16.3.5 - - [15/Apr/2026:16:19:17 +0200] "GET /rhn/channels/manage/repos/RepoList.do HTTP/1.1" 200 42949
172.16.3.5 - - [15/Apr/2026:16:19:17 +0200] "POST /rhn/manager/frontend-log HTTP/1.1" 200 16
127.0.0.1 - - [15/Apr/2026:16:19:17 +0200] "GET /rhn/websocket/notifications HTTP/1.1" 101 -
172.16.3.5 - - [15/Apr/2026:16:19:17 +0200] "GET /rhn/channels/manage/repos/RepoEdit.do?id=521 HTTP/1.1" 200 41997
127.0.0.1 - - [15/Apr/2026:16:19:17 +0200] "GET /rhn/websocket/notifications HTTP/1.1" 101 -
172.16.3.5 - - [15/Apr/2026:16:19:18 +0200] "POST /rhn/manager/frontend-log HTTP/1.1" 200 16
::1 - - [15/Apr/2026:16:19:27 +0200] "GET /rhn/manager/login HTTP/1.1" 302 -
172.16.3.5 - - [15/Apr/2026:16:19:28 +0200] "POST /rhn/channels/manage/repos/RepoEdit.do HTTP/1.1" 302 -
172.16.3.5 - - [15/Apr/2026:16:19:28 +0200] "GET /rhn/channels/manage/repos/RepoEdit.do?id=521 HTTP/1.1" 200 42070
172.16.3.5 - - [15/Apr/2026:16:19:28 +0200] "POST /rhn/manager/frontend-log HTTP/1.1" 200 16
127.0.0.1 - - [15/Apr/2026:16:19:28 +0200] "GET /rhn/websocket/notifications HTTP/1.1" 101 -
172.16.3.5 - - [15/Apr/2026:16:19:28 +0200] "POST /rhn/manager/frontend-log HTTP/1.1" 200 16
127.0.0.1 - - [15/Apr/2026:16:19:28 +0200] "GET /rhn/websocket/notifications HTTP/1.1" 101 -
172.16.3.5 - - [15/Apr/2026:16:19:28 +0200] "GET /rhn/channels/manage/Manage.do HTTP/1.1" 200 48875
127.0.0.1 - - [15/Apr/2026:16:19:28 +0200] "GET /rhn/websocket/notifications HTTP/1.1" 101 -
172.16.3.5 - - [15/Apr/2026:16:19:28 +0200] "POST /rhn/manager/frontend-log HTTP/1.1" 200 16
172.16.3.5 - - [15/Apr/2026:16:19:29 +0200] "GET /rhn/channels/manage/Edit.do?cid=123 HTTP/1.1" 200 55846
127.0.0.1 - - [15/Apr/2026:16:19:29 +0200] "GET /rhn/websocket/notifications HTTP/1.1" 101 -
172.16.3.5 - - [15/Apr/2026:16:19:29 +0200] "POST /rhn/manager/frontend-log HTTP/1.1" 200 16
172.16.3.5 - - [15/Apr/2026:16:19:29 +0200] "POST /rhn/channels/manage/Edit.do HTTP/1.1" 302 -
172.16.3.5 - - [15/Apr/2026:16:19:29 +0200] "GET /rhn/channels/manage/Edit.do?cid=123 HTTP/1.1" 200 56020
127.0.0.1 - - [15/Apr/2026:16:19:30 +0200] "GET /rhn/websocket/notifications HTTP/1.1" 101 -
172.16.3.5 - - [15/Apr/2026:16:19:30 +0200] "POST /rhn/manager/frontend-log HTTP/1.1" 200 16
172.16.3.5 - - [15/Apr/2026:16:19:30 +0200] "POST /rhn/manager/frontend-log HTTP/1.1" 200 16
127.0.0.1 - - [15/Apr/2026:16:19:30 +0200] "GET /rhn/websocket/notifications HTTP/1.1" 101 -
172.16.3.5 - - [15/Apr/2026:16:19:30 +0200] "GET /rhn/channels/manage/Repositories.do?cid=123 HTTP/1.1" 200 46789
172.16.3.5 - - [15/Apr/2026:16:19:30 +0200] "POST /rhn/manager/frontend-log HTTP/1.1" 200 16
127.0.0.1 - - [15/Apr/2026:16:19:30 +0200] "GET /rhn/websocket/notifications HTTP/1.1" 101 -
172.16.3.5 - - [15/Apr/2026:16:19:30 +0200] "POST /rhn/ajax/item-selector HTTP/1.1" 200 35
172.16.3.5 - - [15/Apr/2026:16:19:31 +0200] "POST /rhn/channels/manage/Repositories.do?cid=123 HTTP/1.1" 302 -
172.16.3.5 - - [15/Apr/2026:16:19:31 +0200] "GET /rhn/channels/manage/Repositories.do?cid=123 HTTP/1.1" 200 47345
127.0.0.1 - - [15/Apr/2026:16:19:31 +0200] "GET /rhn/websocket/notifications HTTP/1.1" 101 -
172.16.3.5 - - [15/Apr/2026:16:19:31 +0200] "POST /rhn/manager/frontend-log HTTP/1.1" 200 16
172.16.3.5 - - [15/Apr/2026:16:19:32 +0200] "GET /rhn/channels/manage/Manage.do HTTP/1.1" 200 48875
172.16.3.5 - - [15/Apr/2026:16:19:32 +0200] "POST /rhn/manager/frontend-log HTTP/1.1" 200 16
127.0.0.1 - - [15/Apr/2026:16:19:32 +0200] "GET /rhn/websocket/notifications HTTP/1.1" 101 -
172.16.3.5 - - [15/Apr/2026:16:19:32 +0200] "GET /rhn/channels/manage/Edit.do?cid=127 HTTP/1.1" 200 55868
127.0.0.1 - - [15/Apr/2026:16:19:32 +0200] "GET /rhn/websocket/notifications HTTP/1.1" 101 -
172.16.3.5 - - [15/Apr/2026:16:19:32 +0200] "POST /rhn/manager/frontend-log HTTP/1.1" 200 16
172.16.3.5 - - [15/Apr/2026:16:19:32 +0200] "POST /rhn/channels/manage/Edit.do HTTP/1.1" 302 -
172.16.3.5 - - [15/Apr/2026:16:19:33 +0200] "GET /rhn/channels/manage/Edit.do?cid=127 HTTP/1.1" 200 56046
172.16.3.5 - - [15/Apr/2026:16:19:33 +0200] "POST /rhn/manager/frontend-log HTTP/1.1" 200 16
127.0.0.1 - - [15/Apr/2026:16:19:33 +0200] "GET /rhn/websocket/notifications HTTP/1.1" 101 -
172.16.3.5 - - [15/Apr/2026:16:19:33 +0200] "POST /rhn/manager/frontend-log HTTP/1.1" 200 16
172.16.3.5 - - [15/Apr/2026:16:19:33 +0200] "GET /rhn/channels/manage/Repositories.do?cid=127 HTTP/1.1" 200 46793
127.0.0.1 - - [15/Apr/2026:16:19:33 +0200] "GET /rhn/websocket/notifications HTTP/1.1" 101 -
172.16.3.5 - - [15/Apr/2026:16:19:33 +0200] "POST /rhn/manager/frontend-log HTTP/1.1" 200 16
172.16.3.5 - - [15/Apr/2026:16:19:34 +0200] "POST /rhn/ajax/item-selector HTTP/1.1" 200 35
172.16.3.5 - - [15/Apr/2026:16:19:34 +0200] "POST /rhn/channels/manage/Repositories.do?cid=127 HTTP/1.1" 302 -
::1 - - [15/Apr/2026:16:19:34 +0200] "GET /rhn/errors/404.jsp HTTP/1.1" 404 4500
172.16.3.5 - - [15/Apr/2026:16:19:34 +0200] "GET /rhn/channels/manage/Repositories.do?cid=127 HTTP/1.1" 200 47353
127.0.0.1 - - [15/Apr/2026:16:19:34 +0200] "GET /rhn/websocket/notifications HTTP/1.1" 101 -
172.16.3.5 - - [15/Apr/2026:16:19:34 +0200] "POST /rhn/manager/frontend-log HTTP/1.1" 200 16
172.16.3.5 - - [15/Apr/2026:16:19:34 +0200] "GET /rhn/channels/manage/Manage.do HTTP/1.1" 200 48875
127.0.0.1 - - [15/Apr/2026:16:19:35 +0200] "GET /rhn/websocket/notifications HTTP/1.1" 101 -
172.16.3.5 - - [15/Apr/2026:16:19:35 +0200] "POST /rhn/manager/frontend-log HTTP/1.1" 200 16
172.16.3.5 - - [15/Apr/2026:16:19:35 +0200] "GET /rhn/channels/manage/Edit.do?cid=129 HTTP/1.1" 200 55824
127.0.0.1 - - [15/Apr/2026:16:19:35 +0200] "GET /rhn/websocket/notifications HTTP/1.1" 101 -
172.16.3.5 - - [15/Apr/2026:16:19:35 +0200] "POST /rhn/manager/frontend-log HTTP/1.1" 200 16
172.16.3.5 - - [15/Apr/2026:16:19:35 +0200] "POST /rhn/channels/manage/Edit.do HTTP/1.1" 302 -
172.16.3.5 - - [15/Apr/2026:16:19:36 +0200] "GET /rhn/channels/manage/Edit.do?cid=129 HTTP/1.1" 200 56002
172.16.3.5 - - [15/Apr/2026:16:19:36 +0200] "POST /rhn/manager/frontend-log HTTP/1.1" 200 16
127.0.0.1 - - [15/Apr/2026:16:19:36 +0200] "GET /rhn/websocket/notifications HTTP/1.1" 101 -
172.16.3.5 - - [15/Apr/2026:16:19:36 +0200] "POST /rhn/manager/frontend-log HTTP/1.1" 200 16
127.0.0.1 - - [15/Apr/2026:16:19:36 +0200] "GET /rhn/websocket/notifications HTTP/1.1" 101 -
::1 - - [15/Apr/2026:16:19:36 +0200] "GET /rhn/errors/404.jsp HTTP/1.1" 404 4500
172.16.3.5 - - [15/Apr/2026:16:19:36 +0200] "GET /rhn/channels/manage/Repositories.do?cid=129 HTTP/1.1" 200 46793
127.0.0.1 - - [15/Apr/2026:16:19:36 +0200] "GET /rhn/websocket/notifications HTTP/1.1" 101 -
172.16.3.5 - - [15/Apr/2026:16:19:36 +0200] "POST /rhn/manager/frontend-log HTTP/1.1" 200 16
172.16.3.5 - - [15/Apr/2026:16:19:36 +0200] "POST /rhn/ajax/item-selector HTTP/1.1" 200 35
172.16.3.5 - - [15/Apr/2026:16:19:37 +0200] "POST /rhn/channels/manage/Repositories.do?cid=129 HTTP/1.1" 302 -
172.16.3.5 - - [15/Apr/2026:16:19:37 +0200] "GET /rhn/channels/manage/Repositories.do?cid=129 HTTP/1.1" 200 47353
127.0.0.1 - - [15/Apr/2026:16:19:38 +0200] "GET /rhn/websocket/notifications HTTP/1.1" 101 -
172.16.3.5 - - [15/Apr/2026:16:19:38 +0200] "POST /rhn/manager/frontend-log HTTP/1.1" 200 16
172.16.3.5 - - [15/Apr/2026:16:19:38 +0200] "GET /rhn/channels/manage/Manage.do HTTP/1.1" 200 48876
172.16.3.5 - - [15/Apr/2026:16:19:38 +0200] "POST /rhn/manager/frontend-log HTTP/1.1" 200 16
127.0.0.1 - - [15/Apr/2026:16:19:38 +0200] "GET /rhn/websocket/notifications HTTP/1.1" 101 -
172.16.3.5 - - [15/Apr/2026:16:19:38 +0200] "GET /rhn/channels/manage/Edit.do?cid=130 HTTP/1.1" 200 55841
172.16.3.5 - - [15/Apr/2026:16:19:39 +0200] "POST /rhn/manager/frontend-log HTTP/1.1" 200 16
127.0.0.1 - - [15/Apr/2026:16:19:39 +0200] "GET /rhn/websocket/notifications HTTP/1.1" 101 -
172.16.3.5 - - [15/Apr/2026:16:19:39 +0200] "POST /rhn/channels/manage/Edit.do HTTP/1.1" 302 -
172.16.3.5 - - [15/Apr/2026:16:19:39 +0200] "GET /rhn/channels/manage/Edit.do?cid=130 HTTP/1.1" 200 56021
172.16.3.5 - - [15/Apr/2026:16:19:39 +0200] "POST /rhn/manager/frontend-log HTTP/1.1" 200 16
127.0.0.1 - - [15/Apr/2026:16:19:39 +0200] "GET /rhn/websocket/notifications HTTP/1.1" 101 -
172.16.3.5 - - [15/Apr/2026:16:19:39 +0200] "POST /rhn/manager/frontend-log HTTP/1.1" 200 16
172.16.3.5 - - [15/Apr/2026:16:19:40 +0200] "GET /rhn/channels/manage/Repositories.do?cid=130 HTTP/1.1" 200 46795
127.0.0.1 - - [15/Apr/2026:16:19:40 +0200] "GET /rhn/websocket/notifications HTTP/1.1" 101 -
172.16.3.5 - - [15/Apr/2026:16:19:40 +0200] "POST /rhn/manager/frontend-log HTTP/1.1" 200 16
172.16.3.5 - - [15/Apr/2026:16:19:40 +0200] "POST /rhn/ajax/item-selector HTTP/1.1" 200 35
172.16.3.5 - - [15/Apr/2026:16:19:40 +0200] "POST /rhn/channels/manage/Repositories.do?cid=130 HTTP/1.1" 302 -
172.16.3.5 - - [15/Apr/2026:16:19:41 +0200] "GET /rhn/channels/manage/Repositories.do?cid=130 HTTP/1.1" 200 47357
172.16.3.5 - - [15/Apr/2026:16:19:41 +0200] "POST /rhn/manager/frontend-log HTTP/1.1" 200 16
127.0.0.1 - - [15/Apr/2026:16:19:41 +0200] "GET /rhn/websocket/notifications HTTP/1.1" 101 -
172.16.3.5 - - [15/Apr/2026:16:19:41 +0200] "GET /rhn/channels/manage/repos/RepoList.do HTTP/1.1" 200 42949
127.0.0.1 - - [15/Apr/2026:16:19:41 +0200] "GET /rhn/websocket/notifications HTTP/1.1" 101 -
172.16.3.5 - - [15/Apr/2026:16:19:41 +0200] "POST /rhn/manager/frontend-log HTTP/1.1" 200 16
172.16.3.5 - - [15/Apr/2026:16:19:42 +0200] "GET /rhn/channels/manage/repos/RepoCreate.do HTTP/1.1" 200 41429
172.16.3.5 - - [15/Apr/2026:16:19:42 +0200] "POST /rhn/manager/frontend-log HTTP/1.1" 200 16
127.0.0.1 - - [15/Apr/2026:16:19:42 +0200] "GET /rhn/websocket/notifications HTTP/1.1" 101 -
::1 - - [15/Apr/2026:16:19:42 +0200] "GET /rhn/errors/404.jsp HTTP/1.1" 404 4500
::1 - - [15/Apr/2026:16:19:43 +0200] "GET /rhn/errors/404.jsp HTTP/1.1" 404 4500
::1 - - [15/Apr/2026:16:19:44 +0200] "GET /rhn/manager/login HTTP/1.1" 302 -
172.16.3.5 - - [15/Apr/2026:16:19:52 +0200] "POST /rhn/channels/manage/repos/RepoCreate.do HTTP/1.1" 302 -
172.16.3.5 - - [15/Apr/2026:16:19:52 +0200] "GET /rhn/channels/manage/repos/RepoEdit.do?id=522 HTTP/1.1" 200 42067
172.16.3.5 - - [15/Apr/2026:16:19:52 +0200] "POST /rhn/manager/frontend-log HTTP/1.1" 200 16
127.0.0.1 - - [15/Apr/2026:16:19:52 +0200] "GET /rhn/websocket/notifications HTTP/1.1" 101 -
172.16.3.5 - - [15/Apr/2026:16:19:52 +0200] "POST /rhn/manager/frontend-log HTTP/1.1" 200 16
127.0.0.1 - - [15/Apr/2026:16:19:53 +0200] "GET /rhn/websocket/notifications HTTP/1.1" 101 -
172.16.3.5 - - [15/Apr/2026:16:19:53 +0200] "GET /rhn/channels/manage/Manage.do HTTP/1.1" 200 48877
127.0.0.1 - - [15/Apr/2026:16:19:53 +0200] "GET /rhn/websocket/notifications HTTP/1.1" 101 -
172.16.3.5 - - [15/Apr/2026:16:19:53 +0200] "POST /rhn/manager/frontend-log HTTP/1.1" 200 16
172.16.3.5 - - [15/Apr/2026:16:19:53 +0200] "GET /rhn/channels/manage/Edit.do?cid=125 HTTP/1.1" 200 55834
127.0.0.1 - - [15/Apr/2026:16:19:53 +0200] "GET /rhn/websocket/notifications HTTP/1.1" 101 -
172.16.3.5 - - [15/Apr/2026:16:19:53 +0200] "POST /rhn/manager/frontend-log HTTP/1.1" 200 16
172.16.3.5 - - [15/Apr/2026:16:19:53 +0200] "POST /rhn/channels/manage/Edit.do HTTP/1.1" 302 -
172.16.3.5 - - [15/Apr/2026:16:19:54 +0200] "GET /rhn/channels/manage/Edit.do?cid=125 HTTP/1.1" 200 56010
172.16.3.5 - - [15/Apr/2026:16:19:54 +0200] "POST /rhn/manager/frontend-log HTTP/1.1" 200 16
127.0.0.1 - - [15/Apr/2026:16:19:54 +0200] "GET /rhn/websocket/notifications HTTP/1.1" 101 -
172.16.3.5 - - [15/Apr/2026:16:19:54 +0200] "POST /rhn/manager/frontend-log HTTP/1.1" 200 16
127.0.0.1 - - [15/Apr/2026:16:19:54 +0200] "GET /rhn/websocket/notifications HTTP/1.1" 101 -
172.16.3.5 - - [15/Apr/2026:16:19:54 +0200] "GET /rhn/channels/manage/Repositories.do?cid=125 HTTP/1.1" 200 47461
127.0.0.1 - - [15/Apr/2026:16:19:54 +0200] "GET /rhn/websocket/notifications HTTP/1.1" 101 -
172.16.3.5 - - [15/Apr/2026:16:19:54 +0200] "POST /rhn/manager/frontend-log HTTP/1.1" 200 16
172.16.3.5 - - [15/Apr/2026:16:19:54 +0200] "POST /rhn/ajax/item-selector HTTP/1.1" 200 35
172.16.3.5 - - [15/Apr/2026:16:19:55 +0200] "POST /rhn/channels/manage/Repositories.do?cid=125 HTTP/1.1" 302 -
172.16.3.5 - - [15/Apr/2026:16:19:55 +0200] "GET /rhn/channels/manage/Repositories.do?cid=125 HTTP/1.1" 200 48019
127.0.0.1 - - [15/Apr/2026:16:19:55 +0200] "GET /rhn/websocket/notifications HTTP/1.1" 101 -
172.16.3.5 - - [15/Apr/2026:16:19:55 +0200] "POST /rhn/manager/frontend-log HTTP/1.1" 200 16
172.16.3.5 - - [15/Apr/2026:16:19:56 +0200] "GET /rhn/channels/manage/Manage.do HTTP/1.1" 200 48877
172.16.3.5 - - [15/Apr/2026:16:19:57 +0200] "POST /rhn/manager/frontend-log HTTP/1.1" 200 16
127.0.0.1 - - [15/Apr/2026:16:19:57 +0200] "GET /rhn/websocket/notifications HTTP/1.1" 101 -
172.16.3.5 - - [15/Apr/2026:16:19:57 +0200] "GET /rhn/channels/manage/Edit.do?cid=122 HTTP/1.1" 200 55858
172.16.3.5 - - [15/Apr/2026:16:19:57 +0200] "POST /rhn/manager/frontend-log HTTP/1.1" 200 16
127.0.0.1 - - [15/Apr/2026:16:19:57 +0200] "GET /rhn/websocket/notifications HTTP/1.1" 101 -
172.16.3.5 - - [15/Apr/2026:16:19:58 +0200] "GET /rhn/channels/manage/Repositories.do?cid=122 HTTP/1.1" 200 47466
127.0.0.1 - - [15/Apr/2026:16:19:58 +0200] "GET /rhn/websocket/notifications HTTP/1.1" 101 -
172.16.3.5 - - [15/Apr/2026:16:19:58 +0200] "POST /rhn/manager/frontend-log HTTP/1.1" 200 16
172.16.3.5 - - [15/Apr/2026:16:19:58 +0200] "POST /rhn/ajax/item-selector HTTP/1.1" 200 35
172.16.3.5 - - [15/Apr/2026:16:19:59 +0200] "POST /rhn/channels/manage/Repositories.do?cid=122 HTTP/1.1" 302 -
172.16.3.5 - - [15/Apr/2026:16:19:59 +0200] "GET /rhn/channels/manage/Repositories.do?cid=122 HTTP/1.1" 200 48029
172.16.3.5 - - [15/Apr/2026:16:19:59 +0200] "POST /rhn/manager/frontend-log HTTP/1.1" 200 16
127.0.0.1 - - [15/Apr/2026:16:19:59 +0200] "GET /rhn/websocket/notifications HTTP/1.1" 101 -
172.16.3.5 - - [15/Apr/2026:16:20:00 +0200] "GET /rhn/channels/manage/repos/RepoList.do HTTP/1.1" 200 43311
172.16.3.5 - - [15/Apr/2026:16:20:00 +0200] "POST /rhn/manager/frontend-log HTTP/1.1" 200 16
127.0.0.1 - - [15/Apr/2026:16:20:00 +0200] "GET /rhn/websocket/notifications HTTP/1.1" 101 -
172.16.3.5 - - [15/Apr/2026:16:20:00 +0200] "GET /rhn/channels/manage/repos/RepoCreate.do HTTP/1.1" 200 41429
::1 - - [15/Apr/2026:16:20:00 +0200] "GET /rhn/manager/login HTTP/1.1" 302 -
127.0.0.1 - - [15/Apr/2026:16:20:00 +0200] "GET /rhn/websocket/notifications HTTP/1.1" 101 -
172.16.3.5 - - [15/Apr/2026:16:20:00 +0200] "POST /rhn/manager/frontend-log HTTP/1.1" 200 16
172.16.3.5 - - [15/Apr/2026:16:20:01 +0200] "POST /rhn/channels/manage/repos/RepoCreate.do HTTP/1.1" 302 -
172.16.3.5 - - [15/Apr/2026:16:20:01 +0200] "GET /rhn/channels/manage/repos/RepoEdit.do?id=523 HTTP/1.1" 200 42083
127.0.0.1 - - [15/Apr/2026:16:20:01 +0200] "GET /rhn/websocket/notifications HTTP/1.1" 101 -
172.16.3.5 - - [15/Apr/2026:16:20:01 +0200] "POST /rhn/manager/frontend-log HTTP/1.1" 200 16
172.16.3.5 - - [15/Apr/2026:16:20:01 +0200] "POST /rhn/manager/frontend-log HTTP/1.1" 200 16
172.16.3.5 - - [15/Apr/2026:16:20:02 +0200] "GET /rhn/channels/manage/Manage.do HTTP/1.1" 200 48878
172.16.3.5 - - [15/Apr/2026:16:20:02 +0200] "POST /rhn/manager/frontend-log HTTP/1.1" 200 16
127.0.0.1 - - [15/Apr/2026:16:20:02 +0200] "GET /rhn/websocket/notifications HTTP/1.1" 101 -
172.16.3.5 - - [15/Apr/2026:16:20:02 +0200] "GET /rhn/channels/manage/Edit.do?cid=128 HTTP/1.1" 200 55790
127.0.0.1 - - [15/Apr/2026:16:20:02 +0200] "GET /rhn/websocket/notifications HTTP/1.1" 101 -
172.16.3.5 - - [15/Apr/2026:16:20:02 +0200] "POST /rhn/manager/frontend-log HTTP/1.1" 200 16
172.16.3.5 - - [15/Apr/2026:16:20:02 +0200] "GET /rhn/channels/manage/Repositories.do?cid=128 HTTP/1.1" 200 48138
127.0.0.1 - - [15/Apr/2026:16:20:03 +0200] "GET /rhn/websocket/notifications HTTP/1.1" 101 -
172.16.3.5 - - [15/Apr/2026:16:20:03 +0200] "POST /rhn/manager/frontend-log HTTP/1.1" 200 16
172.16.3.5 - - [15/Apr/2026:16:20:03 +0200] "POST /rhn/ajax/item-selector HTTP/1.1" 200 35
172.16.3.5 - - [15/Apr/2026:16:20:03 +0200] "POST /rhn/channels/manage/Repositories.do?cid=128 HTTP/1.1" 302 -
172.16.3.5 - - [15/Apr/2026:16:20:03 +0200] "GET /rhn/channels/manage/Repositories.do?cid=128 HTTP/1.1" 200 48702
127.0.0.1 - - [15/Apr/2026:16:20:04 +0200] "GET /rhn/websocket/notifications HTTP/1.1" 101 -
172.16.3.5 - - [15/Apr/2026:16:20:04 +0200] "POST /rhn/manager/frontend-log HTTP/1.1" 200 16
172.16.3.5 - - [15/Apr/2026:16:20:04 +0200] "GET /rhn/manager/login HTTP/1.1" 302 -
172.16.3.5 - - [15/Apr/2026:16:20:04 +0200] "GET /rhn/YourRhn.do HTTP/1.1" 200 38967
172.16.3.5 - - [15/Apr/2026:16:20:04 +0200] "POST /rhn/manager/frontend-log HTTP/1.1" 200 16
::1 - - [15/Apr/2026:16:20:04 +0200] "GET /rhn/errors/404.jsp HTTP/1.1" 404 4500
::1 - - [15/Apr/2026:16:20:04 +0200] "GET /rhn/errors/404.jsp HTTP/1.1" 404 4500
::1 - - [15/Apr/2026:16:20:04 +0200] "GET /rhn/errors/404.jsp HTTP/1.1" 404 4500
::1 - - [15/Apr/2026:16:20:04 +0200] "GET /rhn/errors/404.jsp HTTP/1.1" 404 4500
172.16.3.5 - - [15/Apr/2026:16:20:04 +0200] "POST /rhn/ajax/subscription-warning HTTP/1.1" 200 -
172.16.3.5 - - [15/Apr/2026:16:20:04 +0200] "POST /rhn/ajax/inactive-systems HTTP/1.1" 200 540
172.16.3.5 - - [15/Apr/2026:16:20:05 +0200] "POST /rhn/ajax/disk-check-warning HTTP/1.1" 200 -
127.0.0.1 - - [15/Apr/2026:16:20:05 +0200] "GET /rhn/websocket/notifications HTTP/1.1" 101 -
172.16.3.5 - - [15/Apr/2026:16:20:05 +0200] "POST /rhn/ajax/tasks HTTP/1.1" 200 2232
172.16.3.5 - - [15/Apr/2026:16:20:05 +0200] "POST /rhn/ajax/pending-actions HTTP/1.1" 200 636
172.16.3.5 - - [15/Apr/2026:16:20:05 +0200] "POST /rhn/ajax/critical-systems HTTP/1.1" 200 2026
172.16.3.5 - - [15/Apr/2026:16:20:05 +0200] "POST /rhn/ajax/latest-errata HTTP/1.1" 200 539
172.16.3.5 - - [15/Apr/2026:16:20:05 +0200] "POST /rhn/manager/frontend-log HTTP/1.1" 200 16
172.16.3.5 - - [15/Apr/2026:16:20:05 +0200] "POST /rhn/ajax/systems-groups HTTP/1.1" 200 1491
172.16.3.5 - - [15/Apr/2026:16:20:05 +0200] "POST /rhn/ajax/recent-systems HTTP/1.1" 200 2059
172.16.3.5 - - [15/Apr/2026:16:20:05 +0200] "GET /rhn/channels/manage/Manage.do HTTP/1.1" 200 48878
127.0.0.1 - - [15/Apr/2026:16:20:05 +0200] "GET /rhn/websocket/notifications HTTP/1.1" 101 -
172.16.3.5 - - [15/Apr/2026:16:20:05 +0200] "POST /rhn/manager/frontend-log HTTP/1.1" 200 16
172.16.3.5 - - [15/Apr/2026:16:20:05 +0200] "GET /rhn/channels/manage/Edit.do HTTP/1.1" 200 55891
127.0.0.1 - - [15/Apr/2026:16:20:05 +0200] "GET /rhn/websocket/notifications HTTP/1.1" 101 -
172.16.3.5 - - [15/Apr/2026:16:20:05 +0200] "POST /rhn/manager/frontend-log HTTP/1.1" 200 16
172.16.3.5 - - [15/Apr/2026:16:20:06 +0200] "POST /rhn/channels/manage/Edit.do HTTP/1.1" 302 -
172.16.3.5 - - [15/Apr/2026:16:20:06 +0200] "GET /rhn/channels/manage/Edit.do?cid=131 HTTP/1.1" 200 55951
172.16.3.5 - - [15/Apr/2026:16:20:07 +0200] "POST /rhn/manager/frontend-log HTTP/1.1" 200 16
127.0.0.1 - - [15/Apr/2026:16:20:07 +0200] "GET /rhn/websocket/notifications HTTP/1.1" 101 -
172.16.3.5 - - [15/Apr/2026:16:20:07 +0200] "POST /rhn/manager/frontend-log HTTP/1.1" 200 16
127.0.0.1 - - [15/Apr/2026:16:20:07 +0200] "GET /rhn/websocket/notifications HTTP/1.1" 101 -
172.16.3.5 - - [15/Apr/2026:16:20:12 +0200] "POST /rhn/manager/api/auth/login HTTP/1.1" 200 16
172.16.3.5 - - [15/Apr/2026:16:20:12 +0200] "GET /rhn/manager/api/channel/software/listUserRepos HTTP/1.1" 200 1435
172.16.3.5 - - [15/Apr/2026:16:20:12 +0200] "GET /rhn/manager/api/auth/logout HTTP/1.1" 200 16
172.16.3.5 - - [15/Apr/2026:16:20:13 +0200] "POST /rhn/manager/api/auth/login HTTP/1.1" 200 16
172.16.3.5 - - [15/Apr/2026:16:20:13 +0200] "POST /rhn/manager/api/channel/software/createRepo HTTP/1.1" 200 314
172.16.3.5 - - [15/Apr/2026:16:20:13 +0200] "GET /rhn/manager/api/auth/logout HTTP/1.1" 200 16
172.16.3.5 - - [15/Apr/2026:16:20:13 +0200] "POST /rhn/manager/api/auth/login HTTP/1.1" 200 16
172.16.3.5 - - [15/Apr/2026:16:20:13 +0200] "POST /rhn/manager/api/channel/software/associateRepo HTTP/1.1" 200 895
::1 - - [15/Apr/2026:16:20:14 +0200] "GET /rhn/errors/404.jsp HTTP/1.1" 404 4500
172.16.3.5 - - [15/Apr/2026:16:20:14 +0200] "GET /rhn/manager/api/auth/logout HTTP/1.1" 200 16
172.16.3.5 - - [15/Apr/2026:16:20:14 +0200] "POST /rhn/manager/api/auth/login HTTP/1.1" 200 16
172.16.3.5 - - [15/Apr/2026:16:20:14 +0200] "GET /rhn/manager/api/channel/software/listUserRepos HTTP/1.1" 200 1662
172.16.3.5 - - [15/Apr/2026:16:20:14 +0200] "GET /rhn/manager/api/auth/logout HTTP/1.1" 200 16
172.16.3.5 - - [15/Apr/2026:16:20:14 +0200] "POST /rhn/manager/api/auth/login HTTP/1.1" 200 16
172.16.3.5 - - [15/Apr/2026:16:20:14 +0200] "POST /rhn/manager/api/channel/software/createRepo HTTP/1.1" 200 276
172.16.3.5 - - [15/Apr/2026:16:20:14 +0200] "GET /rhn/manager/api/auth/logout HTTP/1.1" 200 16
172.16.3.5 - - [15/Apr/2026:16:20:15 +0200] "POST /rhn/manager/api/auth/login HTTP/1.1" 200 16
172.16.3.5 - - [15/Apr/2026:16:20:15 +0200] "POST /rhn/manager/api/channel/software/associateRepo HTTP/1.1" 200 1146
172.16.3.5 - - [15/Apr/2026:16:20:15 +0200] "GET /rhn/manager/api/auth/logout HTTP/1.1" 200 16
::1 - - [15/Apr/2026:16:20:15 +0200] "GET /rhn/errors/404.jsp HTTP/1.1" 404 4500
172.16.3.5 - - [15/Apr/2026:16:20:15 +0200] "GET /rhn/channels/manage/Manage.do HTTP/1.1" 200 49509
127.0.0.1 - - [15/Apr/2026:16:20:16 +0200] "GET /rhn/websocket/notifications HTTP/1.1" 101 -
172.16.3.5 - - [15/Apr/2026:16:20:16 +0200] "POST /rhn/manager/frontend-log HTTP/1.1" 200 16
::1 - - [15/Apr/2026:16:20:16 +0200] "GET /rhn/manager/login HTTP/1.1" 302 -
172.16.3.5 - - [15/Apr/2026:16:20:16 +0200] "GET /rhn/channels/manage/Edit.do HTTP/1.1" 200 55891
127.0.0.1 - - [15/Apr/2026:16:20:16 +0200] "GET /rhn/websocket/notifications HTTP/1.1" 101 -
172.16.3.5 - - [15/Apr/2026:16:20:16 +0200] "POST /rhn/manager/frontend-log HTTP/1.1" 200 16
172.16.3.5 - - [15/Apr/2026:16:20:17 +0200] "POST /rhn/channels/manage/Edit.do HTTP/1.1" 302 -
172.16.3.5 - - [15/Apr/2026:16:20:17 +0200] "GET /rhn/channels/manage/Edit.do?cid=132 HTTP/1.1" 200 55997
172.16.3.5 - - [15/Apr/2026:16:20:17 +0200] "POST /rhn/manager/frontend-log HTTP/1.1" 200 16
127.0.0.1 - - [15/Apr/2026:16:20:17 +0200] "GET /rhn/websocket/notifications HTTP/1.1" 101 -
172.16.3.5 - - [15/Apr/2026:16:20:17 +0200] "POST /rhn/manager/frontend-log HTTP/1.1" 200 16
127.0.0.1 - - [15/Apr/2026:16:20:17 +0200] "GET /rhn/websocket/notifications HTTP/1.1" 101 -
172.16.3.5 - - [15/Apr/2026:16:20:20 +0200] "POST /rhn/manager/api/auth/login HTTP/1.1" 200 16
172.16.3.5 - - [15/Apr/2026:16:20:20 +0200] "GET /rhn/manager/api/channel/software/listUserRepos HTTP/1.1" 200 1851
172.16.3.5 - - [15/Apr/2026:16:20:20 +0200] "GET /rhn/manager/api/auth/logout HTTP/1.1" 200 16
172.16.3.5 - - [15/Apr/2026:16:20:20 +0200] "POST /rhn/manager/api/auth/login HTTP/1.1" 200 16
172.16.3.5 - - [15/Apr/2026:16:20:20 +0200] "POST /rhn/manager/api/channel/software/associateRepo HTTP/1.1" 200 883
172.16.3.5 - - [15/Apr/2026:16:20:20 +0200] "GET /rhn/manager/api/auth/logout HTTP/1.1" 200 16
172.16.3.5 - - [15/Apr/2026:16:20:20 +0200] "POST /rhn/manager/api/auth/login HTTP/1.1" 200 16
172.16.3.5 - - [15/Apr/2026:16:20:21 +0200] "GET /rhn/manager/api/channel/software/listUserRepos HTTP/1.1" 200 1851
172.16.3.5 - - [15/Apr/2026:16:20:21 +0200] "GET /rhn/manager/api/auth/logout HTTP/1.1" 200 16
172.16.3.5 - - [15/Apr/2026:16:20:21 +0200] "POST /rhn/manager/api/auth/login HTTP/1.1" 200 16
172.16.3.5 - - [15/Apr/2026:16:20:21 +0200] "POST /rhn/manager/api/channel/software/associateRepo HTTP/1.1" 200 883
172.16.3.5 - - [15/Apr/2026:16:20:22 +0200] "GET /rhn/manager/api/auth/logout HTTP/1.1" 200 16
172.16.3.5 - - [15/Apr/2026:16:20:22 +0200] "GET /rhn/channels/manage/Manage.do HTTP/1.1" 200 50147
172.16.3.5 - - [15/Apr/2026:16:20:22 +0200] "POST /rhn/manager/frontend-log HTTP/1.1" 200 16
127.0.0.1 - - [15/Apr/2026:16:20:22 +0200] "GET /rhn/websocket/notifications HTTP/1.1" 101 -
172.16.3.5 - - [15/Apr/2026:16:20:22 +0200] "GET /rhn/channels/manage/Edit.do HTTP/1.1" 200 55891
127.0.0.1 - - [15/Apr/2026:16:20:22 +0200] "GET /rhn/websocket/notifications HTTP/1.1" 101 -
172.16.3.5 - - [15/Apr/2026:16:20:23 +0200] "POST /rhn/manager/frontend-log HTTP/1.1" 200 16
172.16.3.5 - - [15/Apr/2026:16:20:23 +0200] "POST /rhn/channels/manage/Edit.do HTTP/1.1" 302 -
172.16.3.5 - - [15/Apr/2026:16:20:23 +0200] "GET /rhn/channels/manage/Edit.do?cid=133 HTTP/1.1" 200 56009
172.16.3.5 - - [15/Apr/2026:16:20:23 +0200] "POST /rhn/manager/frontend-log HTTP/1.1" 200 16
127.0.0.1 - - [15/Apr/2026:16:20:24 +0200] "GET /rhn/websocket/notifications HTTP/1.1" 101 -
172.16.3.5 - - [15/Apr/2026:16:20:24 +0200] "POST /rhn/manager/frontend-log HTTP/1.1" 200 16
127.0.0.1 - - [15/Apr/2026:16:20:24 +0200] "GET /rhn/websocket/notifications HTTP/1.1" 101 -
172.16.3.5 - - [15/Apr/2026:16:20:28 +0200] "POST /rhn/manager/api/auth/login HTTP/1.1" 200 16
172.16.3.5 - - [15/Apr/2026:16:20:28 +0200] "GET /rhn/manager/api/channel/software/listUserRepos HTTP/1.1" 200 1851
172.16.3.5 - - [15/Apr/2026:16:20:28 +0200] "GET /rhn/manager/api/auth/logout HTTP/1.1" 200 16
172.16.3.5 - - [15/Apr/2026:16:20:29 +0200] "POST /rhn/manager/api/auth/login HTTP/1.1" 200 16
172.16.3.5 - - [15/Apr/2026:16:20:29 +0200] "POST /rhn/manager/api/channel/software/createRepo HTTP/1.1" 200 303
172.16.3.5 - - [15/Apr/2026:16:20:29 +0200] "GET /rhn/manager/api/auth/logout HTTP/1.1" 200 16
172.16.3.5 - - [15/Apr/2026:16:20:29 +0200] "POST /rhn/manager/api/auth/login HTTP/1.1" 200 16
172.16.3.5 - - [15/Apr/2026:16:20:29 +0200] "POST /rhn/manager/api/channel/software/associateRepo HTTP/1.1" 200 915
172.16.3.5 - - [15/Apr/2026:16:20:29 +0200] "GET /rhn/manager/api/auth/logout HTTP/1.1" 200 16
172.16.3.5 - - [15/Apr/2026:16:20:30 +0200] "POST /rhn/manager/api/auth/login HTTP/1.1" 200 16
172.16.3.5 - - [15/Apr/2026:16:20:30 +0200] "GET /rhn/manager/api/channel/software/listUserRepos HTTP/1.1" 200 2067
172.16.3.5 - - [15/Apr/2026:16:20:30 +0200] "GET /rhn/manager/api/auth/logout HTTP/1.1" 200 16
172.16.3.5 - - [15/Apr/2026:16:20:30 +0200] "POST /rhn/manager/api/auth/login HTTP/1.1" 200 16
172.16.3.5 - - [15/Apr/2026:16:20:30 +0200] "POST /rhn/manager/api/channel/software/associateRepo HTTP/1.1" 200 1166
172.16.3.5 - - [15/Apr/2026:16:20:31 +0200] "GET /rhn/manager/api/auth/logout HTTP/1.1" 200 16
172.16.3.5 - - [15/Apr/2026:16:20:31 +0200] "POST /rhn/manager/api/auth/login HTTP/1.1" 200 16
172.16.3.5 - - [15/Apr/2026:16:20:31 +0200] "GET /rhn/manager/api/channel/software/listUserRepos HTTP/1.1" 200 2067
172.16.3.5 - - [15/Apr/2026:16:20:31 +0200] "GET /rhn/manager/api/auth/logout HTTP/1.1" 200 16
172.16.3.5 - - [15/Apr/2026:16:20:31 +0200] "POST /rhn/manager/api/auth/login HTTP/1.1" 200 16
::1 - - [15/Apr/2026:16:20:31 +0200] "GET /rhn/manager/login HTTP/1.1" 302 -
172.16.3.5 - - [15/Apr/2026:16:20:31 +0200] "POST /rhn/manager/api/channel/software/associateRepo HTTP/1.1" 200 1166
172.16.3.5 - - [15/Apr/2026:16:20:32 +0200] "GET /rhn/manager/api/auth/logout HTTP/1.1" 200 16
172.16.3.5 - - [15/Apr/2026:16:20:32 +0200] "GET /rhn/channels/manage/Manage.do HTTP/1.1" 200 50785
127.0.0.1 - - [15/Apr/2026:16:20:32 +0200] "GET /rhn/websocket/notifications HTTP/1.1" 101 -
172.16.3.5 - - [15/Apr/2026:16:20:32 +0200] "POST /rhn/manager/frontend-log HTTP/1.1" 200 16
172.16.3.5 - - [15/Apr/2026:16:20:32 +0200] "GET /rhn/channels/manage/Edit.do HTTP/1.1" 200 55891
::1 - - [15/Apr/2026:16:20:32 +0200] "GET /rhn/errors/404.jsp HTTP/1.1" 404 4500
172.16.3.5 - - [15/Apr/2026:16:20:32 +0200] "POST /rhn/manager/frontend-log HTTP/1.1" 200 16
127.0.0.1 - - [15/Apr/2026:16:20:32 +0200] "GET /rhn/websocket/notifications HTTP/1.1" 101 -
::1 - - [15/Apr/2026:16:20:33 +0200] "GET /rhn/errors/404.jsp HTTP/1.1" 404 4500
172.16.3.5 - - [15/Apr/2026:16:20:33 +0200] "POST /rhn/channels/manage/Edit.do HTTP/1.1" 302 -
172.16.3.5 - - [15/Apr/2026:16:20:33 +0200] "GET /rhn/channels/manage/Edit.do?cid=134 HTTP/1.1" 200 55966
172.16.3.5 - - [15/Apr/2026:16:20:34 +0200] "POST /rhn/manager/frontend-log HTTP/1.1" 200 16
127.0.0.1 - - [15/Apr/2026:16:20:34 +0200] "GET /rhn/websocket/notifications HTTP/1.1" 101 -
172.16.3.5 - - [15/Apr/2026:16:20:34 +0200] "POST /rhn/manager/frontend-log HTTP/1.1" 200 16
127.0.0.1 - - [15/Apr/2026:16:20:34 +0200] "GET /rhn/websocket/notifications HTTP/1.1" 101 -
172.16.3.5 - - [15/Apr/2026:16:20:36 +0200] "POST /rhn/manager/api/auth/login HTTP/1.1" 200 16
172.16.3.5 - - [15/Apr/2026:16:20:36 +0200] "GET /rhn/manager/api/channel/software/listUserRepos HTTP/1.1" 200 2067
172.16.3.5 - - [15/Apr/2026:16:20:36 +0200] "GET /rhn/manager/api/auth/logout HTTP/1.1" 200 16
172.16.3.5 - - [15/Apr/2026:16:20:36 +0200] "POST /rhn/manager/api/auth/login HTTP/1.1" 200 16
172.16.3.5 - - [15/Apr/2026:16:20:36 +0200] "POST /rhn/manager/api/channel/software/createRepo HTTP/1.1" 200 271
172.16.3.5 - - [15/Apr/2026:16:20:36 +0200] "GET /rhn/manager/api/auth/logout HTTP/1.1" 200 16
172.16.3.5 - - [15/Apr/2026:16:20:37 +0200] "POST /rhn/manager/api/auth/login HTTP/1.1" 200 16
::1 - - [15/Apr/2026:16:20:37 +0200] "GET /rhn/errors/404.jsp HTTP/1.1" 404 4500
172.16.3.5 - - [15/Apr/2026:16:20:37 +0200] "POST /rhn/manager/api/channel/software/associateRepo HTTP/1.1" 200 858
172.16.3.5 - - [15/Apr/2026:16:20:37 +0200] "GET /rhn/manager/api/auth/logout HTTP/1.1" 200 16
172.16.3.5 - - [15/Apr/2026:16:20:37 +0200] "POST /rhn/manager/api/auth/login HTTP/1.1" 200 16
172.16.3.5 - - [15/Apr/2026:16:20:37 +0200] "GET /rhn/manager/api/channel/software/listUserRepos HTTP/1.1" 200 2251
172.16.3.5 - - [15/Apr/2026:16:20:37 +0200] "GET /rhn/manager/api/auth/logout HTTP/1.1" 200 16
::1 - - [15/Apr/2026:16:20:37 +0200] "GET /rhn/errors/404.jsp HTTP/1.1" 404 4500
172.16.3.5 - - [15/Apr/2026:16:20:38 +0200] "POST /rhn/manager/api/auth/login HTTP/1.1" 200 16
172.16.3.5 - - [15/Apr/2026:16:20:38 +0200] "POST /rhn/manager/api/channel/software/associateRepo HTTP/1.1" 200 1109
172.16.3.5 - - [15/Apr/2026:16:20:38 +0200] "GET /rhn/manager/api/auth/logout HTTP/1.1" 200 16
172.16.3.5 - - [15/Apr/2026:16:20:38 +0200] "POST /rhn/manager/api/auth/login HTTP/1.1" 200 16
172.16.3.5 - - [15/Apr/2026:16:20:38 +0200] "GET /rhn/manager/api/channel/software/listUserRepos HTTP/1.1" 200 2251
172.16.3.5 - - [15/Apr/2026:16:20:38 +0200] "GET /rhn/manager/api/auth/logout HTTP/1.1" 200 16
172.16.3.5 - - [15/Apr/2026:16:20:39 +0200] "POST /rhn/manager/api/auth/login HTTP/1.1" 200 16
172.16.3.5 - - [15/Apr/2026:16:20:39 +0200] "POST /rhn/manager/api/channel/software/associateRepo HTTP/1.1" 200 1109
172.16.3.5 - - [15/Apr/2026:16:20:39 +0200] "GET /rhn/manager/api/auth/logout HTTP/1.1" 200 16
172.16.3.5 - - [15/Apr/2026:16:20:39 +0200] "GET /rhn/manager/login HTTP/1.1" 302 -
172.16.3.5 - - [15/Apr/2026:16:20:39 +0200] "GET /rhn/YourRhn.do HTTP/1.1" 200 38967
172.16.3.5 - - [15/Apr/2026:16:20:39 +0200] "POST /rhn/manager/frontend-log HTTP/1.1" 200 16
172.16.3.5 - - [15/Apr/2026:16:20:40 +0200] "POST /rhn/ajax/subscription-warning HTTP/1.1" 200 -
172.16.3.5 - - [15/Apr/2026:16:20:40 +0200] "POST /rhn/ajax/critical-systems HTTP/1.1" 200 2026
172.16.3.5 - - [15/Apr/2026:16:20:40 +0200] "POST /rhn/ajax/inactive-systems HTTP/1.1" 200 540
172.16.3.5 - - [15/Apr/2026:16:20:40 +0200] "POST /rhn/ajax/pending-actions HTTP/1.1" 200 636
172.16.3.5 - - [15/Apr/2026:16:20:40 +0200] "POST /rhn/ajax/disk-check-warning HTTP/1.1" 200 -
127.0.0.1 - - [15/Apr/2026:16:20:40 +0200] "GET /rhn/websocket/notifications HTTP/1.1" 101 -
172.16.3.5 - - [15/Apr/2026:16:20:40 +0200] "POST /rhn/ajax/tasks HTTP/1.1" 200 2232
172.16.3.5 - - [15/Apr/2026:16:20:40 +0200] "POST /rhn/manager/frontend-log HTTP/1.1" 200 16
172.16.3.5 - - [15/Apr/2026:16:20:40 +0200] "POST /rhn/ajax/recent-systems HTTP/1.1" 200 2059
172.16.3.5 - - [15/Apr/2026:16:20:40 +0200] "POST /rhn/ajax/latest-errata HTTP/1.1" 200 539
127.0.0.1 - - [15/Apr/2026:16:20:40 +0200] "GET /rhn/websocket/notifications HTTP/1.1" 101 -
172.16.3.5 - - [15/Apr/2026:16:20:40 +0200] "POST /rhn/ajax/systems-groups HTTP/1.1" 200 1491
172.16.3.5 - - [15/Apr/2026:16:20:45 +0200] "GET /rhn/manager/login HTTP/1.1" 302 -
172.16.3.5 - - [15/Apr/2026:16:20:45 +0200] "GET /rhn/YourRhn.do HTTP/1.1" 200 38967
172.16.3.5 - - [15/Apr/2026:16:20:45 +0200] "POST /rhn/ajax/critical-systems HTTP/1.1" 200 2026
127.0.0.1 - - [15/Apr/2026:16:20:45 +0200] "GET /rhn/websocket/notifications HTTP/1.1" 101 -
172.16.3.5 - - [15/Apr/2026:16:20:46 +0200] "POST /rhn/ajax/inactive-systems HTTP/1.1" 200 540
172.16.3.5 - - [15/Apr/2026:16:20:46 +0200] "POST /rhn/ajax/subscription-warning HTTP/1.1" 200 -
172.16.3.5 - - [15/Apr/2026:16:20:46 +0200] "POST /rhn/manager/frontend-log HTTP/1.1" 200 16
172.16.3.5 - - [15/Apr/2026:16:20:46 +0200] "POST /rhn/ajax/pending-actions HTTP/1.1" 200 636
172.16.3.5 - - [15/Apr/2026:16:20:46 +0200] "POST /rhn/ajax/latest-errata HTTP/1.1" 200 539
172.16.3.5 - - [15/Apr/2026:16:20:46 +0200] "POST /rhn/ajax/systems-groups HTTP/1.1" 200 1491
172.16.3.5 - - [15/Apr/2026:16:20:46 +0200] "POST /rhn/ajax/disk-check-warning HTTP/1.1" 200 -
172.16.3.5 - - [15/Apr/2026:16:20:46 +0200] "POST /rhn/ajax/tasks HTTP/1.1" 200 2232
172.16.3.5 - - [15/Apr/2026:16:20:46 +0200] "POST /rhn/manager/frontend-log HTTP/1.1" 200 16
172.16.3.5 - - [15/Apr/2026:16:20:46 +0200] "POST /rhn/ajax/recent-systems HTTP/1.1" 200 2059
172.16.3.5 - - [15/Apr/2026:16:20:46 +0200] "GET /rhn/channels/manage/Manage.do HTTP/1.1" 200 51422
127.0.0.1 - - [15/Apr/2026:16:20:46 +0200] "GET /rhn/websocket/notifications HTTP/1.1" 101 -
172.16.3.5 - - [15/Apr/2026:16:20:46 +0200] "POST /rhn/manager/frontend-log HTTP/1.1" 200 16
172.16.3.5 - - [15/Apr/2026:16:20:47 +0200] "GET /rhn/channels/manage/Edit.do?cid=123 HTTP/1.1" 200 55986
127.0.0.1 - - [15/Apr/2026:16:20:47 +0200] "GET /rhn/websocket/notifications HTTP/1.1" 101 -
172.16.3.5 - - [15/Apr/2026:16:20:47 +0200] "POST /rhn/manager/frontend-log HTTP/1.1" 200 16
172.16.3.5 - - [15/Apr/2026:16:20:47 +0200] "GET /rhn/channels/manage/Repositories.do?cid=123 HTTP/1.1" 200 51411
127.0.0.1 - - [15/Apr/2026:16:20:47 +0200] "GET /rhn/websocket/notifications HTTP/1.1" 101 -
172.16.3.5 - - [15/Apr/2026:16:20:47 +0200] "GET /rhn/channels/manage/Sync.do?cid=123 HTTP/1.1" 200 43624
172.16.3.5 - - [15/Apr/2026:16:20:47 +0200] "POST /rhn/manager/frontend-log HTTP/1.1" 200 16
::1 - - [15/Apr/2026:16:20:48 +0200] "GET /rhn/manager/login HTTP/1.1" 302 -
127.0.0.1 - - [15/Apr/2026:16:20:48 +0200] "GET /rhn/websocket/notifications HTTP/1.1" 101 -
172.16.3.5 - - [15/Apr/2026:16:20:48 +0200] "POST /rhn/manager/frontend-log HTTP/1.1" 200 16
172.16.3.5 - - [15/Apr/2026:16:20:49 +0200] "POST /rhn/channels/manage/Sync.do?cid=123 HTTP/1.1" 302 -
172.16.3.5 - - [15/Apr/2026:16:20:49 +0200] "GET /rhn/channels/manage/Sync.do?cid=123 HTTP/1.1" 200 43736
127.0.0.1 - - [15/Apr/2026:16:20:49 +0200] "GET /rhn/websocket/notifications HTTP/1.1" 101 -
172.16.3.5 - - [15/Apr/2026:16:20:49 +0200] "POST /rhn/manager/frontend-log HTTP/1.1" 200 16
::1 - - [15/Apr/2026:16:20:52 +0200] "GET /rhn/errors/404.jsp HTTP/1.1" 404 4500
::1 - - [15/Apr/2026:16:20:53 +0200] "GET /rhn/errors/404.jsp HTTP/1.1" 404 4500
::1 - - [15/Apr/2026:16:21:03 +0200] "GET /rhn/manager/login HTTP/1.1" 302 -
172.16.3.5 - - [15/Apr/2026:16:21:12 +0200] "GET /rhn/manager/login HTTP/1.1" 302 -
172.16.3.5 - - [15/Apr/2026:16:21:12 +0200] "GET /rhn/YourRhn.do HTTP/1.1" 200 38967
172.16.3.5 - - [15/Apr/2026:16:21:12 +0200] "POST /rhn/manager/frontend-log HTTP/1.1" 200 16
172.16.3.5 - - [15/Apr/2026:16:21:12 +0200] "POST /rhn/ajax/subscription-warning HTTP/1.1" 200 -
172.16.3.5 - - [15/Apr/2026:16:21:12 +0200] "POST /rhn/ajax/critical-systems HTTP/1.1" 200 2026
127.0.0.1 - - [15/Apr/2026:16:21:12 +0200] "GET /rhn/websocket/notifications HTTP/1.1" 101 -
172.16.3.5 - - [15/Apr/2026:16:21:12 +0200] "POST /rhn/ajax/disk-check-warning HTTP/1.1" 200 -
172.16.3.5 - - [15/Apr/2026:16:21:12 +0200] "POST /rhn/ajax/inactive-systems HTTP/1.1" 200 540
172.16.3.5 - - [15/Apr/2026:16:21:13 +0200] "POST /rhn/ajax/pending-actions HTTP/1.1" 200 636
172.16.3.5 - - [15/Apr/2026:16:21:13 +0200] "POST /rhn/ajax/latest-errata HTTP/1.1" 200 539
172.16.3.5 - - [15/Apr/2026:16:21:13 +0200] "POST /rhn/ajax/systems-groups HTTP/1.1" 200 1491
172.16.3.5 - - [15/Apr/2026:16:21:13 +0200] "POST /rhn/manager/frontend-log HTTP/1.1" 200 16
172.16.3.5 - - [15/Apr/2026:16:21:13 +0200] "POST /rhn/ajax/tasks HTTP/1.1" 200 2232
172.16.3.5 - - [15/Apr/2026:16:21:13 +0200] "POST /rhn/ajax/recent-systems HTTP/1.1" 200 2059
172.16.3.5 - - [15/Apr/2026:16:21:13 +0200] "GET /rhn/channels/manage/Manage.do HTTP/1.1" 200 51422
127.0.0.1 - - [15/Apr/2026:16:21:13 +0200] "GET /rhn/websocket/notifications HTTP/1.1" 101 -
172.16.3.5 - - [15/Apr/2026:16:21:13 +0200] "POST /rhn/manager/frontend-log HTTP/1.1" 200 16
172.16.3.5 - - [15/Apr/2026:16:21:13 +0200] "GET /rhn/channels/manage/Edit.do?cid=125 HTTP/1.1" 200 55976
127.0.0.1 - - [15/Apr/2026:16:21:13 +0200] "GET /rhn/websocket/notifications HTTP/1.1" 101 -
172.16.3.5 - - [15/Apr/2026:16:21:13 +0200] "POST /rhn/manager/frontend-log HTTP/1.1" 200 16
172.16.3.5 - - [15/Apr/2026:16:21:14 +0200] "GET /rhn/channels/manage/Repositories.do?cid=125 HTTP/1.1" 200 51413
127.0.0.1 - - [15/Apr/2026:16:21:14 +0200] "GET /rhn/websocket/notifications HTTP/1.1" 101 -
172.16.3.5 - - [15/Apr/2026:16:21:14 +0200] "POST /rhn/manager/frontend-log HTTP/1.1" 200 16
172.16.3.5 - - [15/Apr/2026:16:21:14 +0200] "GET /rhn/channels/manage/Sync.do?cid=125 HTTP/1.1" 200 43629
127.0.0.1 - - [15/Apr/2026:16:21:14 +0200] "GET /rhn/websocket/notifications HTTP/1.1" 101 -
172.16.3.5 - - [15/Apr/2026:16:21:14 +0200] "POST /rhn/manager/frontend-log HTTP/1.1" 200 16
172.16.3.5 - - [15/Apr/2026:16:21:16 +0200] "POST /rhn/channels/manage/Sync.do?cid=125 HTTP/1.1" 302 -
172.16.3.5 - - [15/Apr/2026:16:21:17 +0200] "GET /rhn/channels/manage/Sync.do?cid=125 HTTP/1.1" 200 43743
127.0.0.1 - - [15/Apr/2026:16:21:17 +0200] "GET /rhn/websocket/notifications HTTP/1.1" 101 -
172.16.3.5 - - [15/Apr/2026:16:21:17 +0200] "POST /rhn/manager/frontend-log HTTP/1.1" 200 16
::1 - - [15/Apr/2026:16:21:19 +0200] "GET /rhn/manager/login HTTP/1.1" 302 -
172.16.3.5 - - [15/Apr/2026:16:21:30 +0200] "GET /rhn/manager/login HTTP/1.1" 302 -
172.16.3.5 - - [15/Apr/2026:16:21:30 +0200] "GET /rhn/YourRhn.do HTTP/1.1" 200 38967
172.16.3.5 - - [15/Apr/2026:16:21:31 +0200] "POST /rhn/manager/frontend-log HTTP/1.1" 200 16
172.16.3.5 - - [15/Apr/2026:16:21:31 +0200] "POST /rhn/ajax/subscription-warning HTTP/1.1" 200 -
172.16.3.5 - - [15/Apr/2026:16:21:31 +0200] "POST /rhn/ajax/pending-actions HTTP/1.1" 200 636
172.16.3.5 - - [15/Apr/2026:16:21:31 +0200] "POST /rhn/ajax/critical-systems HTTP/1.1" 200 2026
172.16.3.5 - - [15/Apr/2026:16:21:31 +0200] "POST /rhn/ajax/systems-groups HTTP/1.1" 200 1491
172.16.3.5 - - [15/Apr/2026:16:21:31 +0200] "POST /rhn/ajax/latest-errata HTTP/1.1" 200 539
172.16.3.5 - - [15/Apr/2026:16:21:31 +0200] "POST /rhn/ajax/tasks HTTP/1.1" 200 2232
127.0.0.1 - - [15/Apr/2026:16:21:31 +0200] "GET /rhn/websocket/notifications HTTP/1.1" 101 -
172.16.3.5 - - [15/Apr/2026:16:21:31 +0200] "POST /rhn/ajax/inactive-systems HTTP/1.1" 200 540
172.16.3.5 - - [15/Apr/2026:16:21:31 +0200] "POST /rhn/ajax/recent-systems HTTP/1.1" 200 2059
172.16.3.5 - - [15/Apr/2026:16:21:31 +0200] "POST /rhn/ajax/disk-check-warning HTTP/1.1" 200 -
172.16.3.5 - - [15/Apr/2026:16:21:32 +0200] "GET /rhn/channels/manage/Manage.do HTTP/1.1" 200 51422
172.16.3.5 - - [15/Apr/2026:16:21:32 +0200] "POST /rhn/manager/frontend-log HTTP/1.1" 200 16
127.0.0.1 - - [15/Apr/2026:16:21:32 +0200] "GET /rhn/websocket/notifications HTTP/1.1" 101 -
172.16.3.5 - - [15/Apr/2026:16:21:32 +0200] "POST /rhn/manager/frontend-log HTTP/1.1" 200 16
172.16.3.5 - - [15/Apr/2026:16:21:32 +0200] "GET /rhn/channels/manage/Edit.do?cid=127 HTTP/1.1" 200 56012
127.0.0.1 - - [15/Apr/2026:16:21:32 +0200] "GET /rhn/websocket/notifications HTTP/1.1" 101 -
172.16.3.5 - - [15/Apr/2026:16:21:32 +0200] "POST /rhn/manager/frontend-log HTTP/1.1" 200 16
172.16.3.5 - - [15/Apr/2026:16:21:32 +0200] "GET /rhn/channels/manage/Repositories.do?cid=127 HTTP/1.1" 200 51415
127.0.0.1 - - [15/Apr/2026:16:21:33 +0200] "GET /rhn/websocket/notifications HTTP/1.1" 101 -
172.16.3.5 - - [15/Apr/2026:16:21:33 +0200] "POST /rhn/manager/frontend-log HTTP/1.1" 200 16
172.16.3.5 - - [15/Apr/2026:16:21:33 +0200] "GET /rhn/channels/manage/Sync.do?cid=127 HTTP/1.1" 200 43632
172.16.3.5 - - [15/Apr/2026:16:21:33 +0200] "POST /rhn/manager/frontend-log HTTP/1.1" 200 16
127.0.0.1 - - [15/Apr/2026:16:21:33 +0200] "GET /rhn/websocket/notifications HTTP/1.1" 101 -
172.16.3.5 - - [15/Apr/2026:16:21:34 +0200] "POST /rhn/channels/manage/Sync.do?cid=127 HTTP/1.1" 302 -
172.16.3.5 - - [15/Apr/2026:16:21:35 +0200] "GET /rhn/channels/manage/Sync.do?cid=127 HTTP/1.1" 200 43748
172.16.3.5 - - [15/Apr/2026:16:21:35 +0200] "POST /rhn/manager/frontend-log HTTP/1.1" 200 16
127.0.0.1 - - [15/Apr/2026:16:21:35 +0200] "GET /rhn/websocket/notifications HTTP/1.1" 101 -
::1 - - [15/Apr/2026:16:21:35 +0200] "GET /rhn/manager/login HTTP/1.1" 302 -
::1 - - [15/Apr/2026:16:21:37 +0200] "GET /rhn/errors/404.jsp HTTP/1.1" 404 4500
::1 - - [15/Apr/2026:16:21:39 +0200] "GET /rhn/errors/404.jsp HTTP/1.1" 404 4500
172.16.3.5 - - [15/Apr/2026:16:21:48 +0200] "GET /rhn/manager/login HTTP/1.1" 302 -
172.16.3.5 - - [15/Apr/2026:16:21:49 +0200] "GET /rhn/YourRhn.do HTTP/1.1" 200 38967
172.16.3.5 - - [15/Apr/2026:16:21:49 +0200] "POST /rhn/manager/frontend-log HTTP/1.1" 200 16
127.0.0.1 - - [15/Apr/2026:16:21:49 +0200] "GET /rhn/websocket/notifications HTTP/1.1" 101 -
172.16.3.5 - - [15/Apr/2026:16:21:49 +0200] "POST /rhn/ajax/subscription-warning HTTP/1.1" 200 -
172.16.3.5 - - [15/Apr/2026:16:21:49 +0200] "POST /rhn/ajax/tasks HTTP/1.1" 200 2232
172.16.3.5 - - [15/Apr/2026:16:21:49 +0200] "POST /rhn/ajax/inactive-systems HTTP/1.1" 200 540
172.16.3.5 - - [15/Apr/2026:16:21:49 +0200] "POST /rhn/ajax/critical-systems HTTP/1.1" 200 2026
172.16.3.5 - - [15/Apr/2026:16:21:49 +0200] "POST /rhn/ajax/pending-actions HTTP/1.1" 200 636
172.16.3.5 - - [15/Apr/2026:16:21:49 +0200] "POST /rhn/ajax/disk-check-warning HTTP/1.1" 200 -
172.16.3.5 - - [15/Apr/2026:16:21:49 +0200] "POST /rhn/ajax/latest-errata HTTP/1.1" 200 539
172.16.3.5 - - [15/Apr/2026:16:21:49 +0200] "POST /rhn/ajax/recent-systems HTTP/1.1" 200 2059
172.16.3.5 - - [15/Apr/2026:16:21:50 +0200] "POST /rhn/manager/frontend-log HTTP/1.1" 200 16
172.16.3.5 - - [15/Apr/2026:16:21:50 +0200] "POST /rhn/ajax/systems-groups HTTP/1.1" 200 1491
172.16.3.5 - - [15/Apr/2026:16:21:50 +0200] "GET /rhn/channels/manage/Manage.do HTTP/1.1" 200 51422
172.16.3.5 - - [15/Apr/2026:16:21:50 +0200] "POST /rhn/manager/frontend-log HTTP/1.1" 200 16
