172.16.3.7 - - [06/Mar/2026:12:01:07 +0100] "HEAD /rhn/manager/download/sle-module-server-applications15-sp7-pool-x86_64/repodata/repomd.xml?eyJhbGciOiJIUzI1NiJ9.eyJqdGkiOiJUaWd6cDZIeDlEeUE4VjY5MFU4WjNBIiwiZXhwIjoxODA0MzMwODU0LCJpYXQiOjE3NzI3OTQ4NTQsIm5iZiI6MTc3Mjc5NDczNCwib3JnIjoxLCJvbmx5Q2hhbm5lbHMiOlsic2xlLW1vZHVsZS1zZXJ2ZXItYXBwbGljYXRpb25zMTUtc3A3LXBvb2wteDg2XzY0Il19.JUX8Fguwx5muIc8D5njlDAXJ_xbT4BXbRPRGeqZkQ9o HTTP/1.1" 200 -
172.16.3.7 - - [06/Mar/2026:12:01:07 +0100] "GET /rhn/manager/download/sle-module-server-applications15-sp7-pool-x86_64/repodata/repomd.xml?eyJhbGciOiJIUzI1NiJ9.eyJqdGkiOiJUaWd6cDZIeDlEeUE4VjY5MFU4WjNBIiwiZXhwIjoxODA0MzMwODU0LCJpYXQiOjE3NzI3OTQ4NTQsIm5iZiI6MTc3Mjc5NDczNCwib3JnIjoxLCJvbmx5Q2hhbm5lbHMiOlsic2xlLW1vZHVsZS1zZXJ2ZXItYXBwbGljYXRpb25zMTUtc3A3LXBvb2wteDg2XzY0Il19.JUX8Fguwx5muIc8D5njlDAXJ_xbT4BXbRPRGeqZkQ9o HTTP/1.1" 200 3664
172.16.3.7 - - [06/Mar/2026:12:01:07 +0100] "HEAD /rhn/manager/download/sle-module-server-applications15-sp7-pool-x86_64/repodata/repomd.xml.asc?eyJhbGciOiJIUzI1NiJ9.eyJqdGkiOiJUaWd6cDZIeDlEeUE4VjY5MFU4WjNBIiwiZXhwIjoxODA0MzMwODU0LCJpYXQiOjE3NzI3OTQ4NTQsIm5iZiI6MTc3Mjc5NDczNCwib3JnIjoxLCJvbmx5Q2hhbm5lbHMiOlsic2xlLW1vZHVsZS1zZXJ2ZXItYXBwbGljYXRpb25zMTUtc3A3LXBvb2wteDg2XzY0Il19.JUX8Fguwx5muIc8D5njlDAXJ_xbT4BXbRPRGeqZkQ9o HTTP/1.1" 404 -
172.16.3.7 - - [06/Mar/2026:12:01:07 +0100] "HEAD /rhn/manager/download/sle-module-server-applications15-sp7-pool-x86_64/repodata/cffbbc832f0c7149673ab0c38c25a6adcf5ba817fcf4485cabd34cff0b199bd9-primary.xml.gz?eyJhbGciOiJIUzI1NiJ9.eyJqdGkiOiJUaWd6cDZIeDlEeUE4VjY5MFU4WjNBIiwiZXhwIjoxODA0MzMwODU0LCJpYXQiOjE3NzI3OTQ4NTQsIm5iZiI6MTc3Mjc5NDczNCwib3JnIjoxLCJvbmx5Q2hhbm5lbHMiOlsic2xlLW1vZHVsZS1zZXJ2ZXItYXBwbGljYXRpb25zMTUtc3A3LXBvb2wteDg2XzY0Il19.JUX8Fguwx5muIc8D5njlDAXJ_xbT4BXbRPRGeqZkQ9o HTTP/1.1" 200 -
172.16.3.7 - - [06/Mar/2026:12:01:07 +0100] "GET /rhn/manager/download/sle-module-server-applications15-sp7-pool-x86_64/repodata/cffbbc832f0c7149673ab0c38c25a6adcf5ba817fcf4485cabd34cff0b199bd9-primary.xml.gz?eyJhbGciOiJIUzI1NiJ9.eyJqdGkiOiJUaWd6cDZIeDlEeUE4VjY5MFU4WjNBIiwiZXhwIjoxODA0MzMwODU0LCJpYXQiOjE3NzI3OTQ4NTQsIm5iZiI6MTc3Mjc5NDczNCwib3JnIjoxLCJvbmx5Q2hhbm5lbHMiOlsic2xlLW1vZHVsZS1zZXJ2ZXItYXBwbGljYXRpb25zMTUtc3A3LXBvb2wteDg2XzY0Il19.JUX8Fguwx5muIc8D5njlDAXJ_xbT4BXbRPRGeqZkQ9o HTTP/1.1" 200 3664
172.16.3.7 - - [06/Mar/2026:12:01:07 +0100] "HEAD /rhn/manager/download/sle-module-server-applications15-sp7-pool-x86_64/repodata/c830f480ed47940a42521e68444d5e0c7106708745babd9721ee6ff52d805584-susedata.xml.gz?eyJhbGciOiJIUzI1NiJ9.eyJqdGkiOiJUaWd6cDZIeDlEeUE4VjY5MFU4WjNBIiwiZXhwIjoxODA0MzMwODU0LCJpYXQiOjE3NzI3OTQ4NTQsIm5iZiI6MTc3Mjc5NDczNCwib3JnIjoxLCJvbmx5Q2hhbm5lbHMiOlsic2xlLW1vZHVsZS1zZXJ2ZXItYXBwbGljYXRpb25zMTUtc3A3LXBvb2wteDg2XzY0Il19.JUX8Fguwx5muIc8D5njlDAXJ_xbT4BXbRPRGeqZkQ9o HTTP/1.1" 200 -
172.16.3.5 - - [06/Mar/2026:12:01:07 +0100] "GET /rhn/manager/systems/list/all HTTP/1.1" 200 34441
172.16.3.7 - - [06/Mar/2026:12:01:08 +0100] "GET /rhn/manager/download/sle-module-server-applications15-sp7-pool-x86_64/repodata/c830f480ed47940a42521e68444d5e0c7106708745babd9721ee6ff52d805584-susedata.xml.gz?eyJhbGciOiJIUzI1NiJ9.eyJqdGkiOiJUaWd6cDZIeDlEeUE4VjY5MFU4WjNBIiwiZXhwIjoxODA0MzMwODU0LCJpYXQiOjE3NzI3OTQ4NTQsIm5iZiI6MTc3Mjc5NDczNCwib3JnIjoxLCJvbmx5Q2hhbm5lbHMiOlsic2xlLW1vZHVsZS1zZXJ2ZXItYXBwbGljYXRpb25zMTUtc3A3LXBvb2wteDg2XzY0Il19.JUX8Fguwx5muIc8D5njlDAXJ_xbT4BXbRPRGeqZkQ9o HTTP/1.1" 200 3664
172.16.3.5 - - [06/Mar/2026:12:01:08 +0100] "POST /rhn/manager/frontend-log HTTP/1.1" 200 16
172.16.3.7 - - [06/Mar/2026:12:01:08 +0100] "HEAD /rhn/manager/download/sle-module-server-applications15-sp7-updates-x86_64/repodata/repomd.xml?eyJhbGciOiJIUzI1NiJ9.eyJqdGkiOiJrQnZ5MURCdl9uWUxQNkIyc25SMlJBIiwiZXhwIjoxODA0MzMwODU0LCJpYXQiOjE3NzI3OTQ4NTQsIm5iZiI6MTc3Mjc5NDczNCwib3JnIjoxLCJvbmx5Q2hhbm5lbHMiOlsic2xlLW1vZHVsZS1zZXJ2ZXItYXBwbGljYXRpb25zMTUtc3A3LXVwZGF0ZXMteDg2XzY0Il19.rYsGjDEaIPZysHX-nX8iiUy0jUXd1PF5kYvhbgWlZm0 HTTP/1.1" 200 -
172.16.3.7 - - [06/Mar/2026:12:01:08 +0100] "HEAD /rhn/manager/download/sle-module-server-applications15-sp7-updates-x86_64/media.1/media?eyJhbGciOiJIUzI1NiJ9.eyJqdGkiOiJrQnZ5MURCdl9uWUxQNkIyc25SMlJBIiwiZXhwIjoxODA0MzMwODU0LCJpYXQiOjE3NzI3OTQ4NTQsIm5iZiI6MTc3Mjc5NDczNCwib3JnIjoxLCJvbmx5Q2hhbm5lbHMiOlsic2xlLW1vZHVsZS1zZXJ2ZXItYXBwbGljYXRpb25zMTUtc3A3LXVwZGF0ZXMteDg2XzY0Il19.rYsGjDEaIPZysHX-nX8iiUy0jUXd1PF5kYvhbgWlZm0 HTTP/1.1" 404 -
172.16.3.7 - - [06/Mar/2026:12:01:08 +0100] "HEAD /rhn/manager/download/sle-module-server-applications15-sp7-updates-x86_64/repodata/repomd.xml?eyJhbGciOiJIUzI1NiJ9.eyJqdGkiOiJrQnZ5MURCdl9uWUxQNkIyc25SMlJBIiwiZXhwIjoxODA0MzMwODU0LCJpYXQiOjE3NzI3OTQ4NTQsIm5iZiI6MTc3Mjc5NDczNCwib3JnIjoxLCJvbmx5Q2hhbm5lbHMiOlsic2xlLW1vZHVsZS1zZXJ2ZXItYXBwbGljYXRpb25zMTUtc3A3LXVwZGF0ZXMteDg2XzY0Il19.rYsGjDEaIPZysHX-nX8iiUy0jUXd1PF5kYvhbgWlZm0 HTTP/1.1" 200 -
172.16.3.7 - - [06/Mar/2026:12:01:08 +0100] "GET /rhn/manager/download/sle-module-server-applications15-sp7-updates-x86_64/repodata/repomd.xml?eyJhbGciOiJIUzI1NiJ9.eyJqdGkiOiJrQnZ5MURCdl9uWUxQNkIyc25SMlJBIiwiZXhwIjoxODA0MzMwODU0LCJpYXQiOjE3NzI3OTQ4NTQsIm5iZiI6MTc3Mjc5NDczNCwib3JnIjoxLCJvbmx5Q2hhbm5lbHMiOlsic2xlLW1vZHVsZS1zZXJ2ZXItYXBwbGljYXRpb25zMTUtc3A3LXVwZGF0ZXMteDg2XzY0Il19.rYsGjDEaIPZysHX-nX8iiUy0jUXd1PF5kYvhbgWlZm0 HTTP/1.1" 200 3664
127.0.0.1 - - [06/Mar/2026:12:01:08 +0100] "GET /rhn/websocket/notifications HTTP/1.1" 101 -
172.16.3.7 - - [06/Mar/2026:12:01:08 +0100] "HEAD /rhn/manager/download/sle-module-server-applications15-sp7-updates-x86_64/repodata/repomd.xml.asc?eyJhbGciOiJIUzI1NiJ9.eyJqdGkiOiJrQnZ5MURCdl9uWUxQNkIyc25SMlJBIiwiZXhwIjoxODA0MzMwODU0LCJpYXQiOjE3NzI3OTQ4NTQsIm5iZiI6MTc3Mjc5NDczNCwib3JnIjoxLCJvbmx5Q2hhbm5lbHMiOlsic2xlLW1vZHVsZS1zZXJ2ZXItYXBwbGljYXRpb25zMTUtc3A3LXVwZGF0ZXMteDg2XzY0Il19.rYsGjDEaIPZysHX-nX8iiUy0jUXd1PF5kYvhbgWlZm0 HTTP/1.1" 404 -
172.16.3.7 - - [06/Mar/2026:12:01:08 +0100] "HEAD /rhn/manager/download/sle-module-server-applications15-sp7-updates-x86_64/repodata/c0474b0d1c9275a7435dab743470d10c28c71e24629e2383859ba290a8b5a063-primary.xml.gz?eyJhbGciOiJIUzI1NiJ9.eyJqdGkiOiJrQnZ5MURCdl9uWUxQNkIyc25SMlJBIiwiZXhwIjoxODA0MzMwODU0LCJpYXQiOjE3NzI3OTQ4NTQsIm5iZiI6MTc3Mjc5NDczNCwib3JnIjoxLCJvbmx5Q2hhbm5lbHMiOlsic2xlLW1vZHVsZS1zZXJ2ZXItYXBwbGljYXRpb25zMTUtc3A3LXVwZGF0ZXMteDg2XzY0Il19.rYsGjDEaIPZysHX-nX8iiUy0jUXd1PF5kYvhbgWlZm0 HTTP/1.1" 200 -
172.16.3.7 - - [06/Mar/2026:12:01:08 +0100] "GET /rhn/manager/download/sle-module-server-applications15-sp7-updates-x86_64/repodata/c0474b0d1c9275a7435dab743470d10c28c71e24629e2383859ba290a8b5a063-primary.xml.gz?eyJhbGciOiJIUzI1NiJ9.eyJqdGkiOiJrQnZ5MURCdl9uWUxQNkIyc25SMlJBIiwiZXhwIjoxODA0MzMwODU0LCJpYXQiOjE3NzI3OTQ4NTQsIm5iZiI6MTc3Mjc5NDczNCwib3JnIjoxLCJvbmx5Q2hhbm5lbHMiOlsic2xlLW1vZHVsZS1zZXJ2ZXItYXBwbGljYXRpb25zMTUtc3A3LXVwZGF0ZXMteDg2XzY0Il19.rYsGjDEaIPZysHX-nX8iiUy0jUXd1PF5kYvhbgWlZm0 HTTP/1.1" 200 3664
127.0.0.1 - - [06/Mar/2026:12:01:08 +0100] "GET /rhn/websocket/notifications HTTP/1.1" 101 -
172.16.3.7 - - [06/Mar/2026:12:01:08 +0100] "HEAD /rhn/manager/download/sle-module-server-applications15-sp7-updates-x86_64/repodata/de869091a25fffea2606e1aef6a3a327a064b6055acf6daaa63cfa7563246f89-susedata.xml.gz?eyJhbGciOiJIUzI1NiJ9.eyJqdGkiOiJrQnZ5MURCdl9uWUxQNkIyc25SMlJBIiwiZXhwIjoxODA0MzMwODU0LCJpYXQiOjE3NzI3OTQ4NTQsIm5iZiI6MTc3Mjc5NDczNCwib3JnIjoxLCJvbmx5Q2hhbm5lbHMiOlsic2xlLW1vZHVsZS1zZXJ2ZXItYXBwbGljYXRpb25zMTUtc3A3LXVwZGF0ZXMteDg2XzY0Il19.rYsGjDEaIPZysHX-nX8iiUy0jUXd1PF5kYvhbgWlZm0 HTTP/1.1" 200 -
172.16.3.5 - - [06/Mar/2026:12:01:08 +0100] "POST /rhn/manager/frontend-log HTTP/1.1" 200 16
172.16.3.7 - - [06/Mar/2026:12:01:08 +0100] "GET /rhn/manager/download/sle-module-server-applications15-sp7-updates-x86_64/repodata/de869091a25fffea2606e1aef6a3a327a064b6055acf6daaa63cfa7563246f89-susedata.xml.gz?eyJhbGciOiJIUzI1NiJ9.eyJqdGkiOiJrQnZ5MURCdl9uWUxQNkIyc25SMlJBIiwiZXhwIjoxODA0MzMwODU0LCJpYXQiOjE3NzI3OTQ4NTQsIm5iZiI6MTc3Mjc5NDczNCwib3JnIjoxLCJvbmx5Q2hhbm5lbHMiOlsic2xlLW1vZHVsZS1zZXJ2ZXItYXBwbGljYXRpb25zMTUtc3A3LXVwZGF0ZXMteDg2XzY0Il19.rYsGjDEaIPZysHX-nX8iiUy0jUXd1PF5kYvhbgWlZm0 HTTP/1.1" 200 3664
172.16.3.7 - - [06/Mar/2026:12:01:08 +0100] "HEAD /rhn/manager/download/sle-module-server-applications15-sp7-updates-x86_64/repodata/8abdcbbe5d8cf42e784ccc35ce0d5e4df083d905260d82aa20a00d6f882cbccd-updateinfo.xml.gz?eyJhbGciOiJIUzI1NiJ9.eyJqdGkiOiJrQnZ5MURCdl9uWUxQNkIyc25SMlJBIiwiZXhwIjoxODA0MzMwODU0LCJpYXQiOjE3NzI3OTQ4NTQsIm5iZiI6MTc3Mjc5NDczNCwib3JnIjoxLCJvbmx5Q2hhbm5lbHMiOlsic2xlLW1vZHVsZS1zZXJ2ZXItYXBwbGljYXRpb25zMTUtc3A3LXVwZGF0ZXMteDg2XzY0Il19.rYsGjDEaIPZysHX-nX8iiUy0jUXd1PF5kYvhbgWlZm0 HTTP/1.1" 200 -
172.16.3.7 - - [06/Mar/2026:12:01:08 +0100] "GET /rhn/manager/download/sle-module-server-applications15-sp7-updates-x86_64/repodata/8abdcbbe5d8cf42e784ccc35ce0d5e4df083d905260d82aa20a00d6f882cbccd-updateinfo.xml.gz?eyJhbGciOiJIUzI1NiJ9.eyJqdGkiOiJrQnZ5MURCdl9uWUxQNkIyc25SMlJBIiwiZXhwIjoxODA0MzMwODU0LCJpYXQiOjE3NzI3OTQ4NTQsIm5iZiI6MTc3Mjc5NDczNCwib3JnIjoxLCJvbmx5Q2hhbm5lbHMiOlsic2xlLW1vZHVsZS1zZXJ2ZXItYXBwbGljYXRpb25zMTUtc3A3LXVwZGF0ZXMteDg2XzY0Il19.rYsGjDEaIPZysHX-nX8iiUy0jUXd1PF5kYvhbgWlZm0 HTTP/1.1" 200 3664
172.16.3.5 - - [06/Mar/2026:12:01:08 +0100] "GET /rhn/manager/api/systems/list/all?p=1&ps=100&s=1&sc=server_name HTTP/1.1" 200 4066
172.16.3.5 - - [06/Mar/2026:12:01:08 +0100] "GET /rhn/manager/systems/list/all HTTP/1.1" 200 34439
172.16.3.7 - - [06/Mar/2026:12:01:08 +0100] "HEAD /rhn/manager/download/sle-module-systems-management-15-sp7-pool-x86_64/repodata/repomd.xml?eyJhbGciOiJIUzI1NiJ9.eyJqdGkiOiJTWHluaHhmaEVsRjZnbjhjQXBDd0hRIiwiZXhwIjoxODA0MzMwODU0LCJpYXQiOjE3NzI3OTQ4NTQsIm5iZiI6MTc3Mjc5NDczNCwib3JnIjoxLCJvbmx5Q2hhbm5lbHMiOlsic2xlLW1vZHVsZS1zeXN0ZW1zLW1hbmFnZW1lbnQtMTUtc3A3LXBvb2wteDg2XzY0Il19.rceoTLk_hRPoZhE82ewP-rka6DiV1BWyQQygDwpQlwc HTTP/1.1" 200 -
172.16.3.7 - - [06/Mar/2026:12:01:08 +0100] "HEAD /rhn/manager/download/sle-module-systems-management-15-sp7-pool-x86_64/media.1/media?eyJhbGciOiJIUzI1NiJ9.eyJqdGkiOiJTWHluaHhmaEVsRjZnbjhjQXBDd0hRIiwiZXhwIjoxODA0MzMwODU0LCJpYXQiOjE3NzI3OTQ4NTQsIm5iZiI6MTc3Mjc5NDczNCwib3JnIjoxLCJvbmx5Q2hhbm5lbHMiOlsic2xlLW1vZHVsZS1zeXN0ZW1zLW1hbmFnZW1lbnQtMTUtc3A3LXBvb2wteDg2XzY0Il19.rceoTLk_hRPoZhE82ewP-rka6DiV1BWyQQygDwpQlwc HTTP/1.1" 404 -
172.16.3.7 - - [06/Mar/2026:12:01:08 +0100] "HEAD /rhn/manager/download/sle-module-systems-management-15-sp7-pool-x86_64/repodata/repomd.xml?eyJhbGciOiJIUzI1NiJ9.eyJqdGkiOiJTWHluaHhmaEVsRjZnbjhjQXBDd0hRIiwiZXhwIjoxODA0MzMwODU0LCJpYXQiOjE3NzI3OTQ4NTQsIm5iZiI6MTc3Mjc5NDczNCwib3JnIjoxLCJvbmx5Q2hhbm5lbHMiOlsic2xlLW1vZHVsZS1zeXN0ZW1zLW1hbmFnZW1lbnQtMTUtc3A3LXBvb2wteDg2XzY0Il19.rceoTLk_hRPoZhE82ewP-rka6DiV1BWyQQygDwpQlwc HTTP/1.1" 200 -
172.16.3.5 - - [06/Mar/2026:12:01:08 +0100] "POST /rhn/manager/frontend-log HTTP/1.1" 200 16
172.16.3.7 - - [06/Mar/2026:12:01:08 +0100] "GET /rhn/manager/download/sle-module-systems-management-15-sp7-pool-x86_64/repodata/repomd.xml?eyJhbGciOiJIUzI1NiJ9.eyJqdGkiOiJTWHluaHhmaEVsRjZnbjhjQXBDd0hRIiwiZXhwIjoxODA0MzMwODU0LCJpYXQiOjE3NzI3OTQ4NTQsIm5iZiI6MTc3Mjc5NDczNCwib3JnIjoxLCJvbmx5Q2hhbm5lbHMiOlsic2xlLW1vZHVsZS1zeXN0ZW1zLW1hbmFnZW1lbnQtMTUtc3A3LXBvb2wteDg2XzY0Il19.rceoTLk_hRPoZhE82ewP-rka6DiV1BWyQQygDwpQlwc HTTP/1.1" 200 3664
172.16.3.7 - - [06/Mar/2026:12:01:08 +0100] "HEAD /rhn/manager/download/sle-module-systems-management-15-sp7-pool-x86_64/repodata/repomd.xml.asc?eyJhbGciOiJIUzI1NiJ9.eyJqdGkiOiJTWHluaHhmaEVsRjZnbjhjQXBDd0hRIiwiZXhwIjoxODA0MzMwODU0LCJpYXQiOjE3NzI3OTQ4NTQsIm5iZiI6MTc3Mjc5NDczNCwib3JnIjoxLCJvbmx5Q2hhbm5lbHMiOlsic2xlLW1vZHVsZS1zeXN0ZW1zLW1hbmFnZW1lbnQtMTUtc3A3LXBvb2wteDg2XzY0Il19.rceoTLk_hRPoZhE82ewP-rka6DiV1BWyQQygDwpQlwc HTTP/1.1" 404 -
172.16.3.5 - - [06/Mar/2026:12:01:08 +0100] "POST /rhn/manager/api/sets/system_list HTTP/1.1" 200 1
172.16.3.7 - - [06/Mar/2026:12:01:09 +0100] "HEAD /rhn/manager/download/sle-module-systems-management-15-sp7-pool-x86_64/repodata/28dffe34171e107ccca376739d3152498d19bc980ad745d932678f9dc85056e4-primary.xml.gz?eyJhbGciOiJIUzI1NiJ9.eyJqdGkiOiJTWHluaHhmaEVsRjZnbjhjQXBDd0hRIiwiZXhwIjoxODA0MzMwODU0LCJpYXQiOjE3NzI3OTQ4NTQsIm5iZiI6MTc3Mjc5NDczNCwib3JnIjoxLCJvbmx5Q2hhbm5lbHMiOlsic2xlLW1vZHVsZS1zeXN0ZW1zLW1hbmFnZW1lbnQtMTUtc3A3LXBvb2wteDg2XzY0Il19.rceoTLk_hRPoZhE82ewP-rka6DiV1BWyQQygDwpQlwc HTTP/1.1" 200 -
172.16.3.7 - - [06/Mar/2026:12:01:09 +0100] "GET /rhn/manager/download/sle-module-systems-management-15-sp7-pool-x86_64/repodata/28dffe34171e107ccca376739d3152498d19bc980ad745d932678f9dc85056e4-primary.xml.gz?eyJhbGciOiJIUzI1NiJ9.eyJqdGkiOiJTWHluaHhmaEVsRjZnbjhjQXBDd0hRIiwiZXhwIjoxODA0MzMwODU0LCJpYXQiOjE3NzI3OTQ4NTQsIm5iZiI6MTc3Mjc5NDczNCwib3JnIjoxLCJvbmx5Q2hhbm5lbHMiOlsic2xlLW1vZHVsZS1zeXN0ZW1zLW1hbmFnZW1lbnQtMTUtc3A3LXBvb2wteDg2XzY0Il19.rceoTLk_hRPoZhE82ewP-rka6DiV1BWyQQygDwpQlwc HTTP/1.1" 200 3664
172.16.3.7 - - [06/Mar/2026:12:01:09 +0100] "HEAD /rhn/manager/download/sle-module-systems-management-15-sp7-pool-x86_64/repodata/110e2a801f4c7d14b5f7b05e63d0fb1a775f607931d93ddbe94e1dbbd080c248-susedata.xml.gz?eyJhbGciOiJIUzI1NiJ9.eyJqdGkiOiJTWHluaHhmaEVsRjZnbjhjQXBDd0hRIiwiZXhwIjoxODA0MzMwODU0LCJpYXQiOjE3NzI3OTQ4NTQsIm5iZiI6MTc3Mjc5NDczNCwib3JnIjoxLCJvbmx5Q2hhbm5lbHMiOlsic2xlLW1vZHVsZS1zeXN0ZW1zLW1hbmFnZW1lbnQtMTUtc3A3LXBvb2wteDg2XzY0Il19.rceoTLk_hRPoZhE82ewP-rka6DiV1BWyQQygDwpQlwc HTTP/1.1" 200 -
172.16.3.7 - - [06/Mar/2026:12:01:09 +0100] "GET /rhn/manager/download/sle-module-systems-management-15-sp7-pool-x86_64/repodata/110e2a801f4c7d14b5f7b05e63d0fb1a775f607931d93ddbe94e1dbbd080c248-susedata.xml.gz?eyJhbGciOiJIUzI1NiJ9.eyJqdGkiOiJTWHluaHhmaEVsRjZnbjhjQXBDd0hRIiwiZXhwIjoxODA0MzMwODU0LCJpYXQiOjE3NzI3OTQ4NTQsIm5iZiI6MTc3Mjc5NDczNCwib3JnIjoxLCJvbmx5Q2hhbm5lbHMiOlsic2xlLW1vZHVsZS1zeXN0ZW1zLW1hbmFnZW1lbnQtMTUtc3A3LXBvb2wteDg2XzY0Il19.rceoTLk_hRPoZhE82ewP-rka6DiV1BWyQQygDwpQlwc HTTP/1.1" 200 3664
127.0.0.1 - - [06/Mar/2026:12:01:08 +0100] "GET /rhn/websocket/notifications HTTP/1.1" 101 -
172.16.3.5 - - [06/Mar/2026:12:01:08 +0100] "POST /rhn/manager/frontend-log HTTP/1.1" 200 16
172.16.3.7 - - [06/Mar/2026:12:01:09 +0100] "HEAD /rhn/manager/download/sle-module-systems-management-15-sp7-updates-x86_64/repodata/repomd.xml?eyJhbGciOiJIUzI1NiJ9.eyJqdGkiOiJ3cldVMVZfYUpQbjdvM0tlN3h4T0F3IiwiZXhwIjoxODA0MzMwODU0LCJpYXQiOjE3NzI3OTQ4NTQsIm5iZiI6MTc3Mjc5NDczNCwib3JnIjoxLCJvbmx5Q2hhbm5lbHMiOlsic2xlLW1vZHVsZS1zeXN0ZW1zLW1hbmFnZW1lbnQtMTUtc3A3LXVwZGF0ZXMteDg2XzY0Il19.NzZhT4gUXeFQtDb074gW5J2f1UItEw1CH7SZri4IwkA HTTP/1.1" 200 -
172.16.3.7 - - [06/Mar/2026:12:01:09 +0100] "HEAD /rhn/manager/download/sle-module-systems-management-15-sp7-updates-x86_64/media.1/media?eyJhbGciOiJIUzI1NiJ9.eyJqdGkiOiJ3cldVMVZfYUpQbjdvM0tlN3h4T0F3IiwiZXhwIjoxODA0MzMwODU0LCJpYXQiOjE3NzI3OTQ4NTQsIm5iZiI6MTc3Mjc5NDczNCwib3JnIjoxLCJvbmx5Q2hhbm5lbHMiOlsic2xlLW1vZHVsZS1zeXN0ZW1zLW1hbmFnZW1lbnQtMTUtc3A3LXVwZGF0ZXMteDg2XzY0Il19.NzZhT4gUXeFQtDb074gW5J2f1UItEw1CH7SZri4IwkA HTTP/1.1" 404 -
172.16.3.7 - - [06/Mar/2026:12:01:09 +0100] "HEAD /rhn/manager/download/sle-module-systems-management-15-sp7-updates-x86_64/repodata/repomd.xml?eyJhbGciOiJIUzI1NiJ9.eyJqdGkiOiJ3cldVMVZfYUpQbjdvM0tlN3h4T0F3IiwiZXhwIjoxODA0MzMwODU0LCJpYXQiOjE3NzI3OTQ4NTQsIm5iZiI6MTc3Mjc5NDczNCwib3JnIjoxLCJvbmx5Q2hhbm5lbHMiOlsic2xlLW1vZHVsZS1zeXN0ZW1zLW1hbmFnZW1lbnQtMTUtc3A3LXVwZGF0ZXMteDg2XzY0Il19.NzZhT4gUXeFQtDb074gW5J2f1UItEw1CH7SZri4IwkA HTTP/1.1" 200 -
172.16.3.7 - - [06/Mar/2026:12:01:09 +0100] "GET /rhn/manager/download/sle-module-systems-management-15-sp7-updates-x86_64/repodata/repomd.xml?eyJhbGciOiJIUzI1NiJ9.eyJqdGkiOiJ3cldVMVZfYUpQbjdvM0tlN3h4T0F3IiwiZXhwIjoxODA0MzMwODU0LCJpYXQiOjE3NzI3OTQ4NTQsIm5iZiI6MTc3Mjc5NDczNCwib3JnIjoxLCJvbmx5Q2hhbm5lbHMiOlsic2xlLW1vZHVsZS1zeXN0ZW1zLW1hbmFnZW1lbnQtMTUtc3A3LXVwZGF0ZXMteDg2XzY0Il19.NzZhT4gUXeFQtDb074gW5J2f1UItEw1CH7SZri4IwkA HTTP/1.1" 200 3664
127.0.0.1 - - [06/Mar/2026:12:01:09 +0100] "GET /rhn/websocket/notifications HTTP/1.1" 101 -
172.16.3.7 - - [06/Mar/2026:12:01:09 +0100] "HEAD /rhn/manager/download/sle-module-systems-management-15-sp7-updates-x86_64/repodata/repomd.xml.asc?eyJhbGciOiJIUzI1NiJ9.eyJqdGkiOiJ3cldVMVZfYUpQbjdvM0tlN3h4T0F3IiwiZXhwIjoxODA0MzMwODU0LCJpYXQiOjE3NzI3OTQ4NTQsIm5iZiI6MTc3Mjc5NDczNCwib3JnIjoxLCJvbmx5Q2hhbm5lbHMiOlsic2xlLW1vZHVsZS1zeXN0ZW1zLW1hbmFnZW1lbnQtMTUtc3A3LXVwZGF0ZXMteDg2XzY0Il19.NzZhT4gUXeFQtDb074gW5J2f1UItEw1CH7SZri4IwkA HTTP/1.1" 404 -
172.16.3.7 - - [06/Mar/2026:12:01:09 +0100] "HEAD /rhn/manager/download/sle-module-systems-management-15-sp7-updates-x86_64/repodata/474c5928635273228bca84701d71d5868dc19bfeb7b557a2b7c1f6f79952def1-primary.xml.gz?eyJhbGciOiJIUzI1NiJ9.eyJqdGkiOiJ3cldVMVZfYUpQbjdvM0tlN3h4T0F3IiwiZXhwIjoxODA0MzMwODU0LCJpYXQiOjE3NzI3OTQ4NTQsIm5iZiI6MTc3Mjc5NDczNCwib3JnIjoxLCJvbmx5Q2hhbm5lbHMiOlsic2xlLW1vZHVsZS1zeXN0ZW1zLW1hbmFnZW1lbnQtMTUtc3A3LXVwZGF0ZXMteDg2XzY0Il19.NzZhT4gUXeFQtDb074gW5J2f1UItEw1CH7SZri4IwkA HTTP/1.1" 200 -
172.16.3.5 - - [06/Mar/2026:12:01:09 +0100] "GET /rhn/manager/api/systems/list/all?p=1&ps=100&s=1&sc=server_name HTTP/1.1" 200 4066
172.16.3.5 - - [06/Mar/2026:12:01:08 +0100] "GET /rhn/manager/systems/list/all HTTP/1.1" 200 34441
172.16.3.7 - - [06/Mar/2026:12:01:09 +0100] "GET /rhn/manager/download/sle-module-systems-management-15-sp7-updates-x86_64/repodata/474c5928635273228bca84701d71d5868dc19bfeb7b557a2b7c1f6f79952def1-primary.xml.gz?eyJhbGciOiJIUzI1NiJ9.eyJqdGkiOiJ3cldVMVZfYUpQbjdvM0tlN3h4T0F3IiwiZXhwIjoxODA0MzMwODU0LCJpYXQiOjE3NzI3OTQ4NTQsIm5iZiI6MTc3Mjc5NDczNCwib3JnIjoxLCJvbmx5Q2hhbm5lbHMiOlsic2xlLW1vZHVsZS1zeXN0ZW1zLW1hbmFnZW1lbnQtMTUtc3A3LXVwZGF0ZXMteDg2XzY0Il19.NzZhT4gUXeFQtDb074gW5J2f1UItEw1CH7SZri4IwkA HTTP/1.1" 200 3664
172.16.3.7 - - [06/Mar/2026:12:01:09 +0100] "HEAD /rhn/manager/download/sle-module-systems-management-15-sp7-updates-x86_64/repodata/98a58ffdc33a8d9c724bfca0765e6dad1ccf06b67edf0656540b1af3a46fd029-susedata.xml.gz?eyJhbGciOiJIUzI1NiJ9.eyJqdGkiOiJ3cldVMVZfYUpQbjdvM0tlN3h4T0F3IiwiZXhwIjoxODA0MzMwODU0LCJpYXQiOjE3NzI3OTQ4NTQsIm5iZiI6MTc3Mjc5NDczNCwib3JnIjoxLCJvbmx5Q2hhbm5lbHMiOlsic2xlLW1vZHVsZS1zeXN0ZW1zLW1hbmFnZW1lbnQtMTUtc3A3LXVwZGF0ZXMteDg2XzY0Il19.NzZhT4gUXeFQtDb074gW5J2f1UItEw1CH7SZri4IwkA HTTP/1.1" 200 -
172.16.3.7 - - [06/Mar/2026:12:01:09 +0100] "GET /rhn/manager/download/sle-module-systems-management-15-sp7-updates-x86_64/repodata/98a58ffdc33a8d9c724bfca0765e6dad1ccf06b67edf0656540b1af3a46fd029-susedata.xml.gz?eyJhbGciOiJIUzI1NiJ9.eyJqdGkiOiJ3cldVMVZfYUpQbjdvM0tlN3h4T0F3IiwiZXhwIjoxODA0MzMwODU0LCJpYXQiOjE3NzI3OTQ4NTQsIm5iZiI6MTc3Mjc5NDczNCwib3JnIjoxLCJvbmx5Q2hhbm5lbHMiOlsic2xlLW1vZHVsZS1zeXN0ZW1zLW1hbmFnZW1lbnQtMTUtc3A3LXVwZGF0ZXMteDg2XzY0Il19.NzZhT4gUXeFQtDb074gW5J2f1UItEw1CH7SZri4IwkA HTTP/1.1" 200 3663
172.16.3.7 - - [06/Mar/2026:12:01:09 +0100] "HEAD /rhn/manager/download/sle-module-systems-management-15-sp7-updates-x86_64/repodata/c811b54d0252c1c10d179cbcbd1d15ff469a89f5cbd2a54b0532d8e17cf0f7e9-updateinfo.xml.gz?eyJhbGciOiJIUzI1NiJ9.eyJqdGkiOiJ3cldVMVZfYUpQbjdvM0tlN3h4T0F3IiwiZXhwIjoxODA0MzMwODU0LCJpYXQiOjE3NzI3OTQ4NTQsIm5iZiI6MTc3Mjc5NDczNCwib3JnIjoxLCJvbmx5Q2hhbm5lbHMiOlsic2xlLW1vZHVsZS1zeXN0ZW1zLW1hbmFnZW1lbnQtMTUtc3A3LXVwZGF0ZXMteDg2XzY0Il19.NzZhT4gUXeFQtDb074gW5J2f1UItEw1CH7SZri4IwkA HTTP/1.1" 200 -
172.16.3.5 - - [06/Mar/2026:12:01:09 +0100] "POST /rhn/manager/frontend-log HTTP/1.1" 200 16
172.16.3.7 - - [06/Mar/2026:12:01:09 +0100] "GET /rhn/manager/download/sle-module-systems-management-15-sp7-updates-x86_64/repodata/c811b54d0252c1c10d179cbcbd1d15ff469a89f5cbd2a54b0532d8e17cf0f7e9-updateinfo.xml.gz?eyJhbGciOiJIUzI1NiJ9.eyJqdGkiOiJ3cldVMVZfYUpQbjdvM0tlN3h4T0F3IiwiZXhwIjoxODA0MzMwODU0LCJpYXQiOjE3NzI3OTQ4NTQsIm5iZiI6MTc3Mjc5NDczNCwib3JnIjoxLCJvbmx5Q2hhbm5lbHMiOlsic2xlLW1vZHVsZS1zeXN0ZW1zLW1hbmFnZW1lbnQtMTUtc3A3LXVwZGF0ZXMteDg2XzY0Il19.NzZhT4gUXeFQtDb074gW5J2f1UItEw1CH7SZri4IwkA HTTP/1.1" 200 3664
172.16.3.5 - - [06/Mar/2026:12:01:09 +0100] "POST /rhn/manager/api/sets/system_list HTTP/1.1" 200 1
172.16.3.7 - - [06/Mar/2026:12:01:09 +0100] "HEAD /rhn/manager/download/sle-product-sles15-sp7-pool-x86_64/repodata/repomd.xml?eyJhbGciOiJIUzI1NiJ9.eyJqdGkiOiJqb3YwSmxxQllhSHg1Z1hrZ3hISUh3IiwiZXhwIjoxODA0MzMwODU0LCJpYXQiOjE3NzI3OTQ4NTQsIm5iZiI6MTc3Mjc5NDczNCwib3JnIjoxLCJvbmx5Q2hhbm5lbHMiOlsic2xlLXByb2R1Y3Qtc2xlczE1LXNwNy1wb29sLXg4Nl82NCJdfQ.MaW8f3O08wjjdczT_xUFg1aDigkxO06tMkIf9QkDe00 HTTP/1.1" 200 -
127.0.0.1 - - [06/Mar/2026:12:01:09 +0100] "GET /rhn/websocket/notifications HTTP/1.1" 101 -
172.16.3.7 - - [06/Mar/2026:12:01:09 +0100] "HEAD /rhn/manager/download/sle-product-sles15-sp7-pool-x86_64/media.1/media?eyJhbGciOiJIUzI1NiJ9.eyJqdGkiOiJqb3YwSmxxQllhSHg1Z1hrZ3hISUh3IiwiZXhwIjoxODA0MzMwODU0LCJpYXQiOjE3NzI3OTQ4NTQsIm5iZiI6MTc3Mjc5NDczNCwib3JnIjoxLCJvbmx5Q2hhbm5lbHMiOlsic2xlLXByb2R1Y3Qtc2xlczE1LXNwNy1wb29sLXg4Nl82NCJdfQ.MaW8f3O08wjjdczT_xUFg1aDigkxO06tMkIf9QkDe00 HTTP/1.1" 404 -
172.16.3.7 - - [06/Mar/2026:12:01:09 +0100] "HEAD /rhn/manager/download/sle-product-sles15-sp7-pool-x86_64/repodata/repomd.xml?eyJhbGciOiJIUzI1NiJ9.eyJqdGkiOiJqb3YwSmxxQllhSHg1Z1hrZ3hISUh3IiwiZXhwIjoxODA0MzMwODU0LCJpYXQiOjE3NzI3OTQ4NTQsIm5iZiI6MTc3Mjc5NDczNCwib3JnIjoxLCJvbmx5Q2hhbm5lbHMiOlsic2xlLXByb2R1Y3Qtc2xlczE1LXNwNy1wb29sLXg4Nl82NCJdfQ.MaW8f3O08wjjdczT_xUFg1aDigkxO06tMkIf9QkDe00 HTTP/1.1" 200 -
172.16.3.7 - - [06/Mar/2026:12:01:09 +0100] "GET /rhn/manager/download/sle-product-sles15-sp7-pool-x86_64/repodata/repomd.xml?eyJhbGciOiJIUzI1NiJ9.eyJqdGkiOiJqb3YwSmxxQllhSHg1Z1hrZ3hISUh3IiwiZXhwIjoxODA0MzMwODU0LCJpYXQiOjE3NzI3OTQ4NTQsIm5iZiI6MTc3Mjc5NDczNCwib3JnIjoxLCJvbmx5Q2hhbm5lbHMiOlsic2xlLXByb2R1Y3Qtc2xlczE1LXNwNy1wb29sLXg4Nl82NCJdfQ.MaW8f3O08wjjdczT_xUFg1aDigkxO06tMkIf9QkDe00 HTTP/1.1" 200 3664
127.0.0.1 - - [06/Mar/2026:12:01:09 +0100] "GET /rhn/websocket/notifications HTTP/1.1" 101 -
172.16.3.5 - - [06/Mar/2026:12:01:09 +0100] "POST /rhn/manager/frontend-log HTTP/1.1" 200 16
172.16.3.7 - - [06/Mar/2026:12:01:10 +0100] "HEAD /rhn/manager/download/sle-product-sles15-sp7-pool-x86_64/repodata/repomd.xml.asc?eyJhbGciOiJIUzI1NiJ9.eyJqdGkiOiJqb3YwSmxxQllhSHg1Z1hrZ3hISUh3IiwiZXhwIjoxODA0MzMwODU0LCJpYXQiOjE3NzI3OTQ4NTQsIm5iZiI6MTc3Mjc5NDczNCwib3JnIjoxLCJvbmx5Q2hhbm5lbHMiOlsic2xlLXByb2R1Y3Qtc2xlczE1LXNwNy1wb29sLXg4Nl82NCJdfQ.MaW8f3O08wjjdczT_xUFg1aDigkxO06tMkIf9QkDe00 HTTP/1.1" 404 -
172.16.3.7 - - [06/Mar/2026:12:01:10 +0100] "HEAD /rhn/manager/download/sle-product-sles15-sp7-pool-x86_64/repodata/a93f797a7ac21c27ba1681a885d93e8e7d7be5297cc67140f0a29920083b0a60-primary.xml.gz?eyJhbGciOiJIUzI1NiJ9.eyJqdGkiOiJqb3YwSmxxQllhSHg1Z1hrZ3hISUh3IiwiZXhwIjoxODA0MzMwODU0LCJpYXQiOjE3NzI3OTQ4NTQsIm5iZiI6MTc3Mjc5NDczNCwib3JnIjoxLCJvbmx5Q2hhbm5lbHMiOlsic2xlLXByb2R1Y3Qtc2xlczE1LXNwNy1wb29sLXg4Nl82NCJdfQ.MaW8f3O08wjjdczT_xUFg1aDigkxO06tMkIf9QkDe00 HTTP/1.1" 200 -
172.16.3.7 - - [06/Mar/2026:12:01:10 +0100] "GET /rhn/manager/download/sle-product-sles15-sp7-pool-x86_64/repodata/a93f797a7ac21c27ba1681a885d93e8e7d7be5297cc67140f0a29920083b0a60-primary.xml.gz?eyJhbGciOiJIUzI1NiJ9.eyJqdGkiOiJqb3YwSmxxQllhSHg1Z1hrZ3hISUh3IiwiZXhwIjoxODA0MzMwODU0LCJpYXQiOjE3NzI3OTQ4NTQsIm5iZiI6MTc3Mjc5NDczNCwib3JnIjoxLCJvbmx5Q2hhbm5lbHMiOlsic2xlLXByb2R1Y3Qtc2xlczE1LXNwNy1wb29sLXg4Nl82NCJdfQ.MaW8f3O08wjjdczT_xUFg1aDigkxO06tMkIf9QkDe00 HTTP/1.1" 200 3664
172.16.3.7 - - [06/Mar/2026:12:01:10 +0100] "HEAD /rhn/manager/download/sle-product-sles15-sp7-pool-x86_64/repodata/d34d50251ddccc5076dda6be822f830e76003f859d24fecd8a7417991ab5a954-susedata.xml.gz?eyJhbGciOiJIUzI1NiJ9.eyJqdGkiOiJqb3YwSmxxQllhSHg1Z1hrZ3hISUh3IiwiZXhwIjoxODA0MzMwODU0LCJpYXQiOjE3NzI3OTQ4NTQsIm5iZiI6MTc3Mjc5NDczNCwib3JnIjoxLCJvbmx5Q2hhbm5lbHMiOlsic2xlLXByb2R1Y3Qtc2xlczE1LXNwNy1wb29sLXg4Nl82NCJdfQ.MaW8f3O08wjjdczT_xUFg1aDigkxO06tMkIf9QkDe00 HTTP/1.1" 200 -
172.16.3.7 - - [06/Mar/2026:12:01:10 +0100] "GET /rhn/manager/download/sle-product-sles15-sp7-pool-x86_64/repodata/d34d50251ddccc5076dda6be822f830e76003f859d24fecd8a7417991ab5a954-susedata.xml.gz?eyJhbGciOiJIUzI1NiJ9.eyJqdGkiOiJqb3YwSmxxQllhSHg1Z1hrZ3hISUh3IiwiZXhwIjoxODA0MzMwODU0LCJpYXQiOjE3NzI3OTQ4NTQsIm5iZiI6MTc3Mjc5NDczNCwib3JnIjoxLCJvbmx5Q2hhbm5lbHMiOlsic2xlLXByb2R1Y3Qtc2xlczE1LXNwNy1wb29sLXg4Nl82NCJdfQ.MaW8f3O08wjjdczT_xUFg1aDigkxO06tMkIf9QkDe00 HTTP/1.1" 200 3664
172.16.3.5 - - [06/Mar/2026:12:01:10 +0100] "GET /rhn/manager/api/systems/list/all?p=1&ps=100&s=1&sc=server_name HTTP/1.1" 200 4066
172.16.3.7 - - [06/Mar/2026:12:01:10 +0100] "HEAD /rhn/manager/download/sle-product-sles15-sp7-updates-x86_64/repodata/repomd.xml?eyJhbGciOiJIUzI1NiJ9.eyJqdGkiOiI1cTQxVWU1OEVNZVhhQW9RbEd5cTBRIiwiZXhwIjoxODA0MzMwODU0LCJpYXQiOjE3NzI3OTQ4NTQsIm5iZiI6MTc3Mjc5NDczNCwib3JnIjoxLCJvbmx5Q2hhbm5lbHMiOlsic2xlLXByb2R1Y3Qtc2xlczE1LXNwNy11cGRhdGVzLXg4Nl82NCJdfQ.YAPhmzbpFvH9vrvjGHr6cgEeShg3R4FQOeIEZjtvkco HTTP/1.1" 200 -
172.16.3.7 - - [06/Mar/2026:12:01:10 +0100] "HEAD /rhn/manager/download/sle-product-sles15-sp7-updates-x86_64/media.1/media?eyJhbGciOiJIUzI1NiJ9.eyJqdGkiOiI1cTQxVWU1OEVNZVhhQW9RbEd5cTBRIiwiZXhwIjoxODA0MzMwODU0LCJpYXQiOjE3NzI3OTQ4NTQsIm5iZiI6MTc3Mjc5NDczNCwib3JnIjoxLCJvbmx5Q2hhbm5lbHMiOlsic2xlLXByb2R1Y3Qtc2xlczE1LXNwNy11cGRhdGVzLXg4Nl82NCJdfQ.YAPhmzbpFvH9vrvjGHr6cgEeShg3R4FQOeIEZjtvkco HTTP/1.1" 404 -
172.16.3.7 - - [06/Mar/2026:12:01:10 +0100] "HEAD /rhn/manager/download/sle-product-sles15-sp7-updates-x86_64/repodata/repomd.xml?eyJhbGciOiJIUzI1NiJ9.eyJqdGkiOiI1cTQxVWU1OEVNZVhhQW9RbEd5cTBRIiwiZXhwIjoxODA0MzMwODU0LCJpYXQiOjE3NzI3OTQ4NTQsIm5iZiI6MTc3Mjc5NDczNCwib3JnIjoxLCJvbmx5Q2hhbm5lbHMiOlsic2xlLXByb2R1Y3Qtc2xlczE1LXNwNy11cGRhdGVzLXg4Nl82NCJdfQ.YAPhmzbpFvH9vrvjGHr6cgEeShg3R4FQOeIEZjtvkco HTTP/1.1" 200 -
172.16.3.7 - - [06/Mar/2026:12:01:10 +0100] "GET /rhn/manager/download/sle-product-sles15-sp7-updates-x86_64/repodata/repomd.xml?eyJhbGciOiJIUzI1NiJ9.eyJqdGkiOiI1cTQxVWU1OEVNZVhhQW9RbEd5cTBRIiwiZXhwIjoxODA0MzMwODU0LCJpYXQiOjE3NzI3OTQ4NTQsIm5iZiI6MTc3Mjc5NDczNCwib3JnIjoxLCJvbmx5Q2hhbm5lbHMiOlsic2xlLXByb2R1Y3Qtc2xlczE1LXNwNy11cGRhdGVzLXg4Nl82NCJdfQ.YAPhmzbpFvH9vrvjGHr6cgEeShg3R4FQOeIEZjtvkco HTTP/1.1" 200 3664
172.16.3.7 - - [06/Mar/2026:12:01:10 +0100] "HEAD /rhn/manager/download/sle-product-sles15-sp7-updates-x86_64/repodata/repomd.xml.asc?eyJhbGciOiJIUzI1NiJ9.eyJqdGkiOiI1cTQxVWU1OEVNZVhhQW9RbEd5cTBRIiwiZXhwIjoxODA0MzMwODU0LCJpYXQiOjE3NzI3OTQ4NTQsIm5iZiI6MTc3Mjc5NDczNCwib3JnIjoxLCJvbmx5Q2hhbm5lbHMiOlsic2xlLXByb2R1Y3Qtc2xlczE1LXNwNy11cGRhdGVzLXg4Nl82NCJdfQ.YAPhmzbpFvH9vrvjGHr6cgEeShg3R4FQOeIEZjtvkco HTTP/1.1" 404 -
172.16.3.7 - - [06/Mar/2026:12:01:10 +0100] "HEAD /rhn/manager/download/sle-product-sles15-sp7-updates-x86_64/repodata/b83109a2ce58be72fff82032c8d0009a2480b9107f553bfb85c5670d6eaa7aef-primary.xml.gz?eyJhbGciOiJIUzI1NiJ9.eyJqdGkiOiI1cTQxVWU1OEVNZVhhQW9RbEd5cTBRIiwiZXhwIjoxODA0MzMwODU0LCJpYXQiOjE3NzI3OTQ4NTQsIm5iZiI6MTc3Mjc5NDczNCwib3JnIjoxLCJvbmx5Q2hhbm5lbHMiOlsic2xlLXByb2R1Y3Qtc2xlczE1LXNwNy11cGRhdGVzLXg4Nl82NCJdfQ.YAPhmzbpFvH9vrvjGHr6cgEeShg3R4FQOeIEZjtvkco HTTP/1.1" 200 -
172.16.3.5 - - [06/Mar/2026:12:01:10 +0100] "POST /rhn/manager/api/sets/system_list HTTP/1.1" 200 1
172.16.3.7 - - [06/Mar/2026:12:01:10 +0100] "GET /rhn/manager/download/sle-product-sles15-sp7-updates-x86_64/repodata/b83109a2ce58be72fff82032c8d0009a2480b9107f553bfb85c5670d6eaa7aef-primary.xml.gz?eyJhbGciOiJIUzI1NiJ9.eyJqdGkiOiI1cTQxVWU1OEVNZVhhQW9RbEd5cTBRIiwiZXhwIjoxODA0MzMwODU0LCJpYXQiOjE3NzI3OTQ4NTQsIm5iZiI6MTc3Mjc5NDczNCwib3JnIjoxLCJvbmx5Q2hhbm5lbHMiOlsic2xlLXByb2R1Y3Qtc2xlczE1LXNwNy11cGRhdGVzLXg4Nl82NCJdfQ.YAPhmzbpFvH9vrvjGHr6cgEeShg3R4FQOeIEZjtvkco HTTP/1.1" 200 3664
172.16.3.7 - - [06/Mar/2026:12:01:10 +0100] "HEAD /rhn/manager/download/sle-product-sles15-sp7-updates-x86_64/repodata/e19d9f529dfe864d1f94ec942cfd14b9029745b58cf991409428bc3c9a278f9b-susedata.xml.gz?eyJhbGciOiJIUzI1NiJ9.eyJqdGkiOiI1cTQxVWU1OEVNZVhhQW9RbEd5cTBRIiwiZXhwIjoxODA0MzMwODU0LCJpYXQiOjE3NzI3OTQ4NTQsIm5iZiI6MTc3Mjc5NDczNCwib3JnIjoxLCJvbmx5Q2hhbm5lbHMiOlsic2xlLXByb2R1Y3Qtc2xlczE1LXNwNy11cGRhdGVzLXg4Nl82NCJdfQ.YAPhmzbpFvH9vrvjGHr6cgEeShg3R4FQOeIEZjtvkco HTTP/1.1" 200 -
172.16.3.7 - - [06/Mar/2026:12:01:10 +0100] "GET /rhn/manager/download/sle-product-sles15-sp7-updates-x86_64/repodata/e19d9f529dfe864d1f94ec942cfd14b9029745b58cf991409428bc3c9a278f9b-susedata.xml.gz?eyJhbGciOiJIUzI1NiJ9.eyJqdGkiOiI1cTQxVWU1OEVNZVhhQW9RbEd5cTBRIiwiZXhwIjoxODA0MzMwODU0LCJpYXQiOjE3NzI3OTQ4NTQsIm5iZiI6MTc3Mjc5NDczNCwib3JnIjoxLCJvbmx5Q2hhbm5lbHMiOlsic2xlLXByb2R1Y3Qtc2xlczE1LXNwNy11cGRhdGVzLXg4Nl82NCJdfQ.YAPhmzbpFvH9vrvjGHr6cgEeShg3R4FQOeIEZjtvkco HTTP/1.1" 200 3664
172.16.3.7 - - [06/Mar/2026:12:01:10 +0100] "HEAD /rhn/manager/download/sle-product-sles15-sp7-updates-x86_64/repodata/336c84c852c84f68dca8f2308fadc6dd7f630982d8fc38bb3d80af3cfac51b43-updateinfo.xml.gz?eyJhbGciOiJIUzI1NiJ9.eyJqdGkiOiI1cTQxVWU1OEVNZVhhQW9RbEd5cTBRIiwiZXhwIjoxODA0MzMwODU0LCJpYXQiOjE3NzI3OTQ4NTQsIm5iZiI6MTc3Mjc5NDczNCwib3JnIjoxLCJvbmx5Q2hhbm5lbHMiOlsic2xlLXByb2R1Y3Qtc2xlczE1LXNwNy11cGRhdGVzLXg4Nl82NCJdfQ.YAPhmzbpFvH9vrvjGHr6cgEeShg3R4FQOeIEZjtvkco HTTP/1.1" 200 -
172.16.3.7 - - [06/Mar/2026:12:01:10 +0100] "GET /rhn/manager/download/sle-product-sles15-sp7-updates-x86_64/repodata/336c84c852c84f68dca8f2308fadc6dd7f630982d8fc38bb3d80af3cfac51b43-updateinfo.xml.gz?eyJhbGciOiJIUzI1NiJ9.eyJqdGkiOiI1cTQxVWU1OEVNZVhhQW9RbEd5cTBRIiwiZXhwIjoxODA0MzMwODU0LCJpYXQiOjE3NzI3OTQ4NTQsIm5iZiI6MTc3Mjc5NDczNCwib3JnIjoxLCJvbmx5Q2hhbm5lbHMiOlsic2xlLXByb2R1Y3Qtc2xlczE1LXNwNy11cGRhdGVzLXg4Nl82NCJdfQ.YAPhmzbpFvH9vrvjGHr6cgEeShg3R4FQOeIEZjtvkco HTTP/1.1" 200 3664
172.16.3.7 - - [06/Mar/2026:12:01:10 +0100] "HEAD /rhn/manager/download/sles15-sp7-devel-uyuni-client-x86_64/repodata/repomd.xml?eyJhbGciOiJIUzI1NiJ9.eyJqdGkiOiJxbGhZZ1ctdXpmX3FFZk42dGFmNGNBIiwiZXhwIjoxODA0MzMwODU0LCJpYXQiOjE3NzI3OTQ4NTQsIm5iZiI6MTc3Mjc5NDczNCwib3JnIjoxLCJvbmx5Q2hhbm5lbHMiOlsic2xlczE1LXNwNy1kZXZlbC11eXVuaS1jbGllbnQteDg2XzY0Il19.bGfPf9-yEp7WP97lxkIEHxHyZeR9mCS02Tipiz0FtB0 HTTP/1.1" 200 -
172.16.3.7 - - [06/Mar/2026:12:01:10 +0100] "HEAD /rhn/manager/download/sles15-sp7-devel-uyuni-client-x86_64/media.1/media?eyJhbGciOiJIUzI1NiJ9.eyJqdGkiOiJxbGhZZ1ctdXpmX3FFZk42dGFmNGNBIiwiZXhwIjoxODA0MzMwODU0LCJpYXQiOjE3NzI3OTQ4NTQsIm5iZiI6MTc3Mjc5NDczNCwib3JnIjoxLCJvbmx5Q2hhbm5lbHMiOlsic2xlczE1LXNwNy1kZXZlbC11eXVuaS1jbGllbnQteDg2XzY0Il19.bGfPf9-yEp7WP97lxkIEHxHyZeR9mCS02Tipiz0FtB0 HTTP/1.1" 404 -
172.16.3.7 - - [06/Mar/2026:12:01:10 +0100] "HEAD /rhn/manager/download/sles15-sp7-devel-uyuni-client-x86_64/repodata/repomd.xml?eyJhbGciOiJIUzI1NiJ9.eyJqdGkiOiJxbGhZZ1ctdXpmX3FFZk42dGFmNGNBIiwiZXhwIjoxODA0MzMwODU0LCJpYXQiOjE3NzI3OTQ4NTQsIm5iZiI6MTc3Mjc5NDczNCwib3JnIjoxLCJvbmx5Q2hhbm5lbHMiOlsic2xlczE1LXNwNy1kZXZlbC11eXVuaS1jbGllbnQteDg2XzY0Il19.bGfPf9-yEp7WP97lxkIEHxHyZeR9mCS02Tipiz0FtB0 HTTP/1.1" 200 -
172.16.3.7 - - [06/Mar/2026:12:01:10 +0100] "GET /rhn/manager/download/sles15-sp7-devel-uyuni-client-x86_64/repodata/repomd.xml?eyJhbGciOiJIUzI1NiJ9.eyJqdGkiOiJxbGhZZ1ctdXpmX3FFZk42dGFmNGNBIiwiZXhwIjoxODA0MzMwODU0LCJpYXQiOjE3NzI3OTQ4NTQsIm5iZiI6MTc3Mjc5NDczNCwib3JnIjoxLCJvbmx5Q2hhbm5lbHMiOlsic2xlczE1LXNwNy1kZXZlbC11eXVuaS1jbGllbnQteDg2XzY0Il19.bGfPf9-yEp7WP97lxkIEHxHyZeR9mCS02Tipiz0FtB0 HTTP/1.1" 200 3663
172.16.3.7 - - [06/Mar/2026:12:01:10 +0100] "HEAD /rhn/manager/download/sles15-sp7-devel-uyuni-client-x86_64/repodata/repomd.xml.asc?eyJhbGciOiJIUzI1NiJ9.eyJqdGkiOiJxbGhZZ1ctdXpmX3FFZk42dGFmNGNBIiwiZXhwIjoxODA0MzMwODU0LCJpYXQiOjE3NzI3OTQ4NTQsIm5iZiI6MTc3Mjc5NDczNCwib3JnIjoxLCJvbmx5Q2hhbm5lbHMiOlsic2xlczE1LXNwNy1kZXZlbC11eXVuaS1jbGllbnQteDg2XzY0Il19.bGfPf9-yEp7WP97lxkIEHxHyZeR9mCS02Tipiz0FtB0 HTTP/1.1" 404 -
172.16.3.7 - - [06/Mar/2026:12:01:10 +0100] "HEAD /rhn/manager/download/sles15-sp7-devel-uyuni-client-x86_64/repodata/4d07480083cffc93fb7bea561592dd66bf699098b154a976500ceb67e6906602-primary.xml.gz?eyJhbGciOiJIUzI1NiJ9.eyJqdGkiOiJxbGhZZ1ctdXpmX3FFZk42dGFmNGNBIiwiZXhwIjoxODA0MzMwODU0LCJpYXQiOjE3NzI3OTQ4NTQsIm5iZiI6MTc3Mjc5NDczNCwib3JnIjoxLCJvbmx5Q2hhbm5lbHMiOlsic2xlczE1LXNwNy1kZXZlbC11eXVuaS1jbGllbnQteDg2XzY0Il19.bGfPf9-yEp7WP97lxkIEHxHyZeR9mCS02Tipiz0FtB0 HTTP/1.1" 200 -
172.16.3.7 - - [06/Mar/2026:12:01:10 +0100] "GET /rhn/manager/download/sles15-sp7-devel-uyuni-client-x86_64/repodata/4d07480083cffc93fb7bea561592dd66bf699098b154a976500ceb67e6906602-primary.xml.gz?eyJhbGciOiJIUzI1NiJ9.eyJqdGkiOiJxbGhZZ1ctdXpmX3FFZk42dGFmNGNBIiwiZXhwIjoxODA0MzMwODU0LCJpYXQiOjE3NzI3OTQ4NTQsIm5iZiI6MTc3Mjc5NDczNCwib3JnIjoxLCJvbmx5Q2hhbm5lbHMiOlsic2xlczE1LXNwNy1kZXZlbC11eXVuaS1jbGllbnQteDg2XzY0Il19.bGfPf9-yEp7WP97lxkIEHxHyZeR9mCS02Tipiz0FtB0 HTTP/1.1" 200 3664
172.16.3.7 - - [06/Mar/2026:12:01:10 +0100] "HEAD /rhn/manager/download/sles15-sp7-devel-uyuni-client-x86_64/repodata/c4b75e8720f1853e335d0610c764cb376c1ec7805044c3ed2f4fd76a4f739688-susedata.xml.gz?eyJhbGciOiJIUzI1NiJ9.eyJqdGkiOiJxbGhZZ1ctdXpmX3FFZk42dGFmNGNBIiwiZXhwIjoxODA0MzMwODU0LCJpYXQiOjE3NzI3OTQ4NTQsIm5iZiI6MTc3Mjc5NDczNCwib3JnIjoxLCJvbmx5Q2hhbm5lbHMiOlsic2xlczE1LXNwNy1kZXZlbC11eXVuaS1jbGllbnQteDg2XzY0Il19.bGfPf9-yEp7WP97lxkIEHxHyZeR9mCS02Tipiz0FtB0 HTTP/1.1" 200 -
172.16.3.5 - - [06/Mar/2026:12:01:10 +0100] "GET /rhn/manager/systems/list/all HTTP/1.1" 200 34439
172.16.3.7 - - [06/Mar/2026:12:01:10 +0100] "GET /rhn/manager/download/sles15-sp7-devel-uyuni-client-x86_64/repodata/c4b75e8720f1853e335d0610c764cb376c1ec7805044c3ed2f4fd76a4f739688-susedata.xml.gz?eyJhbGciOiJIUzI1NiJ9.eyJqdGkiOiJxbGhZZ1ctdXpmX3FFZk42dGFmNGNBIiwiZXhwIjoxODA0MzMwODU0LCJpYXQiOjE3NzI3OTQ4NTQsIm5iZiI6MTc3Mjc5NDczNCwib3JnIjoxLCJvbmx5Q2hhbm5lbHMiOlsic2xlczE1LXNwNy1kZXZlbC11eXVuaS1jbGllbnQteDg2XzY0Il19.bGfPf9-yEp7WP97lxkIEHxHyZeR9mCS02Tipiz0FtB0 HTTP/1.1" 200 3664
172.16.3.5 - - [06/Mar/2026:12:01:10 +0100] "POST /rhn/manager/frontend-log HTTP/1.1" 200 16
127.0.0.1 - - [06/Mar/2026:12:01:11 +0100] "GET /rhn/websocket/notifications HTTP/1.1" 101 -
172.16.3.5 - - [06/Mar/2026:12:01:11 +0100] "POST /rhn/manager/frontend-log HTTP/1.1" 200 16
127.0.0.1 - - [06/Mar/2026:12:01:11 +0100] "GET /rhn/websocket/notifications HTTP/1.1" 101 -
172.16.3.5 - - [06/Mar/2026:12:01:11 +0100] "GET /rhn/manager/api/systems/list/all?p=1&ps=100&s=1&sc=server_name HTTP/1.1" 200 4066
172.16.3.5 - - [06/Mar/2026:12:01:11 +0100] "POST /rhn/manager/api/sets/system_list HTTP/1.1" 200 1
172.16.3.5 - - [06/Mar/2026:12:01:11 +0100] "GET /rhn/manager/systems/list/all HTTP/1.1" 200 34439
172.16.3.5 - - [06/Mar/2026:12:01:12 +0100] "POST /rhn/manager/frontend-log HTTP/1.1" 200 16
127.0.0.1 - - [06/Mar/2026:12:01:12 +0100] "GET /rhn/websocket/notifications HTTP/1.1" 101 -
172.16.3.5 - - [06/Mar/2026:12:01:12 +0100] "POST /rhn/manager/frontend-log HTTP/1.1" 200 16
127.0.0.1 - - [06/Mar/2026:12:01:12 +0100] "GET /rhn/websocket/notifications HTTP/1.1" 101 -
172.16.3.5 - - [06/Mar/2026:12:01:12 +0100] "GET /rhn/manager/api/systems/list/all?p=1&ps=100&s=1&sc=server_name HTTP/1.1" 200 4066
172.16.3.5 - - [06/Mar/2026:12:01:12 +0100] "POST /rhn/manager/api/sets/system_list HTTP/1.1" 200 1
172.16.3.7 - - [06/Mar/2026:12:01:15 +0100] "HEAD /rhn/manager/download/sle-module-python3-15-sp7-pool-x86_64/getPackage/NULL/41088f393ce29becdfb2ec9a920f1293ed386c1bf6d517d01516d328e42f06e2/sle-module-python3-release-15.7-150700.28.1.x86_64.rpm?eyJhbGciOiJIUzI1NiJ9.eyJqdGkiOiJnQmhoaGd1ZkZiOGtWbTBWRVNNS0J3IiwiZXhwIjoxODA0MzMwODU0LCJpYXQiOjE3NzI3OTQ4NTQsIm5iZiI6MTc3Mjc5NDczNCwib3JnIjoxLCJvbmx5Q2hhbm5lbHMiOlsic2xlLW1vZHVsZS1weXRob24zLTE1LXNwNy1wb29sLXg4Nl82NCJdfQ.VPxtlZJk106BmNFkg6yWnzqpypMRKqZwU701NU6yJ3Y HTTP/1.1" 200 -
172.16.3.7 - - [06/Mar/2026:12:01:15 +0100] "GET /rhn/manager/download/sle-module-python3-15-sp7-pool-x86_64/getPackage/NULL/41088f393ce29becdfb2ec9a920f1293ed386c1bf6d517d01516d328e42f06e2/sle-module-python3-release-15.7-150700.28.1.x86_64.rpm?eyJhbGciOiJIUzI1NiJ9.eyJqdGkiOiJnQmhoaGd1ZkZiOGtWbTBWRVNNS0J3IiwiZXhwIjoxODA0MzMwODU0LCJpYXQiOjE3NzI3OTQ4NTQsIm5iZiI6MTc3Mjc5NDczNCwib3JnIjoxLCJvbmx5Q2hhbm5lbHMiOlsic2xlLW1vZHVsZS1weXRob24zLTE1LXNwNy1wb29sLXg4Nl82NCJdfQ.VPxtlZJk106BmNFkg6yWnzqpypMRKqZwU701NU6yJ3Y HTTP/1.1" 200 3664
172.16.3.7 - - [06/Mar/2026:12:01:15 +0100] "HEAD /rhn/manager/download/sle-module-systems-management-15-sp7-pool-x86_64/getPackage/NULL/74f499e46e243e03e2c42b455cca5a269464b6d16d2536b941040c85497644fd/sle-module-systems-management-release-15.7-150700.28.1.x86_64.rpm?eyJhbGciOiJIUzI1NiJ9.eyJqdGkiOiJTWHluaHhmaEVsRjZnbjhjQXBDd0hRIiwiZXhwIjoxODA0MzMwODU0LCJpYXQiOjE3NzI3OTQ4NTQsIm5iZiI6MTc3Mjc5NDczNCwib3JnIjoxLCJvbmx5Q2hhbm5lbHMiOlsic2xlLW1vZHVsZS1zeXN0ZW1zLW1hbmFnZW1lbnQtMTUtc3A3LXBvb2wteDg2XzY0Il19.rceoTLk_hRPoZhE82ewP-rka6DiV1BWyQQygDwpQlwc HTTP/1.1" 200 -
172.16.3.7 - - [06/Mar/2026:12:01:15 +0100] "GET /rhn/manager/download/sle-module-systems-management-15-sp7-pool-x86_64/getPackage/NULL/74f499e46e243e03e2c42b455cca5a269464b6d16d2536b941040c85497644fd/sle-module-systems-management-release-15.7-150700.28.1.x86_64.rpm?eyJhbGciOiJIUzI1NiJ9.eyJqdGkiOiJTWHluaHhmaEVsRjZnbjhjQXBDd0hRIiwiZXhwIjoxODA0MzMwODU0LCJpYXQiOjE3NzI3OTQ4NTQsIm5iZiI6MTc3Mjc5NDczNCwib3JnIjoxLCJvbmx5Q2hhbm5lbHMiOlsic2xlLW1vZHVsZS1zeXN0ZW1zLW1hbmFnZW1lbnQtMTUtc3A3LXBvb2wteDg2XzY0Il19.rceoTLk_hRPoZhE82ewP-rka6DiV1BWyQQygDwpQlwc HTTP/1.1" 200 3664
172.16.3.7 - - [06/Mar/2026:12:01:16 +0100] "HEAD /rhn/manager/download/sle-module-basesystem15-sp7-updates-x86_64/repodata/repomd.xml?eyJhbGciOiJIUzI1NiJ9.eyJqdGkiOiJJelB5UW10V3NINl9iZE0xZElvQ1lnIiwiZXhwIjoxODA0MzMwODU0LCJpYXQiOjE3NzI3OTQ4NTQsIm5iZiI6MTc3Mjc5NDczNCwib3JnIjoxLCJvbmx5Q2hhbm5lbHMiOlsic2xlLW1vZHVsZS1iYXNlc3lzdGVtMTUtc3A3LXVwZGF0ZXMteDg2XzY0Il19.PdehXWSaEbomL5fb7vAqU-xdjs6uhB1FePKjEl1-WcE HTTP/1.1" 200 -
172.16.3.7 - - [06/Mar/2026:12:01:16 +0100] "HEAD /rhn/manager/download/sle-module-basesystem15-sp7-updates-x86_64/media.1/media?eyJhbGciOiJIUzI1NiJ9.eyJqdGkiOiJJelB5UW10V3NINl9iZE0xZElvQ1lnIiwiZXhwIjoxODA0MzMwODU0LCJpYXQiOjE3NzI3OTQ4NTQsIm5iZiI6MTc3Mjc5NDczNCwib3JnIjoxLCJvbmx5Q2hhbm5lbHMiOlsic2xlLW1vZHVsZS1iYXNlc3lzdGVtMTUtc3A3LXVwZGF0ZXMteDg2XzY0Il19.PdehXWSaEbomL5fb7vAqU-xdjs6uhB1FePKjEl1-WcE HTTP/1.1" 404 -
172.16.3.7 - - [06/Mar/2026:12:01:16 +0100] "HEAD /rhn/manager/download/sle-module-basesystem15-sp7-updates-x86_64/repodata/repomd.xml?eyJhbGciOiJIUzI1NiJ9.eyJqdGkiOiJJelB5UW10V3NINl9iZE0xZElvQ1lnIiwiZXhwIjoxODA0MzMwODU0LCJpYXQiOjE3NzI3OTQ4NTQsIm5iZiI6MTc3Mjc5NDczNCwib3JnIjoxLCJvbmx5Q2hhbm5lbHMiOlsic2xlLW1vZHVsZS1iYXNlc3lzdGVtMTUtc3A3LXVwZGF0ZXMteDg2XzY0Il19.PdehXWSaEbomL5fb7vAqU-xdjs6uhB1FePKjEl1-WcE HTTP/1.1" 200 -
172.16.3.7 - - [06/Mar/2026:12:01:16 +0100] "GET /rhn/manager/download/sle-module-basesystem15-sp7-updates-x86_64/repodata/repomd.xml?eyJhbGciOiJIUzI1NiJ9.eyJqdGkiOiJJelB5UW10V3NINl9iZE0xZElvQ1lnIiwiZXhwIjoxODA0MzMwODU0LCJpYXQiOjE3NzI3OTQ4NTQsIm5iZiI6MTc3Mjc5NDczNCwib3JnIjoxLCJvbmx5Q2hhbm5lbHMiOlsic2xlLW1vZHVsZS1iYXNlc3lzdGVtMTUtc3A3LXVwZGF0ZXMteDg2XzY0Il19.PdehXWSaEbomL5fb7vAqU-xdjs6uhB1FePKjEl1-WcE HTTP/1.1" 200 3664
172.16.3.7 - - [06/Mar/2026:12:01:16 +0100] "HEAD /rhn/manager/download/sle-module-basesystem15-sp7-updates-x86_64/repodata/repomd.xml.asc?eyJhbGciOiJIUzI1NiJ9.eyJqdGkiOiJJelB5UW10V3NINl9iZE0xZElvQ1lnIiwiZXhwIjoxODA0MzMwODU0LCJpYXQiOjE3NzI3OTQ4NTQsIm5iZiI6MTc3Mjc5NDczNCwib3JnIjoxLCJvbmx5Q2hhbm5lbHMiOlsic2xlLW1vZHVsZS1iYXNlc3lzdGVtMTUtc3A3LXVwZGF0ZXMteDg2XzY0Il19.PdehXWSaEbomL5fb7vAqU-xdjs6uhB1FePKjEl1-WcE HTTP/1.1" 404 -
172.16.3.7 - - [06/Mar/2026:12:01:16 +0100] "HEAD /rhn/manager/download/sle-module-basesystem15-sp7-updates-x86_64/repodata/ef43b8badfcd693579385725bc417e579aab9ea4c75d0a11cf1a50ba51be478c-primary.xml.gz?eyJhbGciOiJIUzI1NiJ9.eyJqdGkiOiJJelB5UW10V3NINl9iZE0xZElvQ1lnIiwiZXhwIjoxODA0MzMwODU0LCJpYXQiOjE3NzI3OTQ4NTQsIm5iZiI6MTc3Mjc5NDczNCwib3JnIjoxLCJvbmx5Q2hhbm5lbHMiOlsic2xlLW1vZHVsZS1iYXNlc3lzdGVtMTUtc3A3LXVwZGF0ZXMteDg2XzY0Il19.PdehXWSaEbomL5fb7vAqU-xdjs6uhB1FePKjEl1-WcE HTTP/1.1" 200 -
172.16.3.7 - - [06/Mar/2026:12:01:16 +0100] "GET /rhn/manager/download/sle-module-basesystem15-sp7-updates-x86_64/repodata/ef43b8badfcd693579385725bc417e579aab9ea4c75d0a11cf1a50ba51be478c-primary.xml.gz?eyJhbGciOiJIUzI1NiJ9.eyJqdGkiOiJJelB5UW10V3NINl9iZE0xZElvQ1lnIiwiZXhwIjoxODA0MzMwODU0LCJpYXQiOjE3NzI3OTQ4NTQsIm5iZiI6MTc3Mjc5NDczNCwib3JnIjoxLCJvbmx5Q2hhbm5lbHMiOlsic2xlLW1vZHVsZS1iYXNlc3lzdGVtMTUtc3A3LXVwZGF0ZXMteDg2XzY0Il19.PdehXWSaEbomL5fb7vAqU-xdjs6uhB1FePKjEl1-WcE HTTP/1.1" 200 3664
172.16.3.7 - - [06/Mar/2026:12:01:16 +0100] "HEAD /rhn/manager/download/sle-module-basesystem15-sp7-updates-x86_64/repodata/1fcca022ba1f37fb217a78846c4cea76d42302019e56e945637cfdbfa5fec698-susedata.xml.gz?eyJhbGciOiJIUzI1NiJ9.eyJqdGkiOiJJelB5UW10V3NINl9iZE0xZElvQ1lnIiwiZXhwIjoxODA0MzMwODU0LCJpYXQiOjE3NzI3OTQ4NTQsIm5iZiI6MTc3Mjc5NDczNCwib3JnIjoxLCJvbmx5Q2hhbm5lbHMiOlsic2xlLW1vZHVsZS1iYXNlc3lzdGVtMTUtc3A3LXVwZGF0ZXMteDg2XzY0Il19.PdehXWSaEbomL5fb7vAqU-xdjs6uhB1FePKjEl1-WcE HTTP/1.1" 200 -
172.16.3.7 - - [06/Mar/2026:12:01:16 +0100] "GET /rhn/manager/download/sle-module-basesystem15-sp7-updates-x86_64/repodata/1fcca022ba1f37fb217a78846c4cea76d42302019e56e945637cfdbfa5fec698-susedata.xml.gz?eyJhbGciOiJIUzI1NiJ9.eyJqdGkiOiJJelB5UW10V3NINl9iZE0xZElvQ1lnIiwiZXhwIjoxODA0MzMwODU0LCJpYXQiOjE3NzI3OTQ4NTQsIm5iZiI6MTc3Mjc5NDczNCwib3JnIjoxLCJvbmx5Q2hhbm5lbHMiOlsic2xlLW1vZHVsZS1iYXNlc3lzdGVtMTUtc3A3LXVwZGF0ZXMteDg2XzY0Il19.PdehXWSaEbomL5fb7vAqU-xdjs6uhB1FePKjEl1-WcE HTTP/1.1" 200 3664
172.16.3.7 - - [06/Mar/2026:12:01:16 +0100] "HEAD /rhn/manager/download/sle-module-basesystem15-sp7-updates-x86_64/repodata/2f552fb0467949590f4e196674d76ca0916fbe42343a26679405280cbf6d6692-updateinfo.xml.gz?eyJhbGciOiJIUzI1NiJ9.eyJqdGkiOiJJelB5UW10V3NINl9iZE0xZElvQ1lnIiwiZXhwIjoxODA0MzMwODU0LCJpYXQiOjE3NzI3OTQ4NTQsIm5iZiI6MTc3Mjc5NDczNCwib3JnIjoxLCJvbmx5Q2hhbm5lbHMiOlsic2xlLW1vZHVsZS1iYXNlc3lzdGVtMTUtc3A3LXVwZGF0ZXMteDg2XzY0Il19.PdehXWSaEbomL5fb7vAqU-xdjs6uhB1FePKjEl1-WcE HTTP/1.1" 200 -
172.16.3.7 - - [06/Mar/2026:12:01:16 +0100] "GET /rhn/manager/download/sle-module-basesystem15-sp7-updates-x86_64/repodata/2f552fb0467949590f4e196674d76ca0916fbe42343a26679405280cbf6d6692-updateinfo.xml.gz?eyJhbGciOiJIUzI1NiJ9.eyJqdGkiOiJJelB5UW10V3NINl9iZE0xZElvQ1lnIiwiZXhwIjoxODA0MzMwODU0LCJpYXQiOjE3NzI3OTQ4NTQsIm5iZiI6MTc3Mjc5NDczNCwib3JnIjoxLCJvbmx5Q2hhbm5lbHMiOlsic2xlLW1vZHVsZS1iYXNlc3lzdGVtMTUtc3A3LXVwZGF0ZXMteDg2XzY0Il19.PdehXWSaEbomL5fb7vAqU-xdjs6uhB1FePKjEl1-WcE HTTP/1.1" 200 3664
172.16.3.7 - - [06/Mar/2026:12:01:18 +0100] "HEAD /rhn/manager/download/sle-module-desktop-applications15-sp7-updates-x86_64/repodata/repomd.xml?eyJhbGciOiJIUzI1NiJ9.eyJqdGkiOiJER25fUmFPNm56U0xQN05OMWlXQkp3IiwiZXhwIjoxODA0MzMwODU0LCJpYXQiOjE3NzI3OTQ4NTQsIm5iZiI6MTc3Mjc5NDczNCwib3JnIjoxLCJvbmx5Q2hhbm5lbHMiOlsic2xlLW1vZHVsZS1kZXNrdG9wLWFwcGxpY2F0aW9uczE1LXNwNy11cGRhdGVzLXg4Nl82NCJdfQ.nACjTvk3Ve-tcxMyWfzojuFzqjP0LXyQY9-51xPZytw HTTP/1.1" 200 -
172.16.3.7 - - [06/Mar/2026:12:01:18 +0100] "HEAD /rhn/manager/download/sle-module-desktop-applications15-sp7-updates-x86_64/media.1/media?eyJhbGciOiJIUzI1NiJ9.eyJqdGkiOiJER25fUmFPNm56U0xQN05OMWlXQkp3IiwiZXhwIjoxODA0MzMwODU0LCJpYXQiOjE3NzI3OTQ4NTQsIm5iZiI6MTc3Mjc5NDczNCwib3JnIjoxLCJvbmx5Q2hhbm5lbHMiOlsic2xlLW1vZHVsZS1kZXNrdG9wLWFwcGxpY2F0aW9uczE1LXNwNy11cGRhdGVzLXg4Nl82NCJdfQ.nACjTvk3Ve-tcxMyWfzojuFzqjP0LXyQY9-51xPZytw HTTP/1.1" 404 -
172.16.3.7 - - [06/Mar/2026:12:01:18 +0100] "HEAD /rhn/manager/download/sle-module-desktop-applications15-sp7-updates-x86_64/repodata/repomd.xml?eyJhbGciOiJIUzI1NiJ9.eyJqdGkiOiJER25fUmFPNm56U0xQN05OMWlXQkp3IiwiZXhwIjoxODA0MzMwODU0LCJpYXQiOjE3NzI3OTQ4NTQsIm5iZiI6MTc3Mjc5NDczNCwib3JnIjoxLCJvbmx5Q2hhbm5lbHMiOlsic2xlLW1vZHVsZS1kZXNrdG9wLWFwcGxpY2F0aW9uczE1LXNwNy11cGRhdGVzLXg4Nl82NCJdfQ.nACjTvk3Ve-tcxMyWfzojuFzqjP0LXyQY9-51xPZytw HTTP/1.1" 200 -
172.16.3.7 - - [06/Mar/2026:12:01:18 +0100] "GET /rhn/manager/download/sle-module-desktop-applications15-sp7-updates-x86_64/repodata/repomd.xml?eyJhbGciOiJIUzI1NiJ9.eyJqdGkiOiJER25fUmFPNm56U0xQN05OMWlXQkp3IiwiZXhwIjoxODA0MzMwODU0LCJpYXQiOjE3NzI3OTQ4NTQsIm5iZiI6MTc3Mjc5NDczNCwib3JnIjoxLCJvbmx5Q2hhbm5lbHMiOlsic2xlLW1vZHVsZS1kZXNrdG9wLWFwcGxpY2F0aW9uczE1LXNwNy11cGRhdGVzLXg4Nl82NCJdfQ.nACjTvk3Ve-tcxMyWfzojuFzqjP0LXyQY9-51xPZytw HTTP/1.1" 200 3663
172.16.3.7 - - [06/Mar/2026:12:01:18 +0100] "HEAD /rhn/manager/download/sle-module-desktop-applications15-sp7-updates-x86_64/repodata/repomd.xml.asc?eyJhbGciOiJIUzI1NiJ9.eyJqdGkiOiJER25fUmFPNm56U0xQN05OMWlXQkp3IiwiZXhwIjoxODA0MzMwODU0LCJpYXQiOjE3NzI3OTQ4NTQsIm5iZiI6MTc3Mjc5NDczNCwib3JnIjoxLCJvbmx5Q2hhbm5lbHMiOlsic2xlLW1vZHVsZS1kZXNrdG9wLWFwcGxpY2F0aW9uczE1LXNwNy11cGRhdGVzLXg4Nl82NCJdfQ.nACjTvk3Ve-tcxMyWfzojuFzqjP0LXyQY9-51xPZytw HTTP/1.1" 404 -
172.16.3.7 - - [06/Mar/2026:12:01:18 +0100] "HEAD /rhn/manager/download/sle-module-desktop-applications15-sp7-updates-x86_64/repodata/b44b502d6f6366a95336996dab35f1ddb5fb1779031c5d34c0a5715010698800-primary.xml.gz?eyJhbGciOiJIUzI1NiJ9.eyJqdGkiOiJER25fUmFPNm56U0xQN05OMWlXQkp3IiwiZXhwIjoxODA0MzMwODU0LCJpYXQiOjE3NzI3OTQ4NTQsIm5iZiI6MTc3Mjc5NDczNCwib3JnIjoxLCJvbmx5Q2hhbm5lbHMiOlsic2xlLW1vZHVsZS1kZXNrdG9wLWFwcGxpY2F0aW9uczE1LXNwNy11cGRhdGVzLXg4Nl82NCJdfQ.nACjTvk3Ve-tcxMyWfzojuFzqjP0LXyQY9-51xPZytw HTTP/1.1" 200 -
172.16.3.7 - - [06/Mar/2026:12:01:18 +0100] "GET /rhn/manager/download/sle-module-desktop-applications15-sp7-updates-x86_64/repodata/b44b502d6f6366a95336996dab35f1ddb5fb1779031c5d34c0a5715010698800-primary.xml.gz?eyJhbGciOiJIUzI1NiJ9.eyJqdGkiOiJER25fUmFPNm56U0xQN05OMWlXQkp3IiwiZXhwIjoxODA0MzMwODU0LCJpYXQiOjE3NzI3OTQ4NTQsIm5iZiI6MTc3Mjc5NDczNCwib3JnIjoxLCJvbmx5Q2hhbm5lbHMiOlsic2xlLW1vZHVsZS1kZXNrdG9wLWFwcGxpY2F0aW9uczE1LXNwNy11cGRhdGVzLXg4Nl82NCJdfQ.nACjTvk3Ve-tcxMyWfzojuFzqjP0LXyQY9-51xPZytw HTTP/1.1" 200 3664
172.16.3.7 - - [06/Mar/2026:12:01:18 +0100] "HEAD /rhn/manager/download/sle-module-desktop-applications15-sp7-updates-x86_64/repodata/75bd9e2004b62202e630df214a64bb3c15efc950c927f8d0cb18004fc665009e-susedata.xml.gz?eyJhbGciOiJIUzI1NiJ9.eyJqdGkiOiJER25fUmFPNm56U0xQN05OMWlXQkp3IiwiZXhwIjoxODA0MzMwODU0LCJpYXQiOjE3NzI3OTQ4NTQsIm5iZiI6MTc3Mjc5NDczNCwib3JnIjoxLCJvbmx5Q2hhbm5lbHMiOlsic2xlLW1vZHVsZS1kZXNrdG9wLWFwcGxpY2F0aW9uczE1LXNwNy11cGRhdGVzLXg4Nl82NCJdfQ.nACjTvk3Ve-tcxMyWfzojuFzqjP0LXyQY9-51xPZytw HTTP/1.1" 200 -
172.16.3.7 - - [06/Mar/2026:12:01:18 +0100] "GET /rhn/manager/download/sle-module-desktop-applications15-sp7-updates-x86_64/repodata/75bd9e2004b62202e630df214a64bb3c15efc950c927f8d0cb18004fc665009e-susedata.xml.gz?eyJhbGciOiJIUzI1NiJ9.eyJqdGkiOiJER25fUmFPNm56U0xQN05OMWlXQkp3IiwiZXhwIjoxODA0MzMwODU0LCJpYXQiOjE3NzI3OTQ4NTQsIm5iZiI6MTc3Mjc5NDczNCwib3JnIjoxLCJvbmx5Q2hhbm5lbHMiOlsic2xlLW1vZHVsZS1kZXNrdG9wLWFwcGxpY2F0aW9uczE1LXNwNy11cGRhdGVzLXg4Nl82NCJdfQ.nACjTvk3Ve-tcxMyWfzojuFzqjP0LXyQY9-51xPZytw HTTP/1.1" 200 3664
172.16.3.7 - - [06/Mar/2026:12:01:18 +0100] "HEAD /rhn/manager/download/sle-module-desktop-applications15-sp7-updates-x86_64/repodata/02637aea288d744f17dd5580514f3694f9cb68426e919291de4b1c5c2cd22708-updateinfo.xml.gz?eyJhbGciOiJIUzI1NiJ9.eyJqdGkiOiJER25fUmFPNm56U0xQN05OMWlXQkp3IiwiZXhwIjoxODA0MzMwODU0LCJpYXQiOjE3NzI3OTQ4NTQsIm5iZiI6MTc3Mjc5NDczNCwib3JnIjoxLCJvbmx5Q2hhbm5lbHMiOlsic2xlLW1vZHVsZS1kZXNrdG9wLWFwcGxpY2F0aW9uczE1LXNwNy11cGRhdGVzLXg4Nl82NCJdfQ.nACjTvk3Ve-tcxMyWfzojuFzqjP0LXyQY9-51xPZytw HTTP/1.1" 200 -
172.16.3.7 - - [06/Mar/2026:12:01:18 +0100] "GET /rhn/manager/download/sle-module-desktop-applications15-sp7-updates-x86_64/repodata/02637aea288d744f17dd5580514f3694f9cb68426e919291de4b1c5c2cd22708-updateinfo.xml.gz?eyJhbGciOiJIUzI1NiJ9.eyJqdGkiOiJER25fUmFPNm56U0xQN05OMWlXQkp3IiwiZXhwIjoxODA0MzMwODU0LCJpYXQiOjE3NzI3OTQ4NTQsIm5iZiI6MTc3Mjc5NDczNCwib3JnIjoxLCJvbmx5Q2hhbm5lbHMiOlsic2xlLW1vZHVsZS1kZXNrdG9wLWFwcGxpY2F0aW9uczE1LXNwNy11cGRhdGVzLXg4Nl82NCJdfQ.nACjTvk3Ve-tcxMyWfzojuFzqjP0LXyQY9-51xPZytw HTTP/1.1" 200 3664
172.16.3.7 - - [06/Mar/2026:12:01:18 +0100] "HEAD /rhn/manager/download/sle-module-devtools15-sp7-updates-x86_64/repodata/repomd.xml?eyJhbGciOiJIUzI1NiJ9.eyJqdGkiOiJ5Rmc2SWYza2trS25KeFlXdkM4M0FBIiwiZXhwIjoxODA0MzMwODU0LCJpYXQiOjE3NzI3OTQ4NTQsIm5iZiI6MTc3Mjc5NDczNCwib3JnIjoxLCJvbmx5Q2hhbm5lbHMiOlsic2xlLW1vZHVsZS1kZXZ0b29sczE1LXNwNy11cGRhdGVzLXg4Nl82NCJdfQ.s_03RTmOEIse3hSuOgO8kcHcQK-H-ANmOPy8QL7osJU HTTP/1.1" 200 -
172.16.3.7 - - [06/Mar/2026:12:01:18 +0100] "HEAD /rhn/manager/download/sle-module-devtools15-sp7-updates-x86_64/media.1/media?eyJhbGciOiJIUzI1NiJ9.eyJqdGkiOiJ5Rmc2SWYza2trS25KeFlXdkM4M0FBIiwiZXhwIjoxODA0MzMwODU0LCJpYXQiOjE3NzI3OTQ4NTQsIm5iZiI6MTc3Mjc5NDczNCwib3JnIjoxLCJvbmx5Q2hhbm5lbHMiOlsic2xlLW1vZHVsZS1kZXZ0b29sczE1LXNwNy11cGRhdGVzLXg4Nl82NCJdfQ.s_03RTmOEIse3hSuOgO8kcHcQK-H-ANmOPy8QL7osJU HTTP/1.1" 404 -
172.16.3.7 - - [06/Mar/2026:12:01:18 +0100] "HEAD /rhn/manager/download/sle-module-devtools15-sp7-updates-x86_64/repodata/repomd.xml?eyJhbGciOiJIUzI1NiJ9.eyJqdGkiOiJ5Rmc2SWYza2trS25KeFlXdkM4M0FBIiwiZXhwIjoxODA0MzMwODU0LCJpYXQiOjE3NzI3OTQ4NTQsIm5iZiI6MTc3Mjc5NDczNCwib3JnIjoxLCJvbmx5Q2hhbm5lbHMiOlsic2xlLW1vZHVsZS1kZXZ0b29sczE1LXNwNy11cGRhdGVzLXg4Nl82NCJdfQ.s_03RTmOEIse3hSuOgO8kcHcQK-H-ANmOPy8QL7osJU HTTP/1.1" 200 -
172.16.3.5 - - [06/Mar/2026:12:01:18 +0100] "GET /rhn/manager/systems/list/all HTTP/1.1" 200 34441
127.0.0.1 - - [06/Mar/2026:12:01:18 +0100] "GET /rhn/websocket/notifications HTTP/1.1" 101 -
172.16.3.5 - - [06/Mar/2026:12:01:18 +0100] "POST /rhn/manager/frontend-log HTTP/1.1" 200 16
172.16.3.7 - - [06/Mar/2026:12:01:18 +0100] "GET /rhn/manager/download/sle-module-devtools15-sp7-updates-x86_64/repodata/repomd.xml?eyJhbGciOiJIUzI1NiJ9.eyJqdGkiOiJ5Rmc2SWYza2trS25KeFlXdkM4M0FBIiwiZXhwIjoxODA0MzMwODU0LCJpYXQiOjE3NzI3OTQ4NTQsIm5iZiI6MTc3Mjc5NDczNCwib3JnIjoxLCJvbmx5Q2hhbm5lbHMiOlsic2xlLW1vZHVsZS1kZXZ0b29sczE1LXNwNy11cGRhdGVzLXg4Nl82NCJdfQ.s_03RTmOEIse3hSuOgO8kcHcQK-H-ANmOPy8QL7osJU HTTP/1.1" 200 3663
172.16.3.7 - - [06/Mar/2026:12:01:19 +0100] "HEAD /rhn/manager/download/sle-module-devtools15-sp7-updates-x86_64/repodata/repomd.xml.asc?eyJhbGciOiJIUzI1NiJ9.eyJqdGkiOiJ5Rmc2SWYza2trS25KeFlXdkM4M0FBIiwiZXhwIjoxODA0MzMwODU0LCJpYXQiOjE3NzI3OTQ4NTQsIm5iZiI6MTc3Mjc5NDczNCwib3JnIjoxLCJvbmx5Q2hhbm5lbHMiOlsic2xlLW1vZHVsZS1kZXZ0b29sczE1LXNwNy11cGRhdGVzLXg4Nl82NCJdfQ.s_03RTmOEIse3hSuOgO8kcHcQK-H-ANmOPy8QL7osJU HTTP/1.1" 404 -
172.16.3.7 - - [06/Mar/2026:12:01:19 +0100] "HEAD /rhn/manager/download/sle-module-devtools15-sp7-updates-x86_64/repodata/deda4dfff4934ba87a029b42ba68fc82c6191e39ee0875f4e349a6c7d9dc800e-primary.xml.gz?eyJhbGciOiJIUzI1NiJ9.eyJqdGkiOiJ5Rmc2SWYza2trS25KeFlXdkM4M0FBIiwiZXhwIjoxODA0MzMwODU0LCJpYXQiOjE3NzI3OTQ4NTQsIm5iZiI6MTc3Mjc5NDczNCwib3JnIjoxLCJvbmx5Q2hhbm5lbHMiOlsic2xlLW1vZHVsZS1kZXZ0b29sczE1LXNwNy11cGRhdGVzLXg4Nl82NCJdfQ.s_03RTmOEIse3hSuOgO8kcHcQK-H-ANmOPy8QL7osJU HTTP/1.1" 200 -
