172.16.3.7 - - [06/Mar/2026:12:02:26 +0100] "HEAD /rhn/manager/download/sle-module-basesystem15-sp7-updates-x86_64/getPackage/NULL/ec87aef1923f30623d213ea34ba059c404b724eb5abd517aa40a1fd8013771d9/kpartx-0.10.6+201+suse.9f189e79-150700.3.11.1.x86_64.rpm?eyJhbGciOiJIUzI1NiJ9.eyJqdGkiOiJJelB5UW10V3NINl9iZE0xZElvQ1lnIiwiZXhwIjoxODA0MzMwODU0LCJpYXQiOjE3NzI3OTQ4NTQsIm5iZiI6MTc3Mjc5NDczNCwib3JnIjoxLCJvbmx5Q2hhbm5lbHMiOlsic2xlLW1vZHVsZS1iYXNlc3lzdGVtMTUtc3A3LXVwZGF0ZXMteDg2XzY0Il19.PdehXWSaEbomL5fb7vAqU-xdjs6uhB1FePKjEl1-WcE HTTP/1.1" 200 -
172.16.3.7 - - [06/Mar/2026:12:02:26 +0100] "GET /rhn/manager/download/sle-module-basesystem15-sp7-updates-x86_64/getPackage/NULL/ec87aef1923f30623d213ea34ba059c404b724eb5abd517aa40a1fd8013771d9/kpartx-0.10.6+201+suse.9f189e79-150700.3.11.1.x86_64.rpm?eyJhbGciOiJIUzI1NiJ9.eyJqdGkiOiJJelB5UW10V3NINl9iZE0xZElvQ1lnIiwiZXhwIjoxODA0MzMwODU0LCJpYXQiOjE3NzI3OTQ4NTQsIm5iZiI6MTc3Mjc5NDczNCwib3JnIjoxLCJvbmx5Q2hhbm5lbHMiOlsic2xlLW1vZHVsZS1iYXNlc3lzdGVtMTUtc3A3LXVwZGF0ZXMteDg2XzY0Il19.PdehXWSaEbomL5fb7vAqU-xdjs6uhB1FePKjEl1-WcE HTTP/1.1" 200 3664
172.16.3.7 - - [06/Mar/2026:12:02:26 +0100] "HEAD /rhn/manager/download/sle-module-basesystem15-sp7-updates-x86_64/getPackage/NULL/410c729d3c4f3756794d00dc1788cd42188d63edab97c6e4a4cd4473a45b153e/liblcms2-2-2.15-150600.3.3.2.x86_64.rpm?eyJhbGciOiJIUzI1NiJ9.eyJqdGkiOiJJelB5UW10V3NINl9iZE0xZElvQ1lnIiwiZXhwIjoxODA0MzMwODU0LCJpYXQiOjE3NzI3OTQ4NTQsIm5iZiI6MTc3Mjc5NDczNCwib3JnIjoxLCJvbmx5Q2hhbm5lbHMiOlsic2xlLW1vZHVsZS1iYXNlc3lzdGVtMTUtc3A3LXVwZGF0ZXMteDg2XzY0Il19.PdehXWSaEbomL5fb7vAqU-xdjs6uhB1FePKjEl1-WcE HTTP/1.1" 200 -
172.16.3.7 - - [06/Mar/2026:12:02:26 +0100] "GET /rhn/manager/download/sle-module-basesystem15-sp7-updates-x86_64/getPackage/NULL/410c729d3c4f3756794d00dc1788cd42188d63edab97c6e4a4cd4473a45b153e/liblcms2-2-2.15-150600.3.3.2.x86_64.rpm?eyJhbGciOiJIUzI1NiJ9.eyJqdGkiOiJJelB5UW10V3NINl9iZE0xZElvQ1lnIiwiZXhwIjoxODA0MzMwODU0LCJpYXQiOjE3NzI3OTQ4NTQsIm5iZiI6MTc3Mjc5NDczNCwib3JnIjoxLCJvbmx5Q2hhbm5lbHMiOlsic2xlLW1vZHVsZS1iYXNlc3lzdGVtMTUtc3A3LXVwZGF0ZXMteDg2XzY0Il19.PdehXWSaEbomL5fb7vAqU-xdjs6uhB1FePKjEl1-WcE HTTP/1.1" 200 3664
172.16.3.5 - - [06/Mar/2026:12:02:26 +0100] "GET /rhn/systems/details/history/History.do?sid=1000010005& HTTP/1.1" 200 44044
172.16.3.7 - - [06/Mar/2026:12:02:26 +0100] "HEAD /rhn/manager/download/sle-module-basesystem15-sp7-updates-x86_64/getPackage/NULL/569c6ec8d1888b4c631b60abde1f85a8211bbacd973e8ecaefcb311c984dde7f/virtiofsd-1.12.0-150700.3.3.1.x86_64.rpm?eyJhbGciOiJIUzI1NiJ9.eyJqdGkiOiJJelB5UW10V3NINl9iZE0xZElvQ1lnIiwiZXhwIjoxODA0MzMwODU0LCJpYXQiOjE3NzI3OTQ4NTQsIm5iZiI6MTc3Mjc5NDczNCwib3JnIjoxLCJvbmx5Q2hhbm5lbHMiOlsic2xlLW1vZHVsZS1iYXNlc3lzdGVtMTUtc3A3LXVwZGF0ZXMteDg2XzY0Il19.PdehXWSaEbomL5fb7vAqU-xdjs6uhB1FePKjEl1-WcE HTTP/1.1" 200 -
172.16.3.7 - - [06/Mar/2026:12:02:26 +0100] "GET /rhn/manager/download/sle-module-basesystem15-sp7-updates-x86_64/getPackage/NULL/569c6ec8d1888b4c631b60abde1f85a8211bbacd973e8ecaefcb311c984dde7f/virtiofsd-1.12.0-150700.3.3.1.x86_64.rpm?eyJhbGciOiJIUzI1NiJ9.eyJqdGkiOiJJelB5UW10V3NINl9iZE0xZElvQ1lnIiwiZXhwIjoxODA0MzMwODU0LCJpYXQiOjE3NzI3OTQ4NTQsIm5iZiI6MTc3Mjc5NDczNCwib3JnIjoxLCJvbmx5Q2hhbm5lbHMiOlsic2xlLW1vZHVsZS1iYXNlc3lzdGVtMTUtc3A3LXVwZGF0ZXMteDg2XzY0Il19.PdehXWSaEbomL5fb7vAqU-xdjs6uhB1FePKjEl1-WcE HTTP/1.1" 200 3664
172.16.3.5 - - [06/Mar/2026:12:02:26 +0100] "POST /rhn/manager/frontend-log HTTP/1.1" 200 16
127.0.0.1 - - [06/Mar/2026:12:02:26 +0100] "GET /rhn/websocket/notifications HTTP/1.1" 101 -
172.16.3.7 - - [06/Mar/2026:12:02:26 +0100] "HEAD /rhn/manager/download/sle-module-basesystem15-sp7-updates-x86_64/getPackage/NULL/3cb208506f3300d24249fdbb1d22ff055afbebd11b96b563675d5494f7488bf2/libmediacheck6-6.5-150600.3.3.1.x86_64.rpm?eyJhbGciOiJIUzI1NiJ9.eyJqdGkiOiJJelB5UW10V3NINl9iZE0xZElvQ1lnIiwiZXhwIjoxODA0MzMwODU0LCJpYXQiOjE3NzI3OTQ4NTQsIm5iZiI6MTc3Mjc5NDczNCwib3JnIjoxLCJvbmx5Q2hhbm5lbHMiOlsic2xlLW1vZHVsZS1iYXNlc3lzdGVtMTUtc3A3LXVwZGF0ZXMteDg2XzY0Il19.PdehXWSaEbomL5fb7vAqU-xdjs6uhB1FePKjEl1-WcE HTTP/1.1" 200 -
172.16.3.7 - - [06/Mar/2026:12:02:26 +0100] "GET /rhn/manager/download/sle-module-basesystem15-sp7-updates-x86_64/getPackage/NULL/3cb208506f3300d24249fdbb1d22ff055afbebd11b96b563675d5494f7488bf2/libmediacheck6-6.5-150600.3.3.1.x86_64.rpm?eyJhbGciOiJIUzI1NiJ9.eyJqdGkiOiJJelB5UW10V3NINl9iZE0xZElvQ1lnIiwiZXhwIjoxODA0MzMwODU0LCJpYXQiOjE3NzI3OTQ4NTQsIm5iZiI6MTc3Mjc5NDczNCwib3JnIjoxLCJvbmx5Q2hhbm5lbHMiOlsic2xlLW1vZHVsZS1iYXNlc3lzdGVtMTUtc3A3LXVwZGF0ZXMteDg2XzY0Il19.PdehXWSaEbomL5fb7vAqU-xdjs6uhB1FePKjEl1-WcE HTTP/1.1" 200 3664
127.0.0.1 - - [06/Mar/2026:12:02:26 +0100] "GET /rhn/websocket/notifications HTTP/1.1" 101 -
172.16.3.5 - - [06/Mar/2026:12:02:26 +0100] "POST /rhn/manager/frontend-log HTTP/1.1" 200 16
172.16.3.7 - - [06/Mar/2026:12:02:26 +0100] "HEAD /rhn/manager/download/sle-module-basesystem15-sp7-updates-x86_64/getPackage/NULL/aca9911f3cba0046dcf957da8ce01f2a93223621d3464c9d6f322a8d8cbbaa84/libfreebl3-3.112.3-150400.3.63.1.x86_64.rpm?eyJhbGciOiJIUzI1NiJ9.eyJqdGkiOiJJelB5UW10V3NINl9iZE0xZElvQ1lnIiwiZXhwIjoxODA0MzMwODU0LCJpYXQiOjE3NzI3OTQ4NTQsIm5iZiI6MTc3Mjc5NDczNCwib3JnIjoxLCJvbmx5Q2hhbm5lbHMiOlsic2xlLW1vZHVsZS1iYXNlc3lzdGVtMTUtc3A3LXVwZGF0ZXMteDg2XzY0Il19.PdehXWSaEbomL5fb7vAqU-xdjs6uhB1FePKjEl1-WcE HTTP/1.1" 200 -
172.16.3.7 - - [06/Mar/2026:12:02:26 +0100] "GET /rhn/manager/download/sle-module-basesystem15-sp7-updates-x86_64/getPackage/NULL/aca9911f3cba0046dcf957da8ce01f2a93223621d3464c9d6f322a8d8cbbaa84/libfreebl3-3.112.3-150400.3.63.1.x86_64.rpm?eyJhbGciOiJIUzI1NiJ9.eyJqdGkiOiJJelB5UW10V3NINl9iZE0xZElvQ1lnIiwiZXhwIjoxODA0MzMwODU0LCJpYXQiOjE3NzI3OTQ4NTQsIm5iZiI6MTc3Mjc5NDczNCwib3JnIjoxLCJvbmx5Q2hhbm5lbHMiOlsic2xlLW1vZHVsZS1iYXNlc3lzdGVtMTUtc3A3LXVwZGF0ZXMteDg2XzY0Il19.PdehXWSaEbomL5fb7vAqU-xdjs6uhB1FePKjEl1-WcE HTTP/1.1" 200 3664
172.16.3.7 - - [06/Mar/2026:12:02:26 +0100] "HEAD /rhn/manager/download/sle-module-basesystem15-sp7-updates-x86_64/getPackage/NULL/0b0c3ba14d7e8e192919f7a008aca5898850af93ea10ad092a03d1d896e8b198/liburing2-2.9-150700.10.3.1.x86_64.rpm?eyJhbGciOiJIUzI1NiJ9.eyJqdGkiOiJJelB5UW10V3NINl9iZE0xZElvQ1lnIiwiZXhwIjoxODA0MzMwODU0LCJpYXQiOjE3NzI3OTQ4NTQsIm5iZiI6MTc3Mjc5NDczNCwib3JnIjoxLCJvbmx5Q2hhbm5lbHMiOlsic2xlLW1vZHVsZS1iYXNlc3lzdGVtMTUtc3A3LXVwZGF0ZXMteDg2XzY0Il19.PdehXWSaEbomL5fb7vAqU-xdjs6uhB1FePKjEl1-WcE HTTP/1.1" 200 -
172.16.3.7 - - [06/Mar/2026:12:02:27 +0100] "GET /rhn/manager/download/sle-module-basesystem15-sp7-updates-x86_64/getPackage/NULL/0b0c3ba14d7e8e192919f7a008aca5898850af93ea10ad092a03d1d896e8b198/liburing2-2.9-150700.10.3.1.x86_64.rpm?eyJhbGciOiJIUzI1NiJ9.eyJqdGkiOiJJelB5UW10V3NINl9iZE0xZElvQ1lnIiwiZXhwIjoxODA0MzMwODU0LCJpYXQiOjE3NzI3OTQ4NTQsIm5iZiI6MTc3Mjc5NDczNCwib3JnIjoxLCJvbmx5Q2hhbm5lbHMiOlsic2xlLW1vZHVsZS1iYXNlc3lzdGVtMTUtc3A3LXVwZGF0ZXMteDg2XzY0Il19.PdehXWSaEbomL5fb7vAqU-xdjs6uhB1FePKjEl1-WcE HTTP/1.1" 200 3664
172.16.3.7 - - [06/Mar/2026:12:02:27 +0100] "HEAD /rhn/manager/download/sle-module-basesystem15-sp7-updates-x86_64/getPackage/NULL/70b0553ecea387e1b15a102beb1ecc9bd089d515dc8981b49f405da3d5a3629e/libmpath0-0.10.6+201+suse.9f189e79-150700.3.11.1.x86_64.rpm?eyJhbGciOiJIUzI1NiJ9.eyJqdGkiOiJJelB5UW10V3NINl9iZE0xZElvQ1lnIiwiZXhwIjoxODA0MzMwODU0LCJpYXQiOjE3NzI3OTQ4NTQsIm5iZiI6MTc3Mjc5NDczNCwib3JnIjoxLCJvbmx5Q2hhbm5lbHMiOlsic2xlLW1vZHVsZS1iYXNlc3lzdGVtMTUtc3A3LXVwZGF0ZXMteDg2XzY0Il19.PdehXWSaEbomL5fb7vAqU-xdjs6uhB1FePKjEl1-WcE HTTP/1.1" 200 -
172.16.3.7 - - [06/Mar/2026:12:02:27 +0100] "GET /rhn/manager/download/sle-module-basesystem15-sp7-updates-x86_64/getPackage/NULL/70b0553ecea387e1b15a102beb1ecc9bd089d515dc8981b49f405da3d5a3629e/libmpath0-0.10.6+201+suse.9f189e79-150700.3.11.1.x86_64.rpm?eyJhbGciOiJIUzI1NiJ9.eyJqdGkiOiJJelB5UW10V3NINl9iZE0xZElvQ1lnIiwiZXhwIjoxODA0MzMwODU0LCJpYXQiOjE3NzI3OTQ4NTQsIm5iZiI6MTc3Mjc5NDczNCwib3JnIjoxLCJvbmx5Q2hhbm5lbHMiOlsic2xlLW1vZHVsZS1iYXNlc3lzdGVtMTUtc3A3LXVwZGF0ZXMteDg2XzY0Il19.PdehXWSaEbomL5fb7vAqU-xdjs6uhB1FePKjEl1-WcE HTTP/1.1" 200 3663
172.16.3.7 - - [06/Mar/2026:12:02:27 +0100] "HEAD /rhn/manager/download/sle-module-basesystem15-sp7-updates-x86_64/getPackage/NULL/fe1f3f2cb89c96e65a94792434313e1cb154e7dfec863933937e73da69c1f273/multipath-tools-0.10.6+201+suse.9f189e79-150700.3.11.1.x86_64.rpm?eyJhbGciOiJIUzI1NiJ9.eyJqdGkiOiJJelB5UW10V3NINl9iZE0xZElvQ1lnIiwiZXhwIjoxODA0MzMwODU0LCJpYXQiOjE3NzI3OTQ4NTQsIm5iZiI6MTc3Mjc5NDczNCwib3JnIjoxLCJvbmx5Q2hhbm5lbHMiOlsic2xlLW1vZHVsZS1iYXNlc3lzdGVtMTUtc3A3LXVwZGF0ZXMteDg2XzY0Il19.PdehXWSaEbomL5fb7vAqU-xdjs6uhB1FePKjEl1-WcE HTTP/1.1" 200 -
172.16.3.7 - - [06/Mar/2026:12:02:27 +0100] "GET /rhn/manager/download/sle-module-basesystem15-sp7-updates-x86_64/getPackage/NULL/fe1f3f2cb89c96e65a94792434313e1cb154e7dfec863933937e73da69c1f273/multipath-tools-0.10.6+201+suse.9f189e79-150700.3.11.1.x86_64.rpm?eyJhbGciOiJIUzI1NiJ9.eyJqdGkiOiJJelB5UW10V3NINl9iZE0xZElvQ1lnIiwiZXhwIjoxODA0MzMwODU0LCJpYXQiOjE3NzI3OTQ4NTQsIm5iZiI6MTc3Mjc5NDczNCwib3JnIjoxLCJvbmx5Q2hhbm5lbHMiOlsic2xlLW1vZHVsZS1iYXNlc3lzdGVtMTUtc3A3LXVwZGF0ZXMteDg2XzY0Il19.PdehXWSaEbomL5fb7vAqU-xdjs6uhB1FePKjEl1-WcE HTTP/1.1" 200 3664
172.16.3.7 - - [06/Mar/2026:12:02:27 +0100] "HEAD /rhn/manager/download/sle-module-basesystem15-sp7-updates-x86_64/getPackage/NULL/8e6807c8f2e54024192f700634585e1e9d3a0a7512930e8a3654ab680e9c989d/checkmedia-6.5-150600.3.3.1.x86_64.rpm?eyJhbGciOiJIUzI1NiJ9.eyJqdGkiOiJJelB5UW10V3NINl9iZE0xZElvQ1lnIiwiZXhwIjoxODA0MzMwODU0LCJpYXQiOjE3NzI3OTQ4NTQsIm5iZiI6MTc3Mjc5NDczNCwib3JnIjoxLCJvbmx5Q2hhbm5lbHMiOlsic2xlLW1vZHVsZS1iYXNlc3lzdGVtMTUtc3A3LXVwZGF0ZXMteDg2XzY0Il19.PdehXWSaEbomL5fb7vAqU-xdjs6uhB1FePKjEl1-WcE HTTP/1.1" 200 -
172.16.3.7 - - [06/Mar/2026:12:02:27 +0100] "GET /rhn/manager/download/sle-module-basesystem15-sp7-updates-x86_64/getPackage/NULL/8e6807c8f2e54024192f700634585e1e9d3a0a7512930e8a3654ab680e9c989d/checkmedia-6.5-150600.3.3.1.x86_64.rpm?eyJhbGciOiJIUzI1NiJ9.eyJqdGkiOiJJelB5UW10V3NINl9iZE0xZElvQ1lnIiwiZXhwIjoxODA0MzMwODU0LCJpYXQiOjE3NzI3OTQ4NTQsIm5iZiI6MTc3Mjc5NDczNCwib3JnIjoxLCJvbmx5Q2hhbm5lbHMiOlsic2xlLW1vZHVsZS1iYXNlc3lzdGVtMTUtc3A3LXVwZGF0ZXMteDg2XzY0Il19.PdehXWSaEbomL5fb7vAqU-xdjs6uhB1FePKjEl1-WcE HTTP/1.1" 200 3664
172.16.3.7 - - [06/Mar/2026:12:02:27 +0100] "HEAD /rhn/manager/download/sle-module-basesystem15-sp7-updates-x86_64/getPackage/NULL/5a10d910563b561f161d3d8cc5442f4a63c0f527ad7d433fddf1e9c2c599f908/mozilla-nss-3.112.3-150400.3.63.1.x86_64.rpm?eyJhbGciOiJIUzI1NiJ9.eyJqdGkiOiJJelB5UW10V3NINl9iZE0xZElvQ1lnIiwiZXhwIjoxODA0MzMwODU0LCJpYXQiOjE3NzI3OTQ4NTQsIm5iZiI6MTc3Mjc5NDczNCwib3JnIjoxLCJvbmx5Q2hhbm5lbHMiOlsic2xlLW1vZHVsZS1iYXNlc3lzdGVtMTUtc3A3LXVwZGF0ZXMteDg2XzY0Il19.PdehXWSaEbomL5fb7vAqU-xdjs6uhB1FePKjEl1-WcE HTTP/1.1" 200 -
172.16.3.7 - - [06/Mar/2026:12:02:27 +0100] "GET /rhn/manager/download/sle-module-basesystem15-sp7-updates-x86_64/getPackage/NULL/5a10d910563b561f161d3d8cc5442f4a63c0f527ad7d433fddf1e9c2c599f908/mozilla-nss-3.112.3-150400.3.63.1.x86_64.rpm?eyJhbGciOiJIUzI1NiJ9.eyJqdGkiOiJJelB5UW10V3NINl9iZE0xZElvQ1lnIiwiZXhwIjoxODA0MzMwODU0LCJpYXQiOjE3NzI3OTQ4NTQsIm5iZiI6MTc3Mjc5NDczNCwib3JnIjoxLCJvbmx5Q2hhbm5lbHMiOlsic2xlLW1vZHVsZS1iYXNlc3lzdGVtMTUtc3A3LXVwZGF0ZXMteDg2XzY0Il19.PdehXWSaEbomL5fb7vAqU-xdjs6uhB1FePKjEl1-WcE HTTP/1.1" 200 3664
172.16.3.7 - - [06/Mar/2026:12:02:27 +0100] "HEAD /rhn/manager/download/sle-module-basesystem15-sp7-updates-x86_64/getPackage/NULL/14fe195c76cc25b7249b574d23e8921fc82639b02439bc21e3b37275d6b0997f/libsoftokn3-3.112.3-150400.3.63.1.x86_64.rpm?eyJhbGciOiJIUzI1NiJ9.eyJqdGkiOiJJelB5UW10V3NINl9iZE0xZElvQ1lnIiwiZXhwIjoxODA0MzMwODU0LCJpYXQiOjE3NzI3OTQ4NTQsIm5iZiI6MTc3Mjc5NDczNCwib3JnIjoxLCJvbmx5Q2hhbm5lbHMiOlsic2xlLW1vZHVsZS1iYXNlc3lzdGVtMTUtc3A3LXVwZGF0ZXMteDg2XzY0Il19.PdehXWSaEbomL5fb7vAqU-xdjs6uhB1FePKjEl1-WcE HTTP/1.1" 200 -
172.16.3.7 - - [06/Mar/2026:12:02:27 +0100] "GET /rhn/manager/download/sle-module-basesystem15-sp7-updates-x86_64/getPackage/NULL/14fe195c76cc25b7249b574d23e8921fc82639b02439bc21e3b37275d6b0997f/libsoftokn3-3.112.3-150400.3.63.1.x86_64.rpm?eyJhbGciOiJIUzI1NiJ9.eyJqdGkiOiJJelB5UW10V3NINl9iZE0xZElvQ1lnIiwiZXhwIjoxODA0MzMwODU0LCJpYXQiOjE3NzI3OTQ4NTQsIm5iZiI6MTc3Mjc5NDczNCwib3JnIjoxLCJvbmx5Q2hhbm5lbHMiOlsic2xlLW1vZHVsZS1iYXNlc3lzdGVtMTUtc3A3LXVwZGF0ZXMteDg2XzY0Il19.PdehXWSaEbomL5fb7vAqU-xdjs6uhB1FePKjEl1-WcE HTTP/1.1" 200 3664
172.16.3.7 - - [06/Mar/2026:12:02:27 +0100] "HEAD /rhn/manager/download/sle-module-basesystem15-sp7-updates-x86_64/getPackage/NULL/a75ef97813fd956c401467f91506493a4c1d8d439b9e690659446487725af2f0/qemu-vmsr-helper-9.2.4-150700.3.17.1.x86_64.rpm?eyJhbGciOiJIUzI1NiJ9.eyJqdGkiOiJJelB5UW10V3NINl9iZE0xZElvQ1lnIiwiZXhwIjoxODA0MzMwODU0LCJpYXQiOjE3NzI3OTQ4NTQsIm5iZiI6MTc3Mjc5NDczNCwib3JnIjoxLCJvbmx5Q2hhbm5lbHMiOlsic2xlLW1vZHVsZS1iYXNlc3lzdGVtMTUtc3A3LXVwZGF0ZXMteDg2XzY0Il19.PdehXWSaEbomL5fb7vAqU-xdjs6uhB1FePKjEl1-WcE HTTP/1.1" 200 -
172.16.3.7 - - [06/Mar/2026:12:02:27 +0100] "GET /rhn/manager/download/sle-module-basesystem15-sp7-updates-x86_64/getPackage/NULL/a75ef97813fd956c401467f91506493a4c1d8d439b9e690659446487725af2f0/qemu-vmsr-helper-9.2.4-150700.3.17.1.x86_64.rpm?eyJhbGciOiJIUzI1NiJ9.eyJqdGkiOiJJelB5UW10V3NINl9iZE0xZElvQ1lnIiwiZXhwIjoxODA0MzMwODU0LCJpYXQiOjE3NzI3OTQ4NTQsIm5iZiI6MTc3Mjc5NDczNCwib3JnIjoxLCJvbmx5Q2hhbm5lbHMiOlsic2xlLW1vZHVsZS1iYXNlc3lzdGVtMTUtc3A3LXVwZGF0ZXMteDg2XzY0Il19.PdehXWSaEbomL5fb7vAqU-xdjs6uhB1FePKjEl1-WcE HTTP/1.1" 200 3664
172.16.3.7 - - [06/Mar/2026:12:02:27 +0100] "HEAD /rhn/manager/download/sle-module-basesystem15-sp7-updates-x86_64/getPackage/NULL/3986e5b8b3b715ead9037f6ad6bd75a5676adc32163929413a247101709bffe7/qemu-img-9.2.4-150700.3.17.1.x86_64.rpm?eyJhbGciOiJIUzI1NiJ9.eyJqdGkiOiJJelB5UW10V3NINl9iZE0xZElvQ1lnIiwiZXhwIjoxODA0MzMwODU0LCJpYXQiOjE3NzI3OTQ4NTQsIm5iZiI6MTc3Mjc5NDczNCwib3JnIjoxLCJvbmx5Q2hhbm5lbHMiOlsic2xlLW1vZHVsZS1iYXNlc3lzdGVtMTUtc3A3LXVwZGF0ZXMteDg2XzY0Il19.PdehXWSaEbomL5fb7vAqU-xdjs6uhB1FePKjEl1-WcE HTTP/1.1" 200 -
172.16.3.7 - - [06/Mar/2026:12:02:27 +0100] "GET /rhn/manager/download/sle-module-basesystem15-sp7-updates-x86_64/getPackage/NULL/3986e5b8b3b715ead9037f6ad6bd75a5676adc32163929413a247101709bffe7/qemu-img-9.2.4-150700.3.17.1.x86_64.rpm?eyJhbGciOiJIUzI1NiJ9.eyJqdGkiOiJJelB5UW10V3NINl9iZE0xZElvQ1lnIiwiZXhwIjoxODA0MzMwODU0LCJpYXQiOjE3NzI3OTQ4NTQsIm5iZiI6MTc3Mjc5NDczNCwib3JnIjoxLCJvbmx5Q2hhbm5lbHMiOlsic2xlLW1vZHVsZS1iYXNlc3lzdGVtMTUtc3A3LXVwZGF0ZXMteDg2XzY0Il19.PdehXWSaEbomL5fb7vAqU-xdjs6uhB1FePKjEl1-WcE HTTP/1.1" 200 3663
172.16.3.5 - - [06/Mar/2026:12:02:27 +0100] "GET /rhn/systems/details/history/Event.do?sid=1000010005&aid=24 HTTP/1.1" 200 38119
172.16.3.7 - - [06/Mar/2026:12:02:27 +0100] "HEAD /rhn/manager/download/sle-module-basesystem15-sp7-updates-x86_64/getPackage/NULL/b92a8f9e71de3779d56cd48dca0078091d3f0c580fc65d8308fd1399e7d776ea/qemu-pr-helper-9.2.4-150700.3.17.1.x86_64.rpm?eyJhbGciOiJIUzI1NiJ9.eyJqdGkiOiJJelB5UW10V3NINl9iZE0xZElvQ1lnIiwiZXhwIjoxODA0MzMwODU0LCJpYXQiOjE3NzI3OTQ4NTQsIm5iZiI6MTc3Mjc5NDczNCwib3JnIjoxLCJvbmx5Q2hhbm5lbHMiOlsic2xlLW1vZHVsZS1iYXNlc3lzdGVtMTUtc3A3LXVwZGF0ZXMteDg2XzY0Il19.PdehXWSaEbomL5fb7vAqU-xdjs6uhB1FePKjEl1-WcE HTTP/1.1" 200 -
172.16.3.7 - - [06/Mar/2026:12:02:27 +0100] "GET /rhn/manager/download/sle-module-basesystem15-sp7-updates-x86_64/getPackage/NULL/b92a8f9e71de3779d56cd48dca0078091d3f0c580fc65d8308fd1399e7d776ea/qemu-pr-helper-9.2.4-150700.3.17.1.x86_64.rpm?eyJhbGciOiJIUzI1NiJ9.eyJqdGkiOiJJelB5UW10V3NINl9iZE0xZElvQ1lnIiwiZXhwIjoxODA0MzMwODU0LCJpYXQiOjE3NzI3OTQ4NTQsIm5iZiI6MTc3Mjc5NDczNCwib3JnIjoxLCJvbmx5Q2hhbm5lbHMiOlsic2xlLW1vZHVsZS1iYXNlc3lzdGVtMTUtc3A3LXVwZGF0ZXMteDg2XzY0Il19.PdehXWSaEbomL5fb7vAqU-xdjs6uhB1FePKjEl1-WcE HTTP/1.1" 200 3664
172.16.3.5 - - [06/Mar/2026:12:02:27 +0100] "POST /rhn/manager/frontend-log HTTP/1.1" 200 16
127.0.0.1 - - [06/Mar/2026:12:02:27 +0100] "GET /rhn/websocket/notifications HTTP/1.1" 101 -
172.16.3.7 - - [06/Mar/2026:12:02:27 +0100] "HEAD /rhn/manager/download/sle-module-basesystem15-sp7-updates-x86_64/getPackage/NULL/f30b141467f2136243af7ec3d632bc75330140354234cc716f93f7b597353a03/mozilla-nss-sysinit-3.112.3-150400.3.63.1.x86_64.rpm?eyJhbGciOiJIUzI1NiJ9.eyJqdGkiOiJJelB5UW10V3NINl9iZE0xZElvQ1lnIiwiZXhwIjoxODA0MzMwODU0LCJpYXQiOjE3NzI3OTQ4NTQsIm5iZiI6MTc3Mjc5NDczNCwib3JnIjoxLCJvbmx5Q2hhbm5lbHMiOlsic2xlLW1vZHVsZS1iYXNlc3lzdGVtMTUtc3A3LXVwZGF0ZXMteDg2XzY0Il19.PdehXWSaEbomL5fb7vAqU-xdjs6uhB1FePKjEl1-WcE HTTP/1.1" 200 -
172.16.3.7 - - [06/Mar/2026:12:02:27 +0100] "GET /rhn/manager/download/sle-module-basesystem15-sp7-updates-x86_64/getPackage/NULL/f30b141467f2136243af7ec3d632bc75330140354234cc716f93f7b597353a03/mozilla-nss-sysinit-3.112.3-150400.3.63.1.x86_64.rpm?eyJhbGciOiJIUzI1NiJ9.eyJqdGkiOiJJelB5UW10V3NINl9iZE0xZElvQ1lnIiwiZXhwIjoxODA0MzMwODU0LCJpYXQiOjE3NzI3OTQ4NTQsIm5iZiI6MTc3Mjc5NDczNCwib3JnIjoxLCJvbmx5Q2hhbm5lbHMiOlsic2xlLW1vZHVsZS1iYXNlc3lzdGVtMTUtc3A3LXVwZGF0ZXMteDg2XzY0Il19.PdehXWSaEbomL5fb7vAqU-xdjs6uhB1FePKjEl1-WcE HTTP/1.1" 200 3664
172.16.3.7 - - [06/Mar/2026:12:02:27 +0100] "HEAD /rhn/manager/download/sle-module-basesystem15-sp7-updates-x86_64/getPackage/NULL/1f24620fdccc153ccf218e92d23cbe78097c1ca225f56db6865634bd89b5eebf/java-25-openjdk-headless-25.0.2.0-150700.15.7.1.x86_64.rpm?eyJhbGciOiJIUzI1NiJ9.eyJqdGkiOiJJelB5UW10V3NINl9iZE0xZElvQ1lnIiwiZXhwIjoxODA0MzMwODU0LCJpYXQiOjE3NzI3OTQ4NTQsIm5iZiI6MTc3Mjc5NDczNCwib3JnIjoxLCJvbmx5Q2hhbm5lbHMiOlsic2xlLW1vZHVsZS1iYXNlc3lzdGVtMTUtc3A3LXVwZGF0ZXMteDg2XzY0Il19.PdehXWSaEbomL5fb7vAqU-xdjs6uhB1FePKjEl1-WcE HTTP/1.1" 200 -
172.16.3.7 - - [06/Mar/2026:12:02:27 +0100] "GET /rhn/manager/download/sle-module-basesystem15-sp7-updates-x86_64/getPackage/NULL/1f24620fdccc153ccf218e92d23cbe78097c1ca225f56db6865634bd89b5eebf/java-25-openjdk-headless-25.0.2.0-150700.15.7.1.x86_64.rpm?eyJhbGciOiJIUzI1NiJ9.eyJqdGkiOiJJelB5UW10V3NINl9iZE0xZElvQ1lnIiwiZXhwIjoxODA0MzMwODU0LCJpYXQiOjE3NzI3OTQ4NTQsIm5iZiI6MTc3Mjc5NDczNCwib3JnIjoxLCJvbmx5Q2hhbm5lbHMiOlsic2xlLW1vZHVsZS1iYXNlc3lzdGVtMTUtc3A3LXVwZGF0ZXMteDg2XzY0Il19.PdehXWSaEbomL5fb7vAqU-xdjs6uhB1FePKjEl1-WcE HTTP/1.1" 200 3664
172.16.3.5 - - [06/Mar/2026:12:02:28 +0100] "GET /rhn/systems/details/history/Pending.do?sid=1000010005& HTTP/1.1" 200 37863
127.0.0.1 - - [06/Mar/2026:12:02:28 +0100] "GET /rhn/websocket/notifications HTTP/1.1" 101 -
172.16.3.5 - - [06/Mar/2026:12:02:28 +0100] "POST /rhn/manager/frontend-log HTTP/1.1" 200 16
172.16.3.5 - - [06/Mar/2026:12:02:28 +0100] "POST /rhn/manager/api/auth/login HTTP/1.1" 200 16
172.16.3.5 - - [06/Mar/2026:12:02:28 +0100] "POST /rhn/manager/api/system/searchByName HTTP/1.1" 200 163
172.16.3.5 - - [06/Mar/2026:12:02:28 +0100] "GET /rhn/manager/api/auth/logout HTTP/1.1" 200 16
172.16.3.5 - - [06/Mar/2026:12:02:28 +0100] "GET /rhn/systems/details/history/Pending.do?sid=1000010005& HTTP/1.1" 200 37863
172.16.3.7 - - [06/Mar/2026:12:02:29 +0100] "HEAD /rhn/manager/download/sle-module-devtools15-sp7-pool-x86_64/getPackage/NULL/6897117f6b619a7cb05a423a64ba8a3ffa40a16576c2e84585781205c55d6f2e/kiwi-boot-descriptions-1.2.0-2.51.x86_64.rpm?eyJhbGciOiJIUzI1NiJ9.eyJqdGkiOiI2ZUxpWVdPek1rcjZySVVDZ2dpMXRnIiwiZXhwIjoxODA0MzMwODU0LCJpYXQiOjE3NzI3OTQ4NTQsIm5iZiI6MTc3Mjc5NDczNCwib3JnIjoxLCJvbmx5Q2hhbm5lbHMiOlsic2xlLW1vZHVsZS1kZXZ0b29sczE1LXNwNy1wb29sLXg4Nl82NCJdfQ.TIuT-f0skwozLac4aNKxEPvG_qoHUBm1vu4dfOioZaw HTTP/1.1" 200 -
172.16.3.7 - - [06/Mar/2026:12:02:29 +0100] "GET /rhn/manager/download/sle-module-devtools15-sp7-pool-x86_64/getPackage/NULL/6897117f6b619a7cb05a423a64ba8a3ffa40a16576c2e84585781205c55d6f2e/kiwi-boot-descriptions-1.2.0-2.51.x86_64.rpm?eyJhbGciOiJIUzI1NiJ9.eyJqdGkiOiI2ZUxpWVdPek1rcjZySVVDZ2dpMXRnIiwiZXhwIjoxODA0MzMwODU0LCJpYXQiOjE3NzI3OTQ4NTQsIm5iZiI6MTc3Mjc5NDczNCwib3JnIjoxLCJvbmx5Q2hhbm5lbHMiOlsic2xlLW1vZHVsZS1kZXZ0b29sczE1LXNwNy1wb29sLXg4Nl82NCJdfQ.TIuT-f0skwozLac4aNKxEPvG_qoHUBm1vu4dfOioZaw HTTP/1.1" 200 3664
172.16.3.7 - - [06/Mar/2026:12:02:29 +0100] "HEAD /rhn/manager/download/sle-module-devtools15-sp7-pool-x86_64/getPackage/NULL/6c26d47ddc7d3d11b1c20fe63aee583129bd751f3b3bafbee3c9f1906c8f055a/relaxngDatatype-2011.1-150200.10.4.4.noarch.rpm?eyJhbGciOiJIUzI1NiJ9.eyJqdGkiOiI2ZUxpWVdPek1rcjZySVVDZ2dpMXRnIiwiZXhwIjoxODA0MzMwODU0LCJpYXQiOjE3NzI3OTQ4NTQsIm5iZiI6MTc3Mjc5NDczNCwib3JnIjoxLCJvbmx5Q2hhbm5lbHMiOlsic2xlLW1vZHVsZS1kZXZ0b29sczE1LXNwNy1wb29sLXg4Nl82NCJdfQ.TIuT-f0skwozLac4aNKxEPvG_qoHUBm1vu4dfOioZaw HTTP/1.1" 200 -
172.16.3.7 - - [06/Mar/2026:12:02:29 +0100] "GET /rhn/manager/download/sle-module-devtools15-sp7-pool-x86_64/getPackage/NULL/6c26d47ddc7d3d11b1c20fe63aee583129bd751f3b3bafbee3c9f1906c8f055a/relaxngDatatype-2011.1-150200.10.4.4.noarch.rpm?eyJhbGciOiJIUzI1NiJ9.eyJqdGkiOiI2ZUxpWVdPek1rcjZySVVDZ2dpMXRnIiwiZXhwIjoxODA0MzMwODU0LCJpYXQiOjE3NzI3OTQ4NTQsIm5iZiI6MTc3Mjc5NDczNCwib3JnIjoxLCJvbmx5Q2hhbm5lbHMiOlsic2xlLW1vZHVsZS1kZXZ0b29sczE1LXNwNy1wb29sLXg4Nl82NCJdfQ.TIuT-f0skwozLac4aNKxEPvG_qoHUBm1vu4dfOioZaw HTTP/1.1" 200 3664
172.16.3.5 - - [06/Mar/2026:12:02:29 +0100] "POST /rhn/manager/frontend-log HTTP/1.1" 200 16
172.16.3.7 - - [06/Mar/2026:12:02:29 +0100] "HEAD /rhn/manager/download/sle-module-devtools15-sp7-updates-x86_64/getPackage/NULL/a0bbcc4bfb33c66319647a8d0dde7d5a8c76d402839cf950c5adb1761f133268/appx-util-0.5-150600.13.3.2.x86_64.rpm?eyJhbGciOiJIUzI1NiJ9.eyJqdGkiOiJ5Rmc2SWYza2trS25KeFlXdkM4M0FBIiwiZXhwIjoxODA0MzMwODU0LCJpYXQiOjE3NzI3OTQ4NTQsIm5iZiI6MTc3Mjc5NDczNCwib3JnIjoxLCJvbmx5Q2hhbm5lbHMiOlsic2xlLW1vZHVsZS1kZXZ0b29sczE1LXNwNy11cGRhdGVzLXg4Nl82NCJdfQ.s_03RTmOEIse3hSuOgO8kcHcQK-H-ANmOPy8QL7osJU HTTP/1.1" 200 -
127.0.0.1 - - [06/Mar/2026:12:02:29 +0100] "GET /rhn/websocket/notifications HTTP/1.1" 101 -
172.16.3.7 - - [06/Mar/2026:12:02:29 +0100] "GET /rhn/manager/download/sle-module-devtools15-sp7-updates-x86_64/getPackage/NULL/a0bbcc4bfb33c66319647a8d0dde7d5a8c76d402839cf950c5adb1761f133268/appx-util-0.5-150600.13.3.2.x86_64.rpm?eyJhbGciOiJIUzI1NiJ9.eyJqdGkiOiJ5Rmc2SWYza2trS25KeFlXdkM4M0FBIiwiZXhwIjoxODA0MzMwODU0LCJpYXQiOjE3NzI3OTQ4NTQsIm5iZiI6MTc3Mjc5NDczNCwib3JnIjoxLCJvbmx5Q2hhbm5lbHMiOlsic2xlLW1vZHVsZS1kZXZ0b29sczE1LXNwNy11cGRhdGVzLXg4Nl82NCJdfQ.s_03RTmOEIse3hSuOgO8kcHcQK-H-ANmOPy8QL7osJU HTTP/1.1" 200 3664
172.16.3.7 - - [06/Mar/2026:12:02:29 +0100] "HEAD /rhn/manager/download/sle-module-devtools15-sp7-updates-x86_64/getPackage/NULL/8c2d4ad159d3695d1e654d81d50d3a3db9443a7f57cf4c3947e5ac0d41071aa3/kiwi-man-pages-10.2.33-150600.14.10.2.x86_64.rpm?eyJhbGciOiJIUzI1NiJ9.eyJqdGkiOiJ5Rmc2SWYza2trS25KeFlXdkM4M0FBIiwiZXhwIjoxODA0MzMwODU0LCJpYXQiOjE3NzI3OTQ4NTQsIm5iZiI6MTc3Mjc5NDczNCwib3JnIjoxLCJvbmx5Q2hhbm5lbHMiOlsic2xlLW1vZHVsZS1kZXZ0b29sczE1LXNwNy11cGRhdGVzLXg4Nl82NCJdfQ.s_03RTmOEIse3hSuOgO8kcHcQK-H-ANmOPy8QL7osJU HTTP/1.1" 200 -
172.16.3.7 - - [06/Mar/2026:12:02:29 +0100] "GET /rhn/manager/download/sle-module-devtools15-sp7-updates-x86_64/getPackage/NULL/8c2d4ad159d3695d1e654d81d50d3a3db9443a7f57cf4c3947e5ac0d41071aa3/kiwi-man-pages-10.2.33-150600.14.10.2.x86_64.rpm?eyJhbGciOiJIUzI1NiJ9.eyJqdGkiOiJ5Rmc2SWYza2trS25KeFlXdkM4M0FBIiwiZXhwIjoxODA0MzMwODU0LCJpYXQiOjE3NzI3OTQ4NTQsIm5iZiI6MTc3Mjc5NDczNCwib3JnIjoxLCJvbmx5Q2hhbm5lbHMiOlsic2xlLW1vZHVsZS1kZXZ0b29sczE1LXNwNy11cGRhdGVzLXg4Nl82NCJdfQ.s_03RTmOEIse3hSuOgO8kcHcQK-H-ANmOPy8QL7osJU HTTP/1.1" 200 3664
172.16.3.7 - - [06/Mar/2026:12:02:29 +0100] "HEAD /rhn/manager/download/sle-module-devtools15-sp7-updates-x86_64/getPackage/NULL/3d5f65669e9439489ebe11e66005daced1b9f879ee5fc5cc8f27beffb74aa0bb/kiwi-systemdeps-core-10.2.33-150600.14.10.2.x86_64.rpm?eyJhbGciOiJIUzI1NiJ9.eyJqdGkiOiJ5Rmc2SWYza2trS25KeFlXdkM4M0FBIiwiZXhwIjoxODA0MzMwODU0LCJpYXQiOjE3NzI3OTQ4NTQsIm5iZiI6MTc3Mjc5NDczNCwib3JnIjoxLCJvbmx5Q2hhbm5lbHMiOlsic2xlLW1vZHVsZS1kZXZ0b29sczE1LXNwNy11cGRhdGVzLXg4Nl82NCJdfQ.s_03RTmOEIse3hSuOgO8kcHcQK-H-ANmOPy8QL7osJU HTTP/1.1" 200 -
172.16.3.7 - - [06/Mar/2026:12:02:29 +0100] "GET /rhn/manager/download/sle-module-devtools15-sp7-updates-x86_64/getPackage/NULL/3d5f65669e9439489ebe11e66005daced1b9f879ee5fc5cc8f27beffb74aa0bb/kiwi-systemdeps-core-10.2.33-150600.14.10.2.x86_64.rpm?eyJhbGciOiJIUzI1NiJ9.eyJqdGkiOiJ5Rmc2SWYza2trS25KeFlXdkM4M0FBIiwiZXhwIjoxODA0MzMwODU0LCJpYXQiOjE3NzI3OTQ4NTQsIm5iZiI6MTc3Mjc5NDczNCwib3JnIjoxLCJvbmx5Q2hhbm5lbHMiOlsic2xlLW1vZHVsZS1kZXZ0b29sczE1LXNwNy11cGRhdGVzLXg4Nl82NCJdfQ.s_03RTmOEIse3hSuOgO8kcHcQK-H-ANmOPy8QL7osJU HTTP/1.1" 200 3664
172.16.3.7 - - [06/Mar/2026:12:02:29 +0100] "HEAD /rhn/manager/download/sle-module-devtools15-sp7-updates-x86_64/getPackage/NULL/91ac6ac8828900b90c3964440631c571877447426f7db4082751b2cb607ba448/kiwi-systemdeps-containers-10.2.33-150600.14.10.2.x86_64.rpm?eyJhbGciOiJIUzI1NiJ9.eyJqdGkiOiJ5Rmc2SWYza2trS25KeFlXdkM4M0FBIiwiZXhwIjoxODA0MzMwODU0LCJpYXQiOjE3NzI3OTQ4NTQsIm5iZiI6MTc3Mjc5NDczNCwib3JnIjoxLCJvbmx5Q2hhbm5lbHMiOlsic2xlLW1vZHVsZS1kZXZ0b29sczE1LXNwNy11cGRhdGVzLXg4Nl82NCJdfQ.s_03RTmOEIse3hSuOgO8kcHcQK-H-ANmOPy8QL7osJU HTTP/1.1" 200 -
172.16.3.7 - - [06/Mar/2026:12:02:29 +0100] "GET /rhn/manager/download/sle-module-devtools15-sp7-updates-x86_64/getPackage/NULL/91ac6ac8828900b90c3964440631c571877447426f7db4082751b2cb607ba448/kiwi-systemdeps-containers-10.2.33-150600.14.10.2.x86_64.rpm?eyJhbGciOiJIUzI1NiJ9.eyJqdGkiOiJ5Rmc2SWYza2trS25KeFlXdkM4M0FBIiwiZXhwIjoxODA0MzMwODU0LCJpYXQiOjE3NzI3OTQ4NTQsIm5iZiI6MTc3Mjc5NDczNCwib3JnIjoxLCJvbmx5Q2hhbm5lbHMiOlsic2xlLW1vZHVsZS1kZXZ0b29sczE1LXNwNy11cGRhdGVzLXg4Nl82NCJdfQ.s_03RTmOEIse3hSuOgO8kcHcQK-H-ANmOPy8QL7osJU HTTP/1.1" 200 3663
172.16.3.7 - - [06/Mar/2026:12:02:29 +0100] "HEAD /rhn/manager/download/sle-module-devtools15-sp7-updates-x86_64/getPackage/NULL/7322490b3934bb781126e895bef0ad00373b68dd97a1f117d89dc4b26b6fefbf/kiwi-systemdeps-containers-wsl-10.2.33-150600.14.10.2.x86_64.rpm?eyJhbGciOiJIUzI1NiJ9.eyJqdGkiOiJ5Rmc2SWYza2trS25KeFlXdkM4M0FBIiwiZXhwIjoxODA0MzMwODU0LCJpYXQiOjE3NzI3OTQ4NTQsIm5iZiI6MTc3Mjc5NDczNCwib3JnIjoxLCJvbmx5Q2hhbm5lbHMiOlsic2xlLW1vZHVsZS1kZXZ0b29sczE1LXNwNy11cGRhdGVzLXg4Nl82NCJdfQ.s_03RTmOEIse3hSuOgO8kcHcQK-H-ANmOPy8QL7osJU HTTP/1.1" 200 -
172.16.3.5 - - [06/Mar/2026:12:02:29 +0100] "GET /rhn/systems/details/Overview.do?sid=1000010004 HTTP/1.1" 200 44755
172.16.3.7 - - [06/Mar/2026:12:02:29 +0100] "GET /rhn/manager/download/sle-module-devtools15-sp7-updates-x86_64/getPackage/NULL/7322490b3934bb781126e895bef0ad00373b68dd97a1f117d89dc4b26b6fefbf/kiwi-systemdeps-containers-wsl-10.2.33-150600.14.10.2.x86_64.rpm?eyJhbGciOiJIUzI1NiJ9.eyJqdGkiOiJ5Rmc2SWYza2trS25KeFlXdkM4M0FBIiwiZXhwIjoxODA0MzMwODU0LCJpYXQiOjE3NzI3OTQ4NTQsIm5iZiI6MTc3Mjc5NDczNCwib3JnIjoxLCJvbmx5Q2hhbm5lbHMiOlsic2xlLW1vZHVsZS1kZXZ0b29sczE1LXNwNy11cGRhdGVzLXg4Nl82NCJdfQ.s_03RTmOEIse3hSuOgO8kcHcQK-H-ANmOPy8QL7osJU HTTP/1.1" 200 3664
172.16.3.7 - - [06/Mar/2026:12:02:29 +0100] "HEAD /rhn/manager/download/sle-module-devtools15-sp7-updates-x86_64/getPackage/NULL/1f61e60acbb76f9b2182fb96549d048c8c75c5e0fa1a2a903695bbc5b0a42a7e/kiwi-systemdeps-bootloaders-10.2.33-150600.14.10.2.x86_64.rpm?eyJhbGciOiJIUzI1NiJ9.eyJqdGkiOiJ5Rmc2SWYza2trS25KeFlXdkM4M0FBIiwiZXhwIjoxODA0MzMwODU0LCJpYXQiOjE3NzI3OTQ4NTQsIm5iZiI6MTc3Mjc5NDczNCwib3JnIjoxLCJvbmx5Q2hhbm5lbHMiOlsic2xlLW1vZHVsZS1kZXZ0b29sczE1LXNwNy11cGRhdGVzLXg4Nl82NCJdfQ.s_03RTmOEIse3hSuOgO8kcHcQK-H-ANmOPy8QL7osJU HTTP/1.1" 200 -
172.16.3.7 - - [06/Mar/2026:12:02:29 +0100] "GET /rhn/manager/download/sle-module-devtools15-sp7-updates-x86_64/getPackage/NULL/1f61e60acbb76f9b2182fb96549d048c8c75c5e0fa1a2a903695bbc5b0a42a7e/kiwi-systemdeps-bootloaders-10.2.33-150600.14.10.2.x86_64.rpm?eyJhbGciOiJIUzI1NiJ9.eyJqdGkiOiJ5Rmc2SWYza2trS25KeFlXdkM4M0FBIiwiZXhwIjoxODA0MzMwODU0LCJpYXQiOjE3NzI3OTQ4NTQsIm5iZiI6MTc3Mjc5NDczNCwib3JnIjoxLCJvbmx5Q2hhbm5lbHMiOlsic2xlLW1vZHVsZS1kZXZ0b29sczE1LXNwNy11cGRhdGVzLXg4Nl82NCJdfQ.s_03RTmOEIse3hSuOgO8kcHcQK-H-ANmOPy8QL7osJU HTTP/1.1" 200 3663
172.16.3.5 - - [06/Mar/2026:12:02:29 +0100] "POST /rhn/manager/frontend-log HTTP/1.1" 200 16
172.16.3.7 - - [06/Mar/2026:12:02:29 +0100] "HEAD /rhn/manager/download/sle-module-python3-15-sp7-updates-x86_64/getPackage/NULL/b1e620ba6e3d8230a41ade06690793eafffb447c050312a744e4d0a0018e9a39/python311-cssselect-1.2.0-150400.12.6.2.noarch.rpm?eyJhbGciOiJIUzI1NiJ9.eyJqdGkiOiJabDNtdFVTLTVpZXVTV2MyV0xaa0V3IiwiZXhwIjoxODA0MzMwODU0LCJpYXQiOjE3NzI3OTQ4NTQsIm5iZiI6MTc3Mjc5NDczNCwib3JnIjoxLCJvbmx5Q2hhbm5lbHMiOlsic2xlLW1vZHVsZS1weXRob24zLTE1LXNwNy11cGRhdGVzLXg4Nl82NCJdfQ.ggY_AUzYKjtxc12HTCHfsdMDRyy_N7tIl5KhmHG9E1c HTTP/1.1" 200 -
172.16.3.7 - - [06/Mar/2026:12:02:29 +0100] "GET /rhn/manager/download/sle-module-python3-15-sp7-updates-x86_64/getPackage/NULL/b1e620ba6e3d8230a41ade06690793eafffb447c050312a744e4d0a0018e9a39/python311-cssselect-1.2.0-150400.12.6.2.noarch.rpm?eyJhbGciOiJIUzI1NiJ9.eyJqdGkiOiJabDNtdFVTLTVpZXVTV2MyV0xaa0V3IiwiZXhwIjoxODA0MzMwODU0LCJpYXQiOjE3NzI3OTQ4NTQsIm5iZiI6MTc3Mjc5NDczNCwib3JnIjoxLCJvbmx5Q2hhbm5lbHMiOlsic2xlLW1vZHVsZS1weXRob24zLTE1LXNwNy11cGRhdGVzLXg4Nl82NCJdfQ.ggY_AUzYKjtxc12HTCHfsdMDRyy_N7tIl5KhmHG9E1c HTTP/1.1" 200 3664
172.16.3.7 - - [06/Mar/2026:12:02:30 +0100] "HEAD /rhn/manager/download/sle-module-python3-15-sp7-updates-x86_64/getPackage/NULL/e5a591a8270d291e1371744440165fccb31398aee4740f8337b672b65bbc76ea/python311-solv-0.7.35-150700.11.5.2.x86_64.rpm?eyJhbGciOiJIUzI1NiJ9.eyJqdGkiOiJabDNtdFVTLTVpZXVTV2MyV0xaa0V3IiwiZXhwIjoxODA0MzMwODU0LCJpYXQiOjE3NzI3OTQ4NTQsIm5iZiI6MTc3Mjc5NDczNCwib3JnIjoxLCJvbmx5Q2hhbm5lbHMiOlsic2xlLW1vZHVsZS1weXRob24zLTE1LXNwNy11cGRhdGVzLXg4Nl82NCJdfQ.ggY_AUzYKjtxc12HTCHfsdMDRyy_N7tIl5KhmHG9E1c HTTP/1.1" 200 -
127.0.0.1 - - [06/Mar/2026:12:02:29 +0100] "GET /rhn/websocket/notifications HTTP/1.1" 101 -
172.16.3.7 - - [06/Mar/2026:12:02:30 +0100] "GET /rhn/manager/download/sle-module-python3-15-sp7-updates-x86_64/getPackage/NULL/e5a591a8270d291e1371744440165fccb31398aee4740f8337b672b65bbc76ea/python311-solv-0.7.35-150700.11.5.2.x86_64.rpm?eyJhbGciOiJIUzI1NiJ9.eyJqdGkiOiJabDNtdFVTLTVpZXVTV2MyV0xaa0V3IiwiZXhwIjoxODA0MzMwODU0LCJpYXQiOjE3NzI3OTQ4NTQsIm5iZiI6MTc3Mjc5NDczNCwib3JnIjoxLCJvbmx5Q2hhbm5lbHMiOlsic2xlLW1vZHVsZS1weXRob24zLTE1LXNwNy11cGRhdGVzLXg4Nl82NCJdfQ.ggY_AUzYKjtxc12HTCHfsdMDRyy_N7tIl5KhmHG9E1c HTTP/1.1" 200 3664
172.16.3.5 - - [06/Mar/2026:12:02:29 +0100] "GET /rhn/systems/details/history/History.do?sid=1000010005& HTTP/1.1" 200 44044
172.16.3.7 - - [06/Mar/2026:12:02:30 +0100] "HEAD /rhn/manager/download/sle-module-python3-15-sp7-updates-x86_64/getPackage/NULL/55193cf8fe8f8faa4f23e6fe32769636d80427ab25f7cb3b908cc5bdb998384e/python311-simplejson-3.19.1-150400.6.10.2.x86_64.rpm?eyJhbGciOiJIUzI1NiJ9.eyJqdGkiOiJabDNtdFVTLTVpZXVTV2MyV0xaa0V3IiwiZXhwIjoxODA0MzMwODU0LCJpYXQiOjE3NzI3OTQ4NTQsIm5iZiI6MTc3Mjc5NDczNCwib3JnIjoxLCJvbmx5Q2hhbm5lbHMiOlsic2xlLW1vZHVsZS1weXRob24zLTE1LXNwNy11cGRhdGVzLXg4Nl82NCJdfQ.ggY_AUzYKjtxc12HTCHfsdMDRyy_N7tIl5KhmHG9E1c HTTP/1.1" 200 -
127.0.0.1 - - [06/Mar/2026:12:02:30 +0100] "GET /rhn/websocket/notifications HTTP/1.1" 101 -
172.16.3.7 - - [06/Mar/2026:12:02:30 +0100] "GET /rhn/manager/download/sle-module-python3-15-sp7-updates-x86_64/getPackage/NULL/55193cf8fe8f8faa4f23e6fe32769636d80427ab25f7cb3b908cc5bdb998384e/python311-simplejson-3.19.1-150400.6.10.2.x86_64.rpm?eyJhbGciOiJIUzI1NiJ9.eyJqdGkiOiJabDNtdFVTLTVpZXVTV2MyV0xaa0V3IiwiZXhwIjoxODA0MzMwODU0LCJpYXQiOjE3NzI3OTQ4NTQsIm5iZiI6MTc3Mjc5NDczNCwib3JnIjoxLCJvbmx5Q2hhbm5lbHMiOlsic2xlLW1vZHVsZS1weXRob24zLTE1LXNwNy11cGRhdGVzLXg4Nl82NCJdfQ.ggY_AUzYKjtxc12HTCHfsdMDRyy_N7tIl5KhmHG9E1c HTTP/1.1" 200 3663
172.16.3.7 - - [06/Mar/2026:12:02:30 +0100] "HEAD /rhn/manager/download/sle-module-python3-15-sp7-updates-x86_64/getPackage/NULL/9ae96f8575fcde875d02b93b5f77c7940dfee5c18fa928b01c517038d21d4b48/python311-xmltodict-0.13.0-150600.3.7.2.noarch.rpm?eyJhbGciOiJIUzI1NiJ9.eyJqdGkiOiJabDNtdFVTLTVpZXVTV2MyV0xaa0V3IiwiZXhwIjoxODA0MzMwODU0LCJpYXQiOjE3NzI3OTQ4NTQsIm5iZiI6MTc3Mjc5NDczNCwib3JnIjoxLCJvbmx5Q2hhbm5lbHMiOlsic2xlLW1vZHVsZS1weXRob24zLTE1LXNwNy11cGRhdGVzLXg4Nl82NCJdfQ.ggY_AUzYKjtxc12HTCHfsdMDRyy_N7tIl5KhmHG9E1c HTTP/1.1" 200 -
172.16.3.5 - - [06/Mar/2026:12:02:30 +0100] "POST /rhn/manager/frontend-log HTTP/1.1" 200 16
172.16.3.7 - - [06/Mar/2026:12:02:30 +0100] "GET /rhn/manager/download/sle-module-python3-15-sp7-updates-x86_64/getPackage/NULL/9ae96f8575fcde875d02b93b5f77c7940dfee5c18fa928b01c517038d21d4b48/python311-xmltodict-0.13.0-150600.3.7.2.noarch.rpm?eyJhbGciOiJIUzI1NiJ9.eyJqdGkiOiJabDNtdFVTLTVpZXVTV2MyV0xaa0V3IiwiZXhwIjoxODA0MzMwODU0LCJpYXQiOjE3NzI3OTQ4NTQsIm5iZiI6MTc3Mjc5NDczNCwib3JnIjoxLCJvbmx5Q2hhbm5lbHMiOlsic2xlLW1vZHVsZS1weXRob24zLTE1LXNwNy11cGRhdGVzLXg4Nl82NCJdfQ.ggY_AUzYKjtxc12HTCHfsdMDRyy_N7tIl5KhmHG9E1c HTTP/1.1" 200 3664
172.16.3.7 - - [06/Mar/2026:12:02:30 +0100] "HEAD /rhn/manager/download/sle-module-python3-15-sp7-updates-x86_64/getPackage/NULL/dd10e37ea803e397c7d7cccac10c5a5904698067fa54e58513946c93c9853ee1/python311-docopt-0.6.2-150600.18.5.2.noarch.rpm?eyJhbGciOiJIUzI1NiJ9.eyJqdGkiOiJabDNtdFVTLTVpZXVTV2MyV0xaa0V3IiwiZXhwIjoxODA0MzMwODU0LCJpYXQiOjE3NzI3OTQ4NTQsIm5iZiI6MTc3Mjc5NDczNCwib3JnIjoxLCJvbmx5Q2hhbm5lbHMiOlsic2xlLW1vZHVsZS1weXRob24zLTE1LXNwNy11cGRhdGVzLXg4Nl82NCJdfQ.ggY_AUzYKjtxc12HTCHfsdMDRyy_N7tIl5KhmHG9E1c HTTP/1.1" 200 -
172.16.3.7 - - [06/Mar/2026:12:02:30 +0100] "GET /rhn/manager/download/sle-module-python3-15-sp7-updates-x86_64/getPackage/NULL/dd10e37ea803e397c7d7cccac10c5a5904698067fa54e58513946c93c9853ee1/python311-docopt-0.6.2-150600.18.5.2.noarch.rpm?eyJhbGciOiJIUzI1NiJ9.eyJqdGkiOiJabDNtdFVTLTVpZXVTV2MyV0xaa0V3IiwiZXhwIjoxODA0MzMwODU0LCJpYXQiOjE3NzI3OTQ4NTQsIm5iZiI6MTc3Mjc5NDczNCwib3JnIjoxLCJvbmx5Q2hhbm5lbHMiOlsic2xlLW1vZHVsZS1weXRob24zLTE1LXNwNy11cGRhdGVzLXg4Nl82NCJdfQ.ggY_AUzYKjtxc12HTCHfsdMDRyy_N7tIl5KhmHG9E1c HTTP/1.1" 200 3664
172.16.3.7 - - [06/Mar/2026:12:02:30 +0100] "HEAD /rhn/manager/download/sle-module-server-applications15-sp7-updates-x86_64/getPackage/NULL/352710a77fe619c5d591cb844c789c8a2497e1eef8956f08a057bc01e941f549/qemu-block-curl-9.2.4-150700.3.17.1.x86_64.rpm?eyJhbGciOiJIUzI1NiJ9.eyJqdGkiOiJrQnZ5MURCdl9uWUxQNkIyc25SMlJBIiwiZXhwIjoxODA0MzMwODU0LCJpYXQiOjE3NzI3OTQ4NTQsIm5iZiI6MTc3Mjc5NDczNCwib3JnIjoxLCJvbmx5Q2hhbm5lbHMiOlsic2xlLW1vZHVsZS1zZXJ2ZXItYXBwbGljYXRpb25zMTUtc3A3LXVwZGF0ZXMteDg2XzY0Il19.rYsGjDEaIPZysHX-nX8iiUy0jUXd1PF5kYvhbgWlZm0 HTTP/1.1" 200 -
127.0.0.1 - - [06/Mar/2026:12:02:30 +0100] "GET /rhn/websocket/notifications HTTP/1.1" 101 -
172.16.3.7 - - [06/Mar/2026:12:02:30 +0100] "GET /rhn/manager/download/sle-module-server-applications15-sp7-updates-x86_64/getPackage/NULL/352710a77fe619c5d591cb844c789c8a2497e1eef8956f08a057bc01e941f549/qemu-block-curl-9.2.4-150700.3.17.1.x86_64.rpm?eyJhbGciOiJIUzI1NiJ9.eyJqdGkiOiJrQnZ5MURCdl9uWUxQNkIyc25SMlJBIiwiZXhwIjoxODA0MzMwODU0LCJpYXQiOjE3NzI3OTQ4NTQsIm5iZiI6MTc3Mjc5NDczNCwib3JnIjoxLCJvbmx5Q2hhbm5lbHMiOlsic2xlLW1vZHVsZS1zZXJ2ZXItYXBwbGljYXRpb25zMTUtc3A3LXVwZGF0ZXMteDg2XzY0Il19.rYsGjDEaIPZysHX-nX8iiUy0jUXd1PF5kYvhbgWlZm0 HTTP/1.1" 200 3664
172.16.3.5 - - [06/Mar/2026:12:02:30 +0100] "POST /rhn/manager/frontend-log HTTP/1.1" 200 16
172.16.3.7 - - [06/Mar/2026:12:02:30 +0100] "HEAD /rhn/manager/download/sle-module-server-applications15-sp7-pool-x86_64/getPackage/NULL/a95e37f048aeddf80632c7ecd223496256746715f959963faef35f21e6540f86/rdma-ndd-54.0-150700.1.9.x86_64.rpm?eyJhbGciOiJIUzI1NiJ9.eyJqdGkiOiJUaWd6cDZIeDlEeUE4VjY5MFU4WjNBIiwiZXhwIjoxODA0MzMwODU0LCJpYXQiOjE3NzI3OTQ4NTQsIm5iZiI6MTc3Mjc5NDczNCwib3JnIjoxLCJvbmx5Q2hhbm5lbHMiOlsic2xlLW1vZHVsZS1zZXJ2ZXItYXBwbGljYXRpb25zMTUtc3A3LXBvb2wteDg2XzY0Il19.JUX8Fguwx5muIc8D5njlDAXJ_xbT4BXbRPRGeqZkQ9o HTTP/1.1" 200 -
172.16.3.7 - - [06/Mar/2026:12:02:30 +0100] "GET /rhn/manager/download/sle-module-server-applications15-sp7-pool-x86_64/getPackage/NULL/a95e37f048aeddf80632c7ecd223496256746715f959963faef35f21e6540f86/rdma-ndd-54.0-150700.1.9.x86_64.rpm?eyJhbGciOiJIUzI1NiJ9.eyJqdGkiOiJUaWd6cDZIeDlEeUE4VjY5MFU4WjNBIiwiZXhwIjoxODA0MzMwODU0LCJpYXQiOjE3NzI3OTQ4NTQsIm5iZiI6MTc3Mjc5NDczNCwib3JnIjoxLCJvbmx5Q2hhbm5lbHMiOlsic2xlLW1vZHVsZS1zZXJ2ZXItYXBwbGljYXRpb25zMTUtc3A3LXBvb2wteDg2XzY0Il19.JUX8Fguwx5muIc8D5njlDAXJ_xbT4BXbRPRGeqZkQ9o HTTP/1.1" 200 3664
172.16.3.7 - - [06/Mar/2026:12:02:30 +0100] "HEAD /rhn/manager/download/sle-module-basesystem15-sp7-pool-x86_64/getPackage/NULL/29a4efb68059ae7bfa4359a4ba4cd132301e6ce4b41ba5e404b953e923177175/xml-commons-resolver-1.2-150200.3.4.3.noarch.rpm?eyJhbGciOiJIUzI1NiJ9.eyJqdGkiOiJ5NG9mRy12c0ROZ2dwVGpVbVB1WTRnIiwiZXhwIjoxODA0MzMwODU0LCJpYXQiOjE3NzI3OTQ4NTQsIm5iZiI6MTc3Mjc5NDczNCwib3JnIjoxLCJvbmx5Q2hhbm5lbHMiOlsic2xlLW1vZHVsZS1iYXNlc3lzdGVtMTUtc3A3LXBvb2wteDg2XzY0Il19.0ntCBdEJ0m0b2bcuC36jpHHD8SY0gfP_DuS0osLgZAM HTTP/1.1" 200 -
172.16.3.7 - - [06/Mar/2026:12:02:30 +0100] "GET /rhn/manager/download/sle-module-basesystem15-sp7-pool-x86_64/getPackage/NULL/29a4efb68059ae7bfa4359a4ba4cd132301e6ce4b41ba5e404b953e923177175/xml-commons-resolver-1.2-150200.3.4.3.noarch.rpm?eyJhbGciOiJIUzI1NiJ9.eyJqdGkiOiJ5NG9mRy12c0ROZ2dwVGpVbVB1WTRnIiwiZXhwIjoxODA0MzMwODU0LCJpYXQiOjE3NzI3OTQ4NTQsIm5iZiI6MTc3Mjc5NDczNCwib3JnIjoxLCJvbmx5Q2hhbm5lbHMiOlsic2xlLW1vZHVsZS1iYXNlc3lzdGVtMTUtc3A3LXBvb2wteDg2XzY0Il19.0ntCBdEJ0m0b2bcuC36jpHHD8SY0gfP_DuS0osLgZAM HTTP/1.1" 200 3663
172.16.3.7 - - [06/Mar/2026:12:02:30 +0100] "HEAD /rhn/manager/download/sle-module-basesystem15-sp7-pool-x86_64/getPackage/NULL/66e9fd54f6c3f34ed2c7bec94a0a890b86410dfd4a32f9597361cf88d06b27ca/xml-commons-apis-1.4.01-150200.3.4.3.noarch.rpm?eyJhbGciOiJIUzI1NiJ9.eyJqdGkiOiJ5NG9mRy12c0ROZ2dwVGpVbVB1WTRnIiwiZXhwIjoxODA0MzMwODU0LCJpYXQiOjE3NzI3OTQ4NTQsIm5iZiI6MTc3Mjc5NDczNCwib3JnIjoxLCJvbmx5Q2hhbm5lbHMiOlsic2xlLW1vZHVsZS1iYXNlc3lzdGVtMTUtc3A3LXBvb2wteDg2XzY0Il19.0ntCBdEJ0m0b2bcuC36jpHHD8SY0gfP_DuS0osLgZAM HTTP/1.1" 200 -
172.16.3.7 - - [06/Mar/2026:12:02:30 +0100] "GET /rhn/manager/download/sle-module-basesystem15-sp7-pool-x86_64/getPackage/NULL/66e9fd54f6c3f34ed2c7bec94a0a890b86410dfd4a32f9597361cf88d06b27ca/xml-commons-apis-1.4.01-150200.3.4.3.noarch.rpm?eyJhbGciOiJIUzI1NiJ9.eyJqdGkiOiJ5NG9mRy12c0ROZ2dwVGpVbVB1WTRnIiwiZXhwIjoxODA0MzMwODU0LCJpYXQiOjE3NzI3OTQ4NTQsIm5iZiI6MTc3Mjc5NDczNCwib3JnIjoxLCJvbmx5Q2hhbm5lbHMiOlsic2xlLW1vZHVsZS1iYXNlc3lzdGVtMTUtc3A3LXBvb2wteDg2XzY0Il19.0ntCBdEJ0m0b2bcuC36jpHHD8SY0gfP_DuS0osLgZAM HTTP/1.1" 200 3664
172.16.3.7 - - [06/Mar/2026:12:02:30 +0100] "HEAD /rhn/manager/download/sle-module-basesystem15-sp7-pool-x86_64/getPackage/NULL/5e2ff037017f9ba5d5a2df46ce618e97a4e3ff8d25d48b9d118d6c864e628ff1/bea-stax-api-1.2.0-150200.11.3.1.noarch.rpm?eyJhbGciOiJIUzI1NiJ9.eyJqdGkiOiJ5NG9mRy12c0ROZ2dwVGpVbVB1WTRnIiwiZXhwIjoxODA0MzMwODU0LCJpYXQiOjE3NzI3OTQ4NTQsIm5iZiI6MTc3Mjc5NDczNCwib3JnIjoxLCJvbmx5Q2hhbm5lbHMiOlsic2xlLW1vZHVsZS1iYXNlc3lzdGVtMTUtc3A3LXBvb2wteDg2XzY0Il19.0ntCBdEJ0m0b2bcuC36jpHHD8SY0gfP_DuS0osLgZAM HTTP/1.1" 200 -
172.16.3.7 - - [06/Mar/2026:12:02:30 +0100] "GET /rhn/manager/download/sle-module-basesystem15-sp7-pool-x86_64/getPackage/NULL/5e2ff037017f9ba5d5a2df46ce618e97a4e3ff8d25d48b9d118d6c864e628ff1/bea-stax-api-1.2.0-150200.11.3.1.noarch.rpm?eyJhbGciOiJIUzI1NiJ9.eyJqdGkiOiJ5NG9mRy12c0ROZ2dwVGpVbVB1WTRnIiwiZXhwIjoxODA0MzMwODU0LCJpYXQiOjE3NzI3OTQ4NTQsIm5iZiI6MTc3Mjc5NDczNCwib3JnIjoxLCJvbmx5Q2hhbm5lbHMiOlsic2xlLW1vZHVsZS1iYXNlc3lzdGVtMTUtc3A3LXBvb2wteDg2XzY0Il19.0ntCBdEJ0m0b2bcuC36jpHHD8SY0gfP_DuS0osLgZAM HTTP/1.1" 200 3664
172.16.3.7 - - [06/Mar/2026:12:02:30 +0100] "HEAD /rhn/manager/download/sle-module-basesystem15-sp7-pool-x86_64/getPackage/NULL/6a676760554d703b38a2632c4797f55a31781e8d2f750d2cf56523760b9e26c8/libibverbs-54.0-150700.1.9.x86_64.rpm?eyJhbGciOiJIUzI1NiJ9.eyJqdGkiOiJ5NG9mRy12c0ROZ2dwVGpVbVB1WTRnIiwiZXhwIjoxODA0MzMwODU0LCJpYXQiOjE3NzI3OTQ4NTQsIm5iZiI6MTc3Mjc5NDczNCwib3JnIjoxLCJvbmx5Q2hhbm5lbHMiOlsic2xlLW1vZHVsZS1iYXNlc3lzdGVtMTUtc3A3LXBvb2wteDg2XzY0Il19.0ntCBdEJ0m0b2bcuC36jpHHD8SY0gfP_DuS0osLgZAM HTTP/1.1" 200 -
172.16.3.7 - - [06/Mar/2026:12:02:30 +0100] "GET /rhn/manager/download/sle-module-basesystem15-sp7-pool-x86_64/getPackage/NULL/6a676760554d703b38a2632c4797f55a31781e8d2f750d2cf56523760b9e26c8/libibverbs-54.0-150700.1.9.x86_64.rpm?eyJhbGciOiJIUzI1NiJ9.eyJqdGkiOiJ5NG9mRy12c0ROZ2dwVGpVbVB1WTRnIiwiZXhwIjoxODA0MzMwODU0LCJpYXQiOjE3NzI3OTQ4NTQsIm5iZiI6MTc3Mjc5NDczNCwib3JnIjoxLCJvbmx5Q2hhbm5lbHMiOlsic2xlLW1vZHVsZS1iYXNlc3lzdGVtMTUtc3A3LXBvb2wteDg2XzY0Il19.0ntCBdEJ0m0b2bcuC36jpHHD8SY0gfP_DuS0osLgZAM HTTP/1.1" 200 3664
172.16.3.7 - - [06/Mar/2026:12:02:30 +0100] "HEAD /rhn/manager/download/sle-module-basesystem15-sp7-pool-x86_64/getPackage/NULL/913a3ed1fc1a36303bcdb78a79291b7d55437e061e7d01720e2250d1d1380ed1/libibverbs1-54.0-150700.1.9.x86_64.rpm?eyJhbGciOiJIUzI1NiJ9.eyJqdGkiOiJ5NG9mRy12c0ROZ2dwVGpVbVB1WTRnIiwiZXhwIjoxODA0MzMwODU0LCJpYXQiOjE3NzI3OTQ4NTQsIm5iZiI6MTc3Mjc5NDczNCwib3JnIjoxLCJvbmx5Q2hhbm5lbHMiOlsic2xlLW1vZHVsZS1iYXNlc3lzdGVtMTUtc3A3LXBvb2wteDg2XzY0Il19.0ntCBdEJ0m0b2bcuC36jpHHD8SY0gfP_DuS0osLgZAM HTTP/1.1" 200 -
172.16.3.5 - - [06/Mar/2026:12:02:30 +0100] "GET /rhn/systems/details/history/Event.do?sid=1000010003&aid=18 HTTP/1.1" 200 38184
172.16.3.7 - - [06/Mar/2026:12:02:30 +0100] "GET /rhn/manager/download/sle-module-basesystem15-sp7-pool-x86_64/getPackage/NULL/913a3ed1fc1a36303bcdb78a79291b7d55437e061e7d01720e2250d1d1380ed1/libibverbs1-54.0-150700.1.9.x86_64.rpm?eyJhbGciOiJIUzI1NiJ9.eyJqdGkiOiJ5NG9mRy12c0ROZ2dwVGpVbVB1WTRnIiwiZXhwIjoxODA0MzMwODU0LCJpYXQiOjE3NzI3OTQ4NTQsIm5iZiI6MTc3Mjc5NDczNCwib3JnIjoxLCJvbmx5Q2hhbm5lbHMiOlsic2xlLW1vZHVsZS1iYXNlc3lzdGVtMTUtc3A3LXBvb2wteDg2XzY0Il19.0ntCBdEJ0m0b2bcuC36jpHHD8SY0gfP_DuS0osLgZAM HTTP/1.1" 200 3664
172.16.3.7 - - [06/Mar/2026:12:02:30 +0100] "HEAD /rhn/manager/download/sle-module-basesystem15-sp7-pool-x86_64/getPackage/NULL/071ec12b41f6b88b1cc371e31f69b4fb146e6170616ee6adf33f1a817d1526f5/libefa1-54.0-150700.1.9.x86_64.rpm?eyJhbGciOiJIUzI1NiJ9.eyJqdGkiOiJ5NG9mRy12c0ROZ2dwVGpVbVB1WTRnIiwiZXhwIjoxODA0MzMwODU0LCJpYXQiOjE3NzI3OTQ4NTQsIm5iZiI6MTc3Mjc5NDczNCwib3JnIjoxLCJvbmx5Q2hhbm5lbHMiOlsic2xlLW1vZHVsZS1iYXNlc3lzdGVtMTUtc3A3LXBvb2wteDg2XzY0Il19.0ntCBdEJ0m0b2bcuC36jpHHD8SY0gfP_DuS0osLgZAM HTTP/1.1" 200 -
172.16.3.7 - - [06/Mar/2026:12:02:30 +0100] "GET /rhn/manager/download/sle-module-basesystem15-sp7-pool-x86_64/getPackage/NULL/071ec12b41f6b88b1cc371e31f69b4fb146e6170616ee6adf33f1a817d1526f5/libefa1-54.0-150700.1.9.x86_64.rpm?eyJhbGciOiJIUzI1NiJ9.eyJqdGkiOiJ5NG9mRy12c0ROZ2dwVGpVbVB1WTRnIiwiZXhwIjoxODA0MzMwODU0LCJpYXQiOjE3NzI3OTQ4NTQsIm5iZiI6MTc3Mjc5NDczNCwib3JnIjoxLCJvbmx5Q2hhbm5lbHMiOlsic2xlLW1vZHVsZS1iYXNlc3lzdGVtMTUtc3A3LXBvb2wteDg2XzY0Il19.0ntCBdEJ0m0b2bcuC36jpHHD8SY0gfP_DuS0osLgZAM HTTP/1.1" 200 3663
172.16.3.7 - - [06/Mar/2026:12:02:31 +0100] "HEAD /rhn/manager/download/sle-module-basesystem15-sp7-pool-x86_64/getPackage/NULL/9bbe9e61a0ee4046875eb9c0648612187b32937b342396ac07a259c661f3ca0e/xalan-j2-2.7.3-150200.11.7.1.noarch.rpm?eyJhbGciOiJIUzI1NiJ9.eyJqdGkiOiJ5NG9mRy12c0ROZ2dwVGpVbVB1WTRnIiwiZXhwIjoxODA0MzMwODU0LCJpYXQiOjE3NzI3OTQ4NTQsIm5iZiI6MTc3Mjc5NDczNCwib3JnIjoxLCJvbmx5Q2hhbm5lbHMiOlsic2xlLW1vZHVsZS1iYXNlc3lzdGVtMTUtc3A3LXBvb2wteDg2XzY0Il19.0ntCBdEJ0m0b2bcuC36jpHHD8SY0gfP_DuS0osLgZAM HTTP/1.1" 200 -
172.16.3.5 - - [06/Mar/2026:12:02:30 +0100] "POST /rhn/manager/frontend-log HTTP/1.1" 200 16
172.16.3.7 - - [06/Mar/2026:12:02:31 +0100] "GET /rhn/manager/download/sle-module-basesystem15-sp7-pool-x86_64/getPackage/NULL/9bbe9e61a0ee4046875eb9c0648612187b32937b342396ac07a259c661f3ca0e/xalan-j2-2.7.3-150200.11.7.1.noarch.rpm?eyJhbGciOiJIUzI1NiJ9.eyJqdGkiOiJ5NG9mRy12c0ROZ2dwVGpVbVB1WTRnIiwiZXhwIjoxODA0MzMwODU0LCJpYXQiOjE3NzI3OTQ4NTQsIm5iZiI6MTc3Mjc5NDczNCwib3JnIjoxLCJvbmx5Q2hhbm5lbHMiOlsic2xlLW1vZHVsZS1iYXNlc3lzdGVtMTUtc3A3LXBvb2wteDg2XzY0Il19.0ntCBdEJ0m0b2bcuC36jpHHD8SY0gfP_DuS0osLgZAM HTTP/1.1" 200 3663
172.16.3.5 - - [06/Mar/2026:12:02:30 +0100] "GET /rhn/systems/details/Overview.do?sid=1000010004& HTTP/1.1" 200 44755
172.16.3.7 - - [06/Mar/2026:12:02:31 +0100] "HEAD /rhn/manager/download/sle-module-basesystem15-sp7-pool-x86_64/getPackage/NULL/3403b83b0ede1da28d40182ec4bcae00564389adcc98a4b334e823a1cec00fdf/xerces-j2-2.12.2-150200.3.10.2.noarch.rpm?eyJhbGciOiJIUzI1NiJ9.eyJqdGkiOiJ5NG9mRy12c0ROZ2dwVGpVbVB1WTRnIiwiZXhwIjoxODA0MzMwODU0LCJpYXQiOjE3NzI3OTQ4NTQsIm5iZiI6MTc3Mjc5NDczNCwib3JnIjoxLCJvbmx5Q2hhbm5lbHMiOlsic2xlLW1vZHVsZS1iYXNlc3lzdGVtMTUtc3A3LXBvb2wteDg2XzY0Il19.0ntCBdEJ0m0b2bcuC36jpHHD8SY0gfP_DuS0osLgZAM HTTP/1.1" 200 -
127.0.0.1 - - [06/Mar/2026:12:02:31 +0100] "GET /rhn/websocket/notifications HTTP/1.1" 101 -
172.16.3.7 - - [06/Mar/2026:12:02:31 +0100] "GET /rhn/manager/download/sle-module-basesystem15-sp7-pool-x86_64/getPackage/NULL/3403b83b0ede1da28d40182ec4bcae00564389adcc98a4b334e823a1cec00fdf/xerces-j2-2.12.2-150200.3.10.2.noarch.rpm?eyJhbGciOiJIUzI1NiJ9.eyJqdGkiOiJ5NG9mRy12c0ROZ2dwVGpVbVB1WTRnIiwiZXhwIjoxODA0MzMwODU0LCJpYXQiOjE3NzI3OTQ4NTQsIm5iZiI6MTc3Mjc5NDczNCwib3JnIjoxLCJvbmx5Q2hhbm5lbHMiOlsic2xlLW1vZHVsZS1iYXNlc3lzdGVtMTUtc3A3LXBvb2wteDg2XzY0Il19.0ntCBdEJ0m0b2bcuC36jpHHD8SY0gfP_DuS0osLgZAM HTTP/1.1" 200 3664
172.16.3.5 - - [06/Mar/2026:12:02:30 +0100] "GET /rhn/systems/details/history/Event.do?sid=1000010005&aid=27 HTTP/1.1" 200 38152
172.16.3.7 - - [06/Mar/2026:12:02:31 +0100] "HEAD /rhn/manager/download/sle-module-basesystem15-sp7-pool-x86_64/getPackage/NULL/69c2adcf3e22a483d01dc809644db379b278c5c9d26390d6d77d2d7046cc59cf/bea-stax-1.2.0-150200.11.3.1.noarch.rpm?eyJhbGciOiJIUzI1NiJ9.eyJqdGkiOiJ5NG9mRy12c0ROZ2dwVGpVbVB1WTRnIiwiZXhwIjoxODA0MzMwODU0LCJpYXQiOjE3NzI3OTQ4NTQsIm5iZiI6MTc3Mjc5NDczNCwib3JnIjoxLCJvbmx5Q2hhbm5lbHMiOlsic2xlLW1vZHVsZS1iYXNlc3lzdGVtMTUtc3A3LXBvb2wteDg2XzY0Il19.0ntCBdEJ0m0b2bcuC36jpHHD8SY0gfP_DuS0osLgZAM HTTP/1.1" 200 -
172.16.3.7 - - [06/Mar/2026:12:02:31 +0100] "GET /rhn/manager/download/sle-module-basesystem15-sp7-pool-x86_64/getPackage/NULL/69c2adcf3e22a483d01dc809644db379b278c5c9d26390d6d77d2d7046cc59cf/bea-stax-1.2.0-150200.11.3.1.noarch.rpm?eyJhbGciOiJIUzI1NiJ9.eyJqdGkiOiJ5NG9mRy12c0ROZ2dwVGpVbVB1WTRnIiwiZXhwIjoxODA0MzMwODU0LCJpYXQiOjE3NzI3OTQ4NTQsIm5iZiI6MTc3Mjc5NDczNCwib3JnIjoxLCJvbmx5Q2hhbm5lbHMiOlsic2xlLW1vZHVsZS1iYXNlc3lzdGVtMTUtc3A3LXBvb2wteDg2XzY0Il19.0ntCBdEJ0m0b2bcuC36jpHHD8SY0gfP_DuS0osLgZAM HTTP/1.1" 200 3664
172.16.3.5 - - [06/Mar/2026:12:02:31 +0100] "POST /rhn/manager/frontend-log HTTP/1.1" 200 16
172.16.3.5 - - [06/Mar/2026:12:02:31 +0100] "POST /rhn/manager/frontend-log HTTP/1.1" 200 16
172.16.3.7 - - [06/Mar/2026:12:02:31 +0100] "HEAD /rhn/manager/download/sle-module-basesystem15-sp7-pool-x86_64/getPackage/NULL/d830e5b9b7c17cec5c9ee49cd3fdc5141cd3c6f9e3b744d47024d22c52d8f1dc/libhns1-54.0-150700.1.9.x86_64.rpm?eyJhbGciOiJIUzI1NiJ9.eyJqdGkiOiJ5NG9mRy12c0ROZ2dwVGpVbVB1WTRnIiwiZXhwIjoxODA0MzMwODU0LCJpYXQiOjE3NzI3OTQ4NTQsIm5iZiI6MTc3Mjc5NDczNCwib3JnIjoxLCJvbmx5Q2hhbm5lbHMiOlsic2xlLW1vZHVsZS1iYXNlc3lzdGVtMTUtc3A3LXBvb2wteDg2XzY0Il19.0ntCBdEJ0m0b2bcuC36jpHHD8SY0gfP_DuS0osLgZAM HTTP/1.1" 200 -
127.0.0.1 - - [06/Mar/2026:12:02:31 +0100] "GET /rhn/websocket/notifications HTTP/1.1" 101 -
172.16.3.7 - - [06/Mar/2026:12:02:31 +0100] "GET /rhn/manager/download/sle-module-basesystem15-sp7-pool-x86_64/getPackage/NULL/d830e5b9b7c17cec5c9ee49cd3fdc5141cd3c6f9e3b744d47024d22c52d8f1dc/libhns1-54.0-150700.1.9.x86_64.rpm?eyJhbGciOiJIUzI1NiJ9.eyJqdGkiOiJ5NG9mRy12c0ROZ2dwVGpVbVB1WTRnIiwiZXhwIjoxODA0MzMwODU0LCJpYXQiOjE3NzI3OTQ4NTQsIm5iZiI6MTc3Mjc5NDczNCwib3JnIjoxLCJvbmx5Q2hhbm5lbHMiOlsic2xlLW1vZHVsZS1iYXNlc3lzdGVtMTUtc3A3LXBvb2wteDg2XzY0Il19.0ntCBdEJ0m0b2bcuC36jpHHD8SY0gfP_DuS0osLgZAM HTTP/1.1" 200 3664
127.0.0.1 - - [06/Mar/2026:12:02:31 +0100] "GET /rhn/websocket/notifications HTTP/1.1" 101 -
127.0.0.1 - - [06/Mar/2026:12:02:31 +0100] "GET /rhn/websocket/notifications HTTP/1.1" 101 -
172.16.3.5 - - [06/Mar/2026:12:02:31 +0100] "POST /rhn/manager/frontend-log HTTP/1.1" 200 16
172.16.3.7 - - [06/Mar/2026:12:02:31 +0100] "HEAD /rhn/manager/download/sle-module-basesystem15-sp7-pool-x86_64/getPackage/NULL/aea6db92173e4435a577a9d45db2d92885793bace007a83b6cc9ebf7966ea089/saxon9-9.4.0.7-150200.12.4.3.noarch.rpm?eyJhbGciOiJIUzI1NiJ9.eyJqdGkiOiJ5NG9mRy12c0ROZ2dwVGpVbVB1WTRnIiwiZXhwIjoxODA0MzMwODU0LCJpYXQiOjE3NzI3OTQ4NTQsIm5iZiI6MTc3Mjc5NDczNCwib3JnIjoxLCJvbmx5Q2hhbm5lbHMiOlsic2xlLW1vZHVsZS1iYXNlc3lzdGVtMTUtc3A3LXBvb2wteDg2XzY0Il19.0ntCBdEJ0m0b2bcuC36jpHHD8SY0gfP_DuS0osLgZAM HTTP/1.1" 200 -
172.16.3.5 - - [06/Mar/2026:12:02:31 +0100] "GET /rhn/systems/details/history/Pending.do?sid=1000010002& HTTP/1.1" 200 40632
172.16.3.7 - - [06/Mar/2026:12:02:31 +0100] "GET /rhn/manager/download/sle-module-basesystem15-sp7-pool-x86_64/getPackage/NULL/aea6db92173e4435a577a9d45db2d92885793bace007a83b6cc9ebf7966ea089/saxon9-9.4.0.7-150200.12.4.3.noarch.rpm?eyJhbGciOiJIUzI1NiJ9.eyJqdGkiOiJ5NG9mRy12c0ROZ2dwVGpVbVB1WTRnIiwiZXhwIjoxODA0MzMwODU0LCJpYXQiOjE3NzI3OTQ4NTQsIm5iZiI6MTc3Mjc5NDczNCwib3JnIjoxLCJvbmx5Q2hhbm5lbHMiOlsic2xlLW1vZHVsZS1iYXNlc3lzdGVtMTUtc3A3LXBvb2wteDg2XzY0Il19.0ntCBdEJ0m0b2bcuC36jpHHD8SY0gfP_DuS0osLgZAM HTTP/1.1" 200 3664
172.16.3.7 - - [06/Mar/2026:12:02:31 +0100] "HEAD /rhn/manager/download/sle-module-basesystem15-sp7-pool-x86_64/getPackage/NULL/bef522b4f3ae9a1f1507a195013856a633ba45e73d8b4a91d5cbf928bc2e0d36/libmana1-54.0-150700.1.9.x86_64.rpm?eyJhbGciOiJIUzI1NiJ9.eyJqdGkiOiJ5NG9mRy12c0ROZ2dwVGpVbVB1WTRnIiwiZXhwIjoxODA0MzMwODU0LCJpYXQiOjE3NzI3OTQ4NTQsIm5iZiI6MTc3Mjc5NDczNCwib3JnIjoxLCJvbmx5Q2hhbm5lbHMiOlsic2xlLW1vZHVsZS1iYXNlc3lzdGVtMTUtc3A3LXBvb2wteDg2XzY0Il19.0ntCBdEJ0m0b2bcuC36jpHHD8SY0gfP_DuS0osLgZAM HTTP/1.1" 200 -
172.16.3.5 - - [06/Mar/2026:12:02:31 +0100] "POST /rhn/manager/frontend-log HTTP/1.1" 200 16
172.16.3.7 - - [06/Mar/2026:12:02:31 +0100] "GET /rhn/manager/download/sle-module-basesystem15-sp7-pool-x86_64/getPackage/NULL/bef522b4f3ae9a1f1507a195013856a633ba45e73d8b4a91d5cbf928bc2e0d36/libmana1-54.0-150700.1.9.x86_64.rpm?eyJhbGciOiJIUzI1NiJ9.eyJqdGkiOiJ5NG9mRy12c0ROZ2dwVGpVbVB1WTRnIiwiZXhwIjoxODA0MzMwODU0LCJpYXQiOjE3NzI3OTQ4NTQsIm5iZiI6MTc3Mjc5NDczNCwib3JnIjoxLCJvbmx5Q2hhbm5lbHMiOlsic2xlLW1vZHVsZS1iYXNlc3lzdGVtMTUtc3A3LXBvb2wteDg2XzY0Il19.0ntCBdEJ0m0b2bcuC36jpHHD8SY0gfP_DuS0osLgZAM HTTP/1.1" 200 3664
172.16.3.7 - - [06/Mar/2026:12:02:31 +0100] "HEAD /rhn/manager/download/sle-module-basesystem15-sp7-pool-x86_64/getPackage/NULL/9d2d72466ba693ca70199e967539ef2e16f5b5642cc0c63624cc0553fa1fc165/libmlx4-1-54.0-150700.1.9.x86_64.rpm?eyJhbGciOiJIUzI1NiJ9.eyJqdGkiOiJ5NG9mRy12c0ROZ2dwVGpVbVB1WTRnIiwiZXhwIjoxODA0MzMwODU0LCJpYXQiOjE3NzI3OTQ4NTQsIm5iZiI6MTc3Mjc5NDczNCwib3JnIjoxLCJvbmx5Q2hhbm5lbHMiOlsic2xlLW1vZHVsZS1iYXNlc3lzdGVtMTUtc3A3LXBvb2wteDg2XzY0Il19.0ntCBdEJ0m0b2bcuC36jpHHD8SY0gfP_DuS0osLgZAM HTTP/1.1" 200 -
