172.16.3.7 - - [06/Mar/2026:12:02:05 +0100] "GET /rhn/manager/download/sle-module-python3-15-sp7-updates-x86_64/repodata/2004e691cce74f1ab41c21ee69e3c4835a7d597b2c83c41e1db33250a968ba23-primary.xml.gz?eyJhbGciOiJIUzI1NiJ9.eyJqdGkiOiJabDNtdFVTLTVpZXVTV2MyV0xaa0V3IiwiZXhwIjoxODA0MzMwODU0LCJpYXQiOjE3NzI3OTQ4NTQsIm5iZiI6MTc3Mjc5NDczNCwib3JnIjoxLCJvbmx5Q2hhbm5lbHMiOlsic2xlLW1vZHVsZS1weXRob24zLTE1LXNwNy11cGRhdGVzLXg4Nl82NCJdfQ.ggY_AUzYKjtxc12HTCHfsdMDRyy_N7tIl5KhmHG9E1c HTTP/1.1" 200 3664
172.16.3.5 - - [06/Mar/2026:12:02:04 +0100] "POST /rhn/manager/frontend-log HTTP/1.1" 200 16
172.16.3.7 - - [06/Mar/2026:12:02:05 +0100] "HEAD /rhn/manager/download/sle-module-python3-15-sp7-updates-x86_64/repodata/a59cfd5be121901e481f146dcf002368872ec4c4f8119da255e1986f963f41af-susedata.xml.gz?eyJhbGciOiJIUzI1NiJ9.eyJqdGkiOiJabDNtdFVTLTVpZXVTV2MyV0xaa0V3IiwiZXhwIjoxODA0MzMwODU0LCJpYXQiOjE3NzI3OTQ4NTQsIm5iZiI6MTc3Mjc5NDczNCwib3JnIjoxLCJvbmx5Q2hhbm5lbHMiOlsic2xlLW1vZHVsZS1weXRob24zLTE1LXNwNy11cGRhdGVzLXg4Nl82NCJdfQ.ggY_AUzYKjtxc12HTCHfsdMDRyy_N7tIl5KhmHG9E1c HTTP/1.1" 200 -
172.16.3.7 - - [06/Mar/2026:12:02:05 +0100] "GET /rhn/manager/download/sle-module-python3-15-sp7-updates-x86_64/repodata/a59cfd5be121901e481f146dcf002368872ec4c4f8119da255e1986f963f41af-susedata.xml.gz?eyJhbGciOiJIUzI1NiJ9.eyJqdGkiOiJabDNtdFVTLTVpZXVTV2MyV0xaa0V3IiwiZXhwIjoxODA0MzMwODU0LCJpYXQiOjE3NzI3OTQ4NTQsIm5iZiI6MTc3Mjc5NDczNCwib3JnIjoxLCJvbmx5Q2hhbm5lbHMiOlsic2xlLW1vZHVsZS1weXRob24zLTE1LXNwNy11cGRhdGVzLXg4Nl82NCJdfQ.ggY_AUzYKjtxc12HTCHfsdMDRyy_N7tIl5KhmHG9E1c HTTP/1.1" 200 3664
172.16.3.5 - - [06/Mar/2026:12:02:05 +0100] "GET /rhn/manager/api/systems/list/all?p=1&ps=100&s=1&sc=server_name HTTP/1.1" 200 4785
172.16.3.7 - - [06/Mar/2026:12:02:05 +0100] "HEAD /rhn/manager/download/sle-module-python3-15-sp7-updates-x86_64/repodata/245068769b154651f055884da47064940e4485d7921e7e4b85bf587b34b00f2d-updateinfo.xml.gz?eyJhbGciOiJIUzI1NiJ9.eyJqdGkiOiJabDNtdFVTLTVpZXVTV2MyV0xaa0V3IiwiZXhwIjoxODA0MzMwODU0LCJpYXQiOjE3NzI3OTQ4NTQsIm5iZiI6MTc3Mjc5NDczNCwib3JnIjoxLCJvbmx5Q2hhbm5lbHMiOlsic2xlLW1vZHVsZS1weXRob24zLTE1LXNwNy11cGRhdGVzLXg4Nl82NCJdfQ.ggY_AUzYKjtxc12HTCHfsdMDRyy_N7tIl5KhmHG9E1c HTTP/1.1" 200 -
127.0.0.1 - - [06/Mar/2026:12:02:05 +0100] "GET /rhn/websocket/notifications HTTP/1.1" 101 -
172.16.3.7 - - [06/Mar/2026:12:02:05 +0100] "GET /rhn/manager/download/sle-module-python3-15-sp7-updates-x86_64/repodata/245068769b154651f055884da47064940e4485d7921e7e4b85bf587b34b00f2d-updateinfo.xml.gz?eyJhbGciOiJIUzI1NiJ9.eyJqdGkiOiJabDNtdFVTLTVpZXVTV2MyV0xaa0V3IiwiZXhwIjoxODA0MzMwODU0LCJpYXQiOjE3NzI3OTQ4NTQsIm5iZiI6MTc3Mjc5NDczNCwib3JnIjoxLCJvbmx5Q2hhbm5lbHMiOlsic2xlLW1vZHVsZS1weXRob24zLTE1LXNwNy11cGRhdGVzLXg4Nl82NCJdfQ.ggY_AUzYKjtxc12HTCHfsdMDRyy_N7tIl5KhmHG9E1c HTTP/1.1" 200 3664
172.16.3.7 - - [06/Mar/2026:12:02:05 +0100] "HEAD /rhn/manager/download/sle-module-server-applications15-sp7-updates-x86_64/repodata/repomd.xml?eyJhbGciOiJIUzI1NiJ9.eyJqdGkiOiJrQnZ5MURCdl9uWUxQNkIyc25SMlJBIiwiZXhwIjoxODA0MzMwODU0LCJpYXQiOjE3NzI3OTQ4NTQsIm5iZiI6MTc3Mjc5NDczNCwib3JnIjoxLCJvbmx5Q2hhbm5lbHMiOlsic2xlLW1vZHVsZS1zZXJ2ZXItYXBwbGljYXRpb25zMTUtc3A3LXVwZGF0ZXMteDg2XzY0Il19.rYsGjDEaIPZysHX-nX8iiUy0jUXd1PF5kYvhbgWlZm0 HTTP/1.1" 200 -
172.16.3.7 - - [06/Mar/2026:12:02:05 +0100] "HEAD /rhn/manager/download/sle-module-server-applications15-sp7-updates-x86_64/media.1/media?eyJhbGciOiJIUzI1NiJ9.eyJqdGkiOiJrQnZ5MURCdl9uWUxQNkIyc25SMlJBIiwiZXhwIjoxODA0MzMwODU0LCJpYXQiOjE3NzI3OTQ4NTQsIm5iZiI6MTc3Mjc5NDczNCwib3JnIjoxLCJvbmx5Q2hhbm5lbHMiOlsic2xlLW1vZHVsZS1zZXJ2ZXItYXBwbGljYXRpb25zMTUtc3A3LXVwZGF0ZXMteDg2XzY0Il19.rYsGjDEaIPZysHX-nX8iiUy0jUXd1PF5kYvhbgWlZm0 HTTP/1.1" 404 -
172.16.3.7 - - [06/Mar/2026:12:02:05 +0100] "HEAD /rhn/manager/download/sle-module-server-applications15-sp7-updates-x86_64/repodata/repomd.xml?eyJhbGciOiJIUzI1NiJ9.eyJqdGkiOiJrQnZ5MURCdl9uWUxQNkIyc25SMlJBIiwiZXhwIjoxODA0MzMwODU0LCJpYXQiOjE3NzI3OTQ4NTQsIm5iZiI6MTc3Mjc5NDczNCwib3JnIjoxLCJvbmx5Q2hhbm5lbHMiOlsic2xlLW1vZHVsZS1zZXJ2ZXItYXBwbGljYXRpb25zMTUtc3A3LXVwZGF0ZXMteDg2XzY0Il19.rYsGjDEaIPZysHX-nX8iiUy0jUXd1PF5kYvhbgWlZm0 HTTP/1.1" 200 -
172.16.3.7 - - [06/Mar/2026:12:02:05 +0100] "GET /rhn/manager/download/sle-module-server-applications15-sp7-updates-x86_64/repodata/repomd.xml?eyJhbGciOiJIUzI1NiJ9.eyJqdGkiOiJrQnZ5MURCdl9uWUxQNkIyc25SMlJBIiwiZXhwIjoxODA0MzMwODU0LCJpYXQiOjE3NzI3OTQ4NTQsIm5iZiI6MTc3Mjc5NDczNCwib3JnIjoxLCJvbmx5Q2hhbm5lbHMiOlsic2xlLW1vZHVsZS1zZXJ2ZXItYXBwbGljYXRpb25zMTUtc3A3LXVwZGF0ZXMteDg2XzY0Il19.rYsGjDEaIPZysHX-nX8iiUy0jUXd1PF5kYvhbgWlZm0 HTTP/1.1" 200 3664
172.16.3.7 - - [06/Mar/2026:12:02:06 +0100] "HEAD /rhn/manager/download/sle-module-server-applications15-sp7-updates-x86_64/repodata/repomd.xml.asc?eyJhbGciOiJIUzI1NiJ9.eyJqdGkiOiJrQnZ5MURCdl9uWUxQNkIyc25SMlJBIiwiZXhwIjoxODA0MzMwODU0LCJpYXQiOjE3NzI3OTQ4NTQsIm5iZiI6MTc3Mjc5NDczNCwib3JnIjoxLCJvbmx5Q2hhbm5lbHMiOlsic2xlLW1vZHVsZS1zZXJ2ZXItYXBwbGljYXRpb25zMTUtc3A3LXVwZGF0ZXMteDg2XzY0Il19.rYsGjDEaIPZysHX-nX8iiUy0jUXd1PF5kYvhbgWlZm0 HTTP/1.1" 404 -
172.16.3.5 - - [06/Mar/2026:12:02:05 +0100] "GET /rhn/systems/details/history/Event.do?sid=1000010001&aid=12 HTTP/1.1" 200 38132
172.16.3.7 - - [06/Mar/2026:12:02:06 +0100] "HEAD /rhn/manager/download/sle-module-server-applications15-sp7-updates-x86_64/repodata/c0474b0d1c9275a7435dab743470d10c28c71e24629e2383859ba290a8b5a063-primary.xml.gz?eyJhbGciOiJIUzI1NiJ9.eyJqdGkiOiJrQnZ5MURCdl9uWUxQNkIyc25SMlJBIiwiZXhwIjoxODA0MzMwODU0LCJpYXQiOjE3NzI3OTQ4NTQsIm5iZiI6MTc3Mjc5NDczNCwib3JnIjoxLCJvbmx5Q2hhbm5lbHMiOlsic2xlLW1vZHVsZS1zZXJ2ZXItYXBwbGljYXRpb25zMTUtc3A3LXVwZGF0ZXMteDg2XzY0Il19.rYsGjDEaIPZysHX-nX8iiUy0jUXd1PF5kYvhbgWlZm0 HTTP/1.1" 200 -
172.16.3.7 - - [06/Mar/2026:12:02:06 +0100] "GET /rhn/manager/download/sle-module-server-applications15-sp7-updates-x86_64/repodata/c0474b0d1c9275a7435dab743470d10c28c71e24629e2383859ba290a8b5a063-primary.xml.gz?eyJhbGciOiJIUzI1NiJ9.eyJqdGkiOiJrQnZ5MURCdl9uWUxQNkIyc25SMlJBIiwiZXhwIjoxODA0MzMwODU0LCJpYXQiOjE3NzI3OTQ4NTQsIm5iZiI6MTc3Mjc5NDczNCwib3JnIjoxLCJvbmx5Q2hhbm5lbHMiOlsic2xlLW1vZHVsZS1zZXJ2ZXItYXBwbGljYXRpb25zMTUtc3A3LXVwZGF0ZXMteDg2XzY0Il19.rYsGjDEaIPZysHX-nX8iiUy0jUXd1PF5kYvhbgWlZm0 HTTP/1.1" 200 3664
127.0.0.1 - - [06/Mar/2026:12:02:06 +0100] "GET /rhn/websocket/notifications HTTP/1.1" 101 -
172.16.3.7 - - [06/Mar/2026:12:02:06 +0100] "HEAD /rhn/manager/download/sle-module-server-applications15-sp7-updates-x86_64/repodata/de869091a25fffea2606e1aef6a3a327a064b6055acf6daaa63cfa7563246f89-susedata.xml.gz?eyJhbGciOiJIUzI1NiJ9.eyJqdGkiOiJrQnZ5MURCdl9uWUxQNkIyc25SMlJBIiwiZXhwIjoxODA0MzMwODU0LCJpYXQiOjE3NzI3OTQ4NTQsIm5iZiI6MTc3Mjc5NDczNCwib3JnIjoxLCJvbmx5Q2hhbm5lbHMiOlsic2xlLW1vZHVsZS1zZXJ2ZXItYXBwbGljYXRpb25zMTUtc3A3LXVwZGF0ZXMteDg2XzY0Il19.rYsGjDEaIPZysHX-nX8iiUy0jUXd1PF5kYvhbgWlZm0 HTTP/1.1" 200 -
172.16.3.5 - - [06/Mar/2026:12:02:05 +0100] "GET /rhn/systems/details/history/Pending.do?sid=1000010002& HTTP/1.1" 200 37862
172.16.3.7 - - [06/Mar/2026:12:02:06 +0100] "GET /rhn/manager/download/sle-module-server-applications15-sp7-updates-x86_64/repodata/de869091a25fffea2606e1aef6a3a327a064b6055acf6daaa63cfa7563246f89-susedata.xml.gz?eyJhbGciOiJIUzI1NiJ9.eyJqdGkiOiJrQnZ5MURCdl9uWUxQNkIyc25SMlJBIiwiZXhwIjoxODA0MzMwODU0LCJpYXQiOjE3NzI3OTQ4NTQsIm5iZiI6MTc3Mjc5NDczNCwib3JnIjoxLCJvbmx5Q2hhbm5lbHMiOlsic2xlLW1vZHVsZS1zZXJ2ZXItYXBwbGljYXRpb25zMTUtc3A3LXVwZGF0ZXMteDg2XzY0Il19.rYsGjDEaIPZysHX-nX8iiUy0jUXd1PF5kYvhbgWlZm0 HTTP/1.1" 200 3664
172.16.3.7 - - [06/Mar/2026:12:02:06 +0100] "HEAD /rhn/manager/download/sle-module-server-applications15-sp7-updates-x86_64/repodata/8abdcbbe5d8cf42e784ccc35ce0d5e4df083d905260d82aa20a00d6f882cbccd-updateinfo.xml.gz?eyJhbGciOiJIUzI1NiJ9.eyJqdGkiOiJrQnZ5MURCdl9uWUxQNkIyc25SMlJBIiwiZXhwIjoxODA0MzMwODU0LCJpYXQiOjE3NzI3OTQ4NTQsIm5iZiI6MTc3Mjc5NDczNCwib3JnIjoxLCJvbmx5Q2hhbm5lbHMiOlsic2xlLW1vZHVsZS1zZXJ2ZXItYXBwbGljYXRpb25zMTUtc3A3LXVwZGF0ZXMteDg2XzY0Il19.rYsGjDEaIPZysHX-nX8iiUy0jUXd1PF5kYvhbgWlZm0 HTTP/1.1" 200 -
172.16.3.5 - - [06/Mar/2026:12:02:06 +0100] "POST /rhn/manager/frontend-log HTTP/1.1" 200 16
172.16.3.7 - - [06/Mar/2026:12:02:06 +0100] "GET /rhn/manager/download/sle-module-server-applications15-sp7-updates-x86_64/repodata/8abdcbbe5d8cf42e784ccc35ce0d5e4df083d905260d82aa20a00d6f882cbccd-updateinfo.xml.gz?eyJhbGciOiJIUzI1NiJ9.eyJqdGkiOiJrQnZ5MURCdl9uWUxQNkIyc25SMlJBIiwiZXhwIjoxODA0MzMwODU0LCJpYXQiOjE3NzI3OTQ4NTQsIm5iZiI6MTc3Mjc5NDczNCwib3JnIjoxLCJvbmx5Q2hhbm5lbHMiOlsic2xlLW1vZHVsZS1zZXJ2ZXItYXBwbGljYXRpb25zMTUtc3A3LXVwZGF0ZXMteDg2XzY0Il19.rYsGjDEaIPZysHX-nX8iiUy0jUXd1PF5kYvhbgWlZm0 HTTP/1.1" 200 3664
172.16.3.5 - - [06/Mar/2026:12:02:05 +0100] "GET /rhn/systems/details/history/Pending.do?sid=1000010004& HTTP/1.1" 200 37860
127.0.0.1 - - [06/Mar/2026:12:02:06 +0100] "GET /rhn/websocket/notifications HTTP/1.1" 101 -
172.16.3.7 - - [06/Mar/2026:12:02:06 +0100] "HEAD /rhn/manager/download/sle-module-systems-management-15-sp7-updates-x86_64/repodata/repomd.xml?eyJhbGciOiJIUzI1NiJ9.eyJqdGkiOiJ3cldVMVZfYUpQbjdvM0tlN3h4T0F3IiwiZXhwIjoxODA0MzMwODU0LCJpYXQiOjE3NzI3OTQ4NTQsIm5iZiI6MTc3Mjc5NDczNCwib3JnIjoxLCJvbmx5Q2hhbm5lbHMiOlsic2xlLW1vZHVsZS1zeXN0ZW1zLW1hbmFnZW1lbnQtMTUtc3A3LXVwZGF0ZXMteDg2XzY0Il19.NzZhT4gUXeFQtDb074gW5J2f1UItEw1CH7SZri4IwkA HTTP/1.1" 200 -
172.16.3.5 - - [06/Mar/2026:12:02:06 +0100] "POST /rhn/manager/frontend-log HTTP/1.1" 200 16
172.16.3.7 - - [06/Mar/2026:12:02:06 +0100] "HEAD /rhn/manager/download/sle-module-systems-management-15-sp7-updates-x86_64/media.1/media?eyJhbGciOiJIUzI1NiJ9.eyJqdGkiOiJ3cldVMVZfYUpQbjdvM0tlN3h4T0F3IiwiZXhwIjoxODA0MzMwODU0LCJpYXQiOjE3NzI3OTQ4NTQsIm5iZiI6MTc3Mjc5NDczNCwib3JnIjoxLCJvbmx5Q2hhbm5lbHMiOlsic2xlLW1vZHVsZS1zeXN0ZW1zLW1hbmFnZW1lbnQtMTUtc3A3LXVwZGF0ZXMteDg2XzY0Il19.NzZhT4gUXeFQtDb074gW5J2f1UItEw1CH7SZri4IwkA HTTP/1.1" 404 -
172.16.3.5 - - [06/Mar/2026:12:02:05 +0100] "POST /rhn/manager/api/sets/system_list HTTP/1.1" 200 1
172.16.3.7 - - [06/Mar/2026:12:02:06 +0100] "HEAD /rhn/manager/download/sle-module-systems-management-15-sp7-updates-x86_64/repodata/repomd.xml?eyJhbGciOiJIUzI1NiJ9.eyJqdGkiOiJ3cldVMVZfYUpQbjdvM0tlN3h4T0F3IiwiZXhwIjoxODA0MzMwODU0LCJpYXQiOjE3NzI3OTQ4NTQsIm5iZiI6MTc3Mjc5NDczNCwib3JnIjoxLCJvbmx5Q2hhbm5lbHMiOlsic2xlLW1vZHVsZS1zeXN0ZW1zLW1hbmFnZW1lbnQtMTUtc3A3LXVwZGF0ZXMteDg2XzY0Il19.NzZhT4gUXeFQtDb074gW5J2f1UItEw1CH7SZri4IwkA HTTP/1.1" 200 -
172.16.3.5 - - [06/Mar/2026:12:02:06 +0100] "POST /rhn/manager/frontend-log HTTP/1.1" 200 16
172.16.3.7 - - [06/Mar/2026:12:02:07 +0100] "GET /rhn/manager/download/sle-module-systems-management-15-sp7-updates-x86_64/repodata/repomd.xml?eyJhbGciOiJIUzI1NiJ9.eyJqdGkiOiJ3cldVMVZfYUpQbjdvM0tlN3h4T0F3IiwiZXhwIjoxODA0MzMwODU0LCJpYXQiOjE3NzI3OTQ4NTQsIm5iZiI6MTc3Mjc5NDczNCwib3JnIjoxLCJvbmx5Q2hhbm5lbHMiOlsic2xlLW1vZHVsZS1zeXN0ZW1zLW1hbmFnZW1lbnQtMTUtc3A3LXVwZGF0ZXMteDg2XzY0Il19.NzZhT4gUXeFQtDb074gW5J2f1UItEw1CH7SZri4IwkA HTTP/1.1" 200 3664
127.0.0.1 - - [06/Mar/2026:12:02:06 +0100] "GET /rhn/websocket/notifications HTTP/1.1" 101 -
172.16.3.5 - - [06/Mar/2026:12:02:06 +0100] "POST /rhn/manager/frontend-log HTTP/1.1" 200 16
172.16.3.7 - - [06/Mar/2026:12:02:07 +0100] "HEAD /rhn/manager/download/sle-module-systems-management-15-sp7-updates-x86_64/repodata/repomd.xml.asc?eyJhbGciOiJIUzI1NiJ9.eyJqdGkiOiJ3cldVMVZfYUpQbjdvM0tlN3h4T0F3IiwiZXhwIjoxODA0MzMwODU0LCJpYXQiOjE3NzI3OTQ4NTQsIm5iZiI6MTc3Mjc5NDczNCwib3JnIjoxLCJvbmx5Q2hhbm5lbHMiOlsic2xlLW1vZHVsZS1zeXN0ZW1zLW1hbmFnZW1lbnQtMTUtc3A3LXVwZGF0ZXMteDg2XzY0Il19.NzZhT4gUXeFQtDb074gW5J2f1UItEw1CH7SZri4IwkA HTTP/1.1" 404 -
172.16.3.7 - - [06/Mar/2026:12:02:07 +0100] "HEAD /rhn/manager/download/sle-module-systems-management-15-sp7-updates-x86_64/repodata/474c5928635273228bca84701d71d5868dc19bfeb7b557a2b7c1f6f79952def1-primary.xml.gz?eyJhbGciOiJIUzI1NiJ9.eyJqdGkiOiJ3cldVMVZfYUpQbjdvM0tlN3h4T0F3IiwiZXhwIjoxODA0MzMwODU0LCJpYXQiOjE3NzI3OTQ4NTQsIm5iZiI6MTc3Mjc5NDczNCwib3JnIjoxLCJvbmx5Q2hhbm5lbHMiOlsic2xlLW1vZHVsZS1zeXN0ZW1zLW1hbmFnZW1lbnQtMTUtc3A3LXVwZGF0ZXMteDg2XzY0Il19.NzZhT4gUXeFQtDb074gW5J2f1UItEw1CH7SZri4IwkA HTTP/1.1" 200 -
172.16.3.7 - - [06/Mar/2026:12:02:07 +0100] "GET /rhn/manager/download/sle-module-systems-management-15-sp7-updates-x86_64/repodata/474c5928635273228bca84701d71d5868dc19bfeb7b557a2b7c1f6f79952def1-primary.xml.gz?eyJhbGciOiJIUzI1NiJ9.eyJqdGkiOiJ3cldVMVZfYUpQbjdvM0tlN3h4T0F3IiwiZXhwIjoxODA0MzMwODU0LCJpYXQiOjE3NzI3OTQ4NTQsIm5iZiI6MTc3Mjc5NDczNCwib3JnIjoxLCJvbmx5Q2hhbm5lbHMiOlsic2xlLW1vZHVsZS1zeXN0ZW1zLW1hbmFnZW1lbnQtMTUtc3A3LXVwZGF0ZXMteDg2XzY0Il19.NzZhT4gUXeFQtDb074gW5J2f1UItEw1CH7SZri4IwkA HTTP/1.1" 200 3664
172.16.3.7 - - [06/Mar/2026:12:02:07 +0100] "HEAD /rhn/manager/download/sle-module-systems-management-15-sp7-updates-x86_64/repodata/98a58ffdc33a8d9c724bfca0765e6dad1ccf06b67edf0656540b1af3a46fd029-susedata.xml.gz?eyJhbGciOiJIUzI1NiJ9.eyJqdGkiOiJ3cldVMVZfYUpQbjdvM0tlN3h4T0F3IiwiZXhwIjoxODA0MzMwODU0LCJpYXQiOjE3NzI3OTQ4NTQsIm5iZiI6MTc3Mjc5NDczNCwib3JnIjoxLCJvbmx5Q2hhbm5lbHMiOlsic2xlLW1vZHVsZS1zeXN0ZW1zLW1hbmFnZW1lbnQtMTUtc3A3LXVwZGF0ZXMteDg2XzY0Il19.NzZhT4gUXeFQtDb074gW5J2f1UItEw1CH7SZri4IwkA HTTP/1.1" 200 -
172.16.3.7 - - [06/Mar/2026:12:02:07 +0100] "GET /rhn/manager/download/sle-module-systems-management-15-sp7-updates-x86_64/repodata/98a58ffdc33a8d9c724bfca0765e6dad1ccf06b67edf0656540b1af3a46fd029-susedata.xml.gz?eyJhbGciOiJIUzI1NiJ9.eyJqdGkiOiJ3cldVMVZfYUpQbjdvM0tlN3h4T0F3IiwiZXhwIjoxODA0MzMwODU0LCJpYXQiOjE3NzI3OTQ4NTQsIm5iZiI6MTc3Mjc5NDczNCwib3JnIjoxLCJvbmx5Q2hhbm5lbHMiOlsic2xlLW1vZHVsZS1zeXN0ZW1zLW1hbmFnZW1lbnQtMTUtc3A3LXVwZGF0ZXMteDg2XzY0Il19.NzZhT4gUXeFQtDb074gW5J2f1UItEw1CH7SZri4IwkA HTTP/1.1" 200 3664
127.0.0.1 - - [06/Mar/2026:12:02:07 +0100] "GET /rhn/websocket/notifications HTTP/1.1" 101 -
172.16.3.7 - - [06/Mar/2026:12:02:07 +0100] "HEAD /rhn/manager/download/sle-module-systems-management-15-sp7-updates-x86_64/repodata/c811b54d0252c1c10d179cbcbd1d15ff469a89f5cbd2a54b0532d8e17cf0f7e9-updateinfo.xml.gz?eyJhbGciOiJIUzI1NiJ9.eyJqdGkiOiJ3cldVMVZfYUpQbjdvM0tlN3h4T0F3IiwiZXhwIjoxODA0MzMwODU0LCJpYXQiOjE3NzI3OTQ4NTQsIm5iZiI6MTc3Mjc5NDczNCwib3JnIjoxLCJvbmx5Q2hhbm5lbHMiOlsic2xlLW1vZHVsZS1zeXN0ZW1zLW1hbmFnZW1lbnQtMTUtc3A3LXVwZGF0ZXMteDg2XzY0Il19.NzZhT4gUXeFQtDb074gW5J2f1UItEw1CH7SZri4IwkA HTTP/1.1" 200 -
172.16.3.7 - - [06/Mar/2026:12:02:07 +0100] "GET /rhn/manager/download/sle-module-systems-management-15-sp7-updates-x86_64/repodata/c811b54d0252c1c10d179cbcbd1d15ff469a89f5cbd2a54b0532d8e17cf0f7e9-updateinfo.xml.gz?eyJhbGciOiJIUzI1NiJ9.eyJqdGkiOiJ3cldVMVZfYUpQbjdvM0tlN3h4T0F3IiwiZXhwIjoxODA0MzMwODU0LCJpYXQiOjE3NzI3OTQ4NTQsIm5iZiI6MTc3Mjc5NDczNCwib3JnIjoxLCJvbmx5Q2hhbm5lbHMiOlsic2xlLW1vZHVsZS1zeXN0ZW1zLW1hbmFnZW1lbnQtMTUtc3A3LXVwZGF0ZXMteDg2XzY0Il19.NzZhT4gUXeFQtDb074gW5J2f1UItEw1CH7SZri4IwkA HTTP/1.1" 200 3663
172.16.3.7 - - [06/Mar/2026:12:02:07 +0100] "HEAD /rhn/manager/download/sle-product-sles15-sp7-updates-x86_64/repodata/repomd.xml?eyJhbGciOiJIUzI1NiJ9.eyJqdGkiOiI1cTQxVWU1OEVNZVhhQW9RbEd5cTBRIiwiZXhwIjoxODA0MzMwODU0LCJpYXQiOjE3NzI3OTQ4NTQsIm5iZiI6MTc3Mjc5NDczNCwib3JnIjoxLCJvbmx5Q2hhbm5lbHMiOlsic2xlLXByb2R1Y3Qtc2xlczE1LXNwNy11cGRhdGVzLXg4Nl82NCJdfQ.YAPhmzbpFvH9vrvjGHr6cgEeShg3R4FQOeIEZjtvkco HTTP/1.1" 200 -
172.16.3.5 - - [06/Mar/2026:12:02:06 +0100] "GET /rhn/systems/details/history/History.do?sid=1000010002& HTTP/1.1" 200 44046
172.16.3.5 - - [06/Mar/2026:12:02:06 +0100] "GET /rhn/systems/details/history/Pending.do?sid=1000010003& HTTP/1.1" 200 37843
172.16.3.7 - - [06/Mar/2026:12:02:07 +0100] "HEAD /rhn/manager/download/sle-product-sles15-sp7-updates-x86_64/media.1/media?eyJhbGciOiJIUzI1NiJ9.eyJqdGkiOiI1cTQxVWU1OEVNZVhhQW9RbEd5cTBRIiwiZXhwIjoxODA0MzMwODU0LCJpYXQiOjE3NzI3OTQ4NTQsIm5iZiI6MTc3Mjc5NDczNCwib3JnIjoxLCJvbmx5Q2hhbm5lbHMiOlsic2xlLXByb2R1Y3Qtc2xlczE1LXNwNy11cGRhdGVzLXg4Nl82NCJdfQ.YAPhmzbpFvH9vrvjGHr6cgEeShg3R4FQOeIEZjtvkco HTTP/1.1" 404 -
172.16.3.5 - - [06/Mar/2026:12:02:07 +0100] "POST /rhn/manager/api/auth/login HTTP/1.1" 200 16
172.16.3.7 - - [06/Mar/2026:12:02:07 +0100] "HEAD /rhn/manager/download/sle-product-sles15-sp7-updates-x86_64/repodata/repomd.xml?eyJhbGciOiJIUzI1NiJ9.eyJqdGkiOiI1cTQxVWU1OEVNZVhhQW9RbEd5cTBRIiwiZXhwIjoxODA0MzMwODU0LCJpYXQiOjE3NzI3OTQ4NTQsIm5iZiI6MTc3Mjc5NDczNCwib3JnIjoxLCJvbmx5Q2hhbm5lbHMiOlsic2xlLXByb2R1Y3Qtc2xlczE1LXNwNy11cGRhdGVzLXg4Nl82NCJdfQ.YAPhmzbpFvH9vrvjGHr6cgEeShg3R4FQOeIEZjtvkco HTTP/1.1" 200 -
172.16.3.7 - - [06/Mar/2026:12:02:07 +0100] "GET /rhn/manager/download/sle-product-sles15-sp7-updates-x86_64/repodata/repomd.xml?eyJhbGciOiJIUzI1NiJ9.eyJqdGkiOiI1cTQxVWU1OEVNZVhhQW9RbEd5cTBRIiwiZXhwIjoxODA0MzMwODU0LCJpYXQiOjE3NzI3OTQ4NTQsIm5iZiI6MTc3Mjc5NDczNCwib3JnIjoxLCJvbmx5Q2hhbm5lbHMiOlsic2xlLXByb2R1Y3Qtc2xlczE1LXNwNy11cGRhdGVzLXg4Nl82NCJdfQ.YAPhmzbpFvH9vrvjGHr6cgEeShg3R4FQOeIEZjtvkco HTTP/1.1" 200 3664
172.16.3.7 - - [06/Mar/2026:12:02:07 +0100] "HEAD /rhn/manager/download/sle-product-sles15-sp7-updates-x86_64/repodata/repomd.xml.asc?eyJhbGciOiJIUzI1NiJ9.eyJqdGkiOiI1cTQxVWU1OEVNZVhhQW9RbEd5cTBRIiwiZXhwIjoxODA0MzMwODU0LCJpYXQiOjE3NzI3OTQ4NTQsIm5iZiI6MTc3Mjc5NDczNCwib3JnIjoxLCJvbmx5Q2hhbm5lbHMiOlsic2xlLXByb2R1Y3Qtc2xlczE1LXNwNy11cGRhdGVzLXg4Nl82NCJdfQ.YAPhmzbpFvH9vrvjGHr6cgEeShg3R4FQOeIEZjtvkco HTTP/1.1" 404 -
172.16.3.7 - - [06/Mar/2026:12:02:07 +0100] "HEAD /rhn/manager/download/sle-product-sles15-sp7-updates-x86_64/repodata/b83109a2ce58be72fff82032c8d0009a2480b9107f553bfb85c5670d6eaa7aef-primary.xml.gz?eyJhbGciOiJIUzI1NiJ9.eyJqdGkiOiI1cTQxVWU1OEVNZVhhQW9RbEd5cTBRIiwiZXhwIjoxODA0MzMwODU0LCJpYXQiOjE3NzI3OTQ4NTQsIm5iZiI6MTc3Mjc5NDczNCwib3JnIjoxLCJvbmx5Q2hhbm5lbHMiOlsic2xlLXByb2R1Y3Qtc2xlczE1LXNwNy11cGRhdGVzLXg4Nl82NCJdfQ.YAPhmzbpFvH9vrvjGHr6cgEeShg3R4FQOeIEZjtvkco HTTP/1.1" 200 -
172.16.3.5 - - [06/Mar/2026:12:02:07 +0100] "POST /rhn/manager/frontend-log HTTP/1.1" 200 16
172.16.3.7 - - [06/Mar/2026:12:02:07 +0100] "GET /rhn/manager/download/sle-product-sles15-sp7-updates-x86_64/repodata/b83109a2ce58be72fff82032c8d0009a2480b9107f553bfb85c5670d6eaa7aef-primary.xml.gz?eyJhbGciOiJIUzI1NiJ9.eyJqdGkiOiI1cTQxVWU1OEVNZVhhQW9RbEd5cTBRIiwiZXhwIjoxODA0MzMwODU0LCJpYXQiOjE3NzI3OTQ4NTQsIm5iZiI6MTc3Mjc5NDczNCwib3JnIjoxLCJvbmx5Q2hhbm5lbHMiOlsic2xlLXByb2R1Y3Qtc2xlczE1LXNwNy11cGRhdGVzLXg4Nl82NCJdfQ.YAPhmzbpFvH9vrvjGHr6cgEeShg3R4FQOeIEZjtvkco HTTP/1.1" 200 3664
172.16.3.7 - - [06/Mar/2026:12:02:07 +0100] "HEAD /rhn/manager/download/sle-product-sles15-sp7-updates-x86_64/repodata/e19d9f529dfe864d1f94ec942cfd14b9029745b58cf991409428bc3c9a278f9b-susedata.xml.gz?eyJhbGciOiJIUzI1NiJ9.eyJqdGkiOiI1cTQxVWU1OEVNZVhhQW9RbEd5cTBRIiwiZXhwIjoxODA0MzMwODU0LCJpYXQiOjE3NzI3OTQ4NTQsIm5iZiI6MTc3Mjc5NDczNCwib3JnIjoxLCJvbmx5Q2hhbm5lbHMiOlsic2xlLXByb2R1Y3Qtc2xlczE1LXNwNy11cGRhdGVzLXg4Nl82NCJdfQ.YAPhmzbpFvH9vrvjGHr6cgEeShg3R4FQOeIEZjtvkco HTTP/1.1" 200 -
172.16.3.7 - - [06/Mar/2026:12:02:07 +0100] "GET /rhn/manager/download/sle-product-sles15-sp7-updates-x86_64/repodata/e19d9f529dfe864d1f94ec942cfd14b9029745b58cf991409428bc3c9a278f9b-susedata.xml.gz?eyJhbGciOiJIUzI1NiJ9.eyJqdGkiOiI1cTQxVWU1OEVNZVhhQW9RbEd5cTBRIiwiZXhwIjoxODA0MzMwODU0LCJpYXQiOjE3NzI3OTQ4NTQsIm5iZiI6MTc3Mjc5NDczNCwib3JnIjoxLCJvbmx5Q2hhbm5lbHMiOlsic2xlLXByb2R1Y3Qtc2xlczE1LXNwNy11cGRhdGVzLXg4Nl82NCJdfQ.YAPhmzbpFvH9vrvjGHr6cgEeShg3R4FQOeIEZjtvkco HTTP/1.1" 200 3664
172.16.3.7 - - [06/Mar/2026:12:02:07 +0100] "HEAD /rhn/manager/download/sle-product-sles15-sp7-updates-x86_64/repodata/336c84c852c84f68dca8f2308fadc6dd7f630982d8fc38bb3d80af3cfac51b43-updateinfo.xml.gz?eyJhbGciOiJIUzI1NiJ9.eyJqdGkiOiI1cTQxVWU1OEVNZVhhQW9RbEd5cTBRIiwiZXhwIjoxODA0MzMwODU0LCJpYXQiOjE3NzI3OTQ4NTQsIm5iZiI6MTc3Mjc5NDczNCwib3JnIjoxLCJvbmx5Q2hhbm5lbHMiOlsic2xlLXByb2R1Y3Qtc2xlczE1LXNwNy11cGRhdGVzLXg4Nl82NCJdfQ.YAPhmzbpFvH9vrvjGHr6cgEeShg3R4FQOeIEZjtvkco HTTP/1.1" 200 -
172.16.3.5 - - [06/Mar/2026:12:02:07 +0100] "POST /rhn/manager/api/system/searchByName HTTP/1.1" 200 155
172.16.3.5 - - [06/Mar/2026:12:02:07 +0100] "POST /rhn/manager/frontend-log HTTP/1.1" 200 16
127.0.0.1 - - [06/Mar/2026:12:02:07 +0100] "GET /rhn/websocket/notifications HTTP/1.1" 101 -
172.16.3.7 - - [06/Mar/2026:12:02:07 +0100] "GET /rhn/manager/download/sle-product-sles15-sp7-updates-x86_64/repodata/336c84c852c84f68dca8f2308fadc6dd7f630982d8fc38bb3d80af3cfac51b43-updateinfo.xml.gz?eyJhbGciOiJIUzI1NiJ9.eyJqdGkiOiI1cTQxVWU1OEVNZVhhQW9RbEd5cTBRIiwiZXhwIjoxODA0MzMwODU0LCJpYXQiOjE3NzI3OTQ4NTQsIm5iZiI6MTc3Mjc5NDczNCwib3JnIjoxLCJvbmx5Q2hhbm5lbHMiOlsic2xlLXByb2R1Y3Qtc2xlczE1LXNwNy11cGRhdGVzLXg4Nl82NCJdfQ.YAPhmzbpFvH9vrvjGHr6cgEeShg3R4FQOeIEZjtvkco HTTP/1.1" 200 3664
127.0.0.1 - - [06/Mar/2026:12:02:07 +0100] "GET /rhn/websocket/notifications HTTP/1.1" 101 -
172.16.3.5 - - [06/Mar/2026:12:02:07 +0100] "POST /rhn/manager/frontend-log HTTP/1.1" 200 16
172.16.3.7 - - [06/Mar/2026:12:02:08 +0100] "HEAD /rhn/manager/download/devel-build-host-channel/repodata/repomd.xml?eyJhbGciOiJIUzI1NiJ9.eyJqdGkiOiJaakFPOFM3ZE9tektDLUZwa3JqZmZRIiwiZXhwIjoxODA0MzMwODU0LCJpYXQiOjE3NzI3OTQ4NTQsIm5iZiI6MTc3Mjc5NDczNCwib3JnIjoxLCJvbmx5Q2hhbm5lbHMiOlsiZGV2ZWwtYnVpbGQtaG9zdC1jaGFubmVsIl19.yHvpFe-9TUSt1Mc0Kxi_y8B88dC0omFceU2Lm1I130Q HTTP/1.1" 200 -
172.16.3.7 - - [06/Mar/2026:12:02:08 +0100] "HEAD /rhn/manager/download/devel-build-host-channel/media.1/media?eyJhbGciOiJIUzI1NiJ9.eyJqdGkiOiJaakFPOFM3ZE9tektDLUZwa3JqZmZRIiwiZXhwIjoxODA0MzMwODU0LCJpYXQiOjE3NzI3OTQ4NTQsIm5iZiI6MTc3Mjc5NDczNCwib3JnIjoxLCJvbmx5Q2hhbm5lbHMiOlsiZGV2ZWwtYnVpbGQtaG9zdC1jaGFubmVsIl19.yHvpFe-9TUSt1Mc0Kxi_y8B88dC0omFceU2Lm1I130Q HTTP/1.1" 404 -
172.16.3.7 - - [06/Mar/2026:12:02:08 +0100] "HEAD /rhn/manager/download/devel-build-host-channel/repodata/repomd.xml?eyJhbGciOiJIUzI1NiJ9.eyJqdGkiOiJaakFPOFM3ZE9tektDLUZwa3JqZmZRIiwiZXhwIjoxODA0MzMwODU0LCJpYXQiOjE3NzI3OTQ4NTQsIm5iZiI6MTc3Mjc5NDczNCwib3JnIjoxLCJvbmx5Q2hhbm5lbHMiOlsiZGV2ZWwtYnVpbGQtaG9zdC1jaGFubmVsIl19.yHvpFe-9TUSt1Mc0Kxi_y8B88dC0omFceU2Lm1I130Q HTTP/1.1" 200 -
127.0.0.1 - - [06/Mar/2026:12:02:07 +0100] "GET /rhn/websocket/notifications HTTP/1.1" 101 -
172.16.3.7 - - [06/Mar/2026:12:02:08 +0100] "GET /rhn/manager/download/devel-build-host-channel/repodata/repomd.xml?eyJhbGciOiJIUzI1NiJ9.eyJqdGkiOiJaakFPOFM3ZE9tektDLUZwa3JqZmZRIiwiZXhwIjoxODA0MzMwODU0LCJpYXQiOjE3NzI3OTQ4NTQsIm5iZiI6MTc3Mjc5NDczNCwib3JnIjoxLCJvbmx5Q2hhbm5lbHMiOlsiZGV2ZWwtYnVpbGQtaG9zdC1jaGFubmVsIl19.yHvpFe-9TUSt1Mc0Kxi_y8B88dC0omFceU2Lm1I130Q HTTP/1.1" 200 3664
172.16.3.7 - - [06/Mar/2026:12:02:08 +0100] "HEAD /rhn/manager/download/devel-build-host-channel/repodata/repomd.xml.asc?eyJhbGciOiJIUzI1NiJ9.eyJqdGkiOiJaakFPOFM3ZE9tektDLUZwa3JqZmZRIiwiZXhwIjoxODA0MzMwODU0LCJpYXQiOjE3NzI3OTQ4NTQsIm5iZiI6MTc3Mjc5NDczNCwib3JnIjoxLCJvbmx5Q2hhbm5lbHMiOlsiZGV2ZWwtYnVpbGQtaG9zdC1jaGFubmVsIl19.yHvpFe-9TUSt1Mc0Kxi_y8B88dC0omFceU2Lm1I130Q HTTP/1.1" 404 -
172.16.3.7 - - [06/Mar/2026:12:02:08 +0100] "HEAD /rhn/manager/download/devel-build-host-channel/repodata/af62255354aac8bdf9f6f5d11f980c538bcb7fd51c7285c6ca71356f78197ea2-primary.xml.gz?eyJhbGciOiJIUzI1NiJ9.eyJqdGkiOiJaakFPOFM3ZE9tektDLUZwa3JqZmZRIiwiZXhwIjoxODA0MzMwODU0LCJpYXQiOjE3NzI3OTQ4NTQsIm5iZiI6MTc3Mjc5NDczNCwib3JnIjoxLCJvbmx5Q2hhbm5lbHMiOlsiZGV2ZWwtYnVpbGQtaG9zdC1jaGFubmVsIl19.yHvpFe-9TUSt1Mc0Kxi_y8B88dC0omFceU2Lm1I130Q HTTP/1.1" 200 -
172.16.3.5 - - [06/Mar/2026:12:02:07 +0100] "GET /rhn/manager/api/auth/logout HTTP/1.1" 200 16
172.16.3.7 - - [06/Mar/2026:12:02:08 +0100] "GET /rhn/manager/download/devel-build-host-channel/repodata/af62255354aac8bdf9f6f5d11f980c538bcb7fd51c7285c6ca71356f78197ea2-primary.xml.gz?eyJhbGciOiJIUzI1NiJ9.eyJqdGkiOiJaakFPOFM3ZE9tektDLUZwa3JqZmZRIiwiZXhwIjoxODA0MzMwODU0LCJpYXQiOjE3NzI3OTQ4NTQsIm5iZiI6MTc3Mjc5NDczNCwib3JnIjoxLCJvbmx5Q2hhbm5lbHMiOlsiZGV2ZWwtYnVpbGQtaG9zdC1jaGFubmVsIl19.yHvpFe-9TUSt1Mc0Kxi_y8B88dC0omFceU2Lm1I130Q HTTP/1.1" 200 3664
172.16.3.7 - - [06/Mar/2026:12:02:08 +0100] "HEAD /rhn/manager/download/devel-build-host-channel/repodata/6926b8e773cbec56d4a2fc6bd230dab8e9d090aba964e99078e01028260ba3f8-susedata.xml.gz?eyJhbGciOiJIUzI1NiJ9.eyJqdGkiOiJaakFPOFM3ZE9tektDLUZwa3JqZmZRIiwiZXhwIjoxODA0MzMwODU0LCJpYXQiOjE3NzI3OTQ4NTQsIm5iZiI6MTc3Mjc5NDczNCwib3JnIjoxLCJvbmx5Q2hhbm5lbHMiOlsiZGV2ZWwtYnVpbGQtaG9zdC1jaGFubmVsIl19.yHvpFe-9TUSt1Mc0Kxi_y8B88dC0omFceU2Lm1I130Q HTTP/1.1" 200 -
172.16.3.7 - - [06/Mar/2026:12:02:08 +0100] "GET /rhn/manager/download/devel-build-host-channel/repodata/6926b8e773cbec56d4a2fc6bd230dab8e9d090aba964e99078e01028260ba3f8-susedata.xml.gz?eyJhbGciOiJIUzI1NiJ9.eyJqdGkiOiJaakFPOFM3ZE9tektDLUZwa3JqZmZRIiwiZXhwIjoxODA0MzMwODU0LCJpYXQiOjE3NzI3OTQ4NTQsIm5iZiI6MTc3Mjc5NDczNCwib3JnIjoxLCJvbmx5Q2hhbm5lbHMiOlsiZGV2ZWwtYnVpbGQtaG9zdC1jaGFubmVsIl19.yHvpFe-9TUSt1Mc0Kxi_y8B88dC0omFceU2Lm1I130Q HTTP/1.1" 200 3663
172.16.3.7 - - [06/Mar/2026:12:02:08 +0100] "HEAD /rhn/manager/download/sle-module-basesystem15-sp7-pool-x86_64/repodata/repomd.xml?eyJhbGciOiJIUzI1NiJ9.eyJqdGkiOiJ5NG9mRy12c0ROZ2dwVGpVbVB1WTRnIiwiZXhwIjoxODA0MzMwODU0LCJpYXQiOjE3NzI3OTQ4NTQsIm5iZiI6MTc3Mjc5NDczNCwib3JnIjoxLCJvbmx5Q2hhbm5lbHMiOlsic2xlLW1vZHVsZS1iYXNlc3lzdGVtMTUtc3A3LXBvb2wteDg2XzY0Il19.0ntCBdEJ0m0b2bcuC36jpHHD8SY0gfP_DuS0osLgZAM HTTP/1.1" 200 -
172.16.3.7 - - [06/Mar/2026:12:02:08 +0100] "HEAD /rhn/manager/download/sle-module-basesystem15-sp7-pool-x86_64/media.1/media?eyJhbGciOiJIUzI1NiJ9.eyJqdGkiOiJ5NG9mRy12c0ROZ2dwVGpVbVB1WTRnIiwiZXhwIjoxODA0MzMwODU0LCJpYXQiOjE3NzI3OTQ4NTQsIm5iZiI6MTc3Mjc5NDczNCwib3JnIjoxLCJvbmx5Q2hhbm5lbHMiOlsic2xlLW1vZHVsZS1iYXNlc3lzdGVtMTUtc3A3LXBvb2wteDg2XzY0Il19.0ntCBdEJ0m0b2bcuC36jpHHD8SY0gfP_DuS0osLgZAM HTTP/1.1" 404 -
172.16.3.7 - - [06/Mar/2026:12:02:08 +0100] "HEAD /rhn/manager/download/sle-module-basesystem15-sp7-pool-x86_64/repodata/repomd.xml?eyJhbGciOiJIUzI1NiJ9.eyJqdGkiOiJ5NG9mRy12c0ROZ2dwVGpVbVB1WTRnIiwiZXhwIjoxODA0MzMwODU0LCJpYXQiOjE3NzI3OTQ4NTQsIm5iZiI6MTc3Mjc5NDczNCwib3JnIjoxLCJvbmx5Q2hhbm5lbHMiOlsic2xlLW1vZHVsZS1iYXNlc3lzdGVtMTUtc3A3LXBvb2wteDg2XzY0Il19.0ntCBdEJ0m0b2bcuC36jpHHD8SY0gfP_DuS0osLgZAM HTTP/1.1" 200 -
172.16.3.7 - - [06/Mar/2026:12:02:08 +0100] "GET /rhn/manager/download/sle-module-basesystem15-sp7-pool-x86_64/repodata/repomd.xml?eyJhbGciOiJIUzI1NiJ9.eyJqdGkiOiJ5NG9mRy12c0ROZ2dwVGpVbVB1WTRnIiwiZXhwIjoxODA0MzMwODU0LCJpYXQiOjE3NzI3OTQ4NTQsIm5iZiI6MTc3Mjc5NDczNCwib3JnIjoxLCJvbmx5Q2hhbm5lbHMiOlsic2xlLW1vZHVsZS1iYXNlc3lzdGVtMTUtc3A3LXBvb2wteDg2XzY0Il19.0ntCBdEJ0m0b2bcuC36jpHHD8SY0gfP_DuS0osLgZAM HTTP/1.1" 200 3664
172.16.3.5 - - [06/Mar/2026:12:02:07 +0100] "GET /rhn/systems/details/history/Event.do?sid=1000010002&aid=13 HTTP/1.1" 200 38150
172.16.3.7 - - [06/Mar/2026:12:02:08 +0100] "HEAD /rhn/manager/download/sle-module-basesystem15-sp7-pool-x86_64/repodata/repomd.xml.asc?eyJhbGciOiJIUzI1NiJ9.eyJqdGkiOiJ5NG9mRy12c0ROZ2dwVGpVbVB1WTRnIiwiZXhwIjoxODA0MzMwODU0LCJpYXQiOjE3NzI3OTQ4NTQsIm5iZiI6MTc3Mjc5NDczNCwib3JnIjoxLCJvbmx5Q2hhbm5lbHMiOlsic2xlLW1vZHVsZS1iYXNlc3lzdGVtMTUtc3A3LXBvb2wteDg2XzY0Il19.0ntCBdEJ0m0b2bcuC36jpHHD8SY0gfP_DuS0osLgZAM HTTP/1.1" 404 -
172.16.3.5 - - [06/Mar/2026:12:02:08 +0100] "POST /rhn/manager/frontend-log HTTP/1.1" 200 16
172.16.3.7 - - [06/Mar/2026:12:02:08 +0100] "HEAD /rhn/manager/download/sle-module-basesystem15-sp7-pool-x86_64/repodata/2783157a754bdc924a38f81f09d1d717c35fe0853d484b4934baceaa83c06c08-primary.xml.gz?eyJhbGciOiJIUzI1NiJ9.eyJqdGkiOiJ5NG9mRy12c0ROZ2dwVGpVbVB1WTRnIiwiZXhwIjoxODA0MzMwODU0LCJpYXQiOjE3NzI3OTQ4NTQsIm5iZiI6MTc3Mjc5NDczNCwib3JnIjoxLCJvbmx5Q2hhbm5lbHMiOlsic2xlLW1vZHVsZS1iYXNlc3lzdGVtMTUtc3A3LXBvb2wteDg2XzY0Il19.0ntCBdEJ0m0b2bcuC36jpHHD8SY0gfP_DuS0osLgZAM HTTP/1.1" 200 -
127.0.0.1 - - [06/Mar/2026:12:02:08 +0100] "GET /rhn/websocket/notifications HTTP/1.1" 101 -
172.16.3.7 - - [06/Mar/2026:12:02:08 +0100] "GET /rhn/manager/download/sle-module-basesystem15-sp7-pool-x86_64/repodata/2783157a754bdc924a38f81f09d1d717c35fe0853d484b4934baceaa83c06c08-primary.xml.gz?eyJhbGciOiJIUzI1NiJ9.eyJqdGkiOiJ5NG9mRy12c0ROZ2dwVGpVbVB1WTRnIiwiZXhwIjoxODA0MzMwODU0LCJpYXQiOjE3NzI3OTQ4NTQsIm5iZiI6MTc3Mjc5NDczNCwib3JnIjoxLCJvbmx5Q2hhbm5lbHMiOlsic2xlLW1vZHVsZS1iYXNlc3lzdGVtMTUtc3A3LXBvb2wteDg2XzY0Il19.0ntCBdEJ0m0b2bcuC36jpHHD8SY0gfP_DuS0osLgZAM HTTP/1.1" 200 3664
172.16.3.7 - - [06/Mar/2026:12:02:08 +0100] "HEAD /rhn/manager/download/sle-module-basesystem15-sp7-pool-x86_64/repodata/09f9fd69fa60511bbc4b8d20232422b38836109d82a606c38599823939948ff6-susedata.xml.gz?eyJhbGciOiJIUzI1NiJ9.eyJqdGkiOiJ5NG9mRy12c0ROZ2dwVGpVbVB1WTRnIiwiZXhwIjoxODA0MzMwODU0LCJpYXQiOjE3NzI3OTQ4NTQsIm5iZiI6MTc3Mjc5NDczNCwib3JnIjoxLCJvbmx5Q2hhbm5lbHMiOlsic2xlLW1vZHVsZS1iYXNlc3lzdGVtMTUtc3A3LXBvb2wteDg2XzY0Il19.0ntCBdEJ0m0b2bcuC36jpHHD8SY0gfP_DuS0osLgZAM HTTP/1.1" 200 -
172.16.3.7 - - [06/Mar/2026:12:02:08 +0100] "GET /rhn/manager/download/sle-module-basesystem15-sp7-pool-x86_64/repodata/09f9fd69fa60511bbc4b8d20232422b38836109d82a606c38599823939948ff6-susedata.xml.gz?eyJhbGciOiJIUzI1NiJ9.eyJqdGkiOiJ5NG9mRy12c0ROZ2dwVGpVbVB1WTRnIiwiZXhwIjoxODA0MzMwODU0LCJpYXQiOjE3NzI3OTQ4NTQsIm5iZiI6MTc3Mjc5NDczNCwib3JnIjoxLCJvbmx5Q2hhbm5lbHMiOlsic2xlLW1vZHVsZS1iYXNlc3lzdGVtMTUtc3A3LXBvb2wteDg2XzY0Il19.0ntCBdEJ0m0b2bcuC36jpHHD8SY0gfP_DuS0osLgZAM HTTP/1.1" 200 3664
172.16.3.5 - - [06/Mar/2026:12:02:08 +0100] "POST /rhn/manager/api/auth/login HTTP/1.1" 200 16
172.16.3.5 - - [06/Mar/2026:12:02:08 +0100] "GET /rhn/systems/details/Overview.do?sid=1000010001 HTTP/1.1" 200 44031
172.16.3.5 - - [06/Mar/2026:12:02:09 +0100] "POST /rhn/manager/api/system/searchByName HTTP/1.1" 200 165
172.16.3.5 - - [06/Mar/2026:12:02:09 +0100] "POST /rhn/manager/frontend-log HTTP/1.1" 200 16
127.0.0.1 - - [06/Mar/2026:12:02:09 +0100] "GET /rhn/websocket/notifications HTTP/1.1" 101 -
172.16.3.5 - - [06/Mar/2026:12:02:09 +0100] "POST /rhn/manager/frontend-log HTTP/1.1" 200 16
172.16.3.5 - - [06/Mar/2026:12:02:09 +0100] "GET /rhn/manager/api/auth/logout HTTP/1.1" 200 16
127.0.0.1 - - [06/Mar/2026:12:02:09 +0100] "GET /rhn/websocket/notifications HTTP/1.1" 101 -
172.16.3.7 - - [06/Mar/2026:12:02:09 +0100] "HEAD /rhn/manager/download/sle-module-desktop-applications15-sp7-pool-x86_64/repodata/repomd.xml?eyJhbGciOiJIUzI1NiJ9.eyJqdGkiOiJyeFUxdXdhSW5mTXdsTFdZcDlwNUlBIiwiZXhwIjoxODA0MzMwODU0LCJpYXQiOjE3NzI3OTQ4NTQsIm5iZiI6MTc3Mjc5NDczNCwib3JnIjoxLCJvbmx5Q2hhbm5lbHMiOlsic2xlLW1vZHVsZS1kZXNrdG9wLWFwcGxpY2F0aW9uczE1LXNwNy1wb29sLXg4Nl82NCJdfQ.0RwSFQB6nqkQgoer3WuEWjNtvnHRgvsjCAQdG3at4FE HTTP/1.1" 200 -
172.16.3.7 - - [06/Mar/2026:12:02:09 +0100] "HEAD /rhn/manager/download/sle-module-desktop-applications15-sp7-pool-x86_64/media.1/media?eyJhbGciOiJIUzI1NiJ9.eyJqdGkiOiJyeFUxdXdhSW5mTXdsTFdZcDlwNUlBIiwiZXhwIjoxODA0MzMwODU0LCJpYXQiOjE3NzI3OTQ4NTQsIm5iZiI6MTc3Mjc5NDczNCwib3JnIjoxLCJvbmx5Q2hhbm5lbHMiOlsic2xlLW1vZHVsZS1kZXNrdG9wLWFwcGxpY2F0aW9uczE1LXNwNy1wb29sLXg4Nl82NCJdfQ.0RwSFQB6nqkQgoer3WuEWjNtvnHRgvsjCAQdG3at4FE HTTP/1.1" 404 -
172.16.3.7 - - [06/Mar/2026:12:02:09 +0100] "HEAD /rhn/manager/download/sle-module-desktop-applications15-sp7-pool-x86_64/repodata/repomd.xml?eyJhbGciOiJIUzI1NiJ9.eyJqdGkiOiJyeFUxdXdhSW5mTXdsTFdZcDlwNUlBIiwiZXhwIjoxODA0MzMwODU0LCJpYXQiOjE3NzI3OTQ4NTQsIm5iZiI6MTc3Mjc5NDczNCwib3JnIjoxLCJvbmx5Q2hhbm5lbHMiOlsic2xlLW1vZHVsZS1kZXNrdG9wLWFwcGxpY2F0aW9uczE1LXNwNy1wb29sLXg4Nl82NCJdfQ.0RwSFQB6nqkQgoer3WuEWjNtvnHRgvsjCAQdG3at4FE HTTP/1.1" 200 -
172.16.3.7 - - [06/Mar/2026:12:02:09 +0100] "GET /rhn/manager/download/sle-module-desktop-applications15-sp7-pool-x86_64/repodata/repomd.xml?eyJhbGciOiJIUzI1NiJ9.eyJqdGkiOiJyeFUxdXdhSW5mTXdsTFdZcDlwNUlBIiwiZXhwIjoxODA0MzMwODU0LCJpYXQiOjE3NzI3OTQ4NTQsIm5iZiI6MTc3Mjc5NDczNCwib3JnIjoxLCJvbmx5Q2hhbm5lbHMiOlsic2xlLW1vZHVsZS1kZXNrdG9wLWFwcGxpY2F0aW9uczE1LXNwNy1wb29sLXg4Nl82NCJdfQ.0RwSFQB6nqkQgoer3WuEWjNtvnHRgvsjCAQdG3at4FE HTTP/1.1" 200 3664
172.16.3.7 - - [06/Mar/2026:12:02:09 +0100] "HEAD /rhn/manager/download/sle-module-desktop-applications15-sp7-pool-x86_64/repodata/repomd.xml.asc?eyJhbGciOiJIUzI1NiJ9.eyJqdGkiOiJyeFUxdXdhSW5mTXdsTFdZcDlwNUlBIiwiZXhwIjoxODA0MzMwODU0LCJpYXQiOjE3NzI3OTQ4NTQsIm5iZiI6MTc3Mjc5NDczNCwib3JnIjoxLCJvbmx5Q2hhbm5lbHMiOlsic2xlLW1vZHVsZS1kZXNrdG9wLWFwcGxpY2F0aW9uczE1LXNwNy1wb29sLXg4Nl82NCJdfQ.0RwSFQB6nqkQgoer3WuEWjNtvnHRgvsjCAQdG3at4FE HTTP/1.1" 404 -
172.16.3.7 - - [06/Mar/2026:12:02:09 +0100] "HEAD /rhn/manager/download/sle-module-desktop-applications15-sp7-pool-x86_64/repodata/810c0ddc2d0b362183af40aa88a2d8cd570fcc8384a5aaf372e84742d0776023-primary.xml.gz?eyJhbGciOiJIUzI1NiJ9.eyJqdGkiOiJyeFUxdXdhSW5mTXdsTFdZcDlwNUlBIiwiZXhwIjoxODA0MzMwODU0LCJpYXQiOjE3NzI3OTQ4NTQsIm5iZiI6MTc3Mjc5NDczNCwib3JnIjoxLCJvbmx5Q2hhbm5lbHMiOlsic2xlLW1vZHVsZS1kZXNrdG9wLWFwcGxpY2F0aW9uczE1LXNwNy1wb29sLXg4Nl82NCJdfQ.0RwSFQB6nqkQgoer3WuEWjNtvnHRgvsjCAQdG3at4FE HTTP/1.1" 200 -
172.16.3.7 - - [06/Mar/2026:12:02:09 +0100] "GET /rhn/manager/download/sle-module-desktop-applications15-sp7-pool-x86_64/repodata/810c0ddc2d0b362183af40aa88a2d8cd570fcc8384a5aaf372e84742d0776023-primary.xml.gz?eyJhbGciOiJIUzI1NiJ9.eyJqdGkiOiJyeFUxdXdhSW5mTXdsTFdZcDlwNUlBIiwiZXhwIjoxODA0MzMwODU0LCJpYXQiOjE3NzI3OTQ4NTQsIm5iZiI6MTc3Mjc5NDczNCwib3JnIjoxLCJvbmx5Q2hhbm5lbHMiOlsic2xlLW1vZHVsZS1kZXNrdG9wLWFwcGxpY2F0aW9uczE1LXNwNy1wb29sLXg4Nl82NCJdfQ.0RwSFQB6nqkQgoer3WuEWjNtvnHRgvsjCAQdG3at4FE HTTP/1.1" 200 3664
172.16.3.7 - - [06/Mar/2026:12:02:09 +0100] "HEAD /rhn/manager/download/sle-module-desktop-applications15-sp7-pool-x86_64/repodata/a1d9e8d7fa59041b644af92295f33bff7595cfd20a1c331d1742b82d0e97d91b-susedata.xml.gz?eyJhbGciOiJIUzI1NiJ9.eyJqdGkiOiJyeFUxdXdhSW5mTXdsTFdZcDlwNUlBIiwiZXhwIjoxODA0MzMwODU0LCJpYXQiOjE3NzI3OTQ4NTQsIm5iZiI6MTc3Mjc5NDczNCwib3JnIjoxLCJvbmx5Q2hhbm5lbHMiOlsic2xlLW1vZHVsZS1kZXNrdG9wLWFwcGxpY2F0aW9uczE1LXNwNy1wb29sLXg4Nl82NCJdfQ.0RwSFQB6nqkQgoer3WuEWjNtvnHRgvsjCAQdG3at4FE HTTP/1.1" 200 -
172.16.3.7 - - [06/Mar/2026:12:02:09 +0100] "GET /rhn/manager/download/sle-module-desktop-applications15-sp7-pool-x86_64/repodata/a1d9e8d7fa59041b644af92295f33bff7595cfd20a1c331d1742b82d0e97d91b-susedata.xml.gz?eyJhbGciOiJIUzI1NiJ9.eyJqdGkiOiJyeFUxdXdhSW5mTXdsTFdZcDlwNUlBIiwiZXhwIjoxODA0MzMwODU0LCJpYXQiOjE3NzI3OTQ4NTQsIm5iZiI6MTc3Mjc5NDczNCwib3JnIjoxLCJvbmx5Q2hhbm5lbHMiOlsic2xlLW1vZHVsZS1kZXNrdG9wLWFwcGxpY2F0aW9uczE1LXNwNy1wb29sLXg4Nl82NCJdfQ.0RwSFQB6nqkQgoer3WuEWjNtvnHRgvsjCAQdG3at4FE HTTP/1.1" 200 3664
172.16.3.5 - - [06/Mar/2026:12:02:09 +0100] "GET /rhn/systems/details/Overview.do?sid=1000010001& HTTP/1.1" 200 44031
172.16.3.5 - - [06/Mar/2026:12:02:09 +0100] "GET /rhn/systems/details/Overview.do?sid=1000010002 HTTP/1.1" 200 44412
127.0.0.1 - - [06/Mar/2026:12:02:10 +0100] "GET /rhn/websocket/notifications HTTP/1.1" 101 -
172.16.3.5 - - [06/Mar/2026:12:02:10 +0100] "POST /rhn/manager/frontend-log HTTP/1.1" 200 16
127.0.0.1 - - [06/Mar/2026:12:02:10 +0100] "GET /rhn/websocket/notifications HTTP/1.1" 101 -
172.16.3.5 - - [06/Mar/2026:12:02:10 +0100] "POST /rhn/manager/frontend-log HTTP/1.1" 200 16
127.0.0.1 - - [06/Mar/2026:12:02:10 +0100] "GET /rhn/websocket/notifications HTTP/1.1" 101 -
172.16.3.5 - - [06/Mar/2026:12:02:10 +0100] "POST /rhn/manager/frontend-log HTTP/1.1" 200 16
172.16.3.5 - - [06/Mar/2026:12:02:10 +0100] "GET /rhn/systems/details/Connection.do?sid=1000010001& HTTP/1.1" 200 39125
172.16.3.7 - - [06/Mar/2026:12:02:10 +0100] "HEAD /rhn/manager/download/sle-module-devtools15-sp7-pool-x86_64/repodata/repomd.xml?eyJhbGciOiJIUzI1NiJ9.eyJqdGkiOiI2ZUxpWVdPek1rcjZySVVDZ2dpMXRnIiwiZXhwIjoxODA0MzMwODU0LCJpYXQiOjE3NzI3OTQ4NTQsIm5iZiI6MTc3Mjc5NDczNCwib3JnIjoxLCJvbmx5Q2hhbm5lbHMiOlsic2xlLW1vZHVsZS1kZXZ0b29sczE1LXNwNy1wb29sLXg4Nl82NCJdfQ.TIuT-f0skwozLac4aNKxEPvG_qoHUBm1vu4dfOioZaw HTTP/1.1" 200 -
172.16.3.7 - - [06/Mar/2026:12:02:10 +0100] "HEAD /rhn/manager/download/sle-module-devtools15-sp7-pool-x86_64/media.1/media?eyJhbGciOiJIUzI1NiJ9.eyJqdGkiOiI2ZUxpWVdPek1rcjZySVVDZ2dpMXRnIiwiZXhwIjoxODA0MzMwODU0LCJpYXQiOjE3NzI3OTQ4NTQsIm5iZiI6MTc3Mjc5NDczNCwib3JnIjoxLCJvbmx5Q2hhbm5lbHMiOlsic2xlLW1vZHVsZS1kZXZ0b29sczE1LXNwNy1wb29sLXg4Nl82NCJdfQ.TIuT-f0skwozLac4aNKxEPvG_qoHUBm1vu4dfOioZaw HTTP/1.1" 404 -
172.16.3.7 - - [06/Mar/2026:12:02:11 +0100] "HEAD /rhn/manager/download/sle-module-devtools15-sp7-pool-x86_64/repodata/repomd.xml?eyJhbGciOiJIUzI1NiJ9.eyJqdGkiOiI2ZUxpWVdPek1rcjZySVVDZ2dpMXRnIiwiZXhwIjoxODA0MzMwODU0LCJpYXQiOjE3NzI3OTQ4NTQsIm5iZiI6MTc3Mjc5NDczNCwib3JnIjoxLCJvbmx5Q2hhbm5lbHMiOlsic2xlLW1vZHVsZS1kZXZ0b29sczE1LXNwNy1wb29sLXg4Nl82NCJdfQ.TIuT-f0skwozLac4aNKxEPvG_qoHUBm1vu4dfOioZaw HTTP/1.1" 200 -
172.16.3.7 - - [06/Mar/2026:12:02:11 +0100] "GET /rhn/manager/download/sle-module-devtools15-sp7-pool-x86_64/repodata/repomd.xml?eyJhbGciOiJIUzI1NiJ9.eyJqdGkiOiI2ZUxpWVdPek1rcjZySVVDZ2dpMXRnIiwiZXhwIjoxODA0MzMwODU0LCJpYXQiOjE3NzI3OTQ4NTQsIm5iZiI6MTc3Mjc5NDczNCwib3JnIjoxLCJvbmx5Q2hhbm5lbHMiOlsic2xlLW1vZHVsZS1kZXZ0b29sczE1LXNwNy1wb29sLXg4Nl82NCJdfQ.TIuT-f0skwozLac4aNKxEPvG_qoHUBm1vu4dfOioZaw HTTP/1.1" 200 3664
172.16.3.7 - - [06/Mar/2026:12:02:11 +0100] "HEAD /rhn/manager/download/sle-module-devtools15-sp7-pool-x86_64/repodata/repomd.xml.asc?eyJhbGciOiJIUzI1NiJ9.eyJqdGkiOiI2ZUxpWVdPek1rcjZySVVDZ2dpMXRnIiwiZXhwIjoxODA0MzMwODU0LCJpYXQiOjE3NzI3OTQ4NTQsIm5iZiI6MTc3Mjc5NDczNCwib3JnIjoxLCJvbmx5Q2hhbm5lbHMiOlsic2xlLW1vZHVsZS1kZXZ0b29sczE1LXNwNy1wb29sLXg4Nl82NCJdfQ.TIuT-f0skwozLac4aNKxEPvG_qoHUBm1vu4dfOioZaw HTTP/1.1" 404 -
127.0.0.1 - - [06/Mar/2026:12:02:11 +0100] "GET /rhn/websocket/notifications HTTP/1.1" 101 -
172.16.3.7 - - [06/Mar/2026:12:02:11 +0100] "HEAD /rhn/manager/download/sle-module-devtools15-sp7-pool-x86_64/repodata/76fbbd5b8d603a126872e3af6863b6e29f5058d4c187aa2a78c9d5cfd6767f24-primary.xml.gz?eyJhbGciOiJIUzI1NiJ9.eyJqdGkiOiI2ZUxpWVdPek1rcjZySVVDZ2dpMXRnIiwiZXhwIjoxODA0MzMwODU0LCJpYXQiOjE3NzI3OTQ4NTQsIm5iZiI6MTc3Mjc5NDczNCwib3JnIjoxLCJvbmx5Q2hhbm5lbHMiOlsic2xlLW1vZHVsZS1kZXZ0b29sczE1LXNwNy1wb29sLXg4Nl82NCJdfQ.TIuT-f0skwozLac4aNKxEPvG_qoHUBm1vu4dfOioZaw HTTP/1.1" 200 -
172.16.3.5 - - [06/Mar/2026:12:02:11 +0100] "POST /rhn/manager/frontend-log HTTP/1.1" 200 16
172.16.3.7 - - [06/Mar/2026:12:02:11 +0100] "GET /rhn/manager/download/sle-module-devtools15-sp7-pool-x86_64/repodata/76fbbd5b8d603a126872e3af6863b6e29f5058d4c187aa2a78c9d5cfd6767f24-primary.xml.gz?eyJhbGciOiJIUzI1NiJ9.eyJqdGkiOiI2ZUxpWVdPek1rcjZySVVDZ2dpMXRnIiwiZXhwIjoxODA0MzMwODU0LCJpYXQiOjE3NzI3OTQ4NTQsIm5iZiI6MTc3Mjc5NDczNCwib3JnIjoxLCJvbmx5Q2hhbm5lbHMiOlsic2xlLW1vZHVsZS1kZXZ0b29sczE1LXNwNy1wb29sLXg4Nl82NCJdfQ.TIuT-f0skwozLac4aNKxEPvG_qoHUBm1vu4dfOioZaw HTTP/1.1" 200 3664
172.16.3.7 - - [06/Mar/2026:12:02:11 +0100] "HEAD /rhn/manager/download/sle-module-devtools15-sp7-pool-x86_64/repodata/79cfecfedd0f6d3108cf9099623b84d6b0c63098ebb1e3e9553c74c17271cced-susedata.xml.gz?eyJhbGciOiJIUzI1NiJ9.eyJqdGkiOiI2ZUxpWVdPek1rcjZySVVDZ2dpMXRnIiwiZXhwIjoxODA0MzMwODU0LCJpYXQiOjE3NzI3OTQ4NTQsIm5iZiI6MTc3Mjc5NDczNCwib3JnIjoxLCJvbmx5Q2hhbm5lbHMiOlsic2xlLW1vZHVsZS1kZXZ0b29sczE1LXNwNy1wb29sLXg4Nl82NCJdfQ.TIuT-f0skwozLac4aNKxEPvG_qoHUBm1vu4dfOioZaw HTTP/1.1" 200 -
172.16.3.7 - - [06/Mar/2026:12:02:11 +0100] "GET /rhn/manager/download/sle-module-devtools15-sp7-pool-x86_64/repodata/79cfecfedd0f6d3108cf9099623b84d6b0c63098ebb1e3e9553c74c17271cced-susedata.xml.gz?eyJhbGciOiJIUzI1NiJ9.eyJqdGkiOiI2ZUxpWVdPek1rcjZySVVDZ2dpMXRnIiwiZXhwIjoxODA0MzMwODU0LCJpYXQiOjE3NzI3OTQ4NTQsIm5iZiI6MTc3Mjc5NDczNCwib3JnIjoxLCJvbmx5Q2hhbm5lbHMiOlsic2xlLW1vZHVsZS1kZXZ0b29sczE1LXNwNy1wb29sLXg4Nl82NCJdfQ.TIuT-f0skwozLac4aNKxEPvG_qoHUBm1vu4dfOioZaw HTTP/1.1" 200 3663
172.16.3.5 - - [06/Mar/2026:12:02:10 +0100] "GET /rhn/systems/details/Overview.do?sid=1000010002& HTTP/1.1" 200 44412
172.16.3.5 - - [06/Mar/2026:12:02:11 +0100] "POST /rhn/manager/api/auth/login HTTP/1.1" 200 16
172.16.3.7 - - [06/Mar/2026:12:02:11 +0100] "HEAD /rhn/manager/download/sle-module-python3-15-sp7-pool-x86_64/repodata/repomd.xml?eyJhbGciOiJIUzI1NiJ9.eyJqdGkiOiJnQmhoaGd1ZkZiOGtWbTBWRVNNS0J3IiwiZXhwIjoxODA0MzMwODU0LCJpYXQiOjE3NzI3OTQ4NTQsIm5iZiI6MTc3Mjc5NDczNCwib3JnIjoxLCJvbmx5Q2hhbm5lbHMiOlsic2xlLW1vZHVsZS1weXRob24zLTE1LXNwNy1wb29sLXg4Nl82NCJdfQ.VPxtlZJk106BmNFkg6yWnzqpypMRKqZwU701NU6yJ3Y HTTP/1.1" 200 -
172.16.3.7 - - [06/Mar/2026:12:02:11 +0100] "HEAD /rhn/manager/download/sle-module-python3-15-sp7-pool-x86_64/media.1/media?eyJhbGciOiJIUzI1NiJ9.eyJqdGkiOiJnQmhoaGd1ZkZiOGtWbTBWRVNNS0J3IiwiZXhwIjoxODA0MzMwODU0LCJpYXQiOjE3NzI3OTQ4NTQsIm5iZiI6MTc3Mjc5NDczNCwib3JnIjoxLCJvbmx5Q2hhbm5lbHMiOlsic2xlLW1vZHVsZS1weXRob24zLTE1LXNwNy1wb29sLXg4Nl82NCJdfQ.VPxtlZJk106BmNFkg6yWnzqpypMRKqZwU701NU6yJ3Y HTTP/1.1" 404 -
172.16.3.7 - - [06/Mar/2026:12:02:11 +0100] "HEAD /rhn/manager/download/sle-module-python3-15-sp7-pool-x86_64/repodata/repomd.xml?eyJhbGciOiJIUzI1NiJ9.eyJqdGkiOiJnQmhoaGd1ZkZiOGtWbTBWRVNNS0J3IiwiZXhwIjoxODA0MzMwODU0LCJpYXQiOjE3NzI3OTQ4NTQsIm5iZiI6MTc3Mjc5NDczNCwib3JnIjoxLCJvbmx5Q2hhbm5lbHMiOlsic2xlLW1vZHVsZS1weXRob24zLTE1LXNwNy1wb29sLXg4Nl82NCJdfQ.VPxtlZJk106BmNFkg6yWnzqpypMRKqZwU701NU6yJ3Y HTTP/1.1" 200 -
172.16.3.5 - - [06/Mar/2026:12:02:11 +0100] "POST /rhn/manager/api/system/searchByName HTTP/1.1" 200 157
127.0.0.1 - - [06/Mar/2026:12:02:11 +0100] "GET /rhn/websocket/notifications HTTP/1.1" 101 -
172.16.3.7 - - [06/Mar/2026:12:02:11 +0100] "GET /rhn/manager/download/sle-module-python3-15-sp7-pool-x86_64/repodata/repomd.xml?eyJhbGciOiJIUzI1NiJ9.eyJqdGkiOiJnQmhoaGd1ZkZiOGtWbTBWRVNNS0J3IiwiZXhwIjoxODA0MzMwODU0LCJpYXQiOjE3NzI3OTQ4NTQsIm5iZiI6MTc3Mjc5NDczNCwib3JnIjoxLCJvbmx5Q2hhbm5lbHMiOlsic2xlLW1vZHVsZS1weXRob24zLTE1LXNwNy1wb29sLXg4Nl82NCJdfQ.VPxtlZJk106BmNFkg6yWnzqpypMRKqZwU701NU6yJ3Y HTTP/1.1" 200 3664
172.16.3.7 - - [06/Mar/2026:12:02:11 +0100] "HEAD /rhn/manager/download/sle-module-python3-15-sp7-pool-x86_64/repodata/repomd.xml.asc?eyJhbGciOiJIUzI1NiJ9.eyJqdGkiOiJnQmhoaGd1ZkZiOGtWbTBWRVNNS0J3IiwiZXhwIjoxODA0MzMwODU0LCJpYXQiOjE3NzI3OTQ4NTQsIm5iZiI6MTc3Mjc5NDczNCwib3JnIjoxLCJvbmx5Q2hhbm5lbHMiOlsic2xlLW1vZHVsZS1weXRob24zLTE1LXNwNy1wb29sLXg4Nl82NCJdfQ.VPxtlZJk106BmNFkg6yWnzqpypMRKqZwU701NU6yJ3Y HTTP/1.1" 404 -
172.16.3.5 - - [06/Mar/2026:12:02:11 +0100] "POST /rhn/manager/frontend-log HTTP/1.1" 200 16
172.16.3.7 - - [06/Mar/2026:12:02:11 +0100] "HEAD /rhn/manager/download/sle-module-python3-15-sp7-pool-x86_64/repodata/3f747db7aceb557b6ad64b9870d5df0d395aa23c3691e88d5c5141fd7e5085e5-primary.xml.gz?eyJhbGciOiJIUzI1NiJ9.eyJqdGkiOiJnQmhoaGd1ZkZiOGtWbTBWRVNNS0J3IiwiZXhwIjoxODA0MzMwODU0LCJpYXQiOjE3NzI3OTQ4NTQsIm5iZiI6MTc3Mjc5NDczNCwib3JnIjoxLCJvbmx5Q2hhbm5lbHMiOlsic2xlLW1vZHVsZS1weXRob24zLTE1LXNwNy1wb29sLXg4Nl82NCJdfQ.VPxtlZJk106BmNFkg6yWnzqpypMRKqZwU701NU6yJ3Y HTTP/1.1" 200 -
172.16.3.7 - - [06/Mar/2026:12:02:11 +0100] "GET /rhn/manager/download/sle-module-python3-15-sp7-pool-x86_64/repodata/3f747db7aceb557b6ad64b9870d5df0d395aa23c3691e88d5c5141fd7e5085e5-primary.xml.gz?eyJhbGciOiJIUzI1NiJ9.eyJqdGkiOiJnQmhoaGd1ZkZiOGtWbTBWRVNNS0J3IiwiZXhwIjoxODA0MzMwODU0LCJpYXQiOjE3NzI3OTQ4NTQsIm5iZiI6MTc3Mjc5NDczNCwib3JnIjoxLCJvbmx5Q2hhbm5lbHMiOlsic2xlLW1vZHVsZS1weXRob24zLTE1LXNwNy1wb29sLXg4Nl82NCJdfQ.VPxtlZJk106BmNFkg6yWnzqpypMRKqZwU701NU6yJ3Y HTTP/1.1" 200 3664
172.16.3.7 - - [06/Mar/2026:12:02:11 +0100] "HEAD /rhn/manager/download/sle-module-python3-15-sp7-pool-x86_64/repodata/77d39d76b87b32e406d97ed5fe9373b992d0a17e94837c3dd53f581fcfc0c47e-susedata.xml.gz?eyJhbGciOiJIUzI1NiJ9.eyJqdGkiOiJnQmhoaGd1ZkZiOGtWbTBWRVNNS0J3IiwiZXhwIjoxODA0MzMwODU0LCJpYXQiOjE3NzI3OTQ4NTQsIm5iZiI6MTc3Mjc5NDczNCwib3JnIjoxLCJvbmx5Q2hhbm5lbHMiOlsic2xlLW1vZHVsZS1weXRob24zLTE1LXNwNy1wb29sLXg4Nl82NCJdfQ.VPxtlZJk106BmNFkg6yWnzqpypMRKqZwU701NU6yJ3Y HTTP/1.1" 200 -
172.16.3.7 - - [06/Mar/2026:12:02:11 +0100] "GET /rhn/manager/download/sle-module-python3-15-sp7-pool-x86_64/repodata/77d39d76b87b32e406d97ed5fe9373b992d0a17e94837c3dd53f581fcfc0c47e-susedata.xml.gz?eyJhbGciOiJIUzI1NiJ9.eyJqdGkiOiJnQmhoaGd1ZkZiOGtWbTBWRVNNS0J3IiwiZXhwIjoxODA0MzMwODU0LCJpYXQiOjE3NzI3OTQ4NTQsIm5iZiI6MTc3Mjc5NDczNCwib3JnIjoxLCJvbmx5Q2hhbm5lbHMiOlsic2xlLW1vZHVsZS1weXRob24zLTE1LXNwNy1wb29sLXg4Nl82NCJdfQ.VPxtlZJk106BmNFkg6yWnzqpypMRKqZwU701NU6yJ3Y HTTP/1.1" 200 3664
172.16.3.5 - - [06/Mar/2026:12:02:11 +0100] "GET /rhn/manager/api/auth/logout HTTP/1.1" 200 16
172.16.3.7 - - [06/Mar/2026:12:02:11 +0100] "HEAD /rhn/manager/download/sle-module-server-applications15-sp7-pool-x86_64/repodata/repomd.xml?eyJhbGciOiJIUzI1NiJ9.eyJqdGkiOiJUaWd6cDZIeDlEeUE4VjY5MFU4WjNBIiwiZXhwIjoxODA0MzMwODU0LCJpYXQiOjE3NzI3OTQ4NTQsIm5iZiI6MTc3Mjc5NDczNCwib3JnIjoxLCJvbmx5Q2hhbm5lbHMiOlsic2xlLW1vZHVsZS1zZXJ2ZXItYXBwbGljYXRpb25zMTUtc3A3LXBvb2wteDg2XzY0Il19.JUX8Fguwx5muIc8D5njlDAXJ_xbT4BXbRPRGeqZkQ9o HTTP/1.1" 200 -
172.16.3.7 - - [06/Mar/2026:12:02:11 +0100] "HEAD /rhn/manager/download/sle-module-server-applications15-sp7-pool-x86_64/media.1/media?eyJhbGciOiJIUzI1NiJ9.eyJqdGkiOiJUaWd6cDZIeDlEeUE4VjY5MFU4WjNBIiwiZXhwIjoxODA0MzMwODU0LCJpYXQiOjE3NzI3OTQ4NTQsIm5iZiI6MTc3Mjc5NDczNCwib3JnIjoxLCJvbmx5Q2hhbm5lbHMiOlsic2xlLW1vZHVsZS1zZXJ2ZXItYXBwbGljYXRpb25zMTUtc3A3LXBvb2wteDg2XzY0Il19.JUX8Fguwx5muIc8D5njlDAXJ_xbT4BXbRPRGeqZkQ9o HTTP/1.1" 404 -
172.16.3.7 - - [06/Mar/2026:12:02:11 +0100] "HEAD /rhn/manager/download/sle-module-server-applications15-sp7-pool-x86_64/repodata/repomd.xml?eyJhbGciOiJIUzI1NiJ9.eyJqdGkiOiJUaWd6cDZIeDlEeUE4VjY5MFU4WjNBIiwiZXhwIjoxODA0MzMwODU0LCJpYXQiOjE3NzI3OTQ4NTQsIm5iZiI6MTc3Mjc5NDczNCwib3JnIjoxLCJvbmx5Q2hhbm5lbHMiOlsic2xlLW1vZHVsZS1zZXJ2ZXItYXBwbGljYXRpb25zMTUtc3A3LXBvb2wteDg2XzY0Il19.JUX8Fguwx5muIc8D5njlDAXJ_xbT4BXbRPRGeqZkQ9o HTTP/1.1" 200 -
172.16.3.7 - - [06/Mar/2026:12:02:11 +0100] "GET /rhn/manager/download/sle-module-server-applications15-sp7-pool-x86_64/repodata/repomd.xml?eyJhbGciOiJIUzI1NiJ9.eyJqdGkiOiJUaWd6cDZIeDlEeUE4VjY5MFU4WjNBIiwiZXhwIjoxODA0MzMwODU0LCJpYXQiOjE3NzI3OTQ4NTQsIm5iZiI6MTc3Mjc5NDczNCwib3JnIjoxLCJvbmx5Q2hhbm5lbHMiOlsic2xlLW1vZHVsZS1zZXJ2ZXItYXBwbGljYXRpb25zMTUtc3A3LXBvb2wteDg2XzY0Il19.JUX8Fguwx5muIc8D5njlDAXJ_xbT4BXbRPRGeqZkQ9o HTTP/1.1" 200 3664
172.16.3.7 - - [06/Mar/2026:12:02:11 +0100] "HEAD /rhn/manager/download/sle-module-server-applications15-sp7-pool-x86_64/repodata/repomd.xml.asc?eyJhbGciOiJIUzI1NiJ9.eyJqdGkiOiJUaWd6cDZIeDlEeUE4VjY5MFU4WjNBIiwiZXhwIjoxODA0MzMwODU0LCJpYXQiOjE3NzI3OTQ4NTQsIm5iZiI6MTc3Mjc5NDczNCwib3JnIjoxLCJvbmx5Q2hhbm5lbHMiOlsic2xlLW1vZHVsZS1zZXJ2ZXItYXBwbGljYXRpb25zMTUtc3A3LXBvb2wteDg2XzY0Il19.JUX8Fguwx5muIc8D5njlDAXJ_xbT4BXbRPRGeqZkQ9o HTTP/1.1" 404 -
172.16.3.7 - - [06/Mar/2026:12:02:11 +0100] "HEAD /rhn/manager/download/sle-module-server-applications15-sp7-pool-x86_64/repodata/cffbbc832f0c7149673ab0c38c25a6adcf5ba817fcf4485cabd34cff0b199bd9-primary.xml.gz?eyJhbGciOiJIUzI1NiJ9.eyJqdGkiOiJUaWd6cDZIeDlEeUE4VjY5MFU4WjNBIiwiZXhwIjoxODA0MzMwODU0LCJpYXQiOjE3NzI3OTQ4NTQsIm5iZiI6MTc3Mjc5NDczNCwib3JnIjoxLCJvbmx5Q2hhbm5lbHMiOlsic2xlLW1vZHVsZS1zZXJ2ZXItYXBwbGljYXRpb25zMTUtc3A3LXBvb2wteDg2XzY0Il19.JUX8Fguwx5muIc8D5njlDAXJ_xbT4BXbRPRGeqZkQ9o HTTP/1.1" 200 -
172.16.3.5 - - [06/Mar/2026:12:02:11 +0100] "GET /rhn/systems/details/Connection.do?sid=1000010002& HTTP/1.1" 200 39134
172.16.3.7 - - [06/Mar/2026:12:02:12 +0100] "GET /rhn/manager/download/sle-module-server-applications15-sp7-pool-x86_64/repodata/cffbbc832f0c7149673ab0c38c25a6adcf5ba817fcf4485cabd34cff0b199bd9-primary.xml.gz?eyJhbGciOiJIUzI1NiJ9.eyJqdGkiOiJUaWd6cDZIeDlEeUE4VjY5MFU4WjNBIiwiZXhwIjoxODA0MzMwODU0LCJpYXQiOjE3NzI3OTQ4NTQsIm5iZiI6MTc3Mjc5NDczNCwib3JnIjoxLCJvbmx5Q2hhbm5lbHMiOlsic2xlLW1vZHVsZS1zZXJ2ZXItYXBwbGljYXRpb25zMTUtc3A3LXBvb2wteDg2XzY0Il19.JUX8Fguwx5muIc8D5njlDAXJ_xbT4BXbRPRGeqZkQ9o HTTP/1.1" 200 3664
172.16.3.7 - - [06/Mar/2026:12:02:12 +0100] "HEAD /rhn/manager/download/sle-module-server-applications15-sp7-pool-x86_64/repodata/c830f480ed47940a42521e68444d5e0c7106708745babd9721ee6ff52d805584-susedata.xml.gz?eyJhbGciOiJIUzI1NiJ9.eyJqdGkiOiJUaWd6cDZIeDlEeUE4VjY5MFU4WjNBIiwiZXhwIjoxODA0MzMwODU0LCJpYXQiOjE3NzI3OTQ4NTQsIm5iZiI6MTc3Mjc5NDczNCwib3JnIjoxLCJvbmx5Q2hhbm5lbHMiOlsic2xlLW1vZHVsZS1zZXJ2ZXItYXBwbGljYXRpb25zMTUtc3A3LXBvb2wteDg2XzY0Il19.JUX8Fguwx5muIc8D5njlDAXJ_xbT4BXbRPRGeqZkQ9o HTTP/1.1" 200 -
172.16.3.7 - - [06/Mar/2026:12:02:12 +0100] "GET /rhn/manager/download/sle-module-server-applications15-sp7-pool-x86_64/repodata/c830f480ed47940a42521e68444d5e0c7106708745babd9721ee6ff52d805584-susedata.xml.gz?eyJhbGciOiJIUzI1NiJ9.eyJqdGkiOiJUaWd6cDZIeDlEeUE4VjY5MFU4WjNBIiwiZXhwIjoxODA0MzMwODU0LCJpYXQiOjE3NzI3OTQ4NTQsIm5iZiI6MTc3Mjc5NDczNCwib3JnIjoxLCJvbmx5Q2hhbm5lbHMiOlsic2xlLW1vZHVsZS1zZXJ2ZXItYXBwbGljYXRpb25zMTUtc3A3LXBvb2wteDg2XzY0Il19.JUX8Fguwx5muIc8D5njlDAXJ_xbT4BXbRPRGeqZkQ9o HTTP/1.1" 200 3664
127.0.0.1 - - [06/Mar/2026:12:02:12 +0100] "GET /rhn/websocket/notifications HTTP/1.1" 101 -
172.16.3.5 - - [06/Mar/2026:12:02:12 +0100] "POST /rhn/manager/frontend-log HTTP/1.1" 200 16
172.16.3.7 - - [06/Mar/2026:12:02:12 +0100] "HEAD /rhn/manager/download/sle-module-systems-management-15-sp7-pool-x86_64/repodata/repomd.xml?eyJhbGciOiJIUzI1NiJ9.eyJqdGkiOiJTWHluaHhmaEVsRjZnbjhjQXBDd0hRIiwiZXhwIjoxODA0MzMwODU0LCJpYXQiOjE3NzI3OTQ4NTQsIm5iZiI6MTc3Mjc5NDczNCwib3JnIjoxLCJvbmx5Q2hhbm5lbHMiOlsic2xlLW1vZHVsZS1zeXN0ZW1zLW1hbmFnZW1lbnQtMTUtc3A3LXBvb2wteDg2XzY0Il19.rceoTLk_hRPoZhE82ewP-rka6DiV1BWyQQygDwpQlwc HTTP/1.1" 200 -
172.16.3.7 - - [06/Mar/2026:12:02:12 +0100] "HEAD /rhn/manager/download/sle-module-systems-management-15-sp7-pool-x86_64/media.1/media?eyJhbGciOiJIUzI1NiJ9.eyJqdGkiOiJTWHluaHhmaEVsRjZnbjhjQXBDd0hRIiwiZXhwIjoxODA0MzMwODU0LCJpYXQiOjE3NzI3OTQ4NTQsIm5iZiI6MTc3Mjc5NDczNCwib3JnIjoxLCJvbmx5Q2hhbm5lbHMiOlsic2xlLW1vZHVsZS1zeXN0ZW1zLW1hbmFnZW1lbnQtMTUtc3A3LXBvb2wteDg2XzY0Il19.rceoTLk_hRPoZhE82ewP-rka6DiV1BWyQQygDwpQlwc HTTP/1.1" 404 -
172.16.3.7 - - [06/Mar/2026:12:02:12 +0100] "HEAD /rhn/manager/download/sle-module-systems-management-15-sp7-pool-x86_64/repodata/repomd.xml?eyJhbGciOiJIUzI1NiJ9.eyJqdGkiOiJTWHluaHhmaEVsRjZnbjhjQXBDd0hRIiwiZXhwIjoxODA0MzMwODU0LCJpYXQiOjE3NzI3OTQ4NTQsIm5iZiI6MTc3Mjc5NDczNCwib3JnIjoxLCJvbmx5Q2hhbm5lbHMiOlsic2xlLW1vZHVsZS1zeXN0ZW1zLW1hbmFnZW1lbnQtMTUtc3A3LXBvb2wteDg2XzY0Il19.rceoTLk_hRPoZhE82ewP-rka6DiV1BWyQQygDwpQlwc HTTP/1.1" 200 -
172.16.3.7 - - [06/Mar/2026:12:02:12 +0100] "GET /rhn/manager/download/sle-module-systems-management-15-sp7-pool-x86_64/repodata/repomd.xml?eyJhbGciOiJIUzI1NiJ9.eyJqdGkiOiJTWHluaHhmaEVsRjZnbjhjQXBDd0hRIiwiZXhwIjoxODA0MzMwODU0LCJpYXQiOjE3NzI3OTQ4NTQsIm5iZiI6MTc3Mjc5NDczNCwib3JnIjoxLCJvbmx5Q2hhbm5lbHMiOlsic2xlLW1vZHVsZS1zeXN0ZW1zLW1hbmFnZW1lbnQtMTUtc3A3LXBvb2wteDg2XzY0Il19.rceoTLk_hRPoZhE82ewP-rka6DiV1BWyQQygDwpQlwc HTTP/1.1" 200 3664
172.16.3.5 - - [06/Mar/2026:12:02:12 +0100] "POST /rhn/manager/api/auth/login HTTP/1.1" 200 16
