127.0.0.1 - - [06/Mar/2026:11:57:53 +0100] "GET /rhn/websocket/notifications HTTP/1.1" 101 -
172.16.3.5 - - [06/Mar/2026:11:57:53 +0100] "POST /rhn/manager/frontend-log HTTP/1.1" 200 16
172.16.3.5 - - [06/Mar/2026:11:57:53 +0100] "GET /rhn/systems/details/history/Pending.do?sid=1000010000& HTTP/1.1" 200 37854
127.0.0.1 - - [06/Mar/2026:11:57:53 +0100] "GET /rhn/websocket/notifications HTTP/1.1" 101 -
172.16.3.5 - - [06/Mar/2026:11:57:53 +0100] "POST /rhn/manager/frontend-log HTTP/1.1" 200 16
172.16.3.5 - - [06/Mar/2026:11:57:53 +0100] "GET /rhn/systems/details/history/History.do?sid=1000010000& HTTP/1.1" 200 44029
127.0.0.1 - - [06/Mar/2026:11:57:54 +0100] "GET /rhn/websocket/notifications HTTP/1.1" 101 -
172.16.3.5 - - [06/Mar/2026:11:57:54 +0100] "POST /rhn/manager/frontend-log HTTP/1.1" 200 16
172.16.3.5 - - [06/Mar/2026:11:57:54 +0100] "GET /rhn/systems/details/history/Event.do?sid=1000010000&aid=4 HTTP/1.1" 200 38132
127.0.0.1 - - [06/Mar/2026:11:57:54 +0100] "GET /rhn/websocket/notifications HTTP/1.1" 101 -
172.16.3.5 - - [06/Mar/2026:11:57:54 +0100] "POST /rhn/manager/frontend-log HTTP/1.1" 200 16
::1 - - [06/Mar/2026:11:57:56 +0100] "POST /rhn/rpc/api HTTP/1.1" 200 137
::1 - - [06/Mar/2026:11:57:56 +0100] "POST /rhn/rpc/api HTTP/1.1" 200 203
::1 - - [06/Mar/2026:11:57:56 +0100] "POST /rhn/rpc/api HTTP/1.1" 200 138
::1 - - [06/Mar/2026:11:57:56 +0100] "POST /rhn/rpc/api HTTP/1.1" 200 19567
172.16.3.7 - - [06/Mar/2026:11:58:26 +0100] "GET /rhn/manager/api/api/systemVersion HTTP/1.1" 200 35
172.16.3.5 - - [06/Mar/2026:11:58:28 +0100] "GET /rhn/manager/systems/list/all HTTP/1.1" 200 34439
127.0.0.1 - - [06/Mar/2026:11:58:28 +0100] "GET /rhn/websocket/notifications HTTP/1.1" 101 -
172.16.3.5 - - [06/Mar/2026:11:58:28 +0100] "POST /rhn/manager/frontend-log HTTP/1.1" 200 16
172.16.3.5 - - [06/Mar/2026:11:58:28 +0100] "GET /rhn/manager/api/systems/list/all?p=1&ps=100&s=1&sc=server_name HTTP/1.1" 200 766
172.16.3.5 - - [06/Mar/2026:11:58:28 +0100] "POST /rhn/manager/api/sets/system_list HTTP/1.1" 200 1
172.16.3.5 - - [06/Mar/2026:11:58:29 +0100] "POST /rhn/manager/api/auth/login HTTP/1.1" 200 16
172.16.3.5 - - [06/Mar/2026:11:58:29 +0100] "POST /rhn/manager/api/system/searchByName HTTP/1.1" 200 157
172.16.3.5 - - [06/Mar/2026:11:58:29 +0100] "GET /rhn/manager/api/auth/logout HTTP/1.1" 200 16
172.16.3.5 - - [06/Mar/2026:11:58:29 +0100] "GET /rhn/systems/details/Overview.do?sid=1000010000 HTTP/1.1" 200 43365
172.16.3.5 - - [06/Mar/2026:11:58:29 +0100] "POST /rhn/manager/frontend-log HTTP/1.1" 200 16
127.0.0.1 - - [06/Mar/2026:11:58:30 +0100] "GET /rhn/websocket/notifications HTTP/1.1" 101 -
172.16.3.5 - - [06/Mar/2026:11:58:30 +0100] "POST /rhn/manager/frontend-log HTTP/1.1" 200 16
172.16.3.5 - - [06/Mar/2026:11:58:30 +0100] "GET /rhn/systems/details/Edit.do?sid=1000010000& HTTP/1.1" 200 59802
127.0.0.1 - - [06/Mar/2026:11:58:30 +0100] "GET /rhn/websocket/notifications HTTP/1.1" 101 -
172.16.3.5 - - [06/Mar/2026:11:58:30 +0100] "POST /rhn/manager/frontend-log HTTP/1.1" 200 16
::1 - - [06/Mar/2026:11:58:40 +0100] "GET /rhn/manager/login HTTP/1.1" 302 -
172.16.3.5 - - [06/Mar/2026:11:58:40 +0100] "POST /rhn/manager/api/auth/login HTTP/1.1" 200 16
172.16.3.5 - - [06/Mar/2026:11:58:40 +0100] "GET /rhn/manager/api/user/listUsers HTTP/1.1" 200 354
172.16.3.5 - - [06/Mar/2026:11:58:41 +0100] "GET /rhn/manager/api/auth/logout HTTP/1.1" 200 16
172.16.3.5 - - [06/Mar/2026:11:58:41 +0100] "POST /rhn/manager/api/auth/login HTTP/1.1" 200 16
172.16.3.5 - - [06/Mar/2026:11:58:41 +0100] "POST /rhn/manager/api/user/create HTTP/1.1" 200 27
172.16.3.5 - - [06/Mar/2026:11:58:43 +0100] "GET /rhn/manager/api/auth/logout HTTP/1.1" 200 16
172.16.3.5 - - [06/Mar/2026:11:58:43 +0100] "POST /rhn/manager/api/auth/login HTTP/1.1" 200 16
172.16.3.5 - - [06/Mar/2026:11:58:43 +0100] "POST /rhn/manager/api/user/addRole HTTP/1.1" 200 27
172.16.3.5 - - [06/Mar/2026:11:58:43 +0100] "GET /rhn/manager/api/auth/logout HTTP/1.1" 200 16
172.16.3.5 - - [06/Mar/2026:11:58:43 +0100] "POST /rhn/manager/api/auth/login HTTP/1.1" 200 16
172.16.3.5 - - [06/Mar/2026:11:58:43 +0100] "POST /rhn/manager/api/user/addRole HTTP/1.1" 200 27
172.16.3.5 - - [06/Mar/2026:11:58:44 +0100] "GET /rhn/manager/api/auth/logout HTTP/1.1" 200 16
172.16.3.5 - - [06/Mar/2026:11:58:44 +0100] "POST /rhn/manager/api/auth/login HTTP/1.1" 200 16
172.16.3.5 - - [06/Mar/2026:11:58:44 +0100] "POST /rhn/manager/api/user/addRole HTTP/1.1" 200 27
172.16.3.5 - - [06/Mar/2026:11:58:44 +0100] "GET /rhn/manager/api/auth/logout HTTP/1.1" 200 16
172.16.3.5 - - [06/Mar/2026:11:58:44 +0100] "POST /rhn/manager/api/auth/login HTTP/1.1" 200 16
172.16.3.5 - - [06/Mar/2026:11:58:44 +0100] "POST /rhn/manager/api/user/addRole HTTP/1.1" 200 27
172.16.3.5 - - [06/Mar/2026:11:58:44 +0100] "GET /rhn/manager/api/auth/logout HTTP/1.1" 200 16
172.16.3.5 - - [06/Mar/2026:11:58:45 +0100] "POST /rhn/manager/api/auth/login HTTP/1.1" 200 16
172.16.3.5 - - [06/Mar/2026:11:58:45 +0100] "POST /rhn/manager/api/user/addRole HTTP/1.1" 200 27
172.16.3.5 - - [06/Mar/2026:11:58:45 +0100] "GET /rhn/manager/api/auth/logout HTTP/1.1" 200 16
172.16.3.5 - - [06/Mar/2026:11:58:45 +0100] "POST /rhn/manager/api/auth/login HTTP/1.1" 200 16
172.16.3.5 - - [06/Mar/2026:11:58:45 +0100] "POST /rhn/manager/api/user/addRole HTTP/1.1" 200 27
172.16.3.5 - - [06/Mar/2026:11:58:45 +0100] "GET /rhn/manager/api/auth/logout HTTP/1.1" 200 16
172.16.3.5 - - [06/Mar/2026:11:59:01 +0100] "POST /rhn/manager/api/auth/login HTTP/1.1" 200 16
172.16.3.5 - - [06/Mar/2026:11:59:01 +0100] "POST /rhn/manager/api/auth/login HTTP/1.1" 200 16
172.16.3.5 - - [06/Mar/2026:11:59:02 +0100] "POST /rhn/manager/api/auth/login HTTP/1.1" 200 16
172.16.3.5 - - [06/Mar/2026:11:59:01 +0100] "GET /rhn/manager/api/user/listUsers HTTP/1.1" 200 471
172.16.3.5 - - [06/Mar/2026:11:59:02 +0100] "POST /rhn/manager/api/auth/login HTTP/1.1" 200 16
172.16.3.5 - - [06/Mar/2026:11:59:02 +0100] "GET /rhn/manager/api/auth/logout HTTP/1.1" 200 16
172.16.3.5 - - [06/Mar/2026:11:59:02 +0100] "GET /rhn/manager/api/user/listUsers HTTP/1.1" 200 471
172.16.3.5 - - [06/Mar/2026:11:59:02 +0100] "POST /rhn/manager/api/auth/login HTTP/1.1" 200 16
172.16.3.5 - - [06/Mar/2026:11:59:02 +0100] "POST /rhn/manager/api/auth/login HTTP/1.1" 200 16
172.16.3.5 - - [06/Mar/2026:11:59:02 +0100] "GET /rhn/manager/api/auth/logout HTTP/1.1" 200 16
172.16.3.5 - - [06/Mar/2026:11:59:02 +0100] "GET /rhn/manager/api/user/listUsers HTTP/1.1" 200 471
172.16.3.5 - - [06/Mar/2026:11:59:03 +0100] "POST /rhn/manager/api/auth/login HTTP/1.1" 200 16
172.16.3.5 - - [06/Mar/2026:11:59:03 +0100] "GET /rhn/manager/api/auth/logout HTTP/1.1" 200 16
172.16.3.5 - - [06/Mar/2026:11:59:02 +0100] "GET /rhn/manager/api/user/listUsers HTTP/1.1" 200 471
172.16.3.5 - - [06/Mar/2026:11:59:03 +0100] "GET /rhn/manager/api/auth/logout HTTP/1.1" 200 16
172.16.3.5 - - [06/Mar/2026:11:59:02 +0100] "GET /rhn/manager/api/user/listUsers HTTP/1.1" 200 471
172.16.3.5 - - [06/Mar/2026:11:59:03 +0100] "POST /rhn/manager/api/auth/login HTTP/1.1" 200 16
172.16.3.5 - - [06/Mar/2026:11:59:03 +0100] "POST /rhn/manager/api/auth/login HTTP/1.1" 200 16
172.16.3.5 - - [06/Mar/2026:11:59:03 +0100] "GET /rhn/manager/api/auth/logout HTTP/1.1" 200 16
172.16.3.5 - - [06/Mar/2026:11:59:04 +0100] "POST /rhn/manager/api/auth/login HTTP/1.1" 200 16
172.16.3.5 - - [06/Mar/2026:11:59:03 +0100] "POST /rhn/manager/api/user/create HTTP/1.1" 200 27
172.16.3.5 - - [06/Mar/2026:11:59:04 +0100] "GET /rhn/manager/api/auth/logout HTTP/1.1" 200 16
172.16.3.5 - - [06/Mar/2026:11:59:05 +0100] "POST /rhn/manager/api/auth/login HTTP/1.1" 200 16
172.16.3.5 - - [06/Mar/2026:11:59:05 +0100] "POST /rhn/manager/api/user/addRole HTTP/1.1" 200 27
172.16.3.5 - - [06/Mar/2026:11:59:05 +0100] "GET /rhn/manager/api/auth/logout HTTP/1.1" 200 16
172.16.3.5 - - [06/Mar/2026:11:59:03 +0100] "POST /rhn/manager/api/user/create HTTP/1.1" 200 27
172.16.3.5 - - [06/Mar/2026:11:59:06 +0100] "POST /rhn/manager/api/auth/login HTTP/1.1" 200 16
172.16.3.5 - - [06/Mar/2026:11:59:06 +0100] "GET /rhn/manager/api/auth/logout HTTP/1.1" 200 16
172.16.3.5 - - [06/Mar/2026:11:59:04 +0100] "POST /rhn/manager/api/user/create HTTP/1.1" 200 27
172.16.3.5 - - [06/Mar/2026:11:59:06 +0100] "POST /rhn/manager/api/user/addRole HTTP/1.1" 200 27
172.16.3.5 - - [06/Mar/2026:11:59:06 +0100] "POST /rhn/manager/api/auth/login HTTP/1.1" 200 16
172.16.3.5 - - [06/Mar/2026:11:59:06 +0100] "GET /rhn/manager/api/auth/logout HTTP/1.1" 200 16
172.16.3.5 - - [06/Mar/2026:11:59:03 +0100] "POST /rhn/manager/api/user/create HTTP/1.1" 200 27
172.16.3.5 - - [06/Mar/2026:11:59:06 +0100] "GET /rhn/manager/api/auth/logout HTTP/1.1" 200 16
172.16.3.5 - - [06/Mar/2026:11:59:06 +0100] "POST /rhn/manager/api/auth/login HTTP/1.1" 200 16
172.16.3.5 - - [06/Mar/2026:11:59:06 +0100] "GET /rhn/manager/api/auth/logout HTTP/1.1" 200 16
172.16.3.5 - - [06/Mar/2026:11:59:06 +0100] "POST /rhn/manager/api/auth/login HTTP/1.1" 200 16
172.16.3.5 - - [06/Mar/2026:11:59:04 +0100] "POST /rhn/manager/api/user/create HTTP/1.1" 200 27
172.16.3.5 - - [06/Mar/2026:11:59:07 +0100] "POST /rhn/manager/api/auth/login HTTP/1.1" 200 16
172.16.3.5 - - [06/Mar/2026:11:59:06 +0100] "POST /rhn/manager/api/user/addRole HTTP/1.1" 200 27
172.16.3.5 - - [06/Mar/2026:11:59:07 +0100] "GET /rhn/manager/api/auth/logout HTTP/1.1" 200 16
172.16.3.5 - - [06/Mar/2026:11:59:07 +0100] "POST /rhn/manager/api/user/addRole HTTP/1.1" 200 27
172.16.3.5 - - [06/Mar/2026:11:59:06 +0100] "POST /rhn/manager/api/user/addRole HTTP/1.1" 200 27
172.16.3.5 - - [06/Mar/2026:11:59:07 +0100] "GET /rhn/manager/api/auth/logout HTTP/1.1" 200 16
172.16.3.5 - - [06/Mar/2026:11:59:07 +0100] "POST /rhn/manager/api/auth/login HTTP/1.1" 200 16
172.16.3.5 - - [06/Mar/2026:11:59:07 +0100] "GET /rhn/manager/api/auth/logout HTTP/1.1" 200 16
172.16.3.5 - - [06/Mar/2026:11:59:07 +0100] "GET /rhn/manager/api/auth/logout HTTP/1.1" 200 16
172.16.3.5 - - [06/Mar/2026:11:59:07 +0100] "POST /rhn/manager/api/auth/login HTTP/1.1" 200 16
172.16.3.5 - - [06/Mar/2026:11:59:07 +0100] "POST /rhn/manager/api/auth/login HTTP/1.1" 200 16
172.16.3.5 - - [06/Mar/2026:11:59:07 +0100] "POST /rhn/manager/api/user/addRole HTTP/1.1" 200 27
172.16.3.5 - - [06/Mar/2026:11:59:07 +0100] "POST /rhn/manager/api/auth/login HTTP/1.1" 200 16
172.16.3.5 - - [06/Mar/2026:11:59:08 +0100] "GET /rhn/manager/api/auth/logout HTTP/1.1" 200 16
172.16.3.5 - - [06/Mar/2026:11:59:07 +0100] "POST /rhn/manager/api/user/addRole HTTP/1.1" 200 27
172.16.3.5 - - [06/Mar/2026:11:59:08 +0100] "POST /rhn/manager/api/user/addRole HTTP/1.1" 200 27
172.16.3.5 - - [06/Mar/2026:11:59:07 +0100] "POST /rhn/manager/api/user/addRole HTTP/1.1" 200 27
172.16.3.5 - - [06/Mar/2026:11:59:08 +0100] "POST /rhn/manager/api/user/addRole HTTP/1.1" 200 27
172.16.3.5 - - [06/Mar/2026:11:59:08 +0100] "POST /rhn/manager/api/auth/login HTTP/1.1" 200 16
172.16.3.5 - - [06/Mar/2026:11:59:08 +0100] "GET /rhn/manager/api/auth/logout HTTP/1.1" 200 16
172.16.3.5 - - [06/Mar/2026:11:59:08 +0100] "GET /rhn/manager/api/auth/logout HTTP/1.1" 200 16
172.16.3.5 - - [06/Mar/2026:11:59:08 +0100] "GET /rhn/manager/api/auth/logout HTTP/1.1" 200 16
172.16.3.5 - - [06/Mar/2026:11:59:08 +0100] "GET /rhn/manager/api/auth/logout HTTP/1.1" 200 16
172.16.3.5 - - [06/Mar/2026:11:59:08 +0100] "POST /rhn/manager/api/auth/login HTTP/1.1" 200 16
172.16.3.5 - - [06/Mar/2026:11:59:08 +0100] "POST /rhn/manager/api/user/addRole HTTP/1.1" 200 27
172.16.3.5 - - [06/Mar/2026:11:59:08 +0100] "POST /rhn/manager/api/auth/login HTTP/1.1" 200 16
172.16.3.5 - - [06/Mar/2026:11:59:08 +0100] "POST /rhn/manager/api/auth/login HTTP/1.1" 200 16
172.16.3.5 - - [06/Mar/2026:11:59:08 +0100] "POST /rhn/manager/api/auth/login HTTP/1.1" 200 16
172.16.3.5 - - [06/Mar/2026:11:59:09 +0100] "GET /rhn/manager/api/auth/logout HTTP/1.1" 200 16
172.16.3.5 - - [06/Mar/2026:11:59:09 +0100] "POST /rhn/manager/api/user/addRole HTTP/1.1" 200 27
172.16.3.5 - - [06/Mar/2026:11:59:08 +0100] "POST /rhn/manager/api/user/addRole HTTP/1.1" 200 27
172.16.3.5 - - [06/Mar/2026:11:59:09 +0100] "POST /rhn/manager/api/user/addRole HTTP/1.1" 200 27
172.16.3.5 - - [06/Mar/2026:11:59:09 +0100] "POST /rhn/manager/api/auth/login HTTP/1.1" 200 16
172.16.3.5 - - [06/Mar/2026:11:59:09 +0100] "POST /rhn/manager/api/user/addRole HTTP/1.1" 200 27
172.16.3.5 - - [06/Mar/2026:11:59:09 +0100] "GET /rhn/manager/api/auth/logout HTTP/1.1" 200 16
172.16.3.5 - - [06/Mar/2026:11:59:09 +0100] "GET /rhn/manager/api/auth/logout HTTP/1.1" 200 16
172.16.3.5 - - [06/Mar/2026:11:59:09 +0100] "GET /rhn/manager/api/auth/logout HTTP/1.1" 200 16
172.16.3.5 - - [06/Mar/2026:11:59:09 +0100] "GET /rhn/manager/api/auth/logout HTTP/1.1" 200 16
172.16.3.5 - - [06/Mar/2026:11:59:09 +0100] "POST /rhn/manager/api/user/addRole HTTP/1.1" 200 27
172.16.3.5 - - [06/Mar/2026:11:59:09 +0100] "POST /rhn/manager/api/auth/login HTTP/1.1" 200 16
172.16.3.5 - - [06/Mar/2026:11:59:09 +0100] "POST /rhn/manager/api/auth/login HTTP/1.1" 200 16
172.16.3.5 - - [06/Mar/2026:11:59:09 +0100] "POST /rhn/manager/api/auth/login HTTP/1.1" 200 16
172.16.3.5 - - [06/Mar/2026:11:59:09 +0100] "POST /rhn/manager/api/auth/login HTTP/1.1" 200 16
172.16.3.5 - - [06/Mar/2026:11:59:09 +0100] "GET /rhn/manager/api/auth/logout HTTP/1.1" 200 16
172.16.3.5 - - [06/Mar/2026:11:59:09 +0100] "POST /rhn/manager/api/user/addRole HTTP/1.1" 200 27
172.16.3.5 - - [06/Mar/2026:11:59:09 +0100] "POST /rhn/manager/api/user/addRole HTTP/1.1" 200 27
172.16.3.5 - - [06/Mar/2026:11:59:09 +0100] "POST /rhn/manager/api/user/addRole HTTP/1.1" 200 27
172.16.3.5 - - [06/Mar/2026:11:59:10 +0100] "POST /rhn/manager/api/auth/login HTTP/1.1" 200 16
172.16.3.5 - - [06/Mar/2026:11:59:10 +0100] "GET /rhn/manager/api/auth/logout HTTP/1.1" 200 16
172.16.3.5 - - [06/Mar/2026:11:59:10 +0100] "GET /rhn/manager/api/auth/logout HTTP/1.1" 200 16
172.16.3.5 - - [06/Mar/2026:11:59:09 +0100] "POST /rhn/manager/api/user/addRole HTTP/1.1" 200 27
172.16.3.5 - - [06/Mar/2026:11:59:10 +0100] "GET /rhn/manager/api/auth/logout HTTP/1.1" 200 16
172.16.3.5 - - [06/Mar/2026:11:59:10 +0100] "POST /rhn/manager/api/auth/login HTTP/1.1" 200 16
172.16.3.5 - - [06/Mar/2026:11:59:10 +0100] "GET /rhn/manager/api/auth/logout HTTP/1.1" 200 16
172.16.3.5 - - [06/Mar/2026:11:59:10 +0100] "POST /rhn/manager/api/auth/login HTTP/1.1" 200 16
172.16.3.5 - - [06/Mar/2026:11:59:10 +0100] "POST /rhn/manager/api/user/addRole HTTP/1.1" 200 27
172.16.3.5 - - [06/Mar/2026:11:59:10 +0100] "POST /rhn/manager/api/auth/login HTTP/1.1" 200 16
172.16.3.5 - - [06/Mar/2026:11:59:10 +0100] "GET /rhn/manager/api/auth/logout HTTP/1.1" 200 16
172.16.3.5 - - [06/Mar/2026:11:59:10 +0100] "POST /rhn/manager/api/user/addRole HTTP/1.1" 200 27
172.16.3.5 - - [06/Mar/2026:11:59:10 +0100] "POST /rhn/manager/api/user/addRole HTTP/1.1" 200 27
172.16.3.5 - - [06/Mar/2026:11:59:11 +0100] "POST /rhn/manager/api/auth/login HTTP/1.1" 200 16
172.16.3.5 - - [06/Mar/2026:11:59:11 +0100] "GET /rhn/manager/api/auth/logout HTTP/1.1" 200 16
172.16.3.5 - - [06/Mar/2026:11:59:11 +0100] "GET /rhn/manager/api/auth/logout HTTP/1.1" 200 16
172.16.3.5 - - [06/Mar/2026:11:59:10 +0100] "POST /rhn/manager/api/user/addRole HTTP/1.1" 200 27
172.16.3.5 - - [06/Mar/2026:11:59:11 +0100] "POST /rhn/manager/api/auth/login HTTP/1.1" 200 16
172.16.3.5 - - [06/Mar/2026:11:59:11 +0100] "POST /rhn/manager/api/auth/login HTTP/1.1" 200 16
172.16.3.5 - - [06/Mar/2026:11:59:11 +0100] "GET /rhn/manager/api/auth/logout HTTP/1.1" 200 16
172.16.3.5 - - [06/Mar/2026:11:59:11 +0100] "POST /rhn/manager/api/user/addRole HTTP/1.1" 200 27
172.16.3.5 - - [06/Mar/2026:11:59:11 +0100] "GET /rhn/manager/api/auth/logout HTTP/1.1" 200 16
172.16.3.5 - - [06/Mar/2026:11:59:11 +0100] "POST /rhn/manager/api/auth/login HTTP/1.1" 200 16
172.16.3.5 - - [06/Mar/2026:11:59:11 +0100] "POST /rhn/manager/api/user/addRole HTTP/1.1" 200 27
172.16.3.5 - - [06/Mar/2026:11:59:11 +0100] "POST /rhn/manager/api/user/addRole HTTP/1.1" 200 27
172.16.3.5 - - [06/Mar/2026:11:59:11 +0100] "GET /rhn/manager/api/auth/logout HTTP/1.1" 200 16
172.16.3.5 - - [06/Mar/2026:11:59:11 +0100] "POST /rhn/manager/api/auth/login HTTP/1.1" 200 16
172.16.3.5 - - [06/Mar/2026:11:59:11 +0100] "GET /rhn/manager/api/auth/logout HTTP/1.1" 200 16
172.16.3.5 - - [06/Mar/2026:11:59:11 +0100] "POST /rhn/manager/api/user/addRole HTTP/1.1" 200 27
172.16.3.5 - - [06/Mar/2026:11:59:11 +0100] "POST /rhn/manager/api/user/addRole HTTP/1.1" 200 27
172.16.3.5 - - [06/Mar/2026:11:59:11 +0100] "POST /rhn/manager/api/auth/login HTTP/1.1" 200 16
172.16.3.5 - - [06/Mar/2026:11:59:12 +0100] "GET /rhn/manager/api/auth/logout HTTP/1.1" 200 16
172.16.3.5 - - [06/Mar/2026:11:59:12 +0100] "GET /rhn/manager/api/auth/logout HTTP/1.1" 200 16
172.16.3.5 - - [06/Mar/2026:11:59:12 +0100] "POST /rhn/manager/api/user/addRole HTTP/1.1" 200 27
172.16.3.5 - - [06/Mar/2026:11:59:12 +0100] "GET /rhn/manager/api/auth/logout HTTP/1.1" 200 16
172.16.3.5 - - [06/Mar/2026:11:59:36 +0100] "GET /rhn/manager/login HTTP/1.1" 200 2219
172.16.3.5 - - [06/Mar/2026:11:59:37 +0100] "POST /rhn/manager/frontend-log HTTP/1.1" 302 -
172.16.3.5 - - [06/Mar/2026:11:59:37 +0100] "GET /rhn/manager/login?url_bounce=%2Frhn%2Fmanager%2Ffrontend-log&request_method=POST HTTP/1.1" 200 2223
172.16.3.5 - - [06/Mar/2026:11:59:38 +0100] "GET /rhn/manager/login HTTP/1.1" 200 2221
172.16.3.5 - - [06/Mar/2026:11:59:38 +0100] "POST /rhn/manager/frontend-log HTTP/1.1" 302 -
172.16.3.5 - - [06/Mar/2026:11:59:38 +0100] "GET /rhn/manager/login?url_bounce=%2Frhn%2Fmanager%2Ffrontend-log&request_method=POST HTTP/1.1" 200 2225
::1 - - [06/Mar/2026:11:59:43 +0100] "GET /rhn/manager/login HTTP/1.1" 302 -
172.16.3.5 - - [06/Mar/2026:11:59:46 +0100] "GET /rhn/manager/login HTTP/1.1" 200 2221
172.16.3.5 - - [06/Mar/2026:11:59:47 +0100] "GET /rhn/manager/login HTTP/1.1" 200 2221
172.16.3.5 - - [06/Mar/2026:11:59:47 +0100] "POST /rhn/manager/api/login HTTP/1.1" 200 16
172.16.3.5 - - [06/Mar/2026:11:59:47 +0100] "GET /rhn/YourRhn.do HTTP/1.1" 200 36306
172.16.3.5 - - [06/Mar/2026:11:59:47 +0100] "POST /rhn/manager/frontend-log HTTP/1.1" 401 687
172.16.3.5 - - [06/Mar/2026:11:59:48 +0100] "POST /rhn/manager/frontend-log HTTP/1.1" 302 -
172.16.3.5 - - [06/Mar/2026:11:59:48 +0100] "GET /rhn/manager/login?url_bounce=%2Frhn%2Fmanager%2Ffrontend-log&request_method=POST HTTP/1.1" 200 2223
172.16.3.5 - - [06/Mar/2026:11:59:48 +0100] "POST /rhn/ajax/tasks HTTP/1.1" 200 2232
172.16.3.5 - - [06/Mar/2026:11:59:48 +0100] "POST /rhn/ajax/latest-errata HTTP/1.1" 200 539
172.16.3.5 - - [06/Mar/2026:11:59:48 +0100] "POST /rhn/ajax/critical-systems HTTP/1.1" 200 2025
172.16.3.5 - - [06/Mar/2026:11:59:48 +0100] "POST /rhn/ajax/subscription-warning HTTP/1.1" 200 -
172.16.3.5 - - [06/Mar/2026:11:59:48 +0100] "POST /rhn/ajax/pending-actions HTTP/1.1" 200 3272
172.16.3.5 - - [06/Mar/2026:11:59:48 +0100] "POST /rhn/ajax/systems-groups HTTP/1.1" 200 1490
172.16.3.5 - - [06/Mar/2026:11:59:48 +0100] "POST /rhn/ajax/inactive-systems HTTP/1.1" 200 540
172.16.3.5 - - [06/Mar/2026:11:59:48 +0100] "POST /rhn/ajax/recent-systems HTTP/1.1" 200 3173
172.16.3.5 - - [06/Mar/2026:11:59:48 +0100] "POST /rhn/manager/frontend-log HTTP/1.1" 200 16
172.16.3.5 - - [06/Mar/2026:11:59:48 +0100] "POST /rhn/manager/frontend-log HTTP/1.1" 302 -
172.16.3.5 - - [06/Mar/2026:11:59:48 +0100] "GET /rhn/manager/login?url_bounce=%2Frhn%2Fmanager%2Ffrontend-log&request_method=POST HTTP/1.1" 200 2223
172.16.3.5 - - [06/Mar/2026:11:59:49 +0100] "POST /rhn/manager/api/login HTTP/1.1" 200 16
127.0.0.1 - - [06/Mar/2026:11:59:49 +0100] "GET /rhn/websocket/notifications HTTP/1.1" 101 -
172.16.3.5 - - [06/Mar/2026:11:59:49 +0100] "GET /rhn/manager/login HTTP/1.1" 200 2221
172.16.3.5 - - [06/Mar/2026:11:59:49 +0100] "GET /rhn/manager/systems/bootstrap HTTP/1.1" 200 34641
172.16.3.5 - - [06/Mar/2026:11:59:49 +0100] "GET /rhn/YourRhn.do HTTP/1.1" 200 36306
172.16.3.5 - - [06/Mar/2026:11:59:49 +0100] "POST /rhn/manager/frontend-log HTTP/1.1" 200 16
172.16.3.5 - - [06/Mar/2026:11:59:49 +0100] "POST /rhn/manager/frontend-log HTTP/1.1" 401 687
172.16.3.5 - - [06/Mar/2026:11:59:49 +0100] "POST /rhn/ajax/subscription-warning HTTP/1.1" 200 -
172.16.3.5 - - [06/Mar/2026:11:59:49 +0100] "POST /rhn/ajax/inactive-systems HTTP/1.1" 200 540
172.16.3.5 - - [06/Mar/2026:11:59:49 +0100] "POST /rhn/ajax/tasks HTTP/1.1" 200 2232
172.16.3.5 - - [06/Mar/2026:11:59:49 +0100] "POST /rhn/ajax/critical-systems HTTP/1.1" 200 2026
172.16.3.5 - - [06/Mar/2026:11:59:49 +0100] "POST /rhn/ajax/pending-actions HTTP/1.1" 200 3272
172.16.3.5 - - [06/Mar/2026:11:59:50 +0100] "POST /rhn/manager/frontend-log HTTP/1.1" 302 -
172.16.3.5 - - [06/Mar/2026:11:59:50 +0100] "POST /rhn/ajax/systems-groups HTTP/1.1" 200 1491
172.16.3.5 - - [06/Mar/2026:11:59:50 +0100] "POST /rhn/ajax/latest-errata HTTP/1.1" 200 539
127.0.0.1 - - [06/Mar/2026:11:59:50 +0100] "GET /rhn/websocket/notifications HTTP/1.1" 101 -
172.16.3.5 - - [06/Mar/2026:11:59:50 +0100] "GET /rhn/manager/login?url_bounce=%2Frhn%2Fmanager%2Ffrontend-log&request_method=POST HTTP/1.1" 200 2223
172.16.3.5 - - [06/Mar/2026:11:59:50 +0100] "POST /rhn/manager/frontend-log HTTP/1.1" 200 16
172.16.3.5 - - [06/Mar/2026:11:59:50 +0100] "POST /rhn/ajax/recent-systems HTTP/1.1" 200 3174
127.0.0.1 - - [06/Mar/2026:11:59:50 +0100] "GET /rhn/websocket/notifications HTTP/1.1" 101 -
127.0.0.1 - - [06/Mar/2026:11:59:50 +0100] "GET /rhn/websocket/notifications HTTP/1.1" 101 -
172.16.3.5 - - [06/Mar/2026:11:59:50 +0100] "GET /rhn/manager/systems/bootstrap HTTP/1.1" 200 34643
127.0.0.1 - - [06/Mar/2026:11:59:50 +0100] "GET /rhn/websocket/notifications HTTP/1.1" 101 -
172.16.3.5 - - [06/Mar/2026:11:59:50 +0100] "POST /rhn/manager/frontend-log HTTP/1.1" 200 16
172.16.3.7 - - [06/Mar/2026:11:59:57 +0100] "GET /rhn/errors/404.jsp HTTP/1.1" 404 4500
172.16.3.7 - - [06/Mar/2026:11:59:57 +0100] "GET /rhn/errors/404.jsp HTTP/1.1" 404 4500
172.16.3.5 - - [06/Mar/2026:11:59:58 +0100] "POST /rhn/manager/api/login HTTP/1.1" 200 16
172.16.3.5 - - [06/Mar/2026:11:59:58 +0100] "GET /rhn/YourRhn.do HTTP/1.1" 200 36306
172.16.3.5 - - [06/Mar/2026:11:59:58 +0100] "POST /rhn/manager/frontend-log HTTP/1.1" 401 687
172.16.3.5 - - [06/Mar/2026:11:59:59 +0100] "POST /rhn/ajax/subscription-warning HTTP/1.1" 200 -
127.0.0.1 - - [06/Mar/2026:11:59:59 +0100] "GET /rhn/websocket/notifications HTTP/1.1" 101 -
172.16.3.5 - - [06/Mar/2026:11:59:59 +0100] "POST /rhn/ajax/inactive-systems HTTP/1.1" 200 540
172.16.3.5 - - [06/Mar/2026:11:59:59 +0100] "POST /rhn/ajax/pending-actions HTTP/1.1" 200 3272
172.16.3.5 - - [06/Mar/2026:11:59:59 +0100] "POST /rhn/ajax/critical-systems HTTP/1.1" 200 2026
172.16.3.5 - - [06/Mar/2026:11:59:59 +0100] "POST /rhn/ajax/tasks HTTP/1.1" 200 2232
172.16.3.5 - - [06/Mar/2026:11:59:59 +0100] "POST /rhn/ajax/latest-errata HTTP/1.1" 200 539
172.16.3.5 - - [06/Mar/2026:11:59:59 +0100] "POST /rhn/manager/api/login HTTP/1.1" 200 16
172.16.3.5 - - [06/Mar/2026:11:59:59 +0100] "POST /rhn/manager/frontend-log HTTP/1.1" 401 687
127.0.0.1 - - [06/Mar/2026:11:59:59 +0100] "GET /rhn/websocket/notifications HTTP/1.1" 101 -
172.16.3.5 - - [06/Mar/2026:11:59:59 +0100] "POST /rhn/ajax/systems-groups HTTP/1.1" 200 1491
172.16.3.5 - - [06/Mar/2026:11:59:59 +0100] "POST /rhn/ajax/recent-systems HTTP/1.1" 200 3174
172.16.3.5 - - [06/Mar/2026:12:00:00 +0100] "GET /rhn/YourRhn.do HTTP/1.1" 200 36306
172.16.3.5 - - [06/Mar/2026:12:00:00 +0100] "GET /rhn/manager/systems/bootstrap HTTP/1.1" 200 34643
172.16.3.5 - - [06/Mar/2026:12:00:00 +0100] "POST /rhn/manager/api/login HTTP/1.1" 200 16
172.16.3.5 - - [06/Mar/2026:12:00:00 +0100] "POST /rhn/manager/frontend-log HTTP/1.1" 401 687
127.0.0.1 - - [06/Mar/2026:12:00:00 +0100] "GET /rhn/websocket/notifications HTTP/1.1" 101 -
172.16.3.5 - - [06/Mar/2026:12:00:00 +0100] "POST /rhn/manager/frontend-log HTTP/1.1" 200 16
172.16.3.5 - - [06/Mar/2026:12:00:00 +0100] "GET /rhn/YourRhn.do HTTP/1.1" 200 36306
127.0.0.1 - - [06/Mar/2026:12:00:01 +0100] "GET /rhn/websocket/notifications HTTP/1.1" 101 -
172.16.3.5 - - [06/Mar/2026:12:00:00 +0100] "POST /rhn/ajax/pending-actions HTTP/1.1" 200 3272
172.16.3.5 - - [06/Mar/2026:12:00:00 +0100] "POST /rhn/ajax/latest-errata HTTP/1.1" 200 539
172.16.3.5 - - [06/Mar/2026:12:00:00 +0100] "POST /rhn/ajax/inactive-systems HTTP/1.1" 200 540
172.16.3.5 - - [06/Mar/2026:12:00:00 +0100] "POST /rhn/ajax/subscription-warning HTTP/1.1" 200 -
172.16.3.5 - - [06/Mar/2026:12:00:00 +0100] "POST /rhn/ajax/tasks HTTP/1.1" 200 2232
172.16.3.5 - - [06/Mar/2026:12:00:00 +0100] "POST /rhn/ajax/critical-systems HTTP/1.1" 200 2025
127.0.0.1 - - [06/Mar/2026:12:00:01 +0100] "GET /rhn/websocket/notifications HTTP/1.1" 101 -
172.16.3.5 - - [06/Mar/2026:12:00:01 +0100] "POST /rhn/manager/frontend-log HTTP/1.1" 401 687
172.16.3.5 - - [06/Mar/2026:12:00:01 +0100] "POST /rhn/ajax/systems-groups HTTP/1.1" 200 1490
172.16.3.5 - - [06/Mar/2026:12:00:01 +0100] "POST /rhn/ajax/recent-systems HTTP/1.1" 200 3173
172.16.3.5 - - [06/Mar/2026:12:00:01 +0100] "POST /rhn/ajax/subscription-warning HTTP/1.1" 200 -
172.16.3.5 - - [06/Mar/2026:12:00:01 +0100] "POST /rhn/ajax/inactive-systems HTTP/1.1" 200 540
172.16.3.5 - - [06/Mar/2026:12:00:01 +0100] "POST /rhn/ajax/tasks HTTP/1.1" 200 2232
172.16.3.5 - - [06/Mar/2026:12:00:01 +0100] "POST /rhn/ajax/critical-systems HTTP/1.1" 200 2025
172.16.3.5 - - [06/Mar/2026:12:00:02 +0100] "POST /rhn/ajax/systems-groups HTTP/1.1" 200 1490
172.16.3.5 - - [06/Mar/2026:12:00:01 +0100] "POST /rhn/ajax/latest-errata HTTP/1.1" 200 539
127.0.0.1 - - [06/Mar/2026:12:00:01 +0100] "GET /rhn/websocket/notifications HTTP/1.1" 101 -
172.16.3.7 - - [06/Mar/2026:12:00:02 +0100] "GET /rhn/errors/404.jsp HTTP/1.1" 404 4500
172.16.3.5 - - [06/Mar/2026:12:00:01 +0100] "POST /rhn/manager/frontend-log HTTP/1.1" 401 687
172.16.3.5 - - [06/Mar/2026:12:00:01 +0100] "POST /rhn/ajax/pending-actions HTTP/1.1" 200 3272
172.16.3.5 - - [06/Mar/2026:12:00:02 +0100] "POST /rhn/manager/frontend-log HTTP/1.1" 401 687
172.16.3.5 - - [06/Mar/2026:12:00:02 +0100] "POST /rhn/ajax/recent-systems HTTP/1.1" 200 3173
172.16.3.5 - - [06/Mar/2026:12:00:02 +0100] "GET /rhn/manager/systems/bootstrap HTTP/1.1" 200 34641
127.0.0.1 - - [06/Mar/2026:12:00:02 +0100] "GET /rhn/websocket/notifications HTTP/1.1" 101 -
127.0.0.1 - - [06/Mar/2026:12:00:03 +0100] "GET /rhn/websocket/notifications HTTP/1.1" 101 -
172.16.3.5 - - [06/Mar/2026:12:00:02 +0100] "GET /rhn/manager/systems/bootstrap HTTP/1.1" 200 34641
172.16.3.5 - - [06/Mar/2026:12:00:03 +0100] "POST /rhn/manager/frontend-log HTTP/1.1" 200 16
127.0.0.1 - - [06/Mar/2026:12:00:03 +0100] "GET /rhn/websocket/notifications HTTP/1.1" 101 -
172.16.3.5 - - [06/Mar/2026:12:00:03 +0100] "POST /rhn/manager/frontend-log HTTP/1.1" 200 16
172.16.3.7 - - [06/Mar/2026:12:00:12 +0100] "GET /rhn/errors/404.jsp HTTP/1.1" 404 4500
172.16.3.7 - - [06/Mar/2026:12:00:13 +0100] "GET /rhn/errors/404.jsp HTTP/1.1" 404 4500
172.16.3.7 - - [06/Mar/2026:12:00:14 +0100] "GET /rhn/errors/404.jsp HTTP/1.1" 404 4500
172.16.3.5 - - [06/Mar/2026:11:59:58 +0100] "POST /rhn/manager/api/systems/bootstrap HTTP/1.1" 200 28
172.16.3.7 - - [06/Mar/2026:12:00:33 +0100] "GET /rhn/errors/404.jsp HTTP/1.1" 404 4500
172.16.3.7 - - [06/Mar/2026:12:00:33 +0100] "GET /rhn/errors/404.jsp HTTP/1.1" 404 4500
172.16.3.5 - - [06/Mar/2026:12:00:33 +0100] "GET /rhn/manager/systems/list/all HTTP/1.1" 200 34441
127.0.0.1 - - [06/Mar/2026:12:00:33 +0100] "GET /rhn/websocket/notifications HTTP/1.1" 101 -
172.16.3.5 - - [06/Mar/2026:12:00:33 +0100] "POST /rhn/manager/frontend-log HTTP/1.1" 200 16
172.16.3.5 - - [06/Mar/2026:12:00:34 +0100] "GET /rhn/manager/api/systems/list/all?p=1&ps=100&s=1&sc=server_name HTTP/1.1" 200 789
172.16.3.5 - - [06/Mar/2026:12:00:34 +0100] "POST /rhn/manager/api/sets/system_list HTTP/1.1" 200 1
172.16.3.5 - - [06/Mar/2026:11:59:55 +0100] "POST /rhn/manager/api/systems/bootstrap HTTP/1.1" 200 28
172.16.3.5 - - [06/Mar/2026:12:00:35 +0100] "GET /rhn/manager/systems/list/all HTTP/1.1" 200 34439
127.0.0.1 - - [06/Mar/2026:12:00:35 +0100] "GET /rhn/websocket/notifications HTTP/1.1" 101 -
172.16.3.5 - - [06/Mar/2026:12:00:35 +0100] "POST /rhn/manager/frontend-log HTTP/1.1" 200 16
172.16.3.5 - - [06/Mar/2026:12:00:36 +0100] "GET /rhn/manager/api/systems/list/all?p=1&ps=100&s=1&sc=server_name HTTP/1.1" 200 789
172.16.3.5 - - [06/Mar/2026:12:00:36 +0100] "POST /rhn/manager/api/sets/system_list HTTP/1.1" 200 1
172.16.3.7 - - [06/Mar/2026:12:00:38 +0100] "GET /rhn/errors/404.jsp HTTP/1.1" 404 4500
172.16.3.7 - - [06/Mar/2026:12:00:38 +0100] "GET /rhn/errors/404.jsp HTTP/1.1" 404 4500
172.16.3.5 - - [06/Mar/2026:12:00:40 +0100] "GET /rhn/manager/systems/list/all HTTP/1.1" 200 34441
172.16.3.5 - - [06/Mar/2026:12:00:41 +0100] "POST /rhn/manager/frontend-log HTTP/1.1" 200 16
127.0.0.1 - - [06/Mar/2026:12:00:41 +0100] "GET /rhn/websocket/notifications HTTP/1.1" 101 -
127.0.0.1 - - [06/Mar/2026:12:00:41 +0100] "GET /rhn/websocket/notifications HTTP/1.1" 101 -
172.16.3.5 - - [06/Mar/2026:12:00:41 +0100] "POST /rhn/manager/frontend-log HTTP/1.1" 200 16
172.16.3.5 - - [06/Mar/2026:12:00:41 +0100] "GET /rhn/manager/api/systems/list/all?p=1&ps=100&s=1&sc=server_name HTTP/1.1" 200 789
172.16.3.5 - - [06/Mar/2026:12:00:41 +0100] "POST /rhn/manager/api/sets/system_list HTTP/1.1" 200 1
172.16.3.5 - - [06/Mar/2026:12:00:43 +0100] "GET /rhn/manager/systems/list/all HTTP/1.1" 200 34439
172.16.3.5 - - [06/Mar/2026:12:00:43 +0100] "POST /rhn/manager/frontend-log HTTP/1.1" 200 16
127.0.0.1 - - [06/Mar/2026:12:00:43 +0100] "GET /rhn/websocket/notifications HTTP/1.1" 101 -
127.0.0.1 - - [06/Mar/2026:12:00:43 +0100] "GET /rhn/websocket/notifications HTTP/1.1" 101 -
172.16.3.5 - - [06/Mar/2026:12:00:43 +0100] "POST /rhn/manager/frontend-log HTTP/1.1" 200 16
172.16.3.5 - - [06/Mar/2026:12:00:43 +0100] "GET /rhn/manager/api/systems/list/all?p=1&ps=100&s=1&sc=server_name HTTP/1.1" 200 789
172.16.3.5 - - [06/Mar/2026:12:00:44 +0100] "POST /rhn/manager/api/sets/system_list HTTP/1.1" 200 1
::1 - - [06/Mar/2026:12:00:46 +0100] "GET /rhn/manager/login HTTP/1.1" 302 -
172.16.3.5 - - [06/Mar/2026:12:00:05 +0100] "POST /rhn/manager/api/systems/bootstrap HTTP/1.1" 200 28
172.16.3.5 - - [06/Mar/2026:12:00:47 +0100] "GET /rhn/manager/systems/keys HTTP/1.1" 200 34293
127.0.0.1 - - [06/Mar/2026:12:00:47 +0100] "GET /rhn/websocket/notifications HTTP/1.1" 101 -
172.16.3.5 - - [06/Mar/2026:12:00:47 +0100] "POST /rhn/manager/frontend-log HTTP/1.1" 200 16
172.16.3.5 - - [06/Mar/2026:12:00:48 +0100] "GET /rhn/manager/api/systems/keys HTTP/1.1" 200 949
172.16.3.5 - - [06/Mar/2026:12:00:08 +0100] "POST /rhn/manager/api/systems/bootstrap HTTP/1.1" 200 28
172.16.3.5 - - [06/Mar/2026:12:00:48 +0100] "GET /rhn/manager/systems/list/all HTTP/1.1" 200 34441
127.0.0.1 - - [06/Mar/2026:12:00:49 +0100] "GET /rhn/websocket/notifications HTTP/1.1" 101 -
172.16.3.5 - - [06/Mar/2026:12:00:49 +0100] "GET /rhn/manager/systems/keys HTTP/1.1" 200 34291
172.16.3.5 - - [06/Mar/2026:12:00:49 +0100] "POST /rhn/manager/frontend-log HTTP/1.1" 200 16
127.0.0.1 - - [06/Mar/2026:12:00:49 +0100] "GET /rhn/websocket/notifications HTTP/1.1" 101 -
172.16.3.5 - - [06/Mar/2026:12:00:49 +0100] "POST /rhn/manager/frontend-log HTTP/1.1" 200 16
172.16.3.5 - - [06/Mar/2026:12:00:49 +0100] "GET /rhn/manager/api/systems/list/all?p=1&ps=100&s=1&sc=server_name HTTP/1.1" 200 789
172.16.3.5 - - [06/Mar/2026:12:00:49 +0100] "GET /rhn/manager/api/systems/keys HTTP/1.1" 200 949
172.16.3.5 - - [06/Mar/2026:12:00:50 +0100] "POST /rhn/manager/api/sets/system_list HTTP/1.1" 200 1
172.16.3.5 - - [06/Mar/2026:12:00:50 +0100] "GET /rhn/manager/systems/list/all HTTP/1.1" 200 34439
127.0.0.1 - - [06/Mar/2026:12:00:51 +0100] "GET /rhn/websocket/notifications HTTP/1.1" 101 -
172.16.3.5 - - [06/Mar/2026:12:00:51 +0100] "POST /rhn/manager/frontend-log HTTP/1.1" 200 16
172.16.3.5 - - [06/Mar/2026:12:00:51 +0100] "GET /rhn/manager/api/systems/list/all?p=1&ps=100&s=1&sc=server_name HTTP/1.1" 200 789
172.16.3.5 - - [06/Mar/2026:12:00:51 +0100] "POST /rhn/manager/api/sets/system_list HTTP/1.1" 200 1
172.16.3.5 - - [06/Mar/2026:12:00:53 +0100] "GET /rhn/manager/systems/list/all HTTP/1.1" 200 34441
172.16.3.5 - - [06/Mar/2026:12:00:53 +0100] "POST /rhn/manager/frontend-log HTTP/1.1" 200 16
127.0.0.1 - - [06/Mar/2026:12:00:54 +0100] "GET /rhn/websocket/notifications HTTP/1.1" 101 -
127.0.0.1 - - [06/Mar/2026:12:00:54 +0100] "GET /rhn/websocket/notifications HTTP/1.1" 101 -
172.16.3.5 - - [06/Mar/2026:12:00:54 +0100] "POST /rhn/manager/frontend-log HTTP/1.1" 200 16
172.16.3.5 - - [06/Mar/2026:12:00:54 +0100] "GET /rhn/manager/api/systems/list/all?p=1&ps=100&s=1&sc=server_name HTTP/1.1" 200 789
172.16.3.5 - - [06/Mar/2026:12:00:54 +0100] "POST /rhn/manager/api/sets/system_list HTTP/1.1" 200 1
172.16.3.5 - - [06/Mar/2026:12:00:54 +0100] "GET /rhn/manager/systems/list/all HTTP/1.1" 200 34441
172.16.3.7 - - [06/Mar/2026:12:00:55 +0100] "HEAD /rhn/manager/download/devel-rh-like-channel/repodata/repomd.xml?eyJhbGciOiJIUzI1NiJ9.eyJqdGkiOiJLM2xGOGN4dTl2cWZHMzRRNGp3VmpnIiwiZXhwIjoxODA0MzMwODM5LCJpYXQiOjE3NzI3OTQ4MzksIm5iZiI6MTc3Mjc5NDcxOSwib3JnIjoxLCJvbmx5Q2hhbm5lbHMiOlsiZGV2ZWwtcmgtbGlrZS1jaGFubmVsIl19.6cNScv3FT9DSG8SCCCZ7jykvUVNmi588mQMN4JrkCXs HTTP/1.1" 200 -
172.16.3.5 - - [06/Mar/2026:12:00:55 +0100] "POST /rhn/manager/frontend-log HTTP/1.1" 200 16
127.0.0.1 - - [06/Mar/2026:12:00:55 +0100] "GET /rhn/websocket/notifications HTTP/1.1" 101 -
172.16.3.7 - - [06/Mar/2026:12:00:55 +0100] "GET /rhn/manager/download/devel-rh-like-channel/repodata/repomd.xml?eyJhbGciOiJIUzI1NiJ9.eyJqdGkiOiJLM2xGOGN4dTl2cWZHMzRRNGp3VmpnIiwiZXhwIjoxODA0MzMwODM5LCJpYXQiOjE3NzI3OTQ4MzksIm5iZiI6MTc3Mjc5NDcxOSwib3JnIjoxLCJvbmx5Q2hhbm5lbHMiOlsiZGV2ZWwtcmgtbGlrZS1jaGFubmVsIl19.6cNScv3FT9DSG8SCCCZ7jykvUVNmi588mQMN4JrkCXs HTTP/1.1" 200 3664
127.0.0.1 - - [06/Mar/2026:12:00:55 +0100] "GET /rhn/websocket/notifications HTTP/1.1" 101 -
172.16.3.5 - - [06/Mar/2026:12:00:55 +0100] "POST /rhn/manager/frontend-log HTTP/1.1" 200 16
172.16.3.7 - - [06/Mar/2026:12:00:55 +0100] "HEAD /rhn/manager/download/devel-rh-like-channel/repodata/0402dbfd8a98e2377cb59e42655c83677fec6ba7-primary.xml.gz?eyJhbGciOiJIUzI1NiJ9.eyJqdGkiOiJLM2xGOGN4dTl2cWZHMzRRNGp3VmpnIiwiZXhwIjoxODA0MzMwODM5LCJpYXQiOjE3NzI3OTQ4MzksIm5iZiI6MTc3Mjc5NDcxOSwib3JnIjoxLCJvbmx5Q2hhbm5lbHMiOlsiZGV2ZWwtcmgtbGlrZS1jaGFubmVsIl19.6cNScv3FT9DSG8SCCCZ7jykvUVNmi588mQMN4JrkCXs HTTP/1.1" 200 -
172.16.3.7 - - [06/Mar/2026:12:00:55 +0100] "HEAD /rhn/manager/download/devel-rh-like-channel/repodata/03010c1d48651b70fe36d623c37b2ab26c994d79-filelists.xml.gz?eyJhbGciOiJIUzI1NiJ9.eyJqdGkiOiJLM2xGOGN4dTl2cWZHMzRRNGp3VmpnIiwiZXhwIjoxODA0MzMwODM5LCJpYXQiOjE3NzI3OTQ4MzksIm5iZiI6MTc3Mjc5NDcxOSwib3JnIjoxLCJvbmx5Q2hhbm5lbHMiOlsiZGV2ZWwtcmgtbGlrZS1jaGFubmVsIl19.6cNScv3FT9DSG8SCCCZ7jykvUVNmi588mQMN4JrkCXs HTTP/1.1" 200 -
172.16.3.7 - - [06/Mar/2026:12:00:55 +0100] "GET /rhn/manager/download/devel-rh-like-channel/repodata/0402dbfd8a98e2377cb59e42655c83677fec6ba7-primary.xml.gz?eyJhbGciOiJIUzI1NiJ9.eyJqdGkiOiJLM2xGOGN4dTl2cWZHMzRRNGp3VmpnIiwiZXhwIjoxODA0MzMwODM5LCJpYXQiOjE3NzI3OTQ4MzksIm5iZiI6MTc3Mjc5NDcxOSwib3JnIjoxLCJvbmx5Q2hhbm5lbHMiOlsiZGV2ZWwtcmgtbGlrZS1jaGFubmVsIl19.6cNScv3FT9DSG8SCCCZ7jykvUVNmi588mQMN4JrkCXs HTTP/1.1" 200 3664
172.16.3.5 - - [06/Mar/2026:12:00:55 +0100] "GET /rhn/manager/api/systems/list/all?p=1&ps=100&s=1&sc=server_name HTTP/1.1" 200 789
172.16.3.7 - - [06/Mar/2026:12:00:55 +0100] "GET /rhn/manager/download/devel-rh-like-channel/repodata/03010c1d48651b70fe36d623c37b2ab26c994d79-filelists.xml.gz?eyJhbGciOiJIUzI1NiJ9.eyJqdGkiOiJLM2xGOGN4dTl2cWZHMzRRNGp3VmpnIiwiZXhwIjoxODA0MzMwODM5LCJpYXQiOjE3NzI3OTQ4MzksIm5iZiI6MTc3Mjc5NDcxOSwib3JnIjoxLCJvbmx5Q2hhbm5lbHMiOlsiZGV2ZWwtcmgtbGlrZS1jaGFubmVsIl19.6cNScv3FT9DSG8SCCCZ7jykvUVNmi588mQMN4JrkCXs HTTP/1.1" 200 3664
172.16.3.5 - - [06/Mar/2026:12:00:55 +0100] "POST /rhn/manager/api/sets/system_list HTTP/1.1" 200 1
172.16.3.7 - - [06/Mar/2026:12:00:56 +0100] "HEAD /rhn/manager/download/fake-base-channel-rh-like/repodata/repomd.xml?eyJhbGciOiJIUzI1NiJ9.eyJqdGkiOiJHczVNeWdyc0FodUdfbnZkRHF0dkRBIiwiZXhwIjoxODA0MzMwODM5LCJpYXQiOjE3NzI3OTQ4MzksIm5iZiI6MTc3Mjc5NDcxOSwib3JnIjoxLCJvbmx5Q2hhbm5lbHMiOlsiZmFrZS1iYXNlLWNoYW5uZWwtcmgtbGlrZSJdfQ.udrQLLjHt-4tjo3oJtn2-Qyc-grPPxkHqUF39zkgpO4 HTTP/1.1" 200 -
172.16.3.7 - - [06/Mar/2026:12:00:56 +0100] "GET /rhn/manager/download/fake-base-channel-rh-like/repodata/repomd.xml?eyJhbGciOiJIUzI1NiJ9.eyJqdGkiOiJHczVNeWdyc0FodUdfbnZkRHF0dkRBIiwiZXhwIjoxODA0MzMwODM5LCJpYXQiOjE3NzI3OTQ4MzksIm5iZiI6MTc3Mjc5NDcxOSwib3JnIjoxLCJvbmx5Q2hhbm5lbHMiOlsiZmFrZS1iYXNlLWNoYW5uZWwtcmgtbGlrZSJdfQ.udrQLLjHt-4tjo3oJtn2-Qyc-grPPxkHqUF39zkgpO4 HTTP/1.1" 200 3664
172.16.3.7 - - [06/Mar/2026:12:00:56 +0100] "HEAD /rhn/manager/download/fake-base-channel-rh-like/repodata/2d4deb73146e4f1ab91a6a36803e3ca5a9190ca8-filelists.xml.gz?eyJhbGciOiJIUzI1NiJ9.eyJqdGkiOiJHczVNeWdyc0FodUdfbnZkRHF0dkRBIiwiZXhwIjoxODA0MzMwODM5LCJpYXQiOjE3NzI3OTQ4MzksIm5iZiI6MTc3Mjc5NDcxOSwib3JnIjoxLCJvbmx5Q2hhbm5lbHMiOlsiZmFrZS1iYXNlLWNoYW5uZWwtcmgtbGlrZSJdfQ.udrQLLjHt-4tjo3oJtn2-Qyc-grPPxkHqUF39zkgpO4 HTTP/1.1" 200 -
172.16.3.7 - - [06/Mar/2026:12:00:56 +0100] "HEAD /rhn/manager/download/fake-base-channel-rh-like/repodata/6a1f4129bf831ee1439dd2641e56ea4a3781322c-updateinfo.xml.gz?eyJhbGciOiJIUzI1NiJ9.eyJqdGkiOiJHczVNeWdyc0FodUdfbnZkRHF0dkRBIiwiZXhwIjoxODA0MzMwODM5LCJpYXQiOjE3NzI3OTQ4MzksIm5iZiI6MTc3Mjc5NDcxOSwib3JnIjoxLCJvbmx5Q2hhbm5lbHMiOlsiZmFrZS1iYXNlLWNoYW5uZWwtcmgtbGlrZSJdfQ.udrQLLjHt-4tjo3oJtn2-Qyc-grPPxkHqUF39zkgpO4 HTTP/1.1" 200 -
172.16.3.7 - - [06/Mar/2026:12:00:56 +0100] "GET /rhn/manager/download/fake-base-channel-rh-like/repodata/2d4deb73146e4f1ab91a6a36803e3ca5a9190ca8-filelists.xml.gz?eyJhbGciOiJIUzI1NiJ9.eyJqdGkiOiJHczVNeWdyc0FodUdfbnZkRHF0dkRBIiwiZXhwIjoxODA0MzMwODM5LCJpYXQiOjE3NzI3OTQ4MzksIm5iZiI6MTc3Mjc5NDcxOSwib3JnIjoxLCJvbmx5Q2hhbm5lbHMiOlsiZmFrZS1iYXNlLWNoYW5uZWwtcmgtbGlrZSJdfQ.udrQLLjHt-4tjo3oJtn2-Qyc-grPPxkHqUF39zkgpO4 HTTP/1.1" 200 3663
172.16.3.7 - - [06/Mar/2026:12:00:56 +0100] "GET /rhn/manager/download/fake-base-channel-rh-like/repodata/6a1f4129bf831ee1439dd2641e56ea4a3781322c-updateinfo.xml.gz?eyJhbGciOiJIUzI1NiJ9.eyJqdGkiOiJHczVNeWdyc0FodUdfbnZkRHF0dkRBIiwiZXhwIjoxODA0MzMwODM5LCJpYXQiOjE3NzI3OTQ4MzksIm5iZiI6MTc3Mjc5NDcxOSwib3JnIjoxLCJvbmx5Q2hhbm5lbHMiOlsiZmFrZS1iYXNlLWNoYW5uZWwtcmgtbGlrZSJdfQ.udrQLLjHt-4tjo3oJtn2-Qyc-grPPxkHqUF39zkgpO4 HTTP/1.1" 200 3664
172.16.3.7 - - [06/Mar/2026:12:00:56 +0100] "HEAD /rhn/manager/download/fake-base-channel-rh-like/repodata/2060bb767f7a911f454972e6172c81f47570fc70-primary.xml.gz?eyJhbGciOiJIUzI1NiJ9.eyJqdGkiOiJHczVNeWdyc0FodUdfbnZkRHF0dkRBIiwiZXhwIjoxODA0MzMwODM5LCJpYXQiOjE3NzI3OTQ4MzksIm5iZiI6MTc3Mjc5NDcxOSwib3JnIjoxLCJvbmx5Q2hhbm5lbHMiOlsiZmFrZS1iYXNlLWNoYW5uZWwtcmgtbGlrZSJdfQ.udrQLLjHt-4tjo3oJtn2-Qyc-grPPxkHqUF39zkgpO4 HTTP/1.1" 200 -
172.16.3.7 - - [06/Mar/2026:12:00:56 +0100] "GET /rhn/manager/download/fake-base-channel-rh-like/repodata/2060bb767f7a911f454972e6172c81f47570fc70-primary.xml.gz?eyJhbGciOiJIUzI1NiJ9.eyJqdGkiOiJHczVNeWdyc0FodUdfbnZkRHF0dkRBIiwiZXhwIjoxODA0MzMwODM5LCJpYXQiOjE3NzI3OTQ4MzksIm5iZiI6MTc3Mjc5NDcxOSwib3JnIjoxLCJvbmx5Q2hhbm5lbHMiOlsiZmFrZS1iYXNlLWNoYW5uZWwtcmgtbGlrZSJdfQ.udrQLLjHt-4tjo3oJtn2-Qyc-grPPxkHqUF39zkgpO4 HTTP/1.1" 200 3664
172.16.3.5 - - [06/Mar/2026:12:00:56 +0100] "GET /rhn/manager/systems/list/all HTTP/1.1" 200 34439
172.16.3.5 - - [06/Mar/2026:12:00:57 +0100] "POST /rhn/manager/frontend-log HTTP/1.1" 200 16
127.0.0.1 - - [06/Mar/2026:12:00:57 +0100] "GET /rhn/websocket/notifications HTTP/1.1" 101 -
172.16.3.5 - - [06/Mar/2026:12:00:57 +0100] "POST /rhn/manager/frontend-log HTTP/1.1" 200 16
127.0.0.1 - - [06/Mar/2026:12:00:57 +0100] "GET /rhn/websocket/notifications HTTP/1.1" 101 -
172.16.3.5 - - [06/Mar/2026:12:00:57 +0100] "GET /rhn/manager/api/systems/list/all?p=1&ps=100&s=1&sc=server_name HTTP/1.1" 200 789
172.16.3.5 - - [06/Mar/2026:12:00:57 +0100] "POST /rhn/manager/api/sets/system_list HTTP/1.1" 200 1
172.16.3.5 - - [06/Mar/2026:12:00:58 +0100] "GET /rhn/manager/systems/list/all HTTP/1.1" 200 34439
172.16.3.5 - - [06/Mar/2026:12:00:58 +0100] "POST /rhn/manager/frontend-log HTTP/1.1" 200 16
127.0.0.1 - - [06/Mar/2026:12:00:58 +0100] "GET /rhn/websocket/notifications HTTP/1.1" 101 -
127.0.0.1 - - [06/Mar/2026:12:00:58 +0100] "GET /rhn/websocket/notifications HTTP/1.1" 101 -
172.16.3.5 - - [06/Mar/2026:12:00:58 +0100] "POST /rhn/manager/frontend-log HTTP/1.1" 200 16
172.16.3.5 - - [06/Mar/2026:12:00:59 +0100] "GET /rhn/manager/api/systems/list/all?p=1&ps=100&s=1&sc=server_name HTTP/1.1" 200 789
172.16.3.5 - - [06/Mar/2026:12:00:59 +0100] "POST /rhn/manager/api/sets/system_list HTTP/1.1" 200 1
172.16.3.5 - - [06/Mar/2026:12:00:08 +0100] "POST /rhn/manager/api/systems/bootstrap-ssh HTTP/1.1" 200 28
172.16.3.7 - - [06/Mar/2026:12:01:01 +0100] "HEAD /rhn/manager/download/devel-build-host-channel/repodata/repomd.xml?eyJhbGciOiJIUzI1NiJ9.eyJqdGkiOiJaakFPOFM3ZE9tektDLUZwa3JqZmZRIiwiZXhwIjoxODA0MzMwODU0LCJpYXQiOjE3NzI3OTQ4NTQsIm5iZiI6MTc3Mjc5NDczNCwib3JnIjoxLCJvbmx5Q2hhbm5lbHMiOlsiZGV2ZWwtYnVpbGQtaG9zdC1jaGFubmVsIl19.yHvpFe-9TUSt1Mc0Kxi_y8B88dC0omFceU2Lm1I130Q HTTP/1.1" 200 -
172.16.3.7 - - [06/Mar/2026:12:01:01 +0100] "HEAD /rhn/manager/download/devel-build-host-channel/media.1/media?eyJhbGciOiJIUzI1NiJ9.eyJqdGkiOiJaakFPOFM3ZE9tektDLUZwa3JqZmZRIiwiZXhwIjoxODA0MzMwODU0LCJpYXQiOjE3NzI3OTQ4NTQsIm5iZiI6MTc3Mjc5NDczNCwib3JnIjoxLCJvbmx5Q2hhbm5lbHMiOlsiZGV2ZWwtYnVpbGQtaG9zdC1jaGFubmVsIl19.yHvpFe-9TUSt1Mc0Kxi_y8B88dC0omFceU2Lm1I130Q HTTP/1.1" 404 -
172.16.3.7 - - [06/Mar/2026:12:01:01 +0100] "HEAD /rhn/manager/download/devel-build-host-channel/repodata/repomd.xml?eyJhbGciOiJIUzI1NiJ9.eyJqdGkiOiJaakFPOFM3ZE9tektDLUZwa3JqZmZRIiwiZXhwIjoxODA0MzMwODU0LCJpYXQiOjE3NzI3OTQ4NTQsIm5iZiI6MTc3Mjc5NDczNCwib3JnIjoxLCJvbmx5Q2hhbm5lbHMiOlsiZGV2ZWwtYnVpbGQtaG9zdC1jaGFubmVsIl19.yHvpFe-9TUSt1Mc0Kxi_y8B88dC0omFceU2Lm1I130Q HTTP/1.1" 200 -
172.16.3.7 - - [06/Mar/2026:12:01:01 +0100] "GET /rhn/manager/download/devel-build-host-channel/repodata/repomd.xml?eyJhbGciOiJIUzI1NiJ9.eyJqdGkiOiJaakFPOFM3ZE9tektDLUZwa3JqZmZRIiwiZXhwIjoxODA0MzMwODU0LCJpYXQiOjE3NzI3OTQ4NTQsIm5iZiI6MTc3Mjc5NDczNCwib3JnIjoxLCJvbmx5Q2hhbm5lbHMiOlsiZGV2ZWwtYnVpbGQtaG9zdC1jaGFubmVsIl19.yHvpFe-9TUSt1Mc0Kxi_y8B88dC0omFceU2Lm1I130Q HTTP/1.1" 200 3664
172.16.3.7 - - [06/Mar/2026:12:01:01 +0100] "HEAD /rhn/manager/download/devel-build-host-channel/repodata/repomd.xml.asc?eyJhbGciOiJIUzI1NiJ9.eyJqdGkiOiJaakFPOFM3ZE9tektDLUZwa3JqZmZRIiwiZXhwIjoxODA0MzMwODU0LCJpYXQiOjE3NzI3OTQ4NTQsIm5iZiI6MTc3Mjc5NDczNCwib3JnIjoxLCJvbmx5Q2hhbm5lbHMiOlsiZGV2ZWwtYnVpbGQtaG9zdC1jaGFubmVsIl19.yHvpFe-9TUSt1Mc0Kxi_y8B88dC0omFceU2Lm1I130Q HTTP/1.1" 404 -
172.16.3.7 - - [06/Mar/2026:12:01:01 +0100] "HEAD /rhn/manager/download/devel-build-host-channel/repodata/af62255354aac8bdf9f6f5d11f980c538bcb7fd51c7285c6ca71356f78197ea2-primary.xml.gz?eyJhbGciOiJIUzI1NiJ9.eyJqdGkiOiJaakFPOFM3ZE9tektDLUZwa3JqZmZRIiwiZXhwIjoxODA0MzMwODU0LCJpYXQiOjE3NzI3OTQ4NTQsIm5iZiI6MTc3Mjc5NDczNCwib3JnIjoxLCJvbmx5Q2hhbm5lbHMiOlsiZGV2ZWwtYnVpbGQtaG9zdC1jaGFubmVsIl19.yHvpFe-9TUSt1Mc0Kxi_y8B88dC0omFceU2Lm1I130Q HTTP/1.1" 200 -
172.16.3.7 - - [06/Mar/2026:12:01:01 +0100] "GET /rhn/manager/download/devel-build-host-channel/repodata/af62255354aac8bdf9f6f5d11f980c538bcb7fd51c7285c6ca71356f78197ea2-primary.xml.gz?eyJhbGciOiJIUzI1NiJ9.eyJqdGkiOiJaakFPOFM3ZE9tektDLUZwa3JqZmZRIiwiZXhwIjoxODA0MzMwODU0LCJpYXQiOjE3NzI3OTQ4NTQsIm5iZiI6MTc3Mjc5NDczNCwib3JnIjoxLCJvbmx5Q2hhbm5lbHMiOlsiZGV2ZWwtYnVpbGQtaG9zdC1jaGFubmVsIl19.yHvpFe-9TUSt1Mc0Kxi_y8B88dC0omFceU2Lm1I130Q HTTP/1.1" 200 3663
172.16.3.7 - - [06/Mar/2026:12:01:01 +0100] "HEAD /rhn/manager/download/devel-build-host-channel/repodata/6926b8e773cbec56d4a2fc6bd230dab8e9d090aba964e99078e01028260ba3f8-susedata.xml.gz?eyJhbGciOiJIUzI1NiJ9.eyJqdGkiOiJaakFPOFM3ZE9tektDLUZwa3JqZmZRIiwiZXhwIjoxODA0MzMwODU0LCJpYXQiOjE3NzI3OTQ4NTQsIm5iZiI6MTc3Mjc5NDczNCwib3JnIjoxLCJvbmx5Q2hhbm5lbHMiOlsiZGV2ZWwtYnVpbGQtaG9zdC1jaGFubmVsIl19.yHvpFe-9TUSt1Mc0Kxi_y8B88dC0omFceU2Lm1I130Q HTTP/1.1" 200 -
172.16.3.7 - - [06/Mar/2026:12:01:01 +0100] "GET /rhn/manager/download/devel-build-host-channel/repodata/6926b8e773cbec56d4a2fc6bd230dab8e9d090aba964e99078e01028260ba3f8-susedata.xml.gz?eyJhbGciOiJIUzI1NiJ9.eyJqdGkiOiJaakFPOFM3ZE9tektDLUZwa3JqZmZRIiwiZXhwIjoxODA0MzMwODU0LCJpYXQiOjE3NzI3OTQ4NTQsIm5iZiI6MTc3Mjc5NDczNCwib3JnIjoxLCJvbmx5Q2hhbm5lbHMiOlsiZGV2ZWwtYnVpbGQtaG9zdC1jaGFubmVsIl19.yHvpFe-9TUSt1Mc0Kxi_y8B88dC0omFceU2Lm1I130Q HTTP/1.1" 200 3664
172.16.3.5 - - [06/Mar/2026:12:01:01 +0100] "GET /rhn/manager/systems/list/all HTTP/1.1" 200 34439
172.16.3.7 - - [06/Mar/2026:12:01:01 +0100] "HEAD /rhn/manager/download/sle-module-basesystem15-sp7-pool-x86_64/repodata/repomd.xml?eyJhbGciOiJIUzI1NiJ9.eyJqdGkiOiJ5NG9mRy12c0ROZ2dwVGpVbVB1WTRnIiwiZXhwIjoxODA0MzMwODU0LCJpYXQiOjE3NzI3OTQ4NTQsIm5iZiI6MTc3Mjc5NDczNCwib3JnIjoxLCJvbmx5Q2hhbm5lbHMiOlsic2xlLW1vZHVsZS1iYXNlc3lzdGVtMTUtc3A3LXBvb2wteDg2XzY0Il19.0ntCBdEJ0m0b2bcuC36jpHHD8SY0gfP_DuS0osLgZAM HTTP/1.1" 200 -
172.16.3.7 - - [06/Mar/2026:12:01:01 +0100] "HEAD /rhn/manager/download/sle-module-basesystem15-sp7-pool-x86_64/media.1/media?eyJhbGciOiJIUzI1NiJ9.eyJqdGkiOiJ5NG9mRy12c0ROZ2dwVGpVbVB1WTRnIiwiZXhwIjoxODA0MzMwODU0LCJpYXQiOjE3NzI3OTQ4NTQsIm5iZiI6MTc3Mjc5NDczNCwib3JnIjoxLCJvbmx5Q2hhbm5lbHMiOlsic2xlLW1vZHVsZS1iYXNlc3lzdGVtMTUtc3A3LXBvb2wteDg2XzY0Il19.0ntCBdEJ0m0b2bcuC36jpHHD8SY0gfP_DuS0osLgZAM HTTP/1.1" 404 -
172.16.3.7 - - [06/Mar/2026:12:01:01 +0100] "HEAD /rhn/manager/download/sle-module-basesystem15-sp7-pool-x86_64/repodata/repomd.xml?eyJhbGciOiJIUzI1NiJ9.eyJqdGkiOiJ5NG9mRy12c0ROZ2dwVGpVbVB1WTRnIiwiZXhwIjoxODA0MzMwODU0LCJpYXQiOjE3NzI3OTQ4NTQsIm5iZiI6MTc3Mjc5NDczNCwib3JnIjoxLCJvbmx5Q2hhbm5lbHMiOlsic2xlLW1vZHVsZS1iYXNlc3lzdGVtMTUtc3A3LXBvb2wteDg2XzY0Il19.0ntCBdEJ0m0b2bcuC36jpHHD8SY0gfP_DuS0osLgZAM HTTP/1.1" 200 -
172.16.3.7 - - [06/Mar/2026:12:01:01 +0100] "GET /rhn/manager/download/sle-module-basesystem15-sp7-pool-x86_64/repodata/repomd.xml?eyJhbGciOiJIUzI1NiJ9.eyJqdGkiOiJ5NG9mRy12c0ROZ2dwVGpVbVB1WTRnIiwiZXhwIjoxODA0MzMwODU0LCJpYXQiOjE3NzI3OTQ4NTQsIm5iZiI6MTc3Mjc5NDczNCwib3JnIjoxLCJvbmx5Q2hhbm5lbHMiOlsic2xlLW1vZHVsZS1iYXNlc3lzdGVtMTUtc3A3LXBvb2wteDg2XzY0Il19.0ntCBdEJ0m0b2bcuC36jpHHD8SY0gfP_DuS0osLgZAM HTTP/1.1" 200 3664
172.16.3.7 - - [06/Mar/2026:12:01:01 +0100] "HEAD /rhn/manager/download/sle-module-basesystem15-sp7-pool-x86_64/repodata/repomd.xml.asc?eyJhbGciOiJIUzI1NiJ9.eyJqdGkiOiJ5NG9mRy12c0ROZ2dwVGpVbVB1WTRnIiwiZXhwIjoxODA0MzMwODU0LCJpYXQiOjE3NzI3OTQ4NTQsIm5iZiI6MTc3Mjc5NDczNCwib3JnIjoxLCJvbmx5Q2hhbm5lbHMiOlsic2xlLW1vZHVsZS1iYXNlc3lzdGVtMTUtc3A3LXBvb2wteDg2XzY0Il19.0ntCBdEJ0m0b2bcuC36jpHHD8SY0gfP_DuS0osLgZAM HTTP/1.1" 404 -
127.0.0.1 - - [06/Mar/2026:12:01:01 +0100] "GET /rhn/websocket/notifications HTTP/1.1" 101 -
172.16.3.7 - - [06/Mar/2026:12:01:01 +0100] "HEAD /rhn/manager/download/sle-module-basesystem15-sp7-pool-x86_64/repodata/2783157a754bdc924a38f81f09d1d717c35fe0853d484b4934baceaa83c06c08-primary.xml.gz?eyJhbGciOiJIUzI1NiJ9.eyJqdGkiOiJ5NG9mRy12c0ROZ2dwVGpVbVB1WTRnIiwiZXhwIjoxODA0MzMwODU0LCJpYXQiOjE3NzI3OTQ4NTQsIm5iZiI6MTc3Mjc5NDczNCwib3JnIjoxLCJvbmx5Q2hhbm5lbHMiOlsic2xlLW1vZHVsZS1iYXNlc3lzdGVtMTUtc3A3LXBvb2wteDg2XzY0Il19.0ntCBdEJ0m0b2bcuC36jpHHD8SY0gfP_DuS0osLgZAM HTTP/1.1" 200 -
172.16.3.5 - - [06/Mar/2026:12:01:01 +0100] "POST /rhn/manager/frontend-log HTTP/1.1" 200 16
172.16.3.7 - - [06/Mar/2026:12:01:01 +0100] "GET /rhn/manager/download/sle-module-basesystem15-sp7-pool-x86_64/repodata/2783157a754bdc924a38f81f09d1d717c35fe0853d484b4934baceaa83c06c08-primary.xml.gz?eyJhbGciOiJIUzI1NiJ9.eyJqdGkiOiJ5NG9mRy12c0ROZ2dwVGpVbVB1WTRnIiwiZXhwIjoxODA0MzMwODU0LCJpYXQiOjE3NzI3OTQ4NTQsIm5iZiI6MTc3Mjc5NDczNCwib3JnIjoxLCJvbmx5Q2hhbm5lbHMiOlsic2xlLW1vZHVsZS1iYXNlc3lzdGVtMTUtc3A3LXBvb2wteDg2XzY0Il19.0ntCBdEJ0m0b2bcuC36jpHHD8SY0gfP_DuS0osLgZAM HTTP/1.1" 200 3664
172.16.3.7 - - [06/Mar/2026:12:01:01 +0100] "HEAD /rhn/manager/download/sle-module-basesystem15-sp7-pool-x86_64/repodata/09f9fd69fa60511bbc4b8d20232422b38836109d82a606c38599823939948ff6-susedata.xml.gz?eyJhbGciOiJIUzI1NiJ9.eyJqdGkiOiJ5NG9mRy12c0ROZ2dwVGpVbVB1WTRnIiwiZXhwIjoxODA0MzMwODU0LCJpYXQiOjE3NzI3OTQ4NTQsIm5iZiI6MTc3Mjc5NDczNCwib3JnIjoxLCJvbmx5Q2hhbm5lbHMiOlsic2xlLW1vZHVsZS1iYXNlc3lzdGVtMTUtc3A3LXBvb2wteDg2XzY0Il19.0ntCBdEJ0m0b2bcuC36jpHHD8SY0gfP_DuS0osLgZAM HTTP/1.1" 200 -
172.16.3.7 - - [06/Mar/2026:12:01:01 +0100] "GET /rhn/manager/download/sle-module-basesystem15-sp7-pool-x86_64/repodata/09f9fd69fa60511bbc4b8d20232422b38836109d82a606c38599823939948ff6-susedata.xml.gz?eyJhbGciOiJIUzI1NiJ9.eyJqdGkiOiJ5NG9mRy12c0ROZ2dwVGpVbVB1WTRnIiwiZXhwIjoxODA0MzMwODU0LCJpYXQiOjE3NzI3OTQ4NTQsIm5iZiI6MTc3Mjc5NDczNCwib3JnIjoxLCJvbmx5Q2hhbm5lbHMiOlsic2xlLW1vZHVsZS1iYXNlc3lzdGVtMTUtc3A3LXBvb2wteDg2XzY0Il19.0ntCBdEJ0m0b2bcuC36jpHHD8SY0gfP_DuS0osLgZAM HTTP/1.1" 200 3664
172.16.3.5 - - [06/Mar/2026:12:01:01 +0100] "GET /rhn/manager/api/systems/list/all?p=1&ps=100&s=1&sc=server_name HTTP/1.1" 200 4066
172.16.3.5 - - [06/Mar/2026:12:01:02 +0100] "POST /rhn/manager/api/sets/system_list HTTP/1.1" 200 1
172.16.3.7 - - [06/Mar/2026:12:01:02 +0100] "HEAD /rhn/manager/download/devel-suse-channel/repodata/repomd.xml?eyJhbGciOiJIUzI1NiJ9.eyJqdGkiOiJtOXlBaXRoOVVyZTJaSUd1LUc4akJnIiwiZXhwIjoxODA0MzMwODU1LCJpYXQiOjE3NzI3OTQ4NTUsIm5iZiI6MTc3Mjc5NDczNSwib3JnIjoxLCJvbmx5Q2hhbm5lbHMiOlsiZGV2ZWwtc3VzZS1jaGFubmVsIl19.BTYvc0reerefjYDBfxHrq06-5zEDN92MZcHouXR5Pws HTTP/1.1" 200 -
172.16.3.7 - - [06/Mar/2026:12:01:02 +0100] "HEAD /rhn/manager/download/devel-suse-channel/media.1/media?eyJhbGciOiJIUzI1NiJ9.eyJqdGkiOiJtOXlBaXRoOVVyZTJaSUd1LUc4akJnIiwiZXhwIjoxODA0MzMwODU1LCJpYXQiOjE3NzI3OTQ4NTUsIm5iZiI6MTc3Mjc5NDczNSwib3JnIjoxLCJvbmx5Q2hhbm5lbHMiOlsiZGV2ZWwtc3VzZS1jaGFubmVsIl19.BTYvc0reerefjYDBfxHrq06-5zEDN92MZcHouXR5Pws HTTP/1.1" 404 -
