172.16.3.7 - - [06/Mar/2026:12:02:31 +0100] "GET /rhn/manager/download/sle-module-basesystem15-sp7-pool-x86_64/getPackage/NULL/9d2d72466ba693ca70199e967539ef2e16f5b5642cc0c63624cc0553fa1fc165/libmlx4-1-54.0-150700.1.9.x86_64.rpm?eyJhbGciOiJIUzI1NiJ9.eyJqdGkiOiJ5NG9mRy12c0ROZ2dwVGpVbVB1WTRnIiwiZXhwIjoxODA0MzMwODU0LCJpYXQiOjE3NzI3OTQ4NTQsIm5iZiI6MTc3Mjc5NDczNCwib3JnIjoxLCJvbmx5Q2hhbm5lbHMiOlsic2xlLW1vZHVsZS1iYXNlc3lzdGVtMTUtc3A3LXBvb2wteDg2XzY0Il19.0ntCBdEJ0m0b2bcuC36jpHHD8SY0gfP_DuS0osLgZAM HTTP/1.1" 200 3664
172.16.3.5 - - [06/Mar/2026:12:02:31 +0100] "POST /rhn/manager/frontend-log HTTP/1.1" 200 16
172.16.3.7 - - [06/Mar/2026:12:02:31 +0100] "HEAD /rhn/manager/download/sle-module-basesystem15-sp7-pool-x86_64/getPackage/NULL/90c3ba036c0b5bddb458c688fb222afaa6e85ccc868fdcbcd5abab63d91d461b/libmlx5-1-54.0-150700.1.9.x86_64.rpm?eyJhbGciOiJIUzI1NiJ9.eyJqdGkiOiJ5NG9mRy12c0ROZ2dwVGpVbVB1WTRnIiwiZXhwIjoxODA0MzMwODU0LCJpYXQiOjE3NzI3OTQ4NTQsIm5iZiI6MTc3Mjc5NDczNCwib3JnIjoxLCJvbmx5Q2hhbm5lbHMiOlsic2xlLW1vZHVsZS1iYXNlc3lzdGVtMTUtc3A3LXBvb2wteDg2XzY0Il19.0ntCBdEJ0m0b2bcuC36jpHHD8SY0gfP_DuS0osLgZAM HTTP/1.1" 200 -
127.0.0.1 - - [06/Mar/2026:12:02:31 +0100] "GET /rhn/websocket/notifications HTTP/1.1" 101 -
172.16.3.5 - - [06/Mar/2026:12:02:31 +0100] "POST /rhn/manager/api/auth/login HTTP/1.1" 200 16
172.16.3.7 - - [06/Mar/2026:12:02:32 +0100] "GET /rhn/manager/download/sle-module-basesystem15-sp7-pool-x86_64/getPackage/NULL/90c3ba036c0b5bddb458c688fb222afaa6e85ccc868fdcbcd5abab63d91d461b/libmlx5-1-54.0-150700.1.9.x86_64.rpm?eyJhbGciOiJIUzI1NiJ9.eyJqdGkiOiJ5NG9mRy12c0ROZ2dwVGpVbVB1WTRnIiwiZXhwIjoxODA0MzMwODU0LCJpYXQiOjE3NzI3OTQ4NTQsIm5iZiI6MTc3Mjc5NDczNCwib3JnIjoxLCJvbmx5Q2hhbm5lbHMiOlsic2xlLW1vZHVsZS1iYXNlc3lzdGVtMTUtc3A3LXBvb2wteDg2XzY0Il19.0ntCBdEJ0m0b2bcuC36jpHHD8SY0gfP_DuS0osLgZAM HTTP/1.1" 200 3664
172.16.3.7 - - [06/Mar/2026:12:02:32 +0100] "HEAD /rhn/manager/download/sle-module-basesystem15-sp7-pool-x86_64/getPackage/NULL/946ade17fcecda0b77e6c0770d6448056cab3f0a5598dcb8b0d255809c7e6ff7/librdmacm1-54.0-150700.1.9.x86_64.rpm?eyJhbGciOiJIUzI1NiJ9.eyJqdGkiOiJ5NG9mRy12c0ROZ2dwVGpVbVB1WTRnIiwiZXhwIjoxODA0MzMwODU0LCJpYXQiOjE3NzI3OTQ4NTQsIm5iZiI6MTc3Mjc5NDczNCwib3JnIjoxLCJvbmx5Q2hhbm5lbHMiOlsic2xlLW1vZHVsZS1iYXNlc3lzdGVtMTUtc3A3LXBvb2wteDg2XzY0Il19.0ntCBdEJ0m0b2bcuC36jpHHD8SY0gfP_DuS0osLgZAM HTTP/1.1" 200 -
172.16.3.7 - - [06/Mar/2026:12:02:32 +0100] "GET /rhn/manager/download/sle-module-basesystem15-sp7-pool-x86_64/getPackage/NULL/946ade17fcecda0b77e6c0770d6448056cab3f0a5598dcb8b0d255809c7e6ff7/librdmacm1-54.0-150700.1.9.x86_64.rpm?eyJhbGciOiJIUzI1NiJ9.eyJqdGkiOiJ5NG9mRy12c0ROZ2dwVGpVbVB1WTRnIiwiZXhwIjoxODA0MzMwODU0LCJpYXQiOjE3NzI3OTQ4NTQsIm5iZiI6MTc3Mjc5NDczNCwib3JnIjoxLCJvbmx5Q2hhbm5lbHMiOlsic2xlLW1vZHVsZS1iYXNlc3lzdGVtMTUtc3A3LXBvb2wteDg2XzY0Il19.0ntCBdEJ0m0b2bcuC36jpHHD8SY0gfP_DuS0osLgZAM HTTP/1.1" 200 3664
127.0.0.1 - - [06/Mar/2026:12:02:32 +0100] "GET /rhn/websocket/notifications HTTP/1.1" 101 -
172.16.3.5 - - [06/Mar/2026:12:02:31 +0100] "GET /rhn/systems/details/Connection.do?sid=1000010004& HTTP/1.1" 200 39132
172.16.3.7 - - [06/Mar/2026:12:02:32 +0100] "HEAD /rhn/manager/download/sle-module-basesystem15-sp7-pool-x86_64/getPackage/NULL/4a76efc70888ce5ef1b319a947eb2c3e1703b05583d2c08757342733da581462/librados2-16.2.13.66+g54799ee0666-150400.3.11.1.x86_64.rpm?eyJhbGciOiJIUzI1NiJ9.eyJqdGkiOiJ5NG9mRy12c0ROZ2dwVGpVbVB1WTRnIiwiZXhwIjoxODA0MzMwODU0LCJpYXQiOjE3NzI3OTQ4NTQsIm5iZiI6MTc3Mjc5NDczNCwib3JnIjoxLCJvbmx5Q2hhbm5lbHMiOlsic2xlLW1vZHVsZS1iYXNlc3lzdGVtMTUtc3A3LXBvb2wteDg2XzY0Il19.0ntCBdEJ0m0b2bcuC36jpHHD8SY0gfP_DuS0osLgZAM HTTP/1.1" 200 -
172.16.3.7 - - [06/Mar/2026:12:02:32 +0100] "GET /rhn/manager/download/sle-module-basesystem15-sp7-pool-x86_64/getPackage/NULL/4a76efc70888ce5ef1b319a947eb2c3e1703b05583d2c08757342733da581462/librados2-16.2.13.66+g54799ee0666-150400.3.11.1.x86_64.rpm?eyJhbGciOiJIUzI1NiJ9.eyJqdGkiOiJ5NG9mRy12c0ROZ2dwVGpVbVB1WTRnIiwiZXhwIjoxODA0MzMwODU0LCJpYXQiOjE3NzI3OTQ4NTQsIm5iZiI6MTc3Mjc5NDczNCwib3JnIjoxLCJvbmx5Q2hhbm5lbHMiOlsic2xlLW1vZHVsZS1iYXNlc3lzdGVtMTUtc3A3LXBvb2wteDg2XzY0Il19.0ntCBdEJ0m0b2bcuC36jpHHD8SY0gfP_DuS0osLgZAM HTTP/1.1" 200 3664
172.16.3.5 - - [06/Mar/2026:12:02:32 +0100] "POST /rhn/manager/api/system/searchByName HTTP/1.1" 200 166
127.0.0.1 - - [06/Mar/2026:12:02:32 +0100] "GET /rhn/websocket/notifications HTTP/1.1" 101 -
172.16.3.5 - - [06/Mar/2026:12:02:32 +0100] "POST /rhn/manager/frontend-log HTTP/1.1" 200 16
172.16.3.7 - - [06/Mar/2026:12:02:32 +0100] "HEAD /rhn/manager/download/sle-module-basesystem15-sp7-pool-x86_64/getPackage/NULL/edb25543d35191d49b08d6194a0a33d502b59a8a299f2e0b40922bb04083be63/librbd1-16.2.13.66+g54799ee0666-150400.3.11.1.x86_64.rpm?eyJhbGciOiJIUzI1NiJ9.eyJqdGkiOiJ5NG9mRy12c0ROZ2dwVGpVbVB1WTRnIiwiZXhwIjoxODA0MzMwODU0LCJpYXQiOjE3NzI3OTQ4NTQsIm5iZiI6MTc3Mjc5NDczNCwib3JnIjoxLCJvbmx5Q2hhbm5lbHMiOlsic2xlLW1vZHVsZS1iYXNlc3lzdGVtMTUtc3A3LXBvb2wteDg2XzY0Il19.0ntCBdEJ0m0b2bcuC36jpHHD8SY0gfP_DuS0osLgZAM HTTP/1.1" 200 -
172.16.3.5 - - [06/Mar/2026:12:02:32 +0100] "GET /rhn/manager/api/auth/logout HTTP/1.1" 200 16
172.16.3.7 - - [06/Mar/2026:12:02:32 +0100] "GET /rhn/manager/download/sle-module-basesystem15-sp7-pool-x86_64/getPackage/NULL/edb25543d35191d49b08d6194a0a33d502b59a8a299f2e0b40922bb04083be63/librbd1-16.2.13.66+g54799ee0666-150400.3.11.1.x86_64.rpm?eyJhbGciOiJIUzI1NiJ9.eyJqdGkiOiJ5NG9mRy12c0ROZ2dwVGpVbVB1WTRnIiwiZXhwIjoxODA0MzMwODU0LCJpYXQiOjE3NzI3OTQ4NTQsIm5iZiI6MTc3Mjc5NDczNCwib3JnIjoxLCJvbmx5Q2hhbm5lbHMiOlsic2xlLW1vZHVsZS1iYXNlc3lzdGVtMTUtc3A3LXBvb2wteDg2XzY0Il19.0ntCBdEJ0m0b2bcuC36jpHHD8SY0gfP_DuS0osLgZAM HTTP/1.1" 200 3664
172.16.3.5 - - [06/Mar/2026:12:02:32 +0100] "POST /rhn/manager/api/auth/login HTTP/1.1" 200 16
172.16.3.5 - - [06/Mar/2026:12:02:32 +0100] "POST /rhn/manager/api/system/searchByName HTTP/1.1" 200 157
172.16.3.7 - - [06/Mar/2026:12:02:32 +0100] "HEAD /rhn/manager/download/sle-module-python3-15-sp7-pool-x86_64/getPackage/NULL/c36d94e818cfbc4b59add7a2ec5773ba26bc25eedc8abb30460144dcf0b53439/python311-lxml-4.9.3-150400.8.8.1.x86_64.rpm?eyJhbGciOiJIUzI1NiJ9.eyJqdGkiOiJnQmhoaGd1ZkZiOGtWbTBWRVNNS0J3IiwiZXhwIjoxODA0MzMwODU0LCJpYXQiOjE3NzI3OTQ4NTQsIm5iZiI6MTc3Mjc5NDczNCwib3JnIjoxLCJvbmx5Q2hhbm5lbHMiOlsic2xlLW1vZHVsZS1weXRob24zLTE1LXNwNy1wb29sLXg4Nl82NCJdfQ.VPxtlZJk106BmNFkg6yWnzqpypMRKqZwU701NU6yJ3Y HTTP/1.1" 200 -
172.16.3.7 - - [06/Mar/2026:12:02:32 +0100] "GET /rhn/manager/download/sle-module-python3-15-sp7-pool-x86_64/getPackage/NULL/c36d94e818cfbc4b59add7a2ec5773ba26bc25eedc8abb30460144dcf0b53439/python311-lxml-4.9.3-150400.8.8.1.x86_64.rpm?eyJhbGciOiJIUzI1NiJ9.eyJqdGkiOiJnQmhoaGd1ZkZiOGtWbTBWRVNNS0J3IiwiZXhwIjoxODA0MzMwODU0LCJpYXQiOjE3NzI3OTQ4NTQsIm5iZiI6MTc3Mjc5NDczNCwib3JnIjoxLCJvbmx5Q2hhbm5lbHMiOlsic2xlLW1vZHVsZS1weXRob24zLTE1LXNwNy1wb29sLXg4Nl82NCJdfQ.VPxtlZJk106BmNFkg6yWnzqpypMRKqZwU701NU6yJ3Y HTTP/1.1" 200 3664
172.16.3.5 - - [06/Mar/2026:12:02:32 +0100] "GET /rhn/manager/api/auth/logout HTTP/1.1" 200 16
172.16.3.7 - - [06/Mar/2026:12:02:32 +0100] "HEAD /rhn/manager/download/sle-module-devtools15-sp7-pool-x86_64/getPackage/NULL/34cce15fc4f8fced1b574f038b9797d50907505ccead06033ac5189553c60c9b/isorelax-0.1-150200.11.4.4.noarch.rpm?eyJhbGciOiJIUzI1NiJ9.eyJqdGkiOiI2ZUxpWVdPek1rcjZySVVDZ2dpMXRnIiwiZXhwIjoxODA0MzMwODU0LCJpYXQiOjE3NzI3OTQ4NTQsIm5iZiI6MTc3Mjc5NDczNCwib3JnIjoxLCJvbmx5Q2hhbm5lbHMiOlsic2xlLW1vZHVsZS1kZXZ0b29sczE1LXNwNy1wb29sLXg4Nl82NCJdfQ.TIuT-f0skwozLac4aNKxEPvG_qoHUBm1vu4dfOioZaw HTTP/1.1" 200 -
172.16.3.7 - - [06/Mar/2026:12:02:33 +0100] "GET /rhn/manager/download/sle-module-devtools15-sp7-pool-x86_64/getPackage/NULL/34cce15fc4f8fced1b574f038b9797d50907505ccead06033ac5189553c60c9b/isorelax-0.1-150200.11.4.4.noarch.rpm?eyJhbGciOiJIUzI1NiJ9.eyJqdGkiOiI2ZUxpWVdPek1rcjZySVVDZ2dpMXRnIiwiZXhwIjoxODA0MzMwODU0LCJpYXQiOjE3NzI3OTQ4NTQsIm5iZiI6MTc3Mjc5NDczNCwib3JnIjoxLCJvbmx5Q2hhbm5lbHMiOlsic2xlLW1vZHVsZS1kZXZ0b29sczE1LXNwNy1wb29sLXg4Nl82NCJdfQ.TIuT-f0skwozLac4aNKxEPvG_qoHUBm1vu4dfOioZaw HTTP/1.1" 200 3664
172.16.3.7 - - [06/Mar/2026:12:02:33 +0100] "HEAD /rhn/manager/download/sle-module-devtools15-sp7-pool-x86_64/getPackage/NULL/6694123fbaffdd805442c289f9baa2b81cc8344e0473f359c414b471f4af3802/saxon9-scripts-9.4.0.7-150200.12.4.3.noarch.rpm?eyJhbGciOiJIUzI1NiJ9.eyJqdGkiOiI2ZUxpWVdPek1rcjZySVVDZ2dpMXRnIiwiZXhwIjoxODA0MzMwODU0LCJpYXQiOjE3NzI3OTQ4NTQsIm5iZiI6MTc3Mjc5NDczNCwib3JnIjoxLCJvbmx5Q2hhbm5lbHMiOlsic2xlLW1vZHVsZS1kZXZ0b29sczE1LXNwNy1wb29sLXg4Nl82NCJdfQ.TIuT-f0skwozLac4aNKxEPvG_qoHUBm1vu4dfOioZaw HTTP/1.1" 200 -
172.16.3.7 - - [06/Mar/2026:12:02:33 +0100] "GET /rhn/manager/download/sle-module-devtools15-sp7-pool-x86_64/getPackage/NULL/6694123fbaffdd805442c289f9baa2b81cc8344e0473f359c414b471f4af3802/saxon9-scripts-9.4.0.7-150200.12.4.3.noarch.rpm?eyJhbGciOiJIUzI1NiJ9.eyJqdGkiOiI2ZUxpWVdPek1rcjZySVVDZ2dpMXRnIiwiZXhwIjoxODA0MzMwODU0LCJpYXQiOjE3NzI3OTQ4NTQsIm5iZiI6MTc3Mjc5NDczNCwib3JnIjoxLCJvbmx5Q2hhbm5lbHMiOlsic2xlLW1vZHVsZS1kZXZ0b29sczE1LXNwNy1wb29sLXg4Nl82NCJdfQ.TIuT-f0skwozLac4aNKxEPvG_qoHUBm1vu4dfOioZaw HTTP/1.1" 200 3664
172.16.3.7 - - [06/Mar/2026:12:02:33 +0100] "HEAD /rhn/manager/download/sle-module-devtools15-sp7-pool-x86_64/getPackage/NULL/6de3c8442a6f536d7ade800b697e210d6bbab90bf75fd8860fbd48728dab08f6/jing-20220510-150200.10.7.3.noarch.rpm?eyJhbGciOiJIUzI1NiJ9.eyJqdGkiOiI2ZUxpWVdPek1rcjZySVVDZ2dpMXRnIiwiZXhwIjoxODA0MzMwODU0LCJpYXQiOjE3NzI3OTQ4NTQsIm5iZiI6MTc3Mjc5NDczNCwib3JnIjoxLCJvbmx5Q2hhbm5lbHMiOlsic2xlLW1vZHVsZS1kZXZ0b29sczE1LXNwNy1wb29sLXg4Nl82NCJdfQ.TIuT-f0skwozLac4aNKxEPvG_qoHUBm1vu4dfOioZaw HTTP/1.1" 200 -
172.16.3.7 - - [06/Mar/2026:12:02:33 +0100] "GET /rhn/manager/download/sle-module-devtools15-sp7-pool-x86_64/getPackage/NULL/6de3c8442a6f536d7ade800b697e210d6bbab90bf75fd8860fbd48728dab08f6/jing-20220510-150200.10.7.3.noarch.rpm?eyJhbGciOiJIUzI1NiJ9.eyJqdGkiOiI2ZUxpWVdPek1rcjZySVVDZ2dpMXRnIiwiZXhwIjoxODA0MzMwODU0LCJpYXQiOjE3NzI3OTQ4NTQsIm5iZiI6MTc3Mjc5NDczNCwib3JnIjoxLCJvbmx5Q2hhbm5lbHMiOlsic2xlLW1vZHVsZS1kZXZ0b29sczE1LXNwNy1wb29sLXg4Nl82NCJdfQ.TIuT-f0skwozLac4aNKxEPvG_qoHUBm1vu4dfOioZaw HTTP/1.1" 200 3664
172.16.3.7 - - [06/Mar/2026:12:02:33 +0100] "HEAD /rhn/manager/download/sle-module-server-applications15-sp7-updates-x86_64/getPackage/NULL/272bf49487399c4c2045b4dad49a8271111191879b00c441125c6f85d859e8c8/qemu-block-rbd-9.2.4-150700.3.17.1.x86_64.rpm?eyJhbGciOiJIUzI1NiJ9.eyJqdGkiOiJrQnZ5MURCdl9uWUxQNkIyc25SMlJBIiwiZXhwIjoxODA0MzMwODU0LCJpYXQiOjE3NzI3OTQ4NTQsIm5iZiI6MTc3Mjc5NDczNCwib3JnIjoxLCJvbmx5Q2hhbm5lbHMiOlsic2xlLW1vZHVsZS1zZXJ2ZXItYXBwbGljYXRpb25zMTUtc3A3LXVwZGF0ZXMteDg2XzY0Il19.rYsGjDEaIPZysHX-nX8iiUy0jUXd1PF5kYvhbgWlZm0 HTTP/1.1" 200 -
172.16.3.7 - - [06/Mar/2026:12:02:33 +0100] "GET /rhn/manager/download/sle-module-server-applications15-sp7-updates-x86_64/getPackage/NULL/272bf49487399c4c2045b4dad49a8271111191879b00c441125c6f85d859e8c8/qemu-block-rbd-9.2.4-150700.3.17.1.x86_64.rpm?eyJhbGciOiJIUzI1NiJ9.eyJqdGkiOiJrQnZ5MURCdl9uWUxQNkIyc25SMlJBIiwiZXhwIjoxODA0MzMwODU0LCJpYXQiOjE3NzI3OTQ4NTQsIm5iZiI6MTc3Mjc5NDczNCwib3JnIjoxLCJvbmx5Q2hhbm5lbHMiOlsic2xlLW1vZHVsZS1zZXJ2ZXItYXBwbGljYXRpb25zMTUtc3A3LXVwZGF0ZXMteDg2XzY0Il19.rYsGjDEaIPZysHX-nX8iiUy0jUXd1PF5kYvhbgWlZm0 HTTP/1.1" 200 3664
172.16.3.7 - - [06/Mar/2026:12:02:33 +0100] "HEAD /rhn/manager/download/sle-module-devtools15-sp7-updates-x86_64/getPackage/NULL/ea44278121a6c2730e698d081eaea2220749704507693e7878dcffa27c5c89d4/kiwi-systemdeps-image-validation-10.2.33-150600.14.10.2.x86_64.rpm?eyJhbGciOiJIUzI1NiJ9.eyJqdGkiOiJ5Rmc2SWYza2trS25KeFlXdkM4M0FBIiwiZXhwIjoxODA0MzMwODU0LCJpYXQiOjE3NzI3OTQ4NTQsIm5iZiI6MTc3Mjc5NDczNCwib3JnIjoxLCJvbmx5Q2hhbm5lbHMiOlsic2xlLW1vZHVsZS1kZXZ0b29sczE1LXNwNy11cGRhdGVzLXg4Nl82NCJdfQ.s_03RTmOEIse3hSuOgO8kcHcQK-H-ANmOPy8QL7osJU HTTP/1.1" 200 -
172.16.3.5 - - [06/Mar/2026:12:02:32 +0100] "GET /rhn/systems/details/Overview.do?sid=1000010005 HTTP/1.1" 200 43205
172.16.3.7 - - [06/Mar/2026:12:02:33 +0100] "GET /rhn/manager/download/sle-module-devtools15-sp7-updates-x86_64/getPackage/NULL/ea44278121a6c2730e698d081eaea2220749704507693e7878dcffa27c5c89d4/kiwi-systemdeps-image-validation-10.2.33-150600.14.10.2.x86_64.rpm?eyJhbGciOiJIUzI1NiJ9.eyJqdGkiOiJ5Rmc2SWYza2trS25KeFlXdkM4M0FBIiwiZXhwIjoxODA0MzMwODU0LCJpYXQiOjE3NzI3OTQ4NTQsIm5iZiI6MTc3Mjc5NDczNCwib3JnIjoxLCJvbmx5Q2hhbm5lbHMiOlsic2xlLW1vZHVsZS1kZXZ0b29sczE1LXNwNy11cGRhdGVzLXg4Nl82NCJdfQ.s_03RTmOEIse3hSuOgO8kcHcQK-H-ANmOPy8QL7osJU HTTP/1.1" 200 3664
172.16.3.7 - - [06/Mar/2026:12:02:33 +0100] "HEAD /rhn/manager/download/sle-module-basesystem15-sp7-updates-x86_64/getPackage/NULL/8d7d32f63987baae48508db92133a8f4d265aaf9a6630ae1be0c0e2144ea3d0c/qemu-tools-9.2.4-150700.3.17.1.x86_64.rpm?eyJhbGciOiJIUzI1NiJ9.eyJqdGkiOiJJelB5UW10V3NINl9iZE0xZElvQ1lnIiwiZXhwIjoxODA0MzMwODU0LCJpYXQiOjE3NzI3OTQ4NTQsIm5iZiI6MTc3Mjc5NDczNCwib3JnIjoxLCJvbmx5Q2hhbm5lbHMiOlsic2xlLW1vZHVsZS1iYXNlc3lzdGVtMTUtc3A3LXVwZGF0ZXMteDg2XzY0Il19.PdehXWSaEbomL5fb7vAqU-xdjs6uhB1FePKjEl1-WcE HTTP/1.1" 200 -
172.16.3.7 - - [06/Mar/2026:12:02:33 +0100] "GET /rhn/manager/download/sle-module-basesystem15-sp7-updates-x86_64/getPackage/NULL/8d7d32f63987baae48508db92133a8f4d265aaf9a6630ae1be0c0e2144ea3d0c/qemu-tools-9.2.4-150700.3.17.1.x86_64.rpm?eyJhbGciOiJIUzI1NiJ9.eyJqdGkiOiJJelB5UW10V3NINl9iZE0xZElvQ1lnIiwiZXhwIjoxODA0MzMwODU0LCJpYXQiOjE3NzI3OTQ4NTQsIm5iZiI6MTc3Mjc5NDczNCwib3JnIjoxLCJvbmx5Q2hhbm5lbHMiOlsic2xlLW1vZHVsZS1iYXNlc3lzdGVtMTUtc3A3LXVwZGF0ZXMteDg2XzY0Il19.PdehXWSaEbomL5fb7vAqU-xdjs6uhB1FePKjEl1-WcE HTTP/1.1" 200 3664
172.16.3.5 - - [06/Mar/2026:12:02:33 +0100] "POST /rhn/manager/frontend-log HTTP/1.1" 200 16
172.16.3.7 - - [06/Mar/2026:12:02:33 +0100] "HEAD /rhn/manager/download/sle-module-devtools15-sp7-updates-x86_64/getPackage/NULL/fcd2a8d00c3c334f166f05b6730ce8ea06740b32eebb520c274c5cdb4f4dcc84/kiwi-systemdeps-filesystems-10.2.33-150600.14.10.2.x86_64.rpm?eyJhbGciOiJIUzI1NiJ9.eyJqdGkiOiJ5Rmc2SWYza2trS25KeFlXdkM4M0FBIiwiZXhwIjoxODA0MzMwODU0LCJpYXQiOjE3NzI3OTQ4NTQsIm5iZiI6MTc3Mjc5NDczNCwib3JnIjoxLCJvbmx5Q2hhbm5lbHMiOlsic2xlLW1vZHVsZS1kZXZ0b29sczE1LXNwNy11cGRhdGVzLXg4Nl82NCJdfQ.s_03RTmOEIse3hSuOgO8kcHcQK-H-ANmOPy8QL7osJU HTTP/1.1" 200 -
172.16.3.7 - - [06/Mar/2026:12:02:33 +0100] "GET /rhn/manager/download/sle-module-devtools15-sp7-updates-x86_64/getPackage/NULL/fcd2a8d00c3c334f166f05b6730ce8ea06740b32eebb520c274c5cdb4f4dcc84/kiwi-systemdeps-filesystems-10.2.33-150600.14.10.2.x86_64.rpm?eyJhbGciOiJIUzI1NiJ9.eyJqdGkiOiJ5Rmc2SWYza2trS25KeFlXdkM4M0FBIiwiZXhwIjoxODA0MzMwODU0LCJpYXQiOjE3NzI3OTQ4NTQsIm5iZiI6MTc3Mjc5NDczNCwib3JnIjoxLCJvbmx5Q2hhbm5lbHMiOlsic2xlLW1vZHVsZS1kZXZ0b29sczE1LXNwNy11cGRhdGVzLXg4Nl82NCJdfQ.s_03RTmOEIse3hSuOgO8kcHcQK-H-ANmOPy8QL7osJU HTTP/1.1" 200 3664
127.0.0.1 - - [06/Mar/2026:12:02:33 +0100] "GET /rhn/websocket/notifications HTTP/1.1" 101 -
172.16.3.5 - - [06/Mar/2026:12:02:33 +0100] "POST /rhn/manager/frontend-log HTTP/1.1" 200 16
172.16.3.7 - - [06/Mar/2026:12:02:33 +0100] "HEAD /rhn/manager/download/sle-module-devtools15-sp7-updates-x86_64/getPackage/NULL/efaeb02e4773968e9fa6a8bb06579bb260bbec253ce881894c8581255f40a6d3/kiwi-systemdeps-iso-media-10.2.33-150600.14.10.2.x86_64.rpm?eyJhbGciOiJIUzI1NiJ9.eyJqdGkiOiJ5Rmc2SWYza2trS25KeFlXdkM4M0FBIiwiZXhwIjoxODA0MzMwODU0LCJpYXQiOjE3NzI3OTQ4NTQsIm5iZiI6MTc3Mjc5NDczNCwib3JnIjoxLCJvbmx5Q2hhbm5lbHMiOlsic2xlLW1vZHVsZS1kZXZ0b29sczE1LXNwNy11cGRhdGVzLXg4Nl82NCJdfQ.s_03RTmOEIse3hSuOgO8kcHcQK-H-ANmOPy8QL7osJU HTTP/1.1" 200 -
172.16.3.7 - - [06/Mar/2026:12:02:33 +0100] "GET /rhn/manager/download/sle-module-devtools15-sp7-updates-x86_64/getPackage/NULL/efaeb02e4773968e9fa6a8bb06579bb260bbec253ce881894c8581255f40a6d3/kiwi-systemdeps-iso-media-10.2.33-150600.14.10.2.x86_64.rpm?eyJhbGciOiJIUzI1NiJ9.eyJqdGkiOiJ5Rmc2SWYza2trS25KeFlXdkM4M0FBIiwiZXhwIjoxODA0MzMwODU0LCJpYXQiOjE3NzI3OTQ4NTQsIm5iZiI6MTc3Mjc5NDczNCwib3JnIjoxLCJvbmx5Q2hhbm5lbHMiOlsic2xlLW1vZHVsZS1kZXZ0b29sczE1LXNwNy11cGRhdGVzLXg4Nl82NCJdfQ.s_03RTmOEIse3hSuOgO8kcHcQK-H-ANmOPy8QL7osJU HTTP/1.1" 200 3664
172.16.3.7 - - [06/Mar/2026:12:02:33 +0100] "HEAD /rhn/manager/download/sle-module-devtools15-sp7-updates-x86_64/getPackage/NULL/10a96bc959e2f7029acde7a87fe98c763227a80f26a7af833206c84b8c981020/kiwi-systemdeps-disk-images-10.2.33-150600.14.10.2.x86_64.rpm?eyJhbGciOiJIUzI1NiJ9.eyJqdGkiOiJ5Rmc2SWYza2trS25KeFlXdkM4M0FBIiwiZXhwIjoxODA0MzMwODU0LCJpYXQiOjE3NzI3OTQ4NTQsIm5iZiI6MTc3Mjc5NDczNCwib3JnIjoxLCJvbmx5Q2hhbm5lbHMiOlsic2xlLW1vZHVsZS1kZXZ0b29sczE1LXNwNy11cGRhdGVzLXg4Nl82NCJdfQ.s_03RTmOEIse3hSuOgO8kcHcQK-H-ANmOPy8QL7osJU HTTP/1.1" 200 -
172.16.3.5 - - [06/Mar/2026:12:02:32 +0100] "GET /rhn/systems/details/Overview.do?sid=1000010000 HTTP/1.1" 200 43369
172.16.3.7 - - [06/Mar/2026:12:02:33 +0100] "GET /rhn/manager/download/sle-module-devtools15-sp7-updates-x86_64/getPackage/NULL/10a96bc959e2f7029acde7a87fe98c763227a80f26a7af833206c84b8c981020/kiwi-systemdeps-disk-images-10.2.33-150600.14.10.2.x86_64.rpm?eyJhbGciOiJIUzI1NiJ9.eyJqdGkiOiJ5Rmc2SWYza2trS25KeFlXdkM4M0FBIiwiZXhwIjoxODA0MzMwODU0LCJpYXQiOjE3NzI3OTQ4NTQsIm5iZiI6MTc3Mjc5NDczNCwib3JnIjoxLCJvbmx5Q2hhbm5lbHMiOlsic2xlLW1vZHVsZS1kZXZ0b29sczE1LXNwNy11cGRhdGVzLXg4Nl82NCJdfQ.s_03RTmOEIse3hSuOgO8kcHcQK-H-ANmOPy8QL7osJU HTTP/1.1" 200 3664
127.0.0.1 - - [06/Mar/2026:12:02:33 +0100] "GET /rhn/websocket/notifications HTTP/1.1" 101 -
172.16.3.7 - - [06/Mar/2026:12:02:33 +0100] "HEAD /rhn/manager/download/sle-module-devtools15-sp7-updates-x86_64/getPackage/NULL/f6eb6af39a810c94545c27a6ce2e8ac6318c23d5c5405b414eb304cc1080e8a5/kiwi-systemdeps-10.2.33-150600.14.10.2.x86_64.rpm?eyJhbGciOiJIUzI1NiJ9.eyJqdGkiOiJ5Rmc2SWYza2trS25KeFlXdkM4M0FBIiwiZXhwIjoxODA0MzMwODU0LCJpYXQiOjE3NzI3OTQ4NTQsIm5iZiI6MTc3Mjc5NDczNCwib3JnIjoxLCJvbmx5Q2hhbm5lbHMiOlsic2xlLW1vZHVsZS1kZXZ0b29sczE1LXNwNy11cGRhdGVzLXg4Nl82NCJdfQ.s_03RTmOEIse3hSuOgO8kcHcQK-H-ANmOPy8QL7osJU HTTP/1.1" 200 -
172.16.3.7 - - [06/Mar/2026:12:02:33 +0100] "GET /rhn/manager/download/sle-module-devtools15-sp7-updates-x86_64/getPackage/NULL/f6eb6af39a810c94545c27a6ce2e8ac6318c23d5c5405b414eb304cc1080e8a5/kiwi-systemdeps-10.2.33-150600.14.10.2.x86_64.rpm?eyJhbGciOiJIUzI1NiJ9.eyJqdGkiOiJ5Rmc2SWYza2trS25KeFlXdkM4M0FBIiwiZXhwIjoxODA0MzMwODU0LCJpYXQiOjE3NzI3OTQ4NTQsIm5iZiI6MTc3Mjc5NDczNCwib3JnIjoxLCJvbmx5Q2hhbm5lbHMiOlsic2xlLW1vZHVsZS1kZXZ0b29sczE1LXNwNy11cGRhdGVzLXg4Nl82NCJdfQ.s_03RTmOEIse3hSuOgO8kcHcQK-H-ANmOPy8QL7osJU HTTP/1.1" 200 3664
172.16.3.7 - - [06/Mar/2026:12:02:33 +0100] "HEAD /rhn/manager/download/sle-module-devtools15-sp7-updates-x86_64/getPackage/NULL/f9856e1a688d767cec942efd320a4c443a01691552137403bdc25c24e1806ea6/python311-kiwi-10.2.33-150600.14.10.2.x86_64.rpm?eyJhbGciOiJIUzI1NiJ9.eyJqdGkiOiJ5Rmc2SWYza2trS25KeFlXdkM4M0FBIiwiZXhwIjoxODA0MzMwODU0LCJpYXQiOjE3NzI3OTQ4NTQsIm5iZiI6MTc3Mjc5NDczNCwib3JnIjoxLCJvbmx5Q2hhbm5lbHMiOlsic2xlLW1vZHVsZS1kZXZ0b29sczE1LXNwNy11cGRhdGVzLXg4Nl82NCJdfQ.s_03RTmOEIse3hSuOgO8kcHcQK-H-ANmOPy8QL7osJU HTTP/1.1" 200 -
172.16.3.5 - - [06/Mar/2026:12:02:33 +0100] "POST /rhn/manager/frontend-log HTTP/1.1" 200 16
172.16.3.7 - - [06/Mar/2026:12:02:33 +0100] "GET /rhn/manager/download/sle-module-devtools15-sp7-updates-x86_64/getPackage/NULL/f9856e1a688d767cec942efd320a4c443a01691552137403bdc25c24e1806ea6/python311-kiwi-10.2.33-150600.14.10.2.x86_64.rpm?eyJhbGciOiJIUzI1NiJ9.eyJqdGkiOiJ5Rmc2SWYza2trS25KeFlXdkM4M0FBIiwiZXhwIjoxODA0MzMwODU0LCJpYXQiOjE3NzI3OTQ4NTQsIm5iZiI6MTc3Mjc5NDczNCwib3JnIjoxLCJvbmx5Q2hhbm5lbHMiOlsic2xlLW1vZHVsZS1kZXZ0b29sczE1LXNwNy11cGRhdGVzLXg4Nl82NCJdfQ.s_03RTmOEIse3hSuOgO8kcHcQK-H-ANmOPy8QL7osJU HTTP/1.1" 200 3664
127.0.0.1 - - [06/Mar/2026:12:02:33 +0100] "GET /rhn/websocket/notifications HTTP/1.1" 101 -
172.16.3.5 - - [06/Mar/2026:12:02:33 +0100] "POST /rhn/manager/frontend-log HTTP/1.1" 200 16
127.0.0.1 - - [06/Mar/2026:12:02:34 +0100] "GET /rhn/websocket/notifications HTTP/1.1" 101 -
172.16.3.5 - - [06/Mar/2026:12:02:33 +0100] "GET /rhn/systems/details/Overview.do?sid=1000010005& HTTP/1.1" 200 43205
127.0.0.1 - - [06/Mar/2026:12:02:34 +0100] "GET /rhn/websocket/notifications HTTP/1.1" 101 -
172.16.3.5 - - [06/Mar/2026:12:02:34 +0100] "POST /rhn/manager/frontend-log HTTP/1.1" 200 16
172.16.3.5 - - [06/Mar/2026:12:02:34 +0100] "GET /rhn/systems/details/Overview.do?sid=1000010000& HTTP/1.1" 200 43369
172.16.3.5 - - [06/Mar/2026:12:02:34 +0100] "POST /rhn/manager/frontend-log HTTP/1.1" 200 16
127.0.0.1 - - [06/Mar/2026:12:02:34 +0100] "GET /rhn/websocket/notifications HTTP/1.1" 101 -
172.16.3.5 - - [06/Mar/2026:12:02:34 +0100] "GET /rhn/systems/details/Connection.do?sid=1000010005& HTTP/1.1" 200 39135
127.0.0.1 - - [06/Mar/2026:12:02:35 +0100] "GET /rhn/websocket/notifications HTTP/1.1" 101 -
172.16.3.5 - - [06/Mar/2026:12:02:35 +0100] "POST /rhn/manager/frontend-log HTTP/1.1" 200 16
172.16.3.5 - - [06/Mar/2026:12:02:35 +0100] "POST /rhn/manager/api/auth/login HTTP/1.1" 200 16
172.16.3.5 - - [06/Mar/2026:12:02:35 +0100] "GET /rhn/systems/details/ProxyClients.do?sid=1000010000& HTTP/1.1" 200 55825
172.16.3.5 - - [06/Mar/2026:12:02:35 +0100] "POST /rhn/manager/api/system/searchByName HTTP/1.1" 200 157
127.0.0.1 - - [06/Mar/2026:12:02:35 +0100] "GET /rhn/websocket/notifications HTTP/1.1" 101 -
172.16.3.5 - - [06/Mar/2026:12:02:35 +0100] "GET /rhn/manager/api/auth/logout HTTP/1.1" 200 16
172.16.3.5 - - [06/Mar/2026:12:02:35 +0100] "POST /rhn/manager/frontend-log HTTP/1.1" 200 16
172.16.3.5 - - [06/Mar/2026:12:02:35 +0100] "GET /rhn/systems/details/Overview.do?sid=1000010000 HTTP/1.1" 200 43369
172.16.3.5 - - [06/Mar/2026:12:02:36 +0100] "GET /rhn/systems/details/history/Event.do?sid=1000010001&aid=29 HTTP/1.1" 200 38140
172.16.3.5 - - [06/Mar/2026:12:02:36 +0100] "POST /rhn/manager/frontend-log HTTP/1.1" 200 16
127.0.0.1 - - [06/Mar/2026:12:02:36 +0100] "GET /rhn/websocket/notifications HTTP/1.1" 101 -
172.16.3.5 - - [06/Mar/2026:12:02:36 +0100] "POST /rhn/manager/frontend-log HTTP/1.1" 200 16
172.16.3.5 - - [06/Mar/2026:12:02:36 +0100] "POST /rhn/manager/frontend-log HTTP/1.1" 200 16
127.0.0.1 - - [06/Mar/2026:12:02:36 +0100] "GET /rhn/websocket/notifications HTTP/1.1" 101 -
172.16.3.5 - - [06/Mar/2026:12:02:36 +0100] "POST /rhn/manager/frontend-log HTTP/1.1" 200 16
127.0.0.1 - - [06/Mar/2026:12:02:36 +0100] "GET /rhn/websocket/notifications HTTP/1.1" 101 -
127.0.0.1 - - [06/Mar/2026:12:02:36 +0100] "GET /rhn/websocket/notifications HTTP/1.1" 101 -
172.16.3.5 - - [06/Mar/2026:12:02:36 +0100] "GET /rhn/systems/details/Overview.do?sid=1000010000& HTTP/1.1" 200 43369
127.0.0.1 - - [06/Mar/2026:12:02:37 +0100] "GET /rhn/websocket/notifications HTTP/1.1" 101 -
172.16.3.5 - - [06/Mar/2026:12:02:37 +0100] "POST /rhn/manager/frontend-log HTTP/1.1" 429 17
172.16.3.5 - - [06/Mar/2026:12:02:37 +0100] "GET /rhn/systems/details/ProxyClients.do?sid=1000010000& HTTP/1.1" 200 55825
127.0.0.1 - - [06/Mar/2026:12:02:38 +0100] "GET /rhn/websocket/notifications HTTP/1.1" 101 -
172.16.3.5 - - [06/Mar/2026:12:02:38 +0100] "POST /rhn/manager/frontend-log HTTP/1.1" 429 17
172.16.3.5 - - [06/Mar/2026:12:02:44 +0100] "GET /rhn/systems/details/history/Pending.do?sid=1000010002& HTTP/1.1" 200 37862
172.16.3.5 - - [06/Mar/2026:12:02:45 +0100] "POST /rhn/manager/frontend-log HTTP/1.1" 429 17
127.0.0.1 - - [06/Mar/2026:12:02:45 +0100] "GET /rhn/websocket/notifications HTTP/1.1" 101 -
172.16.3.5 - - [06/Mar/2026:12:02:45 +0100] "POST /rhn/manager/frontend-log HTTP/1.1" 429 17
127.0.0.1 - - [06/Mar/2026:12:02:45 +0100] "GET /rhn/websocket/notifications HTTP/1.1" 101 -
172.16.3.5 - - [06/Mar/2026:12:02:47 +0100] "POST /rhn/manager/api/auth/login HTTP/1.1" 200 16
172.16.3.5 - - [06/Mar/2026:12:02:47 +0100] "POST /rhn/manager/api/system/searchByName HTTP/1.1" 200 155
172.16.3.5 - - [06/Mar/2026:12:02:47 +0100] "GET /rhn/manager/api/auth/logout HTTP/1.1" 200 16
172.16.3.5 - - [06/Mar/2026:12:02:47 +0100] "GET /rhn/systems/details/history/Event.do?sid=1000010003&aid=18 HTTP/1.1" 200 38184
172.16.3.5 - - [06/Mar/2026:12:02:47 +0100] "POST /rhn/manager/frontend-log HTTP/1.1" 429 17
127.0.0.1 - - [06/Mar/2026:12:02:47 +0100] "GET /rhn/websocket/notifications HTTP/1.1" 101 -
172.16.3.5 - - [06/Mar/2026:12:02:48 +0100] "POST /rhn/manager/frontend-log HTTP/1.1" 429 17
127.0.0.1 - - [06/Mar/2026:12:02:48 +0100] "GET /rhn/websocket/notifications HTTP/1.1" 101 -
172.16.3.5 - - [06/Mar/2026:12:02:47 +0100] "GET /rhn/systems/details/Overview.do?sid=1000010001 HTTP/1.1" 200 44031
172.16.3.5 - - [06/Mar/2026:12:02:48 +0100] "POST /rhn/manager/frontend-log HTTP/1.1" 429 17
127.0.0.1 - - [06/Mar/2026:12:02:48 +0100] "GET /rhn/websocket/notifications HTTP/1.1" 101 -
172.16.3.5 - - [06/Mar/2026:12:02:48 +0100] "POST /rhn/manager/frontend-log HTTP/1.1" 429 17
127.0.0.1 - - [06/Mar/2026:12:02:48 +0100] "GET /rhn/websocket/notifications HTTP/1.1" 101 -
172.16.3.5 - - [06/Mar/2026:12:02:48 +0100] "GET /rhn/systems/details/history/Pending.do?sid=1000010001& HTTP/1.1" 200 37854
127.0.0.1 - - [06/Mar/2026:12:02:48 +0100] "GET /rhn/websocket/notifications HTTP/1.1" 101 -
172.16.3.5 - - [06/Mar/2026:12:02:48 +0100] "POST /rhn/manager/frontend-log HTTP/1.1" 429 17
172.16.3.5 - - [06/Mar/2026:12:02:48 +0100] "GET /rhn/systems/details/history/History.do?sid=1000010001& HTTP/1.1" 200 45208
127.0.0.1 - - [06/Mar/2026:12:02:49 +0100] "GET /rhn/websocket/notifications HTTP/1.1" 101 -
172.16.3.5 - - [06/Mar/2026:12:02:49 +0100] "POST /rhn/manager/frontend-log HTTP/1.1" 429 17
::1 - - [06/Mar/2026:12:02:52 +0100] "GET /rhn/manager/login HTTP/1.1" 302 -
172.16.3.5 - - [06/Mar/2026:12:02:55 +0100] "GET /rhn/systems/details/history/History.do?sid=1000010002& HTTP/1.1" 200 45226
172.16.3.5 - - [06/Mar/2026:12:02:56 +0100] "POST /rhn/manager/frontend-log HTTP/1.1" 200 16
127.0.0.1 - - [06/Mar/2026:12:02:56 +0100] "GET /rhn/websocket/notifications HTTP/1.1" 101 -
172.16.3.5 - - [06/Mar/2026:12:02:56 +0100] "GET /rhn/systems/details/history/Event.do?sid=1000010002&aid=30 HTTP/1.1" 200 38158
127.0.0.1 - - [06/Mar/2026:12:02:56 +0100] "GET /rhn/websocket/notifications HTTP/1.1" 101 -
172.16.3.5 - - [06/Mar/2026:12:02:56 +0100] "POST /rhn/manager/frontend-log HTTP/1.1" 200 16
172.16.3.5 - - [06/Mar/2026:12:02:57 +0100] "POST /rhn/manager/api/auth/login HTTP/1.1" 200 16
172.16.3.5 - - [06/Mar/2026:12:02:57 +0100] "POST /rhn/manager/api/system/searchByName HTTP/1.1" 200 165
172.16.3.5 - - [06/Mar/2026:12:02:57 +0100] "GET /rhn/manager/api/auth/logout HTTP/1.1" 200 16
172.16.3.5 - - [06/Mar/2026:12:02:57 +0100] "GET /rhn/systems/details/Overview.do?sid=1000010002 HTTP/1.1" 200 44412
172.16.3.5 - - [06/Mar/2026:12:02:58 +0100] "POST /rhn/manager/frontend-log HTTP/1.1" 200 16
127.0.0.1 - - [06/Mar/2026:12:02:58 +0100] "GET /rhn/websocket/notifications HTTP/1.1" 101 -
172.16.3.5 - - [06/Mar/2026:12:02:58 +0100] "POST /rhn/manager/frontend-log HTTP/1.1" 200 16
127.0.0.1 - - [06/Mar/2026:12:02:58 +0100] "GET /rhn/websocket/notifications HTTP/1.1" 101 -
172.16.3.5 - - [06/Mar/2026:12:02:58 +0100] "GET /rhn/systems/details/history/Pending.do?sid=1000010002& HTTP/1.1" 200 37862
127.0.0.1 - - [06/Mar/2026:12:02:58 +0100] "GET /rhn/websocket/notifications HTTP/1.1" 101 -
172.16.3.5 - - [06/Mar/2026:12:02:58 +0100] "POST /rhn/manager/frontend-log HTTP/1.1" 200 16
172.16.3.5 - - [06/Mar/2026:12:02:58 +0100] "GET /rhn/systems/details/history/History.do?sid=1000010002& HTTP/1.1" 200 45226
127.0.0.1 - - [06/Mar/2026:12:02:59 +0100] "GET /rhn/websocket/notifications HTTP/1.1" 101 -
172.16.3.5 - - [06/Mar/2026:12:02:59 +0100] "POST /rhn/manager/frontend-log HTTP/1.1" 200 16
172.16.3.5 - - [06/Mar/2026:12:03:04 +0100] "GET /rhn/systems/details/history/Event.do?sid=1000010003&aid=18 HTTP/1.1" 200 38184
172.16.3.5 - - [06/Mar/2026:12:03:04 +0100] "POST /rhn/manager/frontend-log HTTP/1.1" 200 16
127.0.0.1 - - [06/Mar/2026:12:03:04 +0100] "GET /rhn/websocket/notifications HTTP/1.1" 101 -
172.16.3.5 - - [06/Mar/2026:12:03:04 +0100] "POST /rhn/manager/frontend-log HTTP/1.1" 200 16
127.0.0.1 - - [06/Mar/2026:12:03:04 +0100] "GET /rhn/websocket/notifications HTTP/1.1" 101 -
172.16.3.7 - - [06/Mar/2026:12:03:14 +0100] "HEAD /rhn/manager/download/sle-module-basesystem15-sp7-updates-x86_64/repodata/repomd.xml?eyJhbGciOiJIUzI1NiJ9.eyJqdGkiOiJJelB5UW10V3NINl9iZE0xZElvQ1lnIiwiZXhwIjoxODA0MzMwODU0LCJpYXQiOjE3NzI3OTQ4NTQsIm5iZiI6MTc3Mjc5NDczNCwib3JnIjoxLCJvbmx5Q2hhbm5lbHMiOlsic2xlLW1vZHVsZS1iYXNlc3lzdGVtMTUtc3A3LXVwZGF0ZXMteDg2XzY0Il19.PdehXWSaEbomL5fb7vAqU-xdjs6uhB1FePKjEl1-WcE HTTP/1.1" 200 -
172.16.3.7 - - [06/Mar/2026:12:03:14 +0100] "HEAD /rhn/manager/download/sle-module-basesystem15-sp7-updates-x86_64/media.1/media?eyJhbGciOiJIUzI1NiJ9.eyJqdGkiOiJJelB5UW10V3NINl9iZE0xZElvQ1lnIiwiZXhwIjoxODA0MzMwODU0LCJpYXQiOjE3NzI3OTQ4NTQsIm5iZiI6MTc3Mjc5NDczNCwib3JnIjoxLCJvbmx5Q2hhbm5lbHMiOlsic2xlLW1vZHVsZS1iYXNlc3lzdGVtMTUtc3A3LXVwZGF0ZXMteDg2XzY0Il19.PdehXWSaEbomL5fb7vAqU-xdjs6uhB1FePKjEl1-WcE HTTP/1.1" 404 -
172.16.3.7 - - [06/Mar/2026:12:03:14 +0100] "HEAD /rhn/manager/download/sle-module-basesystem15-sp7-updates-x86_64/repodata/repomd.xml?eyJhbGciOiJIUzI1NiJ9.eyJqdGkiOiJJelB5UW10V3NINl9iZE0xZElvQ1lnIiwiZXhwIjoxODA0MzMwODU0LCJpYXQiOjE3NzI3OTQ4NTQsIm5iZiI6MTc3Mjc5NDczNCwib3JnIjoxLCJvbmx5Q2hhbm5lbHMiOlsic2xlLW1vZHVsZS1iYXNlc3lzdGVtMTUtc3A3LXVwZGF0ZXMteDg2XzY0Il19.PdehXWSaEbomL5fb7vAqU-xdjs6uhB1FePKjEl1-WcE HTTP/1.1" 200 -
172.16.3.7 - - [06/Mar/2026:12:03:15 +0100] "GET /rhn/manager/download/sle-module-basesystem15-sp7-updates-x86_64/repodata/repomd.xml?eyJhbGciOiJIUzI1NiJ9.eyJqdGkiOiJJelB5UW10V3NINl9iZE0xZElvQ1lnIiwiZXhwIjoxODA0MzMwODU0LCJpYXQiOjE3NzI3OTQ4NTQsIm5iZiI6MTc3Mjc5NDczNCwib3JnIjoxLCJvbmx5Q2hhbm5lbHMiOlsic2xlLW1vZHVsZS1iYXNlc3lzdGVtMTUtc3A3LXVwZGF0ZXMteDg2XzY0Il19.PdehXWSaEbomL5fb7vAqU-xdjs6uhB1FePKjEl1-WcE HTTP/1.1" 200 3664
172.16.3.7 - - [06/Mar/2026:12:03:15 +0100] "HEAD /rhn/manager/download/sle-module-basesystem15-sp7-updates-x86_64/repodata/repomd.xml.asc?eyJhbGciOiJIUzI1NiJ9.eyJqdGkiOiJJelB5UW10V3NINl9iZE0xZElvQ1lnIiwiZXhwIjoxODA0MzMwODU0LCJpYXQiOjE3NzI3OTQ4NTQsIm5iZiI6MTc3Mjc5NDczNCwib3JnIjoxLCJvbmx5Q2hhbm5lbHMiOlsic2xlLW1vZHVsZS1iYXNlc3lzdGVtMTUtc3A3LXVwZGF0ZXMteDg2XzY0Il19.PdehXWSaEbomL5fb7vAqU-xdjs6uhB1FePKjEl1-WcE HTTP/1.1" 404 -
172.16.3.7 - - [06/Mar/2026:12:03:15 +0100] "HEAD /rhn/manager/download/sle-module-basesystem15-sp7-updates-x86_64/repodata/ef43b8badfcd693579385725bc417e579aab9ea4c75d0a11cf1a50ba51be478c-primary.xml.gz?eyJhbGciOiJIUzI1NiJ9.eyJqdGkiOiJJelB5UW10V3NINl9iZE0xZElvQ1lnIiwiZXhwIjoxODA0MzMwODU0LCJpYXQiOjE3NzI3OTQ4NTQsIm5iZiI6MTc3Mjc5NDczNCwib3JnIjoxLCJvbmx5Q2hhbm5lbHMiOlsic2xlLW1vZHVsZS1iYXNlc3lzdGVtMTUtc3A3LXVwZGF0ZXMteDg2XzY0Il19.PdehXWSaEbomL5fb7vAqU-xdjs6uhB1FePKjEl1-WcE HTTP/1.1" 200 -
172.16.3.7 - - [06/Mar/2026:12:03:15 +0100] "GET /rhn/manager/download/sle-module-basesystem15-sp7-updates-x86_64/repodata/ef43b8badfcd693579385725bc417e579aab9ea4c75d0a11cf1a50ba51be478c-primary.xml.gz?eyJhbGciOiJIUzI1NiJ9.eyJqdGkiOiJJelB5UW10V3NINl9iZE0xZElvQ1lnIiwiZXhwIjoxODA0MzMwODU0LCJpYXQiOjE3NzI3OTQ4NTQsIm5iZiI6MTc3Mjc5NDczNCwib3JnIjoxLCJvbmx5Q2hhbm5lbHMiOlsic2xlLW1vZHVsZS1iYXNlc3lzdGVtMTUtc3A3LXVwZGF0ZXMteDg2XzY0Il19.PdehXWSaEbomL5fb7vAqU-xdjs6uhB1FePKjEl1-WcE HTTP/1.1" 200 3664
172.16.3.7 - - [06/Mar/2026:12:03:15 +0100] "HEAD /rhn/manager/download/sle-module-basesystem15-sp7-updates-x86_64/repodata/1fcca022ba1f37fb217a78846c4cea76d42302019e56e945637cfdbfa5fec698-susedata.xml.gz?eyJhbGciOiJIUzI1NiJ9.eyJqdGkiOiJJelB5UW10V3NINl9iZE0xZElvQ1lnIiwiZXhwIjoxODA0MzMwODU0LCJpYXQiOjE3NzI3OTQ4NTQsIm5iZiI6MTc3Mjc5NDczNCwib3JnIjoxLCJvbmx5Q2hhbm5lbHMiOlsic2xlLW1vZHVsZS1iYXNlc3lzdGVtMTUtc3A3LXVwZGF0ZXMteDg2XzY0Il19.PdehXWSaEbomL5fb7vAqU-xdjs6uhB1FePKjEl1-WcE HTTP/1.1" 200 -
172.16.3.7 - - [06/Mar/2026:12:03:15 +0100] "GET /rhn/manager/download/sle-module-basesystem15-sp7-updates-x86_64/repodata/1fcca022ba1f37fb217a78846c4cea76d42302019e56e945637cfdbfa5fec698-susedata.xml.gz?eyJhbGciOiJIUzI1NiJ9.eyJqdGkiOiJJelB5UW10V3NINl9iZE0xZElvQ1lnIiwiZXhwIjoxODA0MzMwODU0LCJpYXQiOjE3NzI3OTQ4NTQsIm5iZiI6MTc3Mjc5NDczNCwib3JnIjoxLCJvbmx5Q2hhbm5lbHMiOlsic2xlLW1vZHVsZS1iYXNlc3lzdGVtMTUtc3A3LXVwZGF0ZXMteDg2XzY0Il19.PdehXWSaEbomL5fb7vAqU-xdjs6uhB1FePKjEl1-WcE HTTP/1.1" 200 3664
172.16.3.7 - - [06/Mar/2026:12:03:15 +0100] "HEAD /rhn/manager/download/sle-module-basesystem15-sp7-updates-x86_64/repodata/2f552fb0467949590f4e196674d76ca0916fbe42343a26679405280cbf6d6692-updateinfo.xml.gz?eyJhbGciOiJIUzI1NiJ9.eyJqdGkiOiJJelB5UW10V3NINl9iZE0xZElvQ1lnIiwiZXhwIjoxODA0MzMwODU0LCJpYXQiOjE3NzI3OTQ4NTQsIm5iZiI6MTc3Mjc5NDczNCwib3JnIjoxLCJvbmx5Q2hhbm5lbHMiOlsic2xlLW1vZHVsZS1iYXNlc3lzdGVtMTUtc3A3LXVwZGF0ZXMteDg2XzY0Il19.PdehXWSaEbomL5fb7vAqU-xdjs6uhB1FePKjEl1-WcE HTTP/1.1" 200 -
172.16.3.7 - - [06/Mar/2026:12:03:15 +0100] "GET /rhn/manager/download/sle-module-basesystem15-sp7-updates-x86_64/repodata/2f552fb0467949590f4e196674d76ca0916fbe42343a26679405280cbf6d6692-updateinfo.xml.gz?eyJhbGciOiJIUzI1NiJ9.eyJqdGkiOiJJelB5UW10V3NINl9iZE0xZElvQ1lnIiwiZXhwIjoxODA0MzMwODU0LCJpYXQiOjE3NzI3OTQ4NTQsIm5iZiI6MTc3Mjc5NDczNCwib3JnIjoxLCJvbmx5Q2hhbm5lbHMiOlsic2xlLW1vZHVsZS1iYXNlc3lzdGVtMTUtc3A3LXVwZGF0ZXMteDg2XzY0Il19.PdehXWSaEbomL5fb7vAqU-xdjs6uhB1FePKjEl1-WcE HTTP/1.1" 200 3664
172.16.3.7 - - [06/Mar/2026:12:03:16 +0100] "HEAD /rhn/manager/download/sle-module-desktop-applications15-sp7-updates-x86_64/repodata/repomd.xml?eyJhbGciOiJIUzI1NiJ9.eyJqdGkiOiJER25fUmFPNm56U0xQN05OMWlXQkp3IiwiZXhwIjoxODA0MzMwODU0LCJpYXQiOjE3NzI3OTQ4NTQsIm5iZiI6MTc3Mjc5NDczNCwib3JnIjoxLCJvbmx5Q2hhbm5lbHMiOlsic2xlLW1vZHVsZS1kZXNrdG9wLWFwcGxpY2F0aW9uczE1LXNwNy11cGRhdGVzLXg4Nl82NCJdfQ.nACjTvk3Ve-tcxMyWfzojuFzqjP0LXyQY9-51xPZytw HTTP/1.1" 200 -
172.16.3.7 - - [06/Mar/2026:12:03:16 +0100] "HEAD /rhn/manager/download/sle-module-desktop-applications15-sp7-updates-x86_64/media.1/media?eyJhbGciOiJIUzI1NiJ9.eyJqdGkiOiJER25fUmFPNm56U0xQN05OMWlXQkp3IiwiZXhwIjoxODA0MzMwODU0LCJpYXQiOjE3NzI3OTQ4NTQsIm5iZiI6MTc3Mjc5NDczNCwib3JnIjoxLCJvbmx5Q2hhbm5lbHMiOlsic2xlLW1vZHVsZS1kZXNrdG9wLWFwcGxpY2F0aW9uczE1LXNwNy11cGRhdGVzLXg4Nl82NCJdfQ.nACjTvk3Ve-tcxMyWfzojuFzqjP0LXyQY9-51xPZytw HTTP/1.1" 404 -
172.16.3.7 - - [06/Mar/2026:12:03:16 +0100] "HEAD /rhn/manager/download/sle-module-desktop-applications15-sp7-updates-x86_64/repodata/repomd.xml?eyJhbGciOiJIUzI1NiJ9.eyJqdGkiOiJER25fUmFPNm56U0xQN05OMWlXQkp3IiwiZXhwIjoxODA0MzMwODU0LCJpYXQiOjE3NzI3OTQ4NTQsIm5iZiI6MTc3Mjc5NDczNCwib3JnIjoxLCJvbmx5Q2hhbm5lbHMiOlsic2xlLW1vZHVsZS1kZXNrdG9wLWFwcGxpY2F0aW9uczE1LXNwNy11cGRhdGVzLXg4Nl82NCJdfQ.nACjTvk3Ve-tcxMyWfzojuFzqjP0LXyQY9-51xPZytw HTTP/1.1" 200 -
172.16.3.7 - - [06/Mar/2026:12:03:16 +0100] "GET /rhn/manager/download/sle-module-desktop-applications15-sp7-updates-x86_64/repodata/repomd.xml?eyJhbGciOiJIUzI1NiJ9.eyJqdGkiOiJER25fUmFPNm56U0xQN05OMWlXQkp3IiwiZXhwIjoxODA0MzMwODU0LCJpYXQiOjE3NzI3OTQ4NTQsIm5iZiI6MTc3Mjc5NDczNCwib3JnIjoxLCJvbmx5Q2hhbm5lbHMiOlsic2xlLW1vZHVsZS1kZXNrdG9wLWFwcGxpY2F0aW9uczE1LXNwNy11cGRhdGVzLXg4Nl82NCJdfQ.nACjTvk3Ve-tcxMyWfzojuFzqjP0LXyQY9-51xPZytw HTTP/1.1" 200 3664
172.16.3.7 - - [06/Mar/2026:12:03:16 +0100] "HEAD /rhn/manager/download/sle-module-desktop-applications15-sp7-updates-x86_64/repodata/repomd.xml.asc?eyJhbGciOiJIUzI1NiJ9.eyJqdGkiOiJER25fUmFPNm56U0xQN05OMWlXQkp3IiwiZXhwIjoxODA0MzMwODU0LCJpYXQiOjE3NzI3OTQ4NTQsIm5iZiI6MTc3Mjc5NDczNCwib3JnIjoxLCJvbmx5Q2hhbm5lbHMiOlsic2xlLW1vZHVsZS1kZXNrdG9wLWFwcGxpY2F0aW9uczE1LXNwNy11cGRhdGVzLXg4Nl82NCJdfQ.nACjTvk3Ve-tcxMyWfzojuFzqjP0LXyQY9-51xPZytw HTTP/1.1" 404 -
172.16.3.7 - - [06/Mar/2026:12:03:16 +0100] "HEAD /rhn/manager/download/sle-module-desktop-applications15-sp7-updates-x86_64/repodata/b44b502d6f6366a95336996dab35f1ddb5fb1779031c5d34c0a5715010698800-primary.xml.gz?eyJhbGciOiJIUzI1NiJ9.eyJqdGkiOiJER25fUmFPNm56U0xQN05OMWlXQkp3IiwiZXhwIjoxODA0MzMwODU0LCJpYXQiOjE3NzI3OTQ4NTQsIm5iZiI6MTc3Mjc5NDczNCwib3JnIjoxLCJvbmx5Q2hhbm5lbHMiOlsic2xlLW1vZHVsZS1kZXNrdG9wLWFwcGxpY2F0aW9uczE1LXNwNy11cGRhdGVzLXg4Nl82NCJdfQ.nACjTvk3Ve-tcxMyWfzojuFzqjP0LXyQY9-51xPZytw HTTP/1.1" 200 -
172.16.3.7 - - [06/Mar/2026:12:03:17 +0100] "GET /rhn/manager/download/sle-module-desktop-applications15-sp7-updates-x86_64/repodata/b44b502d6f6366a95336996dab35f1ddb5fb1779031c5d34c0a5715010698800-primary.xml.gz?eyJhbGciOiJIUzI1NiJ9.eyJqdGkiOiJER25fUmFPNm56U0xQN05OMWlXQkp3IiwiZXhwIjoxODA0MzMwODU0LCJpYXQiOjE3NzI3OTQ4NTQsIm5iZiI6MTc3Mjc5NDczNCwib3JnIjoxLCJvbmx5Q2hhbm5lbHMiOlsic2xlLW1vZHVsZS1kZXNrdG9wLWFwcGxpY2F0aW9uczE1LXNwNy11cGRhdGVzLXg4Nl82NCJdfQ.nACjTvk3Ve-tcxMyWfzojuFzqjP0LXyQY9-51xPZytw HTTP/1.1" 200 3664
172.16.3.7 - - [06/Mar/2026:12:03:17 +0100] "HEAD /rhn/manager/download/sle-module-desktop-applications15-sp7-updates-x86_64/repodata/75bd9e2004b62202e630df214a64bb3c15efc950c927f8d0cb18004fc665009e-susedata.xml.gz?eyJhbGciOiJIUzI1NiJ9.eyJqdGkiOiJER25fUmFPNm56U0xQN05OMWlXQkp3IiwiZXhwIjoxODA0MzMwODU0LCJpYXQiOjE3NzI3OTQ4NTQsIm5iZiI6MTc3Mjc5NDczNCwib3JnIjoxLCJvbmx5Q2hhbm5lbHMiOlsic2xlLW1vZHVsZS1kZXNrdG9wLWFwcGxpY2F0aW9uczE1LXNwNy11cGRhdGVzLXg4Nl82NCJdfQ.nACjTvk3Ve-tcxMyWfzojuFzqjP0LXyQY9-51xPZytw HTTP/1.1" 200 -
172.16.3.7 - - [06/Mar/2026:12:03:17 +0100] "GET /rhn/manager/download/sle-module-desktop-applications15-sp7-updates-x86_64/repodata/75bd9e2004b62202e630df214a64bb3c15efc950c927f8d0cb18004fc665009e-susedata.xml.gz?eyJhbGciOiJIUzI1NiJ9.eyJqdGkiOiJER25fUmFPNm56U0xQN05OMWlXQkp3IiwiZXhwIjoxODA0MzMwODU0LCJpYXQiOjE3NzI3OTQ4NTQsIm5iZiI6MTc3Mjc5NDczNCwib3JnIjoxLCJvbmx5Q2hhbm5lbHMiOlsic2xlLW1vZHVsZS1kZXNrdG9wLWFwcGxpY2F0aW9uczE1LXNwNy11cGRhdGVzLXg4Nl82NCJdfQ.nACjTvk3Ve-tcxMyWfzojuFzqjP0LXyQY9-51xPZytw HTTP/1.1" 200 3664
172.16.3.7 - - [06/Mar/2026:12:03:17 +0100] "HEAD /rhn/manager/download/sle-module-desktop-applications15-sp7-updates-x86_64/repodata/02637aea288d744f17dd5580514f3694f9cb68426e919291de4b1c5c2cd22708-updateinfo.xml.gz?eyJhbGciOiJIUzI1NiJ9.eyJqdGkiOiJER25fUmFPNm56U0xQN05OMWlXQkp3IiwiZXhwIjoxODA0MzMwODU0LCJpYXQiOjE3NzI3OTQ4NTQsIm5iZiI6MTc3Mjc5NDczNCwib3JnIjoxLCJvbmx5Q2hhbm5lbHMiOlsic2xlLW1vZHVsZS1kZXNrdG9wLWFwcGxpY2F0aW9uczE1LXNwNy11cGRhdGVzLXg4Nl82NCJdfQ.nACjTvk3Ve-tcxMyWfzojuFzqjP0LXyQY9-51xPZytw HTTP/1.1" 200 -
172.16.3.7 - - [06/Mar/2026:12:03:17 +0100] "GET /rhn/manager/download/sle-module-desktop-applications15-sp7-updates-x86_64/repodata/02637aea288d744f17dd5580514f3694f9cb68426e919291de4b1c5c2cd22708-updateinfo.xml.gz?eyJhbGciOiJIUzI1NiJ9.eyJqdGkiOiJER25fUmFPNm56U0xQN05OMWlXQkp3IiwiZXhwIjoxODA0MzMwODU0LCJpYXQiOjE3NzI3OTQ4NTQsIm5iZiI6MTc3Mjc5NDczNCwib3JnIjoxLCJvbmx5Q2hhbm5lbHMiOlsic2xlLW1vZHVsZS1kZXNrdG9wLWFwcGxpY2F0aW9uczE1LXNwNy11cGRhdGVzLXg4Nl82NCJdfQ.nACjTvk3Ve-tcxMyWfzojuFzqjP0LXyQY9-51xPZytw HTTP/1.1" 200 3663
172.16.3.7 - - [06/Mar/2026:12:03:17 +0100] "HEAD /rhn/manager/download/sle-module-devtools15-sp7-updates-x86_64/repodata/repomd.xml?eyJhbGciOiJIUzI1NiJ9.eyJqdGkiOiJ5Rmc2SWYza2trS25KeFlXdkM4M0FBIiwiZXhwIjoxODA0MzMwODU0LCJpYXQiOjE3NzI3OTQ4NTQsIm5iZiI6MTc3Mjc5NDczNCwib3JnIjoxLCJvbmx5Q2hhbm5lbHMiOlsic2xlLW1vZHVsZS1kZXZ0b29sczE1LXNwNy11cGRhdGVzLXg4Nl82NCJdfQ.s_03RTmOEIse3hSuOgO8kcHcQK-H-ANmOPy8QL7osJU HTTP/1.1" 200 -
172.16.3.7 - - [06/Mar/2026:12:03:17 +0100] "HEAD /rhn/manager/download/sle-module-devtools15-sp7-updates-x86_64/media.1/media?eyJhbGciOiJIUzI1NiJ9.eyJqdGkiOiJ5Rmc2SWYza2trS25KeFlXdkM4M0FBIiwiZXhwIjoxODA0MzMwODU0LCJpYXQiOjE3NzI3OTQ4NTQsIm5iZiI6MTc3Mjc5NDczNCwib3JnIjoxLCJvbmx5Q2hhbm5lbHMiOlsic2xlLW1vZHVsZS1kZXZ0b29sczE1LXNwNy11cGRhdGVzLXg4Nl82NCJdfQ.s_03RTmOEIse3hSuOgO8kcHcQK-H-ANmOPy8QL7osJU HTTP/1.1" 404 -
172.16.3.7 - - [06/Mar/2026:12:03:17 +0100] "HEAD /rhn/manager/download/sle-module-devtools15-sp7-updates-x86_64/repodata/repomd.xml?eyJhbGciOiJIUzI1NiJ9.eyJqdGkiOiJ5Rmc2SWYza2trS25KeFlXdkM4M0FBIiwiZXhwIjoxODA0MzMwODU0LCJpYXQiOjE3NzI3OTQ4NTQsIm5iZiI6MTc3Mjc5NDczNCwib3JnIjoxLCJvbmx5Q2hhbm5lbHMiOlsic2xlLW1vZHVsZS1kZXZ0b29sczE1LXNwNy11cGRhdGVzLXg4Nl82NCJdfQ.s_03RTmOEIse3hSuOgO8kcHcQK-H-ANmOPy8QL7osJU HTTP/1.1" 200 -
172.16.3.7 - - [06/Mar/2026:12:03:17 +0100] "GET /rhn/manager/download/sle-module-devtools15-sp7-updates-x86_64/repodata/repomd.xml?eyJhbGciOiJIUzI1NiJ9.eyJqdGkiOiJ5Rmc2SWYza2trS25KeFlXdkM4M0FBIiwiZXhwIjoxODA0MzMwODU0LCJpYXQiOjE3NzI3OTQ4NTQsIm5iZiI6MTc3Mjc5NDczNCwib3JnIjoxLCJvbmx5Q2hhbm5lbHMiOlsic2xlLW1vZHVsZS1kZXZ0b29sczE1LXNwNy11cGRhdGVzLXg4Nl82NCJdfQ.s_03RTmOEIse3hSuOgO8kcHcQK-H-ANmOPy8QL7osJU HTTP/1.1" 200 3664
172.16.3.7 - - [06/Mar/2026:12:03:17 +0100] "HEAD /rhn/manager/download/sle-module-devtools15-sp7-updates-x86_64/repodata/repomd.xml.asc?eyJhbGciOiJIUzI1NiJ9.eyJqdGkiOiJ5Rmc2SWYza2trS25KeFlXdkM4M0FBIiwiZXhwIjoxODA0MzMwODU0LCJpYXQiOjE3NzI3OTQ4NTQsIm5iZiI6MTc3Mjc5NDczNCwib3JnIjoxLCJvbmx5Q2hhbm5lbHMiOlsic2xlLW1vZHVsZS1kZXZ0b29sczE1LXNwNy11cGRhdGVzLXg4Nl82NCJdfQ.s_03RTmOEIse3hSuOgO8kcHcQK-H-ANmOPy8QL7osJU HTTP/1.1" 404 -
172.16.3.7 - - [06/Mar/2026:12:03:17 +0100] "HEAD /rhn/manager/download/sle-module-devtools15-sp7-updates-x86_64/repodata/deda4dfff4934ba87a029b42ba68fc82c6191e39ee0875f4e349a6c7d9dc800e-primary.xml.gz?eyJhbGciOiJIUzI1NiJ9.eyJqdGkiOiJ5Rmc2SWYza2trS25KeFlXdkM4M0FBIiwiZXhwIjoxODA0MzMwODU0LCJpYXQiOjE3NzI3OTQ4NTQsIm5iZiI6MTc3Mjc5NDczNCwib3JnIjoxLCJvbmx5Q2hhbm5lbHMiOlsic2xlLW1vZHVsZS1kZXZ0b29sczE1LXNwNy11cGRhdGVzLXg4Nl82NCJdfQ.s_03RTmOEIse3hSuOgO8kcHcQK-H-ANmOPy8QL7osJU HTTP/1.1" 200 -
172.16.3.7 - - [06/Mar/2026:12:03:17 +0100] "GET /rhn/manager/download/sle-module-devtools15-sp7-updates-x86_64/repodata/deda4dfff4934ba87a029b42ba68fc82c6191e39ee0875f4e349a6c7d9dc800e-primary.xml.gz?eyJhbGciOiJIUzI1NiJ9.eyJqdGkiOiJ5Rmc2SWYza2trS25KeFlXdkM4M0FBIiwiZXhwIjoxODA0MzMwODU0LCJpYXQiOjE3NzI3OTQ4NTQsIm5iZiI6MTc3Mjc5NDczNCwib3JnIjoxLCJvbmx5Q2hhbm5lbHMiOlsic2xlLW1vZHVsZS1kZXZ0b29sczE1LXNwNy11cGRhdGVzLXg4Nl82NCJdfQ.s_03RTmOEIse3hSuOgO8kcHcQK-H-ANmOPy8QL7osJU HTTP/1.1" 200 3664
172.16.3.7 - - [06/Mar/2026:12:03:17 +0100] "HEAD /rhn/manager/download/sle-module-devtools15-sp7-updates-x86_64/repodata/b0fcfb5da99708028e294dfb3cd2bd4e36c5b075b94815f64781eaf2dc440254-susedata.xml.gz?eyJhbGciOiJIUzI1NiJ9.eyJqdGkiOiJ5Rmc2SWYza2trS25KeFlXdkM4M0FBIiwiZXhwIjoxODA0MzMwODU0LCJpYXQiOjE3NzI3OTQ4NTQsIm5iZiI6MTc3Mjc5NDczNCwib3JnIjoxLCJvbmx5Q2hhbm5lbHMiOlsic2xlLW1vZHVsZS1kZXZ0b29sczE1LXNwNy11cGRhdGVzLXg4Nl82NCJdfQ.s_03RTmOEIse3hSuOgO8kcHcQK-H-ANmOPy8QL7osJU HTTP/1.1" 200 -
172.16.3.7 - - [06/Mar/2026:12:03:17 +0100] "GET /rhn/manager/download/sle-module-devtools15-sp7-updates-x86_64/repodata/b0fcfb5da99708028e294dfb3cd2bd4e36c5b075b94815f64781eaf2dc440254-susedata.xml.gz?eyJhbGciOiJIUzI1NiJ9.eyJqdGkiOiJ5Rmc2SWYza2trS25KeFlXdkM4M0FBIiwiZXhwIjoxODA0MzMwODU0LCJpYXQiOjE3NzI3OTQ4NTQsIm5iZiI6MTc3Mjc5NDczNCwib3JnIjoxLCJvbmx5Q2hhbm5lbHMiOlsic2xlLW1vZHVsZS1kZXZ0b29sczE1LXNwNy11cGRhdGVzLXg4Nl82NCJdfQ.s_03RTmOEIse3hSuOgO8kcHcQK-H-ANmOPy8QL7osJU HTTP/1.1" 200 3664
172.16.3.7 - - [06/Mar/2026:12:03:17 +0100] "HEAD /rhn/manager/download/sle-module-devtools15-sp7-updates-x86_64/repodata/c9cd1dd523b21a08341c76e28576995a04ac8ddeda00a4c67d3029fbd2fc41fb-updateinfo.xml.gz?eyJhbGciOiJIUzI1NiJ9.eyJqdGkiOiJ5Rmc2SWYza2trS25KeFlXdkM4M0FBIiwiZXhwIjoxODA0MzMwODU0LCJpYXQiOjE3NzI3OTQ4NTQsIm5iZiI6MTc3Mjc5NDczNCwib3JnIjoxLCJvbmx5Q2hhbm5lbHMiOlsic2xlLW1vZHVsZS1kZXZ0b29sczE1LXNwNy11cGRhdGVzLXg4Nl82NCJdfQ.s_03RTmOEIse3hSuOgO8kcHcQK-H-ANmOPy8QL7osJU HTTP/1.1" 200 -
172.16.3.7 - - [06/Mar/2026:12:03:17 +0100] "GET /rhn/manager/download/sle-module-devtools15-sp7-updates-x86_64/repodata/c9cd1dd523b21a08341c76e28576995a04ac8ddeda00a4c67d3029fbd2fc41fb-updateinfo.xml.gz?eyJhbGciOiJIUzI1NiJ9.eyJqdGkiOiJ5Rmc2SWYza2trS25KeFlXdkM4M0FBIiwiZXhwIjoxODA0MzMwODU0LCJpYXQiOjE3NzI3OTQ4NTQsIm5iZiI6MTc3Mjc5NDczNCwib3JnIjoxLCJvbmx5Q2hhbm5lbHMiOlsic2xlLW1vZHVsZS1kZXZ0b29sczE1LXNwNy11cGRhdGVzLXg4Nl82NCJdfQ.s_03RTmOEIse3hSuOgO8kcHcQK-H-ANmOPy8QL7osJU HTTP/1.1" 200 3664
172.16.3.7 - - [06/Mar/2026:12:03:17 +0100] "HEAD /rhn/manager/download/sle-module-python3-15-sp7-updates-x86_64/repodata/repomd.xml?eyJhbGciOiJIUzI1NiJ9.eyJqdGkiOiJabDNtdFVTLTVpZXVTV2MyV0xaa0V3IiwiZXhwIjoxODA0MzMwODU0LCJpYXQiOjE3NzI3OTQ4NTQsIm5iZiI6MTc3Mjc5NDczNCwib3JnIjoxLCJvbmx5Q2hhbm5lbHMiOlsic2xlLW1vZHVsZS1weXRob24zLTE1LXNwNy11cGRhdGVzLXg4Nl82NCJdfQ.ggY_AUzYKjtxc12HTCHfsdMDRyy_N7tIl5KhmHG9E1c HTTP/1.1" 200 -
172.16.3.7 - - [06/Mar/2026:12:03:17 +0100] "HEAD /rhn/manager/download/sle-module-python3-15-sp7-updates-x86_64/media.1/media?eyJhbGciOiJIUzI1NiJ9.eyJqdGkiOiJabDNtdFVTLTVpZXVTV2MyV0xaa0V3IiwiZXhwIjoxODA0MzMwODU0LCJpYXQiOjE3NzI3OTQ4NTQsIm5iZiI6MTc3Mjc5NDczNCwib3JnIjoxLCJvbmx5Q2hhbm5lbHMiOlsic2xlLW1vZHVsZS1weXRob24zLTE1LXNwNy11cGRhdGVzLXg4Nl82NCJdfQ.ggY_AUzYKjtxc12HTCHfsdMDRyy_N7tIl5KhmHG9E1c HTTP/1.1" 404 -
172.16.3.7 - - [06/Mar/2026:12:03:17 +0100] "HEAD /rhn/manager/download/sle-module-python3-15-sp7-updates-x86_64/repodata/repomd.xml?eyJhbGciOiJIUzI1NiJ9.eyJqdGkiOiJabDNtdFVTLTVpZXVTV2MyV0xaa0V3IiwiZXhwIjoxODA0MzMwODU0LCJpYXQiOjE3NzI3OTQ4NTQsIm5iZiI6MTc3Mjc5NDczNCwib3JnIjoxLCJvbmx5Q2hhbm5lbHMiOlsic2xlLW1vZHVsZS1weXRob24zLTE1LXNwNy11cGRhdGVzLXg4Nl82NCJdfQ.ggY_AUzYKjtxc12HTCHfsdMDRyy_N7tIl5KhmHG9E1c HTTP/1.1" 200 -
172.16.3.7 - - [06/Mar/2026:12:03:17 +0100] "GET /rhn/manager/download/sle-module-python3-15-sp7-updates-x86_64/repodata/repomd.xml?eyJhbGciOiJIUzI1NiJ9.eyJqdGkiOiJabDNtdFVTLTVpZXVTV2MyV0xaa0V3IiwiZXhwIjoxODA0MzMwODU0LCJpYXQiOjE3NzI3OTQ4NTQsIm5iZiI6MTc3Mjc5NDczNCwib3JnIjoxLCJvbmx5Q2hhbm5lbHMiOlsic2xlLW1vZHVsZS1weXRob24zLTE1LXNwNy11cGRhdGVzLXg4Nl82NCJdfQ.ggY_AUzYKjtxc12HTCHfsdMDRyy_N7tIl5KhmHG9E1c HTTP/1.1" 200 3663
172.16.3.7 - - [06/Mar/2026:12:03:17 +0100] "HEAD /rhn/manager/download/sle-module-python3-15-sp7-updates-x86_64/repodata/repomd.xml.asc?eyJhbGciOiJIUzI1NiJ9.eyJqdGkiOiJabDNtdFVTLTVpZXVTV2MyV0xaa0V3IiwiZXhwIjoxODA0MzMwODU0LCJpYXQiOjE3NzI3OTQ4NTQsIm5iZiI6MTc3Mjc5NDczNCwib3JnIjoxLCJvbmx5Q2hhbm5lbHMiOlsic2xlLW1vZHVsZS1weXRob24zLTE1LXNwNy11cGRhdGVzLXg4Nl82NCJdfQ.ggY_AUzYKjtxc12HTCHfsdMDRyy_N7tIl5KhmHG9E1c HTTP/1.1" 404 -
172.16.3.7 - - [06/Mar/2026:12:03:17 +0100] "HEAD /rhn/manager/download/sle-module-python3-15-sp7-updates-x86_64/repodata/2004e691cce74f1ab41c21ee69e3c4835a7d597b2c83c41e1db33250a968ba23-primary.xml.gz?eyJhbGciOiJIUzI1NiJ9.eyJqdGkiOiJabDNtdFVTLTVpZXVTV2MyV0xaa0V3IiwiZXhwIjoxODA0MzMwODU0LCJpYXQiOjE3NzI3OTQ4NTQsIm5iZiI6MTc3Mjc5NDczNCwib3JnIjoxLCJvbmx5Q2hhbm5lbHMiOlsic2xlLW1vZHVsZS1weXRob24zLTE1LXNwNy11cGRhdGVzLXg4Nl82NCJdfQ.ggY_AUzYKjtxc12HTCHfsdMDRyy_N7tIl5KhmHG9E1c HTTP/1.1" 200 -
172.16.3.7 - - [06/Mar/2026:12:03:17 +0100] "GET /rhn/manager/download/sle-module-python3-15-sp7-updates-x86_64/repodata/2004e691cce74f1ab41c21ee69e3c4835a7d597b2c83c41e1db33250a968ba23-primary.xml.gz?eyJhbGciOiJIUzI1NiJ9.eyJqdGkiOiJabDNtdFVTLTVpZXVTV2MyV0xaa0V3IiwiZXhwIjoxODA0MzMwODU0LCJpYXQiOjE3NzI3OTQ4NTQsIm5iZiI6MTc3Mjc5NDczNCwib3JnIjoxLCJvbmx5Q2hhbm5lbHMiOlsic2xlLW1vZHVsZS1weXRob24zLTE1LXNwNy11cGRhdGVzLXg4Nl82NCJdfQ.ggY_AUzYKjtxc12HTCHfsdMDRyy_N7tIl5KhmHG9E1c HTTP/1.1" 200 3664
172.16.3.7 - - [06/Mar/2026:12:03:17 +0100] "HEAD /rhn/manager/download/sle-module-python3-15-sp7-updates-x86_64/repodata/a59cfd5be121901e481f146dcf002368872ec4c4f8119da255e1986f963f41af-susedata.xml.gz?eyJhbGciOiJIUzI1NiJ9.eyJqdGkiOiJabDNtdFVTLTVpZXVTV2MyV0xaa0V3IiwiZXhwIjoxODA0MzMwODU0LCJpYXQiOjE3NzI3OTQ4NTQsIm5iZiI6MTc3Mjc5NDczNCwib3JnIjoxLCJvbmx5Q2hhbm5lbHMiOlsic2xlLW1vZHVsZS1weXRob24zLTE1LXNwNy11cGRhdGVzLXg4Nl82NCJdfQ.ggY_AUzYKjtxc12HTCHfsdMDRyy_N7tIl5KhmHG9E1c HTTP/1.1" 200 -
172.16.3.7 - - [06/Mar/2026:12:03:17 +0100] "GET /rhn/manager/download/sle-module-python3-15-sp7-updates-x86_64/repodata/a59cfd5be121901e481f146dcf002368872ec4c4f8119da255e1986f963f41af-susedata.xml.gz?eyJhbGciOiJIUzI1NiJ9.eyJqdGkiOiJabDNtdFVTLTVpZXVTV2MyV0xaa0V3IiwiZXhwIjoxODA0MzMwODU0LCJpYXQiOjE3NzI3OTQ4NTQsIm5iZiI6MTc3Mjc5NDczNCwib3JnIjoxLCJvbmx5Q2hhbm5lbHMiOlsic2xlLW1vZHVsZS1weXRob24zLTE1LXNwNy11cGRhdGVzLXg4Nl82NCJdfQ.ggY_AUzYKjtxc12HTCHfsdMDRyy_N7tIl5KhmHG9E1c HTTP/1.1" 200 3664
172.16.3.7 - - [06/Mar/2026:12:03:17 +0100] "HEAD /rhn/manager/download/sle-module-python3-15-sp7-updates-x86_64/repodata/245068769b154651f055884da47064940e4485d7921e7e4b85bf587b34b00f2d-updateinfo.xml.gz?eyJhbGciOiJIUzI1NiJ9.eyJqdGkiOiJabDNtdFVTLTVpZXVTV2MyV0xaa0V3IiwiZXhwIjoxODA0MzMwODU0LCJpYXQiOjE3NzI3OTQ4NTQsIm5iZiI6MTc3Mjc5NDczNCwib3JnIjoxLCJvbmx5Q2hhbm5lbHMiOlsic2xlLW1vZHVsZS1weXRob24zLTE1LXNwNy11cGRhdGVzLXg4Nl82NCJdfQ.ggY_AUzYKjtxc12HTCHfsdMDRyy_N7tIl5KhmHG9E1c HTTP/1.1" 200 -
172.16.3.7 - - [06/Mar/2026:12:03:17 +0100] "GET /rhn/manager/download/sle-module-python3-15-sp7-updates-x86_64/repodata/245068769b154651f055884da47064940e4485d7921e7e4b85bf587b34b00f2d-updateinfo.xml.gz?eyJhbGciOiJIUzI1NiJ9.eyJqdGkiOiJabDNtdFVTLTVpZXVTV2MyV0xaa0V3IiwiZXhwIjoxODA0MzMwODU0LCJpYXQiOjE3NzI3OTQ4NTQsIm5iZiI6MTc3Mjc5NDczNCwib3JnIjoxLCJvbmx5Q2hhbm5lbHMiOlsic2xlLW1vZHVsZS1weXRob24zLTE1LXNwNy11cGRhdGVzLXg4Nl82NCJdfQ.ggY_AUzYKjtxc12HTCHfsdMDRyy_N7tIl5KhmHG9E1c HTTP/1.1" 200 3664
172.16.3.7 - - [06/Mar/2026:12:03:18 +0100] "HEAD /rhn/manager/download/sle-module-server-applications15-sp7-updates-x86_64/repodata/repomd.xml?eyJhbGciOiJIUzI1NiJ9.eyJqdGkiOiJrQnZ5MURCdl9uWUxQNkIyc25SMlJBIiwiZXhwIjoxODA0MzMwODU0LCJpYXQiOjE3NzI3OTQ4NTQsIm5iZiI6MTc3Mjc5NDczNCwib3JnIjoxLCJvbmx5Q2hhbm5lbHMiOlsic2xlLW1vZHVsZS1zZXJ2ZXItYXBwbGljYXRpb25zMTUtc3A3LXVwZGF0ZXMteDg2XzY0Il19.rYsGjDEaIPZysHX-nX8iiUy0jUXd1PF5kYvhbgWlZm0 HTTP/1.1" 200 -
172.16.3.7 - - [06/Mar/2026:12:03:18 +0100] "HEAD /rhn/manager/download/sle-module-server-applications15-sp7-updates-x86_64/media.1/media?eyJhbGciOiJIUzI1NiJ9.eyJqdGkiOiJrQnZ5MURCdl9uWUxQNkIyc25SMlJBIiwiZXhwIjoxODA0MzMwODU0LCJpYXQiOjE3NzI3OTQ4NTQsIm5iZiI6MTc3Mjc5NDczNCwib3JnIjoxLCJvbmx5Q2hhbm5lbHMiOlsic2xlLW1vZHVsZS1zZXJ2ZXItYXBwbGljYXRpb25zMTUtc3A3LXVwZGF0ZXMteDg2XzY0Il19.rYsGjDEaIPZysHX-nX8iiUy0jUXd1PF5kYvhbgWlZm0 HTTP/1.1" 404 -
172.16.3.7 - - [06/Mar/2026:12:03:18 +0100] "HEAD /rhn/manager/download/sle-module-server-applications15-sp7-updates-x86_64/repodata/repomd.xml?eyJhbGciOiJIUzI1NiJ9.eyJqdGkiOiJrQnZ5MURCdl9uWUxQNkIyc25SMlJBIiwiZXhwIjoxODA0MzMwODU0LCJpYXQiOjE3NzI3OTQ4NTQsIm5iZiI6MTc3Mjc5NDczNCwib3JnIjoxLCJvbmx5Q2hhbm5lbHMiOlsic2xlLW1vZHVsZS1zZXJ2ZXItYXBwbGljYXRpb25zMTUtc3A3LXVwZGF0ZXMteDg2XzY0Il19.rYsGjDEaIPZysHX-nX8iiUy0jUXd1PF5kYvhbgWlZm0 HTTP/1.1" 200 -
172.16.3.7 - - [06/Mar/2026:12:03:18 +0100] "GET /rhn/manager/download/sle-module-server-applications15-sp7-updates-x86_64/repodata/repomd.xml?eyJhbGciOiJIUzI1NiJ9.eyJqdGkiOiJrQnZ5MURCdl9uWUxQNkIyc25SMlJBIiwiZXhwIjoxODA0MzMwODU0LCJpYXQiOjE3NzI3OTQ4NTQsIm5iZiI6MTc3Mjc5NDczNCwib3JnIjoxLCJvbmx5Q2hhbm5lbHMiOlsic2xlLW1vZHVsZS1zZXJ2ZXItYXBwbGljYXRpb25zMTUtc3A3LXVwZGF0ZXMteDg2XzY0Il19.rYsGjDEaIPZysHX-nX8iiUy0jUXd1PF5kYvhbgWlZm0 HTTP/1.1" 200 3664
