172.16.3.7 - - [06/Mar/2026:12:01:26 +0100] "HEAD /rhn/manager/download/sles15-sp7-devel-uyuni-client-x86_64/repodata/repomd.xml.asc?eyJhbGciOiJIUzI1NiJ9.eyJqdGkiOiJxbGhZZ1ctdXpmX3FFZk42dGFmNGNBIiwiZXhwIjoxODA0MzMwODU0LCJpYXQiOjE3NzI3OTQ4NTQsIm5iZiI6MTc3Mjc5NDczNCwib3JnIjoxLCJvbmx5Q2hhbm5lbHMiOlsic2xlczE1LXNwNy1kZXZlbC11eXVuaS1jbGllbnQteDg2XzY0Il19.bGfPf9-yEp7WP97lxkIEHxHyZeR9mCS02Tipiz0FtB0 HTTP/1.1" 404 -
172.16.3.7 - - [06/Mar/2026:12:01:26 +0100] "HEAD /rhn/manager/download/sles15-sp7-devel-uyuni-client-x86_64/repodata/4d07480083cffc93fb7bea561592dd66bf699098b154a976500ceb67e6906602-primary.xml.gz?eyJhbGciOiJIUzI1NiJ9.eyJqdGkiOiJxbGhZZ1ctdXpmX3FFZk42dGFmNGNBIiwiZXhwIjoxODA0MzMwODU0LCJpYXQiOjE3NzI3OTQ4NTQsIm5iZiI6MTc3Mjc5NDczNCwib3JnIjoxLCJvbmx5Q2hhbm5lbHMiOlsic2xlczE1LXNwNy1kZXZlbC11eXVuaS1jbGllbnQteDg2XzY0Il19.bGfPf9-yEp7WP97lxkIEHxHyZeR9mCS02Tipiz0FtB0 HTTP/1.1" 200 -
172.16.3.7 - - [06/Mar/2026:12:01:26 +0100] "HEAD /rhn/manager/download/sles15-sp7-devel-uyuni-client-x86_64/repodata/c4b75e8720f1853e335d0610c764cb376c1ec7805044c3ed2f4fd76a4f739688-susedata.xml.gz?eyJhbGciOiJIUzI1NiJ9.eyJqdGkiOiJxbGhZZ1ctdXpmX3FFZk42dGFmNGNBIiwiZXhwIjoxODA0MzMwODU0LCJpYXQiOjE3NzI3OTQ4NTQsIm5iZiI6MTc3Mjc5NDczNCwib3JnIjoxLCJvbmx5Q2hhbm5lbHMiOlsic2xlczE1LXNwNy1kZXZlbC11eXVuaS1jbGllbnQteDg2XzY0Il19.bGfPf9-yEp7WP97lxkIEHxHyZeR9mCS02Tipiz0FtB0 HTTP/1.1" 200 -
172.16.3.5 - - [06/Mar/2026:12:01:26 +0100] "GET /rhn/systems/details/history/Pending.do?sid=1000010004& HTTP/1.1" 200 40619
172.16.3.5 - - [06/Mar/2026:12:01:26 +0100] "GET /rhn/systems/details/history/History.do?sid=1000010001& HTTP/1.1" 200 42921
127.0.0.1 - - [06/Mar/2026:12:01:26 +0100] "GET /rhn/websocket/notifications HTTP/1.1" 101 -
172.16.3.5 - - [06/Mar/2026:12:01:26 +0100] "POST /rhn/manager/frontend-log HTTP/1.1" 200 16
172.16.3.5 - - [06/Mar/2026:12:01:26 +0100] "GET /rhn/systems/details/history/Pending.do?sid=1000010002& HTTP/1.1" 200 40621
127.0.0.1 - - [06/Mar/2026:12:01:27 +0100] "GET /rhn/websocket/notifications HTTP/1.1" 101 -
127.0.0.1 - - [06/Mar/2026:12:01:26 +0100] "GET /rhn/websocket/notifications HTTP/1.1" 101 -
172.16.3.5 - - [06/Mar/2026:12:01:27 +0100] "POST /rhn/manager/frontend-log HTTP/1.1" 200 16
172.16.3.5 - - [06/Mar/2026:12:01:27 +0100] "POST /rhn/manager/frontend-log HTTP/1.1" 200 16
172.16.3.5 - - [06/Mar/2026:12:01:27 +0100] "GET /rhn/systems/details/history/Pending.do?sid=1000010004& HTTP/1.1" 200 40619
127.0.0.1 - - [06/Mar/2026:12:01:27 +0100] "GET /rhn/websocket/notifications HTTP/1.1" 101 -
172.16.3.5 - - [06/Mar/2026:12:01:27 +0100] "POST /rhn/manager/frontend-log HTTP/1.1" 200 16
172.16.3.5 - - [06/Mar/2026:12:01:27 +0100] "GET /rhn/systems/details/history/Event.do?sid=1000010001&aid=8 HTTP/1.1" 200 46173
172.16.3.5 - - [06/Mar/2026:12:01:27 +0100] "GET /rhn/systems/details/history/History.do?sid=1000010002& HTTP/1.1" 200 42932
127.0.0.1 - - [06/Mar/2026:12:01:28 +0100] "GET /rhn/websocket/notifications HTTP/1.1" 101 -
172.16.3.5 - - [06/Mar/2026:12:01:28 +0100] "POST /rhn/manager/frontend-log HTTP/1.1" 200 16
127.0.0.1 - - [06/Mar/2026:12:01:28 +0100] "GET /rhn/websocket/notifications HTTP/1.1" 101 -
172.16.3.5 - - [06/Mar/2026:12:01:28 +0100] "POST /rhn/manager/frontend-log HTTP/1.1" 200 16
172.16.3.5 - - [06/Mar/2026:12:01:27 +0100] "GET /rhn/systems/details/history/History.do?sid=1000010004& HTTP/1.1" 200 42933
127.0.0.1 - - [06/Mar/2026:12:01:28 +0100] "GET /rhn/websocket/notifications HTTP/1.1" 101 -
172.16.3.5 - - [06/Mar/2026:12:01:28 +0100] "POST /rhn/manager/frontend-log HTTP/1.1" 200 16
172.16.3.5 - - [06/Mar/2026:12:01:28 +0100] "GET /rhn/systems/details/history/Event.do?sid=1000010002&aid=11 HTTP/1.1" 200 47384
172.16.3.5 - - [06/Mar/2026:12:01:28 +0100] "GET /rhn/systems/details/history/Pending.do?sid=1000010001& HTTP/1.1" 200 40606
127.0.0.1 - - [06/Mar/2026:12:01:29 +0100] "GET /rhn/websocket/notifications HTTP/1.1" 101 -
172.16.3.5 - - [06/Mar/2026:12:01:29 +0100] "POST /rhn/manager/frontend-log HTTP/1.1" 200 16
172.16.3.5 - - [06/Mar/2026:12:01:28 +0100] "GET /rhn/systems/details/history/Event.do?sid=1000010004&aid=22 HTTP/1.1" 200 47039
172.16.3.5 - - [06/Mar/2026:12:01:29 +0100] "POST /rhn/manager/frontend-log HTTP/1.1" 200 16
127.0.0.1 - - [06/Mar/2026:12:01:29 +0100] "GET /rhn/websocket/notifications HTTP/1.1" 101 -
127.0.0.1 - - [06/Mar/2026:12:01:29 +0100] "GET /rhn/websocket/notifications HTTP/1.1" 101 -
172.16.3.5 - - [06/Mar/2026:12:01:29 +0100] "GET /rhn/systems/details/history/Pending.do?sid=1000010001& HTTP/1.1" 200 40606
172.16.3.5 - - [06/Mar/2026:12:01:29 +0100] "POST /rhn/manager/frontend-log HTTP/1.1" 200 16
127.0.0.1 - - [06/Mar/2026:12:01:29 +0100] "GET /rhn/websocket/notifications HTTP/1.1" 101 -
172.16.3.5 - - [06/Mar/2026:12:01:29 +0100] "POST /rhn/manager/frontend-log HTTP/1.1" 200 16
172.16.3.5 - - [06/Mar/2026:12:01:29 +0100] "GET /rhn/systems/details/history/Pending.do?sid=1000010002& HTTP/1.1" 200 40621
127.0.0.1 - - [06/Mar/2026:12:01:30 +0100] "GET /rhn/websocket/notifications HTTP/1.1" 101 -
172.16.3.5 - - [06/Mar/2026:12:01:30 +0100] "POST /rhn/manager/frontend-log HTTP/1.1" 200 16
172.16.3.5 - - [06/Mar/2026:12:01:30 +0100] "GET /rhn/systems/details/history/Pending.do?sid=1000010004& HTTP/1.1" 200 40619
127.0.0.1 - - [06/Mar/2026:12:01:30 +0100] "GET /rhn/websocket/notifications HTTP/1.1" 101 -
172.16.3.5 - - [06/Mar/2026:12:01:30 +0100] "POST /rhn/manager/frontend-log HTTP/1.1" 200 16
172.16.3.5 - - [06/Mar/2026:12:01:30 +0100] "GET /rhn/systems/details/history/Pending.do?sid=1000010002& HTTP/1.1" 200 40621
127.0.0.1 - - [06/Mar/2026:12:01:31 +0100] "GET /rhn/websocket/notifications HTTP/1.1" 101 -
172.16.3.5 - - [06/Mar/2026:12:01:31 +0100] "POST /rhn/manager/frontend-log HTTP/1.1" 200 16
172.16.3.5 - - [06/Mar/2026:12:01:31 +0100] "GET /rhn/systems/details/history/Pending.do?sid=1000010004& HTTP/1.1" 200 40619
172.16.3.5 - - [06/Mar/2026:12:01:31 +0100] "POST /rhn/manager/frontend-log HTTP/1.1" 200 16
127.0.0.1 - - [06/Mar/2026:12:01:31 +0100] "GET /rhn/websocket/notifications HTTP/1.1" 101 -
172.16.3.5 - - [06/Mar/2026:12:01:34 +0100] "GET /rhn/systems/details/history/Event.do?sid=1000010003&aid=19 HTTP/1.1" 200 48077
172.16.3.5 - - [06/Mar/2026:12:01:34 +0100] "POST /rhn/manager/frontend-log HTTP/1.1" 200 16
127.0.0.1 - - [06/Mar/2026:12:01:35 +0100] "GET /rhn/websocket/notifications HTTP/1.1" 101 -
172.16.3.5 - - [06/Mar/2026:12:01:35 +0100] "POST /rhn/manager/frontend-log HTTP/1.1" 200 16
127.0.0.1 - - [06/Mar/2026:12:01:35 +0100] "GET /rhn/websocket/notifications HTTP/1.1" 101 -
172.16.3.5 - - [06/Mar/2026:12:01:36 +0100] "GET /rhn/manager/systems/list/all HTTP/1.1" 200 34439
172.16.3.5 - - [06/Mar/2026:12:01:36 +0100] "POST /rhn/manager/frontend-log HTTP/1.1" 200 16
172.16.3.5 - - [06/Mar/2026:12:01:36 +0100] "GET /rhn/systems/details/history/Pending.do?sid=1000010001& HTTP/1.1" 200 40606
127.0.0.1 - - [06/Mar/2026:12:01:36 +0100] "GET /rhn/websocket/notifications HTTP/1.1" 101 -
172.16.3.5 - - [06/Mar/2026:12:01:36 +0100] "POST /rhn/manager/frontend-log HTTP/1.1" 200 16
127.0.0.1 - - [06/Mar/2026:12:01:36 +0100] "GET /rhn/websocket/notifications HTTP/1.1" 101 -
127.0.0.1 - - [06/Mar/2026:12:01:36 +0100] "GET /rhn/websocket/notifications HTTP/1.1" 101 -
172.16.3.5 - - [06/Mar/2026:12:01:36 +0100] "POST /rhn/manager/frontend-log HTTP/1.1" 200 16
127.0.0.1 - - [06/Mar/2026:12:01:36 +0100] "GET /rhn/websocket/notifications HTTP/1.1" 101 -
172.16.3.5 - - [06/Mar/2026:12:01:36 +0100] "POST /rhn/manager/frontend-log HTTP/1.1" 200 16
172.16.3.5 - - [06/Mar/2026:12:01:37 +0100] "GET /rhn/manager/api/systems/list/all?p=1&ps=100&s=1&sc=server_name HTTP/1.1" 200 4066
172.16.3.5 - - [06/Mar/2026:12:01:37 +0100] "POST /rhn/manager/api/sets/system_list HTTP/1.1" 200 1
172.16.3.5 - - [06/Mar/2026:12:01:37 +0100] "GET /rhn/systems/details/history/Pending.do?sid=1000010002& HTTP/1.1" 200 40621
172.16.3.5 - - [06/Mar/2026:12:01:37 +0100] "POST /rhn/manager/frontend-log HTTP/1.1" 200 16
127.0.0.1 - - [06/Mar/2026:12:01:38 +0100] "GET /rhn/websocket/notifications HTTP/1.1" 101 -
172.16.3.5 - - [06/Mar/2026:12:01:38 +0100] "POST /rhn/manager/frontend-log HTTP/1.1" 200 16
127.0.0.1 - - [06/Mar/2026:12:01:38 +0100] "GET /rhn/websocket/notifications HTTP/1.1" 101 -
172.16.3.5 - - [06/Mar/2026:12:01:38 +0100] "GET /rhn/systems/details/history/Pending.do?sid=1000010004& HTTP/1.1" 200 40619
172.16.3.5 - - [06/Mar/2026:12:01:38 +0100] "POST /rhn/manager/frontend-log HTTP/1.1" 200 16
127.0.0.1 - - [06/Mar/2026:12:01:38 +0100] "GET /rhn/websocket/notifications HTTP/1.1" 101 -
172.16.3.5 - - [06/Mar/2026:12:01:38 +0100] "POST /rhn/manager/frontend-log HTTP/1.1" 200 16
127.0.0.1 - - [06/Mar/2026:12:01:38 +0100] "GET /rhn/websocket/notifications HTTP/1.1" 101 -
172.16.3.5 - - [06/Mar/2026:12:01:45 +0100] "GET /rhn/systems/details/history/Pending.do?sid=1000010003& HTTP/1.1" 200 41400
172.16.3.5 - - [06/Mar/2026:12:01:45 +0100] "POST /rhn/manager/frontend-log HTTP/1.1" 200 16
127.0.0.1 - - [06/Mar/2026:12:01:45 +0100] "GET /rhn/websocket/notifications HTTP/1.1" 101 -
172.16.3.5 - - [06/Mar/2026:12:01:46 +0100] "GET /rhn/systems/details/history/Pending.do?sid=1000010003& HTTP/1.1" 200 41400
127.0.0.1 - - [06/Mar/2026:12:01:46 +0100] "GET /rhn/websocket/notifications HTTP/1.1" 101 -
172.16.3.5 - - [06/Mar/2026:12:01:46 +0100] "POST /rhn/manager/frontend-log HTTP/1.1" 200 16
::1 - - [06/Mar/2026:12:01:49 +0100] "GET /rhn/manager/login HTTP/1.1" 302 -
172.16.3.5 - - [06/Mar/2026:12:01:50 +0100] "GET /rhn/manager/systems/list/all HTTP/1.1" 200 34439
172.16.3.5 - - [06/Mar/2026:12:01:50 +0100] "POST /rhn/manager/frontend-log HTTP/1.1" 200 16
172.16.3.5 - - [06/Mar/2026:12:01:50 +0100] "GET /rhn/systems/details/history/Pending.do?sid=1000010001& HTTP/1.1" 200 37854
127.0.0.1 - - [06/Mar/2026:12:01:50 +0100] "GET /rhn/websocket/notifications HTTP/1.1" 101 -
172.16.3.5 - - [06/Mar/2026:12:01:50 +0100] "POST /rhn/manager/frontend-log HTTP/1.1" 200 16
127.0.0.1 - - [06/Mar/2026:12:01:50 +0100] "GET /rhn/websocket/notifications HTTP/1.1" 101 -
172.16.3.5 - - [06/Mar/2026:12:01:50 +0100] "POST /rhn/manager/frontend-log HTTP/1.1" 200 16
127.0.0.1 - - [06/Mar/2026:12:01:50 +0100] "GET /rhn/websocket/notifications HTTP/1.1" 101 -
172.16.3.5 - - [06/Mar/2026:12:01:50 +0100] "POST /rhn/manager/frontend-log HTTP/1.1" 200 16
172.16.3.5 - - [06/Mar/2026:12:01:50 +0100] "GET /rhn/manager/api/systems/list/all?p=1&ps=100&s=1&sc=server_name HTTP/1.1" 200 4066
127.0.0.1 - - [06/Mar/2026:12:01:51 +0100] "GET /rhn/websocket/notifications HTTP/1.1" 101 -
172.16.3.5 - - [06/Mar/2026:12:01:51 +0100] "POST /rhn/manager/api/sets/system_list HTTP/1.1" 200 1
172.16.3.5 - - [06/Mar/2026:12:01:51 +0100] "GET /rhn/systems/details/history/Pending.do?sid=1000010002& HTTP/1.1" 200 37862
172.16.3.5 - - [06/Mar/2026:12:01:51 +0100] "POST /rhn/manager/frontend-log HTTP/1.1" 200 16
127.0.0.1 - - [06/Mar/2026:12:01:51 +0100] "GET /rhn/websocket/notifications HTTP/1.1" 101 -
172.16.3.5 - - [06/Mar/2026:12:01:51 +0100] "POST /rhn/manager/frontend-log HTTP/1.1" 200 16
127.0.0.1 - - [06/Mar/2026:12:01:51 +0100] "GET /rhn/websocket/notifications HTTP/1.1" 101 -
172.16.3.5 - - [06/Mar/2026:12:01:51 +0100] "GET /rhn/systems/details/history/Pending.do?sid=1000010004& HTTP/1.1" 200 40619
172.16.3.5 - - [06/Mar/2026:12:01:52 +0100] "POST /rhn/manager/frontend-log HTTP/1.1" 200 16
127.0.0.1 - - [06/Mar/2026:12:01:52 +0100] "GET /rhn/websocket/notifications HTTP/1.1" 101 -
172.16.3.5 - - [06/Mar/2026:12:01:52 +0100] "POST /rhn/manager/frontend-log HTTP/1.1" 200 16
127.0.0.1 - - [06/Mar/2026:12:01:52 +0100] "GET /rhn/websocket/notifications HTTP/1.1" 101 -
172.16.3.5 - - [06/Mar/2026:12:01:52 +0100] "GET /rhn/systems/details/history/Pending.do?sid=1000010003& HTTP/1.1" 200 41400
172.16.3.5 - - [06/Mar/2026:12:01:53 +0100] "POST /rhn/manager/frontend-log HTTP/1.1" 200 16
127.0.0.1 - - [06/Mar/2026:12:01:53 +0100] "GET /rhn/websocket/notifications HTTP/1.1" 101 -
172.16.3.5 - - [06/Mar/2026:12:01:53 +0100] "POST /rhn/manager/frontend-log HTTP/1.1" 200 16
127.0.0.1 - - [06/Mar/2026:12:01:53 +0100] "GET /rhn/websocket/notifications HTTP/1.1" 101 -
172.16.3.7 - - [06/Mar/2026:12:01:59 +0100] "HEAD /rhn/manager/download/devel-suse-channel/repodata/repomd.xml?eyJhbGciOiJIUzI1NiJ9.eyJqdGkiOiJtOXlBaXRoOVVyZTJaSUd1LUc4akJnIiwiZXhwIjoxODA0MzMwODU1LCJpYXQiOjE3NzI3OTQ4NTUsIm5iZiI6MTc3Mjc5NDczNSwib3JnIjoxLCJvbmx5Q2hhbm5lbHMiOlsiZGV2ZWwtc3VzZS1jaGFubmVsIl19.BTYvc0reerefjYDBfxHrq06-5zEDN92MZcHouXR5Pws HTTP/1.1" 200 -
172.16.3.7 - - [06/Mar/2026:12:01:59 +0100] "HEAD /rhn/manager/download/devel-suse-channel/media.1/media?eyJhbGciOiJIUzI1NiJ9.eyJqdGkiOiJtOXlBaXRoOVVyZTJaSUd1LUc4akJnIiwiZXhwIjoxODA0MzMwODU1LCJpYXQiOjE3NzI3OTQ4NTUsIm5iZiI6MTc3Mjc5NDczNSwib3JnIjoxLCJvbmx5Q2hhbm5lbHMiOlsiZGV2ZWwtc3VzZS1jaGFubmVsIl19.BTYvc0reerefjYDBfxHrq06-5zEDN92MZcHouXR5Pws HTTP/1.1" 404 -
172.16.3.7 - - [06/Mar/2026:12:01:59 +0100] "HEAD /rhn/manager/download/devel-suse-channel/repodata/repomd.xml?eyJhbGciOiJIUzI1NiJ9.eyJqdGkiOiJtOXlBaXRoOVVyZTJaSUd1LUc4akJnIiwiZXhwIjoxODA0MzMwODU1LCJpYXQiOjE3NzI3OTQ4NTUsIm5iZiI6MTc3Mjc5NDczNSwib3JnIjoxLCJvbmx5Q2hhbm5lbHMiOlsiZGV2ZWwtc3VzZS1jaGFubmVsIl19.BTYvc0reerefjYDBfxHrq06-5zEDN92MZcHouXR5Pws HTTP/1.1" 200 -
172.16.3.7 - - [06/Mar/2026:12:01:59 +0100] "GET /rhn/manager/download/devel-suse-channel/repodata/repomd.xml?eyJhbGciOiJIUzI1NiJ9.eyJqdGkiOiJtOXlBaXRoOVVyZTJaSUd1LUc4akJnIiwiZXhwIjoxODA0MzMwODU1LCJpYXQiOjE3NzI3OTQ4NTUsIm5iZiI6MTc3Mjc5NDczNSwib3JnIjoxLCJvbmx5Q2hhbm5lbHMiOlsiZGV2ZWwtc3VzZS1jaGFubmVsIl19.BTYvc0reerefjYDBfxHrq06-5zEDN92MZcHouXR5Pws HTTP/1.1" 200 3664
172.16.3.7 - - [06/Mar/2026:12:01:59 +0100] "HEAD /rhn/manager/download/devel-suse-channel/repodata/repomd.xml.asc?eyJhbGciOiJIUzI1NiJ9.eyJqdGkiOiJtOXlBaXRoOVVyZTJaSUd1LUc4akJnIiwiZXhwIjoxODA0MzMwODU1LCJpYXQiOjE3NzI3OTQ4NTUsIm5iZiI6MTc3Mjc5NDczNSwib3JnIjoxLCJvbmx5Q2hhbm5lbHMiOlsiZGV2ZWwtc3VzZS1jaGFubmVsIl19.BTYvc0reerefjYDBfxHrq06-5zEDN92MZcHouXR5Pws HTTP/1.1" 404 -
172.16.3.7 - - [06/Mar/2026:12:01:59 +0100] "HEAD /rhn/manager/download/devel-suse-channel/repodata/9f1ea2d62279e8f6fb7edc4150249d023a70189d894ffcc414ef9c0d82fcfbc5ec6e9622d62e86ff11253f8d0e77f3ef948dcbdf579e26e988b3751aa74f9d59-primary.xml.gz?eyJhbGciOiJIUzI1NiJ9.eyJqdGkiOiJtOXlBaXRoOVVyZTJaSUd1LUc4akJnIiwiZXhwIjoxODA0MzMwODU1LCJpYXQiOjE3NzI3OTQ4NTUsIm5iZiI6MTc3Mjc5NDczNSwib3JnIjoxLCJvbmx5Q2hhbm5lbHMiOlsiZGV2ZWwtc3VzZS1jaGFubmVsIl19.BTYvc0reerefjYDBfxHrq06-5zEDN92MZcHouXR5Pws HTTP/1.1" 200 -
172.16.3.7 - - [06/Mar/2026:12:01:59 +0100] "GET /rhn/manager/download/devel-suse-channel/repodata/9f1ea2d62279e8f6fb7edc4150249d023a70189d894ffcc414ef9c0d82fcfbc5ec6e9622d62e86ff11253f8d0e77f3ef948dcbdf579e26e988b3751aa74f9d59-primary.xml.gz?eyJhbGciOiJIUzI1NiJ9.eyJqdGkiOiJtOXlBaXRoOVVyZTJaSUd1LUc4akJnIiwiZXhwIjoxODA0MzMwODU1LCJpYXQiOjE3NzI3OTQ4NTUsIm5iZiI6MTc3Mjc5NDczNSwib3JnIjoxLCJvbmx5Q2hhbm5lbHMiOlsiZGV2ZWwtc3VzZS1jaGFubmVsIl19.BTYvc0reerefjYDBfxHrq06-5zEDN92MZcHouXR5Pws HTTP/1.1" 200 3664
172.16.3.7 - - [06/Mar/2026:12:01:59 +0100] "HEAD /rhn/manager/download/devel-suse-channel/repodata/f4e8102061d4ee9a19ec0277091d6f296d38e08889709945cfca61716972b1e2d0201d09ea891a9f2753acb8f1211aa85e6123208a82a4c64199c1f5014356ee-susedata.xml.gz?eyJhbGciOiJIUzI1NiJ9.eyJqdGkiOiJtOXlBaXRoOVVyZTJaSUd1LUc4akJnIiwiZXhwIjoxODA0MzMwODU1LCJpYXQiOjE3NzI3OTQ4NTUsIm5iZiI6MTc3Mjc5NDczNSwib3JnIjoxLCJvbmx5Q2hhbm5lbHMiOlsiZGV2ZWwtc3VzZS1jaGFubmVsIl19.BTYvc0reerefjYDBfxHrq06-5zEDN92MZcHouXR5Pws HTTP/1.1" 200 -
172.16.3.7 - - [06/Mar/2026:12:01:59 +0100] "GET /rhn/manager/download/devel-suse-channel/repodata/f4e8102061d4ee9a19ec0277091d6f296d38e08889709945cfca61716972b1e2d0201d09ea891a9f2753acb8f1211aa85e6123208a82a4c64199c1f5014356ee-susedata.xml.gz?eyJhbGciOiJIUzI1NiJ9.eyJqdGkiOiJtOXlBaXRoOVVyZTJaSUd1LUc4akJnIiwiZXhwIjoxODA0MzMwODU1LCJpYXQiOjE3NzI3OTQ4NTUsIm5iZiI6MTc3Mjc5NDczNSwib3JnIjoxLCJvbmx5Q2hhbm5lbHMiOlsiZGV2ZWwtc3VzZS1jaGFubmVsIl19.BTYvc0reerefjYDBfxHrq06-5zEDN92MZcHouXR5Pws HTTP/1.1" 200 3664
172.16.3.7 - - [06/Mar/2026:12:01:59 +0100] "HEAD /rhn/manager/download/fake-rpm-suse-channel/repodata/repomd.xml?eyJhbGciOiJIUzI1NiJ9.eyJqdGkiOiJxQWUzUDlaRzVGQ0hzQkxmWVlWU0hBIiwiZXhwIjoxODA0MzMwODU1LCJpYXQiOjE3NzI3OTQ4NTUsIm5iZiI6MTc3Mjc5NDczNSwib3JnIjoxLCJvbmx5Q2hhbm5lbHMiOlsiZmFrZS1ycG0tc3VzZS1jaGFubmVsIl19.O9YXkb8JCZ_n-i5RYITgajd_vOXnpJ-axdCRDNhysv4 HTTP/1.1" 200 -
172.16.3.7 - - [06/Mar/2026:12:01:59 +0100] "HEAD /rhn/manager/download/fake-rpm-suse-channel/media.1/media?eyJhbGciOiJIUzI1NiJ9.eyJqdGkiOiJxQWUzUDlaRzVGQ0hzQkxmWVlWU0hBIiwiZXhwIjoxODA0MzMwODU1LCJpYXQiOjE3NzI3OTQ4NTUsIm5iZiI6MTc3Mjc5NDczNSwib3JnIjoxLCJvbmx5Q2hhbm5lbHMiOlsiZmFrZS1ycG0tc3VzZS1jaGFubmVsIl19.O9YXkb8JCZ_n-i5RYITgajd_vOXnpJ-axdCRDNhysv4 HTTP/1.1" 404 -
172.16.3.7 - - [06/Mar/2026:12:01:59 +0100] "HEAD /rhn/manager/download/fake-rpm-suse-channel/repodata/repomd.xml?eyJhbGciOiJIUzI1NiJ9.eyJqdGkiOiJxQWUzUDlaRzVGQ0hzQkxmWVlWU0hBIiwiZXhwIjoxODA0MzMwODU1LCJpYXQiOjE3NzI3OTQ4NTUsIm5iZiI6MTc3Mjc5NDczNSwib3JnIjoxLCJvbmx5Q2hhbm5lbHMiOlsiZmFrZS1ycG0tc3VzZS1jaGFubmVsIl19.O9YXkb8JCZ_n-i5RYITgajd_vOXnpJ-axdCRDNhysv4 HTTP/1.1" 200 -
172.16.3.7 - - [06/Mar/2026:12:01:59 +0100] "GET /rhn/manager/download/fake-rpm-suse-channel/repodata/repomd.xml?eyJhbGciOiJIUzI1NiJ9.eyJqdGkiOiJxQWUzUDlaRzVGQ0hzQkxmWVlWU0hBIiwiZXhwIjoxODA0MzMwODU1LCJpYXQiOjE3NzI3OTQ4NTUsIm5iZiI6MTc3Mjc5NDczNSwib3JnIjoxLCJvbmx5Q2hhbm5lbHMiOlsiZmFrZS1ycG0tc3VzZS1jaGFubmVsIl19.O9YXkb8JCZ_n-i5RYITgajd_vOXnpJ-axdCRDNhysv4 HTTP/1.1" 200 3664
172.16.3.7 - - [06/Mar/2026:12:01:59 +0100] "HEAD /rhn/manager/download/fake-rpm-suse-channel/repodata/repomd.xml.asc?eyJhbGciOiJIUzI1NiJ9.eyJqdGkiOiJxQWUzUDlaRzVGQ0hzQkxmWVlWU0hBIiwiZXhwIjoxODA0MzMwODU1LCJpYXQiOjE3NzI3OTQ4NTUsIm5iZiI6MTc3Mjc5NDczNSwib3JnIjoxLCJvbmx5Q2hhbm5lbHMiOlsiZmFrZS1ycG0tc3VzZS1jaGFubmVsIl19.O9YXkb8JCZ_n-i5RYITgajd_vOXnpJ-axdCRDNhysv4 HTTP/1.1" 404 -
172.16.3.7 - - [06/Mar/2026:12:01:59 +0100] "HEAD /rhn/manager/download/fake-rpm-suse-channel/repodata/23ab3e6f7d9838ac457a0bff67090a1f79a0070a992a5611977f64f138248fe39d7bee4712761475ab055cd560edd59bb302199ea97e83bffdb4ecc9f6eb3d39-primary.xml.gz?eyJhbGciOiJIUzI1NiJ9.eyJqdGkiOiJxQWUzUDlaRzVGQ0hzQkxmWVlWU0hBIiwiZXhwIjoxODA0MzMwODU1LCJpYXQiOjE3NzI3OTQ4NTUsIm5iZiI6MTc3Mjc5NDczNSwib3JnIjoxLCJvbmx5Q2hhbm5lbHMiOlsiZmFrZS1ycG0tc3VzZS1jaGFubmVsIl19.O9YXkb8JCZ_n-i5RYITgajd_vOXnpJ-axdCRDNhysv4 HTTP/1.1" 200 -
172.16.3.7 - - [06/Mar/2026:12:01:59 +0100] "GET /rhn/manager/download/fake-rpm-suse-channel/repodata/23ab3e6f7d9838ac457a0bff67090a1f79a0070a992a5611977f64f138248fe39d7bee4712761475ab055cd560edd59bb302199ea97e83bffdb4ecc9f6eb3d39-primary.xml.gz?eyJhbGciOiJIUzI1NiJ9.eyJqdGkiOiJxQWUzUDlaRzVGQ0hzQkxmWVlWU0hBIiwiZXhwIjoxODA0MzMwODU1LCJpYXQiOjE3NzI3OTQ4NTUsIm5iZiI6MTc3Mjc5NDczNSwib3JnIjoxLCJvbmx5Q2hhbm5lbHMiOlsiZmFrZS1ycG0tc3VzZS1jaGFubmVsIl19.O9YXkb8JCZ_n-i5RYITgajd_vOXnpJ-axdCRDNhysv4 HTTP/1.1" 200 3664
172.16.3.7 - - [06/Mar/2026:12:01:59 +0100] "HEAD /rhn/manager/download/fake-rpm-suse-channel/repodata/4265c37a4258c7ec3ffb0407ebee44404e3ef332947485981a0d05618ad65760daae226dfb51e08266af0a81e427ebd3e75f697fc78bdc613eee8558c585d840-susedata.xml.gz?eyJhbGciOiJIUzI1NiJ9.eyJqdGkiOiJxQWUzUDlaRzVGQ0hzQkxmWVlWU0hBIiwiZXhwIjoxODA0MzMwODU1LCJpYXQiOjE3NzI3OTQ4NTUsIm5iZiI6MTc3Mjc5NDczNSwib3JnIjoxLCJvbmx5Q2hhbm5lbHMiOlsiZmFrZS1ycG0tc3VzZS1jaGFubmVsIl19.O9YXkb8JCZ_n-i5RYITgajd_vOXnpJ-axdCRDNhysv4 HTTP/1.1" 200 -
172.16.3.7 - - [06/Mar/2026:12:01:59 +0100] "GET /rhn/manager/download/fake-rpm-suse-channel/repodata/4265c37a4258c7ec3ffb0407ebee44404e3ef332947485981a0d05618ad65760daae226dfb51e08266af0a81e427ebd3e75f697fc78bdc613eee8558c585d840-susedata.xml.gz?eyJhbGciOiJIUzI1NiJ9.eyJqdGkiOiJxQWUzUDlaRzVGQ0hzQkxmWVlWU0hBIiwiZXhwIjoxODA0MzMwODU1LCJpYXQiOjE3NzI3OTQ4NTUsIm5iZiI6MTc3Mjc5NDczNSwib3JnIjoxLCJvbmx5Q2hhbm5lbHMiOlsiZmFrZS1ycG0tc3VzZS1jaGFubmVsIl19.O9YXkb8JCZ_n-i5RYITgajd_vOXnpJ-axdCRDNhysv4 HTTP/1.1" 200 3664
172.16.3.7 - - [06/Mar/2026:12:01:59 +0100] "HEAD /rhn/manager/download/fake-rpm-suse-channel/repodata/222849043695e3dfda2356b4bf60e24e431abafc2447e5bb8a305cf6409dfcd6fe881a6dea4b68c306444c3373808c6d90cad23502094718491a4a461564aa55-updateinfo.xml.gz?eyJhbGciOiJIUzI1NiJ9.eyJqdGkiOiJxQWUzUDlaRzVGQ0hzQkxmWVlWU0hBIiwiZXhwIjoxODA0MzMwODU1LCJpYXQiOjE3NzI3OTQ4NTUsIm5iZiI6MTc3Mjc5NDczNSwib3JnIjoxLCJvbmx5Q2hhbm5lbHMiOlsiZmFrZS1ycG0tc3VzZS1jaGFubmVsIl19.O9YXkb8JCZ_n-i5RYITgajd_vOXnpJ-axdCRDNhysv4 HTTP/1.1" 200 -
172.16.3.7 - - [06/Mar/2026:12:01:59 +0100] "GET /rhn/manager/download/fake-rpm-suse-channel/repodata/222849043695e3dfda2356b4bf60e24e431abafc2447e5bb8a305cf6409dfcd6fe881a6dea4b68c306444c3373808c6d90cad23502094718491a4a461564aa55-updateinfo.xml.gz?eyJhbGciOiJIUzI1NiJ9.eyJqdGkiOiJxQWUzUDlaRzVGQ0hzQkxmWVlWU0hBIiwiZXhwIjoxODA0MzMwODU1LCJpYXQiOjE3NzI3OTQ4NTUsIm5iZiI6MTc3Mjc5NDczNSwib3JnIjoxLCJvbmx5Q2hhbm5lbHMiOlsiZmFrZS1ycG0tc3VzZS1jaGFubmVsIl19.O9YXkb8JCZ_n-i5RYITgajd_vOXnpJ-axdCRDNhysv4 HTTP/1.1" 200 3664
172.16.3.7 - - [06/Mar/2026:12:01:59 +0100] "HEAD /rhn/manager/download/opensuse_tumbleweed-uyuni-client-devel-x86_64/repodata/repomd.xml?eyJhbGciOiJIUzI1NiJ9.eyJqdGkiOiJRNV9uZlRfcndhSXhQZkh0alREeGRBIiwiZXhwIjoxODA0MzMwODU1LCJpYXQiOjE3NzI3OTQ4NTUsIm5iZiI6MTc3Mjc5NDczNSwib3JnIjoxLCJvbmx5Q2hhbm5lbHMiOlsib3BlbnN1c2VfdHVtYmxld2VlZC11eXVuaS1jbGllbnQtZGV2ZWwteDg2XzY0Il19.qUyWuxACtn_goaX-mk_90hNNSMTaZHNgmiy0xIWpuxE HTTP/1.1" 200 -
172.16.3.7 - - [06/Mar/2026:12:01:59 +0100] "HEAD /rhn/manager/download/opensuse_tumbleweed-uyuni-client-devel-x86_64/media.1/media?eyJhbGciOiJIUzI1NiJ9.eyJqdGkiOiJRNV9uZlRfcndhSXhQZkh0alREeGRBIiwiZXhwIjoxODA0MzMwODU1LCJpYXQiOjE3NzI3OTQ4NTUsIm5iZiI6MTc3Mjc5NDczNSwib3JnIjoxLCJvbmx5Q2hhbm5lbHMiOlsib3BlbnN1c2VfdHVtYmxld2VlZC11eXVuaS1jbGllbnQtZGV2ZWwteDg2XzY0Il19.qUyWuxACtn_goaX-mk_90hNNSMTaZHNgmiy0xIWpuxE HTTP/1.1" 404 -
172.16.3.7 - - [06/Mar/2026:12:01:59 +0100] "HEAD /rhn/manager/download/opensuse_tumbleweed-uyuni-client-devel-x86_64/repodata/repomd.xml?eyJhbGciOiJIUzI1NiJ9.eyJqdGkiOiJRNV9uZlRfcndhSXhQZkh0alREeGRBIiwiZXhwIjoxODA0MzMwODU1LCJpYXQiOjE3NzI3OTQ4NTUsIm5iZiI6MTc3Mjc5NDczNSwib3JnIjoxLCJvbmx5Q2hhbm5lbHMiOlsib3BlbnN1c2VfdHVtYmxld2VlZC11eXVuaS1jbGllbnQtZGV2ZWwteDg2XzY0Il19.qUyWuxACtn_goaX-mk_90hNNSMTaZHNgmiy0xIWpuxE HTTP/1.1" 200 -
172.16.3.7 - - [06/Mar/2026:12:01:59 +0100] "GET /rhn/manager/download/opensuse_tumbleweed-uyuni-client-devel-x86_64/repodata/repomd.xml?eyJhbGciOiJIUzI1NiJ9.eyJqdGkiOiJRNV9uZlRfcndhSXhQZkh0alREeGRBIiwiZXhwIjoxODA0MzMwODU1LCJpYXQiOjE3NzI3OTQ4NTUsIm5iZiI6MTc3Mjc5NDczNSwib3JnIjoxLCJvbmx5Q2hhbm5lbHMiOlsib3BlbnN1c2VfdHVtYmxld2VlZC11eXVuaS1jbGllbnQtZGV2ZWwteDg2XzY0Il19.qUyWuxACtn_goaX-mk_90hNNSMTaZHNgmiy0xIWpuxE HTTP/1.1" 200 3664
172.16.3.7 - - [06/Mar/2026:12:01:59 +0100] "HEAD /rhn/manager/download/opensuse_tumbleweed-uyuni-client-devel-x86_64/repodata/repomd.xml.asc?eyJhbGciOiJIUzI1NiJ9.eyJqdGkiOiJRNV9uZlRfcndhSXhQZkh0alREeGRBIiwiZXhwIjoxODA0MzMwODU1LCJpYXQiOjE3NzI3OTQ4NTUsIm5iZiI6MTc3Mjc5NDczNSwib3JnIjoxLCJvbmx5Q2hhbm5lbHMiOlsib3BlbnN1c2VfdHVtYmxld2VlZC11eXVuaS1jbGllbnQtZGV2ZWwteDg2XzY0Il19.qUyWuxACtn_goaX-mk_90hNNSMTaZHNgmiy0xIWpuxE HTTP/1.1" 404 -
172.16.3.7 - - [06/Mar/2026:12:02:00 +0100] "HEAD /rhn/manager/download/opensuse_tumbleweed-uyuni-client-devel-x86_64/repodata/bd56e824e01ced9fd5177e0f2491a5000ce87e02ef186c9fa088a126d8b5fe191a2cfbd5365921277f35de457e86a82c3538db8422e8a405c91dd1642afff913-primary.xml.gz?eyJhbGciOiJIUzI1NiJ9.eyJqdGkiOiJRNV9uZlRfcndhSXhQZkh0alREeGRBIiwiZXhwIjoxODA0MzMwODU1LCJpYXQiOjE3NzI3OTQ4NTUsIm5iZiI6MTc3Mjc5NDczNSwib3JnIjoxLCJvbmx5Q2hhbm5lbHMiOlsib3BlbnN1c2VfdHVtYmxld2VlZC11eXVuaS1jbGllbnQtZGV2ZWwteDg2XzY0Il19.qUyWuxACtn_goaX-mk_90hNNSMTaZHNgmiy0xIWpuxE HTTP/1.1" 200 -
172.16.3.7 - - [06/Mar/2026:12:02:00 +0100] "GET /rhn/manager/download/opensuse_tumbleweed-uyuni-client-devel-x86_64/repodata/bd56e824e01ced9fd5177e0f2491a5000ce87e02ef186c9fa088a126d8b5fe191a2cfbd5365921277f35de457e86a82c3538db8422e8a405c91dd1642afff913-primary.xml.gz?eyJhbGciOiJIUzI1NiJ9.eyJqdGkiOiJRNV9uZlRfcndhSXhQZkh0alREeGRBIiwiZXhwIjoxODA0MzMwODU1LCJpYXQiOjE3NzI3OTQ4NTUsIm5iZiI6MTc3Mjc5NDczNSwib3JnIjoxLCJvbmx5Q2hhbm5lbHMiOlsib3BlbnN1c2VfdHVtYmxld2VlZC11eXVuaS1jbGllbnQtZGV2ZWwteDg2XzY0Il19.qUyWuxACtn_goaX-mk_90hNNSMTaZHNgmiy0xIWpuxE HTTP/1.1" 200 3664
172.16.3.7 - - [06/Mar/2026:12:02:00 +0100] "HEAD /rhn/manager/download/opensuse_tumbleweed-uyuni-client-devel-x86_64/repodata/edea975e521d321fe79560b1203c950a6f2f1e316d8bd2c13a4fc5953bdbbcdd762265df3fc57f3cd10c9fff1d8f8e436d8a9835a81cd7ea13aa0c33f9d30034-susedata.xml.gz?eyJhbGciOiJIUzI1NiJ9.eyJqdGkiOiJRNV9uZlRfcndhSXhQZkh0alREeGRBIiwiZXhwIjoxODA0MzMwODU1LCJpYXQiOjE3NzI3OTQ4NTUsIm5iZiI6MTc3Mjc5NDczNSwib3JnIjoxLCJvbmx5Q2hhbm5lbHMiOlsib3BlbnN1c2VfdHVtYmxld2VlZC11eXVuaS1jbGllbnQtZGV2ZWwteDg2XzY0Il19.qUyWuxACtn_goaX-mk_90hNNSMTaZHNgmiy0xIWpuxE HTTP/1.1" 200 -
172.16.3.7 - - [06/Mar/2026:12:02:00 +0100] "GET /rhn/manager/download/opensuse_tumbleweed-uyuni-client-devel-x86_64/repodata/edea975e521d321fe79560b1203c950a6f2f1e316d8bd2c13a4fc5953bdbbcdd762265df3fc57f3cd10c9fff1d8f8e436d8a9835a81cd7ea13aa0c33f9d30034-susedata.xml.gz?eyJhbGciOiJIUzI1NiJ9.eyJqdGkiOiJRNV9uZlRfcndhSXhQZkh0alREeGRBIiwiZXhwIjoxODA0MzMwODU1LCJpYXQiOjE3NzI3OTQ4NTUsIm5iZiI6MTc3Mjc5NDczNSwib3JnIjoxLCJvbmx5Q2hhbm5lbHMiOlsib3BlbnN1c2VfdHVtYmxld2VlZC11eXVuaS1jbGllbnQtZGV2ZWwteDg2XzY0Il19.qUyWuxACtn_goaX-mk_90hNNSMTaZHNgmiy0xIWpuxE HTTP/1.1" 200 3664
172.16.3.7 - - [06/Mar/2026:12:02:00 +0100] "HEAD /rhn/manager/download/opensuse_tumbleweed-x86_64/repodata/repomd.xml?eyJhbGciOiJIUzI1NiJ9.eyJqdGkiOiJ2VE4wQUFob2gwRlR3d2xoYk5DSThRIiwiZXhwIjoxODA0MzMwODU1LCJpYXQiOjE3NzI3OTQ4NTUsIm5iZiI6MTc3Mjc5NDczNSwib3JnIjoxLCJvbmx5Q2hhbm5lbHMiOlsib3BlbnN1c2VfdHVtYmxld2VlZC14ODZfNjQiXX0.BOAzB3UuyzxbEE1UrY5NdRNHWTPj58nm_sLNDZdwfrA HTTP/1.1" 200 -
172.16.3.7 - - [06/Mar/2026:12:02:00 +0100] "HEAD /rhn/manager/download/opensuse_tumbleweed-x86_64/media.1/media?eyJhbGciOiJIUzI1NiJ9.eyJqdGkiOiJ2VE4wQUFob2gwRlR3d2xoYk5DSThRIiwiZXhwIjoxODA0MzMwODU1LCJpYXQiOjE3NzI3OTQ4NTUsIm5iZiI6MTc3Mjc5NDczNSwib3JnIjoxLCJvbmx5Q2hhbm5lbHMiOlsib3BlbnN1c2VfdHVtYmxld2VlZC14ODZfNjQiXX0.BOAzB3UuyzxbEE1UrY5NdRNHWTPj58nm_sLNDZdwfrA HTTP/1.1" 404 -
172.16.3.7 - - [06/Mar/2026:12:02:00 +0100] "HEAD /rhn/manager/download/opensuse_tumbleweed-x86_64/repodata/repomd.xml?eyJhbGciOiJIUzI1NiJ9.eyJqdGkiOiJ2VE4wQUFob2gwRlR3d2xoYk5DSThRIiwiZXhwIjoxODA0MzMwODU1LCJpYXQiOjE3NzI3OTQ4NTUsIm5iZiI6MTc3Mjc5NDczNSwib3JnIjoxLCJvbmx5Q2hhbm5lbHMiOlsib3BlbnN1c2VfdHVtYmxld2VlZC14ODZfNjQiXX0.BOAzB3UuyzxbEE1UrY5NdRNHWTPj58nm_sLNDZdwfrA HTTP/1.1" 200 -
172.16.3.7 - - [06/Mar/2026:12:02:00 +0100] "GET /rhn/manager/download/opensuse_tumbleweed-x86_64/repodata/repomd.xml?eyJhbGciOiJIUzI1NiJ9.eyJqdGkiOiJ2VE4wQUFob2gwRlR3d2xoYk5DSThRIiwiZXhwIjoxODA0MzMwODU1LCJpYXQiOjE3NzI3OTQ4NTUsIm5iZiI6MTc3Mjc5NDczNSwib3JnIjoxLCJvbmx5Q2hhbm5lbHMiOlsib3BlbnN1c2VfdHVtYmxld2VlZC14ODZfNjQiXX0.BOAzB3UuyzxbEE1UrY5NdRNHWTPj58nm_sLNDZdwfrA HTTP/1.1" 200 3664
172.16.3.7 - - [06/Mar/2026:12:02:00 +0100] "HEAD /rhn/manager/download/opensuse_tumbleweed-x86_64/repodata/repomd.xml.asc?eyJhbGciOiJIUzI1NiJ9.eyJqdGkiOiJ2VE4wQUFob2gwRlR3d2xoYk5DSThRIiwiZXhwIjoxODA0MzMwODU1LCJpYXQiOjE3NzI3OTQ4NTUsIm5iZiI6MTc3Mjc5NDczNSwib3JnIjoxLCJvbmx5Q2hhbm5lbHMiOlsib3BlbnN1c2VfdHVtYmxld2VlZC14ODZfNjQiXX0.BOAzB3UuyzxbEE1UrY5NdRNHWTPj58nm_sLNDZdwfrA HTTP/1.1" 404 -
172.16.3.7 - - [06/Mar/2026:12:02:00 +0100] "HEAD /rhn/manager/download/opensuse_tumbleweed-x86_64/repodata/12ff823f9a24ffc5110d1e831b4844765f96c3755297436278c94e573fe89adc86ab0e8b6e97f07ef7b2eae2ef4169272f60ebf3d36b30884251d5bf5f65a58d-primary.xml.gz?eyJhbGciOiJIUzI1NiJ9.eyJqdGkiOiJ2VE4wQUFob2gwRlR3d2xoYk5DSThRIiwiZXhwIjoxODA0MzMwODU1LCJpYXQiOjE3NzI3OTQ4NTUsIm5iZiI6MTc3Mjc5NDczNSwib3JnIjoxLCJvbmx5Q2hhbm5lbHMiOlsib3BlbnN1c2VfdHVtYmxld2VlZC14ODZfNjQiXX0.BOAzB3UuyzxbEE1UrY5NdRNHWTPj58nm_sLNDZdwfrA HTTP/1.1" 200 -
172.16.3.7 - - [06/Mar/2026:12:02:00 +0100] "GET /rhn/manager/download/opensuse_tumbleweed-x86_64/repodata/12ff823f9a24ffc5110d1e831b4844765f96c3755297436278c94e573fe89adc86ab0e8b6e97f07ef7b2eae2ef4169272f60ebf3d36b30884251d5bf5f65a58d-primary.xml.gz?eyJhbGciOiJIUzI1NiJ9.eyJqdGkiOiJ2VE4wQUFob2gwRlR3d2xoYk5DSThRIiwiZXhwIjoxODA0MzMwODU1LCJpYXQiOjE3NzI3OTQ4NTUsIm5iZiI6MTc3Mjc5NDczNSwib3JnIjoxLCJvbmx5Q2hhbm5lbHMiOlsib3BlbnN1c2VfdHVtYmxld2VlZC14ODZfNjQiXX0.BOAzB3UuyzxbEE1UrY5NdRNHWTPj58nm_sLNDZdwfrA HTTP/1.1" 200 3664
172.16.3.7 - - [06/Mar/2026:12:02:00 +0100] "HEAD /rhn/manager/download/opensuse_tumbleweed-x86_64/repodata/59e6ae461b16a296239ef01c0b287e4ab5586e2b589f72ce33719a10b37bada12cfad93aa13c07b7aac1945185beee1f0f5e28b91855ac62ce0b19106960e4a2-susedata.xml.gz?eyJhbGciOiJIUzI1NiJ9.eyJqdGkiOiJ2VE4wQUFob2gwRlR3d2xoYk5DSThRIiwiZXhwIjoxODA0MzMwODU1LCJpYXQiOjE3NzI3OTQ4NTUsIm5iZiI6MTc3Mjc5NDczNSwib3JnIjoxLCJvbmx5Q2hhbm5lbHMiOlsib3BlbnN1c2VfdHVtYmxld2VlZC14ODZfNjQiXX0.BOAzB3UuyzxbEE1UrY5NdRNHWTPj58nm_sLNDZdwfrA HTTP/1.1" 200 -
172.16.3.7 - - [06/Mar/2026:12:02:00 +0100] "GET /rhn/manager/download/opensuse_tumbleweed-x86_64/repodata/59e6ae461b16a296239ef01c0b287e4ab5586e2b589f72ce33719a10b37bada12cfad93aa13c07b7aac1945185beee1f0f5e28b91855ac62ce0b19106960e4a2-susedata.xml.gz?eyJhbGciOiJIUzI1NiJ9.eyJqdGkiOiJ2VE4wQUFob2gwRlR3d2xoYk5DSThRIiwiZXhwIjoxODA0MzMwODU1LCJpYXQiOjE3NzI3OTQ4NTUsIm5iZiI6MTc3Mjc5NDczNSwib3JnIjoxLCJvbmx5Q2hhbm5lbHMiOlsib3BlbnN1c2VfdHVtYmxld2VlZC14ODZfNjQiXX0.BOAzB3UuyzxbEE1UrY5NdRNHWTPj58nm_sLNDZdwfrA HTTP/1.1" 200 3663
172.16.3.5 - - [06/Mar/2026:12:02:00 +0100] "GET /rhn/systems/details/history/History.do?sid=1000010001& HTTP/1.1" 200 44028
127.0.0.1 - - [06/Mar/2026:12:02:01 +0100] "GET /rhn/websocket/notifications HTTP/1.1" 101 -
172.16.3.5 - - [06/Mar/2026:12:02:01 +0100] "POST /rhn/manager/frontend-log HTTP/1.1" 200 16
172.16.3.5 - - [06/Mar/2026:12:02:01 +0100] "GET /rhn/systems/details/history/Event.do?sid=1000010001&aid=7 HTTP/1.1" 200 38097
172.16.3.7 - - [06/Mar/2026:12:02:01 +0100] "HEAD /rhn/manager/download/sle-module-basesystem15-sp7-updates-x86_64/repodata/repomd.xml?eyJhbGciOiJIUzI1NiJ9.eyJqdGkiOiJJelB5UW10V3NINl9iZE0xZElvQ1lnIiwiZXhwIjoxODA0MzMwODU0LCJpYXQiOjE3NzI3OTQ4NTQsIm5iZiI6MTc3Mjc5NDczNCwib3JnIjoxLCJvbmx5Q2hhbm5lbHMiOlsic2xlLW1vZHVsZS1iYXNlc3lzdGVtMTUtc3A3LXVwZGF0ZXMteDg2XzY0Il19.PdehXWSaEbomL5fb7vAqU-xdjs6uhB1FePKjEl1-WcE HTTP/1.1" 200 -
172.16.3.7 - - [06/Mar/2026:12:02:01 +0100] "HEAD /rhn/manager/download/sle-module-basesystem15-sp7-updates-x86_64/media.1/media?eyJhbGciOiJIUzI1NiJ9.eyJqdGkiOiJJelB5UW10V3NINl9iZE0xZElvQ1lnIiwiZXhwIjoxODA0MzMwODU0LCJpYXQiOjE3NzI3OTQ4NTQsIm5iZiI6MTc3Mjc5NDczNCwib3JnIjoxLCJvbmx5Q2hhbm5lbHMiOlsic2xlLW1vZHVsZS1iYXNlc3lzdGVtMTUtc3A3LXVwZGF0ZXMteDg2XzY0Il19.PdehXWSaEbomL5fb7vAqU-xdjs6uhB1FePKjEl1-WcE HTTP/1.1" 404 -
172.16.3.7 - - [06/Mar/2026:12:02:01 +0100] "HEAD /rhn/manager/download/sle-module-basesystem15-sp7-updates-x86_64/repodata/repomd.xml?eyJhbGciOiJIUzI1NiJ9.eyJqdGkiOiJJelB5UW10V3NINl9iZE0xZElvQ1lnIiwiZXhwIjoxODA0MzMwODU0LCJpYXQiOjE3NzI3OTQ4NTQsIm5iZiI6MTc3Mjc5NDczNCwib3JnIjoxLCJvbmx5Q2hhbm5lbHMiOlsic2xlLW1vZHVsZS1iYXNlc3lzdGVtMTUtc3A3LXVwZGF0ZXMteDg2XzY0Il19.PdehXWSaEbomL5fb7vAqU-xdjs6uhB1FePKjEl1-WcE HTTP/1.1" 200 -
172.16.3.7 - - [06/Mar/2026:12:02:01 +0100] "GET /rhn/manager/download/sle-module-basesystem15-sp7-updates-x86_64/repodata/repomd.xml?eyJhbGciOiJIUzI1NiJ9.eyJqdGkiOiJJelB5UW10V3NINl9iZE0xZElvQ1lnIiwiZXhwIjoxODA0MzMwODU0LCJpYXQiOjE3NzI3OTQ4NTQsIm5iZiI6MTc3Mjc5NDczNCwib3JnIjoxLCJvbmx5Q2hhbm5lbHMiOlsic2xlLW1vZHVsZS1iYXNlc3lzdGVtMTUtc3A3LXVwZGF0ZXMteDg2XzY0Il19.PdehXWSaEbomL5fb7vAqU-xdjs6uhB1FePKjEl1-WcE HTTP/1.1" 200 3664
172.16.3.7 - - [06/Mar/2026:12:02:02 +0100] "HEAD /rhn/manager/download/sle-module-basesystem15-sp7-updates-x86_64/repodata/repomd.xml.asc?eyJhbGciOiJIUzI1NiJ9.eyJqdGkiOiJJelB5UW10V3NINl9iZE0xZElvQ1lnIiwiZXhwIjoxODA0MzMwODU0LCJpYXQiOjE3NzI3OTQ4NTQsIm5iZiI6MTc3Mjc5NDczNCwib3JnIjoxLCJvbmx5Q2hhbm5lbHMiOlsic2xlLW1vZHVsZS1iYXNlc3lzdGVtMTUtc3A3LXVwZGF0ZXMteDg2XzY0Il19.PdehXWSaEbomL5fb7vAqU-xdjs6uhB1FePKjEl1-WcE HTTP/1.1" 404 -
127.0.0.1 - - [06/Mar/2026:12:02:01 +0100] "GET /rhn/websocket/notifications HTTP/1.1" 101 -
172.16.3.5 - - [06/Mar/2026:12:02:01 +0100] "POST /rhn/manager/frontend-log HTTP/1.1" 200 16
172.16.3.7 - - [06/Mar/2026:12:02:02 +0100] "HEAD /rhn/manager/download/sle-module-basesystem15-sp7-updates-x86_64/repodata/ef43b8badfcd693579385725bc417e579aab9ea4c75d0a11cf1a50ba51be478c-primary.xml.gz?eyJhbGciOiJIUzI1NiJ9.eyJqdGkiOiJJelB5UW10V3NINl9iZE0xZElvQ1lnIiwiZXhwIjoxODA0MzMwODU0LCJpYXQiOjE3NzI3OTQ4NTQsIm5iZiI6MTc3Mjc5NDczNCwib3JnIjoxLCJvbmx5Q2hhbm5lbHMiOlsic2xlLW1vZHVsZS1iYXNlc3lzdGVtMTUtc3A3LXVwZGF0ZXMteDg2XzY0Il19.PdehXWSaEbomL5fb7vAqU-xdjs6uhB1FePKjEl1-WcE HTTP/1.1" 200 -
172.16.3.7 - - [06/Mar/2026:12:02:02 +0100] "GET /rhn/manager/download/sle-module-basesystem15-sp7-updates-x86_64/repodata/ef43b8badfcd693579385725bc417e579aab9ea4c75d0a11cf1a50ba51be478c-primary.xml.gz?eyJhbGciOiJIUzI1NiJ9.eyJqdGkiOiJJelB5UW10V3NINl9iZE0xZElvQ1lnIiwiZXhwIjoxODA0MzMwODU0LCJpYXQiOjE3NzI3OTQ4NTQsIm5iZiI6MTc3Mjc5NDczNCwib3JnIjoxLCJvbmx5Q2hhbm5lbHMiOlsic2xlLW1vZHVsZS1iYXNlc3lzdGVtMTUtc3A3LXVwZGF0ZXMteDg2XzY0Il19.PdehXWSaEbomL5fb7vAqU-xdjs6uhB1FePKjEl1-WcE HTTP/1.1" 200 3663
172.16.3.7 - - [06/Mar/2026:12:02:02 +0100] "HEAD /rhn/manager/download/sle-module-basesystem15-sp7-updates-x86_64/repodata/1fcca022ba1f37fb217a78846c4cea76d42302019e56e945637cfdbfa5fec698-susedata.xml.gz?eyJhbGciOiJIUzI1NiJ9.eyJqdGkiOiJJelB5UW10V3NINl9iZE0xZElvQ1lnIiwiZXhwIjoxODA0MzMwODU0LCJpYXQiOjE3NzI3OTQ4NTQsIm5iZiI6MTc3Mjc5NDczNCwib3JnIjoxLCJvbmx5Q2hhbm5lbHMiOlsic2xlLW1vZHVsZS1iYXNlc3lzdGVtMTUtc3A3LXVwZGF0ZXMteDg2XzY0Il19.PdehXWSaEbomL5fb7vAqU-xdjs6uhB1FePKjEl1-WcE HTTP/1.1" 200 -
172.16.3.7 - - [06/Mar/2026:12:02:02 +0100] "GET /rhn/manager/download/sle-module-basesystem15-sp7-updates-x86_64/repodata/1fcca022ba1f37fb217a78846c4cea76d42302019e56e945637cfdbfa5fec698-susedata.xml.gz?eyJhbGciOiJIUzI1NiJ9.eyJqdGkiOiJJelB5UW10V3NINl9iZE0xZElvQ1lnIiwiZXhwIjoxODA0MzMwODU0LCJpYXQiOjE3NzI3OTQ4NTQsIm5iZiI6MTc3Mjc5NDczNCwib3JnIjoxLCJvbmx5Q2hhbm5lbHMiOlsic2xlLW1vZHVsZS1iYXNlc3lzdGVtMTUtc3A3LXVwZGF0ZXMteDg2XzY0Il19.PdehXWSaEbomL5fb7vAqU-xdjs6uhB1FePKjEl1-WcE HTTP/1.1" 200 3664
172.16.3.7 - - [06/Mar/2026:12:02:02 +0100] "HEAD /rhn/manager/download/sle-module-basesystem15-sp7-updates-x86_64/repodata/2f552fb0467949590f4e196674d76ca0916fbe42343a26679405280cbf6d6692-updateinfo.xml.gz?eyJhbGciOiJIUzI1NiJ9.eyJqdGkiOiJJelB5UW10V3NINl9iZE0xZElvQ1lnIiwiZXhwIjoxODA0MzMwODU0LCJpYXQiOjE3NzI3OTQ4NTQsIm5iZiI6MTc3Mjc5NDczNCwib3JnIjoxLCJvbmx5Q2hhbm5lbHMiOlsic2xlLW1vZHVsZS1iYXNlc3lzdGVtMTUtc3A3LXVwZGF0ZXMteDg2XzY0Il19.PdehXWSaEbomL5fb7vAqU-xdjs6uhB1FePKjEl1-WcE HTTP/1.1" 200 -
172.16.3.7 - - [06/Mar/2026:12:02:02 +0100] "GET /rhn/manager/download/sle-module-basesystem15-sp7-updates-x86_64/repodata/2f552fb0467949590f4e196674d76ca0916fbe42343a26679405280cbf6d6692-updateinfo.xml.gz?eyJhbGciOiJIUzI1NiJ9.eyJqdGkiOiJJelB5UW10V3NINl9iZE0xZElvQ1lnIiwiZXhwIjoxODA0MzMwODU0LCJpYXQiOjE3NzI3OTQ4NTQsIm5iZiI6MTc3Mjc5NDczNCwib3JnIjoxLCJvbmx5Q2hhbm5lbHMiOlsic2xlLW1vZHVsZS1iYXNlc3lzdGVtMTUtc3A3LXVwZGF0ZXMteDg2XzY0Il19.PdehXWSaEbomL5fb7vAqU-xdjs6uhB1FePKjEl1-WcE HTTP/1.1" 200 3664
172.16.3.5 - - [06/Mar/2026:12:02:02 +0100] "GET /rhn/systems/details/history/History.do?sid=1000010002& HTTP/1.1" 200 44046
172.16.3.5 - - [06/Mar/2026:12:02:02 +0100] "POST /rhn/manager/frontend-log HTTP/1.1" 200 16
127.0.0.1 - - [06/Mar/2026:12:02:02 +0100] "GET /rhn/websocket/notifications HTTP/1.1" 101 -
172.16.3.5 - - [06/Mar/2026:12:02:02 +0100] "GET /rhn/systems/details/history/Pending.do?sid=1000010001& HTTP/1.1" 200 37854
127.0.0.1 - - [06/Mar/2026:12:02:02 +0100] "GET /rhn/websocket/notifications HTTP/1.1" 101 -
172.16.3.5 - - [06/Mar/2026:12:02:02 +0100] "POST /rhn/manager/frontend-log HTTP/1.1" 200 16
172.16.3.5 - - [06/Mar/2026:12:02:03 +0100] "GET /rhn/systems/details/history/Pending.do?sid=1000010001& HTTP/1.1" 200 37854
172.16.3.5 - - [06/Mar/2026:12:02:03 +0100] "GET /rhn/systems/details/history/Event.do?sid=1000010002&aid=10 HTTP/1.1" 200 38117
127.0.0.1 - - [06/Mar/2026:12:02:03 +0100] "GET /rhn/websocket/notifications HTTP/1.1" 101 -
172.16.3.5 - - [06/Mar/2026:12:02:03 +0100] "POST /rhn/manager/frontend-log HTTP/1.1" 200 16
172.16.3.5 - - [06/Mar/2026:12:02:03 +0100] "POST /rhn/manager/frontend-log HTTP/1.1" 200 16
127.0.0.1 - - [06/Mar/2026:12:02:03 +0100] "GET /rhn/websocket/notifications HTTP/1.1" 101 -
172.16.3.7 - - [06/Mar/2026:12:02:03 +0100] "HEAD /rhn/manager/download/sle-module-desktop-applications15-sp7-updates-x86_64/repodata/repomd.xml?eyJhbGciOiJIUzI1NiJ9.eyJqdGkiOiJER25fUmFPNm56U0xQN05OMWlXQkp3IiwiZXhwIjoxODA0MzMwODU0LCJpYXQiOjE3NzI3OTQ4NTQsIm5iZiI6MTc3Mjc5NDczNCwib3JnIjoxLCJvbmx5Q2hhbm5lbHMiOlsic2xlLW1vZHVsZS1kZXNrdG9wLWFwcGxpY2F0aW9uczE1LXNwNy11cGRhdGVzLXg4Nl82NCJdfQ.nACjTvk3Ve-tcxMyWfzojuFzqjP0LXyQY9-51xPZytw HTTP/1.1" 200 -
172.16.3.7 - - [06/Mar/2026:12:02:03 +0100] "HEAD /rhn/manager/download/sle-module-desktop-applications15-sp7-updates-x86_64/media.1/media?eyJhbGciOiJIUzI1NiJ9.eyJqdGkiOiJER25fUmFPNm56U0xQN05OMWlXQkp3IiwiZXhwIjoxODA0MzMwODU0LCJpYXQiOjE3NzI3OTQ4NTQsIm5iZiI6MTc3Mjc5NDczNCwib3JnIjoxLCJvbmx5Q2hhbm5lbHMiOlsic2xlLW1vZHVsZS1kZXNrdG9wLWFwcGxpY2F0aW9uczE1LXNwNy11cGRhdGVzLXg4Nl82NCJdfQ.nACjTvk3Ve-tcxMyWfzojuFzqjP0LXyQY9-51xPZytw HTTP/1.1" 404 -
172.16.3.7 - - [06/Mar/2026:12:02:03 +0100] "HEAD /rhn/manager/download/sle-module-desktop-applications15-sp7-updates-x86_64/repodata/repomd.xml?eyJhbGciOiJIUzI1NiJ9.eyJqdGkiOiJER25fUmFPNm56U0xQN05OMWlXQkp3IiwiZXhwIjoxODA0MzMwODU0LCJpYXQiOjE3NzI3OTQ4NTQsIm5iZiI6MTc3Mjc5NDczNCwib3JnIjoxLCJvbmx5Q2hhbm5lbHMiOlsic2xlLW1vZHVsZS1kZXNrdG9wLWFwcGxpY2F0aW9uczE1LXNwNy11cGRhdGVzLXg4Nl82NCJdfQ.nACjTvk3Ve-tcxMyWfzojuFzqjP0LXyQY9-51xPZytw HTTP/1.1" 200 -
172.16.3.7 - - [06/Mar/2026:12:02:03 +0100] "GET /rhn/manager/download/sle-module-desktop-applications15-sp7-updates-x86_64/repodata/repomd.xml?eyJhbGciOiJIUzI1NiJ9.eyJqdGkiOiJER25fUmFPNm56U0xQN05OMWlXQkp3IiwiZXhwIjoxODA0MzMwODU0LCJpYXQiOjE3NzI3OTQ4NTQsIm5iZiI6MTc3Mjc5NDczNCwib3JnIjoxLCJvbmx5Q2hhbm5lbHMiOlsic2xlLW1vZHVsZS1kZXNrdG9wLWFwcGxpY2F0aW9uczE1LXNwNy11cGRhdGVzLXg4Nl82NCJdfQ.nACjTvk3Ve-tcxMyWfzojuFzqjP0LXyQY9-51xPZytw HTTP/1.1" 200 3664
172.16.3.7 - - [06/Mar/2026:12:02:03 +0100] "HEAD /rhn/manager/download/sle-module-desktop-applications15-sp7-updates-x86_64/repodata/repomd.xml.asc?eyJhbGciOiJIUzI1NiJ9.eyJqdGkiOiJER25fUmFPNm56U0xQN05OMWlXQkp3IiwiZXhwIjoxODA0MzMwODU0LCJpYXQiOjE3NzI3OTQ4NTQsIm5iZiI6MTc3Mjc5NDczNCwib3JnIjoxLCJvbmx5Q2hhbm5lbHMiOlsic2xlLW1vZHVsZS1kZXNrdG9wLWFwcGxpY2F0aW9uczE1LXNwNy11cGRhdGVzLXg4Nl82NCJdfQ.nACjTvk3Ve-tcxMyWfzojuFzqjP0LXyQY9-51xPZytw HTTP/1.1" 404 -
172.16.3.7 - - [06/Mar/2026:12:02:03 +0100] "HEAD /rhn/manager/download/sle-module-desktop-applications15-sp7-updates-x86_64/repodata/b44b502d6f6366a95336996dab35f1ddb5fb1779031c5d34c0a5715010698800-primary.xml.gz?eyJhbGciOiJIUzI1NiJ9.eyJqdGkiOiJER25fUmFPNm56U0xQN05OMWlXQkp3IiwiZXhwIjoxODA0MzMwODU0LCJpYXQiOjE3NzI3OTQ4NTQsIm5iZiI6MTc3Mjc5NDczNCwib3JnIjoxLCJvbmx5Q2hhbm5lbHMiOlsic2xlLW1vZHVsZS1kZXNrdG9wLWFwcGxpY2F0aW9uczE1LXNwNy11cGRhdGVzLXg4Nl82NCJdfQ.nACjTvk3Ve-tcxMyWfzojuFzqjP0LXyQY9-51xPZytw HTTP/1.1" 200 -
172.16.3.7 - - [06/Mar/2026:12:02:04 +0100] "GET /rhn/manager/download/sle-module-desktop-applications15-sp7-updates-x86_64/repodata/b44b502d6f6366a95336996dab35f1ddb5fb1779031c5d34c0a5715010698800-primary.xml.gz?eyJhbGciOiJIUzI1NiJ9.eyJqdGkiOiJER25fUmFPNm56U0xQN05OMWlXQkp3IiwiZXhwIjoxODA0MzMwODU0LCJpYXQiOjE3NzI3OTQ4NTQsIm5iZiI6MTc3Mjc5NDczNCwib3JnIjoxLCJvbmx5Q2hhbm5lbHMiOlsic2xlLW1vZHVsZS1kZXNrdG9wLWFwcGxpY2F0aW9uczE1LXNwNy11cGRhdGVzLXg4Nl82NCJdfQ.nACjTvk3Ve-tcxMyWfzojuFzqjP0LXyQY9-51xPZytw HTTP/1.1" 200 3664
172.16.3.7 - - [06/Mar/2026:12:02:04 +0100] "HEAD /rhn/manager/download/sle-module-desktop-applications15-sp7-updates-x86_64/repodata/75bd9e2004b62202e630df214a64bb3c15efc950c927f8d0cb18004fc665009e-susedata.xml.gz?eyJhbGciOiJIUzI1NiJ9.eyJqdGkiOiJER25fUmFPNm56U0xQN05OMWlXQkp3IiwiZXhwIjoxODA0MzMwODU0LCJpYXQiOjE3NzI3OTQ4NTQsIm5iZiI6MTc3Mjc5NDczNCwib3JnIjoxLCJvbmx5Q2hhbm5lbHMiOlsic2xlLW1vZHVsZS1kZXNrdG9wLWFwcGxpY2F0aW9uczE1LXNwNy11cGRhdGVzLXg4Nl82NCJdfQ.nACjTvk3Ve-tcxMyWfzojuFzqjP0LXyQY9-51xPZytw HTTP/1.1" 200 -
172.16.3.7 - - [06/Mar/2026:12:02:04 +0100] "GET /rhn/manager/download/sle-module-desktop-applications15-sp7-updates-x86_64/repodata/75bd9e2004b62202e630df214a64bb3c15efc950c927f8d0cb18004fc665009e-susedata.xml.gz?eyJhbGciOiJIUzI1NiJ9.eyJqdGkiOiJER25fUmFPNm56U0xQN05OMWlXQkp3IiwiZXhwIjoxODA0MzMwODU0LCJpYXQiOjE3NzI3OTQ4NTQsIm5iZiI6MTc3Mjc5NDczNCwib3JnIjoxLCJvbmx5Q2hhbm5lbHMiOlsic2xlLW1vZHVsZS1kZXNrdG9wLWFwcGxpY2F0aW9uczE1LXNwNy11cGRhdGVzLXg4Nl82NCJdfQ.nACjTvk3Ve-tcxMyWfzojuFzqjP0LXyQY9-51xPZytw HTTP/1.1" 200 3662
172.16.3.7 - - [06/Mar/2026:12:02:04 +0100] "HEAD /rhn/manager/download/sle-module-desktop-applications15-sp7-updates-x86_64/repodata/02637aea288d744f17dd5580514f3694f9cb68426e919291de4b1c5c2cd22708-updateinfo.xml.gz?eyJhbGciOiJIUzI1NiJ9.eyJqdGkiOiJER25fUmFPNm56U0xQN05OMWlXQkp3IiwiZXhwIjoxODA0MzMwODU0LCJpYXQiOjE3NzI3OTQ4NTQsIm5iZiI6MTc3Mjc5NDczNCwib3JnIjoxLCJvbmx5Q2hhbm5lbHMiOlsic2xlLW1vZHVsZS1kZXNrdG9wLWFwcGxpY2F0aW9uczE1LXNwNy11cGRhdGVzLXg4Nl82NCJdfQ.nACjTvk3Ve-tcxMyWfzojuFzqjP0LXyQY9-51xPZytw HTTP/1.1" 200 -
172.16.3.7 - - [06/Mar/2026:12:02:04 +0100] "GET /rhn/manager/download/sle-module-desktop-applications15-sp7-updates-x86_64/repodata/02637aea288d744f17dd5580514f3694f9cb68426e919291de4b1c5c2cd22708-updateinfo.xml.gz?eyJhbGciOiJIUzI1NiJ9.eyJqdGkiOiJER25fUmFPNm56U0xQN05OMWlXQkp3IiwiZXhwIjoxODA0MzMwODU0LCJpYXQiOjE3NzI3OTQ4NTQsIm5iZiI6MTc3Mjc5NDczNCwib3JnIjoxLCJvbmx5Q2hhbm5lbHMiOlsic2xlLW1vZHVsZS1kZXNrdG9wLWFwcGxpY2F0aW9uczE1LXNwNy11cGRhdGVzLXg4Nl82NCJdfQ.nACjTvk3Ve-tcxMyWfzojuFzqjP0LXyQY9-51xPZytw HTTP/1.1" 200 3664
172.16.3.7 - - [06/Mar/2026:12:02:04 +0100] "HEAD /rhn/manager/download/sle-module-devtools15-sp7-updates-x86_64/repodata/repomd.xml?eyJhbGciOiJIUzI1NiJ9.eyJqdGkiOiJ5Rmc2SWYza2trS25KeFlXdkM4M0FBIiwiZXhwIjoxODA0MzMwODU0LCJpYXQiOjE3NzI3OTQ4NTQsIm5iZiI6MTc3Mjc5NDczNCwib3JnIjoxLCJvbmx5Q2hhbm5lbHMiOlsic2xlLW1vZHVsZS1kZXZ0b29sczE1LXNwNy11cGRhdGVzLXg4Nl82NCJdfQ.s_03RTmOEIse3hSuOgO8kcHcQK-H-ANmOPy8QL7osJU HTTP/1.1" 200 -
172.16.3.7 - - [06/Mar/2026:12:02:04 +0100] "HEAD /rhn/manager/download/sle-module-devtools15-sp7-updates-x86_64/media.1/media?eyJhbGciOiJIUzI1NiJ9.eyJqdGkiOiJ5Rmc2SWYza2trS25KeFlXdkM4M0FBIiwiZXhwIjoxODA0MzMwODU0LCJpYXQiOjE3NzI3OTQ4NTQsIm5iZiI6MTc3Mjc5NDczNCwib3JnIjoxLCJvbmx5Q2hhbm5lbHMiOlsic2xlLW1vZHVsZS1kZXZ0b29sczE1LXNwNy11cGRhdGVzLXg4Nl82NCJdfQ.s_03RTmOEIse3hSuOgO8kcHcQK-H-ANmOPy8QL7osJU HTTP/1.1" 404 -
172.16.3.7 - - [06/Mar/2026:12:02:04 +0100] "HEAD /rhn/manager/download/sle-module-devtools15-sp7-updates-x86_64/repodata/repomd.xml?eyJhbGciOiJIUzI1NiJ9.eyJqdGkiOiJ5Rmc2SWYza2trS25KeFlXdkM4M0FBIiwiZXhwIjoxODA0MzMwODU0LCJpYXQiOjE3NzI3OTQ4NTQsIm5iZiI6MTc3Mjc5NDczNCwib3JnIjoxLCJvbmx5Q2hhbm5lbHMiOlsic2xlLW1vZHVsZS1kZXZ0b29sczE1LXNwNy11cGRhdGVzLXg4Nl82NCJdfQ.s_03RTmOEIse3hSuOgO8kcHcQK-H-ANmOPy8QL7osJU HTTP/1.1" 200 -
172.16.3.5 - - [06/Mar/2026:12:02:03 +0100] "GET /rhn/systems/details/history/History.do?sid=1000010001& HTTP/1.1" 200 44028
172.16.3.7 - - [06/Mar/2026:12:02:04 +0100] "GET /rhn/manager/download/sle-module-devtools15-sp7-updates-x86_64/repodata/repomd.xml?eyJhbGciOiJIUzI1NiJ9.eyJqdGkiOiJ5Rmc2SWYza2trS25KeFlXdkM4M0FBIiwiZXhwIjoxODA0MzMwODU0LCJpYXQiOjE3NzI3OTQ4NTQsIm5iZiI6MTc3Mjc5NDczNCwib3JnIjoxLCJvbmx5Q2hhbm5lbHMiOlsic2xlLW1vZHVsZS1kZXZ0b29sczE1LXNwNy11cGRhdGVzLXg4Nl82NCJdfQ.s_03RTmOEIse3hSuOgO8kcHcQK-H-ANmOPy8QL7osJU HTTP/1.1" 200 3664
172.16.3.7 - - [06/Mar/2026:12:02:04 +0100] "HEAD /rhn/manager/download/sle-module-devtools15-sp7-updates-x86_64/repodata/repomd.xml.asc?eyJhbGciOiJIUzI1NiJ9.eyJqdGkiOiJ5Rmc2SWYza2trS25KeFlXdkM4M0FBIiwiZXhwIjoxODA0MzMwODU0LCJpYXQiOjE3NzI3OTQ4NTQsIm5iZiI6MTc3Mjc5NDczNCwib3JnIjoxLCJvbmx5Q2hhbm5lbHMiOlsic2xlLW1vZHVsZS1kZXZ0b29sczE1LXNwNy11cGRhdGVzLXg4Nl82NCJdfQ.s_03RTmOEIse3hSuOgO8kcHcQK-H-ANmOPy8QL7osJU HTTP/1.1" 404 -
172.16.3.7 - - [06/Mar/2026:12:02:04 +0100] "HEAD /rhn/manager/download/sle-module-devtools15-sp7-updates-x86_64/repodata/deda4dfff4934ba87a029b42ba68fc82c6191e39ee0875f4e349a6c7d9dc800e-primary.xml.gz?eyJhbGciOiJIUzI1NiJ9.eyJqdGkiOiJ5Rmc2SWYza2trS25KeFlXdkM4M0FBIiwiZXhwIjoxODA0MzMwODU0LCJpYXQiOjE3NzI3OTQ4NTQsIm5iZiI6MTc3Mjc5NDczNCwib3JnIjoxLCJvbmx5Q2hhbm5lbHMiOlsic2xlLW1vZHVsZS1kZXZ0b29sczE1LXNwNy11cGRhdGVzLXg4Nl82NCJdfQ.s_03RTmOEIse3hSuOgO8kcHcQK-H-ANmOPy8QL7osJU HTTP/1.1" 200 -
172.16.3.5 - - [06/Mar/2026:12:02:04 +0100] "GET /rhn/manager/systems/list/all HTTP/1.1" 200 34439
172.16.3.7 - - [06/Mar/2026:12:02:04 +0100] "GET /rhn/manager/download/sle-module-devtools15-sp7-updates-x86_64/repodata/deda4dfff4934ba87a029b42ba68fc82c6191e39ee0875f4e349a6c7d9dc800e-primary.xml.gz?eyJhbGciOiJIUzI1NiJ9.eyJqdGkiOiJ5Rmc2SWYza2trS25KeFlXdkM4M0FBIiwiZXhwIjoxODA0MzMwODU0LCJpYXQiOjE3NzI3OTQ4NTQsIm5iZiI6MTc3Mjc5NDczNCwib3JnIjoxLCJvbmx5Q2hhbm5lbHMiOlsic2xlLW1vZHVsZS1kZXZ0b29sczE1LXNwNy11cGRhdGVzLXg4Nl82NCJdfQ.s_03RTmOEIse3hSuOgO8kcHcQK-H-ANmOPy8QL7osJU HTTP/1.1" 200 3664
172.16.3.7 - - [06/Mar/2026:12:02:04 +0100] "HEAD /rhn/manager/download/sle-module-devtools15-sp7-updates-x86_64/repodata/b0fcfb5da99708028e294dfb3cd2bd4e36c5b075b94815f64781eaf2dc440254-susedata.xml.gz?eyJhbGciOiJIUzI1NiJ9.eyJqdGkiOiJ5Rmc2SWYza2trS25KeFlXdkM4M0FBIiwiZXhwIjoxODA0MzMwODU0LCJpYXQiOjE3NzI3OTQ4NTQsIm5iZiI6MTc3Mjc5NDczNCwib3JnIjoxLCJvbmx5Q2hhbm5lbHMiOlsic2xlLW1vZHVsZS1kZXZ0b29sczE1LXNwNy11cGRhdGVzLXg4Nl82NCJdfQ.s_03RTmOEIse3hSuOgO8kcHcQK-H-ANmOPy8QL7osJU HTTP/1.1" 200 -
127.0.0.1 - - [06/Mar/2026:12:02:04 +0100] "GET /rhn/websocket/notifications HTTP/1.1" 101 -
172.16.3.7 - - [06/Mar/2026:12:02:04 +0100] "GET /rhn/manager/download/sle-module-devtools15-sp7-updates-x86_64/repodata/b0fcfb5da99708028e294dfb3cd2bd4e36c5b075b94815f64781eaf2dc440254-susedata.xml.gz?eyJhbGciOiJIUzI1NiJ9.eyJqdGkiOiJ5Rmc2SWYza2trS25KeFlXdkM4M0FBIiwiZXhwIjoxODA0MzMwODU0LCJpYXQiOjE3NzI3OTQ4NTQsIm5iZiI6MTc3Mjc5NDczNCwib3JnIjoxLCJvbmx5Q2hhbm5lbHMiOlsic2xlLW1vZHVsZS1kZXZ0b29sczE1LXNwNy11cGRhdGVzLXg4Nl82NCJdfQ.s_03RTmOEIse3hSuOgO8kcHcQK-H-ANmOPy8QL7osJU HTTP/1.1" 200 3664
172.16.3.5 - - [06/Mar/2026:12:02:04 +0100] "GET /rhn/systems/details/history/Pending.do?sid=1000010002& HTTP/1.1" 200 37862
172.16.3.7 - - [06/Mar/2026:12:02:04 +0100] "HEAD /rhn/manager/download/sle-module-devtools15-sp7-updates-x86_64/repodata/c9cd1dd523b21a08341c76e28576995a04ac8ddeda00a4c67d3029fbd2fc41fb-updateinfo.xml.gz?eyJhbGciOiJIUzI1NiJ9.eyJqdGkiOiJ5Rmc2SWYza2trS25KeFlXdkM4M0FBIiwiZXhwIjoxODA0MzMwODU0LCJpYXQiOjE3NzI3OTQ4NTQsIm5iZiI6MTc3Mjc5NDczNCwib3JnIjoxLCJvbmx5Q2hhbm5lbHMiOlsic2xlLW1vZHVsZS1kZXZ0b29sczE1LXNwNy11cGRhdGVzLXg4Nl82NCJdfQ.s_03RTmOEIse3hSuOgO8kcHcQK-H-ANmOPy8QL7osJU HTTP/1.1" 200 -
172.16.3.5 - - [06/Mar/2026:12:02:04 +0100] "POST /rhn/manager/frontend-log HTTP/1.1" 200 16
172.16.3.7 - - [06/Mar/2026:12:02:04 +0100] "GET /rhn/manager/download/sle-module-devtools15-sp7-updates-x86_64/repodata/c9cd1dd523b21a08341c76e28576995a04ac8ddeda00a4c67d3029fbd2fc41fb-updateinfo.xml.gz?eyJhbGciOiJIUzI1NiJ9.eyJqdGkiOiJ5Rmc2SWYza2trS25KeFlXdkM4M0FBIiwiZXhwIjoxODA0MzMwODU0LCJpYXQiOjE3NzI3OTQ4NTQsIm5iZiI6MTc3Mjc5NDczNCwib3JnIjoxLCJvbmx5Q2hhbm5lbHMiOlsic2xlLW1vZHVsZS1kZXZ0b29sczE1LXNwNy11cGRhdGVzLXg4Nl82NCJdfQ.s_03RTmOEIse3hSuOgO8kcHcQK-H-ANmOPy8QL7osJU HTTP/1.1" 200 3664
172.16.3.5 - - [06/Mar/2026:12:02:04 +0100] "POST /rhn/manager/frontend-log HTTP/1.1" 200 16
172.16.3.7 - - [06/Mar/2026:12:02:04 +0100] "HEAD /rhn/manager/download/sle-module-python3-15-sp7-updates-x86_64/repodata/repomd.xml?eyJhbGciOiJIUzI1NiJ9.eyJqdGkiOiJabDNtdFVTLTVpZXVTV2MyV0xaa0V3IiwiZXhwIjoxODA0MzMwODU0LCJpYXQiOjE3NzI3OTQ4NTQsIm5iZiI6MTc3Mjc5NDczNCwib3JnIjoxLCJvbmx5Q2hhbm5lbHMiOlsic2xlLW1vZHVsZS1weXRob24zLTE1LXNwNy11cGRhdGVzLXg4Nl82NCJdfQ.ggY_AUzYKjtxc12HTCHfsdMDRyy_N7tIl5KhmHG9E1c HTTP/1.1" 200 -
172.16.3.7 - - [06/Mar/2026:12:02:05 +0100] "HEAD /rhn/manager/download/sle-module-python3-15-sp7-updates-x86_64/media.1/media?eyJhbGciOiJIUzI1NiJ9.eyJqdGkiOiJabDNtdFVTLTVpZXVTV2MyV0xaa0V3IiwiZXhwIjoxODA0MzMwODU0LCJpYXQiOjE3NzI3OTQ4NTQsIm5iZiI6MTc3Mjc5NDczNCwib3JnIjoxLCJvbmx5Q2hhbm5lbHMiOlsic2xlLW1vZHVsZS1weXRob24zLTE1LXNwNy11cGRhdGVzLXg4Nl82NCJdfQ.ggY_AUzYKjtxc12HTCHfsdMDRyy_N7tIl5KhmHG9E1c HTTP/1.1" 404 -
127.0.0.1 - - [06/Mar/2026:12:02:04 +0100] "GET /rhn/websocket/notifications HTTP/1.1" 101 -
172.16.3.5 - - [06/Mar/2026:12:02:04 +0100] "POST /rhn/manager/frontend-log HTTP/1.1" 200 16
172.16.3.7 - - [06/Mar/2026:12:02:05 +0100] "HEAD /rhn/manager/download/sle-module-python3-15-sp7-updates-x86_64/repodata/repomd.xml?eyJhbGciOiJIUzI1NiJ9.eyJqdGkiOiJabDNtdFVTLTVpZXVTV2MyV0xaa0V3IiwiZXhwIjoxODA0MzMwODU0LCJpYXQiOjE3NzI3OTQ4NTQsIm5iZiI6MTc3Mjc5NDczNCwib3JnIjoxLCJvbmx5Q2hhbm5lbHMiOlsic2xlLW1vZHVsZS1weXRob24zLTE1LXNwNy11cGRhdGVzLXg4Nl82NCJdfQ.ggY_AUzYKjtxc12HTCHfsdMDRyy_N7tIl5KhmHG9E1c HTTP/1.1" 200 -
172.16.3.7 - - [06/Mar/2026:12:02:05 +0100] "GET /rhn/manager/download/sle-module-python3-15-sp7-updates-x86_64/repodata/repomd.xml?eyJhbGciOiJIUzI1NiJ9.eyJqdGkiOiJabDNtdFVTLTVpZXVTV2MyV0xaa0V3IiwiZXhwIjoxODA0MzMwODU0LCJpYXQiOjE3NzI3OTQ4NTQsIm5iZiI6MTc3Mjc5NDczNCwib3JnIjoxLCJvbmx5Q2hhbm5lbHMiOlsic2xlLW1vZHVsZS1weXRob24zLTE1LXNwNy11cGRhdGVzLXg4Nl82NCJdfQ.ggY_AUzYKjtxc12HTCHfsdMDRyy_N7tIl5KhmHG9E1c HTTP/1.1" 200 3663
127.0.0.1 - - [06/Mar/2026:12:02:04 +0100] "GET /rhn/websocket/notifications HTTP/1.1" 101 -
172.16.3.7 - - [06/Mar/2026:12:02:05 +0100] "HEAD /rhn/manager/download/sle-module-python3-15-sp7-updates-x86_64/repodata/repomd.xml.asc?eyJhbGciOiJIUzI1NiJ9.eyJqdGkiOiJabDNtdFVTLTVpZXVTV2MyV0xaa0V3IiwiZXhwIjoxODA0MzMwODU0LCJpYXQiOjE3NzI3OTQ4NTQsIm5iZiI6MTc3Mjc5NDczNCwib3JnIjoxLCJvbmx5Q2hhbm5lbHMiOlsic2xlLW1vZHVsZS1weXRob24zLTE1LXNwNy11cGRhdGVzLXg4Nl82NCJdfQ.ggY_AUzYKjtxc12HTCHfsdMDRyy_N7tIl5KhmHG9E1c HTTP/1.1" 404 -
172.16.3.7 - - [06/Mar/2026:12:02:05 +0100] "HEAD /rhn/manager/download/sle-module-python3-15-sp7-updates-x86_64/repodata/2004e691cce74f1ab41c21ee69e3c4835a7d597b2c83c41e1db33250a968ba23-primary.xml.gz?eyJhbGciOiJIUzI1NiJ9.eyJqdGkiOiJabDNtdFVTLTVpZXVTV2MyV0xaa0V3IiwiZXhwIjoxODA0MzMwODU0LCJpYXQiOjE3NzI3OTQ4NTQsIm5iZiI6MTc3Mjc5NDczNCwib3JnIjoxLCJvbmx5Q2hhbm5lbHMiOlsic2xlLW1vZHVsZS1weXRob24zLTE1LXNwNy11cGRhdGVzLXg4Nl82NCJdfQ.ggY_AUzYKjtxc12HTCHfsdMDRyy_N7tIl5KhmHG9E1c HTTP/1.1" 200 -
