172.16.3.5 - - [06/Mar/2026:13:06:12 +0100] "POST /rhn/manager/frontend-log HTTP/1.1" 200 16
127.0.0.1 - - [06/Mar/2026:13:06:12 +0100] "GET /rhn/websocket/notifications HTTP/1.1" 101 -
172.16.3.5 - - [06/Mar/2026:13:06:13 +0100] "GET /rhn/manager/api/systems/list/all?p=1&ps=25&s=1&sc=server_name HTTP/1.1" 200 4865
172.16.3.5 - - [06/Mar/2026:13:06:13 +0100] "POST /rhn/manager/api/sets/system_list HTTP/1.1" 200 1
172.16.3.7 - - [06/Mar/2026:13:06:23 +0100] "HEAD /rhn/manager/download/sle-product-sles15-sp7-updates-x86_64/repodata/repomd.xml?eyJhbGciOiJIUzI1NiJ9.eyJqdGkiOiJ0eHEyU3FYQlNBSDR2TnVGWjlYWWpBIiwiZXhwIjoxODA0MzM0NzExLCJpYXQiOjE3NzI3OTg3MTEsIm5iZiI6MTc3Mjc5ODU5MSwib3JnIjoxLCJvbmx5Q2hhbm5lbHMiOlsic2xlLXByb2R1Y3Qtc2xlczE1LXNwNy11cGRhdGVzLXg4Nl82NCJdfQ.y0LqH0Z2IsXYb7LGW57QRpR7OfF4q91sPDJ_CDLpHlo HTTP/1.1" 200 -
172.16.3.7 - - [06/Mar/2026:13:06:23 +0100] "HEAD /rhn/manager/download/sle-product-sles15-sp7-updates-x86_64/media.1/media?eyJhbGciOiJIUzI1NiJ9.eyJqdGkiOiJ0eHEyU3FYQlNBSDR2TnVGWjlYWWpBIiwiZXhwIjoxODA0MzM0NzExLCJpYXQiOjE3NzI3OTg3MTEsIm5iZiI6MTc3Mjc5ODU5MSwib3JnIjoxLCJvbmx5Q2hhbm5lbHMiOlsic2xlLXByb2R1Y3Qtc2xlczE1LXNwNy11cGRhdGVzLXg4Nl82NCJdfQ.y0LqH0Z2IsXYb7LGW57QRpR7OfF4q91sPDJ_CDLpHlo HTTP/1.1" 404 -
172.16.3.7 - - [06/Mar/2026:13:06:23 +0100] "HEAD /rhn/manager/download/sle-product-sles15-sp7-updates-x86_64/repodata/repomd.xml?eyJhbGciOiJIUzI1NiJ9.eyJqdGkiOiJ0eHEyU3FYQlNBSDR2TnVGWjlYWWpBIiwiZXhwIjoxODA0MzM0NzExLCJpYXQiOjE3NzI3OTg3MTEsIm5iZiI6MTc3Mjc5ODU5MSwib3JnIjoxLCJvbmx5Q2hhbm5lbHMiOlsic2xlLXByb2R1Y3Qtc2xlczE1LXNwNy11cGRhdGVzLXg4Nl82NCJdfQ.y0LqH0Z2IsXYb7LGW57QRpR7OfF4q91sPDJ_CDLpHlo HTTP/1.1" 200 -
172.16.3.5 - - [06/Mar/2026:13:06:23 +0100] "GET /rhn/manager/systems/list/all HTTP/1.1" 200 29598
172.16.3.7 - - [06/Mar/2026:13:06:23 +0100] "GET /rhn/manager/download/sle-product-sles15-sp7-updates-x86_64/repodata/repomd.xml?eyJhbGciOiJIUzI1NiJ9.eyJqdGkiOiJ0eHEyU3FYQlNBSDR2TnVGWjlYWWpBIiwiZXhwIjoxODA0MzM0NzExLCJpYXQiOjE3NzI3OTg3MTEsIm5iZiI6MTc3Mjc5ODU5MSwib3JnIjoxLCJvbmx5Q2hhbm5lbHMiOlsic2xlLXByb2R1Y3Qtc2xlczE1LXNwNy11cGRhdGVzLXg4Nl82NCJdfQ.y0LqH0Z2IsXYb7LGW57QRpR7OfF4q91sPDJ_CDLpHlo HTTP/1.1" 200 3664
172.16.3.7 - - [06/Mar/2026:13:06:23 +0100] "HEAD /rhn/manager/download/sle-product-sles15-sp7-updates-x86_64/repodata/repomd.xml.asc?eyJhbGciOiJIUzI1NiJ9.eyJqdGkiOiJ0eHEyU3FYQlNBSDR2TnVGWjlYWWpBIiwiZXhwIjoxODA0MzM0NzExLCJpYXQiOjE3NzI3OTg3MTEsIm5iZiI6MTc3Mjc5ODU5MSwib3JnIjoxLCJvbmx5Q2hhbm5lbHMiOlsic2xlLXByb2R1Y3Qtc2xlczE1LXNwNy11cGRhdGVzLXg4Nl82NCJdfQ.y0LqH0Z2IsXYb7LGW57QRpR7OfF4q91sPDJ_CDLpHlo HTTP/1.1" 404 -
172.16.3.7 - - [06/Mar/2026:13:06:23 +0100] "HEAD /rhn/manager/download/sle-product-sles15-sp7-updates-x86_64/repodata/b83109a2ce58be72fff82032c8d0009a2480b9107f553bfb85c5670d6eaa7aef-primary.xml.gz?eyJhbGciOiJIUzI1NiJ9.eyJqdGkiOiJ0eHEyU3FYQlNBSDR2TnVGWjlYWWpBIiwiZXhwIjoxODA0MzM0NzExLCJpYXQiOjE3NzI3OTg3MTEsIm5iZiI6MTc3Mjc5ODU5MSwib3JnIjoxLCJvbmx5Q2hhbm5lbHMiOlsic2xlLXByb2R1Y3Qtc2xlczE1LXNwNy11cGRhdGVzLXg4Nl82NCJdfQ.y0LqH0Z2IsXYb7LGW57QRpR7OfF4q91sPDJ_CDLpHlo HTTP/1.1" 200 -
172.16.3.7 - - [06/Mar/2026:13:06:23 +0100] "GET /rhn/manager/download/sle-product-sles15-sp7-updates-x86_64/repodata/b83109a2ce58be72fff82032c8d0009a2480b9107f553bfb85c5670d6eaa7aef-primary.xml.gz?eyJhbGciOiJIUzI1NiJ9.eyJqdGkiOiJ0eHEyU3FYQlNBSDR2TnVGWjlYWWpBIiwiZXhwIjoxODA0MzM0NzExLCJpYXQiOjE3NzI3OTg3MTEsIm5iZiI6MTc3Mjc5ODU5MSwib3JnIjoxLCJvbmx5Q2hhbm5lbHMiOlsic2xlLXByb2R1Y3Qtc2xlczE1LXNwNy11cGRhdGVzLXg4Nl82NCJdfQ.y0LqH0Z2IsXYb7LGW57QRpR7OfF4q91sPDJ_CDLpHlo HTTP/1.1" 200 3664
172.16.3.7 - - [06/Mar/2026:13:06:23 +0100] "HEAD /rhn/manager/download/sle-product-sles15-sp7-updates-x86_64/repodata/e19d9f529dfe864d1f94ec942cfd14b9029745b58cf991409428bc3c9a278f9b-susedata.xml.gz?eyJhbGciOiJIUzI1NiJ9.eyJqdGkiOiJ0eHEyU3FYQlNBSDR2TnVGWjlYWWpBIiwiZXhwIjoxODA0MzM0NzExLCJpYXQiOjE3NzI3OTg3MTEsIm5iZiI6MTc3Mjc5ODU5MSwib3JnIjoxLCJvbmx5Q2hhbm5lbHMiOlsic2xlLXByb2R1Y3Qtc2xlczE1LXNwNy11cGRhdGVzLXg4Nl82NCJdfQ.y0LqH0Z2IsXYb7LGW57QRpR7OfF4q91sPDJ_CDLpHlo HTTP/1.1" 200 -
127.0.0.1 - - [06/Mar/2026:13:06:23 +0100] "GET /rhn/websocket/notifications HTTP/1.1" 101 -
172.16.3.5 - - [06/Mar/2026:13:06:23 +0100] "POST /rhn/manager/frontend-log HTTP/1.1" 200 16
172.16.3.7 - - [06/Mar/2026:13:06:23 +0100] "GET /rhn/manager/download/sle-product-sles15-sp7-updates-x86_64/repodata/e19d9f529dfe864d1f94ec942cfd14b9029745b58cf991409428bc3c9a278f9b-susedata.xml.gz?eyJhbGciOiJIUzI1NiJ9.eyJqdGkiOiJ0eHEyU3FYQlNBSDR2TnVGWjlYWWpBIiwiZXhwIjoxODA0MzM0NzExLCJpYXQiOjE3NzI3OTg3MTEsIm5iZiI6MTc3Mjc5ODU5MSwib3JnIjoxLCJvbmx5Q2hhbm5lbHMiOlsic2xlLXByb2R1Y3Qtc2xlczE1LXNwNy11cGRhdGVzLXg4Nl82NCJdfQ.y0LqH0Z2IsXYb7LGW57QRpR7OfF4q91sPDJ_CDLpHlo HTTP/1.1" 200 3664
172.16.3.7 - - [06/Mar/2026:13:06:23 +0100] "HEAD /rhn/manager/download/sle-product-sles15-sp7-updates-x86_64/repodata/336c84c852c84f68dca8f2308fadc6dd7f630982d8fc38bb3d80af3cfac51b43-updateinfo.xml.gz?eyJhbGciOiJIUzI1NiJ9.eyJqdGkiOiJ0eHEyU3FYQlNBSDR2TnVGWjlYWWpBIiwiZXhwIjoxODA0MzM0NzExLCJpYXQiOjE3NzI3OTg3MTEsIm5iZiI6MTc3Mjc5ODU5MSwib3JnIjoxLCJvbmx5Q2hhbm5lbHMiOlsic2xlLXByb2R1Y3Qtc2xlczE1LXNwNy11cGRhdGVzLXg4Nl82NCJdfQ.y0LqH0Z2IsXYb7LGW57QRpR7OfF4q91sPDJ_CDLpHlo HTTP/1.1" 200 -
172.16.3.7 - - [06/Mar/2026:13:06:23 +0100] "GET /rhn/manager/download/sle-product-sles15-sp7-updates-x86_64/repodata/336c84c852c84f68dca8f2308fadc6dd7f630982d8fc38bb3d80af3cfac51b43-updateinfo.xml.gz?eyJhbGciOiJIUzI1NiJ9.eyJqdGkiOiJ0eHEyU3FYQlNBSDR2TnVGWjlYWWpBIiwiZXhwIjoxODA0MzM0NzExLCJpYXQiOjE3NzI3OTg3MTEsIm5iZiI6MTc3Mjc5ODU5MSwib3JnIjoxLCJvbmx5Q2hhbm5lbHMiOlsic2xlLXByb2R1Y3Qtc2xlczE1LXNwNy11cGRhdGVzLXg4Nl82NCJdfQ.y0LqH0Z2IsXYb7LGW57QRpR7OfF4q91sPDJ_CDLpHlo HTTP/1.1" 200 3664
172.16.3.7 - - [06/Mar/2026:13:06:23 +0100] "HEAD /rhn/manager/download/fake-rpm-suse-channel/repodata/repomd.xml?eyJhbGciOiJIUzI1NiJ9.eyJqdGkiOiJjTHpab2pEeHA4SlVPWU5xQ1BlT2tBIiwiZXhwIjoxODA0MzM0NzExLCJpYXQiOjE3NzI3OTg3MTEsIm5iZiI6MTc3Mjc5ODU5MSwib3JnIjoxLCJvbmx5Q2hhbm5lbHMiOlsiZmFrZS1ycG0tc3VzZS1jaGFubmVsIl19.mRZrIf4OMIZKqd2M-pk8AD2hdk4SF7Gj2G1_rcSm4ys HTTP/1.1" 200 -
172.16.3.7 - - [06/Mar/2026:13:06:23 +0100] "HEAD /rhn/manager/download/fake-rpm-suse-channel/media.1/media?eyJhbGciOiJIUzI1NiJ9.eyJqdGkiOiJjTHpab2pEeHA4SlVPWU5xQ1BlT2tBIiwiZXhwIjoxODA0MzM0NzExLCJpYXQiOjE3NzI3OTg3MTEsIm5iZiI6MTc3Mjc5ODU5MSwib3JnIjoxLCJvbmx5Q2hhbm5lbHMiOlsiZmFrZS1ycG0tc3VzZS1jaGFubmVsIl19.mRZrIf4OMIZKqd2M-pk8AD2hdk4SF7Gj2G1_rcSm4ys HTTP/1.1" 404 -
172.16.3.7 - - [06/Mar/2026:13:06:23 +0100] "HEAD /rhn/manager/download/fake-rpm-suse-channel/repodata/repomd.xml?eyJhbGciOiJIUzI1NiJ9.eyJqdGkiOiJjTHpab2pEeHA4SlVPWU5xQ1BlT2tBIiwiZXhwIjoxODA0MzM0NzExLCJpYXQiOjE3NzI3OTg3MTEsIm5iZiI6MTc3Mjc5ODU5MSwib3JnIjoxLCJvbmx5Q2hhbm5lbHMiOlsiZmFrZS1ycG0tc3VzZS1jaGFubmVsIl19.mRZrIf4OMIZKqd2M-pk8AD2hdk4SF7Gj2G1_rcSm4ys HTTP/1.1" 200 -
172.16.3.7 - - [06/Mar/2026:13:06:23 +0100] "GET /rhn/manager/download/fake-rpm-suse-channel/repodata/repomd.xml?eyJhbGciOiJIUzI1NiJ9.eyJqdGkiOiJjTHpab2pEeHA4SlVPWU5xQ1BlT2tBIiwiZXhwIjoxODA0MzM0NzExLCJpYXQiOjE3NzI3OTg3MTEsIm5iZiI6MTc3Mjc5ODU5MSwib3JnIjoxLCJvbmx5Q2hhbm5lbHMiOlsiZmFrZS1ycG0tc3VzZS1jaGFubmVsIl19.mRZrIf4OMIZKqd2M-pk8AD2hdk4SF7Gj2G1_rcSm4ys HTTP/1.1" 200 3664
172.16.3.7 - - [06/Mar/2026:13:06:23 +0100] "HEAD /rhn/manager/download/fake-rpm-suse-channel/repodata/repomd.xml.asc?eyJhbGciOiJIUzI1NiJ9.eyJqdGkiOiJjTHpab2pEeHA4SlVPWU5xQ1BlT2tBIiwiZXhwIjoxODA0MzM0NzExLCJpYXQiOjE3NzI3OTg3MTEsIm5iZiI6MTc3Mjc5ODU5MSwib3JnIjoxLCJvbmx5Q2hhbm5lbHMiOlsiZmFrZS1ycG0tc3VzZS1jaGFubmVsIl19.mRZrIf4OMIZKqd2M-pk8AD2hdk4SF7Gj2G1_rcSm4ys HTTP/1.1" 404 -
172.16.3.7 - - [06/Mar/2026:13:06:23 +0100] "HEAD /rhn/manager/download/fake-rpm-suse-channel/repodata/23ab3e6f7d9838ac457a0bff67090a1f79a0070a992a5611977f64f138248fe39d7bee4712761475ab055cd560edd59bb302199ea97e83bffdb4ecc9f6eb3d39-primary.xml.gz?eyJhbGciOiJIUzI1NiJ9.eyJqdGkiOiJjTHpab2pEeHA4SlVPWU5xQ1BlT2tBIiwiZXhwIjoxODA0MzM0NzExLCJpYXQiOjE3NzI3OTg3MTEsIm5iZiI6MTc3Mjc5ODU5MSwib3JnIjoxLCJvbmx5Q2hhbm5lbHMiOlsiZmFrZS1ycG0tc3VzZS1jaGFubmVsIl19.mRZrIf4OMIZKqd2M-pk8AD2hdk4SF7Gj2G1_rcSm4ys HTTP/1.1" 200 -
172.16.3.5 - - [06/Mar/2026:13:06:23 +0100] "GET /rhn/manager/api/systems/list/all?p=1&ps=25&s=1&sc=server_name HTTP/1.1" 200 4865
172.16.3.7 - - [06/Mar/2026:13:06:23 +0100] "GET /rhn/manager/download/fake-rpm-suse-channel/repodata/23ab3e6f7d9838ac457a0bff67090a1f79a0070a992a5611977f64f138248fe39d7bee4712761475ab055cd560edd59bb302199ea97e83bffdb4ecc9f6eb3d39-primary.xml.gz?eyJhbGciOiJIUzI1NiJ9.eyJqdGkiOiJjTHpab2pEeHA4SlVPWU5xQ1BlT2tBIiwiZXhwIjoxODA0MzM0NzExLCJpYXQiOjE3NzI3OTg3MTEsIm5iZiI6MTc3Mjc5ODU5MSwib3JnIjoxLCJvbmx5Q2hhbm5lbHMiOlsiZmFrZS1ycG0tc3VzZS1jaGFubmVsIl19.mRZrIf4OMIZKqd2M-pk8AD2hdk4SF7Gj2G1_rcSm4ys HTTP/1.1" 200 3664
172.16.3.7 - - [06/Mar/2026:13:06:23 +0100] "HEAD /rhn/manager/download/fake-rpm-suse-channel/repodata/4265c37a4258c7ec3ffb0407ebee44404e3ef332947485981a0d05618ad65760daae226dfb51e08266af0a81e427ebd3e75f697fc78bdc613eee8558c585d840-susedata.xml.gz?eyJhbGciOiJIUzI1NiJ9.eyJqdGkiOiJjTHpab2pEeHA4SlVPWU5xQ1BlT2tBIiwiZXhwIjoxODA0MzM0NzExLCJpYXQiOjE3NzI3OTg3MTEsIm5iZiI6MTc3Mjc5ODU5MSwib3JnIjoxLCJvbmx5Q2hhbm5lbHMiOlsiZmFrZS1ycG0tc3VzZS1jaGFubmVsIl19.mRZrIf4OMIZKqd2M-pk8AD2hdk4SF7Gj2G1_rcSm4ys HTTP/1.1" 200 -
172.16.3.7 - - [06/Mar/2026:13:06:23 +0100] "GET /rhn/manager/download/fake-rpm-suse-channel/repodata/4265c37a4258c7ec3ffb0407ebee44404e3ef332947485981a0d05618ad65760daae226dfb51e08266af0a81e427ebd3e75f697fc78bdc613eee8558c585d840-susedata.xml.gz?eyJhbGciOiJIUzI1NiJ9.eyJqdGkiOiJjTHpab2pEeHA4SlVPWU5xQ1BlT2tBIiwiZXhwIjoxODA0MzM0NzExLCJpYXQiOjE3NzI3OTg3MTEsIm5iZiI6MTc3Mjc5ODU5MSwib3JnIjoxLCJvbmx5Q2hhbm5lbHMiOlsiZmFrZS1ycG0tc3VzZS1jaGFubmVsIl19.mRZrIf4OMIZKqd2M-pk8AD2hdk4SF7Gj2G1_rcSm4ys HTTP/1.1" 200 3664
172.16.3.7 - - [06/Mar/2026:13:06:23 +0100] "HEAD /rhn/manager/download/fake-rpm-suse-channel/repodata/222849043695e3dfda2356b4bf60e24e431abafc2447e5bb8a305cf6409dfcd6fe881a6dea4b68c306444c3373808c6d90cad23502094718491a4a461564aa55-updateinfo.xml.gz?eyJhbGciOiJIUzI1NiJ9.eyJqdGkiOiJjTHpab2pEeHA4SlVPWU5xQ1BlT2tBIiwiZXhwIjoxODA0MzM0NzExLCJpYXQiOjE3NzI3OTg3MTEsIm5iZiI6MTc3Mjc5ODU5MSwib3JnIjoxLCJvbmx5Q2hhbm5lbHMiOlsiZmFrZS1ycG0tc3VzZS1jaGFubmVsIl19.mRZrIf4OMIZKqd2M-pk8AD2hdk4SF7Gj2G1_rcSm4ys HTTP/1.1" 200 -
172.16.3.7 - - [06/Mar/2026:13:06:23 +0100] "GET /rhn/manager/download/fake-rpm-suse-channel/repodata/222849043695e3dfda2356b4bf60e24e431abafc2447e5bb8a305cf6409dfcd6fe881a6dea4b68c306444c3373808c6d90cad23502094718491a4a461564aa55-updateinfo.xml.gz?eyJhbGciOiJIUzI1NiJ9.eyJqdGkiOiJjTHpab2pEeHA4SlVPWU5xQ1BlT2tBIiwiZXhwIjoxODA0MzM0NzExLCJpYXQiOjE3NzI3OTg3MTEsIm5iZiI6MTc3Mjc5ODU5MSwib3JnIjoxLCJvbmx5Q2hhbm5lbHMiOlsiZmFrZS1ycG0tc3VzZS1jaGFubmVsIl19.mRZrIf4OMIZKqd2M-pk8AD2hdk4SF7Gj2G1_rcSm4ys HTTP/1.1" 200 3663
172.16.3.5 - - [06/Mar/2026:13:06:23 +0100] "POST /rhn/manager/api/sets/system_list HTTP/1.1" 200 1
172.16.3.7 - - [06/Mar/2026:13:06:23 +0100] "HEAD /rhn/manager/download/opensuse_tumbleweed-uyuni-client-devel-x86_64/repodata/repomd.xml?eyJhbGciOiJIUzI1NiJ9.eyJqdGkiOiJ6RXN4Y3BJcWtUNVRlaVRtOFZFem13IiwiZXhwIjoxODA0MzM0NzExLCJpYXQiOjE3NzI3OTg3MTEsIm5iZiI6MTc3Mjc5ODU5MSwib3JnIjoxLCJvbmx5Q2hhbm5lbHMiOlsib3BlbnN1c2VfdHVtYmxld2VlZC11eXVuaS1jbGllbnQtZGV2ZWwteDg2XzY0Il19.LmYW0pT04mSUpKwpgFLXYH4wOgxggnZllmjnYLufGBQ HTTP/1.1" 200 -
172.16.3.7 - - [06/Mar/2026:13:06:24 +0100] "HEAD /rhn/manager/download/opensuse_tumbleweed-uyuni-client-devel-x86_64/media.1/media?eyJhbGciOiJIUzI1NiJ9.eyJqdGkiOiJ6RXN4Y3BJcWtUNVRlaVRtOFZFem13IiwiZXhwIjoxODA0MzM0NzExLCJpYXQiOjE3NzI3OTg3MTEsIm5iZiI6MTc3Mjc5ODU5MSwib3JnIjoxLCJvbmx5Q2hhbm5lbHMiOlsib3BlbnN1c2VfdHVtYmxld2VlZC11eXVuaS1jbGllbnQtZGV2ZWwteDg2XzY0Il19.LmYW0pT04mSUpKwpgFLXYH4wOgxggnZllmjnYLufGBQ HTTP/1.1" 404 -
172.16.3.7 - - [06/Mar/2026:13:06:24 +0100] "HEAD /rhn/manager/download/opensuse_tumbleweed-uyuni-client-devel-x86_64/repodata/repomd.xml?eyJhbGciOiJIUzI1NiJ9.eyJqdGkiOiJ6RXN4Y3BJcWtUNVRlaVRtOFZFem13IiwiZXhwIjoxODA0MzM0NzExLCJpYXQiOjE3NzI3OTg3MTEsIm5iZiI6MTc3Mjc5ODU5MSwib3JnIjoxLCJvbmx5Q2hhbm5lbHMiOlsib3BlbnN1c2VfdHVtYmxld2VlZC11eXVuaS1jbGllbnQtZGV2ZWwteDg2XzY0Il19.LmYW0pT04mSUpKwpgFLXYH4wOgxggnZllmjnYLufGBQ HTTP/1.1" 200 -
172.16.3.7 - - [06/Mar/2026:13:06:24 +0100] "GET /rhn/manager/download/opensuse_tumbleweed-uyuni-client-devel-x86_64/repodata/repomd.xml?eyJhbGciOiJIUzI1NiJ9.eyJqdGkiOiJ6RXN4Y3BJcWtUNVRlaVRtOFZFem13IiwiZXhwIjoxODA0MzM0NzExLCJpYXQiOjE3NzI3OTg3MTEsIm5iZiI6MTc3Mjc5ODU5MSwib3JnIjoxLCJvbmx5Q2hhbm5lbHMiOlsib3BlbnN1c2VfdHVtYmxld2VlZC11eXVuaS1jbGllbnQtZGV2ZWwteDg2XzY0Il19.LmYW0pT04mSUpKwpgFLXYH4wOgxggnZllmjnYLufGBQ HTTP/1.1" 200 3664
172.16.3.7 - - [06/Mar/2026:13:06:24 +0100] "HEAD /rhn/manager/download/opensuse_tumbleweed-uyuni-client-devel-x86_64/repodata/repomd.xml.asc?eyJhbGciOiJIUzI1NiJ9.eyJqdGkiOiJ6RXN4Y3BJcWtUNVRlaVRtOFZFem13IiwiZXhwIjoxODA0MzM0NzExLCJpYXQiOjE3NzI3OTg3MTEsIm5iZiI6MTc3Mjc5ODU5MSwib3JnIjoxLCJvbmx5Q2hhbm5lbHMiOlsib3BlbnN1c2VfdHVtYmxld2VlZC11eXVuaS1jbGllbnQtZGV2ZWwteDg2XzY0Il19.LmYW0pT04mSUpKwpgFLXYH4wOgxggnZllmjnYLufGBQ HTTP/1.1" 404 -
172.16.3.7 - - [06/Mar/2026:13:06:24 +0100] "HEAD /rhn/manager/download/opensuse_tumbleweed-uyuni-client-devel-x86_64/repodata/bd56e824e01ced9fd5177e0f2491a5000ce87e02ef186c9fa088a126d8b5fe191a2cfbd5365921277f35de457e86a82c3538db8422e8a405c91dd1642afff913-primary.xml.gz?eyJhbGciOiJIUzI1NiJ9.eyJqdGkiOiJ6RXN4Y3BJcWtUNVRlaVRtOFZFem13IiwiZXhwIjoxODA0MzM0NzExLCJpYXQiOjE3NzI3OTg3MTEsIm5iZiI6MTc3Mjc5ODU5MSwib3JnIjoxLCJvbmx5Q2hhbm5lbHMiOlsib3BlbnN1c2VfdHVtYmxld2VlZC11eXVuaS1jbGllbnQtZGV2ZWwteDg2XzY0Il19.LmYW0pT04mSUpKwpgFLXYH4wOgxggnZllmjnYLufGBQ HTTP/1.1" 200 -
172.16.3.7 - - [06/Mar/2026:13:06:24 +0100] "GET /rhn/manager/download/opensuse_tumbleweed-uyuni-client-devel-x86_64/repodata/bd56e824e01ced9fd5177e0f2491a5000ce87e02ef186c9fa088a126d8b5fe191a2cfbd5365921277f35de457e86a82c3538db8422e8a405c91dd1642afff913-primary.xml.gz?eyJhbGciOiJIUzI1NiJ9.eyJqdGkiOiJ6RXN4Y3BJcWtUNVRlaVRtOFZFem13IiwiZXhwIjoxODA0MzM0NzExLCJpYXQiOjE3NzI3OTg3MTEsIm5iZiI6MTc3Mjc5ODU5MSwib3JnIjoxLCJvbmx5Q2hhbm5lbHMiOlsib3BlbnN1c2VfdHVtYmxld2VlZC11eXVuaS1jbGllbnQtZGV2ZWwteDg2XzY0Il19.LmYW0pT04mSUpKwpgFLXYH4wOgxggnZllmjnYLufGBQ HTTP/1.1" 200 3664
172.16.3.7 - - [06/Mar/2026:13:06:24 +0100] "HEAD /rhn/manager/download/opensuse_tumbleweed-uyuni-client-devel-x86_64/repodata/edea975e521d321fe79560b1203c950a6f2f1e316d8bd2c13a4fc5953bdbbcdd762265df3fc57f3cd10c9fff1d8f8e436d8a9835a81cd7ea13aa0c33f9d30034-susedata.xml.gz?eyJhbGciOiJIUzI1NiJ9.eyJqdGkiOiJ6RXN4Y3BJcWtUNVRlaVRtOFZFem13IiwiZXhwIjoxODA0MzM0NzExLCJpYXQiOjE3NzI3OTg3MTEsIm5iZiI6MTc3Mjc5ODU5MSwib3JnIjoxLCJvbmx5Q2hhbm5lbHMiOlsib3BlbnN1c2VfdHVtYmxld2VlZC11eXVuaS1jbGllbnQtZGV2ZWwteDg2XzY0Il19.LmYW0pT04mSUpKwpgFLXYH4wOgxggnZllmjnYLufGBQ HTTP/1.1" 200 -
172.16.3.7 - - [06/Mar/2026:13:06:24 +0100] "GET /rhn/manager/download/opensuse_tumbleweed-uyuni-client-devel-x86_64/repodata/edea975e521d321fe79560b1203c950a6f2f1e316d8bd2c13a4fc5953bdbbcdd762265df3fc57f3cd10c9fff1d8f8e436d8a9835a81cd7ea13aa0c33f9d30034-susedata.xml.gz?eyJhbGciOiJIUzI1NiJ9.eyJqdGkiOiJ6RXN4Y3BJcWtUNVRlaVRtOFZFem13IiwiZXhwIjoxODA0MzM0NzExLCJpYXQiOjE3NzI3OTg3MTEsIm5iZiI6MTc3Mjc5ODU5MSwib3JnIjoxLCJvbmx5Q2hhbm5lbHMiOlsib3BlbnN1c2VfdHVtYmxld2VlZC11eXVuaS1jbGllbnQtZGV2ZWwteDg2XzY0Il19.LmYW0pT04mSUpKwpgFLXYH4wOgxggnZllmjnYLufGBQ HTTP/1.1" 200 3664
172.16.3.7 - - [06/Mar/2026:13:06:24 +0100] "HEAD /rhn/manager/download/opensuse_tumbleweed-x86_64/repodata/repomd.xml?eyJhbGciOiJIUzI1NiJ9.eyJqdGkiOiJydUV4dGcwTUhpVzREaFdIaGQya3dBIiwiZXhwIjoxODA0MzM0NzExLCJpYXQiOjE3NzI3OTg3MTEsIm5iZiI6MTc3Mjc5ODU5MSwib3JnIjoxLCJvbmx5Q2hhbm5lbHMiOlsib3BlbnN1c2VfdHVtYmxld2VlZC14ODZfNjQiXX0.k30BuEvHMXeZW5rR-ue5giZQfSNmSHGJqSJUELDzmgE HTTP/1.1" 200 -
172.16.3.7 - - [06/Mar/2026:13:06:24 +0100] "HEAD /rhn/manager/download/opensuse_tumbleweed-x86_64/media.1/media?eyJhbGciOiJIUzI1NiJ9.eyJqdGkiOiJydUV4dGcwTUhpVzREaFdIaGQya3dBIiwiZXhwIjoxODA0MzM0NzExLCJpYXQiOjE3NzI3OTg3MTEsIm5iZiI6MTc3Mjc5ODU5MSwib3JnIjoxLCJvbmx5Q2hhbm5lbHMiOlsib3BlbnN1c2VfdHVtYmxld2VlZC14ODZfNjQiXX0.k30BuEvHMXeZW5rR-ue5giZQfSNmSHGJqSJUELDzmgE HTTP/1.1" 404 -
172.16.3.7 - - [06/Mar/2026:13:06:24 +0100] "HEAD /rhn/manager/download/opensuse_tumbleweed-x86_64/repodata/repomd.xml?eyJhbGciOiJIUzI1NiJ9.eyJqdGkiOiJydUV4dGcwTUhpVzREaFdIaGQya3dBIiwiZXhwIjoxODA0MzM0NzExLCJpYXQiOjE3NzI3OTg3MTEsIm5iZiI6MTc3Mjc5ODU5MSwib3JnIjoxLCJvbmx5Q2hhbm5lbHMiOlsib3BlbnN1c2VfdHVtYmxld2VlZC14ODZfNjQiXX0.k30BuEvHMXeZW5rR-ue5giZQfSNmSHGJqSJUELDzmgE HTTP/1.1" 200 -
172.16.3.7 - - [06/Mar/2026:13:06:24 +0100] "GET /rhn/manager/download/opensuse_tumbleweed-x86_64/repodata/repomd.xml?eyJhbGciOiJIUzI1NiJ9.eyJqdGkiOiJydUV4dGcwTUhpVzREaFdIaGQya3dBIiwiZXhwIjoxODA0MzM0NzExLCJpYXQiOjE3NzI3OTg3MTEsIm5iZiI6MTc3Mjc5ODU5MSwib3JnIjoxLCJvbmx5Q2hhbm5lbHMiOlsib3BlbnN1c2VfdHVtYmxld2VlZC14ODZfNjQiXX0.k30BuEvHMXeZW5rR-ue5giZQfSNmSHGJqSJUELDzmgE HTTP/1.1" 200 3664
172.16.3.7 - - [06/Mar/2026:13:06:24 +0100] "HEAD /rhn/manager/download/opensuse_tumbleweed-x86_64/repodata/repomd.xml.asc?eyJhbGciOiJIUzI1NiJ9.eyJqdGkiOiJydUV4dGcwTUhpVzREaFdIaGQya3dBIiwiZXhwIjoxODA0MzM0NzExLCJpYXQiOjE3NzI3OTg3MTEsIm5iZiI6MTc3Mjc5ODU5MSwib3JnIjoxLCJvbmx5Q2hhbm5lbHMiOlsib3BlbnN1c2VfdHVtYmxld2VlZC14ODZfNjQiXX0.k30BuEvHMXeZW5rR-ue5giZQfSNmSHGJqSJUELDzmgE HTTP/1.1" 404 -
172.16.3.7 - - [06/Mar/2026:13:06:24 +0100] "HEAD /rhn/manager/download/opensuse_tumbleweed-x86_64/repodata/12ff823f9a24ffc5110d1e831b4844765f96c3755297436278c94e573fe89adc86ab0e8b6e97f07ef7b2eae2ef4169272f60ebf3d36b30884251d5bf5f65a58d-primary.xml.gz?eyJhbGciOiJIUzI1NiJ9.eyJqdGkiOiJydUV4dGcwTUhpVzREaFdIaGQya3dBIiwiZXhwIjoxODA0MzM0NzExLCJpYXQiOjE3NzI3OTg3MTEsIm5iZiI6MTc3Mjc5ODU5MSwib3JnIjoxLCJvbmx5Q2hhbm5lbHMiOlsib3BlbnN1c2VfdHVtYmxld2VlZC14ODZfNjQiXX0.k30BuEvHMXeZW5rR-ue5giZQfSNmSHGJqSJUELDzmgE HTTP/1.1" 200 -
172.16.3.7 - - [06/Mar/2026:13:06:24 +0100] "GET /rhn/manager/download/opensuse_tumbleweed-x86_64/repodata/12ff823f9a24ffc5110d1e831b4844765f96c3755297436278c94e573fe89adc86ab0e8b6e97f07ef7b2eae2ef4169272f60ebf3d36b30884251d5bf5f65a58d-primary.xml.gz?eyJhbGciOiJIUzI1NiJ9.eyJqdGkiOiJydUV4dGcwTUhpVzREaFdIaGQya3dBIiwiZXhwIjoxODA0MzM0NzExLCJpYXQiOjE3NzI3OTg3MTEsIm5iZiI6MTc3Mjc5ODU5MSwib3JnIjoxLCJvbmx5Q2hhbm5lbHMiOlsib3BlbnN1c2VfdHVtYmxld2VlZC14ODZfNjQiXX0.k30BuEvHMXeZW5rR-ue5giZQfSNmSHGJqSJUELDzmgE HTTP/1.1" 200 3663
172.16.3.7 - - [06/Mar/2026:13:06:24 +0100] "HEAD /rhn/manager/download/opensuse_tumbleweed-x86_64/repodata/59e6ae461b16a296239ef01c0b287e4ab5586e2b589f72ce33719a10b37bada12cfad93aa13c07b7aac1945185beee1f0f5e28b91855ac62ce0b19106960e4a2-susedata.xml.gz?eyJhbGciOiJIUzI1NiJ9.eyJqdGkiOiJydUV4dGcwTUhpVzREaFdIaGQya3dBIiwiZXhwIjoxODA0MzM0NzExLCJpYXQiOjE3NzI3OTg3MTEsIm5iZiI6MTc3Mjc5ODU5MSwib3JnIjoxLCJvbmx5Q2hhbm5lbHMiOlsib3BlbnN1c2VfdHVtYmxld2VlZC14ODZfNjQiXX0.k30BuEvHMXeZW5rR-ue5giZQfSNmSHGJqSJUELDzmgE HTTP/1.1" 200 -
172.16.3.7 - - [06/Mar/2026:13:06:24 +0100] "GET /rhn/manager/download/opensuse_tumbleweed-x86_64/repodata/59e6ae461b16a296239ef01c0b287e4ab5586e2b589f72ce33719a10b37bada12cfad93aa13c07b7aac1945185beee1f0f5e28b91855ac62ce0b19106960e4a2-susedata.xml.gz?eyJhbGciOiJIUzI1NiJ9.eyJqdGkiOiJydUV4dGcwTUhpVzREaFdIaGQya3dBIiwiZXhwIjoxODA0MzM0NzExLCJpYXQiOjE3NzI3OTg3MTEsIm5iZiI6MTc3Mjc5ODU5MSwib3JnIjoxLCJvbmx5Q2hhbm5lbHMiOlsib3BlbnN1c2VfdHVtYmxld2VlZC14ODZfNjQiXX0.k30BuEvHMXeZW5rR-ue5giZQfSNmSHGJqSJUELDzmgE HTTP/1.1" 200 3663
172.16.3.5 - - [06/Mar/2026:13:06:24 +0100] "GET /rhn/systems/details/Overview.do?sid=1000010010 HTTP/1.1" 200 39403
127.0.0.1 - - [06/Mar/2026:13:06:24 +0100] "GET /rhn/websocket/notifications HTTP/1.1" 101 -
172.16.3.5 - - [06/Mar/2026:13:06:24 +0100] "POST /rhn/manager/frontend-log HTTP/1.1" 200 16
172.16.3.5 - - [06/Mar/2026:13:06:24 +0100] "GET /rhn/systems/details/history/Pending.do?sid=1000010010& HTTP/1.1" 200 33004
127.0.0.1 - - [06/Mar/2026:13:06:25 +0100] "GET /rhn/websocket/notifications HTTP/1.1" 101 -
172.16.3.5 - - [06/Mar/2026:13:06:25 +0100] "POST /rhn/manager/frontend-log HTTP/1.1" 200 16
172.16.3.5 - - [06/Mar/2026:13:06:25 +0100] "GET /rhn/systems/details/history/Pending.do?sid=1000010010& HTTP/1.1" 200 33004
127.0.0.1 - - [06/Mar/2026:13:06:25 +0100] "GET /rhn/websocket/notifications HTTP/1.1" 101 -
172.16.3.5 - - [06/Mar/2026:13:06:25 +0100] "POST /rhn/manager/frontend-log HTTP/1.1" 200 16
172.16.3.5 - - [06/Mar/2026:13:06:25 +0100] "GET /rhn/systems/details/history/History.do?sid=1000010010& HTTP/1.1" 200 39147
127.0.0.1 - - [06/Mar/2026:13:06:26 +0100] "GET /rhn/websocket/notifications HTTP/1.1" 101 -
172.16.3.5 - - [06/Mar/2026:13:06:26 +0100] "POST /rhn/manager/frontend-log HTTP/1.1" 200 16
172.16.3.5 - - [06/Mar/2026:13:06:26 +0100] "GET /rhn/systems/details/history/Event.do?sid=1000010010&aid=87 HTTP/1.1" 200 40098
127.0.0.1 - - [06/Mar/2026:13:06:26 +0100] "GET /rhn/websocket/notifications HTTP/1.1" 101 -
172.16.3.5 - - [06/Mar/2026:13:06:26 +0100] "POST /rhn/manager/frontend-log HTTP/1.1" 200 16
172.16.3.5 - - [06/Mar/2026:13:06:27 +0100] "GET /rhn/systems/details/history/Pending.do?sid=1000010010& HTTP/1.1" 200 33004
172.16.3.5 - - [06/Mar/2026:13:06:27 +0100] "POST /rhn/manager/frontend-log HTTP/1.1" 200 16
127.0.0.1 - - [06/Mar/2026:13:06:27 +0100] "GET /rhn/websocket/notifications HTTP/1.1" 101 -
172.16.3.5 - - [06/Mar/2026:13:06:27 +0100] "GET /rhn/systems/details/history/Pending.do?sid=1000010010& HTTP/1.1" 200 33004
127.0.0.1 - - [06/Mar/2026:13:06:27 +0100] "GET /rhn/websocket/notifications HTTP/1.1" 101 -
172.16.3.5 - - [06/Mar/2026:13:06:27 +0100] "POST /rhn/manager/frontend-log HTTP/1.1" 200 16
172.16.3.5 - - [06/Mar/2026:13:06:28 +0100] "GET /rhn/systems/details/history/History.do?sid=1000010010& HTTP/1.1" 200 39147
127.0.0.1 - - [06/Mar/2026:13:06:28 +0100] "GET /rhn/websocket/notifications HTTP/1.1" 101 -
172.16.3.5 - - [06/Mar/2026:13:06:28 +0100] "POST /rhn/manager/frontend-log HTTP/1.1" 200 16
172.16.3.5 - - [06/Mar/2026:13:06:28 +0100] "GET /rhn/systems/details/history/Event.do?sid=1000010010&aid=86 HTTP/1.1" 200 33347
127.0.0.1 - - [06/Mar/2026:13:06:28 +0100] "GET /rhn/websocket/notifications HTTP/1.1" 101 -
172.16.3.5 - - [06/Mar/2026:13:06:28 +0100] "POST /rhn/manager/frontend-log HTTP/1.1" 200 16
172.16.3.5 - - [06/Mar/2026:13:06:38 +0100] "GET /rhn/systems/details/history/Event.do?sid=1000010010&aid=86 HTTP/1.1" 200 33275
172.16.3.5 - - [06/Mar/2026:13:06:38 +0100] "POST /rhn/manager/frontend-log HTTP/1.1" 200 16
127.0.0.1 - - [06/Mar/2026:13:06:38 +0100] "GET /rhn/websocket/notifications HTTP/1.1" 101 -
172.16.3.5 - - [06/Mar/2026:13:06:38 +0100] "POST /rhn/manager/frontend-log HTTP/1.1" 200 16
127.0.0.1 - - [06/Mar/2026:13:06:38 +0100] "GET /rhn/websocket/notifications HTTP/1.1" 101 -
172.16.3.5 - - [06/Mar/2026:13:06:48 +0100] "GET /rhn/systems/details/history/Pending.do?sid=1000010010& HTTP/1.1" 200 33022
127.0.0.1 - - [06/Mar/2026:13:06:49 +0100] "GET /rhn/websocket/notifications HTTP/1.1" 101 -
172.16.3.5 - - [06/Mar/2026:13:06:49 +0100] "POST /rhn/manager/frontend-log HTTP/1.1" 200 16
172.16.3.5 - - [06/Mar/2026:13:06:49 +0100] "GET /rhn/systems/details/history/Pending.do?sid=1000010010& HTTP/1.1" 200 33022
127.0.0.1 - - [06/Mar/2026:13:06:49 +0100] "GET /rhn/websocket/notifications HTTP/1.1" 101 -
172.16.3.5 - - [06/Mar/2026:13:06:49 +0100] "POST /rhn/manager/frontend-log HTTP/1.1" 200 16
172.16.3.5 - - [06/Mar/2026:13:06:49 +0100] "GET /rhn/systems/details/history/History.do?sid=1000010010& HTTP/1.1" 200 39234
172.16.3.5 - - [06/Mar/2026:13:06:50 +0100] "POST /rhn/manager/frontend-log HTTP/1.1" 200 16
127.0.0.1 - - [06/Mar/2026:13:06:50 +0100] "GET /rhn/websocket/notifications HTTP/1.1" 101 -
172.16.3.5 - - [06/Mar/2026:13:06:50 +0100] "GET /rhn/systems/details/history/Event.do?sid=1000010010&aid=88 HTTP/1.1" 200 33323
127.0.0.1 - - [06/Mar/2026:13:06:50 +0100] "GET /rhn/websocket/notifications HTTP/1.1" 101 -
172.16.3.5 - - [06/Mar/2026:13:06:50 +0100] "POST /rhn/manager/frontend-log HTTP/1.1" 200 16
172.16.3.5 - - [06/Mar/2026:13:06:50 +0100] "POST /rhn/manager/api/auth/login HTTP/1.1" 200 16
172.16.3.5 - - [06/Mar/2026:13:06:51 +0100] "POST /rhn/manager/api/system/searchByName HTTP/1.1" 200 166
172.16.3.5 - - [06/Mar/2026:13:06:51 +0100] "GET /rhn/manager/api/auth/logout HTTP/1.1" 200 16
172.16.3.5 - - [06/Mar/2026:13:06:51 +0100] "GET /rhn/systems/details/Overview.do?sid=1000010010 HTTP/1.1" 200 39953
172.16.3.5 - - [06/Mar/2026:13:06:51 +0100] "POST /rhn/manager/frontend-log HTTP/1.1" 200 16
127.0.0.1 - - [06/Mar/2026:13:06:51 +0100] "GET /rhn/websocket/notifications HTTP/1.1" 101 -
172.16.3.5 - - [06/Mar/2026:13:06:51 +0100] "POST /rhn/manager/frontend-log HTTP/1.1" 200 16
127.0.0.1 - - [06/Mar/2026:13:06:52 +0100] "GET /rhn/websocket/notifications HTTP/1.1" 101 -
172.16.3.5 - - [06/Mar/2026:13:06:52 +0100] "POST /rhn/manager/api/auth/login HTTP/1.1" 200 16
172.16.3.5 - - [06/Mar/2026:13:06:52 +0100] "POST /rhn/manager/api/system/searchByName HTTP/1.1" 200 157
172.16.3.5 - - [06/Mar/2026:13:06:52 +0100] "GET /rhn/manager/api/auth/logout HTTP/1.1" 200 16
172.16.3.5 - - [06/Mar/2026:13:06:52 +0100] "GET /rhn/systems/details/Overview.do?sid=1000010000 HTTP/1.1" 200 38524
172.16.3.5 - - [06/Mar/2026:13:06:53 +0100] "POST /rhn/manager/frontend-log HTTP/1.1" 200 16
127.0.0.1 - - [06/Mar/2026:13:06:53 +0100] "GET /rhn/websocket/notifications HTTP/1.1" 101 -
172.16.3.5 - - [06/Mar/2026:13:06:53 +0100] "POST /rhn/manager/frontend-log HTTP/1.1" 200 16
172.16.3.5 - - [06/Mar/2026:13:06:53 +0100] "GET /rhn/systems/details/Overview.do?sid=1000010000& HTTP/1.1" 200 38524
127.0.0.1 - - [06/Mar/2026:13:06:53 +0100] "GET /rhn/websocket/notifications HTTP/1.1" 101 -
172.16.3.5 - - [06/Mar/2026:13:06:53 +0100] "POST /rhn/manager/frontend-log HTTP/1.1" 200 16
172.16.3.5 - - [06/Mar/2026:13:06:53 +0100] "GET /rhn/systems/details/ProxyClients.do?sid=1000010000& HTTP/1.1" 200 51319
172.16.3.5 - - [06/Mar/2026:13:06:54 +0100] "POST /rhn/manager/frontend-log HTTP/1.1" 200 16
127.0.0.1 - - [06/Mar/2026:13:06:54 +0100] "GET /rhn/websocket/notifications HTTP/1.1" 101 -
172.16.3.5 - - [06/Mar/2026:13:06:54 +0100] "POST /rhn/manager/api/auth/login HTTP/1.1" 200 16
172.16.3.5 - - [06/Mar/2026:13:06:55 +0100] "POST /rhn/manager/api/system/searchByName HTTP/1.1" 200 166
172.16.3.5 - - [06/Mar/2026:13:06:55 +0100] "GET /rhn/manager/api/auth/logout HTTP/1.1" 200 16
172.16.3.5 - - [06/Mar/2026:13:06:55 +0100] "GET /rhn/systems/details/Overview.do?sid=1000010010 HTTP/1.1" 200 39953
172.16.3.5 - - [06/Mar/2026:13:06:55 +0100] "POST /rhn/manager/frontend-log HTTP/1.1" 200 16
127.0.0.1 - - [06/Mar/2026:13:06:55 +0100] "GET /rhn/websocket/notifications HTTP/1.1" 101 -
172.16.3.5 - - [06/Mar/2026:13:06:55 +0100] "POST /rhn/manager/frontend-log HTTP/1.1" 200 16
127.0.0.1 - - [06/Mar/2026:13:06:55 +0100] "GET /rhn/websocket/notifications HTTP/1.1" 101 -
::1 - - [06/Mar/2026:13:06:56 +0100] "GET /rhn/manager/login HTTP/1.1" 302 -
::1 - - [06/Mar/2026:13:06:57 +0100] "POST /rhn/rpc/api HTTP/1.1" 200 137
::1 - - [06/Mar/2026:13:06:57 +0100] "POST /rhn/rpc/api HTTP/1.1" 200 204
::1 - - [06/Mar/2026:13:06:57 +0100] "POST /rhn/rpc/api HTTP/1.1" 200 138
::1 - - [06/Mar/2026:13:06:58 +0100] "POST /rhn/rpc/api HTTP/1.1" 200 137
::1 - - [06/Mar/2026:13:06:58 +0100] "POST /rhn/rpc/api HTTP/1.1" 200 204
::1 - - [06/Mar/2026:13:06:58 +0100] "POST /rhn/rpc/api HTTP/1.1" 200 138
::1 - - [06/Mar/2026:13:06:58 +0100] "POST /rhn/rpc/api HTTP/1.1" 200 2674
::1 - - [06/Mar/2026:13:06:58 +0100] "POST /rhn/rpc/api HTTP/1.1" 200 2117
172.16.3.5 - - [06/Mar/2026:13:06:58 +0100] "POST /rhn/manager/api/auth/login HTTP/1.1" 200 16
172.16.3.5 - - [06/Mar/2026:13:06:58 +0100] "POST /rhn/manager/api/system/searchByName HTTP/1.1" 200 166
172.16.3.5 - - [06/Mar/2026:13:06:58 +0100] "GET /rhn/manager/api/auth/logout HTTP/1.1" 200 16
172.16.3.5 - - [06/Mar/2026:13:06:59 +0100] "GET /rhn/systems/details/Overview.do?sid=1000010010 HTTP/1.1" 200 39953
172.16.3.5 - - [06/Mar/2026:13:06:59 +0100] "POST /rhn/manager/frontend-log HTTP/1.1" 200 16
127.0.0.1 - - [06/Mar/2026:13:06:59 +0100] "GET /rhn/websocket/notifications HTTP/1.1" 101 -
172.16.3.5 - - [06/Mar/2026:13:06:59 +0100] "POST /rhn/manager/frontend-log HTTP/1.1" 200 16
172.16.3.5 - - [06/Mar/2026:13:06:59 +0100] "GET /rhn/systems/details/history/Pending.do?sid=1000010010& HTTP/1.1" 200 33022
172.16.3.5 - - [06/Mar/2026:13:07:00 +0100] "POST /rhn/manager/frontend-log HTTP/1.1" 200 16
127.0.0.1 - - [06/Mar/2026:13:07:00 +0100] "GET /rhn/websocket/notifications HTTP/1.1" 101 -
172.16.3.5 - - [06/Mar/2026:13:07:00 +0100] "GET /rhn/systems/details/history/History.do?sid=1000010010& HTTP/1.1" 200 39234
127.0.0.1 - - [06/Mar/2026:13:07:00 +0100] "GET /rhn/websocket/notifications HTTP/1.1" 101 -
172.16.3.5 - - [06/Mar/2026:13:07:00 +0100] "POST /rhn/manager/frontend-log HTTP/1.1" 200 16
172.16.3.5 - - [06/Mar/2026:13:07:40 +0100] "POST /rhn/manager/api/auth/login HTTP/1.1" 200 16
172.16.3.5 - - [06/Mar/2026:13:07:40 +0100] "POST /rhn/manager/api/system/searchByName HTTP/1.1" 200 166
172.16.3.5 - - [06/Mar/2026:13:07:41 +0100] "GET /rhn/manager/api/auth/logout HTTP/1.1" 200 16
172.16.3.5 - - [06/Mar/2026:13:07:41 +0100] "GET /rhn/systems/details/Overview.do?sid=1000010010 HTTP/1.1" 200 39953
172.16.3.5 - - [06/Mar/2026:13:07:41 +0100] "POST /rhn/manager/frontend-log HTTP/1.1" 200 16
127.0.0.1 - - [06/Mar/2026:13:07:41 +0100] "GET /rhn/websocket/notifications HTTP/1.1" 101 -
172.16.3.5 - - [06/Mar/2026:13:07:41 +0100] "POST /rhn/manager/frontend-log HTTP/1.1" 200 16
172.16.3.5 - - [06/Mar/2026:13:07:41 +0100] "GET /rhn/systems/details/packages/Packages.do?sid=1000010010& HTTP/1.1" 200 33531
127.0.0.1 - - [06/Mar/2026:13:07:42 +0100] "GET /rhn/websocket/notifications HTTP/1.1" 101 -
172.16.3.5 - - [06/Mar/2026:13:07:42 +0100] "POST /rhn/manager/frontend-log HTTP/1.1" 200 16
172.16.3.5 - - [06/Mar/2026:13:07:42 +0100] "GET /rhn/systems/details/SystemChannels.do?sid=1000010010& HTTP/1.1" 200 32006
127.0.0.1 - - [06/Mar/2026:13:07:42 +0100] "GET /rhn/websocket/notifications HTTP/1.1" 101 -
172.16.3.5 - - [06/Mar/2026:13:07:42 +0100] "POST /rhn/manager/frontend-log HTTP/1.1" 200 16
172.16.3.5 - - [06/Mar/2026:13:07:42 +0100] "GET /rhn/manager/api/systems/1000010010/channels HTTP/1.1" 200 1174
172.16.3.5 - - [06/Mar/2026:13:07:42 +0100] "GET /rhn/manager/api/systems/1000010010/channels-available-base HTTP/1.1" 200 1041
172.16.3.5 - - [06/Mar/2026:13:07:43 +0100] "GET /rhn/manager/api/systems/1000010010/channels/101/accessible-children?oldBaseChannelId=101 HTTP/1.1" 200 1596
172.16.3.5 - - [06/Mar/2026:13:07:43 +0100] "POST /rhn/manager/api/admin/mandatoryChannels HTTP/1.1" 200 79
172.16.3.5 - - [06/Mar/2026:13:07:43 +0100] "POST /rhn/manager/api/maintenance/upcoming-windows HTTP/1.1" 200 26
172.16.3.5 - - [06/Mar/2026:13:07:43 +0100] "POST /rhn/manager/api/systems/1000010010/channels HTTP/1.1" 200 26
172.16.3.5 - - [06/Mar/2026:13:07:44 +0100] "GET /rhn/systems/details/history/Pending.do?sid=1000010010& HTTP/1.1" 200 33022
172.16.3.5 - - [06/Mar/2026:13:07:44 +0100] "POST /rhn/manager/frontend-log HTTP/1.1" 200 16
127.0.0.1 - - [06/Mar/2026:13:07:44 +0100] "GET /rhn/websocket/notifications HTTP/1.1" 101 -
172.16.3.5 - - [06/Mar/2026:13:07:44 +0100] "GET /rhn/systems/details/history/Pending.do?sid=1000010010& HTTP/1.1" 200 33022
127.0.0.1 - - [06/Mar/2026:13:07:45 +0100] "GET /rhn/websocket/notifications HTTP/1.1" 101 -
172.16.3.5 - - [06/Mar/2026:13:07:45 +0100] "POST /rhn/manager/frontend-log HTTP/1.1" 200 16
172.16.3.5 - - [06/Mar/2026:13:07:45 +0100] "GET /rhn/systems/details/history/History.do?sid=1000010010& HTTP/1.1" 200 41518
127.0.0.1 - - [06/Mar/2026:13:07:45 +0100] "GET /rhn/websocket/notifications HTTP/1.1" 101 -
172.16.3.5 - - [06/Mar/2026:13:07:45 +0100] "POST /rhn/manager/frontend-log HTTP/1.1" 200 16
172.16.3.5 - - [06/Mar/2026:13:07:45 +0100] "GET /rhn/systems/details/history/Event.do?sid=1000010010&aid=89 HTTP/1.1" 200 33392
127.0.0.1 - - [06/Mar/2026:13:07:46 +0100] "GET /rhn/websocket/notifications HTTP/1.1" 101 -
172.16.3.5 - - [06/Mar/2026:13:07:46 +0100] "POST /rhn/manager/frontend-log HTTP/1.1" 200 16
172.16.3.5 - - [06/Mar/2026:13:07:55 +0100] "GET /rhn/systems/details/history/Event.do?sid=1000010010&aid=89 HTTP/1.1" 200 33392
172.16.3.5 - - [06/Mar/2026:13:07:55 +0100] "POST /rhn/manager/frontend-log HTTP/1.1" 200 16
127.0.0.1 - - [06/Mar/2026:13:07:56 +0100] "GET /rhn/websocket/notifications HTTP/1.1" 101 -
172.16.3.5 - - [06/Mar/2026:13:07:56 +0100] "POST /rhn/manager/frontend-log HTTP/1.1" 200 16
127.0.0.1 - - [06/Mar/2026:13:07:56 +0100] "GET /rhn/websocket/notifications HTTP/1.1" 101 -
::1 - - [06/Mar/2026:13:07:59 +0100] "GET /rhn/manager/login HTTP/1.1" 302 -
172.16.3.5 - - [06/Mar/2026:13:08:12 +0100] "GET /rhn/systems/details/history/Event.do?sid=1000010010&aid=89 HTTP/1.1" 200 33331
172.16.3.5 - - [06/Mar/2026:13:08:12 +0100] "POST /rhn/manager/frontend-log HTTP/1.1" 200 16
127.0.0.1 - - [06/Mar/2026:13:08:12 +0100] "GET /rhn/websocket/notifications HTTP/1.1" 101 -
172.16.3.5 - - [06/Mar/2026:13:08:12 +0100] "POST /rhn/manager/frontend-log HTTP/1.1" 200 16
127.0.0.1 - - [06/Mar/2026:13:08:12 +0100] "GET /rhn/websocket/notifications HTTP/1.1" 101 -
172.16.3.5 - - [06/Mar/2026:13:08:23 +0100] "POST /rhn/manager/api/auth/login HTTP/1.1" 200 16
172.16.3.5 - - [06/Mar/2026:13:08:23 +0100] "GET /rhn/manager/api/user/listUsers HTTP/1.1" 200 3096
172.16.3.5 - - [06/Mar/2026:13:08:26 +0100] "GET /rhn/manager/api/auth/logout HTTP/1.1" 200 16
172.16.3.5 - - [06/Mar/2026:13:08:26 +0100] "POST /rhn/manager/api/auth/login HTTP/1.1" 200 16
172.16.3.5 - - [06/Mar/2026:13:08:26 +0100] "POST /rhn/manager/api/user/create HTTP/1.1" 200 27
172.16.3.5 - - [06/Mar/2026:13:08:28 +0100] "GET /rhn/manager/api/auth/logout HTTP/1.1" 200 16
172.16.3.5 - - [06/Mar/2026:13:08:28 +0100] "POST /rhn/manager/api/auth/login HTTP/1.1" 200 16
172.16.3.5 - - [06/Mar/2026:13:08:28 +0100] "POST /rhn/manager/api/user/addRole HTTP/1.1" 200 27
172.16.3.5 - - [06/Mar/2026:13:08:28 +0100] "GET /rhn/manager/api/auth/logout HTTP/1.1" 200 16
172.16.3.5 - - [06/Mar/2026:13:08:28 +0100] "POST /rhn/manager/api/auth/login HTTP/1.1" 200 16
172.16.3.5 - - [06/Mar/2026:13:08:29 +0100] "POST /rhn/manager/api/user/addRole HTTP/1.1" 200 27
172.16.3.5 - - [06/Mar/2026:13:08:29 +0100] "GET /rhn/manager/api/auth/logout HTTP/1.1" 200 16
172.16.3.5 - - [06/Mar/2026:13:08:29 +0100] "POST /rhn/manager/api/auth/login HTTP/1.1" 200 16
172.16.3.5 - - [06/Mar/2026:13:08:29 +0100] "POST /rhn/manager/api/user/addRole HTTP/1.1" 200 27
172.16.3.5 - - [06/Mar/2026:13:08:29 +0100] "GET /rhn/manager/api/auth/logout HTTP/1.1" 200 16
172.16.3.5 - - [06/Mar/2026:13:08:29 +0100] "POST /rhn/manager/api/auth/login HTTP/1.1" 200 16
172.16.3.5 - - [06/Mar/2026:13:08:29 +0100] "POST /rhn/manager/api/user/addRole HTTP/1.1" 200 27
172.16.3.5 - - [06/Mar/2026:13:08:30 +0100] "GET /rhn/manager/api/auth/logout HTTP/1.1" 200 16
172.16.3.5 - - [06/Mar/2026:13:08:30 +0100] "POST /rhn/manager/api/auth/login HTTP/1.1" 200 16
172.16.3.5 - - [06/Mar/2026:13:08:30 +0100] "POST /rhn/manager/api/user/addRole HTTP/1.1" 200 27
172.16.3.5 - - [06/Mar/2026:13:08:30 +0100] "GET /rhn/manager/api/auth/logout HTTP/1.1" 200 16
172.16.3.5 - - [06/Mar/2026:13:08:30 +0100] "POST /rhn/manager/api/auth/login HTTP/1.1" 200 16
172.16.3.5 - - [06/Mar/2026:13:08:30 +0100] "POST /rhn/manager/api/user/addRole HTTP/1.1" 200 27
172.16.3.5 - - [06/Mar/2026:13:08:30 +0100] "GET /rhn/manager/api/auth/logout HTTP/1.1" 200 16
172.16.3.5 - - [06/Mar/2026:13:08:31 +0100] "GET /rhn/manager/login HTTP/1.1" 302 -
172.16.3.5 - - [06/Mar/2026:13:08:31 +0100] "GET /rhn/YourRhn.do HTTP/1.1" 200 31483
172.16.3.5 - - [06/Mar/2026:13:08:31 +0100] "POST /rhn/manager/frontend-log HTTP/1.1" 200 16
172.16.3.5 - - [06/Mar/2026:13:08:31 +0100] "POST /rhn/ajax/inactive-systems HTTP/1.1" 200 540
127.0.0.1 - - [06/Mar/2026:13:08:31 +0100] "GET /rhn/websocket/notifications HTTP/1.1" 101 -
172.16.3.5 - - [06/Mar/2026:13:08:31 +0100] "POST /rhn/ajax/subscription-warning HTTP/1.1" 200 -
172.16.3.5 - - [06/Mar/2026:13:08:31 +0100] "POST /rhn/ajax/critical-systems HTTP/1.1" 200 5131
127.0.0.1 - - [06/Mar/2026:13:08:31 +0100] "GET /rhn/websocket/notifications HTTP/1.1" 101 -
172.16.3.5 - - [06/Mar/2026:13:08:31 +0100] "POST /rhn/ajax/latest-errata HTTP/1.1" 200 6771
172.16.3.5 - - [06/Mar/2026:13:08:31 +0100] "POST /rhn/ajax/tasks HTTP/1.1" 200 1662
172.16.3.5 - - [06/Mar/2026:13:08:31 +0100] "GET /rhn/Logout.do HTTP/1.1" 302 -
172.16.3.5 - - [06/Mar/2026:13:08:32 +0100] "POST /rhn/manager/frontend-log HTTP/1.1" 302 -
172.16.3.5 - - [06/Mar/2026:13:08:32 +0100] "GET /rhn/ HTTP/1.1" 302 -
172.16.3.5 - - [06/Mar/2026:13:08:31 +0100] "POST /rhn/ajax/pending-actions HTTP/1.1" 200 4745
172.16.3.5 - - [06/Mar/2026:13:08:32 +0100] "POST /rhn/ajax/systems-groups HTTP/1.1" 200 1490
172.16.3.5 - - [06/Mar/2026:13:08:32 +0100] "POST /rhn/manager/frontend-log HTTP/1.1" 401 687
172.16.3.5 - - [06/Mar/2026:13:08:32 +0100] "GET /rhn/manager/login HTTP/1.1" 200 2219
172.16.3.5 - - [06/Mar/2026:13:08:32 +0100] "POST /rhn/manager/frontend-log HTTP/1.1" 302 -
172.16.3.5 - - [06/Mar/2026:13:08:32 +0100] "GET /rhn/manager/login?url_bounce=%2Frhn%2Fmanager%2Ffrontend-log&request_method=POST HTTP/1.1" 200 2221
172.16.3.5 - - [06/Mar/2026:13:08:32 +0100] "POST /rhn/manager/frontend-log HTTP/1.1" 302 -
172.16.3.5 - - [06/Mar/2026:13:08:32 +0100] "GET /rhn/manager/login?url_bounce=%2Frhn%2Fmanager%2Ffrontend-log&request_method=POST HTTP/1.1" 200 2225
172.16.3.5 - - [06/Mar/2026:13:08:32 +0100] "POST /rhn/ajax/recent-systems HTTP/1.1" 200 8507
172.16.3.5 - - [06/Mar/2026:13:08:32 +0100] "POST /rhn/manager/api/login HTTP/1.1" 200 16
172.16.3.5 - - [06/Mar/2026:13:08:32 +0100] "GET /rhn/YourRhn.do HTTP/1.1" 200 31465
172.16.3.5 - - [06/Mar/2026:13:08:33 +0100] "POST /rhn/manager/frontend-log HTTP/1.1" 401 687
172.16.3.5 - - [06/Mar/2026:13:08:33 +0100] "POST /rhn/ajax/tasks HTTP/1.1" 200 1662
127.0.0.1 - - [06/Mar/2026:13:08:33 +0100] "GET /rhn/websocket/notifications HTTP/1.1" 101 -
172.16.3.5 - - [06/Mar/2026:13:08:33 +0100] "POST /rhn/ajax/latest-errata HTTP/1.1" 200 6771
172.16.3.5 - - [06/Mar/2026:13:08:33 +0100] "POST /rhn/ajax/inactive-systems HTTP/1.1" 200 540
172.16.3.5 - - [06/Mar/2026:13:08:33 +0100] "POST /rhn/manager/api/auth/login HTTP/1.1" 200 16
172.16.3.5 - - [06/Mar/2026:13:08:33 +0100] "POST /rhn/ajax/subscription-warning HTTP/1.1" 200 -
172.16.3.5 - - [06/Mar/2026:13:08:33 +0100] "POST /rhn/ajax/critical-systems HTTP/1.1" 200 5131
127.0.0.1 - - [06/Mar/2026:13:08:33 +0100] "GET /rhn/websocket/notifications HTTP/1.1" 101 -
172.16.3.5 - - [06/Mar/2026:13:08:33 +0100] "POST /rhn/manager/frontend-log HTTP/1.1" 401 687
172.16.3.5 - - [06/Mar/2026:13:08:33 +0100] "POST /rhn/ajax/systems-groups HTTP/1.1" 200 1491
172.16.3.5 - - [06/Mar/2026:13:08:33 +0100] "POST /rhn/manager/api/system/searchByName HTTP/1.1" 200 163
172.16.3.5 - - [06/Mar/2026:13:08:33 +0100] "POST /rhn/ajax/pending-actions HTTP/1.1" 200 4745
172.16.3.5 - - [06/Mar/2026:13:08:33 +0100] "GET /rhn/manager/api/auth/logout HTTP/1.1" 200 16
172.16.3.5 - - [06/Mar/2026:13:08:33 +0100] "POST /rhn/ajax/recent-systems HTTP/1.1" 200 8507
172.16.3.5 - - [06/Mar/2026:13:08:34 +0100] "GET /rhn/systems/details/Overview.do?sid=1000010004 HTTP/1.1" 200 39749
172.16.3.5 - - [06/Mar/2026:13:08:34 +0100] "POST /rhn/manager/frontend-log HTTP/1.1" 200 16
127.0.0.1 - - [06/Mar/2026:13:08:34 +0100] "GET /rhn/websocket/notifications HTTP/1.1" 101 -
172.16.3.5 - - [06/Mar/2026:13:08:34 +0100] "POST /rhn/manager/frontend-log HTTP/1.1" 200 16
172.16.3.5 - - [06/Mar/2026:13:08:34 +0100] "GET /rhn/systems/details/DeleteConfirm.do?sid=1000010004 HTTP/1.1" 200 33078
127.0.0.1 - - [06/Mar/2026:13:08:35 +0100] "GET /rhn/websocket/notifications HTTP/1.1" 101 -
172.16.3.5 - - [06/Mar/2026:13:08:35 +0100] "POST /rhn/manager/frontend-log HTTP/1.1" 200 16
::1 - - [06/Mar/2026:13:09:02 +0100] "GET /rhn/manager/login HTTP/1.1" 302 -
::1 - - [06/Mar/2026:13:10:05 +0100] "GET /rhn/manager/login HTTP/1.1" 302 -
::1 - - [06/Mar/2026:13:11:08 +0100] "GET /rhn/manager/login HTTP/1.1" 302 -
::1 - - [06/Mar/2026:13:12:11 +0100] "GET /rhn/manager/login HTTP/1.1" 302 -
::1 - - [06/Mar/2026:13:12:36 +0100] "POST /rhn/rpc/api HTTP/1.1" 200 128
172.16.3.5 - - [06/Mar/2026:13:08:35 +0100] "POST /rhn/manager/api/systems/1000010004/delete HTTP/1.1" 200 16
172.16.3.5 - - [06/Mar/2026:13:12:38 +0100] "GET /rhn/manager/systems/list/all HTTP/1.1" 200 29720
172.16.3.5 - - [06/Mar/2026:13:12:39 +0100] "POST /rhn/manager/frontend-log HTTP/1.1" 200 16
127.0.0.1 - - [06/Mar/2026:13:12:39 +0100] "GET /rhn/websocket/notifications HTTP/1.1" 101 -
172.16.3.5 - - [06/Mar/2026:13:12:39 +0100] "POST /rhn/manager/frontend-log HTTP/1.1" 200 16
127.0.0.1 - - [06/Mar/2026:13:12:39 +0100] "GET /rhn/websocket/notifications HTTP/1.1" 101 -
172.16.3.5 - - [06/Mar/2026:13:12:39 +0100] "GET /rhn/manager/api/systems/list/all?p=1&ps=25&s=1&sc=server_name HTTP/1.1" 200 4066
172.16.3.5 - - [06/Mar/2026:13:12:39 +0100] "POST /rhn/manager/api/sets/system_list HTTP/1.1" 200 1
172.16.3.5 - - [06/Mar/2026:13:12:40 +0100] "POST /rhn/manager/api/auth/login HTTP/1.1" 200 16
172.16.3.5 - - [06/Mar/2026:13:12:40 +0100] "GET /rhn/manager/api/system/listSystems HTTP/1.1" 200 697
172.16.3.5 - - [06/Mar/2026:13:12:40 +0100] "GET /rhn/manager/api/auth/logout HTTP/1.1" 200 16
172.16.3.5 - - [06/Mar/2026:13:12:41 +0100] "GET /rhn/manager/systems/bootstrap HTTP/1.1" 200 30395
127.0.0.1 - - [06/Mar/2026:13:12:42 +0100] "GET /rhn/websocket/notifications HTTP/1.1" 101 -
172.16.3.5 - - [06/Mar/2026:13:12:42 +0100] "POST /rhn/manager/frontend-log HTTP/1.1" 200 16
172.16.3.5 - - [06/Mar/2026:13:12:52 +0100] "POST /rhn/manager/api/systems/bootstrap HTTP/1.1" 200 775
::1 - - [06/Mar/2026:13:13:14 +0100] "GET /rhn/manager/login HTTP/1.1" 302 -
172.16.3.5 - - [06/Mar/2026:13:13:31 +0100] "GET /rhn/manager/login HTTP/1.1" 200 2221
172.16.3.5 - - [06/Mar/2026:13:13:31 +0100] "POST /rhn/manager/frontend-log HTTP/1.1" 302 -
172.16.3.5 - - [06/Mar/2026:13:13:31 +0100] "GET /rhn/manager/login?url_bounce=%2Frhn%2Fmanager%2Ffrontend-log&request_method=POST HTTP/1.1" 200 2225
172.16.3.5 - - [06/Mar/2026:13:13:42 +0100] "POST /rhn/manager/api/login HTTP/1.1" 200 16
172.16.3.5 - - [06/Mar/2026:13:13:42 +0100] "GET /rhn/YourRhn.do HTTP/1.1" 200 31465
172.16.3.5 - - [06/Mar/2026:13:13:42 +0100] "POST /rhn/manager/frontend-log HTTP/1.1" 401 687
172.16.3.5 - - [06/Mar/2026:13:13:42 +0100] "POST /rhn/ajax/subscription-warning HTTP/1.1" 200 -
127.0.0.1 - - [06/Mar/2026:13:13:42 +0100] "GET /rhn/websocket/notifications HTTP/1.1" 101 -
172.16.3.5 - - [06/Mar/2026:13:13:42 +0100] "POST /rhn/ajax/tasks HTTP/1.1" 200 1662
172.16.3.5 - - [06/Mar/2026:13:13:42 +0100] "POST /rhn/ajax/critical-systems HTTP/1.1" 200 4376
127.0.0.1 - - [06/Mar/2026:13:13:42 +0100] "GET /rhn/websocket/notifications HTTP/1.1" 101 -
172.16.3.5 - - [06/Mar/2026:13:13:42 +0100] "POST /rhn/ajax/latest-errata HTTP/1.1" 200 6771
172.16.3.5 - - [06/Mar/2026:13:13:43 +0100] "POST /rhn/ajax/systems-groups HTTP/1.1" 200 1491
172.16.3.5 - - [06/Mar/2026:13:13:42 +0100] "POST /rhn/ajax/inactive-systems HTTP/1.1" 200 540
172.16.3.5 - - [06/Mar/2026:13:13:43 +0100] "POST /rhn/manager/frontend-log HTTP/1.1" 401 687
172.16.3.5 - - [06/Mar/2026:13:13:43 +0100] "POST /rhn/ajax/recent-systems HTTP/1.1" 200 8409
172.16.3.5 - - [06/Mar/2026:13:13:42 +0100] "GET /rhn/manager/systems/bootstrap HTTP/1.1" 200 30395
172.16.3.5 - - [06/Mar/2026:13:13:43 +0100] "POST /rhn/manager/frontend-log HTTP/1.1" 401 687
172.16.3.5 - - [06/Mar/2026:13:13:43 +0100] "POST /rhn/manager/frontend-log HTTP/1.1" 200 16
127.0.0.1 - - [06/Mar/2026:13:13:43 +0100] "GET /rhn/websocket/notifications HTTP/1.1" 101 -
172.16.3.5 - - [06/Mar/2026:13:13:43 +0100] "POST /rhn/manager/frontend-log HTTP/1.1" 200 16
172.16.3.5 - - [06/Mar/2026:13:13:42 +0100] "POST /rhn/ajax/pending-actions HTTP/1.1" 200 4745
127.0.0.1 - - [06/Mar/2026:13:13:44 +0100] "GET /rhn/websocket/notifications HTTP/1.1" 101 -
172.16.3.5 - - [06/Mar/2026:13:13:45 +0100] "GET /rhn/manager/systems/bootstrap HTTP/1.1" 200 30395
127.0.0.1 - - [06/Mar/2026:13:13:46 +0100] "GET /rhn/websocket/notifications HTTP/1.1" 101 -
172.16.3.5 - - [06/Mar/2026:13:13:46 +0100] "POST /rhn/manager/frontend-log HTTP/1.1" 200 16
::1 - - [06/Mar/2026:13:14:17 +0100] "GET /rhn/manager/login HTTP/1.1" 302 -
172.16.3.7 - - [06/Mar/2026:13:14:26 +0100] "GET /rhn/errors/404.jsp HTTP/1.1" 404 4500
172.16.3.7 - - [06/Mar/2026:13:14:26 +0100] "GET /rhn/errors/404.jsp HTTP/1.1" 404 4500
172.16.3.5 - - [06/Mar/2026:13:13:56 +0100] "POST /rhn/manager/api/systems/bootstrap HTTP/1.1" 200 28
172.16.3.5 - - [06/Mar/2026:13:14:30 +0100] "GET /rhn/manager/systems/keys HTTP/1.1" 200 29452
127.0.0.1 - - [06/Mar/2026:13:14:31 +0100] "GET /rhn/websocket/notifications HTTP/1.1" 101 -
172.16.3.5 - - [06/Mar/2026:13:14:31 +0100] "POST /rhn/manager/frontend-log HTTP/1.1" 200 16
172.16.3.5 - - [06/Mar/2026:13:14:31 +0100] "GET /rhn/manager/api/systems/keys HTTP/1.1" 200 966
172.16.3.5 - - [06/Mar/2026:13:14:31 +0100] "GET /rhn/manager/systems/list/all HTTP/1.1" 200 29600
127.0.0.1 - - [06/Mar/2026:13:14:31 +0100] "GET /rhn/websocket/notifications HTTP/1.1" 101 -
172.16.3.5 - - [06/Mar/2026:13:14:32 +0100] "POST /rhn/manager/frontend-log HTTP/1.1" 200 16
172.16.3.5 - - [06/Mar/2026:13:14:32 +0100] "GET /rhn/manager/api/systems/list/all?p=1&ps=25&s=1&sc=server_name HTTP/1.1" 200 4066
172.16.3.5 - - [06/Mar/2026:13:14:32 +0100] "POST /rhn/manager/api/sets/system_list HTTP/1.1" 200 1
172.16.3.5 - - [06/Mar/2026:13:14:38 +0100] "GET /rhn/manager/systems/list/all HTTP/1.1" 200 29600
172.16.3.5 - - [06/Mar/2026:13:14:39 +0100] "POST /rhn/manager/frontend-log HTTP/1.1" 200 16
127.0.0.1 - - [06/Mar/2026:13:14:39 +0100] "GET /rhn/websocket/notifications HTTP/1.1" 101 -
172.16.3.5 - - [06/Mar/2026:13:14:39 +0100] "POST /rhn/manager/frontend-log HTTP/1.1" 200 16
127.0.0.1 - - [06/Mar/2026:13:14:39 +0100] "GET /rhn/websocket/notifications HTTP/1.1" 101 -
172.16.3.5 - - [06/Mar/2026:13:14:39 +0100] "GET /rhn/manager/api/systems/list/all?p=1&ps=25&s=1&sc=server_name HTTP/1.1" 200 4066
172.16.3.5 - - [06/Mar/2026:13:14:39 +0100] "POST /rhn/manager/api/sets/system_list HTTP/1.1" 200 1
172.16.3.5 - - [06/Mar/2026:13:14:52 +0100] "GET /rhn/manager/systems/list/all HTTP/1.1" 200 29600
172.16.3.5 - - [06/Mar/2026:13:14:52 +0100] "POST /rhn/manager/frontend-log HTTP/1.1" 200 16
127.0.0.1 - - [06/Mar/2026:13:14:52 +0100] "GET /rhn/websocket/notifications HTTP/1.1" 101 -
172.16.3.5 - - [06/Mar/2026:13:14:52 +0100] "POST /rhn/manager/frontend-log HTTP/1.1" 200 16
127.0.0.1 - - [06/Mar/2026:13:14:52 +0100] "GET /rhn/websocket/notifications HTTP/1.1" 101 -
172.16.3.5 - - [06/Mar/2026:13:14:52 +0100] "GET /rhn/manager/api/systems/list/all?p=1&ps=25&s=1&sc=server_name HTTP/1.1" 200 4066
172.16.3.5 - - [06/Mar/2026:13:14:53 +0100] "POST /rhn/manager/api/sets/system_list HTTP/1.1" 200 1
172.16.3.5 - - [06/Mar/2026:13:15:05 +0100] "GET /rhn/manager/systems/list/all HTTP/1.1" 200 29600
172.16.3.5 - - [06/Mar/2026:13:15:06 +0100] "POST /rhn/manager/frontend-log HTTP/1.1" 200 16
127.0.0.1 - - [06/Mar/2026:13:15:06 +0100] "GET /rhn/websocket/notifications HTTP/1.1" 101 -
172.16.3.5 - - [06/Mar/2026:13:15:06 +0100] "POST /rhn/manager/frontend-log HTTP/1.1" 200 16
127.0.0.1 - - [06/Mar/2026:13:15:06 +0100] "GET /rhn/websocket/notifications HTTP/1.1" 101 -
172.16.3.5 - - [06/Mar/2026:13:15:06 +0100] "GET /rhn/manager/api/systems/list/all?p=1&ps=25&s=1&sc=server_name HTTP/1.1" 200 4830
172.16.3.5 - - [06/Mar/2026:13:15:06 +0100] "POST /rhn/manager/api/sets/system_list HTTP/1.1" 200 1
172.16.3.5 - - [06/Mar/2026:13:15:16 +0100] "GET /rhn/manager/systems/list/all HTTP/1.1" 200 29600
127.0.0.1 - - [06/Mar/2026:13:15:16 +0100] "GET /rhn/websocket/notifications HTTP/1.1" 101 -
172.16.3.5 - - [06/Mar/2026:13:15:16 +0100] "POST /rhn/manager/frontend-log HTTP/1.1" 200 16
172.16.3.5 - - [06/Mar/2026:13:15:16 +0100] "GET /rhn/manager/api/systems/list/all?p=1&ps=25&s=1&sc=server_name HTTP/1.1" 200 4830
172.16.3.5 - - [06/Mar/2026:13:15:17 +0100] "POST /rhn/manager/api/sets/system_list HTTP/1.1" 200 1
172.16.3.5 - - [06/Mar/2026:13:15:17 +0100] "GET /rhn/systems/details/Overview.do?sid=1000010011 HTTP/1.1" 200 37797
127.0.0.1 - - [06/Mar/2026:13:15:18 +0100] "GET /rhn/websocket/notifications HTTP/1.1" 101 -
172.16.3.5 - - [06/Mar/2026:13:15:18 +0100] "POST /rhn/manager/frontend-log HTTP/1.1" 200 16
172.16.3.5 - - [06/Mar/2026:13:15:18 +0100] "GET /rhn/systems/details/history/Pending.do?sid=1000010011& HTTP/1.1" 200 35780
127.0.0.1 - - [06/Mar/2026:13:15:18 +0100] "GET /rhn/websocket/notifications HTTP/1.1" 101 -
172.16.3.5 - - [06/Mar/2026:13:15:18 +0100] "POST /rhn/manager/frontend-log HTTP/1.1" 200 16
172.16.3.5 - - [06/Mar/2026:13:15:18 +0100] "GET /rhn/systems/details/history/Pending.do?sid=1000010011& HTTP/1.1" 200 35780
127.0.0.1 - - [06/Mar/2026:13:15:19 +0100] "GET /rhn/websocket/notifications HTTP/1.1" 101 -
172.16.3.5 - - [06/Mar/2026:13:15:19 +0100] "POST /rhn/manager/frontend-log HTTP/1.1" 200 16
172.16.3.5 - - [06/Mar/2026:13:15:19 +0100] "GET /rhn/systems/details/history/History.do?sid=1000010011& HTTP/1.1" 200 38126
127.0.0.1 - - [06/Mar/2026:13:15:19 +0100] "GET /rhn/websocket/notifications HTTP/1.1" 101 -
172.16.3.5 - - [06/Mar/2026:13:15:19 +0100] "POST /rhn/manager/frontend-log HTTP/1.1" 200 16
172.16.3.5 - - [06/Mar/2026:13:15:19 +0100] "GET /rhn/systems/details/history/Event.do?sid=1000010011&aid=93 HTTP/1.1" 200 41093
::1 - - [06/Mar/2026:13:15:20 +0100] "GET /rhn/manager/login HTTP/1.1" 302 -
127.0.0.1 - - [06/Mar/2026:13:15:20 +0100] "GET /rhn/websocket/notifications HTTP/1.1" 101 -
172.16.3.5 - - [06/Mar/2026:13:15:20 +0100] "POST /rhn/manager/frontend-log HTTP/1.1" 200 16
172.16.3.5 - - [06/Mar/2026:13:15:20 +0100] "GET /rhn/systems/details/history/Pending.do?sid=1000010011& HTTP/1.1" 200 35780
127.0.0.1 - - [06/Mar/2026:13:15:20 +0100] "GET /rhn/websocket/notifications HTTP/1.1" 101 -
172.16.3.5 - - [06/Mar/2026:13:15:20 +0100] "POST /rhn/manager/frontend-log HTTP/1.1" 200 16
