::1 - - [06/Mar/2026:10:48:40 +0100] "POST /rhn/rpc/api HTTP/1.1" 200 138
::1 - - [06/Mar/2026:10:48:40 +0100] "POST /rhn/rpc/api HTTP/1.1" 200 138
::1 - - [06/Mar/2026:10:48:40 +0100] "POST /rhn/rpc/api HTTP/1.1" 200 138
::1 - - [06/Mar/2026:10:48:41 +0100] "POST /rhn/rpc/api HTTP/1.1" 200 138
::1 - - [06/Mar/2026:10:48:41 +0100] "POST /rhn/rpc/api HTTP/1.1" 200 138
::1 - - [06/Mar/2026:10:48:41 +0100] "POST /rhn/rpc/api HTTP/1.1" 200 138
::1 - - [06/Mar/2026:10:48:41 +0100] "POST /rhn/rpc/api HTTP/1.1" 200 138
::1 - - [06/Mar/2026:10:48:41 +0100] "POST /rhn/rpc/api HTTP/1.1" 200 138
::1 - - [06/Mar/2026:10:48:41 +0100] "POST /rhn/rpc/api HTTP/1.1" 200 138
::1 - - [06/Mar/2026:10:48:41 +0100] "POST /rhn/rpc/api HTTP/1.1" 200 138
::1 - - [06/Mar/2026:10:48:41 +0100] "POST /rhn/rpc/api HTTP/1.1" 200 138
::1 - - [06/Mar/2026:10:48:41 +0100] "POST /rhn/rpc/api HTTP/1.1" 200 138
::1 - - [06/Mar/2026:10:48:41 +0100] "POST /rhn/rpc/api HTTP/1.1" 200 138
::1 - - [06/Mar/2026:10:48:42 +0100] "POST /rhn/rpc/api HTTP/1.1" 200 138
::1 - - [06/Mar/2026:10:48:42 +0100] "POST /rhn/rpc/api HTTP/1.1" 200 138
::1 - - [06/Mar/2026:10:48:42 +0100] "POST /rhn/rpc/api HTTP/1.1" 200 138
::1 - - [06/Mar/2026:10:48:42 +0100] "POST /rhn/rpc/api HTTP/1.1" 200 138
::1 - - [06/Mar/2026:10:48:42 +0100] "POST /rhn/rpc/api HTTP/1.1" 200 138
::1 - - [06/Mar/2026:10:48:42 +0100] "POST /rhn/rpc/api HTTP/1.1" 200 138
::1 - - [06/Mar/2026:10:48:42 +0100] "POST /rhn/rpc/api HTTP/1.1" 200 138
::1 - - [06/Mar/2026:10:48:42 +0100] "POST /rhn/rpc/api HTTP/1.1" 200 138
::1 - - [06/Mar/2026:10:48:42 +0100] "POST /rhn/rpc/api HTTP/1.1" 200 138
::1 - - [06/Mar/2026:10:48:43 +0100] "POST /rhn/rpc/api HTTP/1.1" 200 138
::1 - - [06/Mar/2026:10:48:43 +0100] "POST /rhn/rpc/api HTTP/1.1" 200 138
::1 - - [06/Mar/2026:10:48:43 +0100] "POST /rhn/rpc/api HTTP/1.1" 200 138
::1 - - [06/Mar/2026:10:48:43 +0100] "POST /rhn/rpc/api HTTP/1.1" 200 138
::1 - - [06/Mar/2026:10:48:43 +0100] "POST /rhn/rpc/api HTTP/1.1" 200 138
::1 - - [06/Mar/2026:10:48:43 +0100] "POST /rhn/rpc/api HTTP/1.1" 200 138
::1 - - [06/Mar/2026:10:48:43 +0100] "POST /rhn/rpc/api HTTP/1.1" 200 138
::1 - - [06/Mar/2026:10:48:43 +0100] "POST /rhn/rpc/api HTTP/1.1" 200 1313
::1 - - [06/Mar/2026:10:48:43 +0100] "POST /rhn/rpc/api HTTP/1.1" 200 138
::1 - - [06/Mar/2026:10:48:43 +0100] "POST /rhn/rpc/api HTTP/1.1" 200 2725
::1 - - [06/Mar/2026:10:48:44 +0100] "POST /rhn/rpc/api HTTP/1.1" 200 422
::1 - - [06/Mar/2026:10:48:44 +0100] "POST /rhn/rpc/api HTTP/1.1" 200 1313
::1 - - [06/Mar/2026:10:48:44 +0100] "POST /rhn/rpc/api HTTP/1.1" 200 128
::1 - - [06/Mar/2026:10:48:45 +0100] "POST /rhn/rpc/api HTTP/1.1" 200 202
::1 - - [06/Mar/2026:10:48:45 +0100] "POST /rhn/rpc/api HTTP/1.1" 200 1159
::1 - - [06/Mar/2026:10:48:45 +0100] "POST /rhn/rpc/api HTTP/1.1" 200 138
::1 - - [06/Mar/2026:10:48:45 +0100] "POST /rhn/rpc/api HTTP/1.1" 200 138
::1 - - [06/Mar/2026:10:48:45 +0100] "POST /rhn/rpc/api HTTP/1.1" 200 138
::1 - - [06/Mar/2026:10:48:45 +0100] "POST /rhn/rpc/api HTTP/1.1" 200 138
::1 - - [06/Mar/2026:10:48:45 +0100] "POST /rhn/rpc/api HTTP/1.1" 200 138
::1 - - [06/Mar/2026:10:48:45 +0100] "POST /rhn/rpc/api HTTP/1.1" 200 138
::1 - - [06/Mar/2026:10:48:46 +0100] "POST /rhn/rpc/api HTTP/1.1" 200 138
::1 - - [06/Mar/2026:10:48:46 +0100] "POST /rhn/rpc/api HTTP/1.1" 200 138
::1 - - [06/Mar/2026:10:48:46 +0100] "POST /rhn/rpc/api HTTP/1.1" 200 138
::1 - - [06/Mar/2026:10:48:46 +0100] "POST /rhn/rpc/api HTTP/1.1" 200 138
::1 - - [06/Mar/2026:10:48:46 +0100] "POST /rhn/rpc/api HTTP/1.1" 200 138
::1 - - [06/Mar/2026:10:48:46 +0100] "POST /rhn/rpc/api HTTP/1.1" 200 138
::1 - - [06/Mar/2026:10:48:46 +0100] "POST /rhn/rpc/api HTTP/1.1" 200 138
::1 - - [06/Mar/2026:10:48:46 +0100] "POST /rhn/rpc/api HTTP/1.1" 200 138
::1 - - [06/Mar/2026:10:48:46 +0100] "POST /rhn/rpc/api HTTP/1.1" 200 138
::1 - - [06/Mar/2026:10:48:46 +0100] "POST /rhn/rpc/api HTTP/1.1" 200 138
::1 - - [06/Mar/2026:10:48:47 +0100] "POST /rhn/rpc/api HTTP/1.1" 200 138
::1 - - [06/Mar/2026:10:48:47 +0100] "POST /rhn/rpc/api HTTP/1.1" 200 138
::1 - - [06/Mar/2026:10:48:47 +0100] "POST /rhn/rpc/api HTTP/1.1" 200 138
::1 - - [06/Mar/2026:10:48:47 +0100] "POST /rhn/rpc/api HTTP/1.1" 200 138
::1 - - [06/Mar/2026:10:48:47 +0100] "POST /rhn/rpc/api HTTP/1.1" 200 138
::1 - - [06/Mar/2026:10:48:47 +0100] "POST /rhn/rpc/api HTTP/1.1" 200 138
::1 - - [06/Mar/2026:10:48:47 +0100] "POST /rhn/rpc/api HTTP/1.1" 200 138
::1 - - [06/Mar/2026:10:48:47 +0100] "POST /rhn/rpc/api HTTP/1.1" 200 138
::1 - - [06/Mar/2026:10:48:47 +0100] "POST /rhn/rpc/api HTTP/1.1" 200 138
::1 - - [06/Mar/2026:10:48:47 +0100] "POST /rhn/rpc/api HTTP/1.1" 200 138
::1 - - [06/Mar/2026:10:48:48 +0100] "POST /rhn/rpc/api HTTP/1.1" 200 138
::1 - - [06/Mar/2026:10:48:48 +0100] "POST /rhn/rpc/api HTTP/1.1" 200 138
::1 - - [06/Mar/2026:10:48:48 +0100] "POST /rhn/rpc/api HTTP/1.1" 200 138
::1 - - [06/Mar/2026:10:48:48 +0100] "POST /rhn/rpc/api HTTP/1.1" 200 138
::1 - - [06/Mar/2026:10:48:48 +0100] "POST /rhn/rpc/api HTTP/1.1" 200 138
::1 - - [06/Mar/2026:10:48:48 +0100] "POST /rhn/rpc/api HTTP/1.1" 200 138
::1 - - [06/Mar/2026:10:48:48 +0100] "POST /rhn/rpc/api HTTP/1.1" 200 138
::1 - - [06/Mar/2026:10:48:48 +0100] "POST /rhn/rpc/api HTTP/1.1" 200 138
::1 - - [06/Mar/2026:10:48:48 +0100] "POST /rhn/rpc/api HTTP/1.1" 200 138
::1 - - [06/Mar/2026:10:48:48 +0100] "POST /rhn/rpc/api HTTP/1.1" 200 138
::1 - - [06/Mar/2026:10:48:49 +0100] "POST /rhn/rpc/api HTTP/1.1" 200 138
::1 - - [06/Mar/2026:10:48:49 +0100] "POST /rhn/rpc/api HTTP/1.1" 200 138
::1 - - [06/Mar/2026:10:48:49 +0100] "POST /rhn/rpc/api HTTP/1.1" 200 138
::1 - - [06/Mar/2026:10:48:49 +0100] "POST /rhn/rpc/api HTTP/1.1" 200 138
::1 - - [06/Mar/2026:10:48:49 +0100] "POST /rhn/rpc/api HTTP/1.1" 200 138
::1 - - [06/Mar/2026:10:48:49 +0100] "POST /rhn/rpc/api HTTP/1.1" 200 138
::1 - - [06/Mar/2026:10:48:49 +0100] "POST /rhn/rpc/api HTTP/1.1" 200 138
::1 - - [06/Mar/2026:10:48:49 +0100] "POST /rhn/rpc/api HTTP/1.1" 200 138
::1 - - [06/Mar/2026:10:48:49 +0100] "POST /rhn/rpc/api HTTP/1.1" 200 138
::1 - - [06/Mar/2026:10:48:49 +0100] "POST /rhn/rpc/api HTTP/1.1" 200 138
::1 - - [06/Mar/2026:10:48:50 +0100] "POST /rhn/rpc/api HTTP/1.1" 200 1313
::1 - - [06/Mar/2026:10:48:50 +0100] "POST /rhn/rpc/api HTTP/1.1" 200 138
::1 - - [06/Mar/2026:10:48:50 +0100] "POST /rhn/rpc/api HTTP/1.1" 200 2725
::1 - - [06/Mar/2026:10:48:50 +0100] "POST /rhn/rpc/api HTTP/1.1" 200 128
::1 - - [06/Mar/2026:10:48:50 +0100] "POST /rhn/rpc/api HTTP/1.1" 200 774
::1 - - [06/Mar/2026:10:48:50 +0100] "POST /rhn/rpc/api HTTP/1.1" 200 2817
::1 - - [06/Mar/2026:10:48:50 +0100] "POST /rhn/rpc/api HTTP/1.1" 200 128
::1 - - [06/Mar/2026:10:48:50 +0100] "POST /rhn/rpc/api HTTP/1.1" 200 1736
::1 - - [06/Mar/2026:10:48:51 +0100] "POST /rhn/rpc/api HTTP/1.1" 200 128
172.16.3.5 - - [06/Mar/2026:10:49:05 +0100] "GET /rhn/manager/login HTTP/1.1" 302 -
172.16.3.5 - - [06/Mar/2026:10:49:05 +0100] "GET /rhn/YourRhn.do HTTP/1.1" 200 36325
172.16.3.5 - - [06/Mar/2026:10:49:06 +0100] "POST /rhn/manager/frontend-log HTTP/1.1" 200 16
172.16.3.5 - - [06/Mar/2026:10:49:06 +0100] "POST /rhn/ajax/subscription-warning HTTP/1.1" 200 -
172.16.3.5 - - [06/Mar/2026:10:49:06 +0100] "POST /rhn/ajax/inactive-systems HTTP/1.1" 200 540
127.0.0.1 - - [06/Mar/2026:10:49:06 +0100] "GET /rhn/websocket/notifications HTTP/1.1" 101 -
172.16.3.5 - - [06/Mar/2026:10:49:06 +0100] "POST /rhn/ajax/pending-actions HTTP/1.1" 200 636
172.16.3.5 - - [06/Mar/2026:10:49:06 +0100] "POST /rhn/ajax/critical-systems HTTP/1.1" 200 2025
172.16.3.5 - - [06/Mar/2026:10:49:06 +0100] "POST /rhn/ajax/latest-errata HTTP/1.1" 200 539
172.16.3.5 - - [06/Mar/2026:10:49:06 +0100] "POST /rhn/ajax/tasks HTTP/1.1" 200 2232
172.16.3.5 - - [06/Mar/2026:10:49:06 +0100] "POST /rhn/ajax/systems-groups HTTP/1.1" 200 1490
172.16.3.5 - - [06/Mar/2026:10:49:06 +0100] "POST /rhn/manager/frontend-log HTTP/1.1" 200 16
172.16.3.5 - - [06/Mar/2026:10:49:06 +0100] "POST /rhn/ajax/recent-systems HTTP/1.1" 200 2058
172.16.3.5 - - [06/Mar/2026:10:49:06 +0100] "GET /rhn/manager/admin/setup/products HTTP/1.1" 200 34529
127.0.0.1 - - [06/Mar/2026:10:49:06 +0100] "GET /rhn/websocket/notifications HTTP/1.1" 101 -
172.16.3.5 - - [06/Mar/2026:10:49:06 +0100] "GET /rhn/manager/api/admin/products/metadata HTTP/1.1" 200 124
172.16.3.5 - - [06/Mar/2026:10:49:06 +0100] "POST /rhn/manager/frontend-log HTTP/1.1" 200 16
172.16.3.5 - - [06/Mar/2026:10:49:06 +0100] "GET /rhn/manager/api/admin/products HTTP/1.1" 200 31879
172.16.3.5 - - [06/Mar/2026:10:49:08 +0100] "POST /rhn/manager/admin/setup/products HTTP/1.1" 200 2
172.16.3.5 - - [06/Mar/2026:10:49:17 +0100] "GET /rhn/manager/api/admin/products/metadata HTTP/1.1" 200 124
::1 - - [06/Mar/2026:10:49:19 +0100] "POST /rhn/rpc/api HTTP/1.1" 200 138
::1 - - [06/Mar/2026:10:49:19 +0100] "POST /rhn/rpc/api HTTP/1.1" 200 151137
::1 - - [06/Mar/2026:10:49:21 +0100] "POST /rhn/rpc/api HTTP/1.1" 200 202
::1 - - [06/Mar/2026:10:49:21 +0100] "POST /rhn/rpc/api HTTP/1.1" 200 1159
::1 - - [06/Mar/2026:10:49:21 +0100] "POST /rhn/rpc/api HTTP/1.1" 200 138
::1 - - [06/Mar/2026:10:49:22 +0100] "POST /rhn/rpc/api HTTP/1.1" 200 138
::1 - - [06/Mar/2026:10:49:22 +0100] "POST /rhn/rpc/api HTTP/1.1" 200 138
::1 - - [06/Mar/2026:10:49:22 +0100] "POST /rhn/rpc/api HTTP/1.1" 200 138
::1 - - [06/Mar/2026:10:49:22 +0100] "POST /rhn/rpc/api HTTP/1.1" 200 138
::1 - - [06/Mar/2026:10:49:22 +0100] "POST /rhn/rpc/api HTTP/1.1" 200 138
::1 - - [06/Mar/2026:10:49:22 +0100] "POST /rhn/rpc/api HTTP/1.1" 200 138
::1 - - [06/Mar/2026:10:49:22 +0100] "POST /rhn/rpc/api HTTP/1.1" 200 138
::1 - - [06/Mar/2026:10:49:23 +0100] "GET /rhn/manager/login HTTP/1.1" 302 -
::1 - - [06/Mar/2026:10:49:22 +0100] "POST /rhn/rpc/api HTTP/1.1" 200 138
::1 - - [06/Mar/2026:10:49:23 +0100] "POST /rhn/rpc/api HTTP/1.1" 200 138
::1 - - [06/Mar/2026:10:49:23 +0100] "POST /rhn/rpc/api HTTP/1.1" 200 138
::1 - - [06/Mar/2026:10:49:23 +0100] "POST /rhn/rpc/api HTTP/1.1" 200 138
::1 - - [06/Mar/2026:10:49:23 +0100] "POST /rhn/rpc/api HTTP/1.1" 200 138
::1 - - [06/Mar/2026:10:49:23 +0100] "POST /rhn/rpc/api HTTP/1.1" 200 138
::1 - - [06/Mar/2026:10:49:23 +0100] "POST /rhn/rpc/api HTTP/1.1" 200 138
::1 - - [06/Mar/2026:10:49:23 +0100] "POST /rhn/rpc/api HTTP/1.1" 200 138
::1 - - [06/Mar/2026:10:49:23 +0100] "POST /rhn/rpc/api HTTP/1.1" 200 138
::1 - - [06/Mar/2026:10:49:24 +0100] "POST /rhn/rpc/api HTTP/1.1" 200 138
::1 - - [06/Mar/2026:10:49:24 +0100] "POST /rhn/rpc/api HTTP/1.1" 200 138
::1 - - [06/Mar/2026:10:49:24 +0100] "POST /rhn/rpc/api HTTP/1.1" 200 138
::1 - - [06/Mar/2026:10:49:24 +0100] "POST /rhn/rpc/api HTTP/1.1" 200 138
::1 - - [06/Mar/2026:10:49:24 +0100] "POST /rhn/rpc/api HTTP/1.1" 200 138
::1 - - [06/Mar/2026:10:49:24 +0100] "POST /rhn/rpc/api HTTP/1.1" 200 138
::1 - - [06/Mar/2026:10:49:24 +0100] "POST /rhn/rpc/api HTTP/1.1" 200 2920
::1 - - [06/Mar/2026:10:49:24 +0100] "POST /rhn/rpc/api HTTP/1.1" 200 138
::1 - - [06/Mar/2026:10:49:25 +0100] "POST /rhn/rpc/api HTTP/1.1" 200 138
::1 - - [06/Mar/2026:10:49:25 +0100] "POST /rhn/rpc/api HTTP/1.1" 200 138
::1 - - [06/Mar/2026:10:49:25 +0100] "POST /rhn/rpc/api HTTP/1.1" 200 138
::1 - - [06/Mar/2026:10:49:25 +0100] "POST /rhn/rpc/api HTTP/1.1" 200 138
::1 - - [06/Mar/2026:10:49:25 +0100] "POST /rhn/rpc/api HTTP/1.1" 200 138
::1 - - [06/Mar/2026:10:49:25 +0100] "POST /rhn/rpc/api HTTP/1.1" 200 138
::1 - - [06/Mar/2026:10:49:25 +0100] "POST /rhn/rpc/api HTTP/1.1" 200 138
::1 - - [06/Mar/2026:10:49:25 +0100] "POST /rhn/rpc/api HTTP/1.1" 200 138
::1 - - [06/Mar/2026:10:49:26 +0100] "POST /rhn/rpc/api HTTP/1.1" 200 138
::1 - - [06/Mar/2026:10:49:26 +0100] "POST /rhn/rpc/api HTTP/1.1" 200 138
::1 - - [06/Mar/2026:10:49:26 +0100] "POST /rhn/rpc/api HTTP/1.1" 200 138
::1 - - [06/Mar/2026:10:49:26 +0100] "POST /rhn/rpc/api HTTP/1.1" 200 138
::1 - - [06/Mar/2026:10:49:26 +0100] "POST /rhn/rpc/api HTTP/1.1" 200 138
172.16.3.5 - - [06/Mar/2026:10:49:17 +0100] "GET /rhn/manager/api/admin/products HTTP/1.1" 200 31879
::1 - - [06/Mar/2026:10:49:26 +0100] "POST /rhn/rpc/api HTTP/1.1" 200 138
::1 - - [06/Mar/2026:10:49:26 +0100] "POST /rhn/rpc/api HTTP/1.1" 200 138
::1 - - [06/Mar/2026:10:49:26 +0100] "POST /rhn/rpc/api HTTP/1.1" 200 138
::1 - - [06/Mar/2026:10:49:27 +0100] "POST /rhn/rpc/api HTTP/1.1" 200 138
::1 - - [06/Mar/2026:10:49:27 +0100] "POST /rhn/rpc/api HTTP/1.1" 200 138
::1 - - [06/Mar/2026:10:49:27 +0100] "POST /rhn/rpc/api HTTP/1.1" 200 138
::1 - - [06/Mar/2026:10:49:27 +0100] "POST /rhn/rpc/api HTTP/1.1" 200 138
::1 - - [06/Mar/2026:10:49:27 +0100] "POST /rhn/rpc/api HTTP/1.1" 200 138
::1 - - [06/Mar/2026:10:49:27 +0100] "POST /rhn/rpc/api HTTP/1.1" 200 1736
::1 - - [06/Mar/2026:10:49:28 +0100] "POST /rhn/rpc/api HTTP/1.1" 200 138
::1 - - [06/Mar/2026:10:49:28 +0100] "POST /rhn/rpc/api HTTP/1.1" 200 3039
::1 - - [06/Mar/2026:10:49:28 +0100] "POST /rhn/rpc/api HTTP/1.1" 200 128
::1 - - [06/Mar/2026:10:49:28 +0100] "POST /rhn/rpc/api HTTP/1.1" 200 754
::1 - - [06/Mar/2026:10:49:28 +0100] "POST /rhn/rpc/api HTTP/1.1" 200 2786
::1 - - [06/Mar/2026:10:49:29 +0100] "POST /rhn/rpc/api HTTP/1.1" 200 128
::1 - - [06/Mar/2026:10:49:29 +0100] "POST /rhn/rpc/api HTTP/1.1" 200 2139
::1 - - [06/Mar/2026:10:49:29 +0100] "POST /rhn/rpc/api HTTP/1.1" 200 128
::1 - - [06/Mar/2026:10:50:26 +0100] "GET /rhn/manager/login HTTP/1.1" 302 -
::1 - - [06/Mar/2026:10:51:29 +0100] "GET /rhn/manager/login HTTP/1.1" 302 -
::1 - - [06/Mar/2026:10:52:34 +0100] "GET /rhn/manager/login HTTP/1.1" 302 -
::1 - - [06/Mar/2026:10:53:44 +0100] "GET /rhn/manager/login HTTP/1.1" 302 -
::1 - - [06/Mar/2026:10:54:49 +0100] "GET /rhn/manager/login HTTP/1.1" 302 -
::1 - - [06/Mar/2026:10:55:53 +0100] "GET /rhn/manager/login HTTP/1.1" 302 -
::1 - - [06/Mar/2026:10:56:57 +0100] "GET /rhn/manager/login HTTP/1.1" 302 -
::1 - - [06/Mar/2026:10:58:00 +0100] "GET /rhn/manager/login HTTP/1.1" 302 -
::1 - - [06/Mar/2026:10:59:04 +0100] "GET /rhn/manager/login HTTP/1.1" 302 -
::1 - - [06/Mar/2026:11:00:07 +0100] "GET /rhn/manager/login HTTP/1.1" 302 -
::1 - - [06/Mar/2026:11:01:10 +0100] "GET /rhn/manager/login HTTP/1.1" 302 -
::1 - - [06/Mar/2026:11:02:14 +0100] "GET /rhn/manager/login HTTP/1.1" 302 -
::1 - - [06/Mar/2026:11:03:18 +0100] "GET /rhn/manager/login HTTP/1.1" 302 -
::1 - - [06/Mar/2026:11:04:22 +0100] "GET /rhn/manager/login HTTP/1.1" 302 -
::1 - - [06/Mar/2026:11:05:26 +0100] "GET /rhn/manager/login HTTP/1.1" 302 -
::1 - - [06/Mar/2026:11:06:30 +0100] "GET /rhn/manager/login HTTP/1.1" 302 -
::1 - - [06/Mar/2026:11:07:34 +0100] "GET /rhn/manager/login HTTP/1.1" 302 -
::1 - - [06/Mar/2026:11:08:38 +0100] "GET /rhn/manager/login HTTP/1.1" 302 -
::1 - - [06/Mar/2026:11:09:41 +0100] "GET /rhn/manager/login HTTP/1.1" 302 -
::1 - - [06/Mar/2026:11:10:45 +0100] "GET /rhn/manager/login HTTP/1.1" 302 -
::1 - - [06/Mar/2026:11:11:48 +0100] "GET /rhn/manager/login HTTP/1.1" 302 -
::1 - - [06/Mar/2026:11:12:53 +0100] "GET /rhn/manager/login HTTP/1.1" 302 -
::1 - - [06/Mar/2026:11:14:00 +0100] "GET /rhn/manager/login HTTP/1.1" 302 -
::1 - - [06/Mar/2026:11:15:04 +0100] "GET /rhn/manager/login HTTP/1.1" 302 -
::1 - - [06/Mar/2026:11:16:08 +0100] "GET /rhn/manager/login HTTP/1.1" 302 -
::1 - - [06/Mar/2026:11:17:11 +0100] "GET /rhn/manager/login HTTP/1.1" 302 -
::1 - - [06/Mar/2026:11:18:15 +0100] "GET /rhn/manager/login HTTP/1.1" 302 -
::1 - - [06/Mar/2026:11:19:18 +0100] "GET /rhn/manager/login HTTP/1.1" 302 -
::1 - - [06/Mar/2026:11:20:21 +0100] "GET /rhn/manager/login HTTP/1.1" 302 -
::1 - - [06/Mar/2026:11:21:25 +0100] "GET /rhn/manager/login HTTP/1.1" 302 -
::1 - - [06/Mar/2026:11:22:29 +0100] "GET /rhn/manager/login HTTP/1.1" 302 -
::1 - - [06/Mar/2026:11:23:33 +0100] "GET /rhn/manager/login HTTP/1.1" 302 -
::1 - - [06/Mar/2026:11:24:36 +0100] "GET /rhn/manager/login HTTP/1.1" 302 -
::1 - - [06/Mar/2026:11:25:42 +0100] "GET /rhn/manager/login HTTP/1.1" 302 -
::1 - - [06/Mar/2026:11:26:48 +0100] "GET /rhn/manager/login HTTP/1.1" 302 -
::1 - - [06/Mar/2026:11:27:51 +0100] "GET /rhn/manager/login HTTP/1.1" 302 -
::1 - - [06/Mar/2026:11:28:54 +0100] "GET /rhn/manager/login HTTP/1.1" 302 -
::1 - - [06/Mar/2026:11:29:58 +0100] "GET /rhn/manager/login HTTP/1.1" 302 -
::1 - - [06/Mar/2026:11:31:09 +0100] "GET /rhn/manager/login HTTP/1.1" 302 -
::1 - - [06/Mar/2026:11:32:13 +0100] "GET /rhn/manager/login HTTP/1.1" 302 -
::1 - - [06/Mar/2026:11:33:17 +0100] "GET /rhn/manager/login HTTP/1.1" 302 -
::1 - - [06/Mar/2026:11:34:21 +0100] "GET /rhn/manager/login HTTP/1.1" 302 -
::1 - - [06/Mar/2026:11:35:25 +0100] "GET /rhn/manager/login HTTP/1.1" 302 -
::1 - - [06/Mar/2026:11:36:29 +0100] "GET /rhn/manager/login HTTP/1.1" 302 -
::1 - - [06/Mar/2026:11:37:33 +0100] "GET /rhn/manager/login HTTP/1.1" 302 -
::1 - - [06/Mar/2026:11:38:37 +0100] "GET /rhn/manager/login HTTP/1.1" 302 -
::1 - - [06/Mar/2026:11:39:42 +0100] "GET /rhn/manager/login HTTP/1.1" 302 -
::1 - - [06/Mar/2026:11:40:45 +0100] "GET /rhn/manager/login HTTP/1.1" 302 -
::1 - - [06/Mar/2026:11:41:49 +0100] "GET /rhn/manager/login HTTP/1.1" 302 -
::1 - - [06/Mar/2026:11:42:52 +0100] "GET /rhn/manager/login HTTP/1.1" 302 -
::1 - - [06/Mar/2026:11:43:56 +0100] "GET /rhn/manager/login HTTP/1.1" 302 -
::1 - - [06/Mar/2026:11:44:59 +0100] "GET /rhn/manager/login HTTP/1.1" 302 -
::1 - - [06/Mar/2026:11:46:03 +0100] "GET /rhn/manager/login HTTP/1.1" 302 -
::1 - - [06/Mar/2026:11:47:06 +0100] "GET /rhn/manager/login HTTP/1.1" 302 -
172.16.3.5 - - [06/Mar/2026:11:47:44 +0100] "GET /rhn/manager/login HTTP/1.1" 302 -
172.16.3.5 - - [06/Mar/2026:11:47:44 +0100] "GET /rhn/YourRhn.do HTTP/1.1" 200 36325
172.16.3.5 - - [06/Mar/2026:11:47:45 +0100] "POST /rhn/manager/frontend-log HTTP/1.1" 401 687
172.16.3.5 - - [06/Mar/2026:11:47:45 +0100] "POST /rhn/ajax/critical-systems HTTP/1.1" 200 2025
172.16.3.5 - - [06/Mar/2026:11:47:45 +0100] "POST /rhn/ajax/subscription-warning HTTP/1.1" 200 -
172.16.3.5 - - [06/Mar/2026:11:47:45 +0100] "POST /rhn/ajax/inactive-systems HTTP/1.1" 200 540
127.0.0.1 - - [06/Mar/2026:11:47:45 +0100] "GET /rhn/websocket/notifications HTTP/1.1" 101 -
172.16.3.5 - - [06/Mar/2026:11:47:45 +0100] "POST /rhn/ajax/pending-actions HTTP/1.1" 200 636
172.16.3.5 - - [06/Mar/2026:11:47:45 +0100] "POST /rhn/ajax/latest-errata HTTP/1.1" 200 539
172.16.3.5 - - [06/Mar/2026:11:47:45 +0100] "POST /rhn/ajax/tasks HTTP/1.1" 200 2232
172.16.3.5 - - [06/Mar/2026:11:47:45 +0100] "POST /rhn/ajax/systems-groups HTTP/1.1" 200 1490
172.16.3.5 - - [06/Mar/2026:11:47:45 +0100] "POST /rhn/ajax/recent-systems HTTP/1.1" 200 2058
172.16.3.5 - - [06/Mar/2026:11:47:45 +0100] "POST /rhn/manager/frontend-log HTTP/1.1" 200 16
127.0.0.1 - - [06/Mar/2026:11:47:45 +0100] "GET /rhn/websocket/notifications HTTP/1.1" 101 -
172.16.3.5 - - [06/Mar/2026:11:47:45 +0100] "GET /rhn/manager/admin/setup/products HTTP/1.1" 200 34529
172.16.3.5 - - [06/Mar/2026:11:47:46 +0100] "POST /rhn/manager/frontend-log HTTP/1.1" 200 16
127.0.0.1 - - [06/Mar/2026:11:47:46 +0100] "GET /rhn/websocket/notifications HTTP/1.1" 101 -
172.16.3.5 - - [06/Mar/2026:11:47:46 +0100] "GET /rhn/manager/api/admin/products/metadata HTTP/1.1" 200 124
172.16.3.5 - - [06/Mar/2026:11:47:46 +0100] "GET /rhn/manager/api/admin/products HTTP/1.1" 200 31834
::1 - - [06/Mar/2026:11:48:09 +0100] "GET /rhn/manager/login HTTP/1.1" 302 -
172.16.3.5 - - [06/Mar/2026:11:48:28 +0100] "GET /rhn/manager/login HTTP/1.1" 302 -
172.16.3.5 - - [06/Mar/2026:11:48:28 +0100] "GET /rhn/YourRhn.do HTTP/1.1" 200 36325
172.16.3.5 - - [06/Mar/2026:11:48:28 +0100] "POST /rhn/manager/frontend-log HTTP/1.1" 200 16
172.16.3.5 - - [06/Mar/2026:11:48:29 +0100] "POST /rhn/ajax/subscription-warning HTTP/1.1" 200 -
172.16.3.5 - - [06/Mar/2026:11:48:29 +0100] "POST /rhn/ajax/inactive-systems HTTP/1.1" 200 540
127.0.0.1 - - [06/Mar/2026:11:48:29 +0100] "GET /rhn/websocket/notifications HTTP/1.1" 101 -
172.16.3.5 - - [06/Mar/2026:11:48:29 +0100] "POST /rhn/ajax/critical-systems HTTP/1.1" 200 2025
172.16.3.5 - - [06/Mar/2026:11:48:29 +0100] "POST /rhn/ajax/tasks HTTP/1.1" 200 2232
172.16.3.5 - - [06/Mar/2026:11:48:29 +0100] "POST /rhn/ajax/pending-actions HTTP/1.1" 200 636
172.16.3.5 - - [06/Mar/2026:11:48:29 +0100] "POST /rhn/ajax/latest-errata HTTP/1.1" 200 539
172.16.3.5 - - [06/Mar/2026:11:48:29 +0100] "POST /rhn/ajax/systems-groups HTTP/1.1" 200 1490
172.16.3.5 - - [06/Mar/2026:11:48:29 +0100] "POST /rhn/manager/frontend-log HTTP/1.1" 200 16
172.16.3.5 - - [06/Mar/2026:11:48:29 +0100] "POST /rhn/ajax/recent-systems HTTP/1.1" 200 2058
172.16.3.5 - - [06/Mar/2026:11:48:29 +0100] "GET /rhn/channels/manage/Manage.do HTTP/1.1" 200 41020
172.16.3.5 - - [06/Mar/2026:11:48:30 +0100] "POST /rhn/manager/frontend-log HTTP/1.1" 200 16
127.0.0.1 - - [06/Mar/2026:11:48:30 +0100] "GET /rhn/websocket/notifications HTTP/1.1" 101 -
172.16.3.5 - - [06/Mar/2026:11:48:30 +0100] "GET /rhn/channels/manage/Edit.do HTTP/1.1" 200 51857
127.0.0.1 - - [06/Mar/2026:11:48:30 +0100] "GET /rhn/websocket/notifications HTTP/1.1" 101 -
172.16.3.5 - - [06/Mar/2026:11:48:30 +0100] "POST /rhn/manager/frontend-log HTTP/1.1" 200 16
172.16.3.5 - - [06/Mar/2026:11:48:31 +0100] "POST /rhn/channels/manage/Edit.do HTTP/1.1" 302 -
172.16.3.5 - - [06/Mar/2026:11:48:31 +0100] "GET /rhn/channels/manage/Edit.do?cid=121 HTTP/1.1" 200 52411
172.16.3.5 - - [06/Mar/2026:11:48:31 +0100] "POST /rhn/manager/frontend-log HTTP/1.1" 200 16
127.0.0.1 - - [06/Mar/2026:11:48:31 +0100] "GET /rhn/websocket/notifications HTTP/1.1" 101 -
172.16.3.5 - - [06/Mar/2026:11:48:31 +0100] "POST /rhn/manager/frontend-log HTTP/1.1" 200 16
127.0.0.1 - - [06/Mar/2026:11:48:31 +0100] "GET /rhn/websocket/notifications HTTP/1.1" 101 -
172.16.3.5 - - [06/Mar/2026:11:48:31 +0100] "GET /rhn/channels/manage/Manage.do HTTP/1.1" 200 41504
172.16.3.5 - - [06/Mar/2026:11:48:32 +0100] "POST /rhn/manager/frontend-log HTTP/1.1" 200 16
127.0.0.1 - - [06/Mar/2026:11:48:32 +0100] "GET /rhn/websocket/notifications HTTP/1.1" 101 -
172.16.3.5 - - [06/Mar/2026:11:48:32 +0100] "GET /rhn/channels/manage/Edit.do HTTP/1.1" 200 52080
172.16.3.5 - - [06/Mar/2026:11:48:32 +0100] "POST /rhn/manager/frontend-log HTTP/1.1" 200 16
127.0.0.1 - - [06/Mar/2026:11:48:32 +0100] "GET /rhn/websocket/notifications HTTP/1.1" 101 -
172.16.3.5 - - [06/Mar/2026:11:48:33 +0100] "POST /rhn/channels/manage/Edit.do HTTP/1.1" 302 -
172.16.3.5 - - [06/Mar/2026:11:48:33 +0100] "GET /rhn/channels/manage/Edit.do?cid=122 HTTP/1.1" 200 52451
172.16.3.5 - - [06/Mar/2026:11:48:33 +0100] "POST /rhn/manager/frontend-log HTTP/1.1" 200 16
127.0.0.1 - - [06/Mar/2026:11:48:33 +0100] "GET /rhn/websocket/notifications HTTP/1.1" 101 -
172.16.3.5 - - [06/Mar/2026:11:48:33 +0100] "POST /rhn/manager/frontend-log HTTP/1.1" 200 16
127.0.0.1 - - [06/Mar/2026:11:48:33 +0100] "GET /rhn/websocket/notifications HTTP/1.1" 101 -
172.16.3.5 - - [06/Mar/2026:11:48:33 +0100] "GET /rhn/channels/manage/Manage.do HTTP/1.1" 200 42146
127.0.0.1 - - [06/Mar/2026:11:48:33 +0100] "GET /rhn/websocket/notifications HTTP/1.1" 101 -
172.16.3.5 - - [06/Mar/2026:11:48:33 +0100] "POST /rhn/manager/frontend-log HTTP/1.1" 200 16
172.16.3.5 - - [06/Mar/2026:11:48:34 +0100] "GET /rhn/channels/manage/Edit.do HTTP/1.1" 200 52080
172.16.3.5 - - [06/Mar/2026:11:48:34 +0100] "POST /rhn/manager/frontend-log HTTP/1.1" 200 16
127.0.0.1 - - [06/Mar/2026:11:48:34 +0100] "GET /rhn/websocket/notifications HTTP/1.1" 101 -
172.16.3.5 - - [06/Mar/2026:11:48:34 +0100] "POST /rhn/channels/manage/Edit.do HTTP/1.1" 302 -
172.16.3.5 - - [06/Mar/2026:11:48:35 +0100] "GET /rhn/channels/manage/Edit.do?cid=123 HTTP/1.1" 200 52432
172.16.3.5 - - [06/Mar/2026:11:48:35 +0100] "POST /rhn/manager/frontend-log HTTP/1.1" 200 16
127.0.0.1 - - [06/Mar/2026:11:48:35 +0100] "GET /rhn/websocket/notifications HTTP/1.1" 101 -
172.16.3.5 - - [06/Mar/2026:11:48:35 +0100] "POST /rhn/manager/frontend-log HTTP/1.1" 200 16
127.0.0.1 - - [06/Mar/2026:11:48:35 +0100] "GET /rhn/websocket/notifications HTTP/1.1" 101 -
172.16.3.5 - - [06/Mar/2026:11:48:35 +0100] "GET /rhn/channels/manage/Manage.do HTTP/1.1" 200 42780
127.0.0.1 - - [06/Mar/2026:11:48:35 +0100] "GET /rhn/websocket/notifications HTTP/1.1" 101 -
172.16.3.5 - - [06/Mar/2026:11:48:35 +0100] "POST /rhn/manager/frontend-log HTTP/1.1" 200 16
172.16.3.5 - - [06/Mar/2026:11:48:35 +0100] "GET /rhn/channels/manage/Edit.do HTTP/1.1" 200 52080
127.0.0.1 - - [06/Mar/2026:11:48:36 +0100] "GET /rhn/websocket/notifications HTTP/1.1" 101 -
172.16.3.5 - - [06/Mar/2026:11:48:36 +0100] "POST /rhn/manager/frontend-log HTTP/1.1" 200 16
172.16.3.5 - - [06/Mar/2026:11:48:36 +0100] "POST /rhn/channels/manage/Edit.do HTTP/1.1" 302 -
172.16.3.5 - - [06/Mar/2026:11:48:36 +0100] "GET /rhn/channels/manage/Edit.do?cid=124 HTTP/1.1" 200 52679
172.16.3.5 - - [06/Mar/2026:11:48:37 +0100] "POST /rhn/manager/frontend-log HTTP/1.1" 200 16
127.0.0.1 - - [06/Mar/2026:11:48:37 +0100] "GET /rhn/websocket/notifications HTTP/1.1" 101 -
172.16.3.5 - - [06/Mar/2026:11:48:37 +0100] "POST /rhn/manager/frontend-log HTTP/1.1" 200 16
127.0.0.1 - - [06/Mar/2026:11:48:37 +0100] "GET /rhn/websocket/notifications HTTP/1.1" 101 -
172.16.3.5 - - [06/Mar/2026:11:48:37 +0100] "GET /rhn/channels/manage/Manage.do HTTP/1.1" 200 43262
127.0.0.1 - - [06/Mar/2026:11:48:37 +0100] "GET /rhn/websocket/notifications HTTP/1.1" 101 -
172.16.3.5 - - [06/Mar/2026:11:48:37 +0100] "POST /rhn/manager/frontend-log HTTP/1.1" 200 16
172.16.3.5 - - [06/Mar/2026:11:48:37 +0100] "GET /rhn/channels/manage/Edit.do HTTP/1.1" 200 52412
127.0.0.1 - - [06/Mar/2026:11:48:37 +0100] "GET /rhn/websocket/notifications HTTP/1.1" 101 -
172.16.3.5 - - [06/Mar/2026:11:48:37 +0100] "POST /rhn/manager/frontend-log HTTP/1.1" 200 16
172.16.3.5 - - [06/Mar/2026:11:48:38 +0100] "POST /rhn/channels/manage/Edit.do HTTP/1.1" 302 -
172.16.3.5 - - [06/Mar/2026:11:48:38 +0100] "GET /rhn/channels/manage/Edit.do?cid=125 HTTP/1.1" 200 52701
172.16.3.5 - - [06/Mar/2026:11:48:38 +0100] "POST /rhn/manager/frontend-log HTTP/1.1" 200 16
127.0.0.1 - - [06/Mar/2026:11:48:38 +0100] "GET /rhn/websocket/notifications HTTP/1.1" 101 -
172.16.3.5 - - [06/Mar/2026:11:48:38 +0100] "POST /rhn/manager/frontend-log HTTP/1.1" 200 16
127.0.0.1 - - [06/Mar/2026:11:48:39 +0100] "GET /rhn/websocket/notifications HTTP/1.1" 101 -
172.16.3.5 - - [06/Mar/2026:11:48:39 +0100] "GET /rhn/channels/manage/Manage.do HTTP/1.1" 200 43898
127.0.0.1 - - [06/Mar/2026:11:48:39 +0100] "GET /rhn/websocket/notifications HTTP/1.1" 101 -
172.16.3.5 - - [06/Mar/2026:11:48:39 +0100] "POST /rhn/manager/frontend-log HTTP/1.1" 200 16
172.16.3.5 - - [06/Mar/2026:11:48:39 +0100] "GET /rhn/channels/manage/Edit.do HTTP/1.1" 200 52412
127.0.0.1 - - [06/Mar/2026:11:48:39 +0100] "GET /rhn/websocket/notifications HTTP/1.1" 101 -
172.16.3.5 - - [06/Mar/2026:11:48:39 +0100] "POST /rhn/manager/frontend-log HTTP/1.1" 200 16
172.16.3.5 - - [06/Mar/2026:11:48:40 +0100] "POST /rhn/channels/manage/Edit.do HTTP/1.1" 302 -
172.16.3.5 - - [06/Mar/2026:11:48:40 +0100] "GET /rhn/channels/manage/Edit.do?cid=126 HTTP/1.1" 200 52860
172.16.3.5 - - [06/Mar/2026:11:48:40 +0100] "POST /rhn/manager/frontend-log HTTP/1.1" 200 16
127.0.0.1 - - [06/Mar/2026:11:48:40 +0100] "GET /rhn/websocket/notifications HTTP/1.1" 101 -
172.16.3.5 - - [06/Mar/2026:11:48:40 +0100] "POST /rhn/manager/frontend-log HTTP/1.1" 200 16
127.0.0.1 - - [06/Mar/2026:11:48:40 +0100] "GET /rhn/websocket/notifications HTTP/1.1" 101 -
172.16.3.5 - - [06/Mar/2026:11:48:40 +0100] "GET /rhn/channels/manage/Manage.do HTTP/1.1" 200 44380
127.0.0.1 - - [06/Mar/2026:11:48:41 +0100] "GET /rhn/websocket/notifications HTTP/1.1" 101 -
172.16.3.5 - - [06/Mar/2026:11:48:41 +0100] "POST /rhn/manager/frontend-log HTTP/1.1" 200 16
172.16.3.5 - - [06/Mar/2026:11:48:41 +0100] "GET /rhn/channels/manage/Edit.do HTTP/1.1" 200 52632
127.0.0.1 - - [06/Mar/2026:11:48:41 +0100] "GET /rhn/websocket/notifications HTTP/1.1" 101 -
172.16.3.5 - - [06/Mar/2026:11:48:41 +0100] "POST /rhn/manager/frontend-log HTTP/1.1" 200 16
172.16.3.5 - - [06/Mar/2026:11:48:42 +0100] "POST /rhn/channels/manage/Edit.do HTTP/1.1" 302 -
172.16.3.5 - - [06/Mar/2026:11:48:42 +0100] "GET /rhn/channels/manage/Edit.do?cid=127 HTTP/1.1" 200 52902
172.16.3.5 - - [06/Mar/2026:11:48:42 +0100] "POST /rhn/manager/frontend-log HTTP/1.1" 200 16
127.0.0.1 - - [06/Mar/2026:11:48:42 +0100] "GET /rhn/websocket/notifications HTTP/1.1" 101 -
172.16.3.5 - - [06/Mar/2026:11:48:42 +0100] "POST /rhn/manager/frontend-log HTTP/1.1" 200 16
127.0.0.1 - - [06/Mar/2026:11:48:42 +0100] "GET /rhn/websocket/notifications HTTP/1.1" 101 -
172.16.3.5 - - [06/Mar/2026:11:48:42 +0100] "GET /rhn/channels/manage/Manage.do HTTP/1.1" 200 45018
127.0.0.1 - - [06/Mar/2026:11:48:43 +0100] "GET /rhn/websocket/notifications HTTP/1.1" 101 -
172.16.3.5 - - [06/Mar/2026:11:48:43 +0100] "POST /rhn/manager/frontend-log HTTP/1.1" 200 16
172.16.3.5 - - [06/Mar/2026:11:48:43 +0100] "GET /rhn/channels/manage/Edit.do HTTP/1.1" 200 52632
172.16.3.5 - - [06/Mar/2026:11:48:43 +0100] "POST /rhn/manager/frontend-log HTTP/1.1" 200 16
127.0.0.1 - - [06/Mar/2026:11:48:43 +0100] "GET /rhn/websocket/notifications HTTP/1.1" 101 -
172.16.3.5 - - [06/Mar/2026:11:48:54 +0100] "POST /rhn/channels/manage/Edit.do HTTP/1.1" 302 -
172.16.3.5 - - [06/Mar/2026:11:48:54 +0100] "GET /rhn/channels/manage/Edit.do?cid=128 HTTP/1.1" 200 53180
172.16.3.5 - - [06/Mar/2026:11:48:54 +0100] "POST /rhn/manager/frontend-log HTTP/1.1" 200 16
127.0.0.1 - - [06/Mar/2026:11:48:54 +0100] "GET /rhn/websocket/notifications HTTP/1.1" 101 -
172.16.3.5 - - [06/Mar/2026:11:48:54 +0100] "POST /rhn/manager/frontend-log HTTP/1.1" 200 16
127.0.0.1 - - [06/Mar/2026:11:48:54 +0100] "GET /rhn/websocket/notifications HTTP/1.1" 101 -
172.16.3.5 - - [06/Mar/2026:11:48:54 +0100] "GET /rhn/channels/manage/Manage.do HTTP/1.1" 200 45505
127.0.0.1 - - [06/Mar/2026:11:48:54 +0100] "GET /rhn/websocket/notifications HTTP/1.1" 101 -
172.16.3.5 - - [06/Mar/2026:11:48:54 +0100] "POST /rhn/manager/frontend-log HTTP/1.1" 200 16
172.16.3.5 - - [06/Mar/2026:11:48:54 +0100] "GET /rhn/channels/manage/Edit.do HTTP/1.1" 200 53044
172.16.3.5 - - [06/Mar/2026:11:48:55 +0100] "POST /rhn/manager/frontend-log HTTP/1.1" 200 16
127.0.0.1 - - [06/Mar/2026:11:48:55 +0100] "GET /rhn/websocket/notifications HTTP/1.1" 101 -
172.16.3.5 - - [06/Mar/2026:11:48:55 +0100] "POST /rhn/channels/manage/Edit.do HTTP/1.1" 302 -
172.16.3.5 - - [06/Mar/2026:11:48:55 +0100] "GET /rhn/channels/manage/Edit.do?cid=129 HTTP/1.1" 200 53375
172.16.3.5 - - [06/Mar/2026:11:48:56 +0100] "POST /rhn/manager/frontend-log HTTP/1.1" 200 16
127.0.0.1 - - [06/Mar/2026:11:48:56 +0100] "GET /rhn/websocket/notifications HTTP/1.1" 101 -
172.16.3.5 - - [06/Mar/2026:11:48:56 +0100] "POST /rhn/manager/frontend-log HTTP/1.1" 200 16
127.0.0.1 - - [06/Mar/2026:11:48:56 +0100] "GET /rhn/websocket/notifications HTTP/1.1" 101 -
172.16.3.5 - - [06/Mar/2026:11:48:56 +0100] "GET /rhn/channels/manage/Manage.do HTTP/1.1" 200 45987
127.0.0.1 - - [06/Mar/2026:11:48:56 +0100] "GET /rhn/websocket/notifications HTTP/1.1" 101 -
172.16.3.5 - - [06/Mar/2026:11:48:56 +0100] "POST /rhn/manager/frontend-log HTTP/1.1" 200 16
172.16.3.5 - - [06/Mar/2026:11:48:56 +0100] "GET /rhn/channels/manage/Edit.do HTTP/1.1" 200 53265
172.16.3.5 - - [06/Mar/2026:11:48:57 +0100] "POST /rhn/manager/frontend-log HTTP/1.1" 200 16
127.0.0.1 - - [06/Mar/2026:11:48:57 +0100] "GET /rhn/websocket/notifications HTTP/1.1" 101 -
172.16.3.5 - - [06/Mar/2026:11:48:57 +0100] "POST /rhn/channels/manage/Edit.do HTTP/1.1" 302 -
172.16.3.5 - - [06/Mar/2026:11:48:57 +0100] "GET /rhn/channels/manage/Edit.do?cid=130 HTTP/1.1" 200 53559
172.16.3.5 - - [06/Mar/2026:11:48:58 +0100] "POST /rhn/manager/frontend-log HTTP/1.1" 200 16
127.0.0.1 - - [06/Mar/2026:11:48:58 +0100] "GET /rhn/websocket/notifications HTTP/1.1" 101 -
172.16.3.5 - - [06/Mar/2026:11:48:58 +0100] "POST /rhn/manager/frontend-log HTTP/1.1" 200 16
127.0.0.1 - - [06/Mar/2026:11:48:58 +0100] "GET /rhn/websocket/notifications HTTP/1.1" 101 -
172.16.3.5 - - [06/Mar/2026:11:48:58 +0100] "GET /rhn/manager/login HTTP/1.1" 302 -
172.16.3.5 - - [06/Mar/2026:11:48:58 +0100] "GET /rhn/YourRhn.do HTTP/1.1" 200 36325
172.16.3.5 - - [06/Mar/2026:11:48:58 +0100] "POST /rhn/manager/frontend-log HTTP/1.1" 200 16
127.0.0.1 - - [06/Mar/2026:11:48:58 +0100] "GET /rhn/websocket/notifications HTTP/1.1" 101 -
172.16.3.5 - - [06/Mar/2026:11:48:58 +0100] "POST /rhn/ajax/subscription-warning HTTP/1.1" 200 -
172.16.3.5 - - [06/Mar/2026:11:48:58 +0100] "POST /rhn/ajax/inactive-systems HTTP/1.1" 200 540
172.16.3.5 - - [06/Mar/2026:11:48:58 +0100] "POST /rhn/ajax/latest-errata HTTP/1.1" 200 539
172.16.3.5 - - [06/Mar/2026:11:48:58 +0100] "POST /rhn/ajax/pending-actions HTTP/1.1" 200 636
172.16.3.5 - - [06/Mar/2026:11:48:58 +0100] "POST /rhn/ajax/critical-systems HTTP/1.1" 200 2025
172.16.3.5 - - [06/Mar/2026:11:48:58 +0100] "POST /rhn/ajax/tasks HTTP/1.1" 200 2232
172.16.3.5 - - [06/Mar/2026:11:48:59 +0100] "POST /rhn/ajax/systems-groups HTTP/1.1" 200 1490
172.16.3.5 - - [06/Mar/2026:11:48:59 +0100] "POST /rhn/manager/frontend-log HTTP/1.1" 200 16
172.16.3.5 - - [06/Mar/2026:11:48:59 +0100] "POST /rhn/ajax/recent-systems HTTP/1.1" 200 2058
172.16.3.5 - - [06/Mar/2026:11:48:59 +0100] "GET /rhn/channels/manage/repos/RepoList.do HTTP/1.1" 200 39819
127.0.0.1 - - [06/Mar/2026:11:48:59 +0100] "GET /rhn/websocket/notifications HTTP/1.1" 101 -
172.16.3.5 - - [06/Mar/2026:11:48:59 +0100] "POST /rhn/manager/frontend-log HTTP/1.1" 200 16
172.16.3.5 - - [06/Mar/2026:11:48:59 +0100] "GET /rhn/channels/manage/repos/RepoCreate.do HTTP/1.1" 200 39026
172.16.3.5 - - [06/Mar/2026:11:48:59 +0100] "POST /rhn/manager/frontend-log HTTP/1.1" 200 16
127.0.0.1 - - [06/Mar/2026:11:48:59 +0100] "GET /rhn/websocket/notifications HTTP/1.1" 101 -
172.16.3.5 - - [06/Mar/2026:11:49:00 +0100] "POST /rhn/channels/manage/repos/RepoCreate.do HTTP/1.1" 302 -
172.16.3.5 - - [06/Mar/2026:11:49:00 +0100] "GET /rhn/channels/manage/repos/RepoEdit.do?id=520 HTTP/1.1" 200 39674
172.16.3.5 - - [06/Mar/2026:11:49:00 +0100] "POST /rhn/manager/frontend-log HTTP/1.1" 200 16
127.0.0.1 - - [06/Mar/2026:11:49:00 +0100] "GET /rhn/websocket/notifications HTTP/1.1" 101 -
172.16.3.5 - - [06/Mar/2026:11:49:00 +0100] "POST /rhn/manager/frontend-log HTTP/1.1" 200 16
127.0.0.1 - - [06/Mar/2026:11:49:00 +0100] "GET /rhn/websocket/notifications HTTP/1.1" 101 -
172.16.3.5 - - [06/Mar/2026:11:49:00 +0100] "GET /rhn/channels/manage/repos/RepoList.do HTTP/1.1" 200 40180
127.0.0.1 - - [06/Mar/2026:11:49:01 +0100] "GET /rhn/websocket/notifications HTTP/1.1" 101 -
172.16.3.5 - - [06/Mar/2026:11:49:01 +0100] "POST /rhn/manager/frontend-log HTTP/1.1" 200 16
172.16.3.5 - - [06/Mar/2026:11:49:01 +0100] "GET /rhn/channels/manage/repos/RepoEdit.do?id=520 HTTP/1.1" 200 39583
127.0.0.1 - - [06/Mar/2026:11:49:01 +0100] "GET /rhn/websocket/notifications HTTP/1.1" 101 -
172.16.3.5 - - [06/Mar/2026:11:49:01 +0100] "POST /rhn/manager/frontend-log HTTP/1.1" 200 16
172.16.3.5 - - [06/Mar/2026:11:49:11 +0100] "POST /rhn/channels/manage/repos/RepoEdit.do HTTP/1.1" 302 -
172.16.3.5 - - [06/Mar/2026:11:49:11 +0100] "GET /rhn/channels/manage/repos/RepoEdit.do?id=520 HTTP/1.1" 200 39656
172.16.3.5 - - [06/Mar/2026:11:49:11 +0100] "POST /rhn/manager/frontend-log HTTP/1.1" 200 16
127.0.0.1 - - [06/Mar/2026:11:49:11 +0100] "GET /rhn/websocket/notifications HTTP/1.1" 101 -
172.16.3.5 - - [06/Mar/2026:11:49:11 +0100] "POST /rhn/manager/frontend-log HTTP/1.1" 200 16
127.0.0.1 - - [06/Mar/2026:11:49:12 +0100] "GET /rhn/websocket/notifications HTTP/1.1" 101 -
::1 - - [06/Mar/2026:11:49:12 +0100] "GET /rhn/manager/login HTTP/1.1" 302 -
172.16.3.5 - - [06/Mar/2026:11:49:12 +0100] "GET /rhn/channels/manage/repos/RepoList.do HTTP/1.1" 200 40180
127.0.0.1 - - [06/Mar/2026:11:49:12 +0100] "GET /rhn/websocket/notifications HTTP/1.1" 101 -
172.16.3.5 - - [06/Mar/2026:11:49:12 +0100] "POST /rhn/manager/frontend-log HTTP/1.1" 200 16
172.16.3.5 - - [06/Mar/2026:11:49:12 +0100] "GET /rhn/channels/manage/repos/RepoCreate.do HTTP/1.1" 200 39026
127.0.0.1 - - [06/Mar/2026:11:49:12 +0100] "GET /rhn/websocket/notifications HTTP/1.1" 101 -
172.16.3.5 - - [06/Mar/2026:11:49:12 +0100] "POST /rhn/manager/frontend-log HTTP/1.1" 200 16
172.16.3.5 - - [06/Mar/2026:11:49:13 +0100] "POST /rhn/channels/manage/repos/RepoCreate.do HTTP/1.1" 302 -
172.16.3.5 - - [06/Mar/2026:11:49:13 +0100] "GET /rhn/channels/manage/repos/RepoEdit.do?id=521 HTTP/1.1" 200 39685
172.16.3.5 - - [06/Mar/2026:11:49:13 +0100] "POST /rhn/manager/frontend-log HTTP/1.1" 200 16
127.0.0.1 - - [06/Mar/2026:11:49:13 +0100] "GET /rhn/websocket/notifications HTTP/1.1" 101 -
172.16.3.5 - - [06/Mar/2026:11:49:13 +0100] "POST /rhn/manager/frontend-log HTTP/1.1" 200 16
127.0.0.1 - - [06/Mar/2026:11:49:13 +0100] "GET /rhn/websocket/notifications HTTP/1.1" 101 -
172.16.3.5 - - [06/Mar/2026:11:49:13 +0100] "GET /rhn/channels/manage/repos/RepoList.do HTTP/1.1" 200 40546
172.16.3.5 - - [06/Mar/2026:11:49:13 +0100] "POST /rhn/manager/frontend-log HTTP/1.1" 200 16
127.0.0.1 - - [06/Mar/2026:11:49:13 +0100] "GET /rhn/websocket/notifications HTTP/1.1" 101 -
172.16.3.5 - - [06/Mar/2026:11:49:13 +0100] "GET /rhn/channels/manage/repos/RepoEdit.do?id=521 HTTP/1.1" 200 39594
127.0.0.1 - - [06/Mar/2026:11:49:13 +0100] "GET /rhn/websocket/notifications HTTP/1.1" 101 -
172.16.3.5 - - [06/Mar/2026:11:49:13 +0100] "POST /rhn/manager/frontend-log HTTP/1.1" 200 16
172.16.3.5 - - [06/Mar/2026:11:49:24 +0100] "POST /rhn/channels/manage/repos/RepoEdit.do HTTP/1.1" 302 -
172.16.3.5 - - [06/Mar/2026:11:49:24 +0100] "GET /rhn/channels/manage/repos/RepoEdit.do?id=521 HTTP/1.1" 200 39667
172.16.3.5 - - [06/Mar/2026:11:49:24 +0100] "POST /rhn/manager/frontend-log HTTP/1.1" 200 16
127.0.0.1 - - [06/Mar/2026:11:49:24 +0100] "GET /rhn/websocket/notifications HTTP/1.1" 101 -
172.16.3.5 - - [06/Mar/2026:11:49:24 +0100] "POST /rhn/manager/frontend-log HTTP/1.1" 200 16
127.0.0.1 - - [06/Mar/2026:11:49:24 +0100] "GET /rhn/websocket/notifications HTTP/1.1" 101 -
172.16.3.5 - - [06/Mar/2026:11:49:24 +0100] "GET /rhn/channels/manage/Manage.do HTTP/1.1" 200 46472
127.0.0.1 - - [06/Mar/2026:11:49:24 +0100] "GET /rhn/websocket/notifications HTTP/1.1" 101 -
172.16.3.5 - - [06/Mar/2026:11:49:24 +0100] "POST /rhn/manager/frontend-log HTTP/1.1" 200 16
172.16.3.5 - - [06/Mar/2026:11:49:25 +0100] "GET /rhn/channels/manage/Edit.do?cid=123 HTTP/1.1" 200 53443
127.0.0.1 - - [06/Mar/2026:11:49:25 +0100] "GET /rhn/websocket/notifications HTTP/1.1" 101 -
172.16.3.5 - - [06/Mar/2026:11:49:25 +0100] "POST /rhn/manager/frontend-log HTTP/1.1" 200 16
172.16.3.5 - - [06/Mar/2026:11:49:25 +0100] "POST /rhn/channels/manage/Edit.do HTTP/1.1" 302 -
172.16.3.5 - - [06/Mar/2026:11:49:25 +0100] "GET /rhn/channels/manage/Edit.do?cid=123 HTTP/1.1" 200 53617
172.16.3.5 - - [06/Mar/2026:11:49:26 +0100] "POST /rhn/manager/frontend-log HTTP/1.1" 200 16
127.0.0.1 - - [06/Mar/2026:11:49:26 +0100] "GET /rhn/websocket/notifications HTTP/1.1" 101 -
172.16.3.5 - - [06/Mar/2026:11:49:26 +0100] "POST /rhn/manager/frontend-log HTTP/1.1" 200 16
127.0.0.1 - - [06/Mar/2026:11:49:26 +0100] "GET /rhn/websocket/notifications HTTP/1.1" 101 -
172.16.3.5 - - [06/Mar/2026:11:49:26 +0100] "GET /rhn/channels/manage/Repositories.do?cid=123 HTTP/1.1" 200 44386
172.16.3.5 - - [06/Mar/2026:11:49:26 +0100] "POST /rhn/manager/frontend-log HTTP/1.1" 200 16
127.0.0.1 - - [06/Mar/2026:11:49:26 +0100] "GET /rhn/websocket/notifications HTTP/1.1" 101 -
172.16.3.5 - - [06/Mar/2026:11:49:26 +0100] "POST /rhn/ajax/item-selector HTTP/1.1" 200 35
172.16.3.5 - - [06/Mar/2026:11:49:26 +0100] "POST /rhn/channels/manage/Repositories.do?cid=123 HTTP/1.1" 302 -
172.16.3.5 - - [06/Mar/2026:11:49:27 +0100] "GET /rhn/channels/manage/Repositories.do?cid=123 HTTP/1.1" 200 44942
172.16.3.5 - - [06/Mar/2026:11:49:27 +0100] "POST /rhn/manager/frontend-log HTTP/1.1" 200 16
127.0.0.1 - - [06/Mar/2026:11:49:27 +0100] "GET /rhn/websocket/notifications HTTP/1.1" 101 -
172.16.3.5 - - [06/Mar/2026:11:49:27 +0100] "GET /rhn/channels/manage/Manage.do HTTP/1.1" 200 46472
127.0.0.1 - - [06/Mar/2026:11:49:27 +0100] "GET /rhn/websocket/notifications HTTP/1.1" 101 -
172.16.3.5 - - [06/Mar/2026:11:49:27 +0100] "POST /rhn/manager/frontend-log HTTP/1.1" 200 16
172.16.3.5 - - [06/Mar/2026:11:49:27 +0100] "GET /rhn/channels/manage/Edit.do?cid=127 HTTP/1.1" 200 53465
127.0.0.1 - - [06/Mar/2026:11:49:28 +0100] "GET /rhn/websocket/notifications HTTP/1.1" 101 -
172.16.3.5 - - [06/Mar/2026:11:49:28 +0100] "POST /rhn/manager/frontend-log HTTP/1.1" 200 16
172.16.3.5 - - [06/Mar/2026:11:49:28 +0100] "POST /rhn/channels/manage/Edit.do HTTP/1.1" 302 -
172.16.3.5 - - [06/Mar/2026:11:49:28 +0100] "GET /rhn/channels/manage/Edit.do?cid=127 HTTP/1.1" 200 53643
172.16.3.5 - - [06/Mar/2026:11:49:28 +0100] "POST /rhn/manager/frontend-log HTTP/1.1" 200 16
127.0.0.1 - - [06/Mar/2026:11:49:28 +0100] "GET /rhn/websocket/notifications HTTP/1.1" 101 -
172.16.3.5 - - [06/Mar/2026:11:49:28 +0100] "POST /rhn/manager/frontend-log HTTP/1.1" 200 16
127.0.0.1 - - [06/Mar/2026:11:49:29 +0100] "GET /rhn/websocket/notifications HTTP/1.1" 101 -
172.16.3.5 - - [06/Mar/2026:11:49:29 +0100] "GET /rhn/channels/manage/Repositories.do?cid=127 HTTP/1.1" 200 44390
127.0.0.1 - - [06/Mar/2026:11:49:29 +0100] "GET /rhn/websocket/notifications HTTP/1.1" 101 -
172.16.3.5 - - [06/Mar/2026:11:49:29 +0100] "POST /rhn/manager/frontend-log HTTP/1.1" 200 16
172.16.3.5 - - [06/Mar/2026:11:49:29 +0100] "POST /rhn/ajax/item-selector HTTP/1.1" 200 35
::1 - - [06/Mar/2026:11:49:29 +0100] "GET /rhn/errors/404.jsp HTTP/1.1" 404 4500
172.16.3.5 - - [06/Mar/2026:11:49:29 +0100] "POST /rhn/channels/manage/Repositories.do?cid=127 HTTP/1.1" 302 -
172.16.3.5 - - [06/Mar/2026:11:49:30 +0100] "GET /rhn/channels/manage/Repositories.do?cid=127 HTTP/1.1" 200 44950
172.16.3.5 - - [06/Mar/2026:11:49:30 +0100] "POST /rhn/manager/frontend-log HTTP/1.1" 200 16
127.0.0.1 - - [06/Mar/2026:11:49:30 +0100] "GET /rhn/websocket/notifications HTTP/1.1" 101 -
172.16.3.5 - - [06/Mar/2026:11:49:30 +0100] "GET /rhn/channels/manage/Manage.do HTTP/1.1" 200 46472
172.16.3.5 - - [06/Mar/2026:11:49:31 +0100] "POST /rhn/manager/frontend-log HTTP/1.1" 200 16
127.0.0.1 - - [06/Mar/2026:11:49:31 +0100] "GET /rhn/websocket/notifications HTTP/1.1" 101 -
172.16.3.5 - - [06/Mar/2026:11:49:31 +0100] "GET /rhn/channels/manage/Edit.do?cid=129 HTTP/1.1" 200 53421
127.0.0.1 - - [06/Mar/2026:11:49:31 +0100] "GET /rhn/websocket/notifications HTTP/1.1" 101 -
172.16.3.5 - - [06/Mar/2026:11:49:31 +0100] "POST /rhn/manager/frontend-log HTTP/1.1" 200 16
::1 - - [06/Mar/2026:11:49:31 +0100] "GET /rhn/errors/404.jsp HTTP/1.1" 404 4500
172.16.3.5 - - [06/Mar/2026:11:49:31 +0100] "POST /rhn/channels/manage/Edit.do HTTP/1.1" 302 -
172.16.3.5 - - [06/Mar/2026:11:49:31 +0100] "GET /rhn/channels/manage/Edit.do?cid=129 HTTP/1.1" 200 53599
172.16.3.5 - - [06/Mar/2026:11:49:32 +0100] "POST /rhn/manager/frontend-log HTTP/1.1" 200 16
127.0.0.1 - - [06/Mar/2026:11:49:32 +0100] "GET /rhn/websocket/notifications HTTP/1.1" 101 -
172.16.3.5 - - [06/Mar/2026:11:49:32 +0100] "POST /rhn/manager/frontend-log HTTP/1.1" 200 16
127.0.0.1 - - [06/Mar/2026:11:49:32 +0100] "GET /rhn/websocket/notifications HTTP/1.1" 101 -
172.16.3.5 - - [06/Mar/2026:11:49:32 +0100] "GET /rhn/channels/manage/Repositories.do?cid=129 HTTP/1.1" 200 44390
127.0.0.1 - - [06/Mar/2026:11:49:32 +0100] "GET /rhn/websocket/notifications HTTP/1.1" 101 -
172.16.3.5 - - [06/Mar/2026:11:49:32 +0100] "POST /rhn/manager/frontend-log HTTP/1.1" 200 16
172.16.3.5 - - [06/Mar/2026:11:49:32 +0100] "POST /rhn/ajax/item-selector HTTP/1.1" 200 35
172.16.3.5 - - [06/Mar/2026:11:49:32 +0100] "POST /rhn/channels/manage/Repositories.do?cid=129 HTTP/1.1" 302 -
172.16.3.5 - - [06/Mar/2026:11:49:33 +0100] "GET /rhn/channels/manage/Repositories.do?cid=129 HTTP/1.1" 200 44950
127.0.0.1 - - [06/Mar/2026:11:49:34 +0100] "GET /rhn/websocket/notifications HTTP/1.1" 101 -
172.16.3.5 - - [06/Mar/2026:11:49:34 +0100] "POST /rhn/manager/frontend-log HTTP/1.1" 200 16
172.16.3.5 - - [06/Mar/2026:11:49:34 +0100] "GET /rhn/channels/manage/Manage.do HTTP/1.1" 200 46473
127.0.0.1 - - [06/Mar/2026:11:49:34 +0100] "GET /rhn/websocket/notifications HTTP/1.1" 101 -
172.16.3.5 - - [06/Mar/2026:11:49:34 +0100] "POST /rhn/manager/frontend-log HTTP/1.1" 200 16
172.16.3.5 - - [06/Mar/2026:11:49:34 +0100] "GET /rhn/channels/manage/Edit.do?cid=130 HTTP/1.1" 200 53438
127.0.0.1 - - [06/Mar/2026:11:49:34 +0100] "GET /rhn/websocket/notifications HTTP/1.1" 101 -
172.16.3.5 - - [06/Mar/2026:11:49:34 +0100] "POST /rhn/manager/frontend-log HTTP/1.1" 200 16
172.16.3.5 - - [06/Mar/2026:11:49:35 +0100] "POST /rhn/channels/manage/Edit.do HTTP/1.1" 302 -
172.16.3.5 - - [06/Mar/2026:11:49:35 +0100] "GET /rhn/channels/manage/Edit.do?cid=130 HTTP/1.1" 200 53618
172.16.3.5 - - [06/Mar/2026:11:49:35 +0100] "POST /rhn/manager/frontend-log HTTP/1.1" 200 16
127.0.0.1 - - [06/Mar/2026:11:49:35 +0100] "GET /rhn/websocket/notifications HTTP/1.1" 101 -
172.16.3.5 - - [06/Mar/2026:11:49:35 +0100] "POST /rhn/manager/frontend-log HTTP/1.1" 200 16
127.0.0.1 - - [06/Mar/2026:11:49:35 +0100] "GET /rhn/websocket/notifications HTTP/1.1" 101 -
172.16.3.5 - - [06/Mar/2026:11:49:35 +0100] "GET /rhn/channels/manage/Repositories.do?cid=130 HTTP/1.1" 200 44392
::1 - - [06/Mar/2026:11:49:36 +0100] "GET /rhn/errors/404.jsp HTTP/1.1" 404 4500
127.0.0.1 - - [06/Mar/2026:11:49:36 +0100] "GET /rhn/websocket/notifications HTTP/1.1" 101 -
172.16.3.5 - - [06/Mar/2026:11:49:36 +0100] "POST /rhn/manager/frontend-log HTTP/1.1" 200 16
172.16.3.5 - - [06/Mar/2026:11:49:36 +0100] "POST /rhn/ajax/item-selector HTTP/1.1" 200 35
::1 - - [06/Mar/2026:11:49:36 +0100] "GET /rhn/errors/404.jsp HTTP/1.1" 404 4500
172.16.3.5 - - [06/Mar/2026:11:49:36 +0100] "POST /rhn/channels/manage/Repositories.do?cid=130 HTTP/1.1" 302 -
172.16.3.5 - - [06/Mar/2026:11:49:37 +0100] "GET /rhn/channels/manage/Repositories.do?cid=130 HTTP/1.1" 200 44954
127.0.0.1 - - [06/Mar/2026:11:49:37 +0100] "GET /rhn/websocket/notifications HTTP/1.1" 101 -
172.16.3.5 - - [06/Mar/2026:11:49:37 +0100] "POST /rhn/manager/frontend-log HTTP/1.1" 200 16
172.16.3.5 - - [06/Mar/2026:11:49:37 +0100] "GET /rhn/channels/manage/repos/RepoList.do HTTP/1.1" 200 40546
127.0.0.1 - - [06/Mar/2026:11:49:37 +0100] "GET /rhn/websocket/notifications HTTP/1.1" 101 -
172.16.3.5 - - [06/Mar/2026:11:49:37 +0100] "POST /rhn/manager/frontend-log HTTP/1.1" 200 16
172.16.3.5 - - [06/Mar/2026:11:49:37 +0100] "GET /rhn/channels/manage/repos/RepoCreate.do HTTP/1.1" 200 39026
127.0.0.1 - - [06/Mar/2026:11:49:37 +0100] "GET /rhn/websocket/notifications HTTP/1.1" 101 -
172.16.3.5 - - [06/Mar/2026:11:49:37 +0100] "POST /rhn/manager/frontend-log HTTP/1.1" 200 16
172.16.3.5 - - [06/Mar/2026:11:49:48 +0100] "POST /rhn/channels/manage/repos/RepoCreate.do HTTP/1.1" 302 -
172.16.3.5 - - [06/Mar/2026:11:49:48 +0100] "GET /rhn/channels/manage/repos/RepoEdit.do?id=522 HTTP/1.1" 200 39664
172.16.3.5 - - [06/Mar/2026:11:49:48 +0100] "POST /rhn/manager/frontend-log HTTP/1.1" 200 16
127.0.0.1 - - [06/Mar/2026:11:49:48 +0100] "GET /rhn/websocket/notifications HTTP/1.1" 101 -
172.16.3.5 - - [06/Mar/2026:11:49:48 +0100] "POST /rhn/manager/frontend-log HTTP/1.1" 200 16
127.0.0.1 - - [06/Mar/2026:11:49:48 +0100] "GET /rhn/websocket/notifications HTTP/1.1" 101 -
172.16.3.5 - - [06/Mar/2026:11:49:48 +0100] "GET /rhn/channels/manage/Manage.do HTTP/1.1" 200 46474
127.0.0.1 - - [06/Mar/2026:11:49:49 +0100] "GET /rhn/websocket/notifications HTTP/1.1" 101 -
172.16.3.5 - - [06/Mar/2026:11:49:49 +0100] "POST /rhn/manager/frontend-log HTTP/1.1" 200 16
172.16.3.5 - - [06/Mar/2026:11:49:49 +0100] "GET /rhn/channels/manage/Edit.do?cid=125 HTTP/1.1" 200 53431
127.0.0.1 - - [06/Mar/2026:11:49:49 +0100] "GET /rhn/websocket/notifications HTTP/1.1" 101 -
172.16.3.5 - - [06/Mar/2026:11:49:49 +0100] "POST /rhn/manager/frontend-log HTTP/1.1" 200 16
172.16.3.5 - - [06/Mar/2026:11:49:49 +0100] "POST /rhn/channels/manage/Edit.do HTTP/1.1" 302 -
172.16.3.5 - - [06/Mar/2026:11:49:49 +0100] "GET /rhn/channels/manage/Edit.do?cid=125 HTTP/1.1" 200 53607
172.16.3.5 - - [06/Mar/2026:11:49:49 +0100] "POST /rhn/manager/frontend-log HTTP/1.1" 200 16
127.0.0.1 - - [06/Mar/2026:11:49:50 +0100] "GET /rhn/websocket/notifications HTTP/1.1" 101 -
172.16.3.5 - - [06/Mar/2026:11:49:50 +0100] "POST /rhn/manager/frontend-log HTTP/1.1" 200 16
127.0.0.1 - - [06/Mar/2026:11:49:50 +0100] "GET /rhn/websocket/notifications HTTP/1.1" 101 -
172.16.3.5 - - [06/Mar/2026:11:49:50 +0100] "GET /rhn/channels/manage/Repositories.do?cid=125 HTTP/1.1" 200 45058
127.0.0.1 - - [06/Mar/2026:11:49:50 +0100] "GET /rhn/websocket/notifications HTTP/1.1" 101 -
172.16.3.5 - - [06/Mar/2026:11:49:50 +0100] "POST /rhn/manager/frontend-log HTTP/1.1" 200 16
172.16.3.5 - - [06/Mar/2026:11:49:50 +0100] "POST /rhn/ajax/item-selector HTTP/1.1" 200 35
172.16.3.5 - - [06/Mar/2026:11:49:50 +0100] "POST /rhn/channels/manage/Repositories.do?cid=125 HTTP/1.1" 302 -
172.16.3.5 - - [06/Mar/2026:11:49:50 +0100] "GET /rhn/channels/manage/Repositories.do?cid=125 HTTP/1.1" 200 45616
127.0.0.1 - - [06/Mar/2026:11:49:51 +0100] "GET /rhn/websocket/notifications HTTP/1.1" 101 -
172.16.3.5 - - [06/Mar/2026:11:49:51 +0100] "POST /rhn/manager/frontend-log HTTP/1.1" 200 16
172.16.3.5 - - [06/Mar/2026:11:49:51 +0100] "GET /rhn/channels/manage/Manage.do HTTP/1.1" 200 46474
127.0.0.1 - - [06/Mar/2026:11:49:51 +0100] "GET /rhn/websocket/notifications HTTP/1.1" 101 -
172.16.3.5 - - [06/Mar/2026:11:49:51 +0100] "POST /rhn/manager/frontend-log HTTP/1.1" 200 16
172.16.3.5 - - [06/Mar/2026:11:49:51 +0100] "GET /rhn/channels/manage/Edit.do?cid=122 HTTP/1.1" 200 53455
127.0.0.1 - - [06/Mar/2026:11:49:52 +0100] "GET /rhn/websocket/notifications HTTP/1.1" 101 -
172.16.3.5 - - [06/Mar/2026:11:49:52 +0100] "POST /rhn/manager/frontend-log HTTP/1.1" 200 16
172.16.3.5 - - [06/Mar/2026:11:49:52 +0100] "GET /rhn/channels/manage/Repositories.do?cid=122 HTTP/1.1" 200 45063
172.16.3.5 - - [06/Mar/2026:11:49:52 +0100] "POST /rhn/manager/frontend-log HTTP/1.1" 200 16
