172.16.3.7 - - [06/Mar/2026:12:02:12 +0100] "HEAD /rhn/manager/download/sle-module-systems-management-15-sp7-pool-x86_64/repodata/repomd.xml.asc?eyJhbGciOiJIUzI1NiJ9.eyJqdGkiOiJTWHluaHhmaEVsRjZnbjhjQXBDd0hRIiwiZXhwIjoxODA0MzMwODU0LCJpYXQiOjE3NzI3OTQ4NTQsIm5iZiI6MTc3Mjc5NDczNCwib3JnIjoxLCJvbmx5Q2hhbm5lbHMiOlsic2xlLW1vZHVsZS1zeXN0ZW1zLW1hbmFnZW1lbnQtMTUtc3A3LXBvb2wteDg2XzY0Il19.rceoTLk_hRPoZhE82ewP-rka6DiV1BWyQQygDwpQlwc HTTP/1.1" 404 -
172.16.3.7 - - [06/Mar/2026:12:02:12 +0100] "HEAD /rhn/manager/download/sle-module-systems-management-15-sp7-pool-x86_64/repodata/28dffe34171e107ccca376739d3152498d19bc980ad745d932678f9dc85056e4-primary.xml.gz?eyJhbGciOiJIUzI1NiJ9.eyJqdGkiOiJTWHluaHhmaEVsRjZnbjhjQXBDd0hRIiwiZXhwIjoxODA0MzMwODU0LCJpYXQiOjE3NzI3OTQ4NTQsIm5iZiI6MTc3Mjc5NDczNCwib3JnIjoxLCJvbmx5Q2hhbm5lbHMiOlsic2xlLW1vZHVsZS1zeXN0ZW1zLW1hbmFnZW1lbnQtMTUtc3A3LXBvb2wteDg2XzY0Il19.rceoTLk_hRPoZhE82ewP-rka6DiV1BWyQQygDwpQlwc HTTP/1.1" 200 -
172.16.3.7 - - [06/Mar/2026:12:02:12 +0100] "GET /rhn/manager/download/sle-module-systems-management-15-sp7-pool-x86_64/repodata/28dffe34171e107ccca376739d3152498d19bc980ad745d932678f9dc85056e4-primary.xml.gz?eyJhbGciOiJIUzI1NiJ9.eyJqdGkiOiJTWHluaHhmaEVsRjZnbjhjQXBDd0hRIiwiZXhwIjoxODA0MzMwODU0LCJpYXQiOjE3NzI3OTQ4NTQsIm5iZiI6MTc3Mjc5NDczNCwib3JnIjoxLCJvbmx5Q2hhbm5lbHMiOlsic2xlLW1vZHVsZS1zeXN0ZW1zLW1hbmFnZW1lbnQtMTUtc3A3LXBvb2wteDg2XzY0Il19.rceoTLk_hRPoZhE82ewP-rka6DiV1BWyQQygDwpQlwc HTTP/1.1" 200 3664
172.16.3.5 - - [06/Mar/2026:12:02:11 +0100] "GET /rhn/systems/details/Overview.do?sid=1000010000 HTTP/1.1" 200 43370
172.16.3.7 - - [06/Mar/2026:12:02:12 +0100] "HEAD /rhn/manager/download/sle-module-systems-management-15-sp7-pool-x86_64/repodata/110e2a801f4c7d14b5f7b05e63d0fb1a775f607931d93ddbe94e1dbbd080c248-susedata.xml.gz?eyJhbGciOiJIUzI1NiJ9.eyJqdGkiOiJTWHluaHhmaEVsRjZnbjhjQXBDd0hRIiwiZXhwIjoxODA0MzMwODU0LCJpYXQiOjE3NzI3OTQ4NTQsIm5iZiI6MTc3Mjc5NDczNCwib3JnIjoxLCJvbmx5Q2hhbm5lbHMiOlsic2xlLW1vZHVsZS1zeXN0ZW1zLW1hbmFnZW1lbnQtMTUtc3A3LXBvb2wteDg2XzY0Il19.rceoTLk_hRPoZhE82ewP-rka6DiV1BWyQQygDwpQlwc HTTP/1.1" 200 -
172.16.3.7 - - [06/Mar/2026:12:02:12 +0100] "GET /rhn/manager/download/sle-module-systems-management-15-sp7-pool-x86_64/repodata/110e2a801f4c7d14b5f7b05e63d0fb1a775f607931d93ddbe94e1dbbd080c248-susedata.xml.gz?eyJhbGciOiJIUzI1NiJ9.eyJqdGkiOiJTWHluaHhmaEVsRjZnbjhjQXBDd0hRIiwiZXhwIjoxODA0MzMwODU0LCJpYXQiOjE3NzI3OTQ4NTQsIm5iZiI6MTc3Mjc5NDczNCwib3JnIjoxLCJvbmx5Q2hhbm5lbHMiOlsic2xlLW1vZHVsZS1zeXN0ZW1zLW1hbmFnZW1lbnQtMTUtc3A3LXBvb2wteDg2XzY0Il19.rceoTLk_hRPoZhE82ewP-rka6DiV1BWyQQygDwpQlwc HTTP/1.1" 200 3664
172.16.3.5 - - [06/Mar/2026:12:02:12 +0100] "POST /rhn/manager/api/system/searchByName HTTP/1.1" 200 157
172.16.3.7 - - [06/Mar/2026:12:02:12 +0100] "HEAD /rhn/manager/download/sle-product-sles15-sp7-pool-x86_64/repodata/repomd.xml?eyJhbGciOiJIUzI1NiJ9.eyJqdGkiOiJqb3YwSmxxQllhSHg1Z1hrZ3hISUh3IiwiZXhwIjoxODA0MzMwODU0LCJpYXQiOjE3NzI3OTQ4NTQsIm5iZiI6MTc3Mjc5NDczNCwib3JnIjoxLCJvbmx5Q2hhbm5lbHMiOlsic2xlLXByb2R1Y3Qtc2xlczE1LXNwNy1wb29sLXg4Nl82NCJdfQ.MaW8f3O08wjjdczT_xUFg1aDigkxO06tMkIf9QkDe00 HTTP/1.1" 200 -
172.16.3.7 - - [06/Mar/2026:12:02:12 +0100] "HEAD /rhn/manager/download/sle-product-sles15-sp7-pool-x86_64/media.1/media?eyJhbGciOiJIUzI1NiJ9.eyJqdGkiOiJqb3YwSmxxQllhSHg1Z1hrZ3hISUh3IiwiZXhwIjoxODA0MzMwODU0LCJpYXQiOjE3NzI3OTQ4NTQsIm5iZiI6MTc3Mjc5NDczNCwib3JnIjoxLCJvbmx5Q2hhbm5lbHMiOlsic2xlLXByb2R1Y3Qtc2xlczE1LXNwNy1wb29sLXg4Nl82NCJdfQ.MaW8f3O08wjjdczT_xUFg1aDigkxO06tMkIf9QkDe00 HTTP/1.1" 404 -
172.16.3.5 - - [06/Mar/2026:12:02:12 +0100] "POST /rhn/manager/frontend-log HTTP/1.1" 200 16
172.16.3.7 - - [06/Mar/2026:12:02:12 +0100] "HEAD /rhn/manager/download/sle-product-sles15-sp7-pool-x86_64/repodata/repomd.xml?eyJhbGciOiJIUzI1NiJ9.eyJqdGkiOiJqb3YwSmxxQllhSHg1Z1hrZ3hISUh3IiwiZXhwIjoxODA0MzMwODU0LCJpYXQiOjE3NzI3OTQ4NTQsIm5iZiI6MTc3Mjc5NDczNCwib3JnIjoxLCJvbmx5Q2hhbm5lbHMiOlsic2xlLXByb2R1Y3Qtc2xlczE1LXNwNy1wb29sLXg4Nl82NCJdfQ.MaW8f3O08wjjdczT_xUFg1aDigkxO06tMkIf9QkDe00 HTTP/1.1" 200 -
172.16.3.7 - - [06/Mar/2026:12:02:12 +0100] "GET /rhn/manager/download/sle-product-sles15-sp7-pool-x86_64/repodata/repomd.xml?eyJhbGciOiJIUzI1NiJ9.eyJqdGkiOiJqb3YwSmxxQllhSHg1Z1hrZ3hISUh3IiwiZXhwIjoxODA0MzMwODU0LCJpYXQiOjE3NzI3OTQ4NTQsIm5iZiI6MTc3Mjc5NDczNCwib3JnIjoxLCJvbmx5Q2hhbm5lbHMiOlsic2xlLXByb2R1Y3Qtc2xlczE1LXNwNy1wb29sLXg4Nl82NCJdfQ.MaW8f3O08wjjdczT_xUFg1aDigkxO06tMkIf9QkDe00 HTTP/1.1" 200 3664
172.16.3.7 - - [06/Mar/2026:12:02:12 +0100] "HEAD /rhn/manager/download/sle-product-sles15-sp7-pool-x86_64/repodata/repomd.xml.asc?eyJhbGciOiJIUzI1NiJ9.eyJqdGkiOiJqb3YwSmxxQllhSHg1Z1hrZ3hISUh3IiwiZXhwIjoxODA0MzMwODU0LCJpYXQiOjE3NzI3OTQ4NTQsIm5iZiI6MTc3Mjc5NDczNCwib3JnIjoxLCJvbmx5Q2hhbm5lbHMiOlsic2xlLXByb2R1Y3Qtc2xlczE1LXNwNy1wb29sLXg4Nl82NCJdfQ.MaW8f3O08wjjdczT_xUFg1aDigkxO06tMkIf9QkDe00 HTTP/1.1" 404 -
172.16.3.5 - - [06/Mar/2026:12:02:12 +0100] "GET /rhn/manager/api/auth/logout HTTP/1.1" 200 16
127.0.0.1 - - [06/Mar/2026:12:02:12 +0100] "GET /rhn/websocket/notifications HTTP/1.1" 101 -
172.16.3.7 - - [06/Mar/2026:12:02:12 +0100] "HEAD /rhn/manager/download/sle-product-sles15-sp7-pool-x86_64/repodata/a93f797a7ac21c27ba1681a885d93e8e7d7be5297cc67140f0a29920083b0a60-primary.xml.gz?eyJhbGciOiJIUzI1NiJ9.eyJqdGkiOiJqb3YwSmxxQllhSHg1Z1hrZ3hISUh3IiwiZXhwIjoxODA0MzMwODU0LCJpYXQiOjE3NzI3OTQ4NTQsIm5iZiI6MTc3Mjc5NDczNCwib3JnIjoxLCJvbmx5Q2hhbm5lbHMiOlsic2xlLXByb2R1Y3Qtc2xlczE1LXNwNy1wb29sLXg4Nl82NCJdfQ.MaW8f3O08wjjdczT_xUFg1aDigkxO06tMkIf9QkDe00 HTTP/1.1" 200 -
172.16.3.5 - - [06/Mar/2026:12:02:12 +0100] "POST /rhn/manager/frontend-log HTTP/1.1" 200 16
172.16.3.7 - - [06/Mar/2026:12:02:12 +0100] "GET /rhn/manager/download/sle-product-sles15-sp7-pool-x86_64/repodata/a93f797a7ac21c27ba1681a885d93e8e7d7be5297cc67140f0a29920083b0a60-primary.xml.gz?eyJhbGciOiJIUzI1NiJ9.eyJqdGkiOiJqb3YwSmxxQllhSHg1Z1hrZ3hISUh3IiwiZXhwIjoxODA0MzMwODU0LCJpYXQiOjE3NzI3OTQ4NTQsIm5iZiI6MTc3Mjc5NDczNCwib3JnIjoxLCJvbmx5Q2hhbm5lbHMiOlsic2xlLXByb2R1Y3Qtc2xlczE1LXNwNy1wb29sLXg4Nl82NCJdfQ.MaW8f3O08wjjdczT_xUFg1aDigkxO06tMkIf9QkDe00 HTTP/1.1" 200 3663
172.16.3.7 - - [06/Mar/2026:12:02:12 +0100] "HEAD /rhn/manager/download/sle-product-sles15-sp7-pool-x86_64/repodata/d34d50251ddccc5076dda6be822f830e76003f859d24fecd8a7417991ab5a954-susedata.xml.gz?eyJhbGciOiJIUzI1NiJ9.eyJqdGkiOiJqb3YwSmxxQllhSHg1Z1hrZ3hISUh3IiwiZXhwIjoxODA0MzMwODU0LCJpYXQiOjE3NzI3OTQ4NTQsIm5iZiI6MTc3Mjc5NDczNCwib3JnIjoxLCJvbmx5Q2hhbm5lbHMiOlsic2xlLXByb2R1Y3Qtc2xlczE1LXNwNy1wb29sLXg4Nl82NCJdfQ.MaW8f3O08wjjdczT_xUFg1aDigkxO06tMkIf9QkDe00 HTTP/1.1" 200 -
172.16.3.7 - - [06/Mar/2026:12:02:12 +0100] "GET /rhn/manager/download/sle-product-sles15-sp7-pool-x86_64/repodata/d34d50251ddccc5076dda6be822f830e76003f859d24fecd8a7417991ab5a954-susedata.xml.gz?eyJhbGciOiJIUzI1NiJ9.eyJqdGkiOiJqb3YwSmxxQllhSHg1Z1hrZ3hISUh3IiwiZXhwIjoxODA0MzMwODU0LCJpYXQiOjE3NzI3OTQ4NTQsIm5iZiI6MTc3Mjc5NDczNCwib3JnIjoxLCJvbmx5Q2hhbm5lbHMiOlsic2xlLXByb2R1Y3Qtc2xlczE1LXNwNy1wb29sLXg4Nl82NCJdfQ.MaW8f3O08wjjdczT_xUFg1aDigkxO06tMkIf9QkDe00 HTTP/1.1" 200 3664
172.16.3.7 - - [06/Mar/2026:12:02:13 +0100] "HEAD /rhn/manager/download/sles15-sp7-devel-uyuni-client-x86_64/repodata/repomd.xml?eyJhbGciOiJIUzI1NiJ9.eyJqdGkiOiJxbGhZZ1ctdXpmX3FFZk42dGFmNGNBIiwiZXhwIjoxODA0MzMwODU0LCJpYXQiOjE3NzI3OTQ4NTQsIm5iZiI6MTc3Mjc5NDczNCwib3JnIjoxLCJvbmx5Q2hhbm5lbHMiOlsic2xlczE1LXNwNy1kZXZlbC11eXVuaS1jbGllbnQteDg2XzY0Il19.bGfPf9-yEp7WP97lxkIEHxHyZeR9mCS02Tipiz0FtB0 HTTP/1.1" 200 -
172.16.3.7 - - [06/Mar/2026:12:02:13 +0100] "HEAD /rhn/manager/download/sles15-sp7-devel-uyuni-client-x86_64/media.1/media?eyJhbGciOiJIUzI1NiJ9.eyJqdGkiOiJxbGhZZ1ctdXpmX3FFZk42dGFmNGNBIiwiZXhwIjoxODA0MzMwODU0LCJpYXQiOjE3NzI3OTQ4NTQsIm5iZiI6MTc3Mjc5NDczNCwib3JnIjoxLCJvbmx5Q2hhbm5lbHMiOlsic2xlczE1LXNwNy1kZXZlbC11eXVuaS1jbGllbnQteDg2XzY0Il19.bGfPf9-yEp7WP97lxkIEHxHyZeR9mCS02Tipiz0FtB0 HTTP/1.1" 404 -
172.16.3.7 - - [06/Mar/2026:12:02:13 +0100] "HEAD /rhn/manager/download/sles15-sp7-devel-uyuni-client-x86_64/repodata/repomd.xml?eyJhbGciOiJIUzI1NiJ9.eyJqdGkiOiJxbGhZZ1ctdXpmX3FFZk42dGFmNGNBIiwiZXhwIjoxODA0MzMwODU0LCJpYXQiOjE3NzI3OTQ4NTQsIm5iZiI6MTc3Mjc5NDczNCwib3JnIjoxLCJvbmx5Q2hhbm5lbHMiOlsic2xlczE1LXNwNy1kZXZlbC11eXVuaS1jbGllbnQteDg2XzY0Il19.bGfPf9-yEp7WP97lxkIEHxHyZeR9mCS02Tipiz0FtB0 HTTP/1.1" 200 -
172.16.3.7 - - [06/Mar/2026:12:02:13 +0100] "GET /rhn/manager/download/sles15-sp7-devel-uyuni-client-x86_64/repodata/repomd.xml?eyJhbGciOiJIUzI1NiJ9.eyJqdGkiOiJxbGhZZ1ctdXpmX3FFZk42dGFmNGNBIiwiZXhwIjoxODA0MzMwODU0LCJpYXQiOjE3NzI3OTQ4NTQsIm5iZiI6MTc3Mjc5NDczNCwib3JnIjoxLCJvbmx5Q2hhbm5lbHMiOlsic2xlczE1LXNwNy1kZXZlbC11eXVuaS1jbGllbnQteDg2XzY0Il19.bGfPf9-yEp7WP97lxkIEHxHyZeR9mCS02Tipiz0FtB0 HTTP/1.1" 200 3664
172.16.3.7 - - [06/Mar/2026:12:02:13 +0100] "HEAD /rhn/manager/download/sles15-sp7-devel-uyuni-client-x86_64/repodata/repomd.xml.asc?eyJhbGciOiJIUzI1NiJ9.eyJqdGkiOiJxbGhZZ1ctdXpmX3FFZk42dGFmNGNBIiwiZXhwIjoxODA0MzMwODU0LCJpYXQiOjE3NzI3OTQ4NTQsIm5iZiI6MTc3Mjc5NDczNCwib3JnIjoxLCJvbmx5Q2hhbm5lbHMiOlsic2xlczE1LXNwNy1kZXZlbC11eXVuaS1jbGllbnQteDg2XzY0Il19.bGfPf9-yEp7WP97lxkIEHxHyZeR9mCS02Tipiz0FtB0 HTTP/1.1" 404 -
172.16.3.7 - - [06/Mar/2026:12:02:13 +0100] "HEAD /rhn/manager/download/sles15-sp7-devel-uyuni-client-x86_64/repodata/4d07480083cffc93fb7bea561592dd66bf699098b154a976500ceb67e6906602-primary.xml.gz?eyJhbGciOiJIUzI1NiJ9.eyJqdGkiOiJxbGhZZ1ctdXpmX3FFZk42dGFmNGNBIiwiZXhwIjoxODA0MzMwODU0LCJpYXQiOjE3NzI3OTQ4NTQsIm5iZiI6MTc3Mjc5NDczNCwib3JnIjoxLCJvbmx5Q2hhbm5lbHMiOlsic2xlczE1LXNwNy1kZXZlbC11eXVuaS1jbGllbnQteDg2XzY0Il19.bGfPf9-yEp7WP97lxkIEHxHyZeR9mCS02Tipiz0FtB0 HTTP/1.1" 200 -
172.16.3.7 - - [06/Mar/2026:12:02:13 +0100] "GET /rhn/manager/download/sles15-sp7-devel-uyuni-client-x86_64/repodata/4d07480083cffc93fb7bea561592dd66bf699098b154a976500ceb67e6906602-primary.xml.gz?eyJhbGciOiJIUzI1NiJ9.eyJqdGkiOiJxbGhZZ1ctdXpmX3FFZk42dGFmNGNBIiwiZXhwIjoxODA0MzMwODU0LCJpYXQiOjE3NzI3OTQ4NTQsIm5iZiI6MTc3Mjc5NDczNCwib3JnIjoxLCJvbmx5Q2hhbm5lbHMiOlsic2xlczE1LXNwNy1kZXZlbC11eXVuaS1jbGllbnQteDg2XzY0Il19.bGfPf9-yEp7WP97lxkIEHxHyZeR9mCS02Tipiz0FtB0 HTTP/1.1" 200 3664
172.16.3.7 - - [06/Mar/2026:12:02:13 +0100] "HEAD /rhn/manager/download/sles15-sp7-devel-uyuni-client-x86_64/repodata/c4b75e8720f1853e335d0610c764cb376c1ec7805044c3ed2f4fd76a4f739688-susedata.xml.gz?eyJhbGciOiJIUzI1NiJ9.eyJqdGkiOiJxbGhZZ1ctdXpmX3FFZk42dGFmNGNBIiwiZXhwIjoxODA0MzMwODU0LCJpYXQiOjE3NzI3OTQ4NTQsIm5iZiI6MTc3Mjc5NDczNCwib3JnIjoxLCJvbmx5Q2hhbm5lbHMiOlsic2xlczE1LXNwNy1kZXZlbC11eXVuaS1jbGllbnQteDg2XzY0Il19.bGfPf9-yEp7WP97lxkIEHxHyZeR9mCS02Tipiz0FtB0 HTTP/1.1" 200 -
172.16.3.7 - - [06/Mar/2026:12:02:13 +0100] "GET /rhn/manager/download/sles15-sp7-devel-uyuni-client-x86_64/repodata/c4b75e8720f1853e335d0610c764cb376c1ec7805044c3ed2f4fd76a4f739688-susedata.xml.gz?eyJhbGciOiJIUzI1NiJ9.eyJqdGkiOiJxbGhZZ1ctdXpmX3FFZk42dGFmNGNBIiwiZXhwIjoxODA0MzMwODU0LCJpYXQiOjE3NzI3OTQ4NTQsIm5iZiI6MTc3Mjc5NDczNCwib3JnIjoxLCJvbmx5Q2hhbm5lbHMiOlsic2xlczE1LXNwNy1kZXZlbC11eXVuaS1jbGllbnQteDg2XzY0Il19.bGfPf9-yEp7WP97lxkIEHxHyZeR9mCS02Tipiz0FtB0 HTTP/1.1" 200 3664
172.16.3.5 - - [06/Mar/2026:12:02:12 +0100] "GET /rhn/systems/details/Overview.do?sid=1000010000& HTTP/1.1" 200 43370
172.16.3.5 - - [06/Mar/2026:12:02:12 +0100] "GET /rhn/systems/details/Overview.do?sid=1000010000 HTTP/1.1" 200 43369
172.16.3.5 - - [06/Mar/2026:12:02:13 +0100] "POST /rhn/manager/frontend-log HTTP/1.1" 200 16
127.0.0.1 - - [06/Mar/2026:12:02:13 +0100] "GET /rhn/websocket/notifications HTTP/1.1" 101 -
172.16.3.5 - - [06/Mar/2026:12:02:13 +0100] "POST /rhn/manager/frontend-log HTTP/1.1" 200 16
127.0.0.1 - - [06/Mar/2026:12:02:13 +0100] "GET /rhn/websocket/notifications HTTP/1.1" 101 -
172.16.3.5 - - [06/Mar/2026:12:02:13 +0100] "POST /rhn/manager/frontend-log HTTP/1.1" 200 16
127.0.0.1 - - [06/Mar/2026:12:02:13 +0100] "GET /rhn/websocket/notifications HTTP/1.1" 101 -
172.16.3.5 - - [06/Mar/2026:12:02:13 +0100] "GET /rhn/systems/details/ProxyClients.do?sid=1000010000& HTTP/1.1" 200 55814
172.16.3.5 - - [06/Mar/2026:12:02:13 +0100] "GET /rhn/systems/details/Overview.do?sid=1000010000& HTTP/1.1" 200 43369
172.16.3.5 - - [06/Mar/2026:12:02:14 +0100] "POST /rhn/manager/frontend-log HTTP/1.1" 200 16
127.0.0.1 - - [06/Mar/2026:12:02:14 +0100] "GET /rhn/websocket/notifications HTTP/1.1" 101 -
127.0.0.1 - - [06/Mar/2026:12:02:14 +0100] "GET /rhn/websocket/notifications HTTP/1.1" 101 -
172.16.3.5 - - [06/Mar/2026:12:02:14 +0100] "POST /rhn/manager/frontend-log HTTP/1.1" 200 16
172.16.3.5 - - [06/Mar/2026:12:02:14 +0100] "POST /rhn/manager/api/auth/login HTTP/1.1" 200 16
172.16.3.7 - - [06/Mar/2026:12:02:14 +0100] "HEAD /rhn/manager/download/sle-module-basesystem15-sp7-pool-x86_64/getPackage/NULL/e5b6e78440a67d6987c31a70a11621cf17272df6435466bd8fcd31958f0dd7f6/libsha1detectcoll1-1.0.3-2.18.x86_64.rpm?eyJhbGciOiJIUzI1NiJ9.eyJqdGkiOiJ5NG9mRy12c0ROZ2dwVGpVbVB1WTRnIiwiZXhwIjoxODA0MzMwODU0LCJpYXQiOjE3NzI3OTQ4NTQsIm5iZiI6MTc3Mjc5NDczNCwib3JnIjoxLCJvbmx5Q2hhbm5lbHMiOlsic2xlLW1vZHVsZS1iYXNlc3lzdGVtMTUtc3A3LXBvb2wteDg2XzY0Il19.0ntCBdEJ0m0b2bcuC36jpHHD8SY0gfP_DuS0osLgZAM HTTP/1.1" 200 -
172.16.3.7 - - [06/Mar/2026:12:02:14 +0100] "GET /rhn/manager/download/sle-module-basesystem15-sp7-pool-x86_64/getPackage/NULL/e5b6e78440a67d6987c31a70a11621cf17272df6435466bd8fcd31958f0dd7f6/libsha1detectcoll1-1.0.3-2.18.x86_64.rpm?eyJhbGciOiJIUzI1NiJ9.eyJqdGkiOiJ5NG9mRy12c0ROZ2dwVGpVbVB1WTRnIiwiZXhwIjoxODA0MzMwODU0LCJpYXQiOjE3NzI3OTQ4NTQsIm5iZiI6MTc3Mjc5NDczNCwib3JnIjoxLCJvbmx5Q2hhbm5lbHMiOlsic2xlLW1vZHVsZS1iYXNlc3lzdGVtMTUtc3A3LXBvb2wteDg2XzY0Il19.0ntCBdEJ0m0b2bcuC36jpHHD8SY0gfP_DuS0osLgZAM HTTP/1.1" 200 3664
172.16.3.7 - - [06/Mar/2026:12:02:14 +0100] "HEAD /rhn/manager/download/sle-module-basesystem15-sp7-updates-x86_64/getPackage/NULL/c93916b0da569c1dee83dde8b268c9fea33e4fc4b0f68f8924ca7adaabf35143/git-core-2.51.0-150600.3.15.1.x86_64.rpm?eyJhbGciOiJIUzI1NiJ9.eyJqdGkiOiJJelB5UW10V3NINl9iZE0xZElvQ1lnIiwiZXhwIjoxODA0MzMwODU0LCJpYXQiOjE3NzI3OTQ4NTQsIm5iZiI6MTc3Mjc5NDczNCwib3JnIjoxLCJvbmx5Q2hhbm5lbHMiOlsic2xlLW1vZHVsZS1iYXNlc3lzdGVtMTUtc3A3LXVwZGF0ZXMteDg2XzY0Il19.PdehXWSaEbomL5fb7vAqU-xdjs6uhB1FePKjEl1-WcE HTTP/1.1" 200 -
172.16.3.7 - - [06/Mar/2026:12:02:14 +0100] "GET /rhn/manager/download/sle-module-basesystem15-sp7-updates-x86_64/getPackage/NULL/c93916b0da569c1dee83dde8b268c9fea33e4fc4b0f68f8924ca7adaabf35143/git-core-2.51.0-150600.3.15.1.x86_64.rpm?eyJhbGciOiJIUzI1NiJ9.eyJqdGkiOiJJelB5UW10V3NINl9iZE0xZElvQ1lnIiwiZXhwIjoxODA0MzMwODU0LCJpYXQiOjE3NzI3OTQ4NTQsIm5iZiI6MTc3Mjc5NDczNCwib3JnIjoxLCJvbmx5Q2hhbm5lbHMiOlsic2xlLW1vZHVsZS1iYXNlc3lzdGVtMTUtc3A3LXVwZGF0ZXMteDg2XzY0Il19.PdehXWSaEbomL5fb7vAqU-xdjs6uhB1FePKjEl1-WcE HTTP/1.1" 200 3664
172.16.3.5 - - [06/Mar/2026:12:02:14 +0100] "POST /rhn/manager/api/system/searchByName HTTP/1.1" 200 155
172.16.3.5 - - [06/Mar/2026:12:02:14 +0100] "GET /rhn/manager/api/auth/logout HTTP/1.1" 200 16
172.16.3.5 - - [06/Mar/2026:12:02:14 +0100] "GET /rhn/systems/details/ProxyClients.do?sid=1000010000& HTTP/1.1" 200 55812
127.0.0.1 - - [06/Mar/2026:12:02:15 +0100] "GET /rhn/websocket/notifications HTTP/1.1" 101 -
172.16.3.5 - - [06/Mar/2026:12:02:15 +0100] "POST /rhn/manager/frontend-log HTTP/1.1" 200 16
172.16.3.5 - - [06/Mar/2026:12:02:15 +0100] "POST /rhn/manager/api/auth/login HTTP/1.1" 200 16
172.16.3.5 - - [06/Mar/2026:12:02:15 +0100] "GET /rhn/manager/systems/list/all HTTP/1.1" 200 34439
172.16.3.5 - - [06/Mar/2026:12:02:15 +0100] "POST /rhn/manager/api/system/searchByName HTTP/1.1" 200 165
172.16.3.5 - - [06/Mar/2026:12:02:15 +0100] "POST /rhn/manager/frontend-log HTTP/1.1" 200 16
127.0.0.1 - - [06/Mar/2026:12:02:15 +0100] "GET /rhn/websocket/notifications HTTP/1.1" 101 -
172.16.3.5 - - [06/Mar/2026:12:02:15 +0100] "GET /rhn/systems/details/Overview.do?sid=1000010001 HTTP/1.1" 200 44031
172.16.3.5 - - [06/Mar/2026:12:02:15 +0100] "GET /rhn/manager/api/auth/logout HTTP/1.1" 200 16
172.16.3.5 - - [06/Mar/2026:12:02:16 +0100] "POST /rhn/manager/frontend-log HTTP/1.1" 200 16
127.0.0.1 - - [06/Mar/2026:12:02:16 +0100] "GET /rhn/websocket/notifications HTTP/1.1" 101 -
172.16.3.5 - - [06/Mar/2026:12:02:16 +0100] "GET /rhn/manager/api/systems/list/all?p=1&ps=100&s=1&sc=server_name HTTP/1.1" 200 4785
172.16.3.5 - - [06/Mar/2026:12:02:16 +0100] "POST /rhn/manager/frontend-log HTTP/1.1" 200 16
127.0.0.1 - - [06/Mar/2026:12:02:16 +0100] "GET /rhn/websocket/notifications HTTP/1.1" 101 -
172.16.3.5 - - [06/Mar/2026:12:02:16 +0100] "POST /rhn/manager/api/sets/system_list HTTP/1.1" 200 1
172.16.3.5 - - [06/Mar/2026:12:02:16 +0100] "GET /rhn/systems/details/packages/Packages.do?sid=1000010001& HTTP/1.1" 200 38485
172.16.3.5 - - [06/Mar/2026:12:02:16 +0100] "GET /rhn/systems/details/Overview.do?sid=1000010002 HTTP/1.1" 200 44412
127.0.0.1 - - [06/Mar/2026:12:02:16 +0100] "GET /rhn/websocket/notifications HTTP/1.1" 101 -
172.16.3.5 - - [06/Mar/2026:12:02:16 +0100] "POST /rhn/manager/frontend-log HTTP/1.1" 200 16
172.16.3.5 - - [06/Mar/2026:12:02:16 +0100] "POST /rhn/manager/frontend-log HTTP/1.1" 200 16
127.0.0.1 - - [06/Mar/2026:12:02:17 +0100] "GET /rhn/websocket/notifications HTTP/1.1" 101 -
172.16.3.5 - - [06/Mar/2026:12:02:17 +0100] "POST /rhn/manager/frontend-log HTTP/1.1" 200 16
127.0.0.1 - - [06/Mar/2026:12:02:17 +0100] "GET /rhn/websocket/notifications HTTP/1.1" 101 -
172.16.3.5 - - [06/Mar/2026:12:02:16 +0100] "GET /rhn/systems/details/Overview.do?sid=1000010005 HTTP/1.1" 200 42655
172.16.3.5 - - [06/Mar/2026:12:02:17 +0100] "GET /rhn/systems/details/history/History.do?sid=1000010004& HTTP/1.1" 200 44047
172.16.3.5 - - [06/Mar/2026:12:02:17 +0100] "POST /rhn/manager/frontend-log HTTP/1.1" 200 16
127.0.0.1 - - [06/Mar/2026:12:02:17 +0100] "GET /rhn/websocket/notifications HTTP/1.1" 101 -
172.16.3.5 - - [06/Mar/2026:12:02:17 +0100] "GET /rhn/systems/details/packages/Packages.do?sid=1000010002& HTTP/1.1" 200 38493
172.16.3.5 - - [06/Mar/2026:12:02:17 +0100] "GET /rhn/systems/details/SystemChannels.do?sid=1000010001& HTTP/1.1" 200 36838
127.0.0.1 - - [06/Mar/2026:12:02:18 +0100] "GET /rhn/websocket/notifications HTTP/1.1" 101 -
172.16.3.5 - - [06/Mar/2026:12:02:18 +0100] "POST /rhn/manager/frontend-log HTTP/1.1" 200 16
127.0.0.1 - - [06/Mar/2026:12:02:18 +0100] "GET /rhn/websocket/notifications HTTP/1.1" 101 -
172.16.3.5 - - [06/Mar/2026:12:02:18 +0100] "POST /rhn/manager/frontend-log HTTP/1.1" 200 16
172.16.3.5 - - [06/Mar/2026:12:02:18 +0100] "GET /rhn/systems/details/history/History.do?sid=1000010003& HTTP/1.1" 200 47307
172.16.3.5 - - [06/Mar/2026:12:02:18 +0100] "GET /rhn/manager/api/systems/1000010001/channels HTTP/1.1" 200 564
127.0.0.1 - - [06/Mar/2026:12:02:18 +0100] "GET /rhn/websocket/notifications HTTP/1.1" 101 -
172.16.3.5 - - [06/Mar/2026:12:02:18 +0100] "POST /rhn/manager/frontend-log HTTP/1.1" 200 16
172.16.3.5 - - [06/Mar/2026:12:02:18 +0100] "GET /rhn/manager/api/systems/1000010001/channels-available-base HTTP/1.1" 200 237
172.16.3.5 - - [06/Mar/2026:12:02:18 +0100] "GET /rhn/systems/details/history/Pending.do?sid=1000010005& HTTP/1.1" 200 37845
172.16.3.5 - - [06/Mar/2026:12:02:18 +0100] "GET /rhn/manager/api/systems/1000010001/channels/128/accessible-children?oldBaseChannelId=128 HTTP/1.1" 200 298
127.0.0.1 - - [06/Mar/2026:12:02:18 +0100] "GET /rhn/websocket/notifications HTTP/1.1" 101 -
172.16.3.5 - - [06/Mar/2026:12:02:18 +0100] "POST /rhn/manager/frontend-log HTTP/1.1" 200 16
172.16.3.5 - - [06/Mar/2026:12:02:18 +0100] "GET /rhn/systems/details/history/Event.do?sid=1000010004&aid=20 HTTP/1.1" 200 38113
172.16.3.5 - - [06/Mar/2026:12:02:18 +0100] "POST /rhn/manager/frontend-log HTTP/1.1" 200 16
127.0.0.1 - - [06/Mar/2026:12:02:18 +0100] "GET /rhn/websocket/notifications HTTP/1.1" 101 -
172.16.3.5 - - [06/Mar/2026:12:02:19 +0100] "POST /rhn/manager/api/admin/mandatoryChannels HTTP/1.1" 200 43
172.16.3.5 - - [06/Mar/2026:12:02:18 +0100] "GET /rhn/systems/details/SystemChannels.do?sid=1000010002& HTTP/1.1" 200 36846
127.0.0.1 - - [06/Mar/2026:12:02:19 +0100] "GET /rhn/websocket/notifications HTTP/1.1" 101 -
172.16.3.5 - - [06/Mar/2026:12:02:19 +0100] "POST /rhn/manager/frontend-log HTTP/1.1" 200 16
172.16.3.5 - - [06/Mar/2026:12:02:19 +0100] "GET /rhn/systems/details/history/Pending.do?sid=1000010005& HTTP/1.1" 200 37845
172.16.3.5 - - [06/Mar/2026:12:02:19 +0100] "POST /rhn/manager/frontend-log HTTP/1.1" 200 16
127.0.0.1 - - [06/Mar/2026:12:02:19 +0100] "GET /rhn/websocket/notifications HTTP/1.1" 101 -
172.16.3.5 - - [06/Mar/2026:12:02:19 +0100] "GET /rhn/manager/api/systems/1000010002/channels HTTP/1.1" 200 534
127.0.0.1 - - [06/Mar/2026:12:02:19 +0100] "GET /rhn/websocket/notifications HTTP/1.1" 101 -
172.16.3.5 - - [06/Mar/2026:12:02:19 +0100] "POST /rhn/manager/api/maintenance/upcoming-windows HTTP/1.1" 200 26
172.16.3.5 - - [06/Mar/2026:12:02:19 +0100] "POST /rhn/manager/frontend-log HTTP/1.1" 200 16
172.16.3.5 - - [06/Mar/2026:12:02:19 +0100] "GET /rhn/manager/api/systems/1000010002/channels-available-base HTTP/1.1" 200 1041
172.16.3.5 - - [06/Mar/2026:12:02:19 +0100] "GET /rhn/systems/details/history/Event.do?sid=1000010003&aid=18 HTTP/1.1" 200 38184
172.16.3.5 - - [06/Mar/2026:12:02:20 +0100] "GET /rhn/manager/api/systems/1000010002/channels/129/accessible-children?oldBaseChannelId=129 HTTP/1.1" 200 283
172.16.3.5 - - [06/Mar/2026:12:02:20 +0100] "POST /rhn/manager/api/admin/mandatoryChannels HTTP/1.1" 200 43
172.16.3.5 - - [06/Mar/2026:12:02:20 +0100] "GET /rhn/systems/details/history/Pending.do?sid=1000010004& HTTP/1.1" 200 37860
127.0.0.1 - - [06/Mar/2026:12:02:20 +0100] "GET /rhn/websocket/notifications HTTP/1.1" 101 -
172.16.3.5 - - [06/Mar/2026:12:02:20 +0100] "POST /rhn/manager/frontend-log HTTP/1.1" 200 16
172.16.3.5 - - [06/Mar/2026:12:02:20 +0100] "POST /rhn/manager/api/systems/1000010001/channels HTTP/1.1" 200 26
127.0.0.1 - - [06/Mar/2026:12:02:21 +0100] "GET /rhn/websocket/notifications HTTP/1.1" 101 -
172.16.3.5 - - [06/Mar/2026:12:02:21 +0100] "POST /rhn/manager/frontend-log HTTP/1.1" 200 16
172.16.3.5 - - [06/Mar/2026:12:02:20 +0100] "GET /rhn/systems/details/history/History.do?sid=1000010005& HTTP/1.1" 200 43958
172.16.3.5 - - [06/Mar/2026:12:02:21 +0100] "POST /rhn/manager/api/maintenance/upcoming-windows HTTP/1.1" 200 26
127.0.0.1 - - [06/Mar/2026:12:02:21 +0100] "GET /rhn/websocket/notifications HTTP/1.1" 101 -
172.16.3.5 - - [06/Mar/2026:12:02:21 +0100] "POST /rhn/manager/frontend-log HTTP/1.1" 200 16
172.16.3.5 - - [06/Mar/2026:12:02:21 +0100] "GET /rhn/systems/details/history/Pending.do?sid=1000010001& HTTP/1.1" 200 40625
172.16.3.7 - - [06/Mar/2026:12:02:22 +0100] "HEAD /rhn/manager/download/sle-module-basesystem15-sp7-pool-x86_64/getPackage/NULL/fcccb0d936a1f5b827f15036fa204a76bff5376d78b8e63d0ec3b1b36fb9743c/skopeo-1.14.4-150300.11.22.1.x86_64.rpm?eyJhbGciOiJIUzI1NiJ9.eyJqdGkiOiJ5NG9mRy12c0ROZ2dwVGpVbVB1WTRnIiwiZXhwIjoxODA0MzMwODU0LCJpYXQiOjE3NzI3OTQ4NTQsIm5iZiI6MTc3Mjc5NDczNCwib3JnIjoxLCJvbmx5Q2hhbm5lbHMiOlsic2xlLW1vZHVsZS1iYXNlc3lzdGVtMTUtc3A3LXBvb2wteDg2XzY0Il19.0ntCBdEJ0m0b2bcuC36jpHHD8SY0gfP_DuS0osLgZAM HTTP/1.1" 200 -
172.16.3.5 - - [06/Mar/2026:12:02:21 +0100] "POST /rhn/manager/api/systems/1000010002/channels HTTP/1.1" 200 26
172.16.3.7 - - [06/Mar/2026:12:02:22 +0100] "GET /rhn/manager/download/sle-module-basesystem15-sp7-pool-x86_64/getPackage/NULL/fcccb0d936a1f5b827f15036fa204a76bff5376d78b8e63d0ec3b1b36fb9743c/skopeo-1.14.4-150300.11.22.1.x86_64.rpm?eyJhbGciOiJIUzI1NiJ9.eyJqdGkiOiJ5NG9mRy12c0ROZ2dwVGpVbVB1WTRnIiwiZXhwIjoxODA0MzMwODU0LCJpYXQiOjE3NzI3OTQ4NTQsIm5iZiI6MTc3Mjc5NDczNCwib3JnIjoxLCJvbmx5Q2hhbm5lbHMiOlsic2xlLW1vZHVsZS1iYXNlc3lzdGVtMTUtc3A3LXBvb2wteDg2XzY0Il19.0ntCBdEJ0m0b2bcuC36jpHHD8SY0gfP_DuS0osLgZAM HTTP/1.1" 200 3664
172.16.3.5 - - [06/Mar/2026:12:02:21 +0100] "GET /rhn/systems/details/history/Pending.do?sid=1000010004& HTTP/1.1" 200 37860
127.0.0.1 - - [06/Mar/2026:12:02:22 +0100] "GET /rhn/websocket/notifications HTTP/1.1" 101 -
172.16.3.5 - - [06/Mar/2026:12:02:22 +0100] "POST /rhn/manager/frontend-log HTTP/1.1" 200 16
127.0.0.1 - - [06/Mar/2026:12:02:22 +0100] "GET /rhn/websocket/notifications HTTP/1.1" 101 -
172.16.3.7 - - [06/Mar/2026:12:02:22 +0100] "HEAD /rhn/manager/download/sle-module-basesystem15-sp7-pool-x86_64/getPackage/NULL/f5440f198ab6c4fb585654dcdb919f8bcc369548547521f9927f090196c3c448/libisofs6-1.5.6-150600.1.5.x86_64.rpm?eyJhbGciOiJIUzI1NiJ9.eyJqdGkiOiJ5NG9mRy12c0ROZ2dwVGpVbVB1WTRnIiwiZXhwIjoxODA0MzMwODU0LCJpYXQiOjE3NzI3OTQ4NTQsIm5iZiI6MTc3Mjc5NDczNCwib3JnIjoxLCJvbmx5Q2hhbm5lbHMiOlsic2xlLW1vZHVsZS1iYXNlc3lzdGVtMTUtc3A3LXBvb2wteDg2XzY0Il19.0ntCBdEJ0m0b2bcuC36jpHHD8SY0gfP_DuS0osLgZAM HTTP/1.1" 200 -
172.16.3.5 - - [06/Mar/2026:12:02:22 +0100] "POST /rhn/manager/frontend-log HTTP/1.1" 200 16
172.16.3.7 - - [06/Mar/2026:12:02:22 +0100] "GET /rhn/manager/download/sle-module-basesystem15-sp7-pool-x86_64/getPackage/NULL/f5440f198ab6c4fb585654dcdb919f8bcc369548547521f9927f090196c3c448/libisofs6-1.5.6-150600.1.5.x86_64.rpm?eyJhbGciOiJIUzI1NiJ9.eyJqdGkiOiJ5NG9mRy12c0ROZ2dwVGpVbVB1WTRnIiwiZXhwIjoxODA0MzMwODU0LCJpYXQiOjE3NzI3OTQ4NTQsIm5iZiI6MTc3Mjc5NDczNCwib3JnIjoxLCJvbmx5Q2hhbm5lbHMiOlsic2xlLW1vZHVsZS1iYXNlc3lzdGVtMTUtc3A3LXBvb2wteDg2XzY0Il19.0ntCBdEJ0m0b2bcuC36jpHHD8SY0gfP_DuS0osLgZAM HTTP/1.1" 200 3664
172.16.3.5 - - [06/Mar/2026:12:02:22 +0100] "GET /rhn/systems/details/history/Event.do?sid=1000010005&aid=25 HTTP/1.1" 200 44152
172.16.3.7 - - [06/Mar/2026:12:02:22 +0100] "HEAD /rhn/manager/download/sle-module-basesystem15-sp7-pool-x86_64/getPackage/NULL/fc01987c103deba82c90f938ce7db2707ceb1d9eca7f66698064ece67caa00a9/libsgutils2-1_48-2-1.48+11.56e7b2f-150600.3.3.11.x86_64.rpm?eyJhbGciOiJIUzI1NiJ9.eyJqdGkiOiJ5NG9mRy12c0ROZ2dwVGpVbVB1WTRnIiwiZXhwIjoxODA0MzMwODU0LCJpYXQiOjE3NzI3OTQ4NTQsIm5iZiI6MTc3Mjc5NDczNCwib3JnIjoxLCJvbmx5Q2hhbm5lbHMiOlsic2xlLW1vZHVsZS1iYXNlc3lzdGVtMTUtc3A3LXBvb2wteDg2XzY0Il19.0ntCBdEJ0m0b2bcuC36jpHHD8SY0gfP_DuS0osLgZAM HTTP/1.1" 200 -
172.16.3.7 - - [06/Mar/2026:12:02:22 +0100] "GET /rhn/manager/download/sle-module-basesystem15-sp7-pool-x86_64/getPackage/NULL/fc01987c103deba82c90f938ce7db2707ceb1d9eca7f66698064ece67caa00a9/libsgutils2-1_48-2-1.48+11.56e7b2f-150600.3.3.11.x86_64.rpm?eyJhbGciOiJIUzI1NiJ9.eyJqdGkiOiJ5NG9mRy12c0ROZ2dwVGpVbVB1WTRnIiwiZXhwIjoxODA0MzMwODU0LCJpYXQiOjE3NzI3OTQ4NTQsIm5iZiI6MTc3Mjc5NDczNCwib3JnIjoxLCJvbmx5Q2hhbm5lbHMiOlsic2xlLW1vZHVsZS1iYXNlc3lzdGVtMTUtc3A3LXBvb2wteDg2XzY0Il19.0ntCBdEJ0m0b2bcuC36jpHHD8SY0gfP_DuS0osLgZAM HTTP/1.1" 200 3664
172.16.3.7 - - [06/Mar/2026:12:02:23 +0100] "HEAD /rhn/manager/download/sle-module-basesystem15-sp7-pool-x86_64/getPackage/NULL/855fc920896aad9208b9ab5781dc5f4146219c57afb0d7908f84ef54594725a4/libfmt8-8.0.1-150400.1.8.x86_64.rpm?eyJhbGciOiJIUzI1NiJ9.eyJqdGkiOiJ5NG9mRy12c0ROZ2dwVGpVbVB1WTRnIiwiZXhwIjoxODA0MzMwODU0LCJpYXQiOjE3NzI3OTQ4NTQsIm5iZiI6MTc3Mjc5NDczNCwib3JnIjoxLCJvbmx5Q2hhbm5lbHMiOlsic2xlLW1vZHVsZS1iYXNlc3lzdGVtMTUtc3A3LXBvb2wteDg2XzY0Il19.0ntCBdEJ0m0b2bcuC36jpHHD8SY0gfP_DuS0osLgZAM HTTP/1.1" 200 -
172.16.3.7 - - [06/Mar/2026:12:02:23 +0100] "GET /rhn/manager/download/sle-module-basesystem15-sp7-pool-x86_64/getPackage/NULL/855fc920896aad9208b9ab5781dc5f4146219c57afb0d7908f84ef54594725a4/libfmt8-8.0.1-150400.1.8.x86_64.rpm?eyJhbGciOiJIUzI1NiJ9.eyJqdGkiOiJ5NG9mRy12c0ROZ2dwVGpVbVB1WTRnIiwiZXhwIjoxODA0MzMwODU0LCJpYXQiOjE3NzI3OTQ4NTQsIm5iZiI6MTc3Mjc5NDczNCwib3JnIjoxLCJvbmx5Q2hhbm5lbHMiOlsic2xlLW1vZHVsZS1iYXNlc3lzdGVtMTUtc3A3LXBvb2wteDg2XzY0Il19.0ntCBdEJ0m0b2bcuC36jpHHD8SY0gfP_DuS0osLgZAM HTTP/1.1" 200 3663
172.16.3.7 - - [06/Mar/2026:12:02:23 +0100] "HEAD /rhn/manager/download/sle-module-basesystem15-sp7-pool-x86_64/getPackage/NULL/6becc1117ada1d22244a01a36729a6a1da4d4b5e74e59738dc06cf00e1a4a1e6/libburn4-1.5.6-150600.1.6.x86_64.rpm?eyJhbGciOiJIUzI1NiJ9.eyJqdGkiOiJ5NG9mRy12c0ROZ2dwVGpVbVB1WTRnIiwiZXhwIjoxODA0MzMwODU0LCJpYXQiOjE3NzI3OTQ4NTQsIm5iZiI6MTc3Mjc5NDczNCwib3JnIjoxLCJvbmx5Q2hhbm5lbHMiOlsic2xlLW1vZHVsZS1iYXNlc3lzdGVtMTUtc3A3LXBvb2wteDg2XzY0Il19.0ntCBdEJ0m0b2bcuC36jpHHD8SY0gfP_DuS0osLgZAM HTTP/1.1" 200 -
172.16.3.7 - - [06/Mar/2026:12:02:23 +0100] "GET /rhn/manager/download/sle-module-basesystem15-sp7-pool-x86_64/getPackage/NULL/6becc1117ada1d22244a01a36729a6a1da4d4b5e74e59738dc06cf00e1a4a1e6/libburn4-1.5.6-150600.1.6.x86_64.rpm?eyJhbGciOiJIUzI1NiJ9.eyJqdGkiOiJ5NG9mRy12c0ROZ2dwVGpVbVB1WTRnIiwiZXhwIjoxODA0MzMwODU0LCJpYXQiOjE3NzI3OTQ4NTQsIm5iZiI6MTc3Mjc5NDczNCwib3JnIjoxLCJvbmx5Q2hhbm5lbHMiOlsic2xlLW1vZHVsZS1iYXNlc3lzdGVtMTUtc3A3LXBvb2wteDg2XzY0Il19.0ntCBdEJ0m0b2bcuC36jpHHD8SY0gfP_DuS0osLgZAM HTTP/1.1" 200 3664
172.16.3.7 - - [06/Mar/2026:12:02:23 +0100] "HEAD /rhn/manager/download/sle-module-basesystem15-sp7-pool-x86_64/getPackage/NULL/d3d4a456ce1f649fbfce13d17f6d8fc78336395a60a319290cefcdc2705fbf58/squashfs-4.6.1-150300.3.3.1.x86_64.rpm?eyJhbGciOiJIUzI1NiJ9.eyJqdGkiOiJ5NG9mRy12c0ROZ2dwVGpVbVB1WTRnIiwiZXhwIjoxODA0MzMwODU0LCJpYXQiOjE3NzI3OTQ4NTQsIm5iZiI6MTc3Mjc5NDczNCwib3JnIjoxLCJvbmx5Q2hhbm5lbHMiOlsic2xlLW1vZHVsZS1iYXNlc3lzdGVtMTUtc3A3LXBvb2wteDg2XzY0Il19.0ntCBdEJ0m0b2bcuC36jpHHD8SY0gfP_DuS0osLgZAM HTTP/1.1" 200 -
127.0.0.1 - - [06/Mar/2026:12:02:23 +0100] "GET /rhn/websocket/notifications HTTP/1.1" 101 -
172.16.3.7 - - [06/Mar/2026:12:02:23 +0100] "GET /rhn/manager/download/sle-module-basesystem15-sp7-pool-x86_64/getPackage/NULL/d3d4a456ce1f649fbfce13d17f6d8fc78336395a60a319290cefcdc2705fbf58/squashfs-4.6.1-150300.3.3.1.x86_64.rpm?eyJhbGciOiJIUzI1NiJ9.eyJqdGkiOiJ5NG9mRy12c0ROZ2dwVGpVbVB1WTRnIiwiZXhwIjoxODA0MzMwODU0LCJpYXQiOjE3NzI3OTQ4NTQsIm5iZiI6MTc3Mjc5NDczNCwib3JnIjoxLCJvbmx5Q2hhbm5lbHMiOlsic2xlLW1vZHVsZS1iYXNlc3lzdGVtMTUtc3A3LXBvb2wteDg2XzY0Il19.0ntCBdEJ0m0b2bcuC36jpHHD8SY0gfP_DuS0osLgZAM HTTP/1.1" 200 3664
172.16.3.5 - - [06/Mar/2026:12:02:23 +0100] "POST /rhn/manager/frontend-log HTTP/1.1" 200 16
172.16.3.7 - - [06/Mar/2026:12:02:23 +0100] "HEAD /rhn/manager/download/sle-module-basesystem15-sp7-pool-x86_64/getPackage/NULL/c655279f82cffa816ae0b77e0bae92b1898629989d8a4c41508fed806a811f2f/libjpeg8-8.2.2-150600.22.5.x86_64.rpm?eyJhbGciOiJIUzI1NiJ9.eyJqdGkiOiJ5NG9mRy12c0ROZ2dwVGpVbVB1WTRnIiwiZXhwIjoxODA0MzMwODU0LCJpYXQiOjE3NzI3OTQ4NTQsIm5iZiI6MTc3Mjc5NDczNCwib3JnIjoxLCJvbmx5Q2hhbm5lbHMiOlsic2xlLW1vZHVsZS1iYXNlc3lzdGVtMTUtc3A3LXBvb2wteDg2XzY0Il19.0ntCBdEJ0m0b2bcuC36jpHHD8SY0gfP_DuS0osLgZAM HTTP/1.1" 200 -
172.16.3.5 - - [06/Mar/2026:12:02:22 +0100] "GET /rhn/systems/details/history/Pending.do?sid=1000010002& HTTP/1.1" 200 40632
172.16.3.7 - - [06/Mar/2026:12:02:23 +0100] "GET /rhn/manager/download/sle-module-basesystem15-sp7-pool-x86_64/getPackage/NULL/c655279f82cffa816ae0b77e0bae92b1898629989d8a4c41508fed806a811f2f/libjpeg8-8.2.2-150600.22.5.x86_64.rpm?eyJhbGciOiJIUzI1NiJ9.eyJqdGkiOiJ5NG9mRy12c0ROZ2dwVGpVbVB1WTRnIiwiZXhwIjoxODA0MzMwODU0LCJpYXQiOjE3NzI3OTQ4NTQsIm5iZiI6MTc3Mjc5NDczNCwib3JnIjoxLCJvbmx5Q2hhbm5lbHMiOlsic2xlLW1vZHVsZS1iYXNlc3lzdGVtMTUtc3A3LXBvb2wteDg2XzY0Il19.0ntCBdEJ0m0b2bcuC36jpHHD8SY0gfP_DuS0osLgZAM HTTP/1.1" 200 3664
172.16.3.5 - - [06/Mar/2026:12:02:22 +0100] "GET /rhn/systems/details/history/Pending.do?sid=1000010001& HTTP/1.1" 200 37854
172.16.3.7 - - [06/Mar/2026:12:02:23 +0100] "HEAD /rhn/manager/download/sle-module-basesystem15-sp7-pool-x86_64/getPackage/NULL/d980a48dc49dfb5d29c53c0f97e5a63057d39705c18d38eef97499c9084c70dd/javapackages-filesystem-6.3.4-150200.3.15.1.x86_64.rpm?eyJhbGciOiJIUzI1NiJ9.eyJqdGkiOiJ5NG9mRy12c0ROZ2dwVGpVbVB1WTRnIiwiZXhwIjoxODA0MzMwODU0LCJpYXQiOjE3NzI3OTQ4NTQsIm5iZiI6MTc3Mjc5NDczNCwib3JnIjoxLCJvbmx5Q2hhbm5lbHMiOlsic2xlLW1vZHVsZS1iYXNlc3lzdGVtMTUtc3A3LXBvb2wteDg2XzY0Il19.0ntCBdEJ0m0b2bcuC36jpHHD8SY0gfP_DuS0osLgZAM HTTP/1.1" 200 -
172.16.3.7 - - [06/Mar/2026:12:02:23 +0100] "GET /rhn/manager/download/sle-module-basesystem15-sp7-pool-x86_64/getPackage/NULL/d980a48dc49dfb5d29c53c0f97e5a63057d39705c18d38eef97499c9084c70dd/javapackages-filesystem-6.3.4-150200.3.15.1.x86_64.rpm?eyJhbGciOiJIUzI1NiJ9.eyJqdGkiOiJ5NG9mRy12c0ROZ2dwVGpVbVB1WTRnIiwiZXhwIjoxODA0MzMwODU0LCJpYXQiOjE3NzI3OTQ4NTQsIm5iZiI6MTc3Mjc5NDczNCwib3JnIjoxLCJvbmx5Q2hhbm5lbHMiOlsic2xlLW1vZHVsZS1iYXNlc3lzdGVtMTUtc3A3LXBvb2wteDg2XzY0Il19.0ntCBdEJ0m0b2bcuC36jpHHD8SY0gfP_DuS0osLgZAM HTTP/1.1" 200 3663
127.0.0.1 - - [06/Mar/2026:12:02:23 +0100] "GET /rhn/websocket/notifications HTTP/1.1" 101 -
172.16.3.5 - - [06/Mar/2026:12:02:23 +0100] "POST /rhn/manager/frontend-log HTTP/1.1" 200 16
172.16.3.7 - - [06/Mar/2026:12:02:23 +0100] "HEAD /rhn/manager/download/sle-module-basesystem15-sp7-pool-x86_64/getPackage/NULL/3727133161470ebc4495f345f5057f13b4d9a4f70f3d3375d4d8b15d041936cd/mtools-4.0.43-150600.1.6.x86_64.rpm?eyJhbGciOiJIUzI1NiJ9.eyJqdGkiOiJ5NG9mRy12c0ROZ2dwVGpVbVB1WTRnIiwiZXhwIjoxODA0MzMwODU0LCJpYXQiOjE3NzI3OTQ4NTQsIm5iZiI6MTc3Mjc5NDczNCwib3JnIjoxLCJvbmx5Q2hhbm5lbHMiOlsic2xlLW1vZHVsZS1iYXNlc3lzdGVtMTUtc3A3LXBvb2wteDg2XzY0Il19.0ntCBdEJ0m0b2bcuC36jpHHD8SY0gfP_DuS0osLgZAM HTTP/1.1" 200 -
172.16.3.5 - - [06/Mar/2026:12:02:22 +0100] "GET /rhn/systems/details/history/History.do?sid=1000010004& HTTP/1.1" 200 44047
127.0.0.1 - - [06/Mar/2026:12:02:23 +0100] "GET /rhn/websocket/notifications HTTP/1.1" 101 -
172.16.3.7 - - [06/Mar/2026:12:02:23 +0100] "GET /rhn/manager/download/sle-module-basesystem15-sp7-pool-x86_64/getPackage/NULL/3727133161470ebc4495f345f5057f13b4d9a4f70f3d3375d4d8b15d041936cd/mtools-4.0.43-150600.1.6.x86_64.rpm?eyJhbGciOiJIUzI1NiJ9.eyJqdGkiOiJ5NG9mRy12c0ROZ2dwVGpVbVB1WTRnIiwiZXhwIjoxODA0MzMwODU0LCJpYXQiOjE3NzI3OTQ4NTQsIm5iZiI6MTc3Mjc5NDczNCwib3JnIjoxLCJvbmx5Q2hhbm5lbHMiOlsic2xlLW1vZHVsZS1iYXNlc3lzdGVtMTUtc3A3LXBvb2wteDg2XzY0Il19.0ntCBdEJ0m0b2bcuC36jpHHD8SY0gfP_DuS0osLgZAM HTTP/1.1" 200 3664
172.16.3.7 - - [06/Mar/2026:12:02:24 +0100] "HEAD /rhn/manager/download/sle-module-basesystem15-sp7-pool-x86_64/getPackage/NULL/1e5934494118ae929445f87f1d485ad83d820437f390ec8e834ff0f95e3f3a8d/libpcsclite1-1.9.4-150400.3.2.1.x86_64.rpm?eyJhbGciOiJIUzI1NiJ9.eyJqdGkiOiJ5NG9mRy12c0ROZ2dwVGpVbVB1WTRnIiwiZXhwIjoxODA0MzMwODU0LCJpYXQiOjE3NzI3OTQ4NTQsIm5iZiI6MTc3Mjc5NDczNCwib3JnIjoxLCJvbmx5Q2hhbm5lbHMiOlsic2xlLW1vZHVsZS1iYXNlc3lzdGVtMTUtc3A3LXBvb2wteDg2XzY0Il19.0ntCBdEJ0m0b2bcuC36jpHHD8SY0gfP_DuS0osLgZAM HTTP/1.1" 200 -
127.0.0.1 - - [06/Mar/2026:12:02:24 +0100] "GET /rhn/websocket/notifications HTTP/1.1" 101 -
172.16.3.5 - - [06/Mar/2026:12:02:23 +0100] "GET /rhn/systems/details/history/Pending.do?sid=1000010005& HTTP/1.1" 200 37863
172.16.3.7 - - [06/Mar/2026:12:02:24 +0100] "GET /rhn/manager/download/sle-module-basesystem15-sp7-pool-x86_64/getPackage/NULL/1e5934494118ae929445f87f1d485ad83d820437f390ec8e834ff0f95e3f3a8d/libpcsclite1-1.9.4-150400.3.2.1.x86_64.rpm?eyJhbGciOiJIUzI1NiJ9.eyJqdGkiOiJ5NG9mRy12c0ROZ2dwVGpVbVB1WTRnIiwiZXhwIjoxODA0MzMwODU0LCJpYXQiOjE3NzI3OTQ4NTQsIm5iZiI6MTc3Mjc5NDczNCwib3JnIjoxLCJvbmx5Q2hhbm5lbHMiOlsic2xlLW1vZHVsZS1iYXNlc3lzdGVtMTUtc3A3LXBvb2wteDg2XzY0Il19.0ntCBdEJ0m0b2bcuC36jpHHD8SY0gfP_DuS0osLgZAM HTTP/1.1" 200 3664
172.16.3.7 - - [06/Mar/2026:12:02:24 +0100] "HEAD /rhn/manager/download/sle-module-basesystem15-sp7-pool-x86_64/getPackage/NULL/3d9c0dff6e47be0c931e720959eff43a9dabe4e0011ae0fb6122bceade805668/pcsc-lite-1.9.4-150400.3.2.1.x86_64.rpm?eyJhbGciOiJIUzI1NiJ9.eyJqdGkiOiJ5NG9mRy12c0ROZ2dwVGpVbVB1WTRnIiwiZXhwIjoxODA0MzMwODU0LCJpYXQiOjE3NzI3OTQ4NTQsIm5iZiI6MTc3Mjc5NDczNCwib3JnIjoxLCJvbmx5Q2hhbm5lbHMiOlsic2xlLW1vZHVsZS1iYXNlc3lzdGVtMTUtc3A3LXBvb2wteDg2XzY0Il19.0ntCBdEJ0m0b2bcuC36jpHHD8SY0gfP_DuS0osLgZAM HTTP/1.1" 200 -
172.16.3.5 - - [06/Mar/2026:12:02:24 +0100] "GET /rhn/systems/details/history/Pending.do?sid=1000010002& HTTP/1.1" 200 40632
172.16.3.7 - - [06/Mar/2026:12:02:24 +0100] "GET /rhn/manager/download/sle-module-basesystem15-sp7-pool-x86_64/getPackage/NULL/3d9c0dff6e47be0c931e720959eff43a9dabe4e0011ae0fb6122bceade805668/pcsc-lite-1.9.4-150400.3.2.1.x86_64.rpm?eyJhbGciOiJIUzI1NiJ9.eyJqdGkiOiJ5NG9mRy12c0ROZ2dwVGpVbVB1WTRnIiwiZXhwIjoxODA0MzMwODU0LCJpYXQiOjE3NzI3OTQ4NTQsIm5iZiI6MTc3Mjc5NDczNCwib3JnIjoxLCJvbmx5Q2hhbm5lbHMiOlsic2xlLW1vZHVsZS1iYXNlc3lzdGVtMTUtc3A3LXBvb2wteDg2XzY0Il19.0ntCBdEJ0m0b2bcuC36jpHHD8SY0gfP_DuS0osLgZAM HTTP/1.1" 200 3664
172.16.3.5 - - [06/Mar/2026:12:02:24 +0100] "POST /rhn/manager/frontend-log HTTP/1.1" 200 16
172.16.3.7 - - [06/Mar/2026:12:02:24 +0100] "HEAD /rhn/manager/download/sle-module-basesystem15-sp7-pool-x86_64/getPackage/NULL/8ada9caabcd96718b70ab0fb11967de1b1df246901614124ba423e38f1c18059/rdma-core-54.0-150700.1.9.x86_64.rpm?eyJhbGciOiJIUzI1NiJ9.eyJqdGkiOiJ5NG9mRy12c0ROZ2dwVGpVbVB1WTRnIiwiZXhwIjoxODA0MzMwODU0LCJpYXQiOjE3NzI3OTQ4NTQsIm5iZiI6MTc3Mjc5NDczNCwib3JnIjoxLCJvbmx5Q2hhbm5lbHMiOlsic2xlLW1vZHVsZS1iYXNlc3lzdGVtMTUtc3A3LXBvb2wteDg2XzY0Il19.0ntCBdEJ0m0b2bcuC36jpHHD8SY0gfP_DuS0osLgZAM HTTP/1.1" 200 -
172.16.3.5 - - [06/Mar/2026:12:02:24 +0100] "GET /rhn/systems/details/history/History.do?sid=1000010001& HTTP/1.1" 200 45139
172.16.3.5 - - [06/Mar/2026:12:02:23 +0100] "POST /rhn/manager/frontend-log HTTP/1.1" 200 16
172.16.3.7 - - [06/Mar/2026:12:02:24 +0100] "GET /rhn/manager/download/sle-module-basesystem15-sp7-pool-x86_64/getPackage/NULL/8ada9caabcd96718b70ab0fb11967de1b1df246901614124ba423e38f1c18059/rdma-core-54.0-150700.1.9.x86_64.rpm?eyJhbGciOiJIUzI1NiJ9.eyJqdGkiOiJ5NG9mRy12c0ROZ2dwVGpVbVB1WTRnIiwiZXhwIjoxODA0MzMwODU0LCJpYXQiOjE3NzI3OTQ4NTQsIm5iZiI6MTc3Mjc5NDczNCwib3JnIjoxLCJvbmx5Q2hhbm5lbHMiOlsic2xlLW1vZHVsZS1iYXNlc3lzdGVtMTUtc3A3LXBvb2wteDg2XzY0Il19.0ntCBdEJ0m0b2bcuC36jpHHD8SY0gfP_DuS0osLgZAM HTTP/1.1" 200 3664
127.0.0.1 - - [06/Mar/2026:12:02:24 +0100] "GET /rhn/websocket/notifications HTTP/1.1" 101 -
172.16.3.7 - - [06/Mar/2026:12:02:24 +0100] "HEAD /rhn/manager/download/sle-module-basesystem15-sp7-pool-x86_64/getPackage/NULL/5f70afff969ae9d34982bf920c536d8b586a7d1b96f89708a60e4b4d2d018354/liblttng-ust0-2.12.0-1.30.x86_64.rpm?eyJhbGciOiJIUzI1NiJ9.eyJqdGkiOiJ5NG9mRy12c0ROZ2dwVGpVbVB1WTRnIiwiZXhwIjoxODA0MzMwODU0LCJpYXQiOjE3NzI3OTQ4NTQsIm5iZiI6MTc3Mjc5NDczNCwib3JnIjoxLCJvbmx5Q2hhbm5lbHMiOlsic2xlLW1vZHVsZS1iYXNlc3lzdGVtMTUtc3A3LXBvb2wteDg2XzY0Il19.0ntCBdEJ0m0b2bcuC36jpHHD8SY0gfP_DuS0osLgZAM HTTP/1.1" 200 -
127.0.0.1 - - [06/Mar/2026:12:02:24 +0100] "GET /rhn/websocket/notifications HTTP/1.1" 101 -
172.16.3.5 - - [06/Mar/2026:12:02:24 +0100] "POST /rhn/manager/frontend-log HTTP/1.1" 200 16
172.16.3.7 - - [06/Mar/2026:12:02:25 +0100] "GET /rhn/manager/download/sle-module-basesystem15-sp7-pool-x86_64/getPackage/NULL/5f70afff969ae9d34982bf920c536d8b586a7d1b96f89708a60e4b4d2d018354/liblttng-ust0-2.12.0-1.30.x86_64.rpm?eyJhbGciOiJIUzI1NiJ9.eyJqdGkiOiJ5NG9mRy12c0ROZ2dwVGpVbVB1WTRnIiwiZXhwIjoxODA0MzMwODU0LCJpYXQiOjE3NzI3OTQ4NTQsIm5iZiI6MTc3Mjc5NDczNCwib3JnIjoxLCJvbmx5Q2hhbm5lbHMiOlsic2xlLW1vZHVsZS1iYXNlc3lzdGVtMTUtc3A3LXBvb2wteDg2XzY0Il19.0ntCBdEJ0m0b2bcuC36jpHHD8SY0gfP_DuS0osLgZAM HTTP/1.1" 200 3664
172.16.3.5 - - [06/Mar/2026:12:02:24 +0100] "POST /rhn/manager/frontend-log HTTP/1.1" 200 16
172.16.3.7 - - [06/Mar/2026:12:02:25 +0100] "HEAD /rhn/manager/download/sle-module-basesystem15-sp7-pool-x86_64/getPackage/NULL/cd529db3e49b8587d38fdf519415d4983a0c78769615e6126f58f3ee2ba42a5b/libasound2-1.2.10-150600.2.3.x86_64.rpm?eyJhbGciOiJIUzI1NiJ9.eyJqdGkiOiJ5NG9mRy12c0ROZ2dwVGpVbVB1WTRnIiwiZXhwIjoxODA0MzMwODU0LCJpYXQiOjE3NzI3OTQ4NTQsIm5iZiI6MTc3Mjc5NDczNCwib3JnIjoxLCJvbmx5Q2hhbm5lbHMiOlsic2xlLW1vZHVsZS1iYXNlc3lzdGVtMTUtc3A3LXBvb2wteDg2XzY0Il19.0ntCBdEJ0m0b2bcuC36jpHHD8SY0gfP_DuS0osLgZAM HTTP/1.1" 200 -
172.16.3.7 - - [06/Mar/2026:12:02:25 +0100] "GET /rhn/manager/download/sle-module-basesystem15-sp7-pool-x86_64/getPackage/NULL/cd529db3e49b8587d38fdf519415d4983a0c78769615e6126f58f3ee2ba42a5b/libasound2-1.2.10-150600.2.3.x86_64.rpm?eyJhbGciOiJIUzI1NiJ9.eyJqdGkiOiJ5NG9mRy12c0ROZ2dwVGpVbVB1WTRnIiwiZXhwIjoxODA0MzMwODU0LCJpYXQiOjE3NzI3OTQ4NTQsIm5iZiI6MTc3Mjc5NDczNCwib3JnIjoxLCJvbmx5Q2hhbm5lbHMiOlsic2xlLW1vZHVsZS1iYXNlc3lzdGVtMTUtc3A3LXBvb2wteDg2XzY0Il19.0ntCBdEJ0m0b2bcuC36jpHHD8SY0gfP_DuS0osLgZAM HTTP/1.1" 200 3663
172.16.3.7 - - [06/Mar/2026:12:02:25 +0100] "HEAD /rhn/manager/download/sle-module-basesystem15-sp7-pool-x86_64/getPackage/NULL/862df2244f23f3ef1941a66227caf097d6066a0e8469018745a0b9cceadd3f9e/xkeyboard-config-2.42-150700.1.1.noarch.rpm?eyJhbGciOiJIUzI1NiJ9.eyJqdGkiOiJ5NG9mRy12c0ROZ2dwVGpVbVB1WTRnIiwiZXhwIjoxODA0MzMwODU0LCJpYXQiOjE3NzI3OTQ4NTQsIm5iZiI6MTc3Mjc5NDczNCwib3JnIjoxLCJvbmx5Q2hhbm5lbHMiOlsic2xlLW1vZHVsZS1iYXNlc3lzdGVtMTUtc3A3LXBvb2wteDg2XzY0Il19.0ntCBdEJ0m0b2bcuC36jpHHD8SY0gfP_DuS0osLgZAM HTTP/1.1" 200 -
127.0.0.1 - - [06/Mar/2026:12:02:25 +0100] "GET /rhn/websocket/notifications HTTP/1.1" 101 -
172.16.3.7 - - [06/Mar/2026:12:02:25 +0100] "GET /rhn/manager/download/sle-module-basesystem15-sp7-pool-x86_64/getPackage/NULL/862df2244f23f3ef1941a66227caf097d6066a0e8469018745a0b9cceadd3f9e/xkeyboard-config-2.42-150700.1.1.noarch.rpm?eyJhbGciOiJIUzI1NiJ9.eyJqdGkiOiJ5NG9mRy12c0ROZ2dwVGpVbVB1WTRnIiwiZXhwIjoxODA0MzMwODU0LCJpYXQiOjE3NzI3OTQ4NTQsIm5iZiI6MTc3Mjc5NDczNCwib3JnIjoxLCJvbmx5Q2hhbm5lbHMiOlsic2xlLW1vZHVsZS1iYXNlc3lzdGVtMTUtc3A3LXBvb2wteDg2XzY0Il19.0ntCBdEJ0m0b2bcuC36jpHHD8SY0gfP_DuS0osLgZAM HTTP/1.1" 200 3664
172.16.3.5 - - [06/Mar/2026:12:02:25 +0100] "POST /rhn/manager/frontend-log HTTP/1.1" 200 16
172.16.3.5 - - [06/Mar/2026:12:02:24 +0100] "GET /rhn/systems/details/history/Event.do?sid=1000010004&aid=26 HTTP/1.1" 200 38146
172.16.3.7 - - [06/Mar/2026:12:02:25 +0100] "HEAD /rhn/manager/download/sle-module-basesystem15-sp7-pool-x86_64/getPackage/NULL/4e65625cd30e305210b1efe8f5cd584c305ceca98e2d805bb9cc0a66e5d7a170/skopeo-zsh-completion-1.14.4-150300.11.22.1.noarch.rpm?eyJhbGciOiJIUzI1NiJ9.eyJqdGkiOiJ5NG9mRy12c0ROZ2dwVGpVbVB1WTRnIiwiZXhwIjoxODA0MzMwODU0LCJpYXQiOjE3NzI3OTQ4NTQsIm5iZiI6MTc3Mjc5NDczNCwib3JnIjoxLCJvbmx5Q2hhbm5lbHMiOlsic2xlLW1vZHVsZS1iYXNlc3lzdGVtMTUtc3A3LXBvb2wteDg2XzY0Il19.0ntCBdEJ0m0b2bcuC36jpHHD8SY0gfP_DuS0osLgZAM HTTP/1.1" 200 -
172.16.3.5 - - [06/Mar/2026:12:02:24 +0100] "GET /rhn/systems/details/history/Pending.do?sid=1000010005& HTTP/1.1" 200 37863
172.16.3.7 - - [06/Mar/2026:12:02:25 +0100] "GET /rhn/manager/download/sle-module-basesystem15-sp7-pool-x86_64/getPackage/NULL/4e65625cd30e305210b1efe8f5cd584c305ceca98e2d805bb9cc0a66e5d7a170/skopeo-zsh-completion-1.14.4-150300.11.22.1.noarch.rpm?eyJhbGciOiJIUzI1NiJ9.eyJqdGkiOiJ5NG9mRy12c0ROZ2dwVGpVbVB1WTRnIiwiZXhwIjoxODA0MzMwODU0LCJpYXQiOjE3NzI3OTQ4NTQsIm5iZiI6MTc3Mjc5NDczNCwib3JnIjoxLCJvbmx5Q2hhbm5lbHMiOlsic2xlLW1vZHVsZS1iYXNlc3lzdGVtMTUtc3A3LXBvb2wteDg2XzY0Il19.0ntCBdEJ0m0b2bcuC36jpHHD8SY0gfP_DuS0osLgZAM HTTP/1.1" 200 3664
172.16.3.7 - - [06/Mar/2026:12:02:25 +0100] "HEAD /rhn/manager/download/sle-module-basesystem15-sp7-pool-x86_64/getPackage/NULL/00875c6eb07e76f347a9f8589543f99092163c4b80a4c5160af5c209e1705bf3/sg3_utils-1.48+11.56e7b2f-150600.3.3.11.x86_64.rpm?eyJhbGciOiJIUzI1NiJ9.eyJqdGkiOiJ5NG9mRy12c0ROZ2dwVGpVbVB1WTRnIiwiZXhwIjoxODA0MzMwODU0LCJpYXQiOjE3NzI3OTQ4NTQsIm5iZiI6MTc3Mjc5NDczNCwib3JnIjoxLCJvbmx5Q2hhbm5lbHMiOlsic2xlLW1vZHVsZS1iYXNlc3lzdGVtMTUtc3A3LXBvb2wteDg2XzY0Il19.0ntCBdEJ0m0b2bcuC36jpHHD8SY0gfP_DuS0osLgZAM HTTP/1.1" 200 -
172.16.3.7 - - [06/Mar/2026:12:02:25 +0100] "GET /rhn/manager/download/sle-module-basesystem15-sp7-pool-x86_64/getPackage/NULL/00875c6eb07e76f347a9f8589543f99092163c4b80a4c5160af5c209e1705bf3/sg3_utils-1.48+11.56e7b2f-150600.3.3.11.x86_64.rpm?eyJhbGciOiJIUzI1NiJ9.eyJqdGkiOiJ5NG9mRy12c0ROZ2dwVGpVbVB1WTRnIiwiZXhwIjoxODA0MzMwODU0LCJpYXQiOjE3NzI3OTQ4NTQsIm5iZiI6MTc3Mjc5NDczNCwib3JnIjoxLCJvbmx5Q2hhbm5lbHMiOlsic2xlLW1vZHVsZS1iYXNlc3lzdGVtMTUtc3A3LXBvb2wteDg2XzY0Il19.0ntCBdEJ0m0b2bcuC36jpHHD8SY0gfP_DuS0osLgZAM HTTP/1.1" 200 3664
172.16.3.7 - - [06/Mar/2026:12:02:25 +0100] "HEAD /rhn/manager/download/sle-module-basesystem15-sp7-pool-x86_64/getPackage/NULL/e8b9c1d1949edf3caaf86ca1d50c611a1e22586a4fa8234e40f79ac52332039c/libisoburn1-1.5.6-150600.1.6.x86_64.rpm?eyJhbGciOiJIUzI1NiJ9.eyJqdGkiOiJ5NG9mRy12c0ROZ2dwVGpVbVB1WTRnIiwiZXhwIjoxODA0MzMwODU0LCJpYXQiOjE3NzI3OTQ4NTQsIm5iZiI6MTc3Mjc5NDczNCwib3JnIjoxLCJvbmx5Q2hhbm5lbHMiOlsic2xlLW1vZHVsZS1iYXNlc3lzdGVtMTUtc3A3LXBvb2wteDg2XzY0Il19.0ntCBdEJ0m0b2bcuC36jpHHD8SY0gfP_DuS0osLgZAM HTTP/1.1" 200 -
172.16.3.7 - - [06/Mar/2026:12:02:25 +0100] "GET /rhn/manager/download/sle-module-basesystem15-sp7-pool-x86_64/getPackage/NULL/e8b9c1d1949edf3caaf86ca1d50c611a1e22586a4fa8234e40f79ac52332039c/libisoburn1-1.5.6-150600.1.6.x86_64.rpm?eyJhbGciOiJIUzI1NiJ9.eyJqdGkiOiJ5NG9mRy12c0ROZ2dwVGpVbVB1WTRnIiwiZXhwIjoxODA0MzMwODU0LCJpYXQiOjE3NzI3OTQ4NTQsIm5iZiI6MTc3Mjc5NDczNCwib3JnIjoxLCJvbmx5Q2hhbm5lbHMiOlsic2xlLW1vZHVsZS1iYXNlc3lzdGVtMTUtc3A3LXBvb2wteDg2XzY0Il19.0ntCBdEJ0m0b2bcuC36jpHHD8SY0gfP_DuS0osLgZAM HTTP/1.1" 200 3663
172.16.3.7 - - [06/Mar/2026:12:02:25 +0100] "HEAD /rhn/manager/download/sle-module-basesystem15-sp7-pool-x86_64/getPackage/NULL/07abaa531b0b0c4de28e2341e44ae8b71f34b4b4f997fa736d6b3910e758b243/javapackages-tools-6.3.4-150200.3.15.1.x86_64.rpm?eyJhbGciOiJIUzI1NiJ9.eyJqdGkiOiJ5NG9mRy12c0ROZ2dwVGpVbVB1WTRnIiwiZXhwIjoxODA0MzMwODU0LCJpYXQiOjE3NzI3OTQ4NTQsIm5iZiI6MTc3Mjc5NDczNCwib3JnIjoxLCJvbmx5Q2hhbm5lbHMiOlsic2xlLW1vZHVsZS1iYXNlc3lzdGVtMTUtc3A3LXBvb2wteDg2XzY0Il19.0ntCBdEJ0m0b2bcuC36jpHHD8SY0gfP_DuS0osLgZAM HTTP/1.1" 200 -
127.0.0.1 - - [06/Mar/2026:12:02:25 +0100] "GET /rhn/websocket/notifications HTTP/1.1" 101 -
172.16.3.5 - - [06/Mar/2026:12:02:25 +0100] "POST /rhn/manager/frontend-log HTTP/1.1" 200 16
172.16.3.7 - - [06/Mar/2026:12:02:25 +0100] "GET /rhn/manager/download/sle-module-basesystem15-sp7-pool-x86_64/getPackage/NULL/07abaa531b0b0c4de28e2341e44ae8b71f34b4b4f997fa736d6b3910e758b243/javapackages-tools-6.3.4-150200.3.15.1.x86_64.rpm?eyJhbGciOiJIUzI1NiJ9.eyJqdGkiOiJ5NG9mRy12c0ROZ2dwVGpVbVB1WTRnIiwiZXhwIjoxODA0MzMwODU0LCJpYXQiOjE3NzI3OTQ4NTQsIm5iZiI6MTc3Mjc5NDczNCwib3JnIjoxLCJvbmx5Q2hhbm5lbHMiOlsic2xlLW1vZHVsZS1iYXNlc3lzdGVtMTUtc3A3LXBvb2wteDg2XzY0Il19.0ntCBdEJ0m0b2bcuC36jpHHD8SY0gfP_DuS0osLgZAM HTTP/1.1" 200 3664
127.0.0.1 - - [06/Mar/2026:12:02:25 +0100] "GET /rhn/websocket/notifications HTTP/1.1" 101 -
172.16.3.7 - - [06/Mar/2026:12:02:25 +0100] "HEAD /rhn/manager/download/sle-module-basesystem15-sp7-pool-x86_64/getPackage/NULL/c26dc3f61181a851b9765347c1acddb3075e4ff675f7dedd9f2422433b3b73e5/xkeyboard-config-lang-2.42-150700.1.1.noarch.rpm?eyJhbGciOiJIUzI1NiJ9.eyJqdGkiOiJ5NG9mRy12c0ROZ2dwVGpVbVB1WTRnIiwiZXhwIjoxODA0MzMwODU0LCJpYXQiOjE3NzI3OTQ4NTQsIm5iZiI6MTc3Mjc5NDczNCwib3JnIjoxLCJvbmx5Q2hhbm5lbHMiOlsic2xlLW1vZHVsZS1iYXNlc3lzdGVtMTUtc3A3LXBvb2wteDg2XzY0Il19.0ntCBdEJ0m0b2bcuC36jpHHD8SY0gfP_DuS0osLgZAM HTTP/1.1" 200 -
172.16.3.7 - - [06/Mar/2026:12:02:25 +0100] "GET /rhn/manager/download/sle-module-basesystem15-sp7-pool-x86_64/getPackage/NULL/c26dc3f61181a851b9765347c1acddb3075e4ff675f7dedd9f2422433b3b73e5/xkeyboard-config-lang-2.42-150700.1.1.noarch.rpm?eyJhbGciOiJIUzI1NiJ9.eyJqdGkiOiJ5NG9mRy12c0ROZ2dwVGpVbVB1WTRnIiwiZXhwIjoxODA0MzMwODU0LCJpYXQiOjE3NzI3OTQ4NTQsIm5iZiI6MTc3Mjc5NDczNCwib3JnIjoxLCJvbmx5Q2hhbm5lbHMiOlsic2xlLW1vZHVsZS1iYXNlc3lzdGVtMTUtc3A3LXBvb2wteDg2XzY0Il19.0ntCBdEJ0m0b2bcuC36jpHHD8SY0gfP_DuS0osLgZAM HTTP/1.1" 200 3664
172.16.3.5 - - [06/Mar/2026:12:02:25 +0100] "POST /rhn/manager/frontend-log HTTP/1.1" 200 16
172.16.3.7 - - [06/Mar/2026:12:02:25 +0100] "HEAD /rhn/manager/download/sle-module-basesystem15-sp7-pool-x86_64/getPackage/NULL/aeb895d4f8173ba7e0da6e9b4e57b49d6cb90dd57572d1b958665fe9ad6ce859/libxkbcommon0-1.5.0-150600.3.3.1.x86_64.rpm?eyJhbGciOiJIUzI1NiJ9.eyJqdGkiOiJ5NG9mRy12c0ROZ2dwVGpVbVB1WTRnIiwiZXhwIjoxODA0MzMwODU0LCJpYXQiOjE3NzI3OTQ4NTQsIm5iZiI6MTc3Mjc5NDczNCwib3JnIjoxLCJvbmx5Q2hhbm5lbHMiOlsic2xlLW1vZHVsZS1iYXNlc3lzdGVtMTUtc3A3LXBvb2wteDg2XzY0Il19.0ntCBdEJ0m0b2bcuC36jpHHD8SY0gfP_DuS0osLgZAM HTTP/1.1" 200 -
172.16.3.7 - - [06/Mar/2026:12:02:26 +0100] "GET /rhn/manager/download/sle-module-basesystem15-sp7-pool-x86_64/getPackage/NULL/aeb895d4f8173ba7e0da6e9b4e57b49d6cb90dd57572d1b958665fe9ad6ce859/libxkbcommon0-1.5.0-150600.3.3.1.x86_64.rpm?eyJhbGciOiJIUzI1NiJ9.eyJqdGkiOiJ5NG9mRy12c0ROZ2dwVGpVbVB1WTRnIiwiZXhwIjoxODA0MzMwODU0LCJpYXQiOjE3NzI3OTQ4NTQsIm5iZiI6MTc3Mjc5NDczNCwib3JnIjoxLCJvbmx5Q2hhbm5lbHMiOlsic2xlLW1vZHVsZS1iYXNlc3lzdGVtMTUtc3A3LXBvb2wteDg2XzY0Il19.0ntCBdEJ0m0b2bcuC36jpHHD8SY0gfP_DuS0osLgZAM HTTP/1.1" 200 3664
172.16.3.7 - - [06/Mar/2026:12:02:26 +0100] "HEAD /rhn/manager/download/sle-module-basesystem15-sp7-pool-x86_64/getPackage/NULL/b8eba9e9deb667e95fb25b50b0e98df1ac01e8b4a891a79e509f3c22057d80fa/xorriso-1.5.6-150600.1.6.x86_64.rpm?eyJhbGciOiJIUzI1NiJ9.eyJqdGkiOiJ5NG9mRy12c0ROZ2dwVGpVbVB1WTRnIiwiZXhwIjoxODA0MzMwODU0LCJpYXQiOjE3NzI3OTQ4NTQsIm5iZiI6MTc3Mjc5NDczNCwib3JnIjoxLCJvbmx5Q2hhbm5lbHMiOlsic2xlLW1vZHVsZS1iYXNlc3lzdGVtMTUtc3A3LXBvb2wteDg2XzY0Il19.0ntCBdEJ0m0b2bcuC36jpHHD8SY0gfP_DuS0osLgZAM HTTP/1.1" 200 -
172.16.3.7 - - [06/Mar/2026:12:02:26 +0100] "GET /rhn/manager/download/sle-module-basesystem15-sp7-pool-x86_64/getPackage/NULL/b8eba9e9deb667e95fb25b50b0e98df1ac01e8b4a891a79e509f3c22057d80fa/xorriso-1.5.6-150600.1.6.x86_64.rpm?eyJhbGciOiJIUzI1NiJ9.eyJqdGkiOiJ5NG9mRy12c0ROZ2dwVGpVbVB1WTRnIiwiZXhwIjoxODA0MzMwODU0LCJpYXQiOjE3NzI3OTQ4NTQsIm5iZiI6MTc3Mjc5NDczNCwib3JnIjoxLCJvbmx5Q2hhbm5lbHMiOlsic2xlLW1vZHVsZS1iYXNlc3lzdGVtMTUtc3A3LXBvb2wteDg2XzY0Il19.0ntCBdEJ0m0b2bcuC36jpHHD8SY0gfP_DuS0osLgZAM HTTP/1.1" 200 3664
172.16.3.7 - - [06/Mar/2026:12:02:26 +0100] "HEAD /rhn/manager/download/sle-module-basesystem15-sp7-updates-x86_64/getPackage/NULL/4edd65b8d585200a25bbe15ae05d61107ba2c33c701729b3a11cb437c84dc5cb/umoci-0.6.0-150000.3.20.1.x86_64.rpm?eyJhbGciOiJIUzI1NiJ9.eyJqdGkiOiJJelB5UW10V3NINl9iZE0xZElvQ1lnIiwiZXhwIjoxODA0MzMwODU0LCJpYXQiOjE3NzI3OTQ4NTQsIm5iZiI6MTc3Mjc5NDczNCwib3JnIjoxLCJvbmx5Q2hhbm5lbHMiOlsic2xlLW1vZHVsZS1iYXNlc3lzdGVtMTUtc3A3LXVwZGF0ZXMteDg2XzY0Il19.PdehXWSaEbomL5fb7vAqU-xdjs6uhB1FePKjEl1-WcE HTTP/1.1" 200 -
172.16.3.7 - - [06/Mar/2026:12:02:26 +0100] "GET /rhn/manager/download/sle-module-basesystem15-sp7-updates-x86_64/getPackage/NULL/4edd65b8d585200a25bbe15ae05d61107ba2c33c701729b3a11cb437c84dc5cb/umoci-0.6.0-150000.3.20.1.x86_64.rpm?eyJhbGciOiJIUzI1NiJ9.eyJqdGkiOiJJelB5UW10V3NINl9iZE0xZElvQ1lnIiwiZXhwIjoxODA0MzMwODU0LCJpYXQiOjE3NzI3OTQ4NTQsIm5iZiI6MTc3Mjc5NDczNCwib3JnIjoxLCJvbmx5Q2hhbm5lbHMiOlsic2xlLW1vZHVsZS1iYXNlc3lzdGVtMTUtc3A3LXVwZGF0ZXMteDg2XzY0Il19.PdehXWSaEbomL5fb7vAqU-xdjs6uhB1FePKjEl1-WcE HTTP/1.1" 200 3664
172.16.3.5 - - [06/Mar/2026:12:02:25 +0100] "GET /rhn/systems/details/history/Event.do?sid=1000010001&aid=29 HTTP/1.1" 200 38200
