::1 - - [04/Mar/2026:16:24:37 +0100] "POST /rhn/rpc/api HTTP/1.1" 200 138
::1 - - [04/Mar/2026:16:24:37 +0100] "POST /rhn/rpc/api HTTP/1.1" 200 138
::1 - - [04/Mar/2026:16:24:37 +0100] "POST /rhn/rpc/api HTTP/1.1" 200 138
::1 - - [04/Mar/2026:16:24:37 +0100] "POST /rhn/rpc/api HTTP/1.1" 200 138
::1 - - [04/Mar/2026:16:24:38 +0100] "POST /rhn/rpc/api HTTP/1.1" 200 138
::1 - - [04/Mar/2026:16:24:38 +0100] "POST /rhn/rpc/api HTTP/1.1" 200 138
::1 - - [04/Mar/2026:16:24:38 +0100] "POST /rhn/rpc/api HTTP/1.1" 200 138
::1 - - [04/Mar/2026:16:24:38 +0100] "POST /rhn/rpc/api HTTP/1.1" 200 138
::1 - - [04/Mar/2026:16:24:38 +0100] "POST /rhn/rpc/api HTTP/1.1" 200 138
::1 - - [04/Mar/2026:16:24:38 +0100] "POST /rhn/rpc/api HTTP/1.1" 200 138
::1 - - [04/Mar/2026:16:24:38 +0100] "POST /rhn/rpc/api HTTP/1.1" 200 138
::1 - - [04/Mar/2026:16:24:38 +0100] "POST /rhn/rpc/api HTTP/1.1" 200 138
::1 - - [04/Mar/2026:16:24:38 +0100] "POST /rhn/rpc/api HTTP/1.1" 200 138
::1 - - [04/Mar/2026:16:24:38 +0100] "POST /rhn/rpc/api HTTP/1.1" 200 138
::1 - - [04/Mar/2026:16:24:39 +0100] "POST /rhn/rpc/api HTTP/1.1" 200 138
::1 - - [04/Mar/2026:16:24:39 +0100] "POST /rhn/rpc/api HTTP/1.1" 200 138
::1 - - [04/Mar/2026:16:24:39 +0100] "POST /rhn/rpc/api HTTP/1.1" 200 138
::1 - - [04/Mar/2026:16:24:39 +0100] "POST /rhn/rpc/api HTTP/1.1" 200 138
::1 - - [04/Mar/2026:16:24:39 +0100] "POST /rhn/rpc/api HTTP/1.1" 200 138
::1 - - [04/Mar/2026:16:24:39 +0100] "POST /rhn/rpc/api HTTP/1.1" 200 138
::1 - - [04/Mar/2026:16:24:39 +0100] "POST /rhn/rpc/api HTTP/1.1" 200 138
::1 - - [04/Mar/2026:16:24:39 +0100] "POST /rhn/rpc/api HTTP/1.1" 200 138
::1 - - [04/Mar/2026:16:24:39 +0100] "POST /rhn/rpc/api HTTP/1.1" 200 138
::1 - - [04/Mar/2026:16:24:40 +0100] "POST /rhn/rpc/api HTTP/1.1" 200 138
::1 - - [04/Mar/2026:16:24:40 +0100] "POST /rhn/rpc/api HTTP/1.1" 200 138
::1 - - [04/Mar/2026:16:24:40 +0100] "POST /rhn/rpc/api HTTP/1.1" 200 138
::1 - - [04/Mar/2026:16:24:40 +0100] "POST /rhn/rpc/api HTTP/1.1" 200 1313
::1 - - [04/Mar/2026:16:24:40 +0100] "POST /rhn/rpc/api HTTP/1.1" 200 138
::1 - - [04/Mar/2026:16:24:40 +0100] "POST /rhn/rpc/api HTTP/1.1" 200 2725
::1 - - [04/Mar/2026:16:24:40 +0100] "POST /rhn/rpc/api HTTP/1.1" 200 422
::1 - - [04/Mar/2026:16:24:40 +0100] "POST /rhn/rpc/api HTTP/1.1" 200 1313
::1 - - [04/Mar/2026:16:24:41 +0100] "POST /rhn/rpc/api HTTP/1.1" 200 128
::1 - - [04/Mar/2026:16:24:42 +0100] "POST /rhn/rpc/api HTTP/1.1" 200 202
::1 - - [04/Mar/2026:16:24:42 +0100] "POST /rhn/rpc/api HTTP/1.1" 200 1157
::1 - - [04/Mar/2026:16:24:42 +0100] "POST /rhn/rpc/api HTTP/1.1" 200 138
::1 - - [04/Mar/2026:16:24:42 +0100] "POST /rhn/rpc/api HTTP/1.1" 200 138
::1 - - [04/Mar/2026:16:24:42 +0100] "POST /rhn/rpc/api HTTP/1.1" 200 138
::1 - - [04/Mar/2026:16:24:42 +0100] "GET /rhn/manager/login HTTP/1.1" 302 -
::1 - - [04/Mar/2026:16:24:42 +0100] "POST /rhn/rpc/api HTTP/1.1" 200 138
::1 - - [04/Mar/2026:16:24:42 +0100] "POST /rhn/rpc/api HTTP/1.1" 200 138
::1 - - [04/Mar/2026:16:24:42 +0100] "POST /rhn/rpc/api HTTP/1.1" 200 138
::1 - - [04/Mar/2026:16:24:43 +0100] "POST /rhn/rpc/api HTTP/1.1" 200 138
::1 - - [04/Mar/2026:16:24:43 +0100] "POST /rhn/rpc/api HTTP/1.1" 200 138
::1 - - [04/Mar/2026:16:24:43 +0100] "POST /rhn/rpc/api HTTP/1.1" 200 138
::1 - - [04/Mar/2026:16:24:43 +0100] "POST /rhn/rpc/api HTTP/1.1" 200 138
::1 - - [04/Mar/2026:16:24:43 +0100] "POST /rhn/rpc/api HTTP/1.1" 200 138
::1 - - [04/Mar/2026:16:24:43 +0100] "POST /rhn/rpc/api HTTP/1.1" 200 138
::1 - - [04/Mar/2026:16:24:43 +0100] "POST /rhn/rpc/api HTTP/1.1" 200 138
::1 - - [04/Mar/2026:16:24:43 +0100] "POST /rhn/rpc/api HTTP/1.1" 200 138
::1 - - [04/Mar/2026:16:24:43 +0100] "POST /rhn/rpc/api HTTP/1.1" 200 138
::1 - - [04/Mar/2026:16:24:43 +0100] "POST /rhn/rpc/api HTTP/1.1" 200 138
::1 - - [04/Mar/2026:16:24:44 +0100] "POST /rhn/rpc/api HTTP/1.1" 200 138
::1 - - [04/Mar/2026:16:24:44 +0100] "POST /rhn/rpc/api HTTP/1.1" 200 138
::1 - - [04/Mar/2026:16:24:44 +0100] "POST /rhn/rpc/api HTTP/1.1" 200 138
::1 - - [04/Mar/2026:16:24:44 +0100] "POST /rhn/rpc/api HTTP/1.1" 200 138
::1 - - [04/Mar/2026:16:24:44 +0100] "POST /rhn/rpc/api HTTP/1.1" 200 138
::1 - - [04/Mar/2026:16:24:44 +0100] "POST /rhn/rpc/api HTTP/1.1" 200 138
::1 - - [04/Mar/2026:16:24:44 +0100] "POST /rhn/rpc/api HTTP/1.1" 200 138
::1 - - [04/Mar/2026:16:24:44 +0100] "POST /rhn/rpc/api HTTP/1.1" 200 138
::1 - - [04/Mar/2026:16:24:44 +0100] "POST /rhn/rpc/api HTTP/1.1" 200 138
::1 - - [04/Mar/2026:16:24:45 +0100] "POST /rhn/rpc/api HTTP/1.1" 200 138
::1 - - [04/Mar/2026:16:24:45 +0100] "POST /rhn/rpc/api HTTP/1.1" 200 138
::1 - - [04/Mar/2026:16:24:45 +0100] "POST /rhn/rpc/api HTTP/1.1" 200 138
::1 - - [04/Mar/2026:16:24:45 +0100] "POST /rhn/rpc/api HTTP/1.1" 200 138
::1 - - [04/Mar/2026:16:24:45 +0100] "POST /rhn/rpc/api HTTP/1.1" 200 138
::1 - - [04/Mar/2026:16:24:45 +0100] "POST /rhn/rpc/api HTTP/1.1" 200 138
::1 - - [04/Mar/2026:16:24:45 +0100] "POST /rhn/rpc/api HTTP/1.1" 200 138
::1 - - [04/Mar/2026:16:24:45 +0100] "POST /rhn/rpc/api HTTP/1.1" 200 138
::1 - - [04/Mar/2026:16:24:45 +0100] "POST /rhn/rpc/api HTTP/1.1" 200 138
::1 - - [04/Mar/2026:16:24:45 +0100] "POST /rhn/rpc/api HTTP/1.1" 200 138
::1 - - [04/Mar/2026:16:24:46 +0100] "POST /rhn/rpc/api HTTP/1.1" 200 138
::1 - - [04/Mar/2026:16:24:46 +0100] "POST /rhn/rpc/api HTTP/1.1" 200 138
::1 - - [04/Mar/2026:16:24:46 +0100] "POST /rhn/rpc/api HTTP/1.1" 200 138
::1 - - [04/Mar/2026:16:24:46 +0100] "POST /rhn/rpc/api HTTP/1.1" 200 138
::1 - - [04/Mar/2026:16:24:46 +0100] "POST /rhn/rpc/api HTTP/1.1" 200 138
::1 - - [04/Mar/2026:16:24:46 +0100] "POST /rhn/rpc/api HTTP/1.1" 200 138
::1 - - [04/Mar/2026:16:24:46 +0100] "POST /rhn/rpc/api HTTP/1.1" 200 138
::1 - - [04/Mar/2026:16:24:46 +0100] "POST /rhn/rpc/api HTTP/1.1" 200 138
::1 - - [04/Mar/2026:16:24:46 +0100] "POST /rhn/rpc/api HTTP/1.1" 200 138
::1 - - [04/Mar/2026:16:24:46 +0100] "POST /rhn/rpc/api HTTP/1.1" 200 138
::1 - - [04/Mar/2026:16:24:47 +0100] "POST /rhn/rpc/api HTTP/1.1" 200 138
::1 - - [04/Mar/2026:16:24:47 +0100] "POST /rhn/rpc/api HTTP/1.1" 200 1313
::1 - - [04/Mar/2026:16:24:47 +0100] "POST /rhn/rpc/api HTTP/1.1" 200 138
::1 - - [04/Mar/2026:16:24:47 +0100] "POST /rhn/rpc/api HTTP/1.1" 200 2725
::1 - - [04/Mar/2026:16:24:47 +0100] "POST /rhn/rpc/api HTTP/1.1" 200 128
::1 - - [04/Mar/2026:16:24:47 +0100] "POST /rhn/rpc/api HTTP/1.1" 200 774
::1 - - [04/Mar/2026:16:24:47 +0100] "POST /rhn/rpc/api HTTP/1.1" 200 2817
::1 - - [04/Mar/2026:16:24:47 +0100] "POST /rhn/rpc/api HTTP/1.1" 200 128
::1 - - [04/Mar/2026:16:24:48 +0100] "POST /rhn/rpc/api HTTP/1.1" 200 1736
::1 - - [04/Mar/2026:16:24:48 +0100] "POST /rhn/rpc/api HTTP/1.1" 200 128
172.16.3.5 - - [04/Mar/2026:16:25:02 +0100] "GET /rhn/manager/login HTTP/1.1" 302 -
172.16.3.5 - - [04/Mar/2026:16:25:03 +0100] "GET /rhn/YourRhn.do HTTP/1.1" 200 36326
172.16.3.5 - - [04/Mar/2026:16:25:03 +0100] "POST /rhn/manager/frontend-log HTTP/1.1" 200 16
172.16.3.5 - - [04/Mar/2026:16:25:03 +0100] "POST /rhn/ajax/subscription-warning HTTP/1.1" 200 -
172.16.3.5 - - [04/Mar/2026:16:25:03 +0100] "POST /rhn/ajax/critical-systems HTTP/1.1" 200 2026
172.16.3.5 - - [04/Mar/2026:16:25:03 +0100] "POST /rhn/ajax/latest-errata HTTP/1.1" 200 539
172.16.3.5 - - [04/Mar/2026:16:25:03 +0100] "POST /rhn/ajax/inactive-systems HTTP/1.1" 200 540
127.0.0.1 - - [04/Mar/2026:16:25:03 +0100] "GET /rhn/websocket/notifications HTTP/1.1" 101 -
172.16.3.5 - - [04/Mar/2026:16:25:03 +0100] "POST /rhn/ajax/pending-actions HTTP/1.1" 200 636
172.16.3.5 - - [04/Mar/2026:16:25:03 +0100] "POST /rhn/ajax/tasks HTTP/1.1" 200 2232
172.16.3.5 - - [04/Mar/2026:16:25:03 +0100] "POST /rhn/ajax/systems-groups HTTP/1.1" 200 1491
172.16.3.5 - - [04/Mar/2026:16:25:03 +0100] "POST /rhn/ajax/recent-systems HTTP/1.1" 200 2059
172.16.3.5 - - [04/Mar/2026:16:25:03 +0100] "POST /rhn/manager/frontend-log HTTP/1.1" 200 16
172.16.3.5 - - [04/Mar/2026:16:25:03 +0100] "GET /rhn/manager/admin/setup/products HTTP/1.1" 200 34531
127.0.0.1 - - [04/Mar/2026:16:25:04 +0100] "GET /rhn/websocket/notifications HTTP/1.1" 101 -
172.16.3.5 - - [04/Mar/2026:16:25:04 +0100] "GET /rhn/manager/api/admin/products/metadata HTTP/1.1" 200 124
172.16.3.5 - - [04/Mar/2026:16:25:04 +0100] "POST /rhn/manager/frontend-log HTTP/1.1" 200 16
172.16.3.5 - - [04/Mar/2026:16:25:04 +0100] "GET /rhn/manager/api/admin/products HTTP/1.1" 200 31879
172.16.3.5 - - [04/Mar/2026:16:25:05 +0100] "POST /rhn/manager/admin/setup/products HTTP/1.1" 200 2
172.16.3.5 - - [04/Mar/2026:16:25:15 +0100] "GET /rhn/manager/api/admin/products/metadata HTTP/1.1" 200 124
::1 - - [04/Mar/2026:16:25:16 +0100] "POST /rhn/rpc/api HTTP/1.1" 200 138
::1 - - [04/Mar/2026:16:25:16 +0100] "POST /rhn/rpc/api HTTP/1.1" 200 151137
::1 - - [04/Mar/2026:16:25:18 +0100] "POST /rhn/rpc/api HTTP/1.1" 200 202
::1 - - [04/Mar/2026:16:25:19 +0100] "POST /rhn/rpc/api HTTP/1.1" 200 1157
::1 - - [04/Mar/2026:16:25:19 +0100] "POST /rhn/rpc/api HTTP/1.1" 200 138
::1 - - [04/Mar/2026:16:25:19 +0100] "POST /rhn/rpc/api HTTP/1.1" 200 138
::1 - - [04/Mar/2026:16:25:19 +0100] "POST /rhn/rpc/api HTTP/1.1" 200 138
::1 - - [04/Mar/2026:16:25:19 +0100] "POST /rhn/rpc/api HTTP/1.1" 200 138
::1 - - [04/Mar/2026:16:25:19 +0100] "POST /rhn/rpc/api HTTP/1.1" 200 138
::1 - - [04/Mar/2026:16:25:19 +0100] "POST /rhn/rpc/api HTTP/1.1" 200 138
::1 - - [04/Mar/2026:16:25:19 +0100] "POST /rhn/rpc/api HTTP/1.1" 200 138
::1 - - [04/Mar/2026:16:25:20 +0100] "POST /rhn/rpc/api HTTP/1.1" 200 138
::1 - - [04/Mar/2026:16:25:20 +0100] "POST /rhn/rpc/api HTTP/1.1" 200 138
::1 - - [04/Mar/2026:16:25:20 +0100] "POST /rhn/rpc/api HTTP/1.1" 200 138
::1 - - [04/Mar/2026:16:25:20 +0100] "POST /rhn/rpc/api HTTP/1.1" 200 138
::1 - - [04/Mar/2026:16:25:20 +0100] "POST /rhn/rpc/api HTTP/1.1" 200 138
::1 - - [04/Mar/2026:16:25:20 +0100] "POST /rhn/rpc/api HTTP/1.1" 200 138
::1 - - [04/Mar/2026:16:25:20 +0100] "POST /rhn/rpc/api HTTP/1.1" 200 138
::1 - - [04/Mar/2026:16:25:21 +0100] "POST /rhn/rpc/api HTTP/1.1" 200 138
::1 - - [04/Mar/2026:16:25:21 +0100] "POST /rhn/rpc/api HTTP/1.1" 200 138
::1 - - [04/Mar/2026:16:25:21 +0100] "POST /rhn/rpc/api HTTP/1.1" 200 138
::1 - - [04/Mar/2026:16:25:21 +0100] "POST /rhn/rpc/api HTTP/1.1" 200 138
::1 - - [04/Mar/2026:16:25:21 +0100] "POST /rhn/rpc/api HTTP/1.1" 200 138
::1 - - [04/Mar/2026:16:25:21 +0100] "POST /rhn/rpc/api HTTP/1.1" 200 138
::1 - - [04/Mar/2026:16:25:21 +0100] "POST /rhn/rpc/api HTTP/1.1" 200 138
::1 - - [04/Mar/2026:16:25:21 +0100] "POST /rhn/rpc/api HTTP/1.1" 200 138
::1 - - [04/Mar/2026:16:25:22 +0100] "POST /rhn/rpc/api HTTP/1.1" 200 138
::1 - - [04/Mar/2026:16:25:22 +0100] "POST /rhn/rpc/api HTTP/1.1" 200 2920
::1 - - [04/Mar/2026:16:25:22 +0100] "POST /rhn/rpc/api HTTP/1.1" 200 138
::1 - - [04/Mar/2026:16:25:22 +0100] "POST /rhn/rpc/api HTTP/1.1" 200 138
::1 - - [04/Mar/2026:16:25:22 +0100] "POST /rhn/rpc/api HTTP/1.1" 200 138
::1 - - [04/Mar/2026:16:25:22 +0100] "POST /rhn/rpc/api HTTP/1.1" 200 138
::1 - - [04/Mar/2026:16:25:22 +0100] "POST /rhn/rpc/api HTTP/1.1" 200 138
::1 - - [04/Mar/2026:16:25:23 +0100] "POST /rhn/rpc/api HTTP/1.1" 200 138
::1 - - [04/Mar/2026:16:25:23 +0100] "POST /rhn/rpc/api HTTP/1.1" 200 138
::1 - - [04/Mar/2026:16:25:23 +0100] "POST /rhn/rpc/api HTTP/1.1" 200 138
::1 - - [04/Mar/2026:16:25:23 +0100] "POST /rhn/rpc/api HTTP/1.1" 200 138
::1 - - [04/Mar/2026:16:25:23 +0100] "POST /rhn/rpc/api HTTP/1.1" 200 138
::1 - - [04/Mar/2026:16:25:23 +0100] "POST /rhn/rpc/api HTTP/1.1" 200 138
::1 - - [04/Mar/2026:16:25:23 +0100] "POST /rhn/rpc/api HTTP/1.1" 200 138
::1 - - [04/Mar/2026:16:25:24 +0100] "POST /rhn/rpc/api HTTP/1.1" 200 138
172.16.3.5 - - [04/Mar/2026:16:25:15 +0100] "GET /rhn/manager/api/admin/products HTTP/1.1" 200 31879
::1 - - [04/Mar/2026:16:25:24 +0100] "POST /rhn/rpc/api HTTP/1.1" 200 138
::1 - - [04/Mar/2026:16:25:24 +0100] "POST /rhn/rpc/api HTTP/1.1" 200 138
::1 - - [04/Mar/2026:16:25:24 +0100] "POST /rhn/rpc/api HTTP/1.1" 200 138
::1 - - [04/Mar/2026:16:25:24 +0100] "POST /rhn/rpc/api HTTP/1.1" 200 138
::1 - - [04/Mar/2026:16:25:24 +0100] "POST /rhn/rpc/api HTTP/1.1" 200 138
::1 - - [04/Mar/2026:16:25:24 +0100] "POST /rhn/rpc/api HTTP/1.1" 200 138
::1 - - [04/Mar/2026:16:25:24 +0100] "POST /rhn/rpc/api HTTP/1.1" 200 138
::1 - - [04/Mar/2026:16:25:25 +0100] "POST /rhn/rpc/api HTTP/1.1" 200 138
::1 - - [04/Mar/2026:16:25:25 +0100] "POST /rhn/rpc/api HTTP/1.1" 200 138
::1 - - [04/Mar/2026:16:25:25 +0100] "POST /rhn/rpc/api HTTP/1.1" 200 1736
::1 - - [04/Mar/2026:16:25:25 +0100] "POST /rhn/rpc/api HTTP/1.1" 200 138
::1 - - [04/Mar/2026:16:25:25 +0100] "POST /rhn/rpc/api HTTP/1.1" 200 3039
::1 - - [04/Mar/2026:16:25:25 +0100] "POST /rhn/rpc/api HTTP/1.1" 200 128
::1 - - [04/Mar/2026:16:25:26 +0100] "POST /rhn/rpc/api HTTP/1.1" 200 754
::1 - - [04/Mar/2026:16:25:26 +0100] "POST /rhn/rpc/api HTTP/1.1" 200 2786
::1 - - [04/Mar/2026:16:25:26 +0100] "POST /rhn/rpc/api HTTP/1.1" 200 128
::1 - - [04/Mar/2026:16:25:26 +0100] "POST /rhn/rpc/api HTTP/1.1" 200 2139
::1 - - [04/Mar/2026:16:25:26 +0100] "POST /rhn/rpc/api HTTP/1.1" 200 128
::1 - - [04/Mar/2026:16:25:45 +0100] "GET /rhn/manager/login HTTP/1.1" 302 -
::1 - - [04/Mar/2026:16:26:48 +0100] "GET /rhn/manager/login HTTP/1.1" 302 -
::1 - - [04/Mar/2026:16:27:51 +0100] "GET /rhn/manager/login HTTP/1.1" 302 -
::1 - - [04/Mar/2026:16:28:55 +0100] "GET /rhn/manager/login HTTP/1.1" 302 -
::1 - - [04/Mar/2026:16:30:01 +0100] "GET /rhn/manager/login HTTP/1.1" 302 -
::1 - - [04/Mar/2026:16:31:04 +0100] "GET /rhn/manager/login HTTP/1.1" 302 -
::1 - - [04/Mar/2026:16:32:08 +0100] "GET /rhn/manager/login HTTP/1.1" 302 -
::1 - - [04/Mar/2026:16:33:11 +0100] "GET /rhn/manager/login HTTP/1.1" 302 -
::1 - - [04/Mar/2026:16:34:15 +0100] "GET /rhn/manager/login HTTP/1.1" 302 -
::1 - - [04/Mar/2026:16:35:23 +0100] "GET /rhn/manager/login HTTP/1.1" 302 -
::1 - - [04/Mar/2026:16:36:26 +0100] "GET /rhn/manager/login HTTP/1.1" 302 -
::1 - - [04/Mar/2026:16:37:30 +0100] "GET /rhn/manager/login HTTP/1.1" 302 -
::1 - - [04/Mar/2026:16:38:35 +0100] "GET /rhn/manager/login HTTP/1.1" 302 -
::1 - - [04/Mar/2026:16:39:39 +0100] "GET /rhn/manager/login HTTP/1.1" 302 -
::1 - - [04/Mar/2026:16:40:44 +0100] "GET /rhn/manager/login HTTP/1.1" 302 -
::1 - - [04/Mar/2026:16:41:48 +0100] "GET /rhn/manager/login HTTP/1.1" 302 -
::1 - - [04/Mar/2026:16:42:52 +0100] "GET /rhn/manager/login HTTP/1.1" 302 -
::1 - - [04/Mar/2026:16:43:55 +0100] "GET /rhn/manager/login HTTP/1.1" 302 -
::1 - - [04/Mar/2026:16:44:58 +0100] "GET /rhn/manager/login HTTP/1.1" 302 -
::1 - - [04/Mar/2026:16:46:02 +0100] "GET /rhn/manager/login HTTP/1.1" 302 -
::1 - - [04/Mar/2026:16:47:05 +0100] "GET /rhn/manager/login HTTP/1.1" 302 -
::1 - - [04/Mar/2026:16:48:09 +0100] "GET /rhn/manager/login HTTP/1.1" 302 -
::1 - - [04/Mar/2026:16:49:14 +0100] "GET /rhn/manager/login HTTP/1.1" 302 -
::1 - - [04/Mar/2026:16:50:16 +0100] "GET /rhn/manager/login HTTP/1.1" 302 -
::1 - - [04/Mar/2026:16:51:19 +0100] "GET /rhn/manager/login HTTP/1.1" 302 -
::1 - - [04/Mar/2026:16:52:22 +0100] "GET /rhn/manager/login HTTP/1.1" 302 -
::1 - - [04/Mar/2026:16:53:26 +0100] "GET /rhn/manager/login HTTP/1.1" 302 -
::1 - - [04/Mar/2026:16:54:32 +0100] "GET /rhn/manager/login HTTP/1.1" 302 -
::1 - - [04/Mar/2026:16:55:36 +0100] "GET /rhn/manager/login HTTP/1.1" 302 -
::1 - - [04/Mar/2026:16:56:39 +0100] "GET /rhn/manager/login HTTP/1.1" 302 -
::1 - - [04/Mar/2026:16:57:42 +0100] "GET /rhn/manager/login HTTP/1.1" 302 -
::1 - - [04/Mar/2026:16:58:45 +0100] "GET /rhn/manager/login HTTP/1.1" 302 -
::1 - - [04/Mar/2026:16:59:49 +0100] "GET /rhn/manager/login HTTP/1.1" 302 -
::1 - - [04/Mar/2026:17:00:52 +0100] "GET /rhn/manager/login HTTP/1.1" 302 -
::1 - - [04/Mar/2026:17:01:55 +0100] "GET /rhn/manager/login HTTP/1.1" 302 -
::1 - - [04/Mar/2026:17:02:58 +0100] "GET /rhn/manager/login HTTP/1.1" 302 -
::1 - - [04/Mar/2026:17:04:01 +0100] "GET /rhn/manager/login HTTP/1.1" 302 -
::1 - - [04/Mar/2026:17:05:07 +0100] "GET /rhn/manager/login HTTP/1.1" 302 -
::1 - - [04/Mar/2026:17:06:11 +0100] "GET /rhn/manager/login HTTP/1.1" 302 -
::1 - - [04/Mar/2026:17:07:15 +0100] "GET /rhn/manager/login HTTP/1.1" 302 -
::1 - - [04/Mar/2026:17:08:20 +0100] "GET /rhn/manager/login HTTP/1.1" 302 -
172.16.3.5 - - [04/Mar/2026:17:08:28 +0100] "GET /rhn/manager/login HTTP/1.1" 200 2219
172.16.3.5 - - [04/Mar/2026:17:08:29 +0100] "POST /rhn/manager/frontend-log HTTP/1.1" 302 -
172.16.3.5 - - [04/Mar/2026:17:08:29 +0100] "GET /rhn/manager/login?url_bounce=%2Frhn%2Fmanager%2Ffrontend-log&request_method=POST HTTP/1.1" 200 2225
172.16.3.5 - - [04/Mar/2026:17:08:39 +0100] "POST /rhn/manager/api/login HTTP/1.1" 200 16
172.16.3.5 - - [04/Mar/2026:17:08:39 +0100] "GET /rhn/YourRhn.do HTTP/1.1" 200 36306
172.16.3.5 - - [04/Mar/2026:17:08:40 +0100] "POST /rhn/ajax/tasks HTTP/1.1" 200 2232
172.16.3.5 - - [04/Mar/2026:17:08:40 +0100] "POST /rhn/ajax/subscription-warning HTTP/1.1" 200 -
172.16.3.5 - - [04/Mar/2026:17:08:40 +0100] "POST /rhn/ajax/critical-systems HTTP/1.1" 200 2026
172.16.3.5 - - [04/Mar/2026:17:08:40 +0100] "POST /rhn/manager/frontend-log HTTP/1.1" 401 687
172.16.3.5 - - [04/Mar/2026:17:08:40 +0100] "POST /rhn/ajax/inactive-systems HTTP/1.1" 200 540
172.16.3.5 - - [04/Mar/2026:17:08:40 +0100] "POST /rhn/ajax/pending-actions HTTP/1.1" 200 636
172.16.3.5 - - [04/Mar/2026:17:08:40 +0100] "POST /rhn/ajax/latest-errata HTTP/1.1" 200 539
127.0.0.1 - - [04/Mar/2026:17:08:40 +0100] "GET /rhn/websocket/notifications HTTP/1.1" 101 -
127.0.0.1 - - [04/Mar/2026:17:08:40 +0100] "GET /rhn/websocket/notifications HTTP/1.1" 101 -
172.16.3.5 - - [04/Mar/2026:17:08:40 +0100] "POST /rhn/manager/frontend-log HTTP/1.1" 200 16
172.16.3.5 - - [04/Mar/2026:17:08:40 +0100] "POST /rhn/ajax/systems-groups HTTP/1.1" 200 1491
172.16.3.5 - - [04/Mar/2026:17:08:40 +0100] "POST /rhn/ajax/recent-systems HTTP/1.1" 200 2059
172.16.3.5 - - [04/Mar/2026:17:08:41 +0100] "POST /rhn/manager/frontend-log HTTP/1.1" 200 16
172.16.3.5 - - [04/Mar/2026:17:08:41 +0100] "GET /rhn/manager/admin/setup/products HTTP/1.1" 200 34531
172.16.3.5 - - [04/Mar/2026:17:08:41 +0100] "POST /rhn/manager/frontend-log HTTP/1.1" 200 16
127.0.0.1 - - [04/Mar/2026:17:08:41 +0100] "GET /rhn/websocket/notifications HTTP/1.1" 101 -
172.16.3.5 - - [04/Mar/2026:17:08:41 +0100] "POST /rhn/manager/frontend-log HTTP/1.1" 200 16
172.16.3.5 - - [04/Mar/2026:17:08:41 +0100] "GET /rhn/manager/api/admin/products/metadata HTTP/1.1" 200 124
127.0.0.1 - - [04/Mar/2026:17:08:42 +0100] "GET /rhn/websocket/notifications HTTP/1.1" 101 -
172.16.3.5 - - [04/Mar/2026:17:08:41 +0100] "GET /rhn/manager/api/admin/products HTTP/1.1" 200 31837
::1 - - [04/Mar/2026:17:09:22 +0100] "GET /rhn/manager/login HTTP/1.1" 302 -
172.16.3.5 - - [04/Mar/2026:17:10:18 +0100] "GET /rhn/manager/login HTTP/1.1" 200 2219
172.16.3.5 - - [04/Mar/2026:17:10:18 +0100] "POST /rhn/manager/frontend-log HTTP/1.1" 302 -
172.16.3.5 - - [04/Mar/2026:17:10:18 +0100] "GET /rhn/manager/login?url_bounce=%2Frhn%2Fmanager%2Ffrontend-log&request_method=POST HTTP/1.1" 200 2225
::1 - - [04/Mar/2026:17:10:26 +0100] "GET /rhn/manager/login HTTP/1.1" 302 -
172.16.3.5 - - [04/Mar/2026:17:10:28 +0100] "POST /rhn/manager/api/login HTTP/1.1" 200 16
172.16.3.5 - - [04/Mar/2026:17:10:28 +0100] "GET /rhn/YourRhn.do HTTP/1.1" 200 36306
172.16.3.5 - - [04/Mar/2026:17:10:28 +0100] "POST /rhn/manager/frontend-log HTTP/1.1" 401 687
172.16.3.5 - - [04/Mar/2026:17:10:28 +0100] "POST /rhn/ajax/subscription-warning HTTP/1.1" 200 -
172.16.3.5 - - [04/Mar/2026:17:10:28 +0100] "POST /rhn/ajax/critical-systems HTTP/1.1" 200 2026
172.16.3.5 - - [04/Mar/2026:17:10:29 +0100] "POST /rhn/ajax/latest-errata HTTP/1.1" 200 539
172.16.3.5 - - [04/Mar/2026:17:10:28 +0100] "POST /rhn/ajax/inactive-systems HTTP/1.1" 200 540
172.16.3.5 - - [04/Mar/2026:17:10:29 +0100] "POST /rhn/ajax/pending-actions HTTP/1.1" 200 636
127.0.0.1 - - [04/Mar/2026:17:10:29 +0100] "GET /rhn/websocket/notifications HTTP/1.1" 101 -
172.16.3.5 - - [04/Mar/2026:17:10:28 +0100] "POST /rhn/ajax/tasks HTTP/1.1" 200 2232
127.0.0.1 - - [04/Mar/2026:17:10:28 +0100] "GET /rhn/websocket/notifications HTTP/1.1" 101 -
172.16.3.5 - - [04/Mar/2026:17:10:29 +0100] "POST /rhn/ajax/systems-groups HTTP/1.1" 200 1491
172.16.3.5 - - [04/Mar/2026:17:10:29 +0100] "POST /rhn/ajax/recent-systems HTTP/1.1" 200 2059
172.16.3.5 - - [04/Mar/2026:17:10:29 +0100] "POST /rhn/manager/frontend-log HTTP/1.1" 401 687
172.16.3.5 - - [04/Mar/2026:17:10:29 +0100] "POST /rhn/manager/frontend-log HTTP/1.1" 401 687
172.16.3.5 - - [04/Mar/2026:17:10:29 +0100] "GET /rhn/manager/admin/setup/products HTTP/1.1" 200 34531
172.16.3.5 - - [04/Mar/2026:17:10:30 +0100] "POST /rhn/manager/frontend-log HTTP/1.1" 200 16
127.0.0.1 - - [04/Mar/2026:17:10:30 +0100] "GET /rhn/websocket/notifications HTTP/1.1" 101 -
172.16.3.5 - - [04/Mar/2026:17:10:30 +0100] "GET /rhn/manager/api/admin/products/metadata HTTP/1.1" 200 124
172.16.3.5 - - [04/Mar/2026:17:10:30 +0100] "POST /rhn/manager/frontend-log HTTP/1.1" 200 16
127.0.0.1 - - [04/Mar/2026:17:10:30 +0100] "GET /rhn/websocket/notifications HTTP/1.1" 101 -
172.16.3.5 - - [04/Mar/2026:17:10:30 +0100] "GET /rhn/manager/api/admin/products HTTP/1.1" 200 31837
172.16.3.5 - - [04/Mar/2026:17:10:32 +0100] "GET /rhn/manager/login HTTP/1.1" 302 -
172.16.3.5 - - [04/Mar/2026:17:10:32 +0100] "GET /rhn/YourRhn.do HTTP/1.1" 200 36326
172.16.3.5 - - [04/Mar/2026:17:10:32 +0100] "POST /rhn/manager/frontend-log HTTP/1.1" 200 16
172.16.3.5 - - [04/Mar/2026:17:10:32 +0100] "POST /rhn/ajax/pending-actions HTTP/1.1" 200 636
127.0.0.1 - - [04/Mar/2026:17:10:32 +0100] "GET /rhn/websocket/notifications HTTP/1.1" 101 -
172.16.3.5 - - [04/Mar/2026:17:10:32 +0100] "POST /rhn/ajax/latest-errata HTTP/1.1" 200 539
172.16.3.5 - - [04/Mar/2026:17:10:32 +0100] "POST /rhn/ajax/inactive-systems HTTP/1.1" 200 540
172.16.3.5 - - [04/Mar/2026:17:10:32 +0100] "POST /rhn/ajax/subscription-warning HTTP/1.1" 200 -
172.16.3.5 - - [04/Mar/2026:17:10:32 +0100] "POST /rhn/ajax/tasks HTTP/1.1" 200 2232
172.16.3.5 - - [04/Mar/2026:17:10:32 +0100] "POST /rhn/ajax/critical-systems HTTP/1.1" 200 2026
172.16.3.5 - - [04/Mar/2026:17:10:32 +0100] "POST /rhn/ajax/recent-systems HTTP/1.1" 200 2059
172.16.3.5 - - [04/Mar/2026:17:10:32 +0100] "POST /rhn/ajax/systems-groups HTTP/1.1" 200 1491
172.16.3.5 - - [04/Mar/2026:17:10:32 +0100] "POST /rhn/manager/frontend-log HTTP/1.1" 200 16
172.16.3.5 - - [04/Mar/2026:17:10:32 +0100] "GET /rhn/manager/admin/setup/products HTTP/1.1" 200 34531
127.0.0.1 - - [04/Mar/2026:17:10:33 +0100] "GET /rhn/websocket/notifications HTTP/1.1" 101 -
172.16.3.5 - - [04/Mar/2026:17:10:33 +0100] "POST /rhn/manager/frontend-log HTTP/1.1" 200 16
172.16.3.5 - - [04/Mar/2026:17:10:33 +0100] "GET /rhn/manager/api/admin/products/metadata HTTP/1.1" 200 124
172.16.3.5 - - [04/Mar/2026:17:10:33 +0100] "GET /rhn/manager/api/admin/products HTTP/1.1" 200 31837
::1 - - [04/Mar/2026:17:10:47 +0100] "POST /rhn/rpc/api HTTP/1.1" 200 138
::1 - - [04/Mar/2026:17:10:47 +0100] "POST /rhn/rpc/api HTTP/1.1" 200 151137
172.16.3.5 - - [04/Mar/2026:17:10:50 +0100] "GET /rhn/manager/login HTTP/1.1" 200 2219
172.16.3.5 - - [04/Mar/2026:17:10:50 +0100] "POST /rhn/manager/frontend-log HTTP/1.1" 302 -
172.16.3.5 - - [04/Mar/2026:17:10:50 +0100] "GET /rhn/manager/login?url_bounce=%2Frhn%2Fmanager%2Ffrontend-log&request_method=POST HTTP/1.1" 200 2223
172.16.3.5 - - [04/Mar/2026:17:11:00 +0100] "POST /rhn/manager/api/login HTTP/1.1" 200 16
172.16.3.5 - - [04/Mar/2026:17:11:01 +0100] "GET /rhn/YourRhn.do HTTP/1.1" 200 36306
172.16.3.5 - - [04/Mar/2026:17:11:01 +0100] "POST /rhn/manager/frontend-log HTTP/1.1" 401 687
172.16.3.5 - - [04/Mar/2026:17:11:01 +0100] "POST /rhn/ajax/subscription-warning HTTP/1.1" 200 -
172.16.3.5 - - [04/Mar/2026:17:11:01 +0100] "POST /rhn/ajax/inactive-systems HTTP/1.1" 200 540
127.0.0.1 - - [04/Mar/2026:17:11:01 +0100] "GET /rhn/websocket/notifications HTTP/1.1" 101 -
172.16.3.5 - - [04/Mar/2026:17:11:01 +0100] "POST /rhn/ajax/critical-systems HTTP/1.1" 200 2026
172.16.3.5 - - [04/Mar/2026:17:11:01 +0100] "POST /rhn/ajax/pending-actions HTTP/1.1" 200 636
172.16.3.5 - - [04/Mar/2026:17:11:01 +0100] "POST /rhn/ajax/latest-errata HTTP/1.1" 200 539
172.16.3.5 - - [04/Mar/2026:17:11:01 +0100] "POST /rhn/ajax/systems-groups HTTP/1.1" 200 1491
172.16.3.5 - - [04/Mar/2026:17:11:02 +0100] "POST /rhn/manager/frontend-log HTTP/1.1" 401 687
172.16.3.5 - - [04/Mar/2026:17:11:01 +0100] "POST /rhn/manager/frontend-log HTTP/1.1" 401 687
172.16.3.5 - - [04/Mar/2026:17:11:01 +0100] "POST /rhn/ajax/recent-systems HTTP/1.1" 200 2059
172.16.3.5 - - [04/Mar/2026:17:11:01 +0100] "GET /rhn/manager/admin/setup/products HTTP/1.1" 200 34531
127.0.0.1 - - [04/Mar/2026:17:11:02 +0100] "GET /rhn/websocket/notifications HTTP/1.1" 101 -
172.16.3.5 - - [04/Mar/2026:17:11:02 +0100] "POST /rhn/manager/frontend-log HTTP/1.1" 200 16
172.16.3.5 - - [04/Mar/2026:17:11:02 +0100] "POST /rhn/manager/frontend-log HTTP/1.1" 200 16
127.0.0.1 - - [04/Mar/2026:17:11:02 +0100] "GET /rhn/websocket/notifications HTTP/1.1" 101 -
172.16.3.5 - - [04/Mar/2026:17:11:02 +0100] "GET /rhn/manager/api/admin/products/metadata HTTP/1.1" 200 124
172.16.3.5 - - [04/Mar/2026:17:11:01 +0100] "POST /rhn/ajax/tasks HTTP/1.1" 200 2232
172.16.3.5 - - [04/Mar/2026:17:11:02 +0100] "GET /rhn/manager/api/admin/products HTTP/1.1" 200 31837
172.16.3.5 - - [04/Mar/2026:17:11:05 +0100] "GET /rhn/manager/login HTTP/1.1" 302 -
172.16.3.5 - - [04/Mar/2026:17:11:05 +0100] "GET /rhn/YourRhn.do HTTP/1.1" 200 36326
172.16.3.5 - - [04/Mar/2026:17:11:05 +0100] "POST /rhn/manager/frontend-log HTTP/1.1" 200 16
172.16.3.5 - - [04/Mar/2026:17:11:05 +0100] "POST /rhn/ajax/subscription-warning HTTP/1.1" 200 -
127.0.0.1 - - [04/Mar/2026:17:11:05 +0100] "GET /rhn/websocket/notifications HTTP/1.1" 101 -
172.16.3.5 - - [04/Mar/2026:17:11:05 +0100] "POST /rhn/ajax/latest-errata HTTP/1.1" 200 539
172.16.3.5 - - [04/Mar/2026:17:11:05 +0100] "POST /rhn/ajax/pending-actions HTTP/1.1" 200 636
172.16.3.5 - - [04/Mar/2026:17:11:05 +0100] "POST /rhn/ajax/critical-systems HTTP/1.1" 200 2026
172.16.3.5 - - [04/Mar/2026:17:11:05 +0100] "POST /rhn/ajax/tasks HTTP/1.1" 200 2232
172.16.3.5 - - [04/Mar/2026:17:11:06 +0100] "POST /rhn/ajax/systems-groups HTTP/1.1" 200 1491
172.16.3.5 - - [04/Mar/2026:17:11:06 +0100] "POST /rhn/ajax/recent-systems HTTP/1.1" 200 2059
172.16.3.5 - - [04/Mar/2026:17:11:05 +0100] "POST /rhn/ajax/inactive-systems HTTP/1.1" 200 540
172.16.3.5 - - [04/Mar/2026:17:11:06 +0100] "POST /rhn/manager/frontend-log HTTP/1.1" 200 16
172.16.3.5 - - [04/Mar/2026:17:11:06 +0100] "GET /rhn/channels/manage/Manage.do HTTP/1.1" 200 41022
172.16.3.5 - - [04/Mar/2026:17:11:07 +0100] "POST /rhn/manager/frontend-log HTTP/1.1" 200 16
127.0.0.1 - - [04/Mar/2026:17:11:07 +0100] "GET /rhn/websocket/notifications HTTP/1.1" 101 -
172.16.3.5 - - [04/Mar/2026:17:11:07 +0100] "GET /rhn/channels/manage/Edit.do HTTP/1.1" 200 51859
127.0.0.1 - - [04/Mar/2026:17:11:07 +0100] "GET /rhn/websocket/notifications HTTP/1.1" 101 -
172.16.3.5 - - [04/Mar/2026:17:11:07 +0100] "POST /rhn/manager/frontend-log HTTP/1.1" 200 16
172.16.3.5 - - [04/Mar/2026:17:11:08 +0100] "POST /rhn/channels/manage/Edit.do HTTP/1.1" 302 -
172.16.3.5 - - [04/Mar/2026:17:11:08 +0100] "GET /rhn/channels/manage/Edit.do?cid=121 HTTP/1.1" 200 52413
172.16.3.5 - - [04/Mar/2026:17:11:08 +0100] "POST /rhn/manager/frontend-log HTTP/1.1" 200 16
127.0.0.1 - - [04/Mar/2026:17:11:08 +0100] "GET /rhn/websocket/notifications HTTP/1.1" 101 -
172.16.3.5 - - [04/Mar/2026:17:11:08 +0100] "POST /rhn/manager/frontend-log HTTP/1.1" 200 16
127.0.0.1 - - [04/Mar/2026:17:11:09 +0100] "GET /rhn/websocket/notifications HTTP/1.1" 101 -
172.16.3.5 - - [04/Mar/2026:17:11:09 +0100] "GET /rhn/channels/manage/Manage.do HTTP/1.1" 200 41506
127.0.0.1 - - [04/Mar/2026:17:11:09 +0100] "GET /rhn/websocket/notifications HTTP/1.1" 101 -
172.16.3.5 - - [04/Mar/2026:17:11:09 +0100] "POST /rhn/manager/frontend-log HTTP/1.1" 200 16
172.16.3.5 - - [04/Mar/2026:17:11:09 +0100] "GET /rhn/channels/manage/Edit.do HTTP/1.1" 200 52082
127.0.0.1 - - [04/Mar/2026:17:11:09 +0100] "GET /rhn/websocket/notifications HTTP/1.1" 101 -
172.16.3.5 - - [04/Mar/2026:17:11:09 +0100] "POST /rhn/manager/frontend-log HTTP/1.1" 200 16
172.16.3.5 - - [04/Mar/2026:17:11:10 +0100] "POST /rhn/channels/manage/Edit.do HTTP/1.1" 302 -
172.16.3.5 - - [04/Mar/2026:17:11:10 +0100] "GET /rhn/channels/manage/Edit.do?cid=122 HTTP/1.1" 200 52453
172.16.3.5 - - [04/Mar/2026:17:11:10 +0100] "POST /rhn/manager/frontend-log HTTP/1.1" 200 16
127.0.0.1 - - [04/Mar/2026:17:11:10 +0100] "GET /rhn/websocket/notifications HTTP/1.1" 101 -
172.16.3.5 - - [04/Mar/2026:17:11:10 +0100] "POST /rhn/manager/frontend-log HTTP/1.1" 200 16
172.16.3.5 - - [04/Mar/2026:17:11:11 +0100] "GET /rhn/channels/manage/Manage.do HTTP/1.1" 200 42148
172.16.3.5 - - [04/Mar/2026:17:11:11 +0100] "POST /rhn/manager/frontend-log HTTP/1.1" 200 16
127.0.0.1 - - [04/Mar/2026:17:11:11 +0100] "GET /rhn/websocket/notifications HTTP/1.1" 101 -
172.16.3.5 - - [04/Mar/2026:17:11:11 +0100] "GET /rhn/channels/manage/Edit.do HTTP/1.1" 200 52082
127.0.0.1 - - [04/Mar/2026:17:11:11 +0100] "GET /rhn/websocket/notifications HTTP/1.1" 101 -
172.16.3.5 - - [04/Mar/2026:17:11:11 +0100] "POST /rhn/manager/frontend-log HTTP/1.1" 200 16
172.16.3.5 - - [04/Mar/2026:17:11:12 +0100] "POST /rhn/channels/manage/Edit.do HTTP/1.1" 302 -
172.16.3.5 - - [04/Mar/2026:17:11:12 +0100] "GET /rhn/channels/manage/Edit.do?cid=123 HTTP/1.1" 200 52434
172.16.3.5 - - [04/Mar/2026:17:11:13 +0100] "POST /rhn/manager/frontend-log HTTP/1.1" 200 16
172.16.3.5 - - [04/Mar/2026:17:11:13 +0100] "POST /rhn/manager/frontend-log HTTP/1.1" 200 16
127.0.0.1 - - [04/Mar/2026:17:11:13 +0100] "GET /rhn/websocket/notifications HTTP/1.1" 101 -
172.16.3.5 - - [04/Mar/2026:17:11:13 +0100] "GET /rhn/channels/manage/Manage.do HTTP/1.1" 200 42782
127.0.0.1 - - [04/Mar/2026:17:11:13 +0100] "GET /rhn/websocket/notifications HTTP/1.1" 101 -
172.16.3.5 - - [04/Mar/2026:17:11:13 +0100] "POST /rhn/manager/frontend-log HTTP/1.1" 200 16
172.16.3.5 - - [04/Mar/2026:17:11:13 +0100] "GET /rhn/channels/manage/Edit.do HTTP/1.1" 200 52082
127.0.0.1 - - [04/Mar/2026:17:11:14 +0100] "GET /rhn/websocket/notifications HTTP/1.1" 101 -
172.16.3.5 - - [04/Mar/2026:17:11:14 +0100] "POST /rhn/manager/frontend-log HTTP/1.1" 200 16
172.16.3.5 - - [04/Mar/2026:17:11:14 +0100] "POST /rhn/channels/manage/Edit.do HTTP/1.1" 302 -
172.16.3.5 - - [04/Mar/2026:17:11:14 +0100] "GET /rhn/channels/manage/Edit.do?cid=124 HTTP/1.1" 200 52681
172.16.3.5 - - [04/Mar/2026:17:11:15 +0100] "POST /rhn/manager/frontend-log HTTP/1.1" 200 16
127.0.0.1 - - [04/Mar/2026:17:11:15 +0100] "GET /rhn/websocket/notifications HTTP/1.1" 101 -
172.16.3.5 - - [04/Mar/2026:17:11:15 +0100] "POST /rhn/manager/frontend-log HTTP/1.1" 200 16
127.0.0.1 - - [04/Mar/2026:17:11:15 +0100] "GET /rhn/websocket/notifications HTTP/1.1" 101 -
172.16.3.5 - - [04/Mar/2026:17:11:15 +0100] "GET /rhn/channels/manage/Manage.do HTTP/1.1" 200 43264
127.0.0.1 - - [04/Mar/2026:17:11:15 +0100] "GET /rhn/websocket/notifications HTTP/1.1" 101 -
172.16.3.5 - - [04/Mar/2026:17:11:15 +0100] "POST /rhn/manager/frontend-log HTTP/1.1" 200 16
172.16.3.5 - - [04/Mar/2026:17:11:16 +0100] "GET /rhn/channels/manage/Edit.do HTTP/1.1" 200 52414
127.0.0.1 - - [04/Mar/2026:17:11:16 +0100] "GET /rhn/websocket/notifications HTTP/1.1" 101 -
172.16.3.5 - - [04/Mar/2026:17:11:16 +0100] "POST /rhn/manager/frontend-log HTTP/1.1" 200 16
172.16.3.5 - - [04/Mar/2026:17:11:16 +0100] "POST /rhn/channels/manage/Edit.do HTTP/1.1" 302 -
172.16.3.5 - - [04/Mar/2026:17:11:17 +0100] "GET /rhn/channels/manage/Edit.do?cid=125 HTTP/1.1" 200 52703
172.16.3.5 - - [04/Mar/2026:17:11:17 +0100] "POST /rhn/manager/frontend-log HTTP/1.1" 200 16
127.0.0.1 - - [04/Mar/2026:17:11:17 +0100] "GET /rhn/websocket/notifications HTTP/1.1" 101 -
172.16.3.5 - - [04/Mar/2026:17:11:17 +0100] "POST /rhn/manager/frontend-log HTTP/1.1" 200 16
127.0.0.1 - - [04/Mar/2026:17:11:17 +0100] "GET /rhn/websocket/notifications HTTP/1.1" 101 -
172.16.3.5 - - [04/Mar/2026:17:11:17 +0100] "GET /rhn/channels/manage/Manage.do HTTP/1.1" 200 43900
127.0.0.1 - - [04/Mar/2026:17:11:18 +0100] "GET /rhn/websocket/notifications HTTP/1.1" 101 -
172.16.3.5 - - [04/Mar/2026:17:11:18 +0100] "POST /rhn/manager/frontend-log HTTP/1.1" 200 16
172.16.3.5 - - [04/Mar/2026:17:11:18 +0100] "GET /rhn/channels/manage/Edit.do HTTP/1.1" 200 52414
127.0.0.1 - - [04/Mar/2026:17:11:18 +0100] "GET /rhn/websocket/notifications HTTP/1.1" 101 -
172.16.3.5 - - [04/Mar/2026:17:11:18 +0100] "POST /rhn/manager/frontend-log HTTP/1.1" 200 16
172.16.3.5 - - [04/Mar/2026:17:11:19 +0100] "POST /rhn/channels/manage/Edit.do HTTP/1.1" 302 -
172.16.3.5 - - [04/Mar/2026:17:11:19 +0100] "GET /rhn/channels/manage/Edit.do?cid=126 HTTP/1.1" 200 52862
172.16.3.5 - - [04/Mar/2026:17:11:19 +0100] "POST /rhn/manager/frontend-log HTTP/1.1" 200 16
172.16.3.5 - - [04/Mar/2026:17:11:19 +0100] "POST /rhn/manager/frontend-log HTTP/1.1" 200 16
127.0.0.1 - - [04/Mar/2026:17:11:19 +0100] "GET /rhn/websocket/notifications HTTP/1.1" 101 -
172.16.3.5 - - [04/Mar/2026:17:11:19 +0100] "GET /rhn/channels/manage/Manage.do HTTP/1.1" 200 44382
172.16.3.5 - - [04/Mar/2026:17:11:20 +0100] "POST /rhn/manager/frontend-log HTTP/1.1" 200 16
127.0.0.1 - - [04/Mar/2026:17:11:20 +0100] "GET /rhn/websocket/notifications HTTP/1.1" 101 -
172.16.3.5 - - [04/Mar/2026:17:11:20 +0100] "GET /rhn/channels/manage/Edit.do HTTP/1.1" 200 52634
127.0.0.1 - - [04/Mar/2026:17:11:20 +0100] "GET /rhn/websocket/notifications HTTP/1.1" 101 -
172.16.3.5 - - [04/Mar/2026:17:11:20 +0100] "POST /rhn/manager/frontend-log HTTP/1.1" 200 16
172.16.3.5 - - [04/Mar/2026:17:11:21 +0100] "POST /rhn/channels/manage/Edit.do HTTP/1.1" 302 -
172.16.3.5 - - [04/Mar/2026:17:11:21 +0100] "GET /rhn/channels/manage/Edit.do?cid=127 HTTP/1.1" 200 52904
172.16.3.5 - - [04/Mar/2026:17:11:21 +0100] "POST /rhn/manager/frontend-log HTTP/1.1" 200 16
127.0.0.1 - - [04/Mar/2026:17:11:21 +0100] "GET /rhn/websocket/notifications HTTP/1.1" 101 -
172.16.3.5 - - [04/Mar/2026:17:11:21 +0100] "POST /rhn/manager/frontend-log HTTP/1.1" 200 16
127.0.0.1 - - [04/Mar/2026:17:11:22 +0100] "GET /rhn/websocket/notifications HTTP/1.1" 101 -
172.16.3.5 - - [04/Mar/2026:17:11:22 +0100] "GET /rhn/channels/manage/Manage.do HTTP/1.1" 200 45020
127.0.0.1 - - [04/Mar/2026:17:11:22 +0100] "GET /rhn/websocket/notifications HTTP/1.1" 101 -
172.16.3.5 - - [04/Mar/2026:17:11:22 +0100] "POST /rhn/manager/frontend-log HTTP/1.1" 200 16
172.16.3.5 - - [04/Mar/2026:17:11:22 +0100] "GET /rhn/channels/manage/Edit.do HTTP/1.1" 200 52634
127.0.0.1 - - [04/Mar/2026:17:11:22 +0100] "GET /rhn/websocket/notifications HTTP/1.1" 101 -
172.16.3.5 - - [04/Mar/2026:17:11:22 +0100] "POST /rhn/manager/frontend-log HTTP/1.1" 200 16
::1 - - [04/Mar/2026:17:11:29 +0100] "GET /rhn/manager/login HTTP/1.1" 302 -
172.16.3.5 - - [04/Mar/2026:17:11:33 +0100] "POST /rhn/channels/manage/Edit.do HTTP/1.1" 302 -
172.16.3.5 - - [04/Mar/2026:17:11:33 +0100] "GET /rhn/channels/manage/Edit.do?cid=128 HTTP/1.1" 200 53182
172.16.3.5 - - [04/Mar/2026:17:11:33 +0100] "POST /rhn/manager/frontend-log HTTP/1.1" 200 16
127.0.0.1 - - [04/Mar/2026:17:11:33 +0100] "GET /rhn/websocket/notifications HTTP/1.1" 101 -
172.16.3.5 - - [04/Mar/2026:17:11:33 +0100] "POST /rhn/manager/frontend-log HTTP/1.1" 200 16
127.0.0.1 - - [04/Mar/2026:17:11:34 +0100] "GET /rhn/websocket/notifications HTTP/1.1" 101 -
172.16.3.5 - - [04/Mar/2026:17:11:34 +0100] "GET /rhn/channels/manage/Manage.do HTTP/1.1" 200 45507
127.0.0.1 - - [04/Mar/2026:17:11:34 +0100] "GET /rhn/websocket/notifications HTTP/1.1" 101 -
172.16.3.5 - - [04/Mar/2026:17:11:34 +0100] "POST /rhn/manager/frontend-log HTTP/1.1" 200 16
172.16.3.5 - - [04/Mar/2026:17:11:34 +0100] "GET /rhn/channels/manage/Edit.do HTTP/1.1" 200 53046
127.0.0.1 - - [04/Mar/2026:17:11:34 +0100] "GET /rhn/websocket/notifications HTTP/1.1" 101 -
172.16.3.5 - - [04/Mar/2026:17:11:34 +0100] "POST /rhn/manager/frontend-log HTTP/1.1" 200 16
172.16.3.5 - - [04/Mar/2026:17:11:35 +0100] "POST /rhn/channels/manage/Edit.do HTTP/1.1" 302 -
172.16.3.5 - - [04/Mar/2026:17:11:35 +0100] "GET /rhn/channels/manage/Edit.do?cid=129 HTTP/1.1" 200 53377
172.16.3.5 - - [04/Mar/2026:17:11:35 +0100] "POST /rhn/manager/frontend-log HTTP/1.1" 200 16
127.0.0.1 - - [04/Mar/2026:17:11:35 +0100] "GET /rhn/websocket/notifications HTTP/1.1" 101 -
172.16.3.5 - - [04/Mar/2026:17:11:35 +0100] "POST /rhn/manager/frontend-log HTTP/1.1" 200 16
127.0.0.1 - - [04/Mar/2026:17:11:35 +0100] "GET /rhn/websocket/notifications HTTP/1.1" 101 -
172.16.3.5 - - [04/Mar/2026:17:11:36 +0100] "GET /rhn/channels/manage/Manage.do HTTP/1.1" 200 45989
127.0.0.1 - - [04/Mar/2026:17:11:36 +0100] "GET /rhn/websocket/notifications HTTP/1.1" 101 -
172.16.3.5 - - [04/Mar/2026:17:11:36 +0100] "POST /rhn/manager/frontend-log HTTP/1.1" 200 16
172.16.3.5 - - [04/Mar/2026:17:11:36 +0100] "GET /rhn/channels/manage/Edit.do HTTP/1.1" 200 53267
127.0.0.1 - - [04/Mar/2026:17:11:36 +0100] "GET /rhn/websocket/notifications HTTP/1.1" 101 -
172.16.3.5 - - [04/Mar/2026:17:11:36 +0100] "POST /rhn/manager/frontend-log HTTP/1.1" 200 16
172.16.3.5 - - [04/Mar/2026:17:11:37 +0100] "POST /rhn/channels/manage/Edit.do HTTP/1.1" 302 -
172.16.3.5 - - [04/Mar/2026:17:11:37 +0100] "GET /rhn/channels/manage/Edit.do?cid=130 HTTP/1.1" 200 53561
172.16.3.5 - - [04/Mar/2026:17:11:37 +0100] "POST /rhn/manager/frontend-log HTTP/1.1" 200 16
127.0.0.1 - - [04/Mar/2026:17:11:37 +0100] "GET /rhn/websocket/notifications HTTP/1.1" 101 -
172.16.3.5 - - [04/Mar/2026:17:11:37 +0100] "POST /rhn/manager/frontend-log HTTP/1.1" 200 16
127.0.0.1 - - [04/Mar/2026:17:11:37 +0100] "GET /rhn/websocket/notifications HTTP/1.1" 101 -
172.16.3.5 - - [04/Mar/2026:17:11:37 +0100] "POST /rhn/manager/frontend-log HTTP/1.1" 200 16
172.16.3.5 - - [04/Mar/2026:17:11:37 +0100] "GET /rhn/manager/login HTTP/1.1" 302 -
172.16.3.5 - - [04/Mar/2026:17:11:38 +0100] "GET /rhn/YourRhn.do HTTP/1.1" 200 36326
172.16.3.5 - - [04/Mar/2026:17:11:38 +0100] "POST /rhn/manager/frontend-log HTTP/1.1" 200 16
172.16.3.5 - - [04/Mar/2026:17:11:38 +0100] "POST /rhn/ajax/critical-systems HTTP/1.1" 200 2026
127.0.0.1 - - [04/Mar/2026:17:11:38 +0100] "GET /rhn/websocket/notifications HTTP/1.1" 101 -
172.16.3.5 - - [04/Mar/2026:17:11:38 +0100] "POST /rhn/ajax/inactive-systems HTTP/1.1" 200 540
172.16.3.5 - - [04/Mar/2026:17:11:38 +0100] "POST /rhn/ajax/pending-actions HTTP/1.1" 200 636
172.16.3.5 - - [04/Mar/2026:17:11:38 +0100] "POST /rhn/ajax/subscription-warning HTTP/1.1" 200 -
172.16.3.5 - - [04/Mar/2026:17:11:38 +0100] "POST /rhn/ajax/tasks HTTP/1.1" 200 2232
172.16.3.5 - - [04/Mar/2026:17:11:38 +0100] "POST /rhn/ajax/latest-errata HTTP/1.1" 200 539
172.16.3.5 - - [04/Mar/2026:17:11:38 +0100] "POST /rhn/ajax/systems-groups HTTP/1.1" 200 1491
172.16.3.5 - - [04/Mar/2026:17:11:39 +0100] "POST /rhn/ajax/recent-systems HTTP/1.1" 200 2059
172.16.3.5 - - [04/Mar/2026:17:11:39 +0100] "POST /rhn/manager/frontend-log HTTP/1.1" 200 16
172.16.3.5 - - [04/Mar/2026:17:11:39 +0100] "GET /rhn/channels/manage/repos/RepoList.do HTTP/1.1" 200 39821
127.0.0.1 - - [04/Mar/2026:17:11:39 +0100] "GET /rhn/websocket/notifications HTTP/1.1" 101 -
172.16.3.5 - - [04/Mar/2026:17:11:39 +0100] "POST /rhn/manager/frontend-log HTTP/1.1" 200 16
172.16.3.5 - - [04/Mar/2026:17:11:39 +0100] "GET /rhn/channels/manage/repos/RepoCreate.do HTTP/1.1" 200 39028
127.0.0.1 - - [04/Mar/2026:17:11:39 +0100] "GET /rhn/websocket/notifications HTTP/1.1" 101 -
172.16.3.5 - - [04/Mar/2026:17:11:39 +0100] "POST /rhn/manager/frontend-log HTTP/1.1" 200 16
172.16.3.5 - - [04/Mar/2026:17:11:40 +0100] "POST /rhn/channels/manage/repos/RepoCreate.do HTTP/1.1" 302 -
172.16.3.5 - - [04/Mar/2026:17:11:40 +0100] "GET /rhn/channels/manage/repos/RepoEdit.do?id=520 HTTP/1.1" 200 39676
172.16.3.5 - - [04/Mar/2026:17:11:40 +0100] "POST /rhn/manager/frontend-log HTTP/1.1" 200 16
127.0.0.1 - - [04/Mar/2026:17:11:40 +0100] "GET /rhn/websocket/notifications HTTP/1.1" 101 -
172.16.3.5 - - [04/Mar/2026:17:11:40 +0100] "POST /rhn/manager/frontend-log HTTP/1.1" 200 16
127.0.0.1 - - [04/Mar/2026:17:11:40 +0100] "GET /rhn/websocket/notifications HTTP/1.1" 101 -
172.16.3.5 - - [04/Mar/2026:17:11:40 +0100] "GET /rhn/channels/manage/repos/RepoList.do HTTP/1.1" 200 40182
127.0.0.1 - - [04/Mar/2026:17:11:41 +0100] "GET /rhn/websocket/notifications HTTP/1.1" 101 -
172.16.3.5 - - [04/Mar/2026:17:11:41 +0100] "POST /rhn/manager/frontend-log HTTP/1.1" 200 16
172.16.3.5 - - [04/Mar/2026:17:11:41 +0100] "GET /rhn/channels/manage/repos/RepoEdit.do?id=520 HTTP/1.1" 200 39585
127.0.0.1 - - [04/Mar/2026:17:11:41 +0100] "GET /rhn/websocket/notifications HTTP/1.1" 101 -
172.16.3.5 - - [04/Mar/2026:17:11:41 +0100] "POST /rhn/manager/frontend-log HTTP/1.1" 200 16
172.16.3.5 - - [04/Mar/2026:17:11:51 +0100] "POST /rhn/channels/manage/repos/RepoEdit.do HTTP/1.1" 302 -
172.16.3.5 - - [04/Mar/2026:17:11:51 +0100] "GET /rhn/channels/manage/repos/RepoEdit.do?id=520 HTTP/1.1" 200 39658
172.16.3.5 - - [04/Mar/2026:17:11:52 +0100] "POST /rhn/manager/frontend-log HTTP/1.1" 200 16
127.0.0.1 - - [04/Mar/2026:17:11:52 +0100] "GET /rhn/websocket/notifications HTTP/1.1" 101 -
172.16.3.5 - - [04/Mar/2026:17:11:52 +0100] "POST /rhn/manager/frontend-log HTTP/1.1" 200 16
127.0.0.1 - - [04/Mar/2026:17:11:52 +0100] "GET /rhn/websocket/notifications HTTP/1.1" 101 -
172.16.3.5 - - [04/Mar/2026:17:11:52 +0100] "GET /rhn/channels/manage/repos/RepoList.do HTTP/1.1" 200 40182
127.0.0.1 - - [04/Mar/2026:17:11:52 +0100] "GET /rhn/websocket/notifications HTTP/1.1" 101 -
172.16.3.5 - - [04/Mar/2026:17:11:52 +0100] "POST /rhn/manager/frontend-log HTTP/1.1" 200 16
172.16.3.5 - - [04/Mar/2026:17:11:52 +0100] "GET /rhn/channels/manage/repos/RepoCreate.do HTTP/1.1" 200 39028
127.0.0.1 - - [04/Mar/2026:17:11:52 +0100] "GET /rhn/websocket/notifications HTTP/1.1" 101 -
172.16.3.5 - - [04/Mar/2026:17:11:52 +0100] "POST /rhn/manager/frontend-log HTTP/1.1" 200 16
172.16.3.5 - - [04/Mar/2026:17:11:53 +0100] "POST /rhn/channels/manage/repos/RepoCreate.do HTTP/1.1" 302 -
172.16.3.5 - - [04/Mar/2026:17:11:53 +0100] "GET /rhn/channels/manage/repos/RepoEdit.do?id=521 HTTP/1.1" 200 39687
172.16.3.5 - - [04/Mar/2026:17:11:53 +0100] "POST /rhn/manager/frontend-log HTTP/1.1" 200 16
127.0.0.1 - - [04/Mar/2026:17:11:53 +0100] "GET /rhn/websocket/notifications HTTP/1.1" 101 -
172.16.3.5 - - [04/Mar/2026:17:11:53 +0100] "POST /rhn/manager/frontend-log HTTP/1.1" 200 16
127.0.0.1 - - [04/Mar/2026:17:11:53 +0100] "GET /rhn/websocket/notifications HTTP/1.1" 101 -
172.16.3.5 - - [04/Mar/2026:17:11:53 +0100] "GET /rhn/channels/manage/repos/RepoList.do HTTP/1.1" 200 40548
127.0.0.1 - - [04/Mar/2026:17:11:53 +0100] "GET /rhn/websocket/notifications HTTP/1.1" 101 -
172.16.3.5 - - [04/Mar/2026:17:11:53 +0100] "POST /rhn/manager/frontend-log HTTP/1.1" 200 16
172.16.3.5 - - [04/Mar/2026:17:11:53 +0100] "GET /rhn/channels/manage/repos/RepoEdit.do?id=521 HTTP/1.1" 200 39596
127.0.0.1 - - [04/Mar/2026:17:11:54 +0100] "GET /rhn/websocket/notifications HTTP/1.1" 101 -
172.16.3.5 - - [04/Mar/2026:17:11:54 +0100] "POST /rhn/manager/frontend-log HTTP/1.1" 200 16
172.16.3.5 - - [04/Mar/2026:17:12:04 +0100] "POST /rhn/channels/manage/repos/RepoEdit.do HTTP/1.1" 302 -
172.16.3.5 - - [04/Mar/2026:17:12:04 +0100] "GET /rhn/channels/manage/repos/RepoEdit.do?id=521 HTTP/1.1" 200 39669
172.16.3.5 - - [04/Mar/2026:17:12:04 +0100] "POST /rhn/manager/frontend-log HTTP/1.1" 200 16
127.0.0.1 - - [04/Mar/2026:17:12:04 +0100] "GET /rhn/websocket/notifications HTTP/1.1" 101 -
172.16.3.5 - - [04/Mar/2026:17:12:04 +0100] "POST /rhn/manager/frontend-log HTTP/1.1" 200 16
172.16.3.5 - - [04/Mar/2026:17:12:05 +0100] "GET /rhn/channels/manage/Manage.do HTTP/1.1" 200 46474
172.16.3.5 - - [04/Mar/2026:17:12:05 +0100] "POST /rhn/manager/frontend-log HTTP/1.1" 200 16
127.0.0.1 - - [04/Mar/2026:17:12:05 +0100] "GET /rhn/websocket/notifications HTTP/1.1" 101 -
172.16.3.5 - - [04/Mar/2026:17:12:05 +0100] "GET /rhn/channels/manage/Edit.do?cid=123 HTTP/1.1" 200 53445
127.0.0.1 - - [04/Mar/2026:17:12:05 +0100] "GET /rhn/websocket/notifications HTTP/1.1" 101 -
172.16.3.5 - - [04/Mar/2026:17:12:05 +0100] "POST /rhn/manager/frontend-log HTTP/1.1" 200 16
172.16.3.5 - - [04/Mar/2026:17:12:06 +0100] "POST /rhn/channels/manage/Edit.do HTTP/1.1" 302 -
172.16.3.5 - - [04/Mar/2026:17:12:06 +0100] "GET /rhn/channels/manage/Edit.do?cid=123 HTTP/1.1" 200 53619
172.16.3.5 - - [04/Mar/2026:17:12:06 +0100] "POST /rhn/manager/frontend-log HTTP/1.1" 200 16
127.0.0.1 - - [04/Mar/2026:17:12:06 +0100] "GET /rhn/websocket/notifications HTTP/1.1" 101 -
172.16.3.5 - - [04/Mar/2026:17:12:06 +0100] "POST /rhn/manager/frontend-log HTTP/1.1" 200 16
127.0.0.1 - - [04/Mar/2026:17:12:06 +0100] "GET /rhn/websocket/notifications HTTP/1.1" 101 -
172.16.3.5 - - [04/Mar/2026:17:12:06 +0100] "GET /rhn/channels/manage/Repositories.do?cid=123 HTTP/1.1" 200 44388
172.16.3.5 - - [04/Mar/2026:17:12:07 +0100] "POST /rhn/manager/frontend-log HTTP/1.1" 200 16
127.0.0.1 - - [04/Mar/2026:17:12:07 +0100] "GET /rhn/websocket/notifications HTTP/1.1" 101 -
172.16.3.5 - - [04/Mar/2026:17:12:07 +0100] "POST /rhn/ajax/item-selector HTTP/1.1" 200 35
172.16.3.5 - - [04/Mar/2026:17:12:07 +0100] "POST /rhn/channels/manage/Repositories.do?cid=123 HTTP/1.1" 302 -
172.16.3.5 - - [04/Mar/2026:17:12:07 +0100] "GET /rhn/channels/manage/Repositories.do?cid=123 HTTP/1.1" 200 44944
172.16.3.5 - - [04/Mar/2026:17:12:08 +0100] "POST /rhn/manager/frontend-log HTTP/1.1" 200 16
127.0.0.1 - - [04/Mar/2026:17:12:08 +0100] "GET /rhn/websocket/notifications HTTP/1.1" 101 -
172.16.3.5 - - [04/Mar/2026:17:12:08 +0100] "GET /rhn/channels/manage/Manage.do HTTP/1.1" 200 46474
127.0.0.1 - - [04/Mar/2026:17:12:08 +0100] "GET /rhn/websocket/notifications HTTP/1.1" 101 -
172.16.3.5 - - [04/Mar/2026:17:12:08 +0100] "POST /rhn/manager/frontend-log HTTP/1.1" 200 16
172.16.3.5 - - [04/Mar/2026:17:12:08 +0100] "GET /rhn/channels/manage/Edit.do?cid=127 HTTP/1.1" 200 53467
172.16.3.5 - - [04/Mar/2026:17:12:09 +0100] "POST /rhn/manager/frontend-log HTTP/1.1" 200 16
127.0.0.1 - - [04/Mar/2026:17:12:09 +0100] "GET /rhn/websocket/notifications HTTP/1.1" 101 -
172.16.3.5 - - [04/Mar/2026:17:12:09 +0100] "POST /rhn/channels/manage/Edit.do HTTP/1.1" 302 -
172.16.3.5 - - [04/Mar/2026:17:12:09 +0100] "GET /rhn/channels/manage/Edit.do?cid=127 HTTP/1.1" 200 53645
172.16.3.5 - - [04/Mar/2026:17:12:09 +0100] "POST /rhn/manager/frontend-log HTTP/1.1" 200 16
127.0.0.1 - - [04/Mar/2026:17:12:09 +0100] "GET /rhn/websocket/notifications HTTP/1.1" 101 -
172.16.3.5 - - [04/Mar/2026:17:12:09 +0100] "POST /rhn/manager/frontend-log HTTP/1.1" 200 16
127.0.0.1 - - [04/Mar/2026:17:12:09 +0100] "GET /rhn/websocket/notifications HTTP/1.1" 101 -
172.16.3.5 - - [04/Mar/2026:17:12:09 +0100] "GET /rhn/channels/manage/Repositories.do?cid=127 HTTP/1.1" 200 44392
::1 - - [04/Mar/2026:17:12:10 +0100] "GET /rhn/errors/404.jsp HTTP/1.1" 404 4500
172.16.3.5 - - [04/Mar/2026:17:12:10 +0100] "POST /rhn/manager/frontend-log HTTP/1.1" 200 16
172.16.3.5 - - [04/Mar/2026:17:12:10 +0100] "POST /rhn/ajax/item-selector HTTP/1.1" 200 35
127.0.0.1 - - [04/Mar/2026:17:12:10 +0100] "GET /rhn/websocket/notifications HTTP/1.1" 101 -
172.16.3.5 - - [04/Mar/2026:17:12:10 +0100] "POST /rhn/channels/manage/Repositories.do?cid=127 HTTP/1.1" 302 -
172.16.3.5 - - [04/Mar/2026:17:12:10 +0100] "GET /rhn/channels/manage/Repositories.do?cid=127 HTTP/1.1" 200 44952
172.16.3.5 - - [04/Mar/2026:17:12:11 +0100] "POST /rhn/manager/frontend-log HTTP/1.1" 200 16
127.0.0.1 - - [04/Mar/2026:17:12:11 +0100] "GET /rhn/websocket/notifications HTTP/1.1" 101 -
172.16.3.5 - - [04/Mar/2026:17:12:11 +0100] "GET /rhn/channels/manage/Manage.do HTTP/1.1" 200 46474
127.0.0.1 - - [04/Mar/2026:17:12:11 +0100] "GET /rhn/websocket/notifications HTTP/1.1" 101 -
172.16.3.5 - - [04/Mar/2026:17:12:11 +0100] "POST /rhn/manager/frontend-log HTTP/1.1" 200 16
172.16.3.5 - - [04/Mar/2026:17:12:11 +0100] "GET /rhn/channels/manage/Edit.do?cid=129 HTTP/1.1" 200 53423
127.0.0.1 - - [04/Mar/2026:17:12:12 +0100] "GET /rhn/websocket/notifications HTTP/1.1" 101 -
172.16.3.5 - - [04/Mar/2026:17:12:12 +0100] "POST /rhn/manager/frontend-log HTTP/1.1" 200 16
172.16.3.5 - - [04/Mar/2026:17:12:12 +0100] "POST /rhn/channels/manage/Edit.do HTTP/1.1" 302 -
172.16.3.5 - - [04/Mar/2026:17:12:12 +0100] "GET /rhn/channels/manage/Edit.do?cid=129 HTTP/1.1" 200 53601
::1 - - [04/Mar/2026:17:12:13 +0100] "GET /rhn/errors/404.jsp HTTP/1.1" 404 4500
127.0.0.1 - - [04/Mar/2026:17:12:12 +0100] "GET /rhn/websocket/notifications HTTP/1.1" 101 -
172.16.3.5 - - [04/Mar/2026:17:12:12 +0100] "POST /rhn/manager/frontend-log HTTP/1.1" 200 16
172.16.3.5 - - [04/Mar/2026:17:12:12 +0100] "POST /rhn/manager/frontend-log HTTP/1.1" 200 16
172.16.3.5 - - [04/Mar/2026:17:12:13 +0100] "GET /rhn/channels/manage/Repositories.do?cid=129 HTTP/1.1" 200 44392
127.0.0.1 - - [04/Mar/2026:17:12:13 +0100] "GET /rhn/websocket/notifications HTTP/1.1" 101 -
172.16.3.5 - - [04/Mar/2026:17:12:13 +0100] "POST /rhn/manager/frontend-log HTTP/1.1" 200 16
172.16.3.5 - - [04/Mar/2026:17:12:13 +0100] "POST /rhn/ajax/item-selector HTTP/1.1" 200 35
172.16.3.5 - - [04/Mar/2026:17:12:13 +0100] "POST /rhn/channels/manage/Repositories.do?cid=129 HTTP/1.1" 302 -
172.16.3.5 - - [04/Mar/2026:17:12:14 +0100] "GET /rhn/channels/manage/Repositories.do?cid=129 HTTP/1.1" 200 44952
172.16.3.5 - - [04/Mar/2026:17:12:14 +0100] "POST /rhn/manager/frontend-log HTTP/1.1" 200 16
127.0.0.1 - - [04/Mar/2026:17:12:14 +0100] "GET /rhn/websocket/notifications HTTP/1.1" 101 -
172.16.3.5 - - [04/Mar/2026:17:12:14 +0100] "GET /rhn/channels/manage/Manage.do HTTP/1.1" 200 46475
127.0.0.1 - - [04/Mar/2026:17:12:14 +0100] "GET /rhn/websocket/notifications HTTP/1.1" 101 -
172.16.3.5 - - [04/Mar/2026:17:12:14 +0100] "POST /rhn/manager/frontend-log HTTP/1.1" 200 16
172.16.3.5 - - [04/Mar/2026:17:12:15 +0100] "GET /rhn/channels/manage/Edit.do?cid=130 HTTP/1.1" 200 53440
