::1 - - [03/Mar/2026:19:16:24 +0100] "POST /rhn/rpc/api HTTP/1.1" 200 138
::1 - - [03/Mar/2026:19:16:24 +0100] "POST /rhn/rpc/api HTTP/1.1" 200 138
::1 - - [03/Mar/2026:19:16:24 +0100] "POST /rhn/rpc/api HTTP/1.1" 200 138
::1 - - [03/Mar/2026:19:16:24 +0100] "POST /rhn/rpc/api HTTP/1.1" 200 138
::1 - - [03/Mar/2026:19:16:25 +0100] "POST /rhn/rpc/api HTTP/1.1" 200 138
::1 - - [03/Mar/2026:19:16:25 +0100] "POST /rhn/rpc/api HTTP/1.1" 200 138
::1 - - [03/Mar/2026:19:16:25 +0100] "POST /rhn/rpc/api HTTP/1.1" 200 138
::1 - - [03/Mar/2026:19:16:25 +0100] "POST /rhn/rpc/api HTTP/1.1" 200 138
::1 - - [03/Mar/2026:19:16:25 +0100] "POST /rhn/rpc/api HTTP/1.1" 200 138
::1 - - [03/Mar/2026:19:16:25 +0100] "POST /rhn/rpc/api HTTP/1.1" 200 138
::1 - - [03/Mar/2026:19:16:25 +0100] "POST /rhn/rpc/api HTTP/1.1" 200 138
::1 - - [03/Mar/2026:19:16:25 +0100] "POST /rhn/rpc/api HTTP/1.1" 200 138
::1 - - [03/Mar/2026:19:16:25 +0100] "POST /rhn/rpc/api HTTP/1.1" 200 138
::1 - - [03/Mar/2026:19:16:26 +0100] "POST /rhn/rpc/api HTTP/1.1" 200 138
::1 - - [03/Mar/2026:19:16:26 +0100] "POST /rhn/rpc/api HTTP/1.1" 200 138
::1 - - [03/Mar/2026:19:16:26 +0100] "POST /rhn/rpc/api HTTP/1.1" 200 138
::1 - - [03/Mar/2026:19:16:26 +0100] "POST /rhn/rpc/api HTTP/1.1" 200 138
::1 - - [03/Mar/2026:19:16:26 +0100] "POST /rhn/rpc/api HTTP/1.1" 200 138
::1 - - [03/Mar/2026:19:16:26 +0100] "POST /rhn/rpc/api HTTP/1.1" 200 138
::1 - - [03/Mar/2026:19:16:26 +0100] "POST /rhn/rpc/api HTTP/1.1" 200 138
::1 - - [03/Mar/2026:19:16:26 +0100] "POST /rhn/rpc/api HTTP/1.1" 200 138
::1 - - [03/Mar/2026:19:16:26 +0100] "POST /rhn/rpc/api HTTP/1.1" 200 138
::1 - - [03/Mar/2026:19:16:26 +0100] "POST /rhn/rpc/api HTTP/1.1" 200 138
::1 - - [03/Mar/2026:19:16:27 +0100] "POST /rhn/rpc/api HTTP/1.1" 200 138
::1 - - [03/Mar/2026:19:16:27 +0100] "POST /rhn/rpc/api HTTP/1.1" 200 138
::1 - - [03/Mar/2026:19:16:27 +0100] "POST /rhn/rpc/api HTTP/1.1" 200 138
::1 - - [03/Mar/2026:19:16:27 +0100] "POST /rhn/rpc/api HTTP/1.1" 200 138
::1 - - [03/Mar/2026:19:16:27 +0100] "POST /rhn/rpc/api HTTP/1.1" 200 138
::1 - - [03/Mar/2026:19:16:27 +0100] "POST /rhn/rpc/api HTTP/1.1" 200 1313
::1 - - [03/Mar/2026:19:16:27 +0100] "POST /rhn/rpc/api HTTP/1.1" 200 138
::1 - - [03/Mar/2026:19:16:27 +0100] "POST /rhn/rpc/api HTTP/1.1" 200 2725
::1 - - [03/Mar/2026:19:16:28 +0100] "POST /rhn/rpc/api HTTP/1.1" 200 422
::1 - - [03/Mar/2026:19:16:28 +0100] "POST /rhn/rpc/api HTTP/1.1" 200 1313
::1 - - [03/Mar/2026:19:16:28 +0100] "POST /rhn/rpc/api HTTP/1.1" 200 128
::1 - - [03/Mar/2026:19:16:29 +0100] "POST /rhn/rpc/api HTTP/1.1" 200 202
::1 - - [03/Mar/2026:19:16:29 +0100] "POST /rhn/rpc/api HTTP/1.1" 200 1157
::1 - - [03/Mar/2026:19:16:29 +0100] "POST /rhn/rpc/api HTTP/1.1" 200 138
::1 - - [03/Mar/2026:19:16:29 +0100] "POST /rhn/rpc/api HTTP/1.1" 200 138
::1 - - [03/Mar/2026:19:16:29 +0100] "POST /rhn/rpc/api HTTP/1.1" 200 138
::1 - - [03/Mar/2026:19:16:29 +0100] "POST /rhn/rpc/api HTTP/1.1" 200 138
::1 - - [03/Mar/2026:19:16:29 +0100] "POST /rhn/rpc/api HTTP/1.1" 200 138
::1 - - [03/Mar/2026:19:16:29 +0100] "POST /rhn/rpc/api HTTP/1.1" 200 138
::1 - - [03/Mar/2026:19:16:30 +0100] "POST /rhn/rpc/api HTTP/1.1" 200 138
::1 - - [03/Mar/2026:19:16:30 +0100] "POST /rhn/rpc/api HTTP/1.1" 200 138
::1 - - [03/Mar/2026:19:16:30 +0100] "POST /rhn/rpc/api HTTP/1.1" 200 138
::1 - - [03/Mar/2026:19:16:30 +0100] "POST /rhn/rpc/api HTTP/1.1" 200 138
::1 - - [03/Mar/2026:19:16:30 +0100] "POST /rhn/rpc/api HTTP/1.1" 200 138
::1 - - [03/Mar/2026:19:16:30 +0100] "POST /rhn/rpc/api HTTP/1.1" 200 138
::1 - - [03/Mar/2026:19:16:30 +0100] "POST /rhn/rpc/api HTTP/1.1" 200 138
::1 - - [03/Mar/2026:19:16:30 +0100] "POST /rhn/rpc/api HTTP/1.1" 200 138
::1 - - [03/Mar/2026:19:16:30 +0100] "POST /rhn/rpc/api HTTP/1.1" 200 138
::1 - - [03/Mar/2026:19:16:30 +0100] "POST /rhn/rpc/api HTTP/1.1" 200 138
::1 - - [03/Mar/2026:19:16:31 +0100] "POST /rhn/rpc/api HTTP/1.1" 200 138
::1 - - [03/Mar/2026:19:16:31 +0100] "POST /rhn/rpc/api HTTP/1.1" 200 138
::1 - - [03/Mar/2026:19:16:31 +0100] "POST /rhn/rpc/api HTTP/1.1" 200 138
::1 - - [03/Mar/2026:19:16:31 +0100] "POST /rhn/rpc/api HTTP/1.1" 200 138
::1 - - [03/Mar/2026:19:16:31 +0100] "POST /rhn/rpc/api HTTP/1.1" 200 138
::1 - - [03/Mar/2026:19:16:31 +0100] "POST /rhn/rpc/api HTTP/1.1" 200 138
::1 - - [03/Mar/2026:19:16:31 +0100] "POST /rhn/rpc/api HTTP/1.1" 200 138
::1 - - [03/Mar/2026:19:16:31 +0100] "POST /rhn/rpc/api HTTP/1.1" 200 138
::1 - - [03/Mar/2026:19:16:31 +0100] "POST /rhn/rpc/api HTTP/1.1" 200 138
::1 - - [03/Mar/2026:19:16:31 +0100] "POST /rhn/rpc/api HTTP/1.1" 200 138
::1 - - [03/Mar/2026:19:16:32 +0100] "POST /rhn/rpc/api HTTP/1.1" 200 138
::1 - - [03/Mar/2026:19:16:32 +0100] "POST /rhn/rpc/api HTTP/1.1" 200 138
::1 - - [03/Mar/2026:19:16:32 +0100] "POST /rhn/rpc/api HTTP/1.1" 200 138
::1 - - [03/Mar/2026:19:16:32 +0100] "POST /rhn/rpc/api HTTP/1.1" 200 138
::1 - - [03/Mar/2026:19:16:32 +0100] "POST /rhn/rpc/api HTTP/1.1" 200 138
::1 - - [03/Mar/2026:19:16:32 +0100] "POST /rhn/rpc/api HTTP/1.1" 200 138
::1 - - [03/Mar/2026:19:16:32 +0100] "POST /rhn/rpc/api HTTP/1.1" 200 138
::1 - - [03/Mar/2026:19:16:32 +0100] "POST /rhn/rpc/api HTTP/1.1" 200 138
::1 - - [03/Mar/2026:19:16:32 +0100] "POST /rhn/rpc/api HTTP/1.1" 200 138
::1 - - [03/Mar/2026:19:16:32 +0100] "POST /rhn/rpc/api HTTP/1.1" 200 138
::1 - - [03/Mar/2026:19:16:32 +0100] "POST /rhn/rpc/api HTTP/1.1" 200 138
::1 - - [03/Mar/2026:19:16:33 +0100] "POST /rhn/rpc/api HTTP/1.1" 200 138
::1 - - [03/Mar/2026:19:16:33 +0100] "POST /rhn/rpc/api HTTP/1.1" 200 138
::1 - - [03/Mar/2026:19:16:33 +0100] "POST /rhn/rpc/api HTTP/1.1" 200 138
::1 - - [03/Mar/2026:19:16:33 +0100] "POST /rhn/rpc/api HTTP/1.1" 200 138
::1 - - [03/Mar/2026:19:16:33 +0100] "POST /rhn/rpc/api HTTP/1.1" 200 138
::1 - - [03/Mar/2026:19:16:33 +0100] "POST /rhn/rpc/api HTTP/1.1" 200 138
::1 - - [03/Mar/2026:19:16:33 +0100] "POST /rhn/rpc/api HTTP/1.1" 200 138
::1 - - [03/Mar/2026:19:16:33 +0100] "POST /rhn/rpc/api HTTP/1.1" 200 138
::1 - - [03/Mar/2026:19:16:34 +0100] "POST /rhn/rpc/api HTTP/1.1" 200 138
::1 - - [03/Mar/2026:19:16:34 +0100] "POST /rhn/rpc/api HTTP/1.1" 200 1313
::1 - - [03/Mar/2026:19:16:34 +0100] "POST /rhn/rpc/api HTTP/1.1" 200 138
::1 - - [03/Mar/2026:19:16:34 +0100] "POST /rhn/rpc/api HTTP/1.1" 200 2725
::1 - - [03/Mar/2026:19:16:34 +0100] "POST /rhn/rpc/api HTTP/1.1" 200 128
::1 - - [03/Mar/2026:19:16:34 +0100] "POST /rhn/rpc/api HTTP/1.1" 200 774
::1 - - [03/Mar/2026:19:16:34 +0100] "POST /rhn/rpc/api HTTP/1.1" 200 2817
::1 - - [03/Mar/2026:19:16:34 +0100] "POST /rhn/rpc/api HTTP/1.1" 200 128
::1 - - [03/Mar/2026:19:16:35 +0100] "POST /rhn/rpc/api HTTP/1.1" 200 1736
::1 - - [03/Mar/2026:19:16:35 +0100] "POST /rhn/rpc/api HTTP/1.1" 200 128
172.16.3.5 - - [03/Mar/2026:19:16:49 +0100] "GET /rhn/manager/login HTTP/1.1" 302 -
172.16.3.5 - - [03/Mar/2026:19:16:50 +0100] "GET /rhn/YourRhn.do HTTP/1.1" 200 36325
172.16.3.5 - - [03/Mar/2026:19:16:50 +0100] "POST /rhn/manager/frontend-log HTTP/1.1" 200 16
172.16.3.5 - - [03/Mar/2026:19:16:50 +0100] "POST /rhn/ajax/critical-systems HTTP/1.1" 200 2025
172.16.3.5 - - [03/Mar/2026:19:16:50 +0100] "POST /rhn/ajax/pending-actions HTTP/1.1" 200 636
127.0.0.1 - - [03/Mar/2026:19:16:50 +0100] "GET /rhn/websocket/notifications HTTP/1.1" 101 -
172.16.3.5 - - [03/Mar/2026:19:16:50 +0100] "POST /rhn/ajax/subscription-warning HTTP/1.1" 200 -
172.16.3.5 - - [03/Mar/2026:19:16:50 +0100] "POST /rhn/ajax/inactive-systems HTTP/1.1" 200 540
172.16.3.5 - - [03/Mar/2026:19:16:50 +0100] "POST /rhn/ajax/latest-errata HTTP/1.1" 200 539
172.16.3.5 - - [03/Mar/2026:19:16:50 +0100] "POST /rhn/ajax/systems-groups HTTP/1.1" 200 1490
172.16.3.5 - - [03/Mar/2026:19:16:50 +0100] "POST /rhn/ajax/tasks HTTP/1.1" 200 2232
172.16.3.5 - - [03/Mar/2026:19:16:50 +0100] "POST /rhn/ajax/recent-systems HTTP/1.1" 200 2058
172.16.3.5 - - [03/Mar/2026:19:16:50 +0100] "POST /rhn/manager/frontend-log HTTP/1.1" 200 16
172.16.3.5 - - [03/Mar/2026:19:16:50 +0100] "GET /rhn/manager/admin/setup/products HTTP/1.1" 200 34529
127.0.0.1 - - [03/Mar/2026:19:16:51 +0100] "GET /rhn/websocket/notifications HTTP/1.1" 101 -
172.16.3.5 - - [03/Mar/2026:19:16:51 +0100] "POST /rhn/manager/frontend-log HTTP/1.1" 200 16
172.16.3.5 - - [03/Mar/2026:19:16:51 +0100] "GET /rhn/manager/api/admin/products/metadata HTTP/1.1" 200 124
172.16.3.5 - - [03/Mar/2026:19:16:51 +0100] "GET /rhn/manager/api/admin/products HTTP/1.1" 200 31879
172.16.3.5 - - [03/Mar/2026:19:16:52 +0100] "POST /rhn/manager/admin/setup/products HTTP/1.1" 200 2
172.16.3.5 - - [03/Mar/2026:19:17:02 +0100] "GET /rhn/manager/api/admin/products/metadata HTTP/1.1" 200 124
::1 - - [03/Mar/2026:19:17:04 +0100] "GET /rhn/manager/login HTTP/1.1" 302 -
::1 - - [03/Mar/2026:19:17:04 +0100] "POST /rhn/rpc/api HTTP/1.1" 200 138
::1 - - [03/Mar/2026:19:17:04 +0100] "POST /rhn/rpc/api HTTP/1.1" 200 151137
::1 - - [03/Mar/2026:19:17:06 +0100] "POST /rhn/rpc/api HTTP/1.1" 200 202
::1 - - [03/Mar/2026:19:17:06 +0100] "POST /rhn/rpc/api HTTP/1.1" 200 1157
::1 - - [03/Mar/2026:19:17:06 +0100] "POST /rhn/rpc/api HTTP/1.1" 200 138
::1 - - [03/Mar/2026:19:17:06 +0100] "POST /rhn/rpc/api HTTP/1.1" 200 138
::1 - - [03/Mar/2026:19:17:07 +0100] "POST /rhn/rpc/api HTTP/1.1" 200 138
::1 - - [03/Mar/2026:19:17:07 +0100] "POST /rhn/rpc/api HTTP/1.1" 200 138
::1 - - [03/Mar/2026:19:17:07 +0100] "POST /rhn/rpc/api HTTP/1.1" 200 138
::1 - - [03/Mar/2026:19:17:07 +0100] "POST /rhn/rpc/api HTTP/1.1" 200 138
::1 - - [03/Mar/2026:19:17:07 +0100] "POST /rhn/rpc/api HTTP/1.1" 200 138
::1 - - [03/Mar/2026:19:17:07 +0100] "POST /rhn/rpc/api HTTP/1.1" 200 138
::1 - - [03/Mar/2026:19:17:07 +0100] "POST /rhn/rpc/api HTTP/1.1" 200 138
::1 - - [03/Mar/2026:19:17:07 +0100] "POST /rhn/rpc/api HTTP/1.1" 200 138
::1 - - [03/Mar/2026:19:17:07 +0100] "POST /rhn/rpc/api HTTP/1.1" 200 138
::1 - - [03/Mar/2026:19:17:08 +0100] "POST /rhn/rpc/api HTTP/1.1" 200 138
::1 - - [03/Mar/2026:19:17:08 +0100] "POST /rhn/rpc/api HTTP/1.1" 200 138
::1 - - [03/Mar/2026:19:17:08 +0100] "POST /rhn/rpc/api HTTP/1.1" 200 138
::1 - - [03/Mar/2026:19:17:08 +0100] "POST /rhn/rpc/api HTTP/1.1" 200 138
::1 - - [03/Mar/2026:19:17:08 +0100] "POST /rhn/rpc/api HTTP/1.1" 200 138
::1 - - [03/Mar/2026:19:17:08 +0100] "POST /rhn/rpc/api HTTP/1.1" 200 138
::1 - - [03/Mar/2026:19:17:08 +0100] "POST /rhn/rpc/api HTTP/1.1" 200 138
::1 - - [03/Mar/2026:19:17:08 +0100] "POST /rhn/rpc/api HTTP/1.1" 200 138
::1 - - [03/Mar/2026:19:17:09 +0100] "POST /rhn/rpc/api HTTP/1.1" 200 138
::1 - - [03/Mar/2026:19:17:09 +0100] "POST /rhn/rpc/api HTTP/1.1" 200 138
::1 - - [03/Mar/2026:19:17:09 +0100] "POST /rhn/rpc/api HTTP/1.1" 200 138
::1 - - [03/Mar/2026:19:17:09 +0100] "POST /rhn/rpc/api HTTP/1.1" 200 138
::1 - - [03/Mar/2026:19:17:09 +0100] "POST /rhn/rpc/api HTTP/1.1" 200 2920
::1 - - [03/Mar/2026:19:17:09 +0100] "POST /rhn/rpc/api HTTP/1.1" 200 138
::1 - - [03/Mar/2026:19:17:09 +0100] "POST /rhn/rpc/api HTTP/1.1" 200 138
::1 - - [03/Mar/2026:19:17:09 +0100] "POST /rhn/rpc/api HTTP/1.1" 200 138
::1 - - [03/Mar/2026:19:17:10 +0100] "POST /rhn/rpc/api HTTP/1.1" 200 138
::1 - - [03/Mar/2026:19:17:10 +0100] "POST /rhn/rpc/api HTTP/1.1" 200 138
::1 - - [03/Mar/2026:19:17:10 +0100] "POST /rhn/rpc/api HTTP/1.1" 200 138
::1 - - [03/Mar/2026:19:17:10 +0100] "POST /rhn/rpc/api HTTP/1.1" 200 138
::1 - - [03/Mar/2026:19:17:10 +0100] "POST /rhn/rpc/api HTTP/1.1" 200 138
::1 - - [03/Mar/2026:19:17:10 +0100] "POST /rhn/rpc/api HTTP/1.1" 200 138
::1 - - [03/Mar/2026:19:17:10 +0100] "POST /rhn/rpc/api HTTP/1.1" 200 138
::1 - - [03/Mar/2026:19:17:11 +0100] "POST /rhn/rpc/api HTTP/1.1" 200 138
::1 - - [03/Mar/2026:19:17:11 +0100] "POST /rhn/rpc/api HTTP/1.1" 200 138
::1 - - [03/Mar/2026:19:17:11 +0100] "POST /rhn/rpc/api HTTP/1.1" 200 138
::1 - - [03/Mar/2026:19:17:11 +0100] "POST /rhn/rpc/api HTTP/1.1" 200 138
::1 - - [03/Mar/2026:19:17:11 +0100] "POST /rhn/rpc/api HTTP/1.1" 200 138
::1 - - [03/Mar/2026:19:17:11 +0100] "POST /rhn/rpc/api HTTP/1.1" 200 138
::1 - - [03/Mar/2026:19:17:11 +0100] "POST /rhn/rpc/api HTTP/1.1" 200 138
::1 - - [03/Mar/2026:19:17:11 +0100] "POST /rhn/rpc/api HTTP/1.1" 200 138
::1 - - [03/Mar/2026:19:17:12 +0100] "POST /rhn/rpc/api HTTP/1.1" 200 138
172.16.3.5 - - [03/Mar/2026:19:17:02 +0100] "GET /rhn/manager/api/admin/products HTTP/1.1" 200 31879
::1 - - [03/Mar/2026:19:17:12 +0100] "POST /rhn/rpc/api HTTP/1.1" 200 138
::1 - - [03/Mar/2026:19:17:12 +0100] "POST /rhn/rpc/api HTTP/1.1" 200 138
::1 - - [03/Mar/2026:19:17:12 +0100] "POST /rhn/rpc/api HTTP/1.1" 200 138
::1 - - [03/Mar/2026:19:17:12 +0100] "POST /rhn/rpc/api HTTP/1.1" 200 1736
::1 - - [03/Mar/2026:19:17:12 +0100] "POST /rhn/rpc/api HTTP/1.1" 200 138
::1 - - [03/Mar/2026:19:17:12 +0100] "POST /rhn/rpc/api HTTP/1.1" 200 3039
::1 - - [03/Mar/2026:19:17:13 +0100] "POST /rhn/rpc/api HTTP/1.1" 200 128
::1 - - [03/Mar/2026:19:17:13 +0100] "POST /rhn/rpc/api HTTP/1.1" 200 754
::1 - - [03/Mar/2026:19:17:13 +0100] "POST /rhn/rpc/api HTTP/1.1" 200 2786
::1 - - [03/Mar/2026:19:17:13 +0100] "POST /rhn/rpc/api HTTP/1.1" 200 128
::1 - - [03/Mar/2026:19:17:13 +0100] "POST /rhn/rpc/api HTTP/1.1" 200 2139
::1 - - [03/Mar/2026:19:17:13 +0100] "POST /rhn/rpc/api HTTP/1.1" 200 128
::1 - - [03/Mar/2026:19:18:06 +0100] "GET /rhn/manager/login HTTP/1.1" 302 -
::1 - - [03/Mar/2026:19:19:09 +0100] "GET /rhn/manager/login HTTP/1.1" 302 -
::1 - - [03/Mar/2026:19:20:14 +0100] "GET /rhn/manager/login HTTP/1.1" 302 -
::1 - - [03/Mar/2026:19:21:20 +0100] "GET /rhn/manager/login HTTP/1.1" 302 -
::1 - - [03/Mar/2026:19:22:25 +0100] "GET /rhn/manager/login HTTP/1.1" 302 -
::1 - - [03/Mar/2026:19:23:28 +0100] "GET /rhn/manager/login HTTP/1.1" 302 -
::1 - - [03/Mar/2026:19:24:32 +0100] "GET /rhn/manager/login HTTP/1.1" 302 -
::1 - - [03/Mar/2026:19:25:35 +0100] "GET /rhn/manager/login HTTP/1.1" 302 -
::1 - - [03/Mar/2026:19:26:40 +0100] "GET /rhn/manager/login HTTP/1.1" 302 -
::1 - - [03/Mar/2026:19:27:45 +0100] "GET /rhn/manager/login HTTP/1.1" 302 -
::1 - - [03/Mar/2026:19:28:54 +0100] "GET /rhn/manager/login HTTP/1.1" 302 -
::1 - - [03/Mar/2026:19:29:57 +0100] "GET /rhn/manager/login HTTP/1.1" 302 -
::1 - - [03/Mar/2026:19:31:02 +0100] "GET /rhn/manager/login HTTP/1.1" 302 -
::1 - - [03/Mar/2026:19:32:07 +0100] "GET /rhn/manager/login HTTP/1.1" 302 -
::1 - - [03/Mar/2026:19:33:10 +0100] "GET /rhn/manager/login HTTP/1.1" 302 -
::1 - - [03/Mar/2026:19:34:14 +0100] "GET /rhn/manager/login HTTP/1.1" 302 -
::1 - - [03/Mar/2026:19:35:17 +0100] "GET /rhn/manager/login HTTP/1.1" 302 -
::1 - - [03/Mar/2026:19:36:21 +0100] "GET /rhn/manager/login HTTP/1.1" 302 -
::1 - - [03/Mar/2026:19:37:24 +0100] "GET /rhn/manager/login HTTP/1.1" 302 -
::1 - - [03/Mar/2026:19:38:28 +0100] "GET /rhn/manager/login HTTP/1.1" 302 -
::1 - - [03/Mar/2026:19:39:31 +0100] "GET /rhn/manager/login HTTP/1.1" 302 -
::1 - - [03/Mar/2026:19:40:35 +0100] "GET /rhn/manager/login HTTP/1.1" 302 -
::1 - - [03/Mar/2026:19:41:38 +0100] "GET /rhn/manager/login HTTP/1.1" 302 -
::1 - - [03/Mar/2026:19:42:41 +0100] "GET /rhn/manager/login HTTP/1.1" 302 -
::1 - - [03/Mar/2026:19:43:44 +0100] "GET /rhn/manager/login HTTP/1.1" 302 -
::1 - - [03/Mar/2026:19:44:48 +0100] "GET /rhn/manager/login HTTP/1.1" 302 -
::1 - - [03/Mar/2026:19:45:51 +0100] "GET /rhn/manager/login HTTP/1.1" 302 -
::1 - - [03/Mar/2026:19:46:57 +0100] "GET /rhn/manager/login HTTP/1.1" 302 -
::1 - - [03/Mar/2026:19:48:01 +0100] "GET /rhn/manager/login HTTP/1.1" 302 -
::1 - - [03/Mar/2026:19:49:06 +0100] "GET /rhn/manager/login HTTP/1.1" 302 -
::1 - - [03/Mar/2026:19:50:09 +0100] "GET /rhn/manager/login HTTP/1.1" 302 -
::1 - - [03/Mar/2026:19:51:14 +0100] "GET /rhn/manager/login HTTP/1.1" 302 -
::1 - - [03/Mar/2026:19:52:18 +0100] "GET /rhn/manager/login HTTP/1.1" 302 -
::1 - - [03/Mar/2026:19:53:21 +0100] "GET /rhn/manager/login HTTP/1.1" 302 -
::1 - - [03/Mar/2026:19:54:27 +0100] "GET /rhn/manager/login HTTP/1.1" 302 -
::1 - - [03/Mar/2026:19:55:30 +0100] "GET /rhn/manager/login HTTP/1.1" 302 -
::1 - - [03/Mar/2026:19:56:32 +0100] "GET /rhn/manager/login HTTP/1.1" 302 -
::1 - - [03/Mar/2026:19:57:37 +0100] "GET /rhn/manager/login HTTP/1.1" 302 -
::1 - - [03/Mar/2026:19:58:42 +0100] "GET /rhn/manager/login HTTP/1.1" 302 -
::1 - - [03/Mar/2026:19:59:46 +0100] "GET /rhn/manager/login HTTP/1.1" 302 -
::1 - - [03/Mar/2026:20:00:49 +0100] "GET /rhn/manager/login HTTP/1.1" 302 -
::1 - - [03/Mar/2026:20:01:53 +0100] "GET /rhn/manager/login HTTP/1.1" 302 -
172.16.3.5 - - [03/Mar/2026:20:02:32 +0100] "GET /rhn/manager/login HTTP/1.1" 302 -
172.16.3.5 - - [03/Mar/2026:20:02:32 +0100] "GET /rhn/YourRhn.do HTTP/1.1" 200 36325
172.16.3.5 - - [03/Mar/2026:20:02:33 +0100] "POST /rhn/ajax/critical-systems HTTP/1.1" 200 2025
172.16.3.5 - - [03/Mar/2026:20:02:32 +0100] "POST /rhn/manager/frontend-log HTTP/1.1" 401 687
172.16.3.5 - - [03/Mar/2026:20:02:33 +0100] "POST /rhn/ajax/inactive-systems HTTP/1.1" 200 540
172.16.3.5 - - [03/Mar/2026:20:02:33 +0100] "POST /rhn/ajax/subscription-warning HTTP/1.1" 200 -
172.16.3.5 - - [03/Mar/2026:20:02:33 +0100] "POST /rhn/ajax/pending-actions HTTP/1.1" 200 636
127.0.0.1 - - [03/Mar/2026:20:02:33 +0100] "GET /rhn/websocket/notifications HTTP/1.1" 101 -
172.16.3.5 - - [03/Mar/2026:20:02:33 +0100] "POST /rhn/manager/frontend-log HTTP/1.1" 200 16
172.16.3.5 - - [03/Mar/2026:20:02:33 +0100] "POST /rhn/ajax/tasks HTTP/1.1" 200 2232
172.16.3.5 - - [03/Mar/2026:20:02:33 +0100] "POST /rhn/ajax/systems-groups HTTP/1.1" 200 1490
172.16.3.5 - - [03/Mar/2026:20:02:33 +0100] "POST /rhn/ajax/recent-systems HTTP/1.1" 200 2058
127.0.0.1 - - [03/Mar/2026:20:02:33 +0100] "GET /rhn/websocket/notifications HTTP/1.1" 101 -
172.16.3.5 - - [03/Mar/2026:20:02:33 +0100] "POST /rhn/ajax/latest-errata HTTP/1.1" 200 539
172.16.3.5 - - [03/Mar/2026:20:02:33 +0100] "GET /rhn/manager/admin/setup/products HTTP/1.1" 200 34529
127.0.0.1 - - [03/Mar/2026:20:02:34 +0100] "GET /rhn/websocket/notifications HTTP/1.1" 101 -
172.16.3.5 - - [03/Mar/2026:20:02:34 +0100] "POST /rhn/manager/frontend-log HTTP/1.1" 200 16
172.16.3.5 - - [03/Mar/2026:20:02:34 +0100] "GET /rhn/manager/api/admin/products/metadata HTTP/1.1" 200 124
172.16.3.5 - - [03/Mar/2026:20:02:34 +0100] "GET /rhn/manager/api/admin/products HTTP/1.1" 200 31834
::1 - - [03/Mar/2026:20:02:55 +0100] "GET /rhn/manager/login HTTP/1.1" 302 -
172.16.3.5 - - [03/Mar/2026:20:03:17 +0100] "GET /rhn/manager/login HTTP/1.1" 302 -
172.16.3.5 - - [03/Mar/2026:20:03:17 +0100] "GET /rhn/YourRhn.do HTTP/1.1" 200 36325
172.16.3.5 - - [03/Mar/2026:20:03:17 +0100] "POST /rhn/manager/frontend-log HTTP/1.1" 200 16
127.0.0.1 - - [03/Mar/2026:20:03:17 +0100] "GET /rhn/websocket/notifications HTTP/1.1" 101 -
172.16.3.5 - - [03/Mar/2026:20:03:17 +0100] "POST /rhn/ajax/subscription-warning HTTP/1.1" 200 -
172.16.3.5 - - [03/Mar/2026:20:03:17 +0100] "POST /rhn/ajax/pending-actions HTTP/1.1" 200 636
172.16.3.5 - - [03/Mar/2026:20:03:17 +0100] "POST /rhn/ajax/critical-systems HTTP/1.1" 200 2025
172.16.3.5 - - [03/Mar/2026:20:03:17 +0100] "POST /rhn/ajax/tasks HTTP/1.1" 200 2232
172.16.3.5 - - [03/Mar/2026:20:03:17 +0100] "POST /rhn/ajax/inactive-systems HTTP/1.1" 200 540
172.16.3.5 - - [03/Mar/2026:20:03:17 +0100] "POST /rhn/ajax/latest-errata HTTP/1.1" 200 539
172.16.3.5 - - [03/Mar/2026:20:03:18 +0100] "POST /rhn/manager/frontend-log HTTP/1.1" 200 16
172.16.3.5 - - [03/Mar/2026:20:03:17 +0100] "POST /rhn/ajax/systems-groups HTTP/1.1" 200 1490
172.16.3.5 - - [03/Mar/2026:20:03:18 +0100] "POST /rhn/ajax/recent-systems HTTP/1.1" 200 2058
172.16.3.5 - - [03/Mar/2026:20:03:18 +0100] "GET /rhn/channels/manage/Manage.do HTTP/1.1" 200 41020
172.16.3.5 - - [03/Mar/2026:20:03:18 +0100] "POST /rhn/manager/frontend-log HTTP/1.1" 200 16
127.0.0.1 - - [03/Mar/2026:20:03:18 +0100] "GET /rhn/websocket/notifications HTTP/1.1" 101 -
172.16.3.5 - - [03/Mar/2026:20:03:18 +0100] "GET /rhn/channels/manage/Edit.do HTTP/1.1" 200 51857
127.0.0.1 - - [03/Mar/2026:20:03:19 +0100] "GET /rhn/websocket/notifications HTTP/1.1" 101 -
172.16.3.5 - - [03/Mar/2026:20:03:19 +0100] "POST /rhn/manager/frontend-log HTTP/1.1" 200 16
172.16.3.5 - - [03/Mar/2026:20:03:19 +0100] "POST /rhn/channels/manage/Edit.do HTTP/1.1" 302 -
172.16.3.5 - - [03/Mar/2026:20:03:19 +0100] "GET /rhn/channels/manage/Edit.do?cid=121 HTTP/1.1" 200 52411
172.16.3.5 - - [03/Mar/2026:20:03:20 +0100] "POST /rhn/manager/frontend-log HTTP/1.1" 200 16
172.16.3.5 - - [03/Mar/2026:20:03:20 +0100] "POST /rhn/manager/frontend-log HTTP/1.1" 200 16
127.0.0.1 - - [03/Mar/2026:20:03:20 +0100] "GET /rhn/websocket/notifications HTTP/1.1" 101 -
127.0.0.1 - - [03/Mar/2026:20:03:20 +0100] "GET /rhn/websocket/notifications HTTP/1.1" 101 -
172.16.3.5 - - [03/Mar/2026:20:03:20 +0100] "GET /rhn/channels/manage/Manage.do HTTP/1.1" 200 41504
127.0.0.1 - - [03/Mar/2026:20:03:20 +0100] "GET /rhn/websocket/notifications HTTP/1.1" 101 -
172.16.3.5 - - [03/Mar/2026:20:03:20 +0100] "POST /rhn/manager/frontend-log HTTP/1.1" 200 16
172.16.3.5 - - [03/Mar/2026:20:03:20 +0100] "GET /rhn/channels/manage/Edit.do HTTP/1.1" 200 52080
127.0.0.1 - - [03/Mar/2026:20:03:21 +0100] "GET /rhn/websocket/notifications HTTP/1.1" 101 -
172.16.3.5 - - [03/Mar/2026:20:03:21 +0100] "POST /rhn/manager/frontend-log HTTP/1.1" 200 16
172.16.3.5 - - [03/Mar/2026:20:03:21 +0100] "POST /rhn/channels/manage/Edit.do HTTP/1.1" 302 -
172.16.3.5 - - [03/Mar/2026:20:03:21 +0100] "GET /rhn/channels/manage/Edit.do?cid=122 HTTP/1.1" 200 52451
172.16.3.5 - - [03/Mar/2026:20:03:22 +0100] "POST /rhn/manager/frontend-log HTTP/1.1" 200 16
127.0.0.1 - - [03/Mar/2026:20:03:22 +0100] "GET /rhn/websocket/notifications HTTP/1.1" 101 -
172.16.3.5 - - [03/Mar/2026:20:03:22 +0100] "POST /rhn/manager/frontend-log HTTP/1.1" 200 16
127.0.0.1 - - [03/Mar/2026:20:03:22 +0100] "GET /rhn/websocket/notifications HTTP/1.1" 101 -
172.16.3.5 - - [03/Mar/2026:20:03:22 +0100] "GET /rhn/channels/manage/Manage.do HTTP/1.1" 200 42146
127.0.0.1 - - [03/Mar/2026:20:03:22 +0100] "GET /rhn/websocket/notifications HTTP/1.1" 101 -
172.16.3.5 - - [03/Mar/2026:20:03:22 +0100] "POST /rhn/manager/frontend-log HTTP/1.1" 200 16
172.16.3.5 - - [03/Mar/2026:20:03:22 +0100] "GET /rhn/channels/manage/Edit.do HTTP/1.1" 200 52080
127.0.0.1 - - [03/Mar/2026:20:03:22 +0100] "GET /rhn/websocket/notifications HTTP/1.1" 101 -
172.16.3.5 - - [03/Mar/2026:20:03:22 +0100] "POST /rhn/manager/frontend-log HTTP/1.1" 200 16
172.16.3.5 - - [03/Mar/2026:20:03:23 +0100] "POST /rhn/channels/manage/Edit.do HTTP/1.1" 302 -
172.16.3.5 - - [03/Mar/2026:20:03:23 +0100] "GET /rhn/channels/manage/Edit.do?cid=123 HTTP/1.1" 200 52432
172.16.3.5 - - [03/Mar/2026:20:03:24 +0100] "POST /rhn/manager/frontend-log HTTP/1.1" 200 16
127.0.0.1 - - [03/Mar/2026:20:03:24 +0100] "GET /rhn/websocket/notifications HTTP/1.1" 101 -
172.16.3.5 - - [03/Mar/2026:20:03:24 +0100] "POST /rhn/manager/frontend-log HTTP/1.1" 200 16
172.16.3.5 - - [03/Mar/2026:20:03:24 +0100] "GET /rhn/channels/manage/Manage.do HTTP/1.1" 200 42780
127.0.0.1 - - [03/Mar/2026:20:03:24 +0100] "GET /rhn/websocket/notifications HTTP/1.1" 101 -
172.16.3.5 - - [03/Mar/2026:20:03:24 +0100] "POST /rhn/manager/frontend-log HTTP/1.1" 200 16
172.16.3.5 - - [03/Mar/2026:20:03:24 +0100] "GET /rhn/channels/manage/Edit.do HTTP/1.1" 200 52080
127.0.0.1 - - [03/Mar/2026:20:03:24 +0100] "GET /rhn/websocket/notifications HTTP/1.1" 101 -
172.16.3.5 - - [03/Mar/2026:20:03:24 +0100] "POST /rhn/manager/frontend-log HTTP/1.1" 200 16
172.16.3.5 - - [03/Mar/2026:20:03:25 +0100] "POST /rhn/channels/manage/Edit.do HTTP/1.1" 302 -
172.16.3.5 - - [03/Mar/2026:20:03:25 +0100] "GET /rhn/channels/manage/Edit.do?cid=124 HTTP/1.1" 200 52679
172.16.3.5 - - [03/Mar/2026:20:03:25 +0100] "POST /rhn/manager/frontend-log HTTP/1.1" 200 16
127.0.0.1 - - [03/Mar/2026:20:03:25 +0100] "GET /rhn/websocket/notifications HTTP/1.1" 101 -
172.16.3.5 - - [03/Mar/2026:20:03:25 +0100] "POST /rhn/manager/frontend-log HTTP/1.1" 200 16
127.0.0.1 - - [03/Mar/2026:20:03:26 +0100] "GET /rhn/websocket/notifications HTTP/1.1" 101 -
172.16.3.5 - - [03/Mar/2026:20:03:26 +0100] "GET /rhn/channels/manage/Manage.do HTTP/1.1" 200 43262
127.0.0.1 - - [03/Mar/2026:20:03:26 +0100] "GET /rhn/websocket/notifications HTTP/1.1" 101 -
172.16.3.5 - - [03/Mar/2026:20:03:26 +0100] "POST /rhn/manager/frontend-log HTTP/1.1" 200 16
172.16.3.5 - - [03/Mar/2026:20:03:26 +0100] "GET /rhn/channels/manage/Edit.do HTTP/1.1" 200 52412
127.0.0.1 - - [03/Mar/2026:20:03:26 +0100] "GET /rhn/websocket/notifications HTTP/1.1" 101 -
172.16.3.5 - - [03/Mar/2026:20:03:26 +0100] "POST /rhn/manager/frontend-log HTTP/1.1" 200 16
172.16.3.5 - - [03/Mar/2026:20:03:27 +0100] "POST /rhn/channels/manage/Edit.do HTTP/1.1" 302 -
172.16.3.5 - - [03/Mar/2026:20:03:27 +0100] "GET /rhn/channels/manage/Edit.do?cid=125 HTTP/1.1" 200 52701
172.16.3.5 - - [03/Mar/2026:20:03:27 +0100] "POST /rhn/manager/frontend-log HTTP/1.1" 200 16
127.0.0.1 - - [03/Mar/2026:20:03:27 +0100] "GET /rhn/websocket/notifications HTTP/1.1" 101 -
172.16.3.5 - - [03/Mar/2026:20:03:27 +0100] "POST /rhn/manager/frontend-log HTTP/1.1" 200 16
127.0.0.1 - - [03/Mar/2026:20:03:27 +0100] "GET /rhn/websocket/notifications HTTP/1.1" 101 -
172.16.3.5 - - [03/Mar/2026:20:03:28 +0100] "GET /rhn/channels/manage/Manage.do HTTP/1.1" 200 43898
127.0.0.1 - - [03/Mar/2026:20:03:28 +0100] "GET /rhn/websocket/notifications HTTP/1.1" 101 -
172.16.3.5 - - [03/Mar/2026:20:03:28 +0100] "POST /rhn/manager/frontend-log HTTP/1.1" 200 16
172.16.3.5 - - [03/Mar/2026:20:03:28 +0100] "GET /rhn/channels/manage/Edit.do HTTP/1.1" 200 52412
127.0.0.1 - - [03/Mar/2026:20:03:28 +0100] "GET /rhn/websocket/notifications HTTP/1.1" 101 -
172.16.3.5 - - [03/Mar/2026:20:03:28 +0100] "POST /rhn/manager/frontend-log HTTP/1.1" 200 16
172.16.3.5 - - [03/Mar/2026:20:03:29 +0100] "POST /rhn/channels/manage/Edit.do HTTP/1.1" 302 -
172.16.3.5 - - [03/Mar/2026:20:03:29 +0100] "GET /rhn/channels/manage/Edit.do?cid=126 HTTP/1.1" 200 52860
172.16.3.5 - - [03/Mar/2026:20:03:29 +0100] "POST /rhn/manager/frontend-log HTTP/1.1" 200 16
127.0.0.1 - - [03/Mar/2026:20:03:29 +0100] "GET /rhn/websocket/notifications HTTP/1.1" 101 -
172.16.3.5 - - [03/Mar/2026:20:03:29 +0100] "POST /rhn/manager/frontend-log HTTP/1.1" 200 16
127.0.0.1 - - [03/Mar/2026:20:03:29 +0100] "GET /rhn/websocket/notifications HTTP/1.1" 101 -
172.16.3.5 - - [03/Mar/2026:20:03:29 +0100] "GET /rhn/channels/manage/Manage.do HTTP/1.1" 200 44380
172.16.3.5 - - [03/Mar/2026:20:03:30 +0100] "POST /rhn/manager/frontend-log HTTP/1.1" 200 16
127.0.0.1 - - [03/Mar/2026:20:03:30 +0100] "GET /rhn/websocket/notifications HTTP/1.1" 101 -
172.16.3.5 - - [03/Mar/2026:20:03:30 +0100] "GET /rhn/channels/manage/Edit.do HTTP/1.1" 200 52632
127.0.0.1 - - [03/Mar/2026:20:03:30 +0100] "GET /rhn/websocket/notifications HTTP/1.1" 101 -
172.16.3.5 - - [03/Mar/2026:20:03:30 +0100] "POST /rhn/manager/frontend-log HTTP/1.1" 200 16
172.16.3.5 - - [03/Mar/2026:20:03:31 +0100] "POST /rhn/channels/manage/Edit.do HTTP/1.1" 302 -
172.16.3.5 - - [03/Mar/2026:20:03:31 +0100] "GET /rhn/channels/manage/Edit.do?cid=127 HTTP/1.1" 200 52902
172.16.3.5 - - [03/Mar/2026:20:03:31 +0100] "POST /rhn/manager/frontend-log HTTP/1.1" 200 16
127.0.0.1 - - [03/Mar/2026:20:03:31 +0100] "GET /rhn/websocket/notifications HTTP/1.1" 101 -
172.16.3.5 - - [03/Mar/2026:20:03:31 +0100] "POST /rhn/manager/frontend-log HTTP/1.1" 200 16
127.0.0.1 - - [03/Mar/2026:20:03:31 +0100] "GET /rhn/websocket/notifications HTTP/1.1" 101 -
172.16.3.5 - - [03/Mar/2026:20:03:31 +0100] "GET /rhn/channels/manage/Manage.do HTTP/1.1" 200 45018
127.0.0.1 - - [03/Mar/2026:20:03:32 +0100] "GET /rhn/websocket/notifications HTTP/1.1" 101 -
172.16.3.5 - - [03/Mar/2026:20:03:32 +0100] "POST /rhn/manager/frontend-log HTTP/1.1" 200 16
172.16.3.5 - - [03/Mar/2026:20:03:32 +0100] "GET /rhn/channels/manage/Edit.do HTTP/1.1" 200 52632
127.0.0.1 - - [03/Mar/2026:20:03:32 +0100] "GET /rhn/websocket/notifications HTTP/1.1" 101 -
172.16.3.5 - - [03/Mar/2026:20:03:32 +0100] "POST /rhn/manager/frontend-log HTTP/1.1" 200 16
172.16.3.5 - - [03/Mar/2026:20:03:43 +0100] "POST /rhn/channels/manage/Edit.do HTTP/1.1" 302 -
172.16.3.5 - - [03/Mar/2026:20:03:43 +0100] "GET /rhn/channels/manage/Edit.do?cid=128 HTTP/1.1" 200 53180
172.16.3.5 - - [03/Mar/2026:20:03:43 +0100] "POST /rhn/manager/frontend-log HTTP/1.1" 200 16
127.0.0.1 - - [03/Mar/2026:20:03:43 +0100] "GET /rhn/websocket/notifications HTTP/1.1" 101 -
172.16.3.5 - - [03/Mar/2026:20:03:43 +0100] "POST /rhn/manager/frontend-log HTTP/1.1" 200 16
127.0.0.1 - - [03/Mar/2026:20:03:43 +0100] "GET /rhn/websocket/notifications HTTP/1.1" 101 -
172.16.3.5 - - [03/Mar/2026:20:03:43 +0100] "GET /rhn/channels/manage/Manage.do HTTP/1.1" 200 45505
127.0.0.1 - - [03/Mar/2026:20:03:43 +0100] "GET /rhn/websocket/notifications HTTP/1.1" 101 -
172.16.3.5 - - [03/Mar/2026:20:03:43 +0100] "POST /rhn/manager/frontend-log HTTP/1.1" 200 16
172.16.3.5 - - [03/Mar/2026:20:03:44 +0100] "GET /rhn/channels/manage/Edit.do HTTP/1.1" 200 53044
127.0.0.1 - - [03/Mar/2026:20:03:44 +0100] "GET /rhn/websocket/notifications HTTP/1.1" 101 -
172.16.3.5 - - [03/Mar/2026:20:03:44 +0100] "POST /rhn/manager/frontend-log HTTP/1.1" 200 16
172.16.3.5 - - [03/Mar/2026:20:03:44 +0100] "POST /rhn/channels/manage/Edit.do HTTP/1.1" 302 -
172.16.3.5 - - [03/Mar/2026:20:03:44 +0100] "GET /rhn/channels/manage/Edit.do?cid=129 HTTP/1.1" 200 53375
172.16.3.5 - - [03/Mar/2026:20:03:45 +0100] "POST /rhn/manager/frontend-log HTTP/1.1" 200 16
127.0.0.1 - - [03/Mar/2026:20:03:45 +0100] "GET /rhn/websocket/notifications HTTP/1.1" 101 -
172.16.3.5 - - [03/Mar/2026:20:03:45 +0100] "POST /rhn/manager/frontend-log HTTP/1.1" 200 16
127.0.0.1 - - [03/Mar/2026:20:03:45 +0100] "GET /rhn/websocket/notifications HTTP/1.1" 101 -
172.16.3.5 - - [03/Mar/2026:20:03:45 +0100] "GET /rhn/channels/manage/Manage.do HTTP/1.1" 200 45987
172.16.3.5 - - [03/Mar/2026:20:03:45 +0100] "POST /rhn/manager/frontend-log HTTP/1.1" 200 16
127.0.0.1 - - [03/Mar/2026:20:03:45 +0100] "GET /rhn/websocket/notifications HTTP/1.1" 101 -
172.16.3.5 - - [03/Mar/2026:20:03:45 +0100] "GET /rhn/channels/manage/Edit.do HTTP/1.1" 200 53265
127.0.0.1 - - [03/Mar/2026:20:03:46 +0100] "GET /rhn/websocket/notifications HTTP/1.1" 101 -
172.16.3.5 - - [03/Mar/2026:20:03:46 +0100] "POST /rhn/manager/frontend-log HTTP/1.1" 200 16
172.16.3.5 - - [03/Mar/2026:20:03:46 +0100] "POST /rhn/channels/manage/Edit.do HTTP/1.1" 302 -
172.16.3.5 - - [03/Mar/2026:20:03:46 +0100] "GET /rhn/channels/manage/Edit.do?cid=130 HTTP/1.1" 200 53559
172.16.3.5 - - [03/Mar/2026:20:03:47 +0100] "POST /rhn/manager/frontend-log HTTP/1.1" 200 16
127.0.0.1 - - [03/Mar/2026:20:03:47 +0100] "GET /rhn/websocket/notifications HTTP/1.1" 101 -
172.16.3.5 - - [03/Mar/2026:20:03:47 +0100] "POST /rhn/manager/frontend-log HTTP/1.1" 200 16
127.0.0.1 - - [03/Mar/2026:20:03:47 +0100] "GET /rhn/websocket/notifications HTTP/1.1" 101 -
172.16.3.5 - - [03/Mar/2026:20:03:47 +0100] "GET /rhn/manager/login HTTP/1.1" 302 -
172.16.3.5 - - [03/Mar/2026:20:03:47 +0100] "GET /rhn/YourRhn.do HTTP/1.1" 200 36325
172.16.3.5 - - [03/Mar/2026:20:03:47 +0100] "POST /rhn/manager/frontend-log HTTP/1.1" 200 16
172.16.3.5 - - [03/Mar/2026:20:03:47 +0100] "POST /rhn/ajax/inactive-systems HTTP/1.1" 200 540
172.16.3.5 - - [03/Mar/2026:20:03:47 +0100] "POST /rhn/ajax/subscription-warning HTTP/1.1" 200 -
127.0.0.1 - - [03/Mar/2026:20:03:47 +0100] "GET /rhn/websocket/notifications HTTP/1.1" 101 -
172.16.3.5 - - [03/Mar/2026:20:03:47 +0100] "POST /rhn/ajax/latest-errata HTTP/1.1" 200 539
172.16.3.5 - - [03/Mar/2026:20:03:48 +0100] "POST /rhn/ajax/systems-groups HTTP/1.1" 200 1490
172.16.3.5 - - [03/Mar/2026:20:03:47 +0100] "POST /rhn/ajax/critical-systems HTTP/1.1" 200 2025
172.16.3.5 - - [03/Mar/2026:20:03:47 +0100] "POST /rhn/ajax/pending-actions HTTP/1.1" 200 636
172.16.3.5 - - [03/Mar/2026:20:03:48 +0100] "POST /rhn/ajax/recent-systems HTTP/1.1" 200 2058
172.16.3.5 - - [03/Mar/2026:20:03:47 +0100] "POST /rhn/ajax/tasks HTTP/1.1" 200 2232
172.16.3.5 - - [03/Mar/2026:20:03:48 +0100] "POST /rhn/manager/frontend-log HTTP/1.1" 200 16
172.16.3.5 - - [03/Mar/2026:20:03:48 +0100] "GET /rhn/channels/manage/repos/RepoList.do HTTP/1.1" 200 39819
172.16.3.5 - - [03/Mar/2026:20:03:48 +0100] "POST /rhn/manager/frontend-log HTTP/1.1" 200 16
127.0.0.1 - - [03/Mar/2026:20:03:48 +0100] "GET /rhn/websocket/notifications HTTP/1.1" 101 -
172.16.3.5 - - [03/Mar/2026:20:03:48 +0100] "GET /rhn/channels/manage/repos/RepoCreate.do HTTP/1.1" 200 39026
127.0.0.1 - - [03/Mar/2026:20:03:49 +0100] "GET /rhn/websocket/notifications HTTP/1.1" 101 -
172.16.3.5 - - [03/Mar/2026:20:03:49 +0100] "POST /rhn/manager/frontend-log HTTP/1.1" 200 16
172.16.3.5 - - [03/Mar/2026:20:03:49 +0100] "POST /rhn/channels/manage/repos/RepoCreate.do HTTP/1.1" 302 -
172.16.3.5 - - [03/Mar/2026:20:03:49 +0100] "GET /rhn/channels/manage/repos/RepoEdit.do?id=520 HTTP/1.1" 200 39674
172.16.3.5 - - [03/Mar/2026:20:03:49 +0100] "POST /rhn/manager/frontend-log HTTP/1.1" 200 16
127.0.0.1 - - [03/Mar/2026:20:03:49 +0100] "GET /rhn/websocket/notifications HTTP/1.1" 101 -
172.16.3.5 - - [03/Mar/2026:20:03:49 +0100] "POST /rhn/manager/frontend-log HTTP/1.1" 200 16
127.0.0.1 - - [03/Mar/2026:20:03:49 +0100] "GET /rhn/websocket/notifications HTTP/1.1" 101 -
172.16.3.5 - - [03/Mar/2026:20:03:49 +0100] "GET /rhn/channels/manage/repos/RepoList.do HTTP/1.1" 200 40180
127.0.0.1 - - [03/Mar/2026:20:03:50 +0100] "GET /rhn/websocket/notifications HTTP/1.1" 101 -
172.16.3.5 - - [03/Mar/2026:20:03:50 +0100] "POST /rhn/manager/frontend-log HTTP/1.1" 200 16
172.16.3.5 - - [03/Mar/2026:20:03:50 +0100] "GET /rhn/channels/manage/repos/RepoEdit.do?id=520 HTTP/1.1" 200 39583
127.0.0.1 - - [03/Mar/2026:20:03:50 +0100] "GET /rhn/websocket/notifications HTTP/1.1" 101 -
172.16.3.5 - - [03/Mar/2026:20:03:50 +0100] "POST /rhn/manager/frontend-log HTTP/1.1" 200 16
::1 - - [03/Mar/2026:20:03:58 +0100] "GET /rhn/manager/login HTTP/1.1" 302 -
172.16.3.5 - - [03/Mar/2026:20:04:00 +0100] "POST /rhn/channels/manage/repos/RepoEdit.do HTTP/1.1" 302 -
172.16.3.5 - - [03/Mar/2026:20:04:00 +0100] "GET /rhn/channels/manage/repos/RepoEdit.do?id=520 HTTP/1.1" 200 39656
172.16.3.5 - - [03/Mar/2026:20:04:00 +0100] "POST /rhn/manager/frontend-log HTTP/1.1" 200 16
127.0.0.1 - - [03/Mar/2026:20:04:00 +0100] "GET /rhn/websocket/notifications HTTP/1.1" 101 -
172.16.3.5 - - [03/Mar/2026:20:04:00 +0100] "POST /rhn/manager/frontend-log HTTP/1.1" 200 16
127.0.0.1 - - [03/Mar/2026:20:04:01 +0100] "GET /rhn/websocket/notifications HTTP/1.1" 101 -
172.16.3.5 - - [03/Mar/2026:20:04:01 +0100] "GET /rhn/channels/manage/repos/RepoList.do HTTP/1.1" 200 40180
127.0.0.1 - - [03/Mar/2026:20:04:01 +0100] "GET /rhn/websocket/notifications HTTP/1.1" 101 -
172.16.3.5 - - [03/Mar/2026:20:04:01 +0100] "POST /rhn/manager/frontend-log HTTP/1.1" 200 16
172.16.3.5 - - [03/Mar/2026:20:04:01 +0100] "GET /rhn/channels/manage/repos/RepoCreate.do HTTP/1.1" 200 39026
127.0.0.1 - - [03/Mar/2026:20:04:01 +0100] "GET /rhn/websocket/notifications HTTP/1.1" 101 -
172.16.3.5 - - [03/Mar/2026:20:04:01 +0100] "POST /rhn/manager/frontend-log HTTP/1.1" 200 16
172.16.3.5 - - [03/Mar/2026:20:04:01 +0100] "POST /rhn/channels/manage/repos/RepoCreate.do HTTP/1.1" 302 -
172.16.3.5 - - [03/Mar/2026:20:04:02 +0100] "GET /rhn/channels/manage/repos/RepoEdit.do?id=521 HTTP/1.1" 200 39685
172.16.3.5 - - [03/Mar/2026:20:04:02 +0100] "POST /rhn/manager/frontend-log HTTP/1.1" 200 16
127.0.0.1 - - [03/Mar/2026:20:04:02 +0100] "GET /rhn/websocket/notifications HTTP/1.1" 101 -
172.16.3.5 - - [03/Mar/2026:20:04:02 +0100] "POST /rhn/manager/frontend-log HTTP/1.1" 200 16
127.0.0.1 - - [03/Mar/2026:20:04:02 +0100] "GET /rhn/websocket/notifications HTTP/1.1" 101 -
172.16.3.5 - - [03/Mar/2026:20:04:02 +0100] "GET /rhn/channels/manage/repos/RepoList.do HTTP/1.1" 200 40546
172.16.3.5 - - [03/Mar/2026:20:04:02 +0100] "POST /rhn/manager/frontend-log HTTP/1.1" 200 16
127.0.0.1 - - [03/Mar/2026:20:04:02 +0100] "GET /rhn/websocket/notifications HTTP/1.1" 101 -
172.16.3.5 - - [03/Mar/2026:20:04:02 +0100] "GET /rhn/channels/manage/repos/RepoEdit.do?id=521 HTTP/1.1" 200 39594
172.16.3.5 - - [03/Mar/2026:20:04:03 +0100] "POST /rhn/manager/frontend-log HTTP/1.1" 200 16
127.0.0.1 - - [03/Mar/2026:20:04:03 +0100] "GET /rhn/websocket/notifications HTTP/1.1" 101 -
172.16.3.5 - - [03/Mar/2026:20:04:13 +0100] "POST /rhn/channels/manage/repos/RepoEdit.do HTTP/1.1" 302 -
172.16.3.5 - - [03/Mar/2026:20:04:13 +0100] "GET /rhn/channels/manage/repos/RepoEdit.do?id=521 HTTP/1.1" 200 39667
172.16.3.5 - - [03/Mar/2026:20:04:13 +0100] "POST /rhn/manager/frontend-log HTTP/1.1" 200 16
127.0.0.1 - - [03/Mar/2026:20:04:13 +0100] "GET /rhn/websocket/notifications HTTP/1.1" 101 -
172.16.3.5 - - [03/Mar/2026:20:04:13 +0100] "POST /rhn/manager/frontend-log HTTP/1.1" 200 16
127.0.0.1 - - [03/Mar/2026:20:04:13 +0100] "GET /rhn/websocket/notifications HTTP/1.1" 101 -
172.16.3.5 - - [03/Mar/2026:20:04:13 +0100] "GET /rhn/channels/manage/Manage.do HTTP/1.1" 200 46472
127.0.0.1 - - [03/Mar/2026:20:04:14 +0100] "GET /rhn/websocket/notifications HTTP/1.1" 101 -
172.16.3.5 - - [03/Mar/2026:20:04:14 +0100] "POST /rhn/manager/frontend-log HTTP/1.1" 200 16
172.16.3.5 - - [03/Mar/2026:20:04:14 +0100] "GET /rhn/channels/manage/Edit.do?cid=123 HTTP/1.1" 200 53443
127.0.0.1 - - [03/Mar/2026:20:04:14 +0100] "GET /rhn/websocket/notifications HTTP/1.1" 101 -
172.16.3.5 - - [03/Mar/2026:20:04:14 +0100] "POST /rhn/manager/frontend-log HTTP/1.1" 200 16
172.16.3.5 - - [03/Mar/2026:20:04:14 +0100] "POST /rhn/channels/manage/Edit.do HTTP/1.1" 302 -
172.16.3.5 - - [03/Mar/2026:20:04:14 +0100] "GET /rhn/channels/manage/Edit.do?cid=123 HTTP/1.1" 200 53617
172.16.3.5 - - [03/Mar/2026:20:04:15 +0100] "POST /rhn/manager/frontend-log HTTP/1.1" 200 16
127.0.0.1 - - [03/Mar/2026:20:04:15 +0100] "GET /rhn/websocket/notifications HTTP/1.1" 101 -
172.16.3.5 - - [03/Mar/2026:20:04:15 +0100] "POST /rhn/manager/frontend-log HTTP/1.1" 200 16
127.0.0.1 - - [03/Mar/2026:20:04:15 +0100] "GET /rhn/websocket/notifications HTTP/1.1" 101 -
172.16.3.5 - - [03/Mar/2026:20:04:15 +0100] "GET /rhn/channels/manage/Repositories.do?cid=123 HTTP/1.1" 200 44386
172.16.3.5 - - [03/Mar/2026:20:04:15 +0100] "POST /rhn/manager/frontend-log HTTP/1.1" 200 16
127.0.0.1 - - [03/Mar/2026:20:04:15 +0100] "GET /rhn/websocket/notifications HTTP/1.1" 101 -
172.16.3.5 - - [03/Mar/2026:20:04:15 +0100] "POST /rhn/ajax/item-selector HTTP/1.1" 200 35
172.16.3.5 - - [03/Mar/2026:20:04:15 +0100] "POST /rhn/channels/manage/Repositories.do?cid=123 HTTP/1.1" 302 -
172.16.3.5 - - [03/Mar/2026:20:04:16 +0100] "GET /rhn/channels/manage/Repositories.do?cid=123 HTTP/1.1" 200 44942
127.0.0.1 - - [03/Mar/2026:20:04:16 +0100] "GET /rhn/websocket/notifications HTTP/1.1" 101 -
172.16.3.5 - - [03/Mar/2026:20:04:16 +0100] "POST /rhn/manager/frontend-log HTTP/1.1" 200 16
172.16.3.5 - - [03/Mar/2026:20:04:16 +0100] "GET /rhn/channels/manage/Manage.do HTTP/1.1" 200 46472
127.0.0.1 - - [03/Mar/2026:20:04:16 +0100] "GET /rhn/websocket/notifications HTTP/1.1" 101 -
172.16.3.5 - - [03/Mar/2026:20:04:16 +0100] "POST /rhn/manager/frontend-log HTTP/1.1" 200 16
172.16.3.5 - - [03/Mar/2026:20:04:17 +0100] "GET /rhn/channels/manage/Edit.do?cid=127 HTTP/1.1" 200 53465
127.0.0.1 - - [03/Mar/2026:20:04:17 +0100] "GET /rhn/websocket/notifications HTTP/1.1" 101 -
172.16.3.5 - - [03/Mar/2026:20:04:17 +0100] "POST /rhn/manager/frontend-log HTTP/1.1" 200 16
172.16.3.5 - - [03/Mar/2026:20:04:17 +0100] "POST /rhn/channels/manage/Edit.do HTTP/1.1" 302 -
172.16.3.5 - - [03/Mar/2026:20:04:17 +0100] "GET /rhn/channels/manage/Edit.do?cid=127 HTTP/1.1" 200 53643
172.16.3.5 - - [03/Mar/2026:20:04:18 +0100] "POST /rhn/manager/frontend-log HTTP/1.1" 200 16
127.0.0.1 - - [03/Mar/2026:20:04:18 +0100] "GET /rhn/websocket/notifications HTTP/1.1" 101 -
172.16.3.5 - - [03/Mar/2026:20:04:18 +0100] "POST /rhn/manager/frontend-log HTTP/1.1" 200 16
127.0.0.1 - - [03/Mar/2026:20:04:18 +0100] "GET /rhn/websocket/notifications HTTP/1.1" 101 -
172.16.3.5 - - [03/Mar/2026:20:04:18 +0100] "GET /rhn/channels/manage/Repositories.do?cid=127 HTTP/1.1" 200 44390
127.0.0.1 - - [03/Mar/2026:20:04:18 +0100] "GET /rhn/websocket/notifications HTTP/1.1" 101 -
172.16.3.5 - - [03/Mar/2026:20:04:18 +0100] "POST /rhn/manager/frontend-log HTTP/1.1" 200 16
::1 - - [03/Mar/2026:20:04:18 +0100] "GET /rhn/errors/404.jsp HTTP/1.1" 404 4500
172.16.3.5 - - [03/Mar/2026:20:04:18 +0100] "POST /rhn/ajax/item-selector HTTP/1.1" 200 35
172.16.3.5 - - [03/Mar/2026:20:04:18 +0100] "POST /rhn/channels/manage/Repositories.do?cid=127 HTTP/1.1" 302 -
172.16.3.5 - - [03/Mar/2026:20:04:19 +0100] "GET /rhn/channels/manage/Repositories.do?cid=127 HTTP/1.1" 200 44950
172.16.3.5 - - [03/Mar/2026:20:04:19 +0100] "POST /rhn/manager/frontend-log HTTP/1.1" 200 16
127.0.0.1 - - [03/Mar/2026:20:04:19 +0100] "GET /rhn/websocket/notifications HTTP/1.1" 101 -
172.16.3.5 - - [03/Mar/2026:20:04:19 +0100] "GET /rhn/channels/manage/Manage.do HTTP/1.1" 200 46472
127.0.0.1 - - [03/Mar/2026:20:04:20 +0100] "GET /rhn/websocket/notifications HTTP/1.1" 101 -
172.16.3.5 - - [03/Mar/2026:20:04:20 +0100] "POST /rhn/manager/frontend-log HTTP/1.1" 200 16
172.16.3.5 - - [03/Mar/2026:20:04:20 +0100] "GET /rhn/channels/manage/Edit.do?cid=129 HTTP/1.1" 200 53421
127.0.0.1 - - [03/Mar/2026:20:04:20 +0100] "GET /rhn/websocket/notifications HTTP/1.1" 101 -
172.16.3.5 - - [03/Mar/2026:20:04:20 +0100] "POST /rhn/manager/frontend-log HTTP/1.1" 200 16
172.16.3.5 - - [03/Mar/2026:20:04:20 +0100] "POST /rhn/channels/manage/Edit.do HTTP/1.1" 302 -
::1 - - [03/Mar/2026:20:04:21 +0100] "GET /rhn/errors/404.jsp HTTP/1.1" 404 4500
172.16.3.5 - - [03/Mar/2026:20:04:21 +0100] "GET /rhn/channels/manage/Edit.do?cid=129 HTTP/1.1" 200 53599
127.0.0.1 - - [03/Mar/2026:20:04:21 +0100] "GET /rhn/websocket/notifications HTTP/1.1" 101 -
172.16.3.5 - - [03/Mar/2026:20:04:21 +0100] "POST /rhn/manager/frontend-log HTTP/1.1" 200 16
172.16.3.5 - - [03/Mar/2026:20:04:21 +0100] "POST /rhn/manager/frontend-log HTTP/1.1" 200 16
127.0.0.1 - - [03/Mar/2026:20:04:21 +0100] "GET /rhn/websocket/notifications HTTP/1.1" 101 -
172.16.3.5 - - [03/Mar/2026:20:04:21 +0100] "GET /rhn/channels/manage/Repositories.do?cid=129 HTTP/1.1" 200 44390
127.0.0.1 - - [03/Mar/2026:20:04:22 +0100] "GET /rhn/websocket/notifications HTTP/1.1" 101 -
172.16.3.5 - - [03/Mar/2026:20:04:22 +0100] "POST /rhn/manager/frontend-log HTTP/1.1" 200 16
172.16.3.5 - - [03/Mar/2026:20:04:22 +0100] "POST /rhn/ajax/item-selector HTTP/1.1" 200 35
172.16.3.5 - - [03/Mar/2026:20:04:22 +0100] "POST /rhn/channels/manage/Repositories.do?cid=129 HTTP/1.1" 302 -
172.16.3.5 - - [03/Mar/2026:20:04:22 +0100] "GET /rhn/channels/manage/Repositories.do?cid=129 HTTP/1.1" 200 44950
172.16.3.5 - - [03/Mar/2026:20:04:23 +0100] "POST /rhn/manager/frontend-log HTTP/1.1" 200 16
127.0.0.1 - - [03/Mar/2026:20:04:23 +0100] "GET /rhn/websocket/notifications HTTP/1.1" 101 -
172.16.3.5 - - [03/Mar/2026:20:04:23 +0100] "GET /rhn/channels/manage/Manage.do HTTP/1.1" 200 46473
127.0.0.1 - - [03/Mar/2026:20:04:23 +0100] "GET /rhn/websocket/notifications HTTP/1.1" 101 -
172.16.3.5 - - [03/Mar/2026:20:04:23 +0100] "POST /rhn/manager/frontend-log HTTP/1.1" 200 16
172.16.3.5 - - [03/Mar/2026:20:04:23 +0100] "GET /rhn/channels/manage/Edit.do?cid=130 HTTP/1.1" 200 53438
127.0.0.1 - - [03/Mar/2026:20:04:24 +0100] "GET /rhn/websocket/notifications HTTP/1.1" 101 -
172.16.3.5 - - [03/Mar/2026:20:04:24 +0100] "POST /rhn/manager/frontend-log HTTP/1.1" 200 16
172.16.3.5 - - [03/Mar/2026:20:04:24 +0100] "POST /rhn/channels/manage/Edit.do HTTP/1.1" 302 -
172.16.3.5 - - [03/Mar/2026:20:04:24 +0100] "GET /rhn/channels/manage/Edit.do?cid=130 HTTP/1.1" 200 53618
172.16.3.5 - - [03/Mar/2026:20:04:24 +0100] "POST /rhn/manager/frontend-log HTTP/1.1" 200 16
127.0.0.1 - - [03/Mar/2026:20:04:24 +0100] "GET /rhn/websocket/notifications HTTP/1.1" 101 -
172.16.3.5 - - [03/Mar/2026:20:04:24 +0100] "POST /rhn/manager/frontend-log HTTP/1.1" 200 16
127.0.0.1 - - [03/Mar/2026:20:04:25 +0100] "GET /rhn/websocket/notifications HTTP/1.1" 101 -
172.16.3.5 - - [03/Mar/2026:20:04:25 +0100] "GET /rhn/channels/manage/Repositories.do?cid=130 HTTP/1.1" 200 44392
172.16.3.5 - - [03/Mar/2026:20:04:25 +0100] "POST /rhn/manager/frontend-log HTTP/1.1" 200 16
127.0.0.1 - - [03/Mar/2026:20:04:25 +0100] "GET /rhn/websocket/notifications HTTP/1.1" 101 -
172.16.3.5 - - [03/Mar/2026:20:04:25 +0100] "POST /rhn/ajax/item-selector HTTP/1.1" 200 35
::1 - - [03/Mar/2026:20:04:25 +0100] "GET /rhn/errors/404.jsp HTTP/1.1" 404 4500
172.16.3.5 - - [03/Mar/2026:20:04:25 +0100] "POST /rhn/channels/manage/Repositories.do?cid=130 HTTP/1.1" 302 -
172.16.3.5 - - [03/Mar/2026:20:04:26 +0100] "GET /rhn/channels/manage/Repositories.do?cid=130 HTTP/1.1" 200 44954
::1 - - [03/Mar/2026:20:04:26 +0100] "GET /rhn/errors/404.jsp HTTP/1.1" 404 4500
172.16.3.5 - - [03/Mar/2026:20:04:26 +0100] "POST /rhn/manager/frontend-log HTTP/1.1" 200 16
127.0.0.1 - - [03/Mar/2026:20:04:26 +0100] "GET /rhn/websocket/notifications HTTP/1.1" 101 -
172.16.3.5 - - [03/Mar/2026:20:04:26 +0100] "GET /rhn/channels/manage/repos/RepoList.do HTTP/1.1" 200 40546
127.0.0.1 - - [03/Mar/2026:20:04:26 +0100] "GET /rhn/websocket/notifications HTTP/1.1" 101 -
172.16.3.5 - - [03/Mar/2026:20:04:26 +0100] "POST /rhn/manager/frontend-log HTTP/1.1" 200 16
172.16.3.5 - - [03/Mar/2026:20:04:27 +0100] "GET /rhn/channels/manage/repos/RepoCreate.do HTTP/1.1" 200 39026
127.0.0.1 - - [03/Mar/2026:20:04:27 +0100] "GET /rhn/websocket/notifications HTTP/1.1" 101 -
172.16.3.5 - - [03/Mar/2026:20:04:27 +0100] "POST /rhn/manager/frontend-log HTTP/1.1" 200 16
172.16.3.5 - - [03/Mar/2026:20:04:37 +0100] "POST /rhn/channels/manage/repos/RepoCreate.do HTTP/1.1" 302 -
172.16.3.5 - - [03/Mar/2026:20:04:37 +0100] "GET /rhn/channels/manage/repos/RepoEdit.do?id=522 HTTP/1.1" 200 39664
172.16.3.5 - - [03/Mar/2026:20:04:37 +0100] "POST /rhn/manager/frontend-log HTTP/1.1" 200 16
127.0.0.1 - - [03/Mar/2026:20:04:37 +0100] "GET /rhn/websocket/notifications HTTP/1.1" 101 -
172.16.3.5 - - [03/Mar/2026:20:04:37 +0100] "POST /rhn/manager/frontend-log HTTP/1.1" 200 16
127.0.0.1 - - [03/Mar/2026:20:04:38 +0100] "GET /rhn/websocket/notifications HTTP/1.1" 101 -
172.16.3.5 - - [03/Mar/2026:20:04:38 +0100] "GET /rhn/channels/manage/Manage.do HTTP/1.1" 200 46474
127.0.0.1 - - [03/Mar/2026:20:04:38 +0100] "GET /rhn/websocket/notifications HTTP/1.1" 101 -
172.16.3.5 - - [03/Mar/2026:20:04:38 +0100] "POST /rhn/manager/frontend-log HTTP/1.1" 200 16
172.16.3.5 - - [03/Mar/2026:20:04:38 +0100] "GET /rhn/channels/manage/Edit.do?cid=125 HTTP/1.1" 200 53431
127.0.0.1 - - [03/Mar/2026:20:04:38 +0100] "GET /rhn/websocket/notifications HTTP/1.1" 101 -
172.16.3.5 - - [03/Mar/2026:20:04:38 +0100] "POST /rhn/manager/frontend-log HTTP/1.1" 200 16
172.16.3.5 - - [03/Mar/2026:20:04:38 +0100] "POST /rhn/channels/manage/Edit.do HTTP/1.1" 302 -
172.16.3.5 - - [03/Mar/2026:20:04:39 +0100] "GET /rhn/channels/manage/Edit.do?cid=125 HTTP/1.1" 200 53607
172.16.3.5 - - [03/Mar/2026:20:04:39 +0100] "POST /rhn/manager/frontend-log HTTP/1.1" 200 16
127.0.0.1 - - [03/Mar/2026:20:04:39 +0100] "GET /rhn/websocket/notifications HTTP/1.1" 101 -
172.16.3.5 - - [03/Mar/2026:20:04:39 +0100] "POST /rhn/manager/frontend-log HTTP/1.1" 200 16
127.0.0.1 - - [03/Mar/2026:20:04:39 +0100] "GET /rhn/websocket/notifications HTTP/1.1" 101 -
172.16.3.5 - - [03/Mar/2026:20:04:39 +0100] "GET /rhn/channels/manage/Repositories.do?cid=125 HTTP/1.1" 200 45058
127.0.0.1 - - [03/Mar/2026:20:04:39 +0100] "GET /rhn/websocket/notifications HTTP/1.1" 101 -
172.16.3.5 - - [03/Mar/2026:20:04:39 +0100] "POST /rhn/manager/frontend-log HTTP/1.1" 200 16
172.16.3.5 - - [03/Mar/2026:20:04:39 +0100] "POST /rhn/ajax/item-selector HTTP/1.1" 200 35
172.16.3.5 - - [03/Mar/2026:20:04:40 +0100] "POST /rhn/channels/manage/Repositories.do?cid=125 HTTP/1.1" 302 -
172.16.3.5 - - [03/Mar/2026:20:04:40 +0100] "GET /rhn/channels/manage/Repositories.do?cid=125 HTTP/1.1" 200 45616
127.0.0.1 - - [03/Mar/2026:20:04:40 +0100] "GET /rhn/websocket/notifications HTTP/1.1" 101 -
172.16.3.5 - - [03/Mar/2026:20:04:40 +0100] "POST /rhn/manager/frontend-log HTTP/1.1" 200 16
172.16.3.5 - - [03/Mar/2026:20:04:40 +0100] "GET /rhn/channels/manage/Manage.do HTTP/1.1" 200 46474
127.0.0.1 - - [03/Mar/2026:20:04:40 +0100] "GET /rhn/websocket/notifications HTTP/1.1" 101 -
172.16.3.5 - - [03/Mar/2026:20:04:40 +0100] "POST /rhn/manager/frontend-log HTTP/1.1" 200 16
172.16.3.5 - - [03/Mar/2026:20:04:41 +0100] "GET /rhn/channels/manage/Edit.do?cid=122 HTTP/1.1" 200 53455
172.16.3.5 - - [03/Mar/2026:20:04:41 +0100] "POST /rhn/manager/frontend-log HTTP/1.1" 200 16
127.0.0.1 - - [03/Mar/2026:20:04:41 +0100] "GET /rhn/websocket/notifications HTTP/1.1" 101 -
172.16.3.5 - - [03/Mar/2026:20:04:41 +0100] "GET /rhn/channels/manage/Repositories.do?cid=122 HTTP/1.1" 200 45063
127.0.0.1 - - [03/Mar/2026:20:04:41 +0100] "GET /rhn/websocket/notifications HTTP/1.1" 101 -
172.16.3.5 - - [03/Mar/2026:20:04:41 +0100] "POST /rhn/manager/frontend-log HTTP/1.1" 200 16
172.16.3.5 - - [03/Mar/2026:20:04:41 +0100] "POST /rhn/ajax/item-selector HTTP/1.1" 200 35
172.16.3.5 - - [03/Mar/2026:20:04:42 +0100] "POST /rhn/channels/manage/Repositories.do?cid=122 HTTP/1.1" 302 -
172.16.3.5 - - [03/Mar/2026:20:04:42 +0100] "GET /rhn/channels/manage/Repositories.do?cid=122 HTTP/1.1" 200 45626
127.0.0.1 - - [03/Mar/2026:20:04:42 +0100] "GET /rhn/websocket/notifications HTTP/1.1" 101 -
172.16.3.5 - - [03/Mar/2026:20:04:42 +0100] "POST /rhn/manager/frontend-log HTTP/1.1" 200 16
172.16.3.5 - - [03/Mar/2026:20:04:43 +0100] "GET /rhn/channels/manage/repos/RepoList.do HTTP/1.1" 200 40908
127.0.0.1 - - [03/Mar/2026:20:04:43 +0100] "GET /rhn/websocket/notifications HTTP/1.1" 101 -
172.16.3.5 - - [03/Mar/2026:20:04:43 +0100] "POST /rhn/manager/frontend-log HTTP/1.1" 200 16
172.16.3.5 - - [03/Mar/2026:20:04:43 +0100] "GET /rhn/channels/manage/repos/RepoCreate.do HTTP/1.1" 200 39026
127.0.0.1 - - [03/Mar/2026:20:04:43 +0100] "GET /rhn/websocket/notifications HTTP/1.1" 101 -
