::1 - - [03/Mar/2026:20:12:54 +0100] "POST /rhn/rpc/api HTTP/1.1" 200 203
::1 - - [03/Mar/2026:20:12:54 +0100] "POST /rhn/rpc/api HTTP/1.1" 200 138
::1 - - [03/Mar/2026:20:12:54 +0100] "POST /rhn/rpc/api HTTP/1.1" 200 19591
172.16.3.7 - - [03/Mar/2026:20:13:23 +0100] "GET /rhn/manager/api/api/systemVersion HTTP/1.1" 200 35
172.16.3.5 - - [03/Mar/2026:20:13:25 +0100] "GET /rhn/manager/systems/list/all HTTP/1.1" 200 34439
127.0.0.1 - - [03/Mar/2026:20:13:26 +0100] "GET /rhn/websocket/notifications HTTP/1.1" 101 -
172.16.3.5 - - [03/Mar/2026:20:13:26 +0100] "POST /rhn/manager/frontend-log HTTP/1.1" 200 16
172.16.3.5 - - [03/Mar/2026:20:13:26 +0100] "GET /rhn/manager/api/systems/list/all?p=1&ps=100&s=1&sc=server_name HTTP/1.1" 200 763
172.16.3.5 - - [03/Mar/2026:20:13:26 +0100] "POST /rhn/manager/api/sets/system_list HTTP/1.1" 200 1
172.16.3.5 - - [03/Mar/2026:20:13:26 +0100] "POST /rhn/manager/api/auth/login HTTP/1.1" 200 16
172.16.3.5 - - [03/Mar/2026:20:13:27 +0100] "POST /rhn/manager/api/system/searchByName HTTP/1.1" 200 157
172.16.3.5 - - [03/Mar/2026:20:13:27 +0100] "GET /rhn/manager/api/auth/logout HTTP/1.1" 200 16
172.16.3.5 - - [03/Mar/2026:20:13:27 +0100] "GET /rhn/systems/details/Overview.do?sid=1000010000 HTTP/1.1" 200 43366
172.16.3.5 - - [03/Mar/2026:20:13:27 +0100] "POST /rhn/manager/frontend-log HTTP/1.1" 200 16
127.0.0.1 - - [03/Mar/2026:20:13:27 +0100] "GET /rhn/websocket/notifications HTTP/1.1" 101 -
172.16.3.5 - - [03/Mar/2026:20:13:27 +0100] "POST /rhn/manager/frontend-log HTTP/1.1" 200 16
::1 - - [03/Mar/2026:20:13:28 +0100] "GET /rhn/manager/login HTTP/1.1" 302 -
127.0.0.1 - - [03/Mar/2026:20:13:28 +0100] "GET /rhn/websocket/notifications HTTP/1.1" 101 -
172.16.3.5 - - [03/Mar/2026:20:13:28 +0100] "GET /rhn/systems/details/Edit.do?sid=1000010000& HTTP/1.1" 200 59802
127.0.0.1 - - [03/Mar/2026:20:13:28 +0100] "GET /rhn/websocket/notifications HTTP/1.1" 101 -
172.16.3.5 - - [03/Mar/2026:20:13:28 +0100] "POST /rhn/manager/frontend-log HTTP/1.1" 200 16
172.16.3.5 - - [03/Mar/2026:20:13:38 +0100] "POST /rhn/manager/api/auth/login HTTP/1.1" 200 16
172.16.3.5 - - [03/Mar/2026:20:13:38 +0100] "GET /rhn/manager/api/user/listUsers HTTP/1.1" 200 354
172.16.3.5 - - [03/Mar/2026:20:13:39 +0100] "GET /rhn/manager/api/auth/logout HTTP/1.1" 200 16
172.16.3.5 - - [03/Mar/2026:20:13:39 +0100] "POST /rhn/manager/api/auth/login HTTP/1.1" 200 16
172.16.3.5 - - [03/Mar/2026:20:13:39 +0100] "POST /rhn/manager/api/user/create HTTP/1.1" 200 27
172.16.3.5 - - [03/Mar/2026:20:13:41 +0100] "GET /rhn/manager/api/auth/logout HTTP/1.1" 200 16
172.16.3.5 - - [03/Mar/2026:20:13:41 +0100] "POST /rhn/manager/api/auth/login HTTP/1.1" 200 16
172.16.3.5 - - [03/Mar/2026:20:13:41 +0100] "POST /rhn/manager/api/user/addRole HTTP/1.1" 200 27
172.16.3.5 - - [03/Mar/2026:20:13:41 +0100] "GET /rhn/manager/api/auth/logout HTTP/1.1" 200 16
172.16.3.5 - - [03/Mar/2026:20:13:41 +0100] "POST /rhn/manager/api/auth/login HTTP/1.1" 200 16
172.16.3.5 - - [03/Mar/2026:20:13:41 +0100] "POST /rhn/manager/api/user/addRole HTTP/1.1" 200 27
172.16.3.5 - - [03/Mar/2026:20:13:42 +0100] "GET /rhn/manager/api/auth/logout HTTP/1.1" 200 16
172.16.3.5 - - [03/Mar/2026:20:13:42 +0100] "POST /rhn/manager/api/auth/login HTTP/1.1" 200 16
172.16.3.5 - - [03/Mar/2026:20:13:42 +0100] "POST /rhn/manager/api/user/addRole HTTP/1.1" 200 27
172.16.3.5 - - [03/Mar/2026:20:13:42 +0100] "GET /rhn/manager/api/auth/logout HTTP/1.1" 200 16
172.16.3.5 - - [03/Mar/2026:20:13:42 +0100] "POST /rhn/manager/api/auth/login HTTP/1.1" 200 16
172.16.3.5 - - [03/Mar/2026:20:13:42 +0100] "POST /rhn/manager/api/user/addRole HTTP/1.1" 200 27
172.16.3.5 - - [03/Mar/2026:20:13:43 +0100] "GET /rhn/manager/api/auth/logout HTTP/1.1" 200 16
172.16.3.5 - - [03/Mar/2026:20:13:43 +0100] "POST /rhn/manager/api/auth/login HTTP/1.1" 200 16
172.16.3.5 - - [03/Mar/2026:20:13:43 +0100] "POST /rhn/manager/api/user/addRole HTTP/1.1" 200 27
172.16.3.5 - - [03/Mar/2026:20:13:43 +0100] "GET /rhn/manager/api/auth/logout HTTP/1.1" 200 16
172.16.3.5 - - [03/Mar/2026:20:13:43 +0100] "POST /rhn/manager/api/auth/login HTTP/1.1" 200 16
172.16.3.5 - - [03/Mar/2026:20:13:43 +0100] "POST /rhn/manager/api/user/addRole HTTP/1.1" 200 27
172.16.3.5 - - [03/Mar/2026:20:13:43 +0100] "GET /rhn/manager/api/auth/logout HTTP/1.1" 200 16
172.16.3.5 - - [03/Mar/2026:20:14:01 +0100] "POST /rhn/manager/api/auth/login HTTP/1.1" 200 16
172.16.3.5 - - [03/Mar/2026:20:14:01 +0100] "POST /rhn/manager/api/auth/login HTTP/1.1" 200 16
172.16.3.5 - - [03/Mar/2026:20:14:02 +0100] "POST /rhn/manager/api/auth/login HTTP/1.1" 200 16
172.16.3.5 - - [03/Mar/2026:20:14:01 +0100] "GET /rhn/manager/api/user/listUsers HTTP/1.1" 200 471
172.16.3.5 - - [03/Mar/2026:20:14:02 +0100] "POST /rhn/manager/api/auth/login HTTP/1.1" 200 16
172.16.3.5 - - [03/Mar/2026:20:14:02 +0100] "GET /rhn/manager/api/auth/logout HTTP/1.1" 200 16
172.16.3.5 - - [03/Mar/2026:20:14:02 +0100] "GET /rhn/manager/api/user/listUsers HTTP/1.1" 200 471
172.16.3.5 - - [03/Mar/2026:20:14:02 +0100] "POST /rhn/manager/api/auth/login HTTP/1.1" 200 16
172.16.3.5 - - [03/Mar/2026:20:14:02 +0100] "GET /rhn/manager/api/auth/logout HTTP/1.1" 200 16
172.16.3.5 - - [03/Mar/2026:20:14:02 +0100] "POST /rhn/manager/api/auth/login HTTP/1.1" 200 16
172.16.3.5 - - [03/Mar/2026:20:14:02 +0100] "GET /rhn/manager/api/user/listUsers HTTP/1.1" 200 471
172.16.3.5 - - [03/Mar/2026:20:14:02 +0100] "POST /rhn/manager/api/auth/login HTTP/1.1" 200 16
172.16.3.5 - - [03/Mar/2026:20:14:03 +0100] "GET /rhn/manager/api/auth/logout HTTP/1.1" 200 16
172.16.3.5 - - [03/Mar/2026:20:14:02 +0100] "GET /rhn/manager/api/user/listUsers HTTP/1.1" 200 471
172.16.3.5 - - [03/Mar/2026:20:14:03 +0100] "POST /rhn/manager/api/auth/login HTTP/1.1" 200 16
172.16.3.5 - - [03/Mar/2026:20:14:03 +0100] "GET /rhn/manager/api/auth/logout HTTP/1.1" 200 16
172.16.3.5 - - [03/Mar/2026:20:14:02 +0100] "GET /rhn/manager/api/user/listUsers HTTP/1.1" 200 471
172.16.3.5 - - [03/Mar/2026:20:14:03 +0100] "POST /rhn/manager/api/auth/login HTTP/1.1" 200 16
172.16.3.5 - - [03/Mar/2026:20:14:04 +0100] "GET /rhn/manager/api/auth/logout HTTP/1.1" 200 16
172.16.3.5 - - [03/Mar/2026:20:14:04 +0100] "POST /rhn/manager/api/auth/login HTTP/1.1" 200 16
172.16.3.5 - - [03/Mar/2026:20:14:03 +0100] "POST /rhn/manager/api/user/create HTTP/1.1" 200 27
172.16.3.5 - - [03/Mar/2026:20:14:05 +0100] "GET /rhn/manager/api/auth/logout HTTP/1.1" 200 16
172.16.3.5 - - [03/Mar/2026:20:14:02 +0100] "POST /rhn/manager/api/user/create HTTP/1.1" 200 27
172.16.3.5 - - [03/Mar/2026:20:14:05 +0100] "POST /rhn/manager/api/auth/login HTTP/1.1" 200 16
172.16.3.5 - - [03/Mar/2026:20:14:05 +0100] "GET /rhn/manager/api/auth/logout HTTP/1.1" 200 16
172.16.3.5 - - [03/Mar/2026:20:14:05 +0100] "POST /rhn/manager/api/user/addRole HTTP/1.1" 200 27
172.16.3.5 - - [03/Mar/2026:20:14:06 +0100] "POST /rhn/manager/api/auth/login HTTP/1.1" 200 16
172.16.3.5 - - [03/Mar/2026:20:14:04 +0100] "POST /rhn/manager/api/user/create HTTP/1.1" 200 27
172.16.3.5 - - [03/Mar/2026:20:14:06 +0100] "GET /rhn/manager/api/auth/logout HTTP/1.1" 200 16
172.16.3.5 - - [03/Mar/2026:20:14:06 +0100] "GET /rhn/manager/api/auth/logout HTTP/1.1" 200 16
172.16.3.5 - - [03/Mar/2026:20:14:03 +0100] "POST /rhn/manager/api/user/create HTTP/1.1" 200 27
172.16.3.5 - - [03/Mar/2026:20:14:06 +0100] "POST /rhn/manager/api/auth/login HTTP/1.1" 200 16
172.16.3.5 - - [03/Mar/2026:20:14:06 +0100] "POST /rhn/manager/api/auth/login HTTP/1.1" 200 16
172.16.3.5 - - [03/Mar/2026:20:14:06 +0100] "GET /rhn/manager/api/auth/logout HTTP/1.1" 200 16
172.16.3.5 - - [03/Mar/2026:20:14:06 +0100] "POST /rhn/manager/api/user/addRole HTTP/1.1" 200 27
172.16.3.5 - - [03/Mar/2026:20:14:06 +0100] "POST /rhn/manager/api/auth/login HTTP/1.1" 200 16
172.16.3.5 - - [03/Mar/2026:20:14:06 +0100] "POST /rhn/manager/api/user/addRole HTTP/1.1" 200 27
172.16.3.5 - - [03/Mar/2026:20:14:06 +0100] "POST /rhn/manager/api/user/addRole HTTP/1.1" 200 27
172.16.3.5 - - [03/Mar/2026:20:14:07 +0100] "GET /rhn/manager/api/auth/logout HTTP/1.1" 200 16
172.16.3.5 - - [03/Mar/2026:20:14:07 +0100] "GET /rhn/manager/api/auth/logout HTTP/1.1" 200 16
172.16.3.5 - - [03/Mar/2026:20:14:07 +0100] "POST /rhn/manager/api/user/addRole HTTP/1.1" 200 27
172.16.3.5 - - [03/Mar/2026:20:14:07 +0100] "GET /rhn/manager/api/auth/logout HTTP/1.1" 200 16
172.16.3.5 - - [03/Mar/2026:20:14:07 +0100] "POST /rhn/manager/api/auth/login HTTP/1.1" 200 16
172.16.3.5 - - [03/Mar/2026:20:14:07 +0100] "POST /rhn/manager/api/auth/login HTTP/1.1" 200 16
172.16.3.5 - - [03/Mar/2026:20:14:04 +0100] "POST /rhn/manager/api/user/create HTTP/1.1" 200 27
172.16.3.5 - - [03/Mar/2026:20:14:07 +0100] "GET /rhn/manager/api/auth/logout HTTP/1.1" 200 16
172.16.3.5 - - [03/Mar/2026:20:14:07 +0100] "POST /rhn/manager/api/auth/login HTTP/1.1" 200 16
172.16.3.5 - - [03/Mar/2026:20:14:07 +0100] "POST /rhn/manager/api/auth/login HTTP/1.1" 200 16
172.16.3.5 - - [03/Mar/2026:20:14:07 +0100] "GET /rhn/manager/api/auth/logout HTTP/1.1" 200 16
172.16.3.5 - - [03/Mar/2026:20:14:07 +0100] "POST /rhn/manager/api/user/addRole HTTP/1.1" 200 27
172.16.3.5 - - [03/Mar/2026:20:14:07 +0100] "POST /rhn/manager/api/user/addRole HTTP/1.1" 200 27
172.16.3.5 - - [03/Mar/2026:20:14:07 +0100] "POST /rhn/manager/api/user/addRole HTTP/1.1" 200 27
172.16.3.5 - - [03/Mar/2026:20:14:07 +0100] "POST /rhn/manager/api/auth/login HTTP/1.1" 200 16
172.16.3.5 - - [03/Mar/2026:20:14:07 +0100] "GET /rhn/manager/api/auth/logout HTTP/1.1" 200 16
172.16.3.5 - - [03/Mar/2026:20:14:07 +0100] "GET /rhn/manager/api/auth/logout HTTP/1.1" 200 16
172.16.3.5 - - [03/Mar/2026:20:14:08 +0100] "GET /rhn/manager/api/auth/logout HTTP/1.1" 200 16
172.16.3.5 - - [03/Mar/2026:20:14:07 +0100] "POST /rhn/manager/api/user/addRole HTTP/1.1" 200 27
172.16.3.5 - - [03/Mar/2026:20:14:08 +0100] "POST /rhn/manager/api/user/addRole HTTP/1.1" 200 27
172.16.3.5 - - [03/Mar/2026:20:14:08 +0100] "POST /rhn/manager/api/auth/login HTTP/1.1" 200 16
172.16.3.5 - - [03/Mar/2026:20:14:08 +0100] "POST /rhn/manager/api/auth/login HTTP/1.1" 200 16
172.16.3.5 - - [03/Mar/2026:20:14:08 +0100] "GET /rhn/manager/api/auth/logout HTTP/1.1" 200 16
172.16.3.5 - - [03/Mar/2026:20:14:08 +0100] "POST /rhn/manager/api/auth/login HTTP/1.1" 200 16
172.16.3.5 - - [03/Mar/2026:20:14:08 +0100] "GET /rhn/manager/api/auth/logout HTTP/1.1" 200 16
172.16.3.5 - - [03/Mar/2026:20:14:08 +0100] "POST /rhn/manager/api/auth/login HTTP/1.1" 200 16
172.16.3.5 - - [03/Mar/2026:20:14:08 +0100] "POST /rhn/manager/api/user/addRole HTTP/1.1" 200 27
172.16.3.5 - - [03/Mar/2026:20:14:08 +0100] "POST /rhn/manager/api/user/addRole HTTP/1.1" 200 27
172.16.3.5 - - [03/Mar/2026:20:14:08 +0100] "POST /rhn/manager/api/user/addRole HTTP/1.1" 200 27
172.16.3.5 - - [03/Mar/2026:20:14:08 +0100] "POST /rhn/manager/api/auth/login HTTP/1.1" 200 16
172.16.3.5 - - [03/Mar/2026:20:14:08 +0100] "GET /rhn/manager/api/auth/logout HTTP/1.1" 200 16
172.16.3.5 - - [03/Mar/2026:20:14:08 +0100] "GET /rhn/manager/api/auth/logout HTTP/1.1" 200 16
172.16.3.5 - - [03/Mar/2026:20:14:08 +0100] "GET /rhn/manager/api/auth/logout HTTP/1.1" 200 16
172.16.3.5 - - [03/Mar/2026:20:14:08 +0100] "POST /rhn/manager/api/user/addRole HTTP/1.1" 200 27
172.16.3.5 - - [03/Mar/2026:20:14:08 +0100] "POST /rhn/manager/api/auth/login HTTP/1.1" 200 16
172.16.3.5 - - [03/Mar/2026:20:14:08 +0100] "POST /rhn/manager/api/user/addRole HTTP/1.1" 200 27
172.16.3.5 - - [03/Mar/2026:20:14:09 +0100] "POST /rhn/manager/api/auth/login HTTP/1.1" 200 16
172.16.3.5 - - [03/Mar/2026:20:14:09 +0100] "POST /rhn/manager/api/auth/login HTTP/1.1" 200 16
172.16.3.5 - - [03/Mar/2026:20:14:09 +0100] "GET /rhn/manager/api/auth/logout HTTP/1.1" 200 16
172.16.3.5 - - [03/Mar/2026:20:14:09 +0100] "GET /rhn/manager/api/auth/logout HTTP/1.1" 200 16
172.16.3.5 - - [03/Mar/2026:20:14:09 +0100] "POST /rhn/manager/api/user/addRole HTTP/1.1" 200 27
172.16.3.5 - - [03/Mar/2026:20:14:09 +0100] "POST /rhn/manager/api/user/addRole HTTP/1.1" 200 27
172.16.3.5 - - [03/Mar/2026:20:14:09 +0100] "POST /rhn/manager/api/auth/login HTTP/1.1" 200 16
172.16.3.5 - - [03/Mar/2026:20:14:09 +0100] "POST /rhn/manager/api/user/addRole HTTP/1.1" 200 27
172.16.3.5 - - [03/Mar/2026:20:14:09 +0100] "GET /rhn/manager/api/auth/logout HTTP/1.1" 200 16
172.16.3.5 - - [03/Mar/2026:20:14:09 +0100] "POST /rhn/manager/api/auth/login HTTP/1.1" 200 16
172.16.3.5 - - [03/Mar/2026:20:14:09 +0100] "GET /rhn/manager/api/auth/logout HTTP/1.1" 200 16
172.16.3.5 - - [03/Mar/2026:20:14:10 +0100] "GET /rhn/manager/api/auth/logout HTTP/1.1" 200 16
172.16.3.5 - - [03/Mar/2026:20:14:10 +0100] "POST /rhn/manager/api/auth/login HTTP/1.1" 200 16
172.16.3.5 - - [03/Mar/2026:20:14:09 +0100] "POST /rhn/manager/api/user/addRole HTTP/1.1" 200 27
172.16.3.5 - - [03/Mar/2026:20:14:10 +0100] "POST /rhn/manager/api/auth/login HTTP/1.1" 200 16
172.16.3.5 - - [03/Mar/2026:20:14:10 +0100] "POST /rhn/manager/api/auth/login HTTP/1.1" 200 16
172.16.3.5 - - [03/Mar/2026:20:14:10 +0100] "POST /rhn/manager/api/user/addRole HTTP/1.1" 200 27
172.16.3.5 - - [03/Mar/2026:20:14:10 +0100] "GET /rhn/manager/api/auth/logout HTTP/1.1" 200 16
172.16.3.5 - - [03/Mar/2026:20:14:10 +0100] "POST /rhn/manager/api/user/addRole HTTP/1.1" 200 27
172.16.3.5 - - [03/Mar/2026:20:14:10 +0100] "GET /rhn/manager/api/auth/logout HTTP/1.1" 200 16
172.16.3.5 - - [03/Mar/2026:20:14:10 +0100] "POST /rhn/manager/api/auth/login HTTP/1.1" 200 16
172.16.3.5 - - [03/Mar/2026:20:14:10 +0100] "POST /rhn/manager/api/user/addRole HTTP/1.1" 200 27
172.16.3.5 - - [03/Mar/2026:20:14:10 +0100] "GET /rhn/manager/api/auth/logout HTTP/1.1" 200 16
172.16.3.5 - - [03/Mar/2026:20:14:10 +0100] "POST /rhn/manager/api/auth/login HTTP/1.1" 200 16
172.16.3.5 - - [03/Mar/2026:20:14:10 +0100] "POST /rhn/manager/api/user/addRole HTTP/1.1" 200 27
172.16.3.5 - - [03/Mar/2026:20:14:10 +0100] "GET /rhn/manager/api/auth/logout HTTP/1.1" 200 16
172.16.3.5 - - [03/Mar/2026:20:14:11 +0100] "GET /rhn/manager/api/auth/logout HTTP/1.1" 200 16
172.16.3.5 - - [03/Mar/2026:20:14:10 +0100] "POST /rhn/manager/api/user/addRole HTTP/1.1" 200 27
172.16.3.5 - - [03/Mar/2026:20:14:11 +0100] "POST /rhn/manager/api/auth/login HTTP/1.1" 200 16
172.16.3.5 - - [03/Mar/2026:20:14:11 +0100] "POST /rhn/manager/api/user/addRole HTTP/1.1" 200 27
172.16.3.5 - - [03/Mar/2026:20:14:11 +0100] "GET /rhn/manager/api/auth/logout HTTP/1.1" 200 16
172.16.3.5 - - [03/Mar/2026:20:14:11 +0100] "POST /rhn/manager/api/auth/login HTTP/1.1" 200 16
172.16.3.5 - - [03/Mar/2026:20:14:11 +0100] "GET /rhn/manager/api/auth/logout HTTP/1.1" 200 16
172.16.3.5 - - [03/Mar/2026:20:14:11 +0100] "POST /rhn/manager/api/user/addRole HTTP/1.1" 200 27
172.16.3.5 - - [03/Mar/2026:20:14:11 +0100] "POST /rhn/manager/api/auth/login HTTP/1.1" 200 16
172.16.3.5 - - [03/Mar/2026:20:14:11 +0100] "POST /rhn/manager/api/auth/login HTTP/1.1" 200 16
172.16.3.5 - - [03/Mar/2026:20:14:11 +0100] "POST /rhn/manager/api/user/addRole HTTP/1.1" 200 27
172.16.3.5 - - [03/Mar/2026:20:14:11 +0100] "GET /rhn/manager/api/auth/logout HTTP/1.1" 200 16
172.16.3.5 - - [03/Mar/2026:20:14:11 +0100] "POST /rhn/manager/api/user/addRole HTTP/1.1" 200 27
172.16.3.5 - - [03/Mar/2026:20:14:11 +0100] "GET /rhn/manager/api/auth/logout HTTP/1.1" 200 16
172.16.3.5 - - [03/Mar/2026:20:14:11 +0100] "POST /rhn/manager/api/user/addRole HTTP/1.1" 200 27
172.16.3.5 - - [03/Mar/2026:20:14:12 +0100] "GET /rhn/manager/api/auth/logout HTTP/1.1" 200 16
172.16.3.5 - - [03/Mar/2026:20:14:12 +0100] "GET /rhn/manager/api/auth/logout HTTP/1.1" 200 16
172.16.3.5 - - [03/Mar/2026:20:14:12 +0100] "POST /rhn/manager/api/auth/login HTTP/1.1" 200 16
172.16.3.5 - - [03/Mar/2026:20:14:12 +0100] "POST /rhn/manager/api/user/addRole HTTP/1.1" 200 27
172.16.3.5 - - [03/Mar/2026:20:14:12 +0100] "GET /rhn/manager/api/auth/logout HTTP/1.1" 200 16
::1 - - [03/Mar/2026:20:14:30 +0100] "GET /rhn/manager/login HTTP/1.1" 302 -
172.16.3.5 - - [03/Mar/2026:20:14:37 +0100] "GET /rhn/manager/login HTTP/1.1" 200 2221
172.16.3.5 - - [03/Mar/2026:20:14:38 +0100] "GET /rhn/manager/login HTTP/1.1" 200 2219
172.16.3.5 - - [03/Mar/2026:20:14:38 +0100] "POST /rhn/manager/frontend-log HTTP/1.1" 302 -
172.16.3.5 - - [03/Mar/2026:20:14:38 +0100] "GET /rhn/manager/login?url_bounce=%2Frhn%2Fmanager%2Ffrontend-log&request_method=POST HTTP/1.1" 200 2221
172.16.3.5 - - [03/Mar/2026:20:14:39 +0100] "POST /rhn/manager/frontend-log HTTP/1.1" 302 -
172.16.3.5 - - [03/Mar/2026:20:14:39 +0100] "GET /rhn/manager/login?url_bounce=%2Frhn%2Fmanager%2Ffrontend-log&request_method=POST HTTP/1.1" 200 2223
172.16.3.5 - - [03/Mar/2026:20:14:46 +0100] "GET /rhn/manager/login HTTP/1.1" 200 2221
172.16.3.5 - - [03/Mar/2026:20:14:47 +0100] "GET /rhn/manager/login HTTP/1.1" 200 2219
172.16.3.5 - - [03/Mar/2026:20:14:47 +0100] "POST /rhn/manager/frontend-log HTTP/1.1" 302 -
172.16.3.5 - - [03/Mar/2026:20:14:47 +0100] "GET /rhn/manager/login?url_bounce=%2Frhn%2Fmanager%2Ffrontend-log&request_method=POST HTTP/1.1" 200 2225
172.16.3.5 - - [03/Mar/2026:20:14:48 +0100] "POST /rhn/manager/frontend-log HTTP/1.1" 302 -
172.16.3.5 - - [03/Mar/2026:20:14:48 +0100] "GET /rhn/manager/login?url_bounce=%2Frhn%2Fmanager%2Ffrontend-log&request_method=POST HTTP/1.1" 200 2225
172.16.3.5 - - [03/Mar/2026:20:14:49 +0100] "GET /rhn/manager/login HTTP/1.1" 200 2219
172.16.3.5 - - [03/Mar/2026:20:14:49 +0100] "POST /rhn/manager/api/login HTTP/1.1" 200 16
172.16.3.5 - - [03/Mar/2026:20:14:49 +0100] "GET /rhn/YourRhn.do HTTP/1.1" 200 36306
172.16.3.5 - - [03/Mar/2026:20:14:49 +0100] "POST /rhn/manager/frontend-log HTTP/1.1" 401 687
172.16.3.5 - - [03/Mar/2026:20:14:49 +0100] "POST /rhn/manager/api/login HTTP/1.1" 200 16
172.16.3.5 - - [03/Mar/2026:20:14:49 +0100] "POST /rhn/ajax/subscription-warning HTTP/1.1" 200 -
172.16.3.5 - - [03/Mar/2026:20:14:49 +0100] "POST /rhn/ajax/inactive-systems HTTP/1.1" 200 540
172.16.3.5 - - [03/Mar/2026:20:14:50 +0100] "POST /rhn/manager/frontend-log HTTP/1.1" 302 -
172.16.3.5 - - [03/Mar/2026:20:14:49 +0100] "POST /rhn/ajax/tasks HTTP/1.1" 200 2232
172.16.3.5 - - [03/Mar/2026:20:14:49 +0100] "POST /rhn/ajax/latest-errata HTTP/1.1" 200 539
172.16.3.5 - - [03/Mar/2026:20:14:49 +0100] "POST /rhn/ajax/critical-systems HTTP/1.1" 200 2025
172.16.3.5 - - [03/Mar/2026:20:14:49 +0100] "GET /rhn/YourRhn.do HTTP/1.1" 200 36306
172.16.3.5 - - [03/Mar/2026:20:14:49 +0100] "POST /rhn/ajax/pending-actions HTTP/1.1" 200 3272
172.16.3.5 - - [03/Mar/2026:20:14:50 +0100] "POST /rhn/manager/frontend-log HTTP/1.1" 401 687
172.16.3.5 - - [03/Mar/2026:20:14:50 +0100] "GET /rhn/manager/login?url_bounce=%2Frhn%2Fmanager%2Ffrontend-log&request_method=POST HTTP/1.1" 200 2225
127.0.0.1 - - [03/Mar/2026:20:14:50 +0100] "GET /rhn/websocket/notifications HTTP/1.1" 101 -
172.16.3.5 - - [03/Mar/2026:20:14:50 +0100] "POST /rhn/ajax/systems-groups HTTP/1.1" 200 1490
172.16.3.5 - - [03/Mar/2026:20:14:50 +0100] "POST /rhn/manager/frontend-log HTTP/1.1" 401 687
172.16.3.5 - - [03/Mar/2026:20:14:50 +0100] "POST /rhn/ajax/recent-systems HTTP/1.1" 200 3173
172.16.3.5 - - [03/Mar/2026:20:14:50 +0100] "GET /rhn/manager/systems/bootstrap HTTP/1.1" 200 34641
127.0.0.1 - - [03/Mar/2026:20:14:50 +0100] "GET /rhn/websocket/notifications HTTP/1.1" 101 -
172.16.3.5 - - [03/Mar/2026:20:14:50 +0100] "POST /rhn/ajax/inactive-systems HTTP/1.1" 200 540
172.16.3.5 - - [03/Mar/2026:20:14:50 +0100] "POST /rhn/ajax/critical-systems HTTP/1.1" 200 2025
172.16.3.5 - - [03/Mar/2026:20:14:50 +0100] "POST /rhn/ajax/subscription-warning HTTP/1.1" 200 -
127.0.0.1 - - [03/Mar/2026:20:14:51 +0100] "GET /rhn/websocket/notifications HTTP/1.1" 101 -
172.16.3.5 - - [03/Mar/2026:20:14:50 +0100] "POST /rhn/ajax/tasks HTTP/1.1" 200 2232
172.16.3.5 - - [03/Mar/2026:20:14:50 +0100] "POST /rhn/ajax/latest-errata HTTP/1.1" 200 539
172.16.3.5 - - [03/Mar/2026:20:14:51 +0100] "POST /rhn/manager/frontend-log HTTP/1.1" 200 16
127.0.0.1 - - [03/Mar/2026:20:14:51 +0100] "GET /rhn/websocket/notifications HTTP/1.1" 101 -
172.16.3.5 - - [03/Mar/2026:20:14:51 +0100] "POST /rhn/ajax/systems-groups HTTP/1.1" 200 1490
172.16.3.5 - - [03/Mar/2026:20:14:51 +0100] "POST /rhn/ajax/recent-systems HTTP/1.1" 200 3173
172.16.3.5 - - [03/Mar/2026:20:14:51 +0100] "POST /rhn/manager/frontend-log HTTP/1.1" 200 16
172.16.3.5 - - [03/Mar/2026:20:14:50 +0100] "POST /rhn/ajax/pending-actions HTTP/1.1" 200 3272
172.16.3.5 - - [03/Mar/2026:20:14:51 +0100] "GET /rhn/manager/systems/bootstrap HTTP/1.1" 200 34641
127.0.0.1 - - [03/Mar/2026:20:14:52 +0100] "GET /rhn/websocket/notifications HTTP/1.1" 101 -
172.16.3.5 - - [03/Mar/2026:20:14:52 +0100] "POST /rhn/manager/frontend-log HTTP/1.1" 200 16
172.16.3.5 - - [03/Mar/2026:20:14:57 +0100] "POST /rhn/manager/api/login HTTP/1.1" 200 16
172.16.3.5 - - [03/Mar/2026:20:14:57 +0100] "GET /rhn/YourRhn.do HTTP/1.1" 200 36306
172.16.3.5 - - [03/Mar/2026:20:14:57 +0100] "POST /rhn/manager/frontend-log HTTP/1.1" 401 687
172.16.3.5 - - [03/Mar/2026:20:14:58 +0100] "POST /rhn/ajax/inactive-systems HTTP/1.1" 200 540
172.16.3.5 - - [03/Mar/2026:20:14:58 +0100] "POST /rhn/ajax/pending-actions HTTP/1.1" 200 3272
172.16.3.5 - - [03/Mar/2026:20:14:58 +0100] "POST /rhn/ajax/latest-errata HTTP/1.1" 200 539
172.16.3.5 - - [03/Mar/2026:20:14:58 +0100] "POST /rhn/ajax/critical-systems HTTP/1.1" 200 2025
172.16.3.5 - - [03/Mar/2026:20:14:58 +0100] "POST /rhn/ajax/subscription-warning HTTP/1.1" 200 -
172.16.3.5 - - [03/Mar/2026:20:14:58 +0100] "POST /rhn/ajax/systems-groups HTTP/1.1" 200 1490
172.16.3.5 - - [03/Mar/2026:20:14:58 +0100] "POST /rhn/ajax/tasks HTTP/1.1" 200 2232
127.0.0.1 - - [03/Mar/2026:20:14:58 +0100] "GET /rhn/websocket/notifications HTTP/1.1" 101 -
172.16.3.5 - - [03/Mar/2026:20:14:58 +0100] "POST /rhn/manager/api/login HTTP/1.1" 200 16
172.16.3.5 - - [03/Mar/2026:20:14:58 +0100] "POST /rhn/manager/frontend-log HTTP/1.1" 401 687
172.16.3.5 - - [03/Mar/2026:20:14:58 +0100] "POST /rhn/ajax/recent-systems HTTP/1.1" 200 3173
127.0.0.1 - - [03/Mar/2026:20:14:58 +0100] "GET /rhn/websocket/notifications HTTP/1.1" 101 -
172.16.3.5 - - [03/Mar/2026:20:14:58 +0100] "GET /rhn/YourRhn.do HTTP/1.1" 200 36306
172.16.3.5 - - [03/Mar/2026:20:14:59 +0100] "POST /rhn/manager/frontend-log HTTP/1.1" 401 687
172.16.3.5 - - [03/Mar/2026:20:14:59 +0100] "POST /rhn/ajax/subscription-warning HTTP/1.1" 200 -
172.16.3.5 - - [03/Mar/2026:20:14:59 +0100] "GET /rhn/manager/systems/bootstrap HTTP/1.1" 200 34641
127.0.0.1 - - [03/Mar/2026:20:14:59 +0100] "GET /rhn/websocket/notifications HTTP/1.1" 101 -
172.16.3.5 - - [03/Mar/2026:20:14:59 +0100] "POST /rhn/ajax/critical-systems HTTP/1.1" 200 2025
172.16.3.5 - - [03/Mar/2026:20:14:59 +0100] "POST /rhn/ajax/tasks HTTP/1.1" 200 2232
172.16.3.5 - - [03/Mar/2026:20:14:59 +0100] "POST /rhn/ajax/pending-actions HTTP/1.1" 200 3272
172.16.3.5 - - [03/Mar/2026:20:14:59 +0100] "POST /rhn/ajax/latest-errata HTTP/1.1" 200 539
172.16.3.5 - - [03/Mar/2026:20:14:59 +0100] "POST /rhn/ajax/systems-groups HTTP/1.1" 200 1490
172.16.3.5 - - [03/Mar/2026:20:14:59 +0100] "POST /rhn/ajax/inactive-systems HTTP/1.1" 200 540
127.0.0.1 - - [03/Mar/2026:20:14:59 +0100] "GET /rhn/websocket/notifications HTTP/1.1" 101 -
127.0.0.1 - - [03/Mar/2026:20:14:59 +0100] "GET /rhn/websocket/notifications HTTP/1.1" 101 -
172.16.3.5 - - [03/Mar/2026:20:14:59 +0100] "POST /rhn/manager/frontend-log HTTP/1.1" 200 16
172.16.3.5 - - [03/Mar/2026:20:15:00 +0100] "POST /rhn/manager/frontend-log HTTP/1.1" 200 16
172.16.3.5 - - [03/Mar/2026:20:14:59 +0100] "POST /rhn/ajax/recent-systems HTTP/1.1" 200 3173
172.16.3.5 - - [03/Mar/2026:20:15:00 +0100] "POST /rhn/manager/api/login HTTP/1.1" 200 16
172.16.3.5 - - [03/Mar/2026:20:15:00 +0100] "GET /rhn/manager/systems/bootstrap HTTP/1.1" 200 34641
172.16.3.5 - - [03/Mar/2026:20:15:01 +0100] "GET /rhn/YourRhn.do HTTP/1.1" 200 36306
172.16.3.5 - - [03/Mar/2026:20:15:01 +0100] "POST /rhn/manager/frontend-log HTTP/1.1" 401 687
127.0.0.1 - - [03/Mar/2026:20:15:01 +0100] "GET /rhn/websocket/notifications HTTP/1.1" 101 -
172.16.3.5 - - [03/Mar/2026:20:15:01 +0100] "POST /rhn/manager/frontend-log HTTP/1.1" 200 16
127.0.0.1 - - [03/Mar/2026:20:15:01 +0100] "GET /rhn/websocket/notifications HTTP/1.1" 101 -
172.16.3.5 - - [03/Mar/2026:20:15:01 +0100] "POST /rhn/ajax/latest-errata HTTP/1.1" 200 539
172.16.3.5 - - [03/Mar/2026:20:15:01 +0100] "POST /rhn/ajax/tasks HTTP/1.1" 200 2232
172.16.3.5 - - [03/Mar/2026:20:15:01 +0100] "POST /rhn/ajax/critical-systems HTTP/1.1" 200 2025
172.16.3.5 - - [03/Mar/2026:20:15:01 +0100] "POST /rhn/ajax/subscription-warning HTTP/1.1" 200 -
127.0.0.1 - - [03/Mar/2026:20:15:02 +0100] "GET /rhn/websocket/notifications HTTP/1.1" 101 -
172.16.3.5 - - [03/Mar/2026:20:15:01 +0100] "POST /rhn/ajax/inactive-systems HTTP/1.1" 200 540
172.16.3.5 - - [03/Mar/2026:20:15:01 +0100] "POST /rhn/ajax/pending-actions HTTP/1.1" 200 3272
172.16.3.5 - - [03/Mar/2026:20:15:02 +0100] "POST /rhn/manager/frontend-log HTTP/1.1" 200 16
172.16.3.5 - - [03/Mar/2026:20:15:02 +0100] "POST /rhn/ajax/systems-groups HTTP/1.1" 200 1490
172.16.3.5 - - [03/Mar/2026:20:15:02 +0100] "POST /rhn/ajax/recent-systems HTTP/1.1" 200 3173
172.16.3.5 - - [03/Mar/2026:20:15:02 +0100] "GET /rhn/manager/systems/bootstrap HTTP/1.1" 200 34641
127.0.0.1 - - [03/Mar/2026:20:15:03 +0100] "GET /rhn/websocket/notifications HTTP/1.1" 101 -
172.16.3.5 - - [03/Mar/2026:20:15:03 +0100] "POST /rhn/manager/frontend-log HTTP/1.1" 200 16
172.16.3.7 - - [03/Mar/2026:20:15:03 +0100] "GET /rhn/errors/404.jsp HTTP/1.1" 404 4500
172.16.3.7 - - [03/Mar/2026:20:15:03 +0100] "GET /rhn/errors/404.jsp HTTP/1.1" 404 4500
172.16.3.7 - - [03/Mar/2026:20:15:05 +0100] "GET /rhn/errors/404.jsp HTTP/1.1" 404 4500
172.16.3.7 - - [03/Mar/2026:20:15:15 +0100] "GET /rhn/errors/404.jsp HTTP/1.1" 404 4500
172.16.3.7 - - [03/Mar/2026:20:15:16 +0100] "GET /rhn/errors/404.jsp HTTP/1.1" 404 4500
172.16.3.5 - - [03/Mar/2026:20:15:04 +0100] "POST /rhn/manager/api/systems/bootstrap HTTP/1.1" 200 624
172.16.3.7 - - [03/Mar/2026:20:15:18 +0100] "GET /rhn/errors/404.jsp HTTP/1.1" 404 4500
172.16.3.5 - - [03/Mar/2026:20:14:58 +0100] "POST /rhn/manager/api/systems/bootstrap HTTP/1.1" 200 28
172.16.3.5 - - [03/Mar/2026:20:15:33 +0100] "GET /rhn/manager/systems/list/all HTTP/1.1" 200 34439
::1 - - [03/Mar/2026:20:15:34 +0100] "GET /rhn/manager/login HTTP/1.1" 302 -
127.0.0.1 - - [03/Mar/2026:20:15:34 +0100] "GET /rhn/websocket/notifications HTTP/1.1" 101 -
172.16.3.5 - - [03/Mar/2026:20:15:34 +0100] "POST /rhn/manager/frontend-log HTTP/1.1" 200 16
172.16.3.5 - - [03/Mar/2026:20:15:34 +0100] "GET /rhn/manager/api/systems/list/all?p=1&ps=100&s=1&sc=server_name HTTP/1.1" 200 786
172.16.3.5 - - [03/Mar/2026:20:15:34 +0100] "POST /rhn/manager/api/sets/system_list HTTP/1.1" 200 1
172.16.3.7 - - [03/Mar/2026:20:15:36 +0100] "GET /rhn/errors/404.jsp HTTP/1.1" 404 4500
172.16.3.7 - - [03/Mar/2026:20:15:36 +0100] "GET /rhn/errors/404.jsp HTTP/1.1" 404 4500
172.16.3.5 - - [03/Mar/2026:20:14:59 +0100] "POST /rhn/manager/api/systems/bootstrap HTTP/1.1" 200 28
172.16.3.5 - - [03/Mar/2026:20:15:41 +0100] "GET /rhn/manager/systems/list/all HTTP/1.1" 200 34439
172.16.3.5 - - [03/Mar/2026:20:15:41 +0100] "POST /rhn/manager/frontend-log HTTP/1.1" 200 16
127.0.0.1 - - [03/Mar/2026:20:15:41 +0100] "GET /rhn/websocket/notifications HTTP/1.1" 101 -
172.16.3.5 - - [03/Mar/2026:20:15:41 +0100] "GET /rhn/manager/systems/list/all HTTP/1.1" 200 34439
172.16.3.5 - - [03/Mar/2026:20:15:41 +0100] "GET /rhn/manager/api/systems/list/all?p=1&ps=100&s=1&sc=server_name HTTP/1.1" 200 786
172.16.3.5 - - [03/Mar/2026:20:15:42 +0100] "POST /rhn/manager/frontend-log HTTP/1.1" 200 16
127.0.0.1 - - [03/Mar/2026:20:15:42 +0100] "GET /rhn/websocket/notifications HTTP/1.1" 101 -
172.16.3.5 - - [03/Mar/2026:20:15:42 +0100] "POST /rhn/manager/api/sets/system_list HTTP/1.1" 200 1
127.0.0.1 - - [03/Mar/2026:20:15:42 +0100] "GET /rhn/websocket/notifications HTTP/1.1" 101 -
172.16.3.5 - - [03/Mar/2026:20:15:42 +0100] "POST /rhn/manager/frontend-log HTTP/1.1" 200 16
172.16.3.5 - - [03/Mar/2026:20:15:42 +0100] "GET /rhn/manager/api/systems/list/all?p=1&ps=100&s=1&sc=server_name HTTP/1.1" 200 786
172.16.3.5 - - [03/Mar/2026:20:15:42 +0100] "POST /rhn/manager/api/sets/system_list HTTP/1.1" 200 1
172.16.3.5 - - [03/Mar/2026:20:15:06 +0100] "POST /rhn/manager/api/systems/bootstrap HTTP/1.1" 200 28
172.16.3.5 - - [03/Mar/2026:20:15:48 +0100] "GET /rhn/manager/systems/keys HTTP/1.1" 200 34291
127.0.0.1 - - [03/Mar/2026:20:15:48 +0100] "GET /rhn/websocket/notifications HTTP/1.1" 101 -
172.16.3.5 - - [03/Mar/2026:20:15:48 +0100] "POST /rhn/manager/frontend-log HTTP/1.1" 200 16
172.16.3.5 - - [03/Mar/2026:20:15:48 +0100] "GET /rhn/manager/api/systems/keys HTTP/1.1" 200 774
172.16.3.5 - - [03/Mar/2026:20:15:48 +0100] "GET /rhn/manager/systems/list/all HTTP/1.1" 200 34439
172.16.3.5 - - [03/Mar/2026:20:15:49 +0100] "POST /rhn/manager/frontend-log HTTP/1.1" 200 16
127.0.0.1 - - [03/Mar/2026:20:15:49 +0100] "GET /rhn/websocket/notifications HTTP/1.1" 101 -
127.0.0.1 - - [03/Mar/2026:20:15:49 +0100] "GET /rhn/websocket/notifications HTTP/1.1" 101 -
172.16.3.5 - - [03/Mar/2026:20:15:49 +0100] "POST /rhn/manager/frontend-log HTTP/1.1" 200 16
172.16.3.5 - - [03/Mar/2026:20:15:49 +0100] "GET /rhn/manager/api/systems/list/all?p=1&ps=100&s=1&sc=server_name HTTP/1.1" 200 786
172.16.3.5 - - [03/Mar/2026:20:15:49 +0100] "GET /rhn/manager/systems/list/all HTTP/1.1" 200 34439
127.0.0.1 - - [03/Mar/2026:20:15:49 +0100] "GET /rhn/websocket/notifications HTTP/1.1" 101 -
172.16.3.5 - - [03/Mar/2026:20:15:49 +0100] "POST /rhn/manager/api/sets/system_list HTTP/1.1" 200 1
172.16.3.5 - - [03/Mar/2026:20:15:49 +0100] "POST /rhn/manager/frontend-log HTTP/1.1" 200 16
172.16.3.5 - - [03/Mar/2026:20:15:50 +0100] "GET /rhn/manager/api/systems/list/all?p=1&ps=100&s=1&sc=server_name HTTP/1.1" 200 786
172.16.3.5 - - [03/Mar/2026:20:15:50 +0100] "POST /rhn/manager/api/sets/system_list HTTP/1.1" 200 1
172.16.3.7 - - [03/Mar/2026:20:15:51 +0100] "HEAD /rhn/manager/download/devel-rh-like-channel/repodata/repomd.xml?eyJhbGciOiJIUzI1NiJ9.eyJqdGkiOiJpZW5xNUhOOFpGZU5TSjVtV1pqUjRBIiwiZXhwIjoxODA0MTAxMzM3LCJpYXQiOjE3NzI1NjUzMzcsIm5iZiI6MTc3MjU2NTIxNywib3JnIjoxLCJvbmx5Q2hhbm5lbHMiOlsiZGV2ZWwtcmgtbGlrZS1jaGFubmVsIl19.iF0dSH9H74cZhBGzgEIIRQYL3Li7epg6f1FyUb_1bXg HTTP/1.1" 200 -
172.16.3.7 - - [03/Mar/2026:20:15:51 +0100] "GET /rhn/manager/download/devel-rh-like-channel/repodata/repomd.xml?eyJhbGciOiJIUzI1NiJ9.eyJqdGkiOiJpZW5xNUhOOFpGZU5TSjVtV1pqUjRBIiwiZXhwIjoxODA0MTAxMzM3LCJpYXQiOjE3NzI1NjUzMzcsIm5iZiI6MTc3MjU2NTIxNywib3JnIjoxLCJvbmx5Q2hhbm5lbHMiOlsiZGV2ZWwtcmgtbGlrZS1jaGFubmVsIl19.iF0dSH9H74cZhBGzgEIIRQYL3Li7epg6f1FyUb_1bXg HTTP/1.1" 200 3664
172.16.3.7 - - [03/Mar/2026:20:15:52 +0100] "HEAD /rhn/manager/download/devel-rh-like-channel/repodata/19b60f5cd88bfafb99887c23134f4347cd9bbe73-filelists.xml.gz?eyJhbGciOiJIUzI1NiJ9.eyJqdGkiOiJpZW5xNUhOOFpGZU5TSjVtV1pqUjRBIiwiZXhwIjoxODA0MTAxMzM3LCJpYXQiOjE3NzI1NjUzMzcsIm5iZiI6MTc3MjU2NTIxNywib3JnIjoxLCJvbmx5Q2hhbm5lbHMiOlsiZGV2ZWwtcmgtbGlrZS1jaGFubmVsIl19.iF0dSH9H74cZhBGzgEIIRQYL3Li7epg6f1FyUb_1bXg HTTP/1.1" 200 -
172.16.3.7 - - [03/Mar/2026:20:15:52 +0100] "HEAD /rhn/manager/download/devel-rh-like-channel/repodata/bd7b1d54194c2ba76e732ca41506750e22d53cb1-primary.xml.gz?eyJhbGciOiJIUzI1NiJ9.eyJqdGkiOiJpZW5xNUhOOFpGZU5TSjVtV1pqUjRBIiwiZXhwIjoxODA0MTAxMzM3LCJpYXQiOjE3NzI1NjUzMzcsIm5iZiI6MTc3MjU2NTIxNywib3JnIjoxLCJvbmx5Q2hhbm5lbHMiOlsiZGV2ZWwtcmgtbGlrZS1jaGFubmVsIl19.iF0dSH9H74cZhBGzgEIIRQYL3Li7epg6f1FyUb_1bXg HTTP/1.1" 200 -
172.16.3.7 - - [03/Mar/2026:20:15:52 +0100] "GET /rhn/manager/download/devel-rh-like-channel/repodata/19b60f5cd88bfafb99887c23134f4347cd9bbe73-filelists.xml.gz?eyJhbGciOiJIUzI1NiJ9.eyJqdGkiOiJpZW5xNUhOOFpGZU5TSjVtV1pqUjRBIiwiZXhwIjoxODA0MTAxMzM3LCJpYXQiOjE3NzI1NjUzMzcsIm5iZiI6MTc3MjU2NTIxNywib3JnIjoxLCJvbmx5Q2hhbm5lbHMiOlsiZGV2ZWwtcmgtbGlrZS1jaGFubmVsIl19.iF0dSH9H74cZhBGzgEIIRQYL3Li7epg6f1FyUb_1bXg HTTP/1.1" 200 3664
172.16.3.7 - - [03/Mar/2026:20:15:52 +0100] "GET /rhn/manager/download/devel-rh-like-channel/repodata/bd7b1d54194c2ba76e732ca41506750e22d53cb1-primary.xml.gz?eyJhbGciOiJIUzI1NiJ9.eyJqdGkiOiJpZW5xNUhOOFpGZU5TSjVtV1pqUjRBIiwiZXhwIjoxODA0MTAxMzM3LCJpYXQiOjE3NzI1NjUzMzcsIm5iZiI6MTc3MjU2NTIxNywib3JnIjoxLCJvbmx5Q2hhbm5lbHMiOlsiZGV2ZWwtcmgtbGlrZS1jaGFubmVsIl19.iF0dSH9H74cZhBGzgEIIRQYL3Li7epg6f1FyUb_1bXg HTTP/1.1" 200 3664
172.16.3.7 - - [03/Mar/2026:20:15:52 +0100] "HEAD /rhn/manager/download/fake-base-channel-rh-like/repodata/repomd.xml?eyJhbGciOiJIUzI1NiJ9.eyJqdGkiOiJUWEJXLVJKRFYxdUc2d1BEQ1NuaW5BIiwiZXhwIjoxODA0MTAxMzM3LCJpYXQiOjE3NzI1NjUzMzcsIm5iZiI6MTc3MjU2NTIxNywib3JnIjoxLCJvbmx5Q2hhbm5lbHMiOlsiZmFrZS1iYXNlLWNoYW5uZWwtcmgtbGlrZSJdfQ.XFJlPEbHBW7Qhl_2K8LrlUKKwG_aBzKHLKuQlR8duSw HTTP/1.1" 200 -
172.16.3.7 - - [03/Mar/2026:20:15:52 +0100] "GET /rhn/manager/download/fake-base-channel-rh-like/repodata/repomd.xml?eyJhbGciOiJIUzI1NiJ9.eyJqdGkiOiJUWEJXLVJKRFYxdUc2d1BEQ1NuaW5BIiwiZXhwIjoxODA0MTAxMzM3LCJpYXQiOjE3NzI1NjUzMzcsIm5iZiI6MTc3MjU2NTIxNywib3JnIjoxLCJvbmx5Q2hhbm5lbHMiOlsiZmFrZS1iYXNlLWNoYW5uZWwtcmgtbGlrZSJdfQ.XFJlPEbHBW7Qhl_2K8LrlUKKwG_aBzKHLKuQlR8duSw HTTP/1.1" 200 3664
172.16.3.7 - - [03/Mar/2026:20:15:53 +0100] "HEAD /rhn/manager/download/fake-base-channel-rh-like/repodata/2d4deb73146e4f1ab91a6a36803e3ca5a9190ca8-filelists.xml.gz?eyJhbGciOiJIUzI1NiJ9.eyJqdGkiOiJUWEJXLVJKRFYxdUc2d1BEQ1NuaW5BIiwiZXhwIjoxODA0MTAxMzM3LCJpYXQiOjE3NzI1NjUzMzcsIm5iZiI6MTc3MjU2NTIxNywib3JnIjoxLCJvbmx5Q2hhbm5lbHMiOlsiZmFrZS1iYXNlLWNoYW5uZWwtcmgtbGlrZSJdfQ.XFJlPEbHBW7Qhl_2K8LrlUKKwG_aBzKHLKuQlR8duSw HTTP/1.1" 200 -
172.16.3.7 - - [03/Mar/2026:20:15:53 +0100] "GET /rhn/manager/download/fake-base-channel-rh-like/repodata/2d4deb73146e4f1ab91a6a36803e3ca5a9190ca8-filelists.xml.gz?eyJhbGciOiJIUzI1NiJ9.eyJqdGkiOiJUWEJXLVJKRFYxdUc2d1BEQ1NuaW5BIiwiZXhwIjoxODA0MTAxMzM3LCJpYXQiOjE3NzI1NjUzMzcsIm5iZiI6MTc3MjU2NTIxNywib3JnIjoxLCJvbmx5Q2hhbm5lbHMiOlsiZmFrZS1iYXNlLWNoYW5uZWwtcmgtbGlrZSJdfQ.XFJlPEbHBW7Qhl_2K8LrlUKKwG_aBzKHLKuQlR8duSw HTTP/1.1" 200 3663
172.16.3.7 - - [03/Mar/2026:20:15:53 +0100] "HEAD /rhn/manager/download/fake-base-channel-rh-like/repodata/6a1f4129bf831ee1439dd2641e56ea4a3781322c-updateinfo.xml.gz?eyJhbGciOiJIUzI1NiJ9.eyJqdGkiOiJUWEJXLVJKRFYxdUc2d1BEQ1NuaW5BIiwiZXhwIjoxODA0MTAxMzM3LCJpYXQiOjE3NzI1NjUzMzcsIm5iZiI6MTc3MjU2NTIxNywib3JnIjoxLCJvbmx5Q2hhbm5lbHMiOlsiZmFrZS1iYXNlLWNoYW5uZWwtcmgtbGlrZSJdfQ.XFJlPEbHBW7Qhl_2K8LrlUKKwG_aBzKHLKuQlR8duSw HTTP/1.1" 200 -
172.16.3.7 - - [03/Mar/2026:20:15:53 +0100] "HEAD /rhn/manager/download/fake-base-channel-rh-like/repodata/2060bb767f7a911f454972e6172c81f47570fc70-primary.xml.gz?eyJhbGciOiJIUzI1NiJ9.eyJqdGkiOiJUWEJXLVJKRFYxdUc2d1BEQ1NuaW5BIiwiZXhwIjoxODA0MTAxMzM3LCJpYXQiOjE3NzI1NjUzMzcsIm5iZiI6MTc3MjU2NTIxNywib3JnIjoxLCJvbmx5Q2hhbm5lbHMiOlsiZmFrZS1iYXNlLWNoYW5uZWwtcmgtbGlrZSJdfQ.XFJlPEbHBW7Qhl_2K8LrlUKKwG_aBzKHLKuQlR8duSw HTTP/1.1" 200 -
172.16.3.7 - - [03/Mar/2026:20:15:53 +0100] "GET /rhn/manager/download/fake-base-channel-rh-like/repodata/6a1f4129bf831ee1439dd2641e56ea4a3781322c-updateinfo.xml.gz?eyJhbGciOiJIUzI1NiJ9.eyJqdGkiOiJUWEJXLVJKRFYxdUc2d1BEQ1NuaW5BIiwiZXhwIjoxODA0MTAxMzM3LCJpYXQiOjE3NzI1NjUzMzcsIm5iZiI6MTc3MjU2NTIxNywib3JnIjoxLCJvbmx5Q2hhbm5lbHMiOlsiZmFrZS1iYXNlLWNoYW5uZWwtcmgtbGlrZSJdfQ.XFJlPEbHBW7Qhl_2K8LrlUKKwG_aBzKHLKuQlR8duSw HTTP/1.1" 200 3664
172.16.3.7 - - [03/Mar/2026:20:15:53 +0100] "GET /rhn/manager/download/fake-base-channel-rh-like/repodata/2060bb767f7a911f454972e6172c81f47570fc70-primary.xml.gz?eyJhbGciOiJIUzI1NiJ9.eyJqdGkiOiJUWEJXLVJKRFYxdUc2d1BEQ1NuaW5BIiwiZXhwIjoxODA0MTAxMzM3LCJpYXQiOjE3NzI1NjUzMzcsIm5iZiI6MTc3MjU2NTIxNywib3JnIjoxLCJvbmx5Q2hhbm5lbHMiOlsiZmFrZS1iYXNlLWNoYW5uZWwtcmgtbGlrZSJdfQ.XFJlPEbHBW7Qhl_2K8LrlUKKwG_aBzKHLKuQlR8duSw HTTP/1.1" 200 3663
172.16.3.5 - - [03/Mar/2026:20:15:55 +0100] "GET /rhn/manager/systems/list/all HTTP/1.1" 200 34439
172.16.3.5 - - [03/Mar/2026:20:15:55 +0100] "POST /rhn/manager/frontend-log HTTP/1.1" 200 16
127.0.0.1 - - [03/Mar/2026:20:15:55 +0100] "GET /rhn/websocket/notifications HTTP/1.1" 101 -
172.16.3.5 - - [03/Mar/2026:20:15:55 +0100] "POST /rhn/manager/frontend-log HTTP/1.1" 200 16
127.0.0.1 - - [03/Mar/2026:20:15:56 +0100] "GET /rhn/websocket/notifications HTTP/1.1" 101 -
172.16.3.5 - - [03/Mar/2026:20:15:56 +0100] "GET /rhn/manager/api/systems/list/all?p=1&ps=100&s=1&sc=server_name HTTP/1.1" 200 786
172.16.3.5 - - [03/Mar/2026:20:15:56 +0100] "POST /rhn/manager/api/sets/system_list HTTP/1.1" 200 1
172.16.3.5 - - [03/Mar/2026:20:15:56 +0100] "GET /rhn/manager/systems/list/all HTTP/1.1" 200 34439
172.16.3.5 - - [03/Mar/2026:20:15:57 +0100] "POST /rhn/manager/frontend-log HTTP/1.1" 200 16
127.0.0.1 - - [03/Mar/2026:20:15:57 +0100] "GET /rhn/websocket/notifications HTTP/1.1" 101 -
127.0.0.1 - - [03/Mar/2026:20:15:57 +0100] "GET /rhn/websocket/notifications HTTP/1.1" 101 -
172.16.3.5 - - [03/Mar/2026:20:15:57 +0100] "POST /rhn/manager/frontend-log HTTP/1.1" 200 16
172.16.3.5 - - [03/Mar/2026:20:15:57 +0100] "GET /rhn/manager/api/systems/list/all?p=1&ps=100&s=1&sc=server_name HTTP/1.1" 200 786
172.16.3.5 - - [03/Mar/2026:20:15:57 +0100] "POST /rhn/manager/api/sets/system_list HTTP/1.1" 200 1
172.16.3.5 - - [03/Mar/2026:20:16:02 +0100] "GET /rhn/manager/systems/list/all HTTP/1.1" 200 34439
172.16.3.5 - - [03/Mar/2026:20:16:03 +0100] "POST /rhn/manager/frontend-log HTTP/1.1" 200 16
127.0.0.1 - - [03/Mar/2026:20:16:03 +0100] "GET /rhn/websocket/notifications HTTP/1.1" 101 -
172.16.3.5 - - [03/Mar/2026:20:16:03 +0100] "POST /rhn/manager/frontend-log HTTP/1.1" 200 16
127.0.0.1 - - [03/Mar/2026:20:16:03 +0100] "GET /rhn/websocket/notifications HTTP/1.1" 101 -
172.16.3.5 - - [03/Mar/2026:20:16:03 +0100] "GET /rhn/manager/api/systems/list/all?p=1&ps=100&s=1&sc=server_name HTTP/1.1" 200 3161
172.16.3.5 - - [03/Mar/2026:20:16:03 +0100] "POST /rhn/manager/api/sets/system_list HTTP/1.1" 200 1
172.16.3.5 - - [03/Mar/2026:20:15:07 +0100] "POST /rhn/manager/api/systems/bootstrap-ssh HTTP/1.1" 200 28
172.16.3.5 - - [03/Mar/2026:20:16:04 +0100] "GET /rhn/manager/systems/list/all HTTP/1.1" 200 34439
127.0.0.1 - - [03/Mar/2026:20:16:04 +0100] "GET /rhn/websocket/notifications HTTP/1.1" 101 -
172.16.3.5 - - [03/Mar/2026:20:16:04 +0100] "POST /rhn/manager/frontend-log HTTP/1.1" 200 16
172.16.3.5 - - [03/Mar/2026:20:16:05 +0100] "GET /rhn/manager/api/systems/list/all?p=1&ps=100&s=1&sc=server_name HTTP/1.1" 200 3161
172.16.3.5 - - [03/Mar/2026:20:16:05 +0100] "POST /rhn/manager/api/sets/system_list HTTP/1.1" 200 1
172.16.3.7 - - [03/Mar/2026:20:16:08 +0100] "HEAD /rhn/manager/download/devel-suse-channel/repodata/repomd.xml?eyJhbGciOiJIUzI1NiJ9.eyJqdGkiOiJMXzl4ZTA0NXdXTFlYZk90X1I0ZE93IiwiZXhwIjoxODA0MTAxMzUyLCJpYXQiOjE3NzI1NjUzNTIsIm5iZiI6MTc3MjU2NTIzMiwib3JnIjoxLCJvbmx5Q2hhbm5lbHMiOlsiZGV2ZWwtc3VzZS1jaGFubmVsIl19.f0yr2Jjhb55ff1GvsEFD7X4X63kXXKRi8iJQfur3qjc HTTP/1.1" 200 -
172.16.3.7 - - [03/Mar/2026:20:16:08 +0100] "HEAD /rhn/manager/download/devel-suse-channel/media.1/media?eyJhbGciOiJIUzI1NiJ9.eyJqdGkiOiJMXzl4ZTA0NXdXTFlYZk90X1I0ZE93IiwiZXhwIjoxODA0MTAxMzUyLCJpYXQiOjE3NzI1NjUzNTIsIm5iZiI6MTc3MjU2NTIzMiwib3JnIjoxLCJvbmx5Q2hhbm5lbHMiOlsiZGV2ZWwtc3VzZS1jaGFubmVsIl19.f0yr2Jjhb55ff1GvsEFD7X4X63kXXKRi8iJQfur3qjc HTTP/1.1" 404 -
172.16.3.7 - - [03/Mar/2026:20:16:08 +0100] "HEAD /rhn/manager/download/devel-suse-channel/repodata/repomd.xml?eyJhbGciOiJIUzI1NiJ9.eyJqdGkiOiJMXzl4ZTA0NXdXTFlYZk90X1I0ZE93IiwiZXhwIjoxODA0MTAxMzUyLCJpYXQiOjE3NzI1NjUzNTIsIm5iZiI6MTc3MjU2NTIzMiwib3JnIjoxLCJvbmx5Q2hhbm5lbHMiOlsiZGV2ZWwtc3VzZS1jaGFubmVsIl19.f0yr2Jjhb55ff1GvsEFD7X4X63kXXKRi8iJQfur3qjc HTTP/1.1" 200 -
172.16.3.7 - - [03/Mar/2026:20:16:08 +0100] "GET /rhn/manager/download/devel-suse-channel/repodata/repomd.xml?eyJhbGciOiJIUzI1NiJ9.eyJqdGkiOiJMXzl4ZTA0NXdXTFlYZk90X1I0ZE93IiwiZXhwIjoxODA0MTAxMzUyLCJpYXQiOjE3NzI1NjUzNTIsIm5iZiI6MTc3MjU2NTIzMiwib3JnIjoxLCJvbmx5Q2hhbm5lbHMiOlsiZGV2ZWwtc3VzZS1jaGFubmVsIl19.f0yr2Jjhb55ff1GvsEFD7X4X63kXXKRi8iJQfur3qjc HTTP/1.1" 200 3664
172.16.3.7 - - [03/Mar/2026:20:16:08 +0100] "HEAD /rhn/manager/download/devel-suse-channel/repodata/repomd.xml.asc?eyJhbGciOiJIUzI1NiJ9.eyJqdGkiOiJMXzl4ZTA0NXdXTFlYZk90X1I0ZE93IiwiZXhwIjoxODA0MTAxMzUyLCJpYXQiOjE3NzI1NjUzNTIsIm5iZiI6MTc3MjU2NTIzMiwib3JnIjoxLCJvbmx5Q2hhbm5lbHMiOlsiZGV2ZWwtc3VzZS1jaGFubmVsIl19.f0yr2Jjhb55ff1GvsEFD7X4X63kXXKRi8iJQfur3qjc HTTP/1.1" 404 -
172.16.3.7 - - [03/Mar/2026:20:16:08 +0100] "HEAD /rhn/manager/download/devel-suse-channel/repodata/c39bb67788121fa3b1491e63a4549ab47eb18b7bcf979cdbb8b0431955c53c852d960c034b75eb48213d20f3aeb7d35364a13b00f6906ddf7154a62c9a6e5082-primary.xml.gz?eyJhbGciOiJIUzI1NiJ9.eyJqdGkiOiJMXzl4ZTA0NXdXTFlYZk90X1I0ZE93IiwiZXhwIjoxODA0MTAxMzUyLCJpYXQiOjE3NzI1NjUzNTIsIm5iZiI6MTc3MjU2NTIzMiwib3JnIjoxLCJvbmx5Q2hhbm5lbHMiOlsiZGV2ZWwtc3VzZS1jaGFubmVsIl19.f0yr2Jjhb55ff1GvsEFD7X4X63kXXKRi8iJQfur3qjc HTTP/1.1" 200 -
172.16.3.7 - - [03/Mar/2026:20:16:08 +0100] "GET /rhn/manager/download/devel-suse-channel/repodata/c39bb67788121fa3b1491e63a4549ab47eb18b7bcf979cdbb8b0431955c53c852d960c034b75eb48213d20f3aeb7d35364a13b00f6906ddf7154a62c9a6e5082-primary.xml.gz?eyJhbGciOiJIUzI1NiJ9.eyJqdGkiOiJMXzl4ZTA0NXdXTFlYZk90X1I0ZE93IiwiZXhwIjoxODA0MTAxMzUyLCJpYXQiOjE3NzI1NjUzNTIsIm5iZiI6MTc3MjU2NTIzMiwib3JnIjoxLCJvbmx5Q2hhbm5lbHMiOlsiZGV2ZWwtc3VzZS1jaGFubmVsIl19.f0yr2Jjhb55ff1GvsEFD7X4X63kXXKRi8iJQfur3qjc HTTP/1.1" 200 3664
172.16.3.7 - - [03/Mar/2026:20:16:08 +0100] "HEAD /rhn/manager/download/devel-suse-channel/repodata/f4e8102061d4ee9a19ec0277091d6f296d38e08889709945cfca61716972b1e2d0201d09ea891a9f2753acb8f1211aa85e6123208a82a4c64199c1f5014356ee-susedata.xml.gz?eyJhbGciOiJIUzI1NiJ9.eyJqdGkiOiJMXzl4ZTA0NXdXTFlYZk90X1I0ZE93IiwiZXhwIjoxODA0MTAxMzUyLCJpYXQiOjE3NzI1NjUzNTIsIm5iZiI6MTc3MjU2NTIzMiwib3JnIjoxLCJvbmx5Q2hhbm5lbHMiOlsiZGV2ZWwtc3VzZS1jaGFubmVsIl19.f0yr2Jjhb55ff1GvsEFD7X4X63kXXKRi8iJQfur3qjc HTTP/1.1" 200 -
172.16.3.7 - - [03/Mar/2026:20:16:08 +0100] "GET /rhn/manager/download/devel-suse-channel/repodata/f4e8102061d4ee9a19ec0277091d6f296d38e08889709945cfca61716972b1e2d0201d09ea891a9f2753acb8f1211aa85e6123208a82a4c64199c1f5014356ee-susedata.xml.gz?eyJhbGciOiJIUzI1NiJ9.eyJqdGkiOiJMXzl4ZTA0NXdXTFlYZk90X1I0ZE93IiwiZXhwIjoxODA0MTAxMzUyLCJpYXQiOjE3NzI1NjUzNTIsIm5iZiI6MTc3MjU2NTIzMiwib3JnIjoxLCJvbmx5Q2hhbm5lbHMiOlsiZGV2ZWwtc3VzZS1jaGFubmVsIl19.f0yr2Jjhb55ff1GvsEFD7X4X63kXXKRi8iJQfur3qjc HTTP/1.1" 200 3664
172.16.3.7 - - [03/Mar/2026:20:16:09 +0100] "HEAD /rhn/manager/download/fake-rpm-suse-channel/repodata/repomd.xml?eyJhbGciOiJIUzI1NiJ9.eyJqdGkiOiJINlZFdGdGUGI3LXRlUFQ0Q2NrdHl3IiwiZXhwIjoxODA0MTAxMzUyLCJpYXQiOjE3NzI1NjUzNTIsIm5iZiI6MTc3MjU2NTIzMiwib3JnIjoxLCJvbmx5Q2hhbm5lbHMiOlsiZmFrZS1ycG0tc3VzZS1jaGFubmVsIl19.W_doc4HttqZu7QQxV-dERBjPyaBtfldNDPdk9_n6U7s HTTP/1.1" 200 -
172.16.3.7 - - [03/Mar/2026:20:16:09 +0100] "HEAD /rhn/manager/download/fake-rpm-suse-channel/media.1/media?eyJhbGciOiJIUzI1NiJ9.eyJqdGkiOiJINlZFdGdGUGI3LXRlUFQ0Q2NrdHl3IiwiZXhwIjoxODA0MTAxMzUyLCJpYXQiOjE3NzI1NjUzNTIsIm5iZiI6MTc3MjU2NTIzMiwib3JnIjoxLCJvbmx5Q2hhbm5lbHMiOlsiZmFrZS1ycG0tc3VzZS1jaGFubmVsIl19.W_doc4HttqZu7QQxV-dERBjPyaBtfldNDPdk9_n6U7s HTTP/1.1" 404 -
172.16.3.7 - - [03/Mar/2026:20:16:09 +0100] "HEAD /rhn/manager/download/fake-rpm-suse-channel/repodata/repomd.xml?eyJhbGciOiJIUzI1NiJ9.eyJqdGkiOiJINlZFdGdGUGI3LXRlUFQ0Q2NrdHl3IiwiZXhwIjoxODA0MTAxMzUyLCJpYXQiOjE3NzI1NjUzNTIsIm5iZiI6MTc3MjU2NTIzMiwib3JnIjoxLCJvbmx5Q2hhbm5lbHMiOlsiZmFrZS1ycG0tc3VzZS1jaGFubmVsIl19.W_doc4HttqZu7QQxV-dERBjPyaBtfldNDPdk9_n6U7s HTTP/1.1" 200 -
172.16.3.7 - - [03/Mar/2026:20:16:09 +0100] "GET /rhn/manager/download/fake-rpm-suse-channel/repodata/repomd.xml?eyJhbGciOiJIUzI1NiJ9.eyJqdGkiOiJINlZFdGdGUGI3LXRlUFQ0Q2NrdHl3IiwiZXhwIjoxODA0MTAxMzUyLCJpYXQiOjE3NzI1NjUzNTIsIm5iZiI6MTc3MjU2NTIzMiwib3JnIjoxLCJvbmx5Q2hhbm5lbHMiOlsiZmFrZS1ycG0tc3VzZS1jaGFubmVsIl19.W_doc4HttqZu7QQxV-dERBjPyaBtfldNDPdk9_n6U7s HTTP/1.1" 200 3664
172.16.3.7 - - [03/Mar/2026:20:16:09 +0100] "HEAD /rhn/manager/download/fake-rpm-suse-channel/repodata/repomd.xml.asc?eyJhbGciOiJIUzI1NiJ9.eyJqdGkiOiJINlZFdGdGUGI3LXRlUFQ0Q2NrdHl3IiwiZXhwIjoxODA0MTAxMzUyLCJpYXQiOjE3NzI1NjUzNTIsIm5iZiI6MTc3MjU2NTIzMiwib3JnIjoxLCJvbmx5Q2hhbm5lbHMiOlsiZmFrZS1ycG0tc3VzZS1jaGFubmVsIl19.W_doc4HttqZu7QQxV-dERBjPyaBtfldNDPdk9_n6U7s HTTP/1.1" 404 -
172.16.3.7 - - [03/Mar/2026:20:16:09 +0100] "HEAD /rhn/manager/download/fake-rpm-suse-channel/repodata/23ab3e6f7d9838ac457a0bff67090a1f79a0070a992a5611977f64f138248fe39d7bee4712761475ab055cd560edd59bb302199ea97e83bffdb4ecc9f6eb3d39-primary.xml.gz?eyJhbGciOiJIUzI1NiJ9.eyJqdGkiOiJINlZFdGdGUGI3LXRlUFQ0Q2NrdHl3IiwiZXhwIjoxODA0MTAxMzUyLCJpYXQiOjE3NzI1NjUzNTIsIm5iZiI6MTc3MjU2NTIzMiwib3JnIjoxLCJvbmx5Q2hhbm5lbHMiOlsiZmFrZS1ycG0tc3VzZS1jaGFubmVsIl19.W_doc4HttqZu7QQxV-dERBjPyaBtfldNDPdk9_n6U7s HTTP/1.1" 200 -
172.16.3.7 - - [03/Mar/2026:20:16:09 +0100] "GET /rhn/manager/download/fake-rpm-suse-channel/repodata/23ab3e6f7d9838ac457a0bff67090a1f79a0070a992a5611977f64f138248fe39d7bee4712761475ab055cd560edd59bb302199ea97e83bffdb4ecc9f6eb3d39-primary.xml.gz?eyJhbGciOiJIUzI1NiJ9.eyJqdGkiOiJINlZFdGdGUGI3LXRlUFQ0Q2NrdHl3IiwiZXhwIjoxODA0MTAxMzUyLCJpYXQiOjE3NzI1NjUzNTIsIm5iZiI6MTc3MjU2NTIzMiwib3JnIjoxLCJvbmx5Q2hhbm5lbHMiOlsiZmFrZS1ycG0tc3VzZS1jaGFubmVsIl19.W_doc4HttqZu7QQxV-dERBjPyaBtfldNDPdk9_n6U7s HTTP/1.1" 200 3664
172.16.3.7 - - [03/Mar/2026:20:16:09 +0100] "HEAD /rhn/manager/download/fake-rpm-suse-channel/repodata/4265c37a4258c7ec3ffb0407ebee44404e3ef332947485981a0d05618ad65760daae226dfb51e08266af0a81e427ebd3e75f697fc78bdc613eee8558c585d840-susedata.xml.gz?eyJhbGciOiJIUzI1NiJ9.eyJqdGkiOiJINlZFdGdGUGI3LXRlUFQ0Q2NrdHl3IiwiZXhwIjoxODA0MTAxMzUyLCJpYXQiOjE3NzI1NjUzNTIsIm5iZiI6MTc3MjU2NTIzMiwib3JnIjoxLCJvbmx5Q2hhbm5lbHMiOlsiZmFrZS1ycG0tc3VzZS1jaGFubmVsIl19.W_doc4HttqZu7QQxV-dERBjPyaBtfldNDPdk9_n6U7s HTTP/1.1" 200 -
172.16.3.7 - - [03/Mar/2026:20:16:09 +0100] "GET /rhn/manager/download/fake-rpm-suse-channel/repodata/4265c37a4258c7ec3ffb0407ebee44404e3ef332947485981a0d05618ad65760daae226dfb51e08266af0a81e427ebd3e75f697fc78bdc613eee8558c585d840-susedata.xml.gz?eyJhbGciOiJIUzI1NiJ9.eyJqdGkiOiJINlZFdGdGUGI3LXRlUFQ0Q2NrdHl3IiwiZXhwIjoxODA0MTAxMzUyLCJpYXQiOjE3NzI1NjUzNTIsIm5iZiI6MTc3MjU2NTIzMiwib3JnIjoxLCJvbmx5Q2hhbm5lbHMiOlsiZmFrZS1ycG0tc3VzZS1jaGFubmVsIl19.W_doc4HttqZu7QQxV-dERBjPyaBtfldNDPdk9_n6U7s HTTP/1.1" 200 3664
172.16.3.7 - - [03/Mar/2026:20:16:09 +0100] "HEAD /rhn/manager/download/fake-rpm-suse-channel/repodata/222849043695e3dfda2356b4bf60e24e431abafc2447e5bb8a305cf6409dfcd6fe881a6dea4b68c306444c3373808c6d90cad23502094718491a4a461564aa55-updateinfo.xml.gz?eyJhbGciOiJIUzI1NiJ9.eyJqdGkiOiJINlZFdGdGUGI3LXRlUFQ0Q2NrdHl3IiwiZXhwIjoxODA0MTAxMzUyLCJpYXQiOjE3NzI1NjUzNTIsIm5iZiI6MTc3MjU2NTIzMiwib3JnIjoxLCJvbmx5Q2hhbm5lbHMiOlsiZmFrZS1ycG0tc3VzZS1jaGFubmVsIl19.W_doc4HttqZu7QQxV-dERBjPyaBtfldNDPdk9_n6U7s HTTP/1.1" 200 -
172.16.3.7 - - [03/Mar/2026:20:16:09 +0100] "GET /rhn/manager/download/fake-rpm-suse-channel/repodata/222849043695e3dfda2356b4bf60e24e431abafc2447e5bb8a305cf6409dfcd6fe881a6dea4b68c306444c3373808c6d90cad23502094718491a4a461564aa55-updateinfo.xml.gz?eyJhbGciOiJIUzI1NiJ9.eyJqdGkiOiJINlZFdGdGUGI3LXRlUFQ0Q2NrdHl3IiwiZXhwIjoxODA0MTAxMzUyLCJpYXQiOjE3NzI1NjUzNTIsIm5iZiI6MTc3MjU2NTIzMiwib3JnIjoxLCJvbmx5Q2hhbm5lbHMiOlsiZmFrZS1ycG0tc3VzZS1jaGFubmVsIl19.W_doc4HttqZu7QQxV-dERBjPyaBtfldNDPdk9_n6U7s HTTP/1.1" 200 3663
172.16.3.7 - - [03/Mar/2026:20:16:09 +0100] "HEAD /rhn/manager/download/opensuse_tumbleweed-uyuni-client-devel-x86_64/repodata/repomd.xml?eyJhbGciOiJIUzI1NiJ9.eyJqdGkiOiJNRXFvaXYxZ3JDTDdJY2xkaUROVW1RIiwiZXhwIjoxODA0MTAxMzUyLCJpYXQiOjE3NzI1NjUzNTIsIm5iZiI6MTc3MjU2NTIzMiwib3JnIjoxLCJvbmx5Q2hhbm5lbHMiOlsib3BlbnN1c2VfdHVtYmxld2VlZC11eXVuaS1jbGllbnQtZGV2ZWwteDg2XzY0Il19.SNiCZGyqk-9PFEzmhFcjYUtJMjnLApIJWjnd_ZKe2Xc HTTP/1.1" 200 -
172.16.3.7 - - [03/Mar/2026:20:16:09 +0100] "HEAD /rhn/manager/download/opensuse_tumbleweed-uyuni-client-devel-x86_64/media.1/media?eyJhbGciOiJIUzI1NiJ9.eyJqdGkiOiJNRXFvaXYxZ3JDTDdJY2xkaUROVW1RIiwiZXhwIjoxODA0MTAxMzUyLCJpYXQiOjE3NzI1NjUzNTIsIm5iZiI6MTc3MjU2NTIzMiwib3JnIjoxLCJvbmx5Q2hhbm5lbHMiOlsib3BlbnN1c2VfdHVtYmxld2VlZC11eXVuaS1jbGllbnQtZGV2ZWwteDg2XzY0Il19.SNiCZGyqk-9PFEzmhFcjYUtJMjnLApIJWjnd_ZKe2Xc HTTP/1.1" 404 -
172.16.3.7 - - [03/Mar/2026:20:16:09 +0100] "HEAD /rhn/manager/download/opensuse_tumbleweed-uyuni-client-devel-x86_64/repodata/repomd.xml?eyJhbGciOiJIUzI1NiJ9.eyJqdGkiOiJNRXFvaXYxZ3JDTDdJY2xkaUROVW1RIiwiZXhwIjoxODA0MTAxMzUyLCJpYXQiOjE3NzI1NjUzNTIsIm5iZiI6MTc3MjU2NTIzMiwib3JnIjoxLCJvbmx5Q2hhbm5lbHMiOlsib3BlbnN1c2VfdHVtYmxld2VlZC11eXVuaS1jbGllbnQtZGV2ZWwteDg2XzY0Il19.SNiCZGyqk-9PFEzmhFcjYUtJMjnLApIJWjnd_ZKe2Xc HTTP/1.1" 200 -
172.16.3.7 - - [03/Mar/2026:20:16:09 +0100] "GET /rhn/manager/download/opensuse_tumbleweed-uyuni-client-devel-x86_64/repodata/repomd.xml?eyJhbGciOiJIUzI1NiJ9.eyJqdGkiOiJNRXFvaXYxZ3JDTDdJY2xkaUROVW1RIiwiZXhwIjoxODA0MTAxMzUyLCJpYXQiOjE3NzI1NjUzNTIsIm5iZiI6MTc3MjU2NTIzMiwib3JnIjoxLCJvbmx5Q2hhbm5lbHMiOlsib3BlbnN1c2VfdHVtYmxld2VlZC11eXVuaS1jbGllbnQtZGV2ZWwteDg2XzY0Il19.SNiCZGyqk-9PFEzmhFcjYUtJMjnLApIJWjnd_ZKe2Xc HTTP/1.1" 200 3664
172.16.3.7 - - [03/Mar/2026:20:16:09 +0100] "HEAD /rhn/manager/download/opensuse_tumbleweed-uyuni-client-devel-x86_64/repodata/repomd.xml.asc?eyJhbGciOiJIUzI1NiJ9.eyJqdGkiOiJNRXFvaXYxZ3JDTDdJY2xkaUROVW1RIiwiZXhwIjoxODA0MTAxMzUyLCJpYXQiOjE3NzI1NjUzNTIsIm5iZiI6MTc3MjU2NTIzMiwib3JnIjoxLCJvbmx5Q2hhbm5lbHMiOlsib3BlbnN1c2VfdHVtYmxld2VlZC11eXVuaS1jbGllbnQtZGV2ZWwteDg2XzY0Il19.SNiCZGyqk-9PFEzmhFcjYUtJMjnLApIJWjnd_ZKe2Xc HTTP/1.1" 404 -
172.16.3.5 - - [03/Mar/2026:20:16:09 +0100] "GET /rhn/manager/systems/list/all HTTP/1.1" 200 34439
172.16.3.7 - - [03/Mar/2026:20:16:09 +0100] "HEAD /rhn/manager/download/opensuse_tumbleweed-uyuni-client-devel-x86_64/repodata/474688a83c98e9befac893ea170a6ad946ca503055ed80792e70d4d45ccad56412840b8e7e4f9f044a1f450a73cdb142bff1ebd8e6c940a5a936b26b857c05a5-primary.xml.gz?eyJhbGciOiJIUzI1NiJ9.eyJqdGkiOiJNRXFvaXYxZ3JDTDdJY2xkaUROVW1RIiwiZXhwIjoxODA0MTAxMzUyLCJpYXQiOjE3NzI1NjUzNTIsIm5iZiI6MTc3MjU2NTIzMiwib3JnIjoxLCJvbmx5Q2hhbm5lbHMiOlsib3BlbnN1c2VfdHVtYmxld2VlZC11eXVuaS1jbGllbnQtZGV2ZWwteDg2XzY0Il19.SNiCZGyqk-9PFEzmhFcjYUtJMjnLApIJWjnd_ZKe2Xc HTTP/1.1" 200 -
