172.16.3.5 - - [03/Mar/2026:20:04:43 +0100] "POST /rhn/manager/frontend-log HTTP/1.1" 200 16
172.16.3.5 - - [03/Mar/2026:20:04:43 +0100] "POST /rhn/channels/manage/repos/RepoCreate.do HTTP/1.1" 302 -
172.16.3.5 - - [03/Mar/2026:20:04:44 +0100] "GET /rhn/channels/manage/repos/RepoEdit.do?id=523 HTTP/1.1" 200 39680
172.16.3.5 - - [03/Mar/2026:20:04:44 +0100] "POST /rhn/manager/frontend-log HTTP/1.1" 200 16
127.0.0.1 - - [03/Mar/2026:20:04:44 +0100] "GET /rhn/websocket/notifications HTTP/1.1" 101 -
172.16.3.5 - - [03/Mar/2026:20:04:44 +0100] "POST /rhn/manager/frontend-log HTTP/1.1" 200 16
127.0.0.1 - - [03/Mar/2026:20:04:44 +0100] "GET /rhn/websocket/notifications HTTP/1.1" 101 -
172.16.3.5 - - [03/Mar/2026:20:04:44 +0100] "GET /rhn/channels/manage/Manage.do HTTP/1.1" 200 46475
127.0.0.1 - - [03/Mar/2026:20:04:44 +0100] "GET /rhn/websocket/notifications HTTP/1.1" 101 -
172.16.3.5 - - [03/Mar/2026:20:04:44 +0100] "POST /rhn/manager/frontend-log HTTP/1.1" 200 16
172.16.3.5 - - [03/Mar/2026:20:04:45 +0100] "GET /rhn/channels/manage/Edit.do?cid=128 HTTP/1.1" 200 53387
127.0.0.1 - - [03/Mar/2026:20:04:45 +0100] "GET /rhn/websocket/notifications HTTP/1.1" 101 -
172.16.3.5 - - [03/Mar/2026:20:04:45 +0100] "POST /rhn/manager/frontend-log HTTP/1.1" 200 16
172.16.3.5 - - [03/Mar/2026:20:04:45 +0100] "GET /rhn/channels/manage/Repositories.do?cid=128 HTTP/1.1" 200 45735
127.0.0.1 - - [03/Mar/2026:20:04:45 +0100] "GET /rhn/websocket/notifications HTTP/1.1" 101 -
172.16.3.5 - - [03/Mar/2026:20:04:45 +0100] "POST /rhn/manager/frontend-log HTTP/1.1" 200 16
172.16.3.5 - - [03/Mar/2026:20:04:45 +0100] "POST /rhn/ajax/item-selector HTTP/1.1" 200 35
172.16.3.5 - - [03/Mar/2026:20:04:45 +0100] "POST /rhn/channels/manage/Repositories.do?cid=128 HTTP/1.1" 302 -
172.16.3.5 - - [03/Mar/2026:20:04:46 +0100] "GET /rhn/channels/manage/Repositories.do?cid=128 HTTP/1.1" 200 46299
172.16.3.5 - - [03/Mar/2026:20:04:47 +0100] "POST /rhn/manager/frontend-log HTTP/1.1" 200 16
127.0.0.1 - - [03/Mar/2026:20:04:47 +0100] "GET /rhn/websocket/notifications HTTP/1.1" 101 -
172.16.3.5 - - [03/Mar/2026:20:04:47 +0100] "GET /rhn/manager/login HTTP/1.1" 302 -
172.16.3.5 - - [03/Mar/2026:20:04:47 +0100] "GET /rhn/YourRhn.do HTTP/1.1" 200 36325
172.16.3.5 - - [03/Mar/2026:20:04:47 +0100] "POST /rhn/manager/frontend-log HTTP/1.1" 200 16
127.0.0.1 - - [03/Mar/2026:20:04:47 +0100] "GET /rhn/websocket/notifications HTTP/1.1" 101 -
172.16.3.5 - - [03/Mar/2026:20:04:47 +0100] "POST /rhn/ajax/critical-systems HTTP/1.1" 200 2025
172.16.3.5 - - [03/Mar/2026:20:04:47 +0100] "POST /rhn/ajax/inactive-systems HTTP/1.1" 200 540
172.16.3.5 - - [03/Mar/2026:20:04:47 +0100] "POST /rhn/ajax/subscription-warning HTTP/1.1" 200 -
172.16.3.5 - - [03/Mar/2026:20:04:47 +0100] "POST /rhn/ajax/pending-actions HTTP/1.1" 200 636
::1 - - [03/Mar/2026:20:04:48 +0100] "GET /rhn/errors/404.jsp HTTP/1.1" 404 4500
::1 - - [03/Mar/2026:20:04:48 +0100] "GET /rhn/errors/404.jsp HTTP/1.1" 404 4500
::1 - - [03/Mar/2026:20:04:48 +0100] "GET /rhn/errors/404.jsp HTTP/1.1" 404 4500
172.16.3.5 - - [03/Mar/2026:20:04:47 +0100] "POST /rhn/ajax/tasks HTTP/1.1" 200 2232
172.16.3.5 - - [03/Mar/2026:20:04:48 +0100] "POST /rhn/manager/frontend-log HTTP/1.1" 200 16
::1 - - [03/Mar/2026:20:04:48 +0100] "GET /rhn/errors/404.jsp HTTP/1.1" 404 4500
172.16.3.5 - - [03/Mar/2026:20:04:47 +0100] "POST /rhn/ajax/latest-errata HTTP/1.1" 200 539
172.16.3.5 - - [03/Mar/2026:20:04:48 +0100] "POST /rhn/ajax/systems-groups HTTP/1.1" 200 1490
172.16.3.5 - - [03/Mar/2026:20:04:48 +0100] "POST /rhn/ajax/recent-systems HTTP/1.1" 200 2058
172.16.3.5 - - [03/Mar/2026:20:04:48 +0100] "GET /rhn/channels/manage/Manage.do HTTP/1.1" 200 46475
127.0.0.1 - - [03/Mar/2026:20:04:48 +0100] "GET /rhn/websocket/notifications HTTP/1.1" 101 -
172.16.3.5 - - [03/Mar/2026:20:04:48 +0100] "POST /rhn/manager/frontend-log HTTP/1.1" 200 16
172.16.3.5 - - [03/Mar/2026:20:04:48 +0100] "GET /rhn/channels/manage/Edit.do HTTP/1.1" 200 53488
127.0.0.1 - - [03/Mar/2026:20:04:49 +0100] "GET /rhn/websocket/notifications HTTP/1.1" 101 -
172.16.3.5 - - [03/Mar/2026:20:04:49 +0100] "POST /rhn/manager/frontend-log HTTP/1.1" 200 16
172.16.3.5 - - [03/Mar/2026:20:04:49 +0100] "POST /rhn/channels/manage/Edit.do HTTP/1.1" 302 -
172.16.3.5 - - [03/Mar/2026:20:04:49 +0100] "GET /rhn/channels/manage/Edit.do?cid=131 HTTP/1.1" 200 53548
172.16.3.5 - - [03/Mar/2026:20:04:50 +0100] "POST /rhn/manager/frontend-log HTTP/1.1" 200 16
127.0.0.1 - - [03/Mar/2026:20:04:50 +0100] "GET /rhn/websocket/notifications HTTP/1.1" 101 -
172.16.3.5 - - [03/Mar/2026:20:04:50 +0100] "POST /rhn/manager/frontend-log HTTP/1.1" 200 16
127.0.0.1 - - [03/Mar/2026:20:04:50 +0100] "GET /rhn/websocket/notifications HTTP/1.1" 101 -
172.16.3.5 - - [03/Mar/2026:20:04:54 +0100] "POST /rhn/manager/api/auth/login HTTP/1.1" 200 16
172.16.3.5 - - [03/Mar/2026:20:04:54 +0100] "GET /rhn/manager/api/channel/software/listUserRepos HTTP/1.1" 200 1435
172.16.3.5 - - [03/Mar/2026:20:04:55 +0100] "GET /rhn/manager/api/auth/logout HTTP/1.1" 200 16
172.16.3.5 - - [03/Mar/2026:20:04:55 +0100] "POST /rhn/manager/api/auth/login HTTP/1.1" 200 16
172.16.3.5 - - [03/Mar/2026:20:04:55 +0100] "POST /rhn/manager/api/channel/software/createRepo HTTP/1.1" 200 314
172.16.3.5 - - [03/Mar/2026:20:04:55 +0100] "GET /rhn/manager/api/auth/logout HTTP/1.1" 200 16
172.16.3.5 - - [03/Mar/2026:20:04:55 +0100] "POST /rhn/manager/api/auth/login HTTP/1.1" 200 16
172.16.3.5 - - [03/Mar/2026:20:04:55 +0100] "POST /rhn/manager/api/channel/software/associateRepo HTTP/1.1" 200 895
172.16.3.5 - - [03/Mar/2026:20:04:55 +0100] "GET /rhn/manager/api/auth/logout HTTP/1.1" 200 16
172.16.3.5 - - [03/Mar/2026:20:04:56 +0100] "POST /rhn/manager/api/auth/login HTTP/1.1" 200 16
172.16.3.5 - - [03/Mar/2026:20:04:56 +0100] "GET /rhn/manager/api/channel/software/listUserRepos HTTP/1.1" 200 1662
172.16.3.5 - - [03/Mar/2026:20:04:56 +0100] "GET /rhn/manager/api/auth/logout HTTP/1.1" 200 16
172.16.3.5 - - [03/Mar/2026:20:04:56 +0100] "POST /rhn/manager/api/auth/login HTTP/1.1" 200 16
172.16.3.5 - - [03/Mar/2026:20:04:56 +0100] "POST /rhn/manager/api/channel/software/createRepo HTTP/1.1" 200 276
172.16.3.5 - - [03/Mar/2026:20:04:56 +0100] "GET /rhn/manager/api/auth/logout HTTP/1.1" 200 16
172.16.3.5 - - [03/Mar/2026:20:04:56 +0100] "POST /rhn/manager/api/auth/login HTTP/1.1" 200 16
172.16.3.5 - - [03/Mar/2026:20:04:57 +0100] "POST /rhn/manager/api/channel/software/associateRepo HTTP/1.1" 200 1146
172.16.3.5 - - [03/Mar/2026:20:04:57 +0100] "GET /rhn/manager/api/auth/logout HTTP/1.1" 200 16
172.16.3.5 - - [03/Mar/2026:20:04:57 +0100] "GET /rhn/channels/manage/Manage.do HTTP/1.1" 200 47106
172.16.3.5 - - [03/Mar/2026:20:04:57 +0100] "POST /rhn/manager/frontend-log HTTP/1.1" 200 16
127.0.0.1 - - [03/Mar/2026:20:04:57 +0100] "GET /rhn/websocket/notifications HTTP/1.1" 101 -
172.16.3.5 - - [03/Mar/2026:20:04:57 +0100] "GET /rhn/channels/manage/Edit.do HTTP/1.1" 200 53488
127.0.0.1 - - [03/Mar/2026:20:04:58 +0100] "GET /rhn/websocket/notifications HTTP/1.1" 101 -
172.16.3.5 - - [03/Mar/2026:20:04:58 +0100] "POST /rhn/manager/frontend-log HTTP/1.1" 200 16
::1 - - [03/Mar/2026:20:04:58 +0100] "GET /rhn/errors/404.jsp HTTP/1.1" 404 4500
172.16.3.5 - - [03/Mar/2026:20:04:58 +0100] "POST /rhn/channels/manage/Edit.do HTTP/1.1" 302 -
172.16.3.5 - - [03/Mar/2026:20:04:58 +0100] "GET /rhn/channels/manage/Edit.do?cid=132 HTTP/1.1" 200 53594
172.16.3.5 - - [03/Mar/2026:20:04:59 +0100] "POST /rhn/manager/frontend-log HTTP/1.1" 200 16
127.0.0.1 - - [03/Mar/2026:20:04:59 +0100] "GET /rhn/websocket/notifications HTTP/1.1" 101 -
172.16.3.5 - - [03/Mar/2026:20:04:59 +0100] "POST /rhn/manager/frontend-log HTTP/1.1" 200 16
127.0.0.1 - - [03/Mar/2026:20:04:59 +0100] "GET /rhn/websocket/notifications HTTP/1.1" 101 -
::1 - - [03/Mar/2026:20:05:00 +0100] "GET /rhn/errors/404.jsp HTTP/1.1" 404 4500
172.16.3.5 - - [03/Mar/2026:20:05:01 +0100] "POST /rhn/manager/api/auth/login HTTP/1.1" 200 16
172.16.3.5 - - [03/Mar/2026:20:05:02 +0100] "GET /rhn/manager/api/channel/software/listUserRepos HTTP/1.1" 200 1851
172.16.3.5 - - [03/Mar/2026:20:05:02 +0100] "GET /rhn/manager/api/auth/logout HTTP/1.1" 200 16
172.16.3.5 - - [03/Mar/2026:20:05:02 +0100] "POST /rhn/manager/api/auth/login HTTP/1.1" 200 16
172.16.3.5 - - [03/Mar/2026:20:05:02 +0100] "POST /rhn/manager/api/channel/software/associateRepo HTTP/1.1" 200 883
::1 - - [03/Mar/2026:20:05:02 +0100] "GET /rhn/manager/login HTTP/1.1" 302 -
172.16.3.5 - - [03/Mar/2026:20:05:02 +0100] "GET /rhn/manager/api/auth/logout HTTP/1.1" 200 16
172.16.3.5 - - [03/Mar/2026:20:05:02 +0100] "POST /rhn/manager/api/auth/login HTTP/1.1" 200 16
172.16.3.5 - - [03/Mar/2026:20:05:03 +0100] "GET /rhn/manager/api/channel/software/listUserRepos HTTP/1.1" 200 1851
172.16.3.5 - - [03/Mar/2026:20:05:03 +0100] "GET /rhn/manager/api/auth/logout HTTP/1.1" 200 16
172.16.3.5 - - [03/Mar/2026:20:05:03 +0100] "POST /rhn/manager/api/auth/login HTTP/1.1" 200 16
172.16.3.5 - - [03/Mar/2026:20:05:03 +0100] "POST /rhn/manager/api/channel/software/associateRepo HTTP/1.1" 200 883
172.16.3.5 - - [03/Mar/2026:20:05:03 +0100] "GET /rhn/manager/api/auth/logout HTTP/1.1" 200 16
172.16.3.5 - - [03/Mar/2026:20:05:03 +0100] "GET /rhn/channels/manage/Manage.do HTTP/1.1" 200 47744
127.0.0.1 - - [03/Mar/2026:20:05:03 +0100] "GET /rhn/websocket/notifications HTTP/1.1" 101 -
172.16.3.5 - - [03/Mar/2026:20:05:03 +0100] "POST /rhn/manager/frontend-log HTTP/1.1" 200 16
172.16.3.5 - - [03/Mar/2026:20:05:04 +0100] "GET /rhn/channels/manage/Edit.do HTTP/1.1" 200 53488
127.0.0.1 - - [03/Mar/2026:20:05:04 +0100] "GET /rhn/websocket/notifications HTTP/1.1" 101 -
172.16.3.5 - - [03/Mar/2026:20:05:04 +0100] "POST /rhn/manager/frontend-log HTTP/1.1" 200 16
172.16.3.5 - - [03/Mar/2026:20:05:04 +0100] "POST /rhn/channels/manage/Edit.do HTTP/1.1" 302 -
172.16.3.5 - - [03/Mar/2026:20:05:05 +0100] "GET /rhn/channels/manage/Edit.do?cid=133 HTTP/1.1" 200 53606
172.16.3.5 - - [03/Mar/2026:20:05:05 +0100] "POST /rhn/manager/frontend-log HTTP/1.1" 200 16
127.0.0.1 - - [03/Mar/2026:20:05:05 +0100] "GET /rhn/websocket/notifications HTTP/1.1" 101 -
172.16.3.5 - - [03/Mar/2026:20:05:05 +0100] "POST /rhn/manager/frontend-log HTTP/1.1" 200 16
127.0.0.1 - - [03/Mar/2026:20:05:05 +0100] "GET /rhn/websocket/notifications HTTP/1.1" 101 -
172.16.3.5 - - [03/Mar/2026:20:05:10 +0100] "POST /rhn/manager/api/auth/login HTTP/1.1" 200 16
172.16.3.5 - - [03/Mar/2026:20:05:10 +0100] "GET /rhn/manager/api/channel/software/listUserRepos HTTP/1.1" 200 1851
172.16.3.5 - - [03/Mar/2026:20:05:10 +0100] "GET /rhn/manager/api/auth/logout HTTP/1.1" 200 16
172.16.3.5 - - [03/Mar/2026:20:05:11 +0100] "POST /rhn/manager/api/auth/login HTTP/1.1" 200 16
172.16.3.5 - - [03/Mar/2026:20:05:11 +0100] "POST /rhn/manager/api/channel/software/associateRepo HTTP/1.1" 200 888
172.16.3.5 - - [03/Mar/2026:20:05:11 +0100] "GET /rhn/manager/api/auth/logout HTTP/1.1" 200 16
172.16.3.5 - - [03/Mar/2026:20:05:11 +0100] "POST /rhn/manager/api/auth/login HTTP/1.1" 200 16
172.16.3.5 - - [03/Mar/2026:20:05:11 +0100] "GET /rhn/manager/api/channel/software/listUserRepos HTTP/1.1" 200 1851
172.16.3.5 - - [03/Mar/2026:20:05:11 +0100] "GET /rhn/manager/api/auth/logout HTTP/1.1" 200 16
172.16.3.5 - - [03/Mar/2026:20:05:11 +0100] "POST /rhn/manager/api/auth/login HTTP/1.1" 200 16
172.16.3.5 - - [03/Mar/2026:20:05:12 +0100] "POST /rhn/manager/api/channel/software/associateRepo HTTP/1.1" 200 888
172.16.3.5 - - [03/Mar/2026:20:05:12 +0100] "GET /rhn/manager/api/auth/logout HTTP/1.1" 200 16
172.16.3.5 - - [03/Mar/2026:20:05:12 +0100] "POST /rhn/manager/api/auth/login HTTP/1.1" 200 16
172.16.3.5 - - [03/Mar/2026:20:05:12 +0100] "GET /rhn/manager/api/channel/software/listUserRepos HTTP/1.1" 200 1851
172.16.3.5 - - [03/Mar/2026:20:05:12 +0100] "GET /rhn/manager/api/auth/logout HTTP/1.1" 200 16
172.16.3.5 - - [03/Mar/2026:20:05:12 +0100] "POST /rhn/manager/api/auth/login HTTP/1.1" 200 16
172.16.3.5 - - [03/Mar/2026:20:05:13 +0100] "POST /rhn/manager/api/channel/software/createRepo HTTP/1.1" 200 303
172.16.3.5 - - [03/Mar/2026:20:05:13 +0100] "GET /rhn/manager/api/auth/logout HTTP/1.1" 200 16
172.16.3.5 - - [03/Mar/2026:20:05:13 +0100] "POST /rhn/manager/api/auth/login HTTP/1.1" 200 16
172.16.3.5 - - [03/Mar/2026:20:05:13 +0100] "POST /rhn/manager/api/channel/software/associateRepo HTTP/1.1" 200 1166
172.16.3.5 - - [03/Mar/2026:20:05:13 +0100] "GET /rhn/manager/api/auth/logout HTTP/1.1" 200 16
172.16.3.5 - - [03/Mar/2026:20:05:13 +0100] "GET /rhn/channels/manage/Manage.do HTTP/1.1" 200 48382
127.0.0.1 - - [03/Mar/2026:20:05:14 +0100] "GET /rhn/websocket/notifications HTTP/1.1" 101 -
172.16.3.5 - - [03/Mar/2026:20:05:14 +0100] "POST /rhn/manager/frontend-log HTTP/1.1" 200 16
172.16.3.5 - - [03/Mar/2026:20:05:14 +0100] "GET /rhn/channels/manage/Edit.do HTTP/1.1" 200 53488
127.0.0.1 - - [03/Mar/2026:20:05:14 +0100] "GET /rhn/websocket/notifications HTTP/1.1" 101 -
172.16.3.5 - - [03/Mar/2026:20:05:14 +0100] "POST /rhn/manager/frontend-log HTTP/1.1" 200 16
::1 - - [03/Mar/2026:20:05:14 +0100] "GET /rhn/errors/404.jsp HTTP/1.1" 404 4500
172.16.3.5 - - [03/Mar/2026:20:05:15 +0100] "POST /rhn/channels/manage/Edit.do HTTP/1.1" 302 -
::1 - - [03/Mar/2026:20:05:15 +0100] "GET /rhn/errors/404.jsp HTTP/1.1" 404 4500
172.16.3.5 - - [03/Mar/2026:20:05:15 +0100] "GET /rhn/channels/manage/Edit.do?cid=134 HTTP/1.1" 200 53563
172.16.3.5 - - [03/Mar/2026:20:05:15 +0100] "POST /rhn/manager/frontend-log HTTP/1.1" 200 16
172.16.3.5 - - [03/Mar/2026:20:05:15 +0100] "POST /rhn/manager/frontend-log HTTP/1.1" 200 16
127.0.0.1 - - [03/Mar/2026:20:05:15 +0100] "GET /rhn/websocket/notifications HTTP/1.1" 101 -
127.0.0.1 - - [03/Mar/2026:20:05:15 +0100] "GET /rhn/websocket/notifications HTTP/1.1" 101 -
172.16.3.5 - - [03/Mar/2026:20:05:17 +0100] "POST /rhn/manager/api/auth/login HTTP/1.1" 200 16
172.16.3.5 - - [03/Mar/2026:20:05:18 +0100] "GET /rhn/manager/api/channel/software/listUserRepos HTTP/1.1" 200 2067
172.16.3.5 - - [03/Mar/2026:20:05:18 +0100] "GET /rhn/manager/api/auth/logout HTTP/1.1" 200 16
172.16.3.5 - - [03/Mar/2026:20:05:18 +0100] "POST /rhn/manager/api/auth/login HTTP/1.1" 200 16
172.16.3.5 - - [03/Mar/2026:20:05:18 +0100] "POST /rhn/manager/api/channel/software/createRepo HTTP/1.1" 200 271
172.16.3.5 - - [03/Mar/2026:20:05:18 +0100] "GET /rhn/manager/api/auth/logout HTTP/1.1" 200 16
172.16.3.5 - - [03/Mar/2026:20:05:18 +0100] "POST /rhn/manager/api/auth/login HTTP/1.1" 200 16
172.16.3.5 - - [03/Mar/2026:20:05:18 +0100] "POST /rhn/manager/api/channel/software/associateRepo HTTP/1.1" 200 858
172.16.3.5 - - [03/Mar/2026:20:05:19 +0100] "GET /rhn/manager/api/auth/logout HTTP/1.1" 200 16
172.16.3.5 - - [03/Mar/2026:20:05:19 +0100] "POST /rhn/manager/api/auth/login HTTP/1.1" 200 16
172.16.3.5 - - [03/Mar/2026:20:05:19 +0100] "GET /rhn/manager/api/channel/software/listUserRepos HTTP/1.1" 200 2251
172.16.3.5 - - [03/Mar/2026:20:05:19 +0100] "GET /rhn/manager/api/auth/logout HTTP/1.1" 200 16
172.16.3.5 - - [03/Mar/2026:20:05:19 +0100] "POST /rhn/manager/api/auth/login HTTP/1.1" 200 16
172.16.3.5 - - [03/Mar/2026:20:05:19 +0100] "POST /rhn/manager/api/channel/software/associateRepo HTTP/1.1" 200 1109
172.16.3.5 - - [03/Mar/2026:20:05:20 +0100] "GET /rhn/manager/api/auth/logout HTTP/1.1" 200 16
172.16.3.5 - - [03/Mar/2026:20:05:20 +0100] "POST /rhn/manager/api/auth/login HTTP/1.1" 200 16
172.16.3.5 - - [03/Mar/2026:20:05:20 +0100] "GET /rhn/manager/api/channel/software/listUserRepos HTTP/1.1" 200 2251
172.16.3.5 - - [03/Mar/2026:20:05:20 +0100] "GET /rhn/manager/api/auth/logout HTTP/1.1" 200 16
172.16.3.5 - - [03/Mar/2026:20:05:20 +0100] "POST /rhn/manager/api/auth/login HTTP/1.1" 200 16
172.16.3.5 - - [03/Mar/2026:20:05:20 +0100] "POST /rhn/manager/api/channel/software/associateRepo HTTP/1.1" 200 1109
172.16.3.5 - - [03/Mar/2026:20:05:21 +0100] "GET /rhn/manager/api/auth/logout HTTP/1.1" 200 16
172.16.3.5 - - [03/Mar/2026:20:05:21 +0100] "GET /rhn/manager/login HTTP/1.1" 302 -
172.16.3.5 - - [03/Mar/2026:20:05:21 +0100] "GET /rhn/YourRhn.do HTTP/1.1" 200 36325
172.16.3.5 - - [03/Mar/2026:20:05:21 +0100] "POST /rhn/manager/frontend-log HTTP/1.1" 200 16
127.0.0.1 - - [03/Mar/2026:20:05:21 +0100] "GET /rhn/websocket/notifications HTTP/1.1" 101 -
172.16.3.5 - - [03/Mar/2026:20:05:21 +0100] "POST /rhn/ajax/tasks HTTP/1.1" 200 2232
172.16.3.5 - - [03/Mar/2026:20:05:21 +0100] "POST /rhn/ajax/pending-actions HTTP/1.1" 200 636
172.16.3.5 - - [03/Mar/2026:20:05:21 +0100] "POST /rhn/ajax/subscription-warning HTTP/1.1" 200 -
172.16.3.5 - - [03/Mar/2026:20:05:21 +0100] "POST /rhn/ajax/latest-errata HTTP/1.1" 200 539
172.16.3.5 - - [03/Mar/2026:20:05:21 +0100] "POST /rhn/ajax/inactive-systems HTTP/1.1" 200 540
::1 - - [03/Mar/2026:20:05:22 +0100] "GET /rhn/errors/404.jsp HTTP/1.1" 404 4500
172.16.3.5 - - [03/Mar/2026:20:05:22 +0100] "POST /rhn/manager/frontend-log HTTP/1.1" 200 16
172.16.3.5 - - [03/Mar/2026:20:05:22 +0100] "POST /rhn/ajax/systems-groups HTTP/1.1" 200 1490
172.16.3.5 - - [03/Mar/2026:20:05:21 +0100] "POST /rhn/ajax/critical-systems HTTP/1.1" 200 2025
127.0.0.1 - - [03/Mar/2026:20:05:22 +0100] "GET /rhn/websocket/notifications HTTP/1.1" 101 -
172.16.3.5 - - [03/Mar/2026:20:05:22 +0100] "POST /rhn/ajax/recent-systems HTTP/1.1" 200 2058
::1 - - [03/Mar/2026:20:05:23 +0100] "GET /rhn/errors/404.jsp HTTP/1.1" 404 4500
172.16.3.5 - - [03/Mar/2026:20:05:23 +0100] "GET /rhn/manager/login HTTP/1.1" 302 -
172.16.3.5 - - [03/Mar/2026:20:05:23 +0100] "GET /rhn/YourRhn.do HTTP/1.1" 200 36325
172.16.3.5 - - [03/Mar/2026:20:05:23 +0100] "POST /rhn/manager/frontend-log HTTP/1.1" 200 16
172.16.3.5 - - [03/Mar/2026:20:05:23 +0100] "POST /rhn/ajax/inactive-systems HTTP/1.1" 200 540
127.0.0.1 - - [03/Mar/2026:20:05:23 +0100] "GET /rhn/websocket/notifications HTTP/1.1" 101 -
172.16.3.5 - - [03/Mar/2026:20:05:23 +0100] "POST /rhn/ajax/pending-actions HTTP/1.1" 200 636
172.16.3.5 - - [03/Mar/2026:20:05:23 +0100] "POST /rhn/ajax/subscription-warning HTTP/1.1" 200 -
172.16.3.5 - - [03/Mar/2026:20:05:24 +0100] "POST /rhn/ajax/systems-groups HTTP/1.1" 200 1490
172.16.3.5 - - [03/Mar/2026:20:05:23 +0100] "POST /rhn/ajax/critical-systems HTTP/1.1" 200 2025
172.16.3.5 - - [03/Mar/2026:20:05:23 +0100] "POST /rhn/ajax/latest-errata HTTP/1.1" 200 539
172.16.3.5 - - [03/Mar/2026:20:05:24 +0100] "POST /rhn/ajax/recent-systems HTTP/1.1" 200 2058
172.16.3.5 - - [03/Mar/2026:20:05:24 +0100] "POST /rhn/manager/frontend-log HTTP/1.1" 200 16
172.16.3.5 - - [03/Mar/2026:20:05:23 +0100] "POST /rhn/ajax/tasks HTTP/1.1" 200 2232
172.16.3.5 - - [03/Mar/2026:20:05:24 +0100] "GET /rhn/channels/manage/Manage.do HTTP/1.1" 200 49019
127.0.0.1 - - [03/Mar/2026:20:05:24 +0100] "GET /rhn/websocket/notifications HTTP/1.1" 101 -
172.16.3.5 - - [03/Mar/2026:20:05:24 +0100] "POST /rhn/manager/frontend-log HTTP/1.1" 200 16
172.16.3.5 - - [03/Mar/2026:20:05:24 +0100] "GET /rhn/channels/manage/Edit.do?cid=123 HTTP/1.1" 200 53582
127.0.0.1 - - [03/Mar/2026:20:05:25 +0100] "GET /rhn/websocket/notifications HTTP/1.1" 101 -
172.16.3.5 - - [03/Mar/2026:20:05:25 +0100] "POST /rhn/manager/frontend-log HTTP/1.1" 200 16
172.16.3.5 - - [03/Mar/2026:20:05:25 +0100] "GET /rhn/channels/manage/Repositories.do?cid=123 HTTP/1.1" 200 49008
127.0.0.1 - - [03/Mar/2026:20:05:25 +0100] "GET /rhn/websocket/notifications HTTP/1.1" 101 -
172.16.3.5 - - [03/Mar/2026:20:05:25 +0100] "POST /rhn/manager/frontend-log HTTP/1.1" 200 16
172.16.3.5 - - [03/Mar/2026:20:05:25 +0100] "GET /rhn/channels/manage/Sync.do?cid=123 HTTP/1.1" 200 41220
127.0.0.1 - - [03/Mar/2026:20:05:26 +0100] "GET /rhn/websocket/notifications HTTP/1.1" 101 -
172.16.3.5 - - [03/Mar/2026:20:05:26 +0100] "POST /rhn/manager/frontend-log HTTP/1.1" 200 16
172.16.3.5 - - [03/Mar/2026:20:05:26 +0100] "POST /rhn/channels/manage/Sync.do?cid=123 HTTP/1.1" 302 -
172.16.3.5 - - [03/Mar/2026:20:05:27 +0100] "GET /rhn/channels/manage/Sync.do?cid=123 HTTP/1.1" 200 41332
172.16.3.5 - - [03/Mar/2026:20:05:27 +0100] "POST /rhn/manager/frontend-log HTTP/1.1" 200 16
127.0.0.1 - - [03/Mar/2026:20:05:27 +0100] "GET /rhn/websocket/notifications HTTP/1.1" 101 -
::1 - - [03/Mar/2026:20:05:29 +0100] "GET /rhn/errors/404.jsp HTTP/1.1" 404 4500
::1 - - [03/Mar/2026:20:05:31 +0100] "GET /rhn/errors/404.jsp HTTP/1.1" 404 4500
172.16.3.5 - - [03/Mar/2026:20:05:45 +0100] "GET /rhn/manager/login HTTP/1.1" 302 -
172.16.3.5 - - [03/Mar/2026:20:05:45 +0100] "GET /rhn/YourRhn.do HTTP/1.1" 200 36325
172.16.3.5 - - [03/Mar/2026:20:05:45 +0100] "POST /rhn/manager/frontend-log HTTP/1.1" 200 16
127.0.0.1 - - [03/Mar/2026:20:05:45 +0100] "GET /rhn/websocket/notifications HTTP/1.1" 101 -
172.16.3.5 - - [03/Mar/2026:20:05:45 +0100] "POST /rhn/ajax/inactive-systems HTTP/1.1" 200 540
172.16.3.5 - - [03/Mar/2026:20:05:45 +0100] "POST /rhn/ajax/critical-systems HTTP/1.1" 200 2025
172.16.3.5 - - [03/Mar/2026:20:05:45 +0100] "POST /rhn/ajax/subscription-warning HTTP/1.1" 200 -
172.16.3.5 - - [03/Mar/2026:20:05:45 +0100] "POST /rhn/ajax/latest-errata HTTP/1.1" 200 539
172.16.3.5 - - [03/Mar/2026:20:05:45 +0100] "POST /rhn/ajax/pending-actions HTTP/1.1" 200 636
172.16.3.5 - - [03/Mar/2026:20:05:45 +0100] "POST /rhn/ajax/systems-groups HTTP/1.1" 200 1490
172.16.3.5 - - [03/Mar/2026:20:05:45 +0100] "POST /rhn/ajax/recent-systems HTTP/1.1" 200 2058
172.16.3.5 - - [03/Mar/2026:20:05:45 +0100] "POST /rhn/manager/frontend-log HTTP/1.1" 200 16
172.16.3.5 - - [03/Mar/2026:20:05:45 +0100] "POST /rhn/ajax/tasks HTTP/1.1" 200 2232
172.16.3.5 - - [03/Mar/2026:20:05:45 +0100] "GET /rhn/channels/manage/Manage.do HTTP/1.1" 200 49019
127.0.0.1 - - [03/Mar/2026:20:05:46 +0100] "GET /rhn/websocket/notifications HTTP/1.1" 101 -
172.16.3.5 - - [03/Mar/2026:20:05:46 +0100] "POST /rhn/manager/frontend-log HTTP/1.1" 200 16
172.16.3.5 - - [03/Mar/2026:20:05:46 +0100] "GET /rhn/channels/manage/Edit.do?cid=125 HTTP/1.1" 200 53572
127.0.0.1 - - [03/Mar/2026:20:05:46 +0100] "GET /rhn/websocket/notifications HTTP/1.1" 101 -
172.16.3.5 - - [03/Mar/2026:20:05:46 +0100] "POST /rhn/manager/frontend-log HTTP/1.1" 200 16
172.16.3.5 - - [03/Mar/2026:20:05:46 +0100] "GET /rhn/channels/manage/Repositories.do?cid=125 HTTP/1.1" 200 49010
127.0.0.1 - - [03/Mar/2026:20:05:47 +0100] "GET /rhn/websocket/notifications HTTP/1.1" 101 -
172.16.3.5 - - [03/Mar/2026:20:05:47 +0100] "POST /rhn/manager/frontend-log HTTP/1.1" 200 16
172.16.3.5 - - [03/Mar/2026:20:05:47 +0100] "GET /rhn/channels/manage/Sync.do?cid=125 HTTP/1.1" 200 41225
127.0.0.1 - - [03/Mar/2026:20:05:47 +0100] "GET /rhn/websocket/notifications HTTP/1.1" 101 -
172.16.3.5 - - [03/Mar/2026:20:05:47 +0100] "POST /rhn/manager/frontend-log HTTP/1.1" 200 16
172.16.3.5 - - [03/Mar/2026:20:05:47 +0100] "POST /rhn/channels/manage/Sync.do?cid=125 HTTP/1.1" 302 -
172.16.3.5 - - [03/Mar/2026:20:05:48 +0100] "GET /rhn/channels/manage/Sync.do?cid=125 HTTP/1.1" 200 41339
172.16.3.5 - - [03/Mar/2026:20:05:49 +0100] "POST /rhn/manager/frontend-log HTTP/1.1" 200 16
127.0.0.1 - - [03/Mar/2026:20:05:49 +0100] "GET /rhn/websocket/notifications HTTP/1.1" 101 -
172.16.3.5 - - [03/Mar/2026:20:06:02 +0100] "GET /rhn/manager/login HTTP/1.1" 302 -
172.16.3.5 - - [03/Mar/2026:20:06:02 +0100] "GET /rhn/YourRhn.do HTTP/1.1" 200 36325
172.16.3.5 - - [03/Mar/2026:20:06:03 +0100] "POST /rhn/manager/frontend-log HTTP/1.1" 200 16
172.16.3.5 - - [03/Mar/2026:20:06:03 +0100] "POST /rhn/ajax/subscription-warning HTTP/1.1" 200 -
172.16.3.5 - - [03/Mar/2026:20:06:03 +0100] "POST /rhn/ajax/pending-actions HTTP/1.1" 200 636
172.16.3.5 - - [03/Mar/2026:20:06:03 +0100] "POST /rhn/ajax/systems-groups HTTP/1.1" 200 1490
127.0.0.1 - - [03/Mar/2026:20:06:03 +0100] "GET /rhn/websocket/notifications HTTP/1.1" 101 -
172.16.3.5 - - [03/Mar/2026:20:06:03 +0100] "POST /rhn/ajax/recent-systems HTTP/1.1" 200 2058
172.16.3.5 - - [03/Mar/2026:20:06:03 +0100] "POST /rhn/ajax/critical-systems HTTP/1.1" 200 2025
172.16.3.5 - - [03/Mar/2026:20:06:03 +0100] "POST /rhn/ajax/latest-errata HTTP/1.1" 200 539
172.16.3.5 - - [03/Mar/2026:20:06:03 +0100] "POST /rhn/ajax/inactive-systems HTTP/1.1" 200 540
172.16.3.5 - - [03/Mar/2026:20:06:03 +0100] "POST /rhn/manager/frontend-log HTTP/1.1" 200 16
172.16.3.5 - - [03/Mar/2026:20:06:03 +0100] "POST /rhn/ajax/tasks HTTP/1.1" 200 2232
172.16.3.5 - - [03/Mar/2026:20:06:03 +0100] "GET /rhn/channels/manage/Manage.do HTTP/1.1" 200 49019
127.0.0.1 - - [03/Mar/2026:20:06:04 +0100] "GET /rhn/websocket/notifications HTTP/1.1" 101 -
172.16.3.5 - - [03/Mar/2026:20:06:04 +0100] "POST /rhn/manager/frontend-log HTTP/1.1" 200 16
172.16.3.5 - - [03/Mar/2026:20:06:04 +0100] "GET /rhn/channels/manage/Edit.do?cid=127 HTTP/1.1" 200 53608
172.16.3.5 - - [03/Mar/2026:20:06:04 +0100] "POST /rhn/manager/frontend-log HTTP/1.1" 200 16
127.0.0.1 - - [03/Mar/2026:20:06:04 +0100] "GET /rhn/websocket/notifications HTTP/1.1" 101 -
172.16.3.5 - - [03/Mar/2026:20:06:04 +0100] "GET /rhn/channels/manage/Repositories.do?cid=127 HTTP/1.1" 200 49012
172.16.3.5 - - [03/Mar/2026:20:06:04 +0100] "POST /rhn/manager/frontend-log HTTP/1.1" 200 16
127.0.0.1 - - [03/Mar/2026:20:06:04 +0100] "GET /rhn/websocket/notifications HTTP/1.1" 101 -
172.16.3.5 - - [03/Mar/2026:20:06:04 +0100] "GET /rhn/channels/manage/Sync.do?cid=127 HTTP/1.1" 200 41228
127.0.0.1 - - [03/Mar/2026:20:06:05 +0100] "GET /rhn/websocket/notifications HTTP/1.1" 101 -
172.16.3.5 - - [03/Mar/2026:20:06:05 +0100] "POST /rhn/manager/frontend-log HTTP/1.1" 200 16
172.16.3.5 - - [03/Mar/2026:20:06:05 +0100] "POST /rhn/channels/manage/Sync.do?cid=127 HTTP/1.1" 302 -
::1 - - [03/Mar/2026:20:06:06 +0100] "GET /rhn/manager/login HTTP/1.1" 302 -
172.16.3.5 - - [03/Mar/2026:20:06:06 +0100] "GET /rhn/channels/manage/Sync.do?cid=127 HTTP/1.1" 200 41344
127.0.0.1 - - [03/Mar/2026:20:06:07 +0100] "GET /rhn/websocket/notifications HTTP/1.1" 101 -
172.16.3.5 - - [03/Mar/2026:20:06:07 +0100] "POST /rhn/manager/frontend-log HTTP/1.1" 200 16
::1 - - [03/Mar/2026:20:06:09 +0100] "GET /rhn/errors/404.jsp HTTP/1.1" 404 4500
::1 - - [03/Mar/2026:20:06:10 +0100] "GET /rhn/errors/404.jsp HTTP/1.1" 404 4500
172.16.3.5 - - [03/Mar/2026:20:06:19 +0100] "GET /rhn/manager/login HTTP/1.1" 302 -
172.16.3.5 - - [03/Mar/2026:20:06:20 +0100] "GET /rhn/YourRhn.do HTTP/1.1" 200 36325
172.16.3.5 - - [03/Mar/2026:20:06:20 +0100] "POST /rhn/manager/frontend-log HTTP/1.1" 200 16
172.16.3.5 - - [03/Mar/2026:20:06:20 +0100] "POST /rhn/ajax/inactive-systems HTTP/1.1" 200 540
127.0.0.1 - - [03/Mar/2026:20:06:20 +0100] "GET /rhn/websocket/notifications HTTP/1.1" 101 -
172.16.3.5 - - [03/Mar/2026:20:06:20 +0100] "POST /rhn/ajax/subscription-warning HTTP/1.1" 200 -
172.16.3.5 - - [03/Mar/2026:20:06:20 +0100] "POST /rhn/ajax/latest-errata HTTP/1.1" 200 539
172.16.3.5 - - [03/Mar/2026:20:06:20 +0100] "POST /rhn/ajax/pending-actions HTTP/1.1" 200 636
172.16.3.5 - - [03/Mar/2026:20:06:20 +0100] "POST /rhn/ajax/critical-systems HTTP/1.1" 200 2025
172.16.3.5 - - [03/Mar/2026:20:06:20 +0100] "POST /rhn/ajax/systems-groups HTTP/1.1" 200 1490
172.16.3.5 - - [03/Mar/2026:20:06:20 +0100] "POST /rhn/ajax/tasks HTTP/1.1" 200 2232
172.16.3.5 - - [03/Mar/2026:20:06:20 +0100] "POST /rhn/ajax/recent-systems HTTP/1.1" 200 2058
172.16.3.5 - - [03/Mar/2026:20:06:20 +0100] "POST /rhn/manager/frontend-log HTTP/1.1" 200 16
172.16.3.5 - - [03/Mar/2026:20:06:20 +0100] "GET /rhn/channels/manage/Manage.do HTTP/1.1" 200 49019
127.0.0.1 - - [03/Mar/2026:20:06:20 +0100] "GET /rhn/websocket/notifications HTTP/1.1" 101 -
172.16.3.5 - - [03/Mar/2026:20:06:20 +0100] "POST /rhn/manager/frontend-log HTTP/1.1" 200 16
172.16.3.5 - - [03/Mar/2026:20:06:21 +0100] "GET /rhn/channels/manage/Edit.do?cid=122 HTTP/1.1" 200 53542
172.16.3.5 - - [03/Mar/2026:20:06:21 +0100] "POST /rhn/manager/frontend-log HTTP/1.1" 200 16
127.0.0.1 - - [03/Mar/2026:20:06:21 +0100] "GET /rhn/websocket/notifications HTTP/1.1" 101 -
172.16.3.5 - - [03/Mar/2026:20:06:21 +0100] "GET /rhn/channels/manage/Repositories.do?cid=122 HTTP/1.1" 200 49015
127.0.0.1 - - [03/Mar/2026:20:06:21 +0100] "GET /rhn/websocket/notifications HTTP/1.1" 101 -
172.16.3.5 - - [03/Mar/2026:20:06:21 +0100] "POST /rhn/manager/frontend-log HTTP/1.1" 200 16
172.16.3.5 - - [03/Mar/2026:20:06:21 +0100] "GET /rhn/channels/manage/Sync.do?cid=122 HTTP/1.1" 200 41234
127.0.0.1 - - [03/Mar/2026:20:06:22 +0100] "GET /rhn/websocket/notifications HTTP/1.1" 101 -
172.16.3.5 - - [03/Mar/2026:20:06:22 +0100] "POST /rhn/manager/frontend-log HTTP/1.1" 200 16
172.16.3.5 - - [03/Mar/2026:20:06:22 +0100] "POST /rhn/channels/manage/Sync.do?cid=122 HTTP/1.1" 302 -
172.16.3.5 - - [03/Mar/2026:20:06:23 +0100] "GET /rhn/channels/manage/Sync.do?cid=122 HTTP/1.1" 200 41353
172.16.3.5 - - [03/Mar/2026:20:06:24 +0100] "POST /rhn/manager/frontend-log HTTP/1.1" 200 16
127.0.0.1 - - [03/Mar/2026:20:06:24 +0100] "GET /rhn/websocket/notifications HTTP/1.1" 101 -
::1 - - [03/Mar/2026:20:06:26 +0100] "GET /rhn/errors/404.jsp HTTP/1.1" 404 4500
::1 - - [03/Mar/2026:20:06:27 +0100] "GET /rhn/errors/404.jsp HTTP/1.1" 404 4500
172.16.3.5 - - [03/Mar/2026:20:06:36 +0100] "GET /rhn/manager/login HTTP/1.1" 302 -
172.16.3.5 - - [03/Mar/2026:20:06:37 +0100] "GET /rhn/YourRhn.do HTTP/1.1" 200 36325
172.16.3.5 - - [03/Mar/2026:20:06:37 +0100] "POST /rhn/manager/frontend-log HTTP/1.1" 200 16
172.16.3.5 - - [03/Mar/2026:20:06:37 +0100] "POST /rhn/ajax/pending-actions HTTP/1.1" 200 636
172.16.3.5 - - [03/Mar/2026:20:06:37 +0100] "POST /rhn/ajax/latest-errata HTTP/1.1" 200 539
172.16.3.5 - - [03/Mar/2026:20:06:37 +0100] "POST /rhn/ajax/inactive-systems HTTP/1.1" 200 540
127.0.0.1 - - [03/Mar/2026:20:06:37 +0100] "GET /rhn/websocket/notifications HTTP/1.1" 101 -
172.16.3.5 - - [03/Mar/2026:20:06:37 +0100] "POST /rhn/ajax/critical-systems HTTP/1.1" 200 2025
172.16.3.5 - - [03/Mar/2026:20:06:37 +0100] "POST /rhn/ajax/subscription-warning HTTP/1.1" 200 -
172.16.3.5 - - [03/Mar/2026:20:06:37 +0100] "POST /rhn/ajax/systems-groups HTTP/1.1" 200 1490
172.16.3.5 - - [03/Mar/2026:20:06:37 +0100] "POST /rhn/ajax/tasks HTTP/1.1" 200 2232
172.16.3.5 - - [03/Mar/2026:20:06:37 +0100] "POST /rhn/manager/frontend-log HTTP/1.1" 200 16
172.16.3.5 - - [03/Mar/2026:20:06:37 +0100] "POST /rhn/ajax/recent-systems HTTP/1.1" 200 2058
172.16.3.5 - - [03/Mar/2026:20:06:37 +0100] "GET /rhn/channels/manage/Manage.do HTTP/1.1" 200 49019
127.0.0.1 - - [03/Mar/2026:20:06:38 +0100] "GET /rhn/websocket/notifications HTTP/1.1" 101 -
172.16.3.5 - - [03/Mar/2026:20:06:38 +0100] "POST /rhn/manager/frontend-log HTTP/1.1" 200 16
172.16.3.5 - - [03/Mar/2026:20:06:38 +0100] "GET /rhn/channels/manage/Edit.do?cid=128 HTTP/1.1" 200 53475
127.0.0.1 - - [03/Mar/2026:20:06:38 +0100] "GET /rhn/websocket/notifications HTTP/1.1" 101 -
172.16.3.5 - - [03/Mar/2026:20:06:38 +0100] "POST /rhn/manager/frontend-log HTTP/1.1" 200 16
172.16.3.5 - - [03/Mar/2026:20:06:38 +0100] "GET /rhn/channels/manage/Repositories.do?cid=128 HTTP/1.1" 200 49016
127.0.0.1 - - [03/Mar/2026:20:06:39 +0100] "GET /rhn/websocket/notifications HTTP/1.1" 101 -
172.16.3.5 - - [03/Mar/2026:20:06:38 +0100] "POST /rhn/manager/frontend-log HTTP/1.1" 200 16
172.16.3.5 - - [03/Mar/2026:20:06:39 +0100] "GET /rhn/channels/manage/Sync.do?cid=128 HTTP/1.1" 200 41239
127.0.0.1 - - [03/Mar/2026:20:06:39 +0100] "GET /rhn/websocket/notifications HTTP/1.1" 101 -
172.16.3.5 - - [03/Mar/2026:20:06:39 +0100] "POST /rhn/manager/frontend-log HTTP/1.1" 200 16
172.16.3.5 - - [03/Mar/2026:20:06:39 +0100] "POST /rhn/channels/manage/Sync.do?cid=128 HTTP/1.1" 302 -
172.16.3.5 - - [03/Mar/2026:20:06:40 +0100] "GET /rhn/channels/manage/Sync.do?cid=128 HTTP/1.1" 200 41359
127.0.0.1 - - [03/Mar/2026:20:06:41 +0100] "GET /rhn/websocket/notifications HTTP/1.1" 101 -
172.16.3.5 - - [03/Mar/2026:20:06:41 +0100] "POST /rhn/manager/frontend-log HTTP/1.1" 200 16
::1 - - [03/Mar/2026:20:06:41 +0100] "GET /rhn/errors/404.jsp HTTP/1.1" 404 4500
::1 - - [03/Mar/2026:20:06:41 +0100] "GET /rhn/errors/404.jsp HTTP/1.1" 404 4500
::1 - - [03/Mar/2026:20:06:41 +0100] "GET /rhn/errors/404.jsp HTTP/1.1" 404 4500
::1 - - [03/Mar/2026:20:06:41 +0100] "GET /rhn/errors/404.jsp HTTP/1.1" 404 4500
172.16.3.5 - - [03/Mar/2026:20:06:42 +0100] "GET /rhn/manager/login HTTP/1.1" 302 -
172.16.3.5 - - [03/Mar/2026:20:06:42 +0100] "GET /rhn/YourRhn.do HTTP/1.1" 200 36325
172.16.3.5 - - [03/Mar/2026:20:06:42 +0100] "POST /rhn/manager/frontend-log HTTP/1.1" 200 16
172.16.3.5 - - [03/Mar/2026:20:06:43 +0100] "POST /rhn/ajax/latest-errata HTTP/1.1" 200 539
127.0.0.1 - - [03/Mar/2026:20:06:43 +0100] "GET /rhn/websocket/notifications HTTP/1.1" 101 -
172.16.3.5 - - [03/Mar/2026:20:06:43 +0100] "POST /rhn/ajax/subscription-warning HTTP/1.1" 200 -
172.16.3.5 - - [03/Mar/2026:20:06:43 +0100] "POST /rhn/ajax/critical-systems HTTP/1.1" 200 2025
172.16.3.5 - - [03/Mar/2026:20:06:43 +0100] "POST /rhn/ajax/pending-actions HTTP/1.1" 200 636
172.16.3.5 - - [03/Mar/2026:20:06:43 +0100] "POST /rhn/ajax/tasks HTTP/1.1" 200 2232
172.16.3.5 - - [03/Mar/2026:20:06:43 +0100] "POST /rhn/ajax/inactive-systems HTTP/1.1" 200 540
172.16.3.5 - - [03/Mar/2026:20:06:43 +0100] "POST /rhn/ajax/systems-groups HTTP/1.1" 200 1490
172.16.3.5 - - [03/Mar/2026:20:06:43 +0100] "POST /rhn/ajax/recent-systems HTTP/1.1" 200 2058
172.16.3.5 - - [03/Mar/2026:20:06:43 +0100] "POST /rhn/manager/frontend-log HTTP/1.1" 200 16
172.16.3.5 - - [03/Mar/2026:20:06:43 +0100] "GET /rhn/channels/manage/Manage.do HTTP/1.1" 200 49019
127.0.0.1 - - [03/Mar/2026:20:06:43 +0100] "GET /rhn/websocket/notifications HTTP/1.1" 101 -
172.16.3.5 - - [03/Mar/2026:20:06:43 +0100] "POST /rhn/manager/frontend-log HTTP/1.1" 200 16
172.16.3.5 - - [03/Mar/2026:20:06:43 +0100] "GET /rhn/channels/manage/Edit.do?cid=129 HTTP/1.1" 200 53564
127.0.0.1 - - [03/Mar/2026:20:06:44 +0100] "GET /rhn/websocket/notifications HTTP/1.1" 101 -
172.16.3.5 - - [03/Mar/2026:20:06:44 +0100] "POST /rhn/manager/frontend-log HTTP/1.1" 200 16
172.16.3.5 - - [03/Mar/2026:20:06:44 +0100] "GET /rhn/channels/manage/Repositories.do?cid=129 HTTP/1.1" 200 49012
127.0.0.1 - - [03/Mar/2026:20:06:44 +0100] "GET /rhn/websocket/notifications HTTP/1.1" 101 -
172.16.3.5 - - [03/Mar/2026:20:06:44 +0100] "POST /rhn/manager/frontend-log HTTP/1.1" 200 16
172.16.3.5 - - [03/Mar/2026:20:06:44 +0100] "GET /rhn/channels/manage/Sync.do?cid=129 HTTP/1.1" 200 41228
127.0.0.1 - - [03/Mar/2026:20:06:45 +0100] "GET /rhn/websocket/notifications HTTP/1.1" 101 -
172.16.3.5 - - [03/Mar/2026:20:06:45 +0100] "POST /rhn/manager/frontend-log HTTP/1.1" 200 16
172.16.3.5 - - [03/Mar/2026:20:06:45 +0100] "POST /rhn/channels/manage/Sync.do?cid=129 HTTP/1.1" 302 -
172.16.3.5 - - [03/Mar/2026:20:06:47 +0100] "GET /rhn/channels/manage/Sync.do?cid=129 HTTP/1.1" 200 41344
172.16.3.5 - - [03/Mar/2026:20:06:47 +0100] "POST /rhn/manager/frontend-log HTTP/1.1" 200 16
127.0.0.1 - - [03/Mar/2026:20:06:47 +0100] "GET /rhn/websocket/notifications HTTP/1.1" 101 -
::1 - - [03/Mar/2026:20:06:49 +0100] "GET /rhn/errors/404.jsp HTTP/1.1" 404 4500
::1 - - [03/Mar/2026:20:06:50 +0100] "GET /rhn/errors/404.jsp HTTP/1.1" 404 4500
172.16.3.5 - - [03/Mar/2026:20:07:00 +0100] "GET /rhn/manager/login HTTP/1.1" 302 -
172.16.3.5 - - [03/Mar/2026:20:07:00 +0100] "GET /rhn/YourRhn.do HTTP/1.1" 200 36325
172.16.3.5 - - [03/Mar/2026:20:07:00 +0100] "POST /rhn/manager/frontend-log HTTP/1.1" 200 16
172.16.3.5 - - [03/Mar/2026:20:07:00 +0100] "POST /rhn/ajax/inactive-systems HTTP/1.1" 200 540
172.16.3.5 - - [03/Mar/2026:20:07:00 +0100] "POST /rhn/ajax/critical-systems HTTP/1.1" 200 2025
172.16.3.5 - - [03/Mar/2026:20:07:00 +0100] "POST /rhn/ajax/subscription-warning HTTP/1.1" 200 -
127.0.0.1 - - [03/Mar/2026:20:07:00 +0100] "GET /rhn/websocket/notifications HTTP/1.1" 101 -
172.16.3.5 - - [03/Mar/2026:20:07:00 +0100] "POST /rhn/ajax/pending-actions HTTP/1.1" 200 636
172.16.3.5 - - [03/Mar/2026:20:07:00 +0100] "POST /rhn/ajax/latest-errata HTTP/1.1" 200 539
172.16.3.5 - - [03/Mar/2026:20:07:00 +0100] "POST /rhn/ajax/systems-groups HTTP/1.1" 200 1490
172.16.3.5 - - [03/Mar/2026:20:07:00 +0100] "POST /rhn/ajax/tasks HTTP/1.1" 200 2232
172.16.3.5 - - [03/Mar/2026:20:07:00 +0100] "POST /rhn/manager/frontend-log HTTP/1.1" 200 16
172.16.3.5 - - [03/Mar/2026:20:07:00 +0100] "POST /rhn/ajax/recent-systems HTTP/1.1" 200 2058
172.16.3.5 - - [03/Mar/2026:20:07:00 +0100] "GET /rhn/channels/manage/Manage.do HTTP/1.1" 200 49019
127.0.0.1 - - [03/Mar/2026:20:07:01 +0100] "GET /rhn/websocket/notifications HTTP/1.1" 101 -
172.16.3.5 - - [03/Mar/2026:20:07:01 +0100] "POST /rhn/manager/frontend-log HTTP/1.1" 200 16
172.16.3.5 - - [03/Mar/2026:20:07:01 +0100] "GET /rhn/channels/manage/Edit.do?cid=130 HTTP/1.1" 200 53583
127.0.0.1 - - [03/Mar/2026:20:07:01 +0100] "GET /rhn/websocket/notifications HTTP/1.1" 101 -
172.16.3.5 - - [03/Mar/2026:20:07:01 +0100] "POST /rhn/manager/frontend-log HTTP/1.1" 200 16
172.16.3.5 - - [03/Mar/2026:20:07:01 +0100] "GET /rhn/channels/manage/Repositories.do?cid=130 HTTP/1.1" 200 49014
127.0.0.1 - - [03/Mar/2026:20:07:02 +0100] "GET /rhn/websocket/notifications HTTP/1.1" 101 -
172.16.3.5 - - [03/Mar/2026:20:07:02 +0100] "POST /rhn/manager/frontend-log HTTP/1.1" 200 16
172.16.3.5 - - [03/Mar/2026:20:07:02 +0100] "GET /rhn/channels/manage/Sync.do?cid=130 HTTP/1.1" 200 41238
127.0.0.1 - - [03/Mar/2026:20:07:02 +0100] "GET /rhn/websocket/notifications HTTP/1.1" 101 -
172.16.3.5 - - [03/Mar/2026:20:07:02 +0100] "POST /rhn/manager/frontend-log HTTP/1.1" 200 16
172.16.3.5 - - [03/Mar/2026:20:07:02 +0100] "POST /rhn/channels/manage/Sync.do?cid=130 HTTP/1.1" 302 -
172.16.3.5 - - [03/Mar/2026:20:07:03 +0100] "GET /rhn/channels/manage/Sync.do?cid=130 HTTP/1.1" 200 41356
127.0.0.1 - - [03/Mar/2026:20:07:04 +0100] "GET /rhn/websocket/notifications HTTP/1.1" 101 -
172.16.3.5 - - [03/Mar/2026:20:07:04 +0100] "POST /rhn/manager/frontend-log HTTP/1.1" 200 16
::1 - - [03/Mar/2026:20:07:06 +0100] "GET /rhn/errors/404.jsp HTTP/1.1" 404 4500
::1 - - [03/Mar/2026:20:07:07 +0100] "GET /rhn/errors/404.jsp HTTP/1.1" 404 4500
::1 - - [03/Mar/2026:20:07:10 +0100] "GET /rhn/manager/login HTTP/1.1" 302 -
172.16.3.5 - - [03/Mar/2026:20:07:17 +0100] "GET /rhn/admin/SatSchedules.do HTTP/1.1" 200 62974
127.0.0.1 - - [03/Mar/2026:20:07:17 +0100] "GET /rhn/websocket/notifications HTTP/1.1" 101 -
172.16.3.5 - - [03/Mar/2026:20:07:17 +0100] "POST /rhn/manager/frontend-log HTTP/1.1" 200 16
172.16.3.5 - - [03/Mar/2026:20:07:17 +0100] "GET /rhn/admin/ScheduleDetail.do?schid=4 HTTP/1.1" 200 45420
127.0.0.1 - - [03/Mar/2026:20:07:18 +0100] "GET /rhn/websocket/notifications HTTP/1.1" 101 -
172.16.3.5 - - [03/Mar/2026:20:07:18 +0100] "POST /rhn/manager/frontend-log HTTP/1.1" 200 16
172.16.3.5 - - [03/Mar/2026:20:07:18 +0100] "GET /rhn/admin/BunchDetail.do?label=errata-cache-bunch HTTP/1.1" 200 115125
127.0.0.1 - - [03/Mar/2026:20:07:20 +0100] "GET /rhn/websocket/notifications HTTP/1.1" 101 -
172.16.3.5 - - [03/Mar/2026:20:07:20 +0100] "POST /rhn/manager/frontend-log HTTP/1.1" 200 16
172.16.3.5 - - [03/Mar/2026:20:07:20 +0100] "POST /rhn/admin/BunchDetail.do?label=errata-cache-bunch HTTP/1.1" 200 115283
172.16.3.5 - - [03/Mar/2026:20:07:21 +0100] "POST /rhn/manager/frontend-log HTTP/1.1" 200 16
127.0.0.1 - - [03/Mar/2026:20:07:21 +0100] "GET /rhn/websocket/notifications HTTP/1.1" 101 -
172.16.3.5 - - [03/Mar/2026:20:07:21 +0100] "GET /rhn/admin/BunchDetail.do?label=errata-cache-bunch HTTP/1.1" 200 115127
172.16.3.5 - - [03/Mar/2026:20:07:22 +0100] "POST /rhn/manager/frontend-log HTTP/1.1" 200 16
127.0.0.1 - - [03/Mar/2026:20:07:22 +0100] "GET /rhn/websocket/notifications HTTP/1.1" 101 -
172.16.3.5 - - [03/Mar/2026:20:07:22 +0100] "POST /rhn/manager/frontend-log HTTP/1.1" 200 16
127.0.0.1 - - [03/Mar/2026:20:07:22 +0100] "GET /rhn/websocket/notifications HTTP/1.1" 101 -
172.16.3.5 - - [03/Mar/2026:20:07:24 +0100] "GET /rhn/admin/SatSchedules.do HTTP/1.1" 200 62974
127.0.0.1 - - [03/Mar/2026:20:07:24 +0100] "GET /rhn/websocket/notifications HTTP/1.1" 101 -
172.16.3.5 - - [03/Mar/2026:20:07:24 +0100] "POST /rhn/manager/frontend-log HTTP/1.1" 200 16
172.16.3.5 - - [03/Mar/2026:20:07:24 +0100] "GET /rhn/admin/ScheduleDetail.do?schid=3 HTTP/1.1" 200 45440
127.0.0.1 - - [03/Mar/2026:20:07:25 +0100] "GET /rhn/websocket/notifications HTTP/1.1" 101 -
172.16.3.5 - - [03/Mar/2026:20:07:25 +0100] "POST /rhn/manager/frontend-log HTTP/1.1" 200 16
172.16.3.5 - - [03/Mar/2026:20:07:25 +0100] "GET /rhn/admin/BunchDetail.do?label=channel-repodata-bunch HTTP/1.1" 200 91738
127.0.0.1 - - [03/Mar/2026:20:07:26 +0100] "GET /rhn/websocket/notifications HTTP/1.1" 101 -
172.16.3.5 - - [03/Mar/2026:20:07:26 +0100] "POST /rhn/manager/frontend-log HTTP/1.1" 200 16
172.16.3.5 - - [03/Mar/2026:20:07:26 +0100] "POST /rhn/admin/BunchDetail.do?label=channel-repodata-bunch HTTP/1.1" 200 91900
172.16.3.5 - - [03/Mar/2026:20:07:27 +0100] "POST /rhn/manager/frontend-log HTTP/1.1" 200 16
127.0.0.1 - - [03/Mar/2026:20:07:27 +0100] "GET /rhn/websocket/notifications HTTP/1.1" 101 -
172.16.3.5 - - [03/Mar/2026:20:07:28 +0100] "GET /rhn/admin/BunchDetail.do?label=channel-repodata-bunch HTTP/1.1" 200 92510
172.16.3.5 - - [03/Mar/2026:20:07:29 +0100] "POST /rhn/manager/frontend-log HTTP/1.1" 200 16
127.0.0.1 - - [03/Mar/2026:20:07:29 +0100] "GET /rhn/websocket/notifications HTTP/1.1" 101 -
172.16.3.5 - - [03/Mar/2026:20:07:29 +0100] "POST /rhn/manager/frontend-log HTTP/1.1" 200 16
127.0.0.1 - - [03/Mar/2026:20:07:29 +0100] "GET /rhn/websocket/notifications HTTP/1.1" 101 -
172.16.3.5 - - [03/Mar/2026:20:07:31 +0100] "GET /rhn/manager/login HTTP/1.1" 302 -
172.16.3.5 - - [03/Mar/2026:20:07:31 +0100] "GET /rhn/YourRhn.do HTTP/1.1" 200 36325
172.16.3.5 - - [03/Mar/2026:20:07:31 +0100] "POST /rhn/manager/frontend-log HTTP/1.1" 200 16
127.0.0.1 - - [03/Mar/2026:20:07:31 +0100] "GET /rhn/websocket/notifications HTTP/1.1" 101 -
172.16.3.5 - - [03/Mar/2026:20:07:31 +0100] "POST /rhn/ajax/latest-errata HTTP/1.1" 200 539
172.16.3.5 - - [03/Mar/2026:20:07:31 +0100] "POST /rhn/ajax/subscription-warning HTTP/1.1" 200 -
172.16.3.5 - - [03/Mar/2026:20:07:31 +0100] "POST /rhn/ajax/inactive-systems HTTP/1.1" 200 540
172.16.3.5 - - [03/Mar/2026:20:07:31 +0100] "POST /rhn/ajax/critical-systems HTTP/1.1" 200 2025
172.16.3.5 - - [03/Mar/2026:20:07:31 +0100] "POST /rhn/ajax/pending-actions HTTP/1.1" 200 636
172.16.3.5 - - [03/Mar/2026:20:07:31 +0100] "POST /rhn/ajax/tasks HTTP/1.1" 200 2232
172.16.3.5 - - [03/Mar/2026:20:07:31 +0100] "POST /rhn/ajax/systems-groups HTTP/1.1" 200 1490
172.16.3.5 - - [03/Mar/2026:20:07:31 +0100] "POST /rhn/manager/frontend-log HTTP/1.1" 200 16
172.16.3.5 - - [03/Mar/2026:20:07:31 +0100] "POST /rhn/ajax/recent-systems HTTP/1.1" 200 2058
172.16.3.5 - - [03/Mar/2026:20:07:31 +0100] "GET /rhn/channels/manage/Manage.do HTTP/1.1" 200 49019
127.0.0.1 - - [03/Mar/2026:20:07:32 +0100] "GET /rhn/websocket/notifications HTTP/1.1" 101 -
172.16.3.5 - - [03/Mar/2026:20:07:32 +0100] "POST /rhn/manager/frontend-log HTTP/1.1" 200 16
172.16.3.5 - - [03/Mar/2026:20:07:32 +0100] "GET /rhn/channels/manage/Edit.do?cid=131 HTTP/1.1" 200 53496
172.16.3.5 - - [03/Mar/2026:20:07:32 +0100] "POST /rhn/manager/frontend-log HTTP/1.1" 200 16
127.0.0.1 - - [03/Mar/2026:20:07:32 +0100] "GET /rhn/websocket/notifications HTTP/1.1" 101 -
172.16.3.5 - - [03/Mar/2026:20:07:32 +0100] "GET /rhn/channels/manage/Repositories.do?cid=131 HTTP/1.1" 200 49243
127.0.0.1 - - [03/Mar/2026:20:07:33 +0100] "GET /rhn/websocket/notifications HTTP/1.1" 101 -
172.16.3.5 - - [03/Mar/2026:20:07:33 +0100] "POST /rhn/manager/frontend-log HTTP/1.1" 200 16
172.16.3.5 - - [03/Mar/2026:20:07:33 +0100] "GET /rhn/channels/manage/Sync.do?cid=131 HTTP/1.1" 200 41768
127.0.0.1 - - [03/Mar/2026:20:07:33 +0100] "GET /rhn/websocket/notifications HTTP/1.1" 101 -
172.16.3.5 - - [03/Mar/2026:20:07:33 +0100] "POST /rhn/manager/frontend-log HTTP/1.1" 200 16
172.16.3.5 - - [03/Mar/2026:20:07:33 +0100] "POST /rhn/channels/manage/Sync.do?cid=131 HTTP/1.1" 302 -
172.16.3.5 - - [03/Mar/2026:20:07:34 +0100] "GET /rhn/channels/manage/Sync.do?cid=131 HTTP/1.1" 200 41877
172.16.3.5 - - [03/Mar/2026:20:07:35 +0100] "POST /rhn/manager/frontend-log HTTP/1.1" 200 16
127.0.0.1 - - [03/Mar/2026:20:07:35 +0100] "GET /rhn/websocket/notifications HTTP/1.1" 101 -
172.16.3.5 - - [03/Mar/2026:20:07:48 +0100] "GET /rhn/manager/login HTTP/1.1" 302 -
172.16.3.5 - - [03/Mar/2026:20:07:48 +0100] "GET /rhn/YourRhn.do HTTP/1.1" 200 36325
172.16.3.5 - - [03/Mar/2026:20:07:48 +0100] "POST /rhn/manager/frontend-log HTTP/1.1" 200 16
172.16.3.5 - - [03/Mar/2026:20:07:48 +0100] "POST /rhn/ajax/latest-errata HTTP/1.1" 200 539
172.16.3.5 - - [03/Mar/2026:20:07:48 +0100] "POST /rhn/ajax/subscription-warning HTTP/1.1" 200 -
172.16.3.5 - - [03/Mar/2026:20:07:48 +0100] "POST /rhn/ajax/inactive-systems HTTP/1.1" 200 540
127.0.0.1 - - [03/Mar/2026:20:07:48 +0100] "GET /rhn/websocket/notifications HTTP/1.1" 101 -
172.16.3.5 - - [03/Mar/2026:20:07:48 +0100] "POST /rhn/ajax/pending-actions HTTP/1.1" 200 636
172.16.3.5 - - [03/Mar/2026:20:07:48 +0100] "POST /rhn/ajax/recent-systems HTTP/1.1" 200 2058
172.16.3.5 - - [03/Mar/2026:20:07:48 +0100] "POST /rhn/ajax/critical-systems HTTP/1.1" 200 2025
172.16.3.5 - - [03/Mar/2026:20:07:48 +0100] "POST /rhn/ajax/systems-groups HTTP/1.1" 200 1490
172.16.3.5 - - [03/Mar/2026:20:07:48 +0100] "POST /rhn/manager/frontend-log HTTP/1.1" 200 16
172.16.3.5 - - [03/Mar/2026:20:07:48 +0100] "POST /rhn/ajax/tasks HTTP/1.1" 200 2232
172.16.3.5 - - [03/Mar/2026:20:07:48 +0100] "GET /rhn/channels/manage/Manage.do HTTP/1.1" 200 49020
127.0.0.1 - - [03/Mar/2026:20:07:49 +0100] "GET /rhn/websocket/notifications HTTP/1.1" 101 -
172.16.3.5 - - [03/Mar/2026:20:07:49 +0100] "POST /rhn/manager/frontend-log HTTP/1.1" 200 16
172.16.3.5 - - [03/Mar/2026:20:07:49 +0100] "GET /rhn/channels/manage/Edit.do?cid=133 HTTP/1.1" 200 53547
127.0.0.1 - - [03/Mar/2026:20:07:49 +0100] "GET /rhn/websocket/notifications HTTP/1.1" 101 -
172.16.3.5 - - [03/Mar/2026:20:07:49 +0100] "POST /rhn/manager/frontend-log HTTP/1.1" 200 16
172.16.3.5 - - [03/Mar/2026:20:07:49 +0100] "GET /rhn/channels/manage/Repositories.do?cid=133 HTTP/1.1" 200 49250
127.0.0.1 - - [03/Mar/2026:20:07:50 +0100] "GET /rhn/websocket/notifications HTTP/1.1" 101 -
172.16.3.5 - - [03/Mar/2026:20:07:50 +0100] "POST /rhn/manager/frontend-log HTTP/1.1" 200 16
172.16.3.5 - - [03/Mar/2026:20:07:50 +0100] "GET /rhn/channels/manage/Sync.do?cid=133 HTTP/1.1" 200 41770
127.0.0.1 - - [03/Mar/2026:20:07:50 +0100] "GET /rhn/websocket/notifications HTTP/1.1" 101 -
172.16.3.5 - - [03/Mar/2026:20:07:50 +0100] "POST /rhn/manager/frontend-log HTTP/1.1" 200 16
172.16.3.5 - - [03/Mar/2026:20:07:50 +0100] "POST /rhn/channels/manage/Sync.do?cid=133 HTTP/1.1" 302 -
172.16.3.5 - - [03/Mar/2026:20:07:51 +0100] "GET /rhn/channels/manage/Sync.do?cid=133 HTTP/1.1" 200 41886
172.16.3.5 - - [03/Mar/2026:20:07:52 +0100] "POST /rhn/manager/frontend-log HTTP/1.1" 200 16
127.0.0.1 - - [03/Mar/2026:20:07:52 +0100] "GET /rhn/websocket/notifications HTTP/1.1" 101 -
172.16.3.5 - - [03/Mar/2026:20:08:04 +0100] "GET /rhn/manager/login HTTP/1.1" 302 -
172.16.3.5 - - [03/Mar/2026:20:08:05 +0100] "GET /rhn/YourRhn.do HTTP/1.1" 200 36325
172.16.3.5 - - [03/Mar/2026:20:08:05 +0100] "POST /rhn/manager/frontend-log HTTP/1.1" 200 16
172.16.3.5 - - [03/Mar/2026:20:08:05 +0100] "POST /rhn/ajax/inactive-systems HTTP/1.1" 200 540
172.16.3.5 - - [03/Mar/2026:20:08:05 +0100] "POST /rhn/ajax/subscription-warning HTTP/1.1" 200 -
127.0.0.1 - - [03/Mar/2026:20:08:05 +0100] "GET /rhn/websocket/notifications HTTP/1.1" 101 -
172.16.3.5 - - [03/Mar/2026:20:08:05 +0100] "POST /rhn/ajax/pending-actions HTTP/1.1" 200 636
172.16.3.5 - - [03/Mar/2026:20:08:05 +0100] "POST /rhn/ajax/critical-systems HTTP/1.1" 200 2025
172.16.3.5 - - [03/Mar/2026:20:08:05 +0100] "POST /rhn/ajax/latest-errata HTTP/1.1" 200 539
172.16.3.5 - - [03/Mar/2026:20:08:05 +0100] "POST /rhn/ajax/systems-groups HTTP/1.1" 200 1490
172.16.3.5 - - [03/Mar/2026:20:08:05 +0100] "POST /rhn/ajax/tasks HTTP/1.1" 200 2232
172.16.3.5 - - [03/Mar/2026:20:08:05 +0100] "POST /rhn/manager/frontend-log HTTP/1.1" 200 16
172.16.3.5 - - [03/Mar/2026:20:08:05 +0100] "POST /rhn/ajax/recent-systems HTTP/1.1" 200 2058
172.16.3.5 - - [03/Mar/2026:20:08:05 +0100] "GET /rhn/channels/manage/Manage.do HTTP/1.1" 200 49020
127.0.0.1 - - [03/Mar/2026:20:08:06 +0100] "GET /rhn/websocket/notifications HTTP/1.1" 101 -
172.16.3.5 - - [03/Mar/2026:20:08:06 +0100] "POST /rhn/manager/frontend-log HTTP/1.1" 200 16
172.16.3.5 - - [03/Mar/2026:20:08:06 +0100] "GET /rhn/channels/manage/Edit.do?cid=134 HTTP/1.1" 200 53508
172.16.3.5 - - [03/Mar/2026:20:08:06 +0100] "POST /rhn/manager/frontend-log HTTP/1.1" 200 16
127.0.0.1 - - [03/Mar/2026:20:08:06 +0100] "GET /rhn/websocket/notifications HTTP/1.1" 101 -
172.16.3.5 - - [03/Mar/2026:20:08:06 +0100] "GET /rhn/channels/manage/Repositories.do?cid=134 HTTP/1.1" 200 49246
172.16.3.5 - - [03/Mar/2026:20:08:06 +0100] "POST /rhn/manager/frontend-log HTTP/1.1" 200 16
127.0.0.1 - - [03/Mar/2026:20:08:06 +0100] "GET /rhn/websocket/notifications HTTP/1.1" 101 -
172.16.3.5 - - [03/Mar/2026:20:08:06 +0100] "GET /rhn/channels/manage/Sync.do?cid=134 HTTP/1.1" 200 41750
127.0.0.1 - - [03/Mar/2026:20:08:07 +0100] "GET /rhn/websocket/notifications HTTP/1.1" 101 -
172.16.3.5 - - [03/Mar/2026:20:08:07 +0100] "POST /rhn/manager/frontend-log HTTP/1.1" 200 16
172.16.3.5 - - [03/Mar/2026:20:08:07 +0100] "POST /rhn/channels/manage/Sync.do?cid=134 HTTP/1.1" 302 -
172.16.3.5 - - [03/Mar/2026:20:08:08 +0100] "GET /rhn/channels/manage/Sync.do?cid=134 HTTP/1.1" 200 41862
127.0.0.1 - - [03/Mar/2026:20:08:09 +0100] "GET /rhn/websocket/notifications HTTP/1.1" 101 -
172.16.3.5 - - [03/Mar/2026:20:08:09 +0100] "POST /rhn/manager/frontend-log HTTP/1.1" 200 16
::1 - - [03/Mar/2026:20:08:12 +0100] "GET /rhn/manager/login HTTP/1.1" 302 -
172.16.3.5 - - [03/Mar/2026:20:08:45 +0100] "GET /rhn/manager/login HTTP/1.1" 302 -
172.16.3.5 - - [03/Mar/2026:20:08:45 +0100] "GET /rhn/YourRhn.do HTTP/1.1" 200 36325
172.16.3.5 - - [03/Mar/2026:20:08:45 +0100] "POST /rhn/manager/frontend-log HTTP/1.1" 200 16
