::1 - - [26/Feb/2026:14:49:50 +0100] "POST /rhn/rpc/api HTTP/1.1" 200 138
::1 - - [26/Feb/2026:14:49:50 +0100] "POST /rhn/rpc/api HTTP/1.1" 200 138
::1 - - [26/Feb/2026:14:49:50 +0100] "POST /rhn/rpc/api HTTP/1.1" 200 138
::1 - - [26/Feb/2026:14:49:50 +0100] "POST /rhn/rpc/api HTTP/1.1" 200 138
::1 - - [26/Feb/2026:14:49:50 +0100] "POST /rhn/rpc/api HTTP/1.1" 200 138
::1 - - [26/Feb/2026:14:49:50 +0100] "POST /rhn/rpc/api HTTP/1.1" 200 138
::1 - - [26/Feb/2026:14:49:50 +0100] "POST /rhn/rpc/api HTTP/1.1" 200 138
::1 - - [26/Feb/2026:14:49:50 +0100] "POST /rhn/rpc/api HTTP/1.1" 200 138
::1 - - [26/Feb/2026:14:49:50 +0100] "POST /rhn/rpc/api HTTP/1.1" 200 138
::1 - - [26/Feb/2026:14:49:50 +0100] "POST /rhn/rpc/api HTTP/1.1" 200 138
::1 - - [26/Feb/2026:14:49:51 +0100] "POST /rhn/rpc/api HTTP/1.1" 200 138
::1 - - [26/Feb/2026:14:49:51 +0100] "POST /rhn/rpc/api HTTP/1.1" 200 138
::1 - - [26/Feb/2026:14:49:51 +0100] "POST /rhn/rpc/api HTTP/1.1" 200 138
::1 - - [26/Feb/2026:14:49:51 +0100] "POST /rhn/rpc/api HTTP/1.1" 200 138
::1 - - [26/Feb/2026:14:49:51 +0100] "POST /rhn/rpc/api HTTP/1.1" 200 138
::1 - - [26/Feb/2026:14:49:51 +0100] "POST /rhn/rpc/api HTTP/1.1" 200 138
::1 - - [26/Feb/2026:14:49:51 +0100] "POST /rhn/rpc/api HTTP/1.1" 200 138
::1 - - [26/Feb/2026:14:49:51 +0100] "POST /rhn/rpc/api HTTP/1.1" 200 138
::1 - - [26/Feb/2026:14:49:51 +0100] "POST /rhn/rpc/api HTTP/1.1" 200 138
::1 - - [26/Feb/2026:14:49:52 +0100] "POST /rhn/rpc/api HTTP/1.1" 200 138
::1 - - [26/Feb/2026:14:49:52 +0100] "POST /rhn/rpc/api HTTP/1.1" 200 138
::1 - - [26/Feb/2026:14:49:52 +0100] "POST /rhn/rpc/api HTTP/1.1" 200 138
::1 - - [26/Feb/2026:14:49:52 +0100] "POST /rhn/rpc/api HTTP/1.1" 200 138
::1 - - [26/Feb/2026:14:49:52 +0100] "POST /rhn/rpc/api HTTP/1.1" 200 138
::1 - - [26/Feb/2026:14:49:52 +0100] "POST /rhn/rpc/api HTTP/1.1" 200 138
::1 - - [26/Feb/2026:14:49:52 +0100] "POST /rhn/rpc/api HTTP/1.1" 200 138
::1 - - [26/Feb/2026:14:49:52 +0100] "POST /rhn/rpc/api HTTP/1.1" 200 138
::1 - - [26/Feb/2026:14:49:52 +0100] "POST /rhn/rpc/api HTTP/1.1" 200 138
::1 - - [26/Feb/2026:14:49:52 +0100] "POST /rhn/rpc/api HTTP/1.1" 200 138
::1 - - [26/Feb/2026:14:49:53 +0100] "POST /rhn/rpc/api HTTP/1.1" 200 138
::1 - - [26/Feb/2026:14:49:53 +0100] "POST /rhn/rpc/api HTTP/1.1" 200 138
::1 - - [26/Feb/2026:14:49:53 +0100] "POST /rhn/rpc/api HTTP/1.1" 200 1313
::1 - - [26/Feb/2026:14:49:53 +0100] "POST /rhn/rpc/api HTTP/1.1" 200 138
::1 - - [26/Feb/2026:14:49:53 +0100] "POST /rhn/rpc/api HTTP/1.1" 200 2725
::1 - - [26/Feb/2026:14:49:53 +0100] "POST /rhn/rpc/api HTTP/1.1" 200 422
::1 - - [26/Feb/2026:14:49:53 +0100] "POST /rhn/rpc/api HTTP/1.1" 200 1313
::1 - - [26/Feb/2026:14:49:53 +0100] "POST /rhn/rpc/api HTTP/1.1" 200 128
::1 - - [26/Feb/2026:14:49:54 +0100] "POST /rhn/rpc/api HTTP/1.1" 200 202
::1 - - [26/Feb/2026:14:49:54 +0100] "POST /rhn/rpc/api HTTP/1.1" 200 1159
::1 - - [26/Feb/2026:14:49:55 +0100] "POST /rhn/rpc/api HTTP/1.1" 200 138
::1 - - [26/Feb/2026:14:49:55 +0100] "POST /rhn/rpc/api HTTP/1.1" 200 138
::1 - - [26/Feb/2026:14:49:55 +0100] "POST /rhn/rpc/api HTTP/1.1" 200 138
::1 - - [26/Feb/2026:14:49:55 +0100] "POST /rhn/rpc/api HTTP/1.1" 200 138
::1 - - [26/Feb/2026:14:49:55 +0100] "POST /rhn/rpc/api HTTP/1.1" 200 138
::1 - - [26/Feb/2026:14:49:55 +0100] "POST /rhn/rpc/api HTTP/1.1" 200 138
::1 - - [26/Feb/2026:14:49:55 +0100] "POST /rhn/rpc/api HTTP/1.1" 200 138
::1 - - [26/Feb/2026:14:49:55 +0100] "POST /rhn/rpc/api HTTP/1.1" 200 138
::1 - - [26/Feb/2026:14:49:55 +0100] "POST /rhn/rpc/api HTTP/1.1" 200 138
::1 - - [26/Feb/2026:14:49:56 +0100] "POST /rhn/rpc/api HTTP/1.1" 200 138
::1 - - [26/Feb/2026:14:49:56 +0100] "POST /rhn/rpc/api HTTP/1.1" 200 138
::1 - - [26/Feb/2026:14:49:56 +0100] "POST /rhn/rpc/api HTTP/1.1" 200 138
::1 - - [26/Feb/2026:14:49:56 +0100] "POST /rhn/rpc/api HTTP/1.1" 200 138
::1 - - [26/Feb/2026:14:49:56 +0100] "POST /rhn/rpc/api HTTP/1.1" 200 138
::1 - - [26/Feb/2026:14:49:56 +0100] "POST /rhn/rpc/api HTTP/1.1" 200 138
::1 - - [26/Feb/2026:14:49:56 +0100] "POST /rhn/rpc/api HTTP/1.1" 200 138
::1 - - [26/Feb/2026:14:49:56 +0100] "POST /rhn/rpc/api HTTP/1.1" 200 138
::1 - - [26/Feb/2026:14:49:56 +0100] "POST /rhn/rpc/api HTTP/1.1" 200 138
::1 - - [26/Feb/2026:14:49:56 +0100] "POST /rhn/rpc/api HTTP/1.1" 200 138
::1 - - [26/Feb/2026:14:49:57 +0100] "POST /rhn/rpc/api HTTP/1.1" 200 138
::1 - - [26/Feb/2026:14:49:57 +0100] "POST /rhn/rpc/api HTTP/1.1" 200 138
::1 - - [26/Feb/2026:14:49:57 +0100] "POST /rhn/rpc/api HTTP/1.1" 200 138
::1 - - [26/Feb/2026:14:49:57 +0100] "POST /rhn/rpc/api HTTP/1.1" 200 138
::1 - - [26/Feb/2026:14:49:57 +0100] "POST /rhn/rpc/api HTTP/1.1" 200 138
::1 - - [26/Feb/2026:14:49:57 +0100] "POST /rhn/rpc/api HTTP/1.1" 200 138
::1 - - [26/Feb/2026:14:49:57 +0100] "POST /rhn/rpc/api HTTP/1.1" 200 138
::1 - - [26/Feb/2026:14:49:57 +0100] "POST /rhn/rpc/api HTTP/1.1" 200 138
::1 - - [26/Feb/2026:14:49:57 +0100] "POST /rhn/rpc/api HTTP/1.1" 200 138
::1 - - [26/Feb/2026:14:49:57 +0100] "POST /rhn/rpc/api HTTP/1.1" 200 138
::1 - - [26/Feb/2026:14:49:58 +0100] "POST /rhn/rpc/api HTTP/1.1" 200 138
::1 - - [26/Feb/2026:14:49:58 +0100] "POST /rhn/rpc/api HTTP/1.1" 200 138
::1 - - [26/Feb/2026:14:49:58 +0100] "POST /rhn/rpc/api HTTP/1.1" 200 138
::1 - - [26/Feb/2026:14:49:58 +0100] "POST /rhn/rpc/api HTTP/1.1" 200 138
::1 - - [26/Feb/2026:14:49:58 +0100] "POST /rhn/rpc/api HTTP/1.1" 200 138
::1 - - [26/Feb/2026:14:49:58 +0100] "POST /rhn/rpc/api HTTP/1.1" 200 138
::1 - - [26/Feb/2026:14:49:58 +0100] "POST /rhn/rpc/api HTTP/1.1" 200 138
::1 - - [26/Feb/2026:14:49:58 +0100] "POST /rhn/rpc/api HTTP/1.1" 200 138
::1 - - [26/Feb/2026:14:49:58 +0100] "POST /rhn/rpc/api HTTP/1.1" 200 138
::1 - - [26/Feb/2026:14:49:58 +0100] "POST /rhn/rpc/api HTTP/1.1" 200 138
::1 - - [26/Feb/2026:14:49:59 +0100] "POST /rhn/rpc/api HTTP/1.1" 200 138
::1 - - [26/Feb/2026:14:49:59 +0100] "POST /rhn/rpc/api HTTP/1.1" 200 138
::1 - - [26/Feb/2026:14:49:59 +0100] "POST /rhn/rpc/api HTTP/1.1" 200 138
::1 - - [26/Feb/2026:14:49:59 +0100] "POST /rhn/rpc/api HTTP/1.1" 200 138
::1 - - [26/Feb/2026:14:49:59 +0100] "POST /rhn/rpc/api HTTP/1.1" 200 138
::1 - - [26/Feb/2026:14:49:59 +0100] "POST /rhn/rpc/api HTTP/1.1" 200 138
::1 - - [26/Feb/2026:14:49:59 +0100] "POST /rhn/rpc/api HTTP/1.1" 200 138
::1 - - [26/Feb/2026:14:49:59 +0100] "POST /rhn/rpc/api HTTP/1.1" 200 1313
::1 - - [26/Feb/2026:14:49:59 +0100] "POST /rhn/rpc/api HTTP/1.1" 200 138
::1 - - [26/Feb/2026:14:50:00 +0100] "POST /rhn/rpc/api HTTP/1.1" 200 2725
::1 - - [26/Feb/2026:14:50:00 +0100] "POST /rhn/rpc/api HTTP/1.1" 200 128
::1 - - [26/Feb/2026:14:50:00 +0100] "POST /rhn/rpc/api HTTP/1.1" 200 774
::1 - - [26/Feb/2026:14:50:00 +0100] "POST /rhn/rpc/api HTTP/1.1" 200 2817
::1 - - [26/Feb/2026:14:50:00 +0100] "POST /rhn/rpc/api HTTP/1.1" 200 128
::1 - - [26/Feb/2026:14:50:00 +0100] "POST /rhn/rpc/api HTTP/1.1" 200 1736
::1 - - [26/Feb/2026:14:50:01 +0100] "POST /rhn/rpc/api HTTP/1.1" 200 128
::1 - - [26/Feb/2026:14:50:12 +0100] "GET /rhn/manager/login HTTP/1.1" 302 -
172.16.3.5 - - [26/Feb/2026:14:50:16 +0100] "GET /rhn/manager/login HTTP/1.1" 302 -
172.16.3.5 - - [26/Feb/2026:14:50:16 +0100] "GET /rhn/YourRhn.do HTTP/1.1" 200 36326
172.16.3.5 - - [26/Feb/2026:14:50:16 +0100] "POST /rhn/manager/frontend-log HTTP/1.1" 200 16
127.0.0.1 - - [26/Feb/2026:14:50:16 +0100] "GET /rhn/websocket/notifications HTTP/1.1" 101 -
172.16.3.5 - - [26/Feb/2026:14:50:16 +0100] "POST /rhn/ajax/pending-actions HTTP/1.1" 200 636
172.16.3.5 - - [26/Feb/2026:14:50:16 +0100] "POST /rhn/ajax/subscription-warning HTTP/1.1" 200 -
172.16.3.5 - - [26/Feb/2026:14:50:16 +0100] "POST /rhn/ajax/inactive-systems HTTP/1.1" 200 540
172.16.3.5 - - [26/Feb/2026:14:50:16 +0100] "POST /rhn/ajax/critical-systems HTTP/1.1" 200 2026
172.16.3.5 - - [26/Feb/2026:14:50:16 +0100] "POST /rhn/ajax/latest-errata HTTP/1.1" 200 539
172.16.3.5 - - [26/Feb/2026:14:50:16 +0100] "POST /rhn/ajax/tasks HTTP/1.1" 200 2232
127.0.0.1 - - [26/Feb/2026:14:50:16 +0100] "GET /rhn/websocket/notifications HTTP/1.1" 101 -
172.16.3.5 - - [26/Feb/2026:14:50:16 +0100] "POST /rhn/manager/frontend-log HTTP/1.1" 200 16
172.16.3.5 - - [26/Feb/2026:14:50:16 +0100] "POST /rhn/ajax/systems-groups HTTP/1.1" 200 1491
172.16.3.5 - - [26/Feb/2026:14:50:16 +0100] "POST /rhn/ajax/recent-systems HTTP/1.1" 200 2059
172.16.3.5 - - [26/Feb/2026:14:50:16 +0100] "GET /rhn/manager/admin/setup/products HTTP/1.1" 200 34531
127.0.0.1 - - [26/Feb/2026:14:50:17 +0100] "GET /rhn/websocket/notifications HTTP/1.1" 101 -
172.16.3.5 - - [26/Feb/2026:14:50:17 +0100] "POST /rhn/manager/frontend-log HTTP/1.1" 200 16
172.16.3.5 - - [26/Feb/2026:14:50:17 +0100] "GET /rhn/manager/api/admin/products/metadata HTTP/1.1" 200 124
172.16.3.5 - - [26/Feb/2026:14:50:17 +0100] "GET /rhn/manager/api/admin/products HTTP/1.1" 200 31879
172.16.3.5 - - [26/Feb/2026:14:50:18 +0100] "POST /rhn/manager/admin/setup/products HTTP/1.1" 200 2
172.16.3.5 - - [26/Feb/2026:14:50:27 +0100] "GET /rhn/manager/api/admin/products/metadata HTTP/1.1" 200 124
::1 - - [26/Feb/2026:14:50:29 +0100] "POST /rhn/rpc/api HTTP/1.1" 200 138
::1 - - [26/Feb/2026:14:50:30 +0100] "POST /rhn/rpc/api HTTP/1.1" 200 151137
::1 - - [26/Feb/2026:14:50:31 +0100] "POST /rhn/rpc/api HTTP/1.1" 200 202
::1 - - [26/Feb/2026:14:50:31 +0100] "POST /rhn/rpc/api HTTP/1.1" 200 1159
::1 - - [26/Feb/2026:14:50:32 +0100] "POST /rhn/rpc/api HTTP/1.1" 200 138
::1 - - [26/Feb/2026:14:50:32 +0100] "POST /rhn/rpc/api HTTP/1.1" 200 138
::1 - - [26/Feb/2026:14:50:32 +0100] "POST /rhn/rpc/api HTTP/1.1" 200 138
::1 - - [26/Feb/2026:14:50:32 +0100] "POST /rhn/rpc/api HTTP/1.1" 200 138
::1 - - [26/Feb/2026:14:50:32 +0100] "POST /rhn/rpc/api HTTP/1.1" 200 138
::1 - - [26/Feb/2026:14:50:32 +0100] "POST /rhn/rpc/api HTTP/1.1" 200 138
::1 - - [26/Feb/2026:14:50:32 +0100] "POST /rhn/rpc/api HTTP/1.1" 200 138
::1 - - [26/Feb/2026:14:50:32 +0100] "POST /rhn/rpc/api HTTP/1.1" 200 138
::1 - - [26/Feb/2026:14:50:32 +0100] "POST /rhn/rpc/api HTTP/1.1" 200 138
::1 - - [26/Feb/2026:14:50:33 +0100] "POST /rhn/rpc/api HTTP/1.1" 200 138
::1 - - [26/Feb/2026:14:50:33 +0100] "POST /rhn/rpc/api HTTP/1.1" 200 138
::1 - - [26/Feb/2026:14:50:33 +0100] "POST /rhn/rpc/api HTTP/1.1" 200 138
::1 - - [26/Feb/2026:14:50:33 +0100] "POST /rhn/rpc/api HTTP/1.1" 200 138
::1 - - [26/Feb/2026:14:50:33 +0100] "POST /rhn/rpc/api HTTP/1.1" 200 138
::1 - - [26/Feb/2026:14:50:33 +0100] "POST /rhn/rpc/api HTTP/1.1" 200 138
::1 - - [26/Feb/2026:14:50:33 +0100] "POST /rhn/rpc/api HTTP/1.1" 200 138
::1 - - [26/Feb/2026:14:50:33 +0100] "POST /rhn/rpc/api HTTP/1.1" 200 138
::1 - - [26/Feb/2026:14:50:34 +0100] "POST /rhn/rpc/api HTTP/1.1" 200 138
::1 - - [26/Feb/2026:14:50:34 +0100] "POST /rhn/rpc/api HTTP/1.1" 200 138
::1 - - [26/Feb/2026:14:50:34 +0100] "POST /rhn/rpc/api HTTP/1.1" 200 138
::1 - - [26/Feb/2026:14:50:34 +0100] "POST /rhn/rpc/api HTTP/1.1" 200 138
::1 - - [26/Feb/2026:14:50:34 +0100] "POST /rhn/rpc/api HTTP/1.1" 200 138
::1 - - [26/Feb/2026:14:50:34 +0100] "POST /rhn/rpc/api HTTP/1.1" 200 138
::1 - - [26/Feb/2026:14:50:34 +0100] "POST /rhn/rpc/api HTTP/1.1" 200 2920
::1 - - [26/Feb/2026:14:50:34 +0100] "POST /rhn/rpc/api HTTP/1.1" 200 138
::1 - - [26/Feb/2026:14:50:35 +0100] "POST /rhn/rpc/api HTTP/1.1" 200 138
::1 - - [26/Feb/2026:14:50:35 +0100] "POST /rhn/rpc/api HTTP/1.1" 200 138
::1 - - [26/Feb/2026:14:50:35 +0100] "POST /rhn/rpc/api HTTP/1.1" 200 138
::1 - - [26/Feb/2026:14:50:35 +0100] "POST /rhn/rpc/api HTTP/1.1" 200 138
::1 - - [26/Feb/2026:14:50:35 +0100] "POST /rhn/rpc/api HTTP/1.1" 200 138
::1 - - [26/Feb/2026:14:50:35 +0100] "POST /rhn/rpc/api HTTP/1.1" 200 138
::1 - - [26/Feb/2026:14:50:35 +0100] "POST /rhn/rpc/api HTTP/1.1" 200 138
::1 - - [26/Feb/2026:14:50:35 +0100] "POST /rhn/rpc/api HTTP/1.1" 200 138
::1 - - [26/Feb/2026:14:50:36 +0100] "POST /rhn/rpc/api HTTP/1.1" 200 138
::1 - - [26/Feb/2026:14:50:36 +0100] "POST /rhn/rpc/api HTTP/1.1" 200 138
::1 - - [26/Feb/2026:14:50:36 +0100] "POST /rhn/rpc/api HTTP/1.1" 200 138
::1 - - [26/Feb/2026:14:50:36 +0100] "POST /rhn/rpc/api HTTP/1.1" 200 138
::1 - - [26/Feb/2026:14:50:36 +0100] "POST /rhn/rpc/api HTTP/1.1" 200 138
::1 - - [26/Feb/2026:14:50:36 +0100] "POST /rhn/rpc/api HTTP/1.1" 200 138
::1 - - [26/Feb/2026:14:50:36 +0100] "POST /rhn/rpc/api HTTP/1.1" 200 138
::1 - - [26/Feb/2026:14:50:36 +0100] "POST /rhn/rpc/api HTTP/1.1" 200 138
::1 - - [26/Feb/2026:14:50:37 +0100] "POST /rhn/rpc/api HTTP/1.1" 200 138
172.16.3.5 - - [26/Feb/2026:14:50:27 +0100] "GET /rhn/manager/api/admin/products HTTP/1.1" 200 31879
::1 - - [26/Feb/2026:14:50:37 +0100] "POST /rhn/rpc/api HTTP/1.1" 200 138
::1 - - [26/Feb/2026:14:50:37 +0100] "POST /rhn/rpc/api HTTP/1.1" 200 138
::1 - - [26/Feb/2026:14:50:37 +0100] "POST /rhn/rpc/api HTTP/1.1" 200 138
::1 - - [26/Feb/2026:14:50:37 +0100] "POST /rhn/rpc/api HTTP/1.1" 200 138
::1 - - [26/Feb/2026:14:50:37 +0100] "POST /rhn/rpc/api HTTP/1.1" 200 1736
::1 - - [26/Feb/2026:14:50:37 +0100] "POST /rhn/rpc/api HTTP/1.1" 200 138
::1 - - [26/Feb/2026:14:50:38 +0100] "POST /rhn/rpc/api HTTP/1.1" 200 3039
::1 - - [26/Feb/2026:14:50:38 +0100] "POST /rhn/rpc/api HTTP/1.1" 200 128
::1 - - [26/Feb/2026:14:50:38 +0100] "POST /rhn/rpc/api HTTP/1.1" 200 754
::1 - - [26/Feb/2026:14:50:38 +0100] "POST /rhn/rpc/api HTTP/1.1" 200 2786
::1 - - [26/Feb/2026:14:50:38 +0100] "POST /rhn/rpc/api HTTP/1.1" 200 128
::1 - - [26/Feb/2026:14:50:38 +0100] "POST /rhn/rpc/api HTTP/1.1" 200 2139
::1 - - [26/Feb/2026:14:50:38 +0100] "POST /rhn/rpc/api HTTP/1.1" 200 128
::1 - - [26/Feb/2026:14:51:15 +0100] "GET /rhn/manager/login HTTP/1.1" 302 -
::1 - - [26/Feb/2026:14:52:19 +0100] "GET /rhn/manager/login HTTP/1.1" 302 -
::1 - - [26/Feb/2026:14:53:23 +0100] "GET /rhn/manager/login HTTP/1.1" 302 -
::1 - - [26/Feb/2026:14:54:31 +0100] "GET /rhn/manager/login HTTP/1.1" 302 -
::1 - - [26/Feb/2026:14:55:35 +0100] "GET /rhn/manager/login HTTP/1.1" 302 -
::1 - - [26/Feb/2026:14:56:40 +0100] "GET /rhn/manager/login HTTP/1.1" 302 -
::1 - - [26/Feb/2026:14:57:44 +0100] "GET /rhn/manager/login HTTP/1.1" 302 -
::1 - - [26/Feb/2026:14:58:47 +0100] "GET /rhn/manager/login HTTP/1.1" 302 -
::1 - - [26/Feb/2026:14:59:51 +0100] "GET /rhn/manager/login HTTP/1.1" 302 -
::1 - - [26/Feb/2026:15:00:55 +0100] "GET /rhn/manager/login HTTP/1.1" 302 -
::1 - - [26/Feb/2026:15:01:59 +0100] "GET /rhn/manager/login HTTP/1.1" 302 -
::1 - - [26/Feb/2026:15:03:02 +0100] "GET /rhn/manager/login HTTP/1.1" 302 -
::1 - - [26/Feb/2026:15:04:06 +0100] "GET /rhn/manager/login HTTP/1.1" 302 -
::1 - - [26/Feb/2026:15:05:10 +0100] "GET /rhn/manager/login HTTP/1.1" 302 -
::1 - - [26/Feb/2026:15:06:15 +0100] "GET /rhn/manager/login HTTP/1.1" 302 -
::1 - - [26/Feb/2026:15:07:22 +0100] "GET /rhn/manager/login HTTP/1.1" 302 -
::1 - - [26/Feb/2026:15:08:26 +0100] "GET /rhn/manager/login HTTP/1.1" 302 -
::1 - - [26/Feb/2026:15:09:29 +0100] "GET /rhn/manager/login HTTP/1.1" 302 -
::1 - - [26/Feb/2026:15:10:33 +0100] "GET /rhn/manager/login HTTP/1.1" 302 -
::1 - - [26/Feb/2026:15:11:41 +0100] "GET /rhn/manager/login HTTP/1.1" 302 -
::1 - - [26/Feb/2026:15:12:44 +0100] "GET /rhn/manager/login HTTP/1.1" 302 -
::1 - - [26/Feb/2026:15:13:47 +0100] "GET /rhn/manager/login HTTP/1.1" 302 -
::1 - - [26/Feb/2026:15:14:50 +0100] "GET /rhn/manager/login HTTP/1.1" 302 -
::1 - - [26/Feb/2026:15:15:53 +0100] "GET /rhn/manager/login HTTP/1.1" 302 -
::1 - - [26/Feb/2026:15:16:57 +0100] "GET /rhn/manager/login HTTP/1.1" 302 -
::1 - - [26/Feb/2026:15:17:59 +0100] "GET /rhn/manager/login HTTP/1.1" 302 -
::1 - - [26/Feb/2026:15:19:04 +0100] "GET /rhn/manager/login HTTP/1.1" 302 -
::1 - - [26/Feb/2026:15:20:08 +0100] "GET /rhn/manager/login HTTP/1.1" 302 -
::1 - - [26/Feb/2026:15:21:12 +0100] "GET /rhn/manager/login HTTP/1.1" 302 -
::1 - - [26/Feb/2026:15:22:15 +0100] "GET /rhn/manager/login HTTP/1.1" 302 -
::1 - - [26/Feb/2026:15:23:19 +0100] "GET /rhn/manager/login HTTP/1.1" 302 -
::1 - - [26/Feb/2026:15:24:23 +0100] "GET /rhn/manager/login HTTP/1.1" 302 -
::1 - - [26/Feb/2026:15:25:28 +0100] "GET /rhn/manager/login HTTP/1.1" 302 -
::1 - - [26/Feb/2026:15:26:31 +0100] "GET /rhn/manager/login HTTP/1.1" 302 -
::1 - - [26/Feb/2026:15:27:36 +0100] "GET /rhn/manager/login HTTP/1.1" 302 -
::1 - - [26/Feb/2026:15:28:40 +0100] "GET /rhn/manager/login HTTP/1.1" 302 -
::1 - - [26/Feb/2026:15:29:44 +0100] "GET /rhn/manager/login HTTP/1.1" 302 -
::1 - - [26/Feb/2026:15:30:50 +0100] "GET /rhn/manager/login HTTP/1.1" 302 -
::1 - - [26/Feb/2026:15:31:53 +0100] "GET /rhn/manager/login HTTP/1.1" 302 -
::1 - - [26/Feb/2026:15:32:56 +0100] "GET /rhn/manager/login HTTP/1.1" 302 -
::1 - - [26/Feb/2026:15:33:59 +0100] "GET /rhn/manager/login HTTP/1.1" 302 -
172.16.3.5 - - [26/Feb/2026:15:34:01 +0100] "GET /rhn/manager/login HTTP/1.1" 302 -
172.16.3.5 - - [26/Feb/2026:15:34:01 +0100] "GET /rhn/YourRhn.do HTTP/1.1" 200 36325
172.16.3.5 - - [26/Feb/2026:15:34:01 +0100] "POST /rhn/manager/frontend-log HTTP/1.1" 401 687
172.16.3.5 - - [26/Feb/2026:15:34:01 +0100] "POST /rhn/ajax/inactive-systems HTTP/1.1" 200 540
172.16.3.5 - - [26/Feb/2026:15:34:01 +0100] "POST /rhn/ajax/subscription-warning HTTP/1.1" 200 -
172.16.3.5 - - [26/Feb/2026:15:34:01 +0100] "POST /rhn/ajax/tasks HTTP/1.1" 200 2232
127.0.0.1 - - [26/Feb/2026:15:34:01 +0100] "GET /rhn/websocket/notifications HTTP/1.1" 101 -
172.16.3.5 - - [26/Feb/2026:15:34:01 +0100] "POST /rhn/ajax/critical-systems HTTP/1.1" 200 2025
172.16.3.5 - - [26/Feb/2026:15:34:01 +0100] "POST /rhn/ajax/latest-errata HTTP/1.1" 200 539
172.16.3.5 - - [26/Feb/2026:15:34:01 +0100] "POST /rhn/ajax/recent-systems HTTP/1.1" 200 2058
172.16.3.5 - - [26/Feb/2026:15:34:02 +0100] "POST /rhn/manager/frontend-log HTTP/1.1" 200 16
172.16.3.5 - - [26/Feb/2026:15:34:01 +0100] "POST /rhn/ajax/systems-groups HTTP/1.1" 200 1490
172.16.3.5 - - [26/Feb/2026:15:34:01 +0100] "POST /rhn/ajax/pending-actions HTTP/1.1" 200 636
127.0.0.1 - - [26/Feb/2026:15:34:02 +0100] "GET /rhn/websocket/notifications HTTP/1.1" 101 -
172.16.3.5 - - [26/Feb/2026:15:34:02 +0100] "GET /rhn/manager/admin/setup/products HTTP/1.1" 200 34529
127.0.0.1 - - [26/Feb/2026:15:34:02 +0100] "GET /rhn/websocket/notifications HTTP/1.1" 101 -
172.16.3.5 - - [26/Feb/2026:15:34:02 +0100] "POST /rhn/manager/frontend-log HTTP/1.1" 200 16
172.16.3.5 - - [26/Feb/2026:15:34:02 +0100] "GET /rhn/manager/api/admin/products/metadata HTTP/1.1" 200 124
172.16.3.5 - - [26/Feb/2026:15:34:02 +0100] "GET /rhn/manager/api/admin/products HTTP/1.1" 200 31834
172.16.3.5 - - [26/Feb/2026:15:34:45 +0100] "GET /rhn/manager/login HTTP/1.1" 302 -
172.16.3.5 - - [26/Feb/2026:15:34:45 +0100] "GET /rhn/YourRhn.do HTTP/1.1" 200 36325
172.16.3.5 - - [26/Feb/2026:15:34:45 +0100] "POST /rhn/manager/frontend-log HTTP/1.1" 200 16
172.16.3.5 - - [26/Feb/2026:15:34:45 +0100] "POST /rhn/ajax/subscription-warning HTTP/1.1" 200 -
127.0.0.1 - - [26/Feb/2026:15:34:45 +0100] "GET /rhn/websocket/notifications HTTP/1.1" 101 -
172.16.3.5 - - [26/Feb/2026:15:34:45 +0100] "POST /rhn/ajax/latest-errata HTTP/1.1" 200 539
172.16.3.5 - - [26/Feb/2026:15:34:45 +0100] "POST /rhn/ajax/critical-systems HTTP/1.1" 200 2025
172.16.3.5 - - [26/Feb/2026:15:34:45 +0100] "POST /rhn/ajax/inactive-systems HTTP/1.1" 200 540
172.16.3.5 - - [26/Feb/2026:15:34:45 +0100] "POST /rhn/ajax/pending-actions HTTP/1.1" 200 636
172.16.3.5 - - [26/Feb/2026:15:34:45 +0100] "POST /rhn/ajax/tasks HTTP/1.1" 200 2232
172.16.3.5 - - [26/Feb/2026:15:34:45 +0100] "POST /rhn/ajax/systems-groups HTTP/1.1" 200 1490
172.16.3.5 - - [26/Feb/2026:15:34:46 +0100] "POST /rhn/manager/frontend-log HTTP/1.1" 200 16
172.16.3.5 - - [26/Feb/2026:15:34:45 +0100] "POST /rhn/ajax/recent-systems HTTP/1.1" 200 2058
172.16.3.5 - - [26/Feb/2026:15:34:46 +0100] "GET /rhn/channels/manage/Manage.do HTTP/1.1" 200 41020
127.0.0.1 - - [26/Feb/2026:15:34:46 +0100] "GET /rhn/websocket/notifications HTTP/1.1" 101 -
172.16.3.5 - - [26/Feb/2026:15:34:46 +0100] "POST /rhn/manager/frontend-log HTTP/1.1" 200 16
172.16.3.5 - - [26/Feb/2026:15:34:46 +0100] "GET /rhn/channels/manage/Edit.do HTTP/1.1" 200 51857
127.0.0.1 - - [26/Feb/2026:15:34:47 +0100] "GET /rhn/websocket/notifications HTTP/1.1" 101 -
172.16.3.5 - - [26/Feb/2026:15:34:47 +0100] "POST /rhn/manager/frontend-log HTTP/1.1" 200 16
172.16.3.5 - - [26/Feb/2026:15:34:47 +0100] "POST /rhn/channels/manage/Edit.do HTTP/1.1" 302 -
172.16.3.5 - - [26/Feb/2026:15:34:47 +0100] "GET /rhn/channels/manage/Edit.do?cid=121 HTTP/1.1" 200 52411
172.16.3.5 - - [26/Feb/2026:15:34:48 +0100] "POST /rhn/manager/frontend-log HTTP/1.1" 200 16
127.0.0.1 - - [26/Feb/2026:15:34:48 +0100] "GET /rhn/websocket/notifications HTTP/1.1" 101 -
172.16.3.5 - - [26/Feb/2026:15:34:48 +0100] "POST /rhn/manager/frontend-log HTTP/1.1" 200 16
127.0.0.1 - - [26/Feb/2026:15:34:48 +0100] "GET /rhn/websocket/notifications HTTP/1.1" 101 -
172.16.3.5 - - [26/Feb/2026:15:34:48 +0100] "GET /rhn/channels/manage/Manage.do HTTP/1.1" 200 41504
127.0.0.1 - - [26/Feb/2026:15:34:48 +0100] "GET /rhn/websocket/notifications HTTP/1.1" 101 -
172.16.3.5 - - [26/Feb/2026:15:34:48 +0100] "POST /rhn/manager/frontend-log HTTP/1.1" 200 16
172.16.3.5 - - [26/Feb/2026:15:34:48 +0100] "GET /rhn/channels/manage/Edit.do HTTP/1.1" 200 52080
172.16.3.5 - - [26/Feb/2026:15:34:48 +0100] "POST /rhn/manager/frontend-log HTTP/1.1" 200 16
127.0.0.1 - - [26/Feb/2026:15:34:48 +0100] "GET /rhn/websocket/notifications HTTP/1.1" 101 -
172.16.3.5 - - [26/Feb/2026:15:34:49 +0100] "POST /rhn/channels/manage/Edit.do HTTP/1.1" 302 -
172.16.3.5 - - [26/Feb/2026:15:34:49 +0100] "GET /rhn/channels/manage/Edit.do?cid=122 HTTP/1.1" 200 52451
172.16.3.5 - - [26/Feb/2026:15:34:50 +0100] "POST /rhn/manager/frontend-log HTTP/1.1" 200 16
127.0.0.1 - - [26/Feb/2026:15:34:50 +0100] "GET /rhn/websocket/notifications HTTP/1.1" 101 -
172.16.3.5 - - [26/Feb/2026:15:34:50 +0100] "POST /rhn/manager/frontend-log HTTP/1.1" 200 16
127.0.0.1 - - [26/Feb/2026:15:34:50 +0100] "GET /rhn/websocket/notifications HTTP/1.1" 101 -
172.16.3.5 - - [26/Feb/2026:15:34:50 +0100] "GET /rhn/channels/manage/Manage.do HTTP/1.1" 200 42146
172.16.3.5 - - [26/Feb/2026:15:34:50 +0100] "POST /rhn/manager/frontend-log HTTP/1.1" 200 16
127.0.0.1 - - [26/Feb/2026:15:34:50 +0100] "GET /rhn/websocket/notifications HTTP/1.1" 101 -
172.16.3.5 - - [26/Feb/2026:15:34:50 +0100] "GET /rhn/channels/manage/Edit.do HTTP/1.1" 200 52080
127.0.0.1 - - [26/Feb/2026:15:34:50 +0100] "GET /rhn/websocket/notifications HTTP/1.1" 101 -
172.16.3.5 - - [26/Feb/2026:15:34:50 +0100] "POST /rhn/manager/frontend-log HTTP/1.1" 200 16
172.16.3.5 - - [26/Feb/2026:15:34:51 +0100] "POST /rhn/channels/manage/Edit.do HTTP/1.1" 302 -
172.16.3.5 - - [26/Feb/2026:15:34:51 +0100] "GET /rhn/channels/manage/Edit.do?cid=123 HTTP/1.1" 200 52432
172.16.3.5 - - [26/Feb/2026:15:34:51 +0100] "POST /rhn/manager/frontend-log HTTP/1.1" 200 16
127.0.0.1 - - [26/Feb/2026:15:34:51 +0100] "GET /rhn/websocket/notifications HTTP/1.1" 101 -
172.16.3.5 - - [26/Feb/2026:15:34:51 +0100] "POST /rhn/manager/frontend-log HTTP/1.1" 200 16
127.0.0.1 - - [26/Feb/2026:15:34:52 +0100] "GET /rhn/websocket/notifications HTTP/1.1" 101 -
172.16.3.5 - - [26/Feb/2026:15:34:52 +0100] "GET /rhn/channels/manage/Manage.do HTTP/1.1" 200 42780
127.0.0.1 - - [26/Feb/2026:15:34:52 +0100] "GET /rhn/websocket/notifications HTTP/1.1" 101 -
172.16.3.5 - - [26/Feb/2026:15:34:52 +0100] "POST /rhn/manager/frontend-log HTTP/1.1" 200 16
172.16.3.5 - - [26/Feb/2026:15:34:52 +0100] "GET /rhn/channels/manage/Edit.do HTTP/1.1" 200 52080
127.0.0.1 - - [26/Feb/2026:15:34:52 +0100] "GET /rhn/websocket/notifications HTTP/1.1" 101 -
172.16.3.5 - - [26/Feb/2026:15:34:52 +0100] "POST /rhn/manager/frontend-log HTTP/1.1" 200 16
172.16.3.5 - - [26/Feb/2026:15:34:53 +0100] "POST /rhn/channels/manage/Edit.do HTTP/1.1" 302 -
172.16.3.5 - - [26/Feb/2026:15:34:53 +0100] "GET /rhn/channels/manage/Edit.do?cid=124 HTTP/1.1" 200 52679
172.16.3.5 - - [26/Feb/2026:15:34:53 +0100] "POST /rhn/manager/frontend-log HTTP/1.1" 200 16
127.0.0.1 - - [26/Feb/2026:15:34:53 +0100] "GET /rhn/websocket/notifications HTTP/1.1" 101 -
172.16.3.5 - - [26/Feb/2026:15:34:53 +0100] "POST /rhn/manager/frontend-log HTTP/1.1" 200 16
127.0.0.1 - - [26/Feb/2026:15:34:53 +0100] "GET /rhn/websocket/notifications HTTP/1.1" 101 -
172.16.3.5 - - [26/Feb/2026:15:34:53 +0100] "GET /rhn/channels/manage/Manage.do HTTP/1.1" 200 43262
127.0.0.1 - - [26/Feb/2026:15:34:54 +0100] "GET /rhn/websocket/notifications HTTP/1.1" 101 -
172.16.3.5 - - [26/Feb/2026:15:34:54 +0100] "POST /rhn/manager/frontend-log HTTP/1.1" 200 16
172.16.3.5 - - [26/Feb/2026:15:34:54 +0100] "GET /rhn/channels/manage/Edit.do HTTP/1.1" 200 52412
127.0.0.1 - - [26/Feb/2026:15:34:54 +0100] "GET /rhn/websocket/notifications HTTP/1.1" 101 -
172.16.3.5 - - [26/Feb/2026:15:34:54 +0100] "POST /rhn/manager/frontend-log HTTP/1.1" 200 16
172.16.3.5 - - [26/Feb/2026:15:34:54 +0100] "POST /rhn/channels/manage/Edit.do HTTP/1.1" 302 -
172.16.3.5 - - [26/Feb/2026:15:34:55 +0100] "GET /rhn/channels/manage/Edit.do?cid=125 HTTP/1.1" 200 52701
172.16.3.5 - - [26/Feb/2026:15:34:55 +0100] "POST /rhn/manager/frontend-log HTTP/1.1" 200 16
127.0.0.1 - - [26/Feb/2026:15:34:55 +0100] "GET /rhn/websocket/notifications HTTP/1.1" 101 -
172.16.3.5 - - [26/Feb/2026:15:34:55 +0100] "POST /rhn/manager/frontend-log HTTP/1.1" 200 16
127.0.0.1 - - [26/Feb/2026:15:34:55 +0100] "GET /rhn/websocket/notifications HTTP/1.1" 101 -
172.16.3.5 - - [26/Feb/2026:15:34:55 +0100] "GET /rhn/channels/manage/Manage.do HTTP/1.1" 200 43898
127.0.0.1 - - [26/Feb/2026:15:34:55 +0100] "GET /rhn/websocket/notifications HTTP/1.1" 101 -
172.16.3.5 - - [26/Feb/2026:15:34:55 +0100] "POST /rhn/manager/frontend-log HTTP/1.1" 200 16
172.16.3.5 - - [26/Feb/2026:15:34:56 +0100] "GET /rhn/channels/manage/Edit.do HTTP/1.1" 200 52412
127.0.0.1 - - [26/Feb/2026:15:34:56 +0100] "GET /rhn/websocket/notifications HTTP/1.1" 101 -
172.16.3.5 - - [26/Feb/2026:15:34:56 +0100] "POST /rhn/manager/frontend-log HTTP/1.1" 200 16
172.16.3.5 - - [26/Feb/2026:15:34:56 +0100] "POST /rhn/channels/manage/Edit.do HTTP/1.1" 302 -
172.16.3.5 - - [26/Feb/2026:15:34:56 +0100] "GET /rhn/channels/manage/Edit.do?cid=126 HTTP/1.1" 200 52860
172.16.3.5 - - [26/Feb/2026:15:34:57 +0100] "POST /rhn/manager/frontend-log HTTP/1.1" 200 16
127.0.0.1 - - [26/Feb/2026:15:34:57 +0100] "GET /rhn/websocket/notifications HTTP/1.1" 101 -
172.16.3.5 - - [26/Feb/2026:15:34:57 +0100] "POST /rhn/manager/frontend-log HTTP/1.1" 200 16
127.0.0.1 - - [26/Feb/2026:15:34:57 +0100] "GET /rhn/websocket/notifications HTTP/1.1" 101 -
172.16.3.5 - - [26/Feb/2026:15:34:57 +0100] "GET /rhn/channels/manage/Manage.do HTTP/1.1" 200 44380
127.0.0.1 - - [26/Feb/2026:15:34:57 +0100] "GET /rhn/websocket/notifications HTTP/1.1" 101 -
172.16.3.5 - - [26/Feb/2026:15:34:57 +0100] "POST /rhn/manager/frontend-log HTTP/1.1" 200 16
172.16.3.5 - - [26/Feb/2026:15:34:57 +0100] "GET /rhn/channels/manage/Edit.do HTTP/1.1" 200 52632
127.0.0.1 - - [26/Feb/2026:15:34:58 +0100] "GET /rhn/websocket/notifications HTTP/1.1" 101 -
172.16.3.5 - - [26/Feb/2026:15:34:58 +0100] "POST /rhn/manager/frontend-log HTTP/1.1" 200 16
172.16.3.5 - - [26/Feb/2026:15:34:58 +0100] "POST /rhn/channels/manage/Edit.do HTTP/1.1" 302 -
172.16.3.5 - - [26/Feb/2026:15:34:58 +0100] "GET /rhn/channels/manage/Edit.do?cid=127 HTTP/1.1" 200 52902
172.16.3.5 - - [26/Feb/2026:15:34:59 +0100] "POST /rhn/manager/frontend-log HTTP/1.1" 200 16
127.0.0.1 - - [26/Feb/2026:15:34:59 +0100] "GET /rhn/websocket/notifications HTTP/1.1" 101 -
172.16.3.5 - - [26/Feb/2026:15:34:59 +0100] "POST /rhn/manager/frontend-log HTTP/1.1" 200 16
127.0.0.1 - - [26/Feb/2026:15:34:59 +0100] "GET /rhn/websocket/notifications HTTP/1.1" 101 -
172.16.3.5 - - [26/Feb/2026:15:34:59 +0100] "GET /rhn/channels/manage/Manage.do HTTP/1.1" 200 45018
127.0.0.1 - - [26/Feb/2026:15:34:59 +0100] "GET /rhn/websocket/notifications HTTP/1.1" 101 -
172.16.3.5 - - [26/Feb/2026:15:34:59 +0100] "POST /rhn/manager/frontend-log HTTP/1.1" 200 16
172.16.3.5 - - [26/Feb/2026:15:34:59 +0100] "GET /rhn/channels/manage/Edit.do HTTP/1.1" 200 52632
127.0.0.1 - - [26/Feb/2026:15:34:59 +0100] "GET /rhn/websocket/notifications HTTP/1.1" 101 -
172.16.3.5 - - [26/Feb/2026:15:34:59 +0100] "POST /rhn/manager/frontend-log HTTP/1.1" 200 16
::1 - - [26/Feb/2026:15:35:02 +0100] "GET /rhn/manager/login HTTP/1.1" 302 -
172.16.3.5 - - [26/Feb/2026:15:35:10 +0100] "POST /rhn/channels/manage/Edit.do HTTP/1.1" 302 -
172.16.3.5 - - [26/Feb/2026:15:35:10 +0100] "GET /rhn/channels/manage/Edit.do?cid=128 HTTP/1.1" 200 53180
172.16.3.5 - - [26/Feb/2026:15:35:11 +0100] "POST /rhn/manager/frontend-log HTTP/1.1" 200 16
127.0.0.1 - - [26/Feb/2026:15:35:11 +0100] "GET /rhn/websocket/notifications HTTP/1.1" 101 -
172.16.3.5 - - [26/Feb/2026:15:35:11 +0100] "POST /rhn/manager/frontend-log HTTP/1.1" 200 16
127.0.0.1 - - [26/Feb/2026:15:35:11 +0100] "GET /rhn/websocket/notifications HTTP/1.1" 101 -
172.16.3.5 - - [26/Feb/2026:15:35:11 +0100] "GET /rhn/channels/manage/Manage.do HTTP/1.1" 200 45505
127.0.0.1 - - [26/Feb/2026:15:35:11 +0100] "GET /rhn/websocket/notifications HTTP/1.1" 101 -
172.16.3.5 - - [26/Feb/2026:15:35:11 +0100] "POST /rhn/manager/frontend-log HTTP/1.1" 200 16
172.16.3.5 - - [26/Feb/2026:15:35:11 +0100] "GET /rhn/channels/manage/Edit.do HTTP/1.1" 200 53044
127.0.0.1 - - [26/Feb/2026:15:35:11 +0100] "GET /rhn/websocket/notifications HTTP/1.1" 101 -
172.16.3.5 - - [26/Feb/2026:15:35:11 +0100] "POST /rhn/manager/frontend-log HTTP/1.1" 200 16
172.16.3.5 - - [26/Feb/2026:15:35:12 +0100] "POST /rhn/channels/manage/Edit.do HTTP/1.1" 302 -
172.16.3.5 - - [26/Feb/2026:15:35:12 +0100] "GET /rhn/channels/manage/Edit.do?cid=129 HTTP/1.1" 200 53375
172.16.3.5 - - [26/Feb/2026:15:35:12 +0100] "POST /rhn/manager/frontend-log HTTP/1.1" 200 16
127.0.0.1 - - [26/Feb/2026:15:35:12 +0100] "GET /rhn/websocket/notifications HTTP/1.1" 101 -
172.16.3.5 - - [26/Feb/2026:15:35:12 +0100] "POST /rhn/manager/frontend-log HTTP/1.1" 200 16
127.0.0.1 - - [26/Feb/2026:15:35:13 +0100] "GET /rhn/websocket/notifications HTTP/1.1" 101 -
172.16.3.5 - - [26/Feb/2026:15:35:13 +0100] "GET /rhn/channels/manage/Manage.do HTTP/1.1" 200 45987
172.16.3.5 - - [26/Feb/2026:15:35:13 +0100] "POST /rhn/manager/frontend-log HTTP/1.1" 200 16
127.0.0.1 - - [26/Feb/2026:15:35:13 +0100] "GET /rhn/websocket/notifications HTTP/1.1" 101 -
172.16.3.5 - - [26/Feb/2026:15:35:13 +0100] "GET /rhn/channels/manage/Edit.do HTTP/1.1" 200 53265
127.0.0.1 - - [26/Feb/2026:15:35:13 +0100] "GET /rhn/websocket/notifications HTTP/1.1" 101 -
172.16.3.5 - - [26/Feb/2026:15:35:13 +0100] "POST /rhn/manager/frontend-log HTTP/1.1" 200 16
172.16.3.5 - - [26/Feb/2026:15:35:14 +0100] "POST /rhn/channels/manage/Edit.do HTTP/1.1" 302 -
172.16.3.5 - - [26/Feb/2026:15:35:14 +0100] "GET /rhn/channels/manage/Edit.do?cid=130 HTTP/1.1" 200 53559
172.16.3.5 - - [26/Feb/2026:15:35:14 +0100] "POST /rhn/manager/frontend-log HTTP/1.1" 200 16
127.0.0.1 - - [26/Feb/2026:15:35:14 +0100] "GET /rhn/websocket/notifications HTTP/1.1" 101 -
172.16.3.5 - - [26/Feb/2026:15:35:14 +0100] "POST /rhn/manager/frontend-log HTTP/1.1" 200 16
127.0.0.1 - - [26/Feb/2026:15:35:14 +0100] "GET /rhn/websocket/notifications HTTP/1.1" 101 -
172.16.3.5 - - [26/Feb/2026:15:35:14 +0100] "GET /rhn/manager/login HTTP/1.1" 302 -
172.16.3.5 - - [26/Feb/2026:15:35:15 +0100] "GET /rhn/YourRhn.do HTTP/1.1" 200 36325
172.16.3.5 - - [26/Feb/2026:15:35:15 +0100] "POST /rhn/manager/frontend-log HTTP/1.1" 200 16
172.16.3.5 - - [26/Feb/2026:15:35:15 +0100] "POST /rhn/ajax/inactive-systems HTTP/1.1" 200 540
172.16.3.5 - - [26/Feb/2026:15:35:15 +0100] "POST /rhn/ajax/pending-actions HTTP/1.1" 200 636
127.0.0.1 - - [26/Feb/2026:15:35:15 +0100] "GET /rhn/websocket/notifications HTTP/1.1" 101 -
172.16.3.5 - - [26/Feb/2026:15:35:15 +0100] "POST /rhn/ajax/subscription-warning HTTP/1.1" 200 -
172.16.3.5 - - [26/Feb/2026:15:35:15 +0100] "POST /rhn/ajax/latest-errata HTTP/1.1" 200 539
172.16.3.5 - - [26/Feb/2026:15:35:15 +0100] "POST /rhn/ajax/tasks HTTP/1.1" 200 2232
172.16.3.5 - - [26/Feb/2026:15:35:15 +0100] "POST /rhn/ajax/critical-systems HTTP/1.1" 200 2025
172.16.3.5 - - [26/Feb/2026:15:35:15 +0100] "POST /rhn/ajax/recent-systems HTTP/1.1" 200 2058
172.16.3.5 - - [26/Feb/2026:15:35:15 +0100] "POST /rhn/ajax/systems-groups HTTP/1.1" 200 1490
172.16.3.5 - - [26/Feb/2026:15:35:15 +0100] "POST /rhn/manager/frontend-log HTTP/1.1" 200 16
172.16.3.5 - - [26/Feb/2026:15:35:15 +0100] "GET /rhn/channels/manage/repos/RepoList.do HTTP/1.1" 200 39819
127.0.0.1 - - [26/Feb/2026:15:35:16 +0100] "GET /rhn/websocket/notifications HTTP/1.1" 101 -
172.16.3.5 - - [26/Feb/2026:15:35:16 +0100] "POST /rhn/manager/frontend-log HTTP/1.1" 200 16
172.16.3.5 - - [26/Feb/2026:15:35:16 +0100] "GET /rhn/channels/manage/repos/RepoCreate.do HTTP/1.1" 200 39026
127.0.0.1 - - [26/Feb/2026:15:35:16 +0100] "GET /rhn/websocket/notifications HTTP/1.1" 101 -
172.16.3.5 - - [26/Feb/2026:15:35:16 +0100] "POST /rhn/manager/frontend-log HTTP/1.1" 200 16
172.16.3.5 - - [26/Feb/2026:15:35:16 +0100] "POST /rhn/channels/manage/repos/RepoCreate.do HTTP/1.1" 302 -
172.16.3.5 - - [26/Feb/2026:15:35:16 +0100] "GET /rhn/channels/manage/repos/RepoEdit.do?id=520 HTTP/1.1" 200 39674
172.16.3.5 - - [26/Feb/2026:15:35:17 +0100] "POST /rhn/manager/frontend-log HTTP/1.1" 200 16
127.0.0.1 - - [26/Feb/2026:15:35:17 +0100] "GET /rhn/websocket/notifications HTTP/1.1" 101 -
172.16.3.5 - - [26/Feb/2026:15:35:17 +0100] "POST /rhn/manager/frontend-log HTTP/1.1" 200 16
127.0.0.1 - - [26/Feb/2026:15:35:17 +0100] "GET /rhn/websocket/notifications HTTP/1.1" 101 -
172.16.3.5 - - [26/Feb/2026:15:35:17 +0100] "GET /rhn/channels/manage/repos/RepoList.do HTTP/1.1" 200 40180
172.16.3.5 - - [26/Feb/2026:15:35:17 +0100] "POST /rhn/manager/frontend-log HTTP/1.1" 200 16
127.0.0.1 - - [26/Feb/2026:15:35:17 +0100] "GET /rhn/websocket/notifications HTTP/1.1" 101 -
172.16.3.5 - - [26/Feb/2026:15:35:17 +0100] "GET /rhn/channels/manage/repos/RepoEdit.do?id=520 HTTP/1.1" 200 39583
127.0.0.1 - - [26/Feb/2026:15:35:17 +0100] "GET /rhn/websocket/notifications HTTP/1.1" 101 -
172.16.3.5 - - [26/Feb/2026:15:35:17 +0100] "POST /rhn/manager/frontend-log HTTP/1.1" 200 16
172.16.3.5 - - [26/Feb/2026:15:35:27 +0100] "POST /rhn/channels/manage/repos/RepoEdit.do HTTP/1.1" 302 -
172.16.3.5 - - [26/Feb/2026:15:35:28 +0100] "GET /rhn/channels/manage/repos/RepoEdit.do?id=520 HTTP/1.1" 200 39656
172.16.3.5 - - [26/Feb/2026:15:35:28 +0100] "POST /rhn/manager/frontend-log HTTP/1.1" 200 16
127.0.0.1 - - [26/Feb/2026:15:35:28 +0100] "GET /rhn/websocket/notifications HTTP/1.1" 101 -
172.16.3.5 - - [26/Feb/2026:15:35:28 +0100] "POST /rhn/manager/frontend-log HTTP/1.1" 200 16
127.0.0.1 - - [26/Feb/2026:15:35:28 +0100] "GET /rhn/websocket/notifications HTTP/1.1" 101 -
172.16.3.5 - - [26/Feb/2026:15:35:28 +0100] "GET /rhn/channels/manage/repos/RepoList.do HTTP/1.1" 200 40180
127.0.0.1 - - [26/Feb/2026:15:35:28 +0100] "GET /rhn/websocket/notifications HTTP/1.1" 101 -
172.16.3.5 - - [26/Feb/2026:15:35:28 +0100] "POST /rhn/manager/frontend-log HTTP/1.1" 200 16
172.16.3.5 - - [26/Feb/2026:15:35:28 +0100] "GET /rhn/channels/manage/repos/RepoCreate.do HTTP/1.1" 200 39026
127.0.0.1 - - [26/Feb/2026:15:35:29 +0100] "GET /rhn/websocket/notifications HTTP/1.1" 101 -
172.16.3.5 - - [26/Feb/2026:15:35:29 +0100] "POST /rhn/manager/frontend-log HTTP/1.1" 200 16
172.16.3.5 - - [26/Feb/2026:15:35:29 +0100] "POST /rhn/channels/manage/repos/RepoCreate.do HTTP/1.1" 302 -
172.16.3.5 - - [26/Feb/2026:15:35:29 +0100] "GET /rhn/channels/manage/repos/RepoEdit.do?id=521 HTTP/1.1" 200 39685
172.16.3.5 - - [26/Feb/2026:15:35:29 +0100] "POST /rhn/manager/frontend-log HTTP/1.1" 200 16
127.0.0.1 - - [26/Feb/2026:15:35:29 +0100] "GET /rhn/websocket/notifications HTTP/1.1" 101 -
172.16.3.5 - - [26/Feb/2026:15:35:29 +0100] "POST /rhn/manager/frontend-log HTTP/1.1" 200 16
127.0.0.1 - - [26/Feb/2026:15:35:29 +0100] "GET /rhn/websocket/notifications HTTP/1.1" 101 -
172.16.3.5 - - [26/Feb/2026:15:35:29 +0100] "GET /rhn/channels/manage/repos/RepoList.do HTTP/1.1" 200 40546
127.0.0.1 - - [26/Feb/2026:15:35:30 +0100] "GET /rhn/websocket/notifications HTTP/1.1" 101 -
172.16.3.5 - - [26/Feb/2026:15:35:30 +0100] "POST /rhn/manager/frontend-log HTTP/1.1" 200 16
172.16.3.5 - - [26/Feb/2026:15:35:30 +0100] "GET /rhn/channels/manage/repos/RepoEdit.do?id=521 HTTP/1.1" 200 39594
127.0.0.1 - - [26/Feb/2026:15:35:30 +0100] "GET /rhn/websocket/notifications HTTP/1.1" 101 -
172.16.3.5 - - [26/Feb/2026:15:35:30 +0100] "POST /rhn/manager/frontend-log HTTP/1.1" 200 16
172.16.3.5 - - [26/Feb/2026:15:35:40 +0100] "POST /rhn/channels/manage/repos/RepoEdit.do HTTP/1.1" 302 -
172.16.3.5 - - [26/Feb/2026:15:35:40 +0100] "GET /rhn/channels/manage/repos/RepoEdit.do?id=521 HTTP/1.1" 200 39667
172.16.3.5 - - [26/Feb/2026:15:35:40 +0100] "POST /rhn/manager/frontend-log HTTP/1.1" 200 16
127.0.0.1 - - [26/Feb/2026:15:35:40 +0100] "GET /rhn/websocket/notifications HTTP/1.1" 101 -
172.16.3.5 - - [26/Feb/2026:15:35:40 +0100] "POST /rhn/manager/frontend-log HTTP/1.1" 200 16
127.0.0.1 - - [26/Feb/2026:15:35:41 +0100] "GET /rhn/websocket/notifications HTTP/1.1" 101 -
172.16.3.5 - - [26/Feb/2026:15:35:41 +0100] "GET /rhn/channels/manage/Manage.do HTTP/1.1" 200 46472
127.0.0.1 - - [26/Feb/2026:15:35:41 +0100] "GET /rhn/websocket/notifications HTTP/1.1" 101 -
172.16.3.5 - - [26/Feb/2026:15:35:41 +0100] "POST /rhn/manager/frontend-log HTTP/1.1" 200 16
172.16.3.5 - - [26/Feb/2026:15:35:41 +0100] "GET /rhn/channels/manage/Edit.do?cid=123 HTTP/1.1" 200 53443
127.0.0.1 - - [26/Feb/2026:15:35:41 +0100] "GET /rhn/websocket/notifications HTTP/1.1" 101 -
172.16.3.5 - - [26/Feb/2026:15:35:41 +0100] "POST /rhn/manager/frontend-log HTTP/1.1" 200 16
172.16.3.5 - - [26/Feb/2026:15:35:41 +0100] "POST /rhn/channels/manage/Edit.do HTTP/1.1" 302 -
172.16.3.5 - - [26/Feb/2026:15:35:42 +0100] "GET /rhn/channels/manage/Edit.do?cid=123 HTTP/1.1" 200 53617
172.16.3.5 - - [26/Feb/2026:15:35:42 +0100] "POST /rhn/manager/frontend-log HTTP/1.1" 200 16
127.0.0.1 - - [26/Feb/2026:15:35:42 +0100] "GET /rhn/websocket/notifications HTTP/1.1" 101 -
172.16.3.5 - - [26/Feb/2026:15:35:42 +0100] "POST /rhn/manager/frontend-log HTTP/1.1" 200 16
127.0.0.1 - - [26/Feb/2026:15:35:42 +0100] "GET /rhn/websocket/notifications HTTP/1.1" 101 -
172.16.3.5 - - [26/Feb/2026:15:35:42 +0100] "GET /rhn/channels/manage/Repositories.do?cid=123 HTTP/1.1" 200 44386
127.0.0.1 - - [26/Feb/2026:15:35:43 +0100] "GET /rhn/websocket/notifications HTTP/1.1" 101 -
172.16.3.5 - - [26/Feb/2026:15:35:43 +0100] "POST /rhn/manager/frontend-log HTTP/1.1" 200 16
172.16.3.5 - - [26/Feb/2026:15:35:43 +0100] "POST /rhn/ajax/item-selector HTTP/1.1" 200 35
172.16.3.5 - - [26/Feb/2026:15:35:43 +0100] "POST /rhn/channels/manage/Repositories.do?cid=123 HTTP/1.1" 302 -
172.16.3.5 - - [26/Feb/2026:15:35:43 +0100] "GET /rhn/channels/manage/Repositories.do?cid=123 HTTP/1.1" 200 44942
127.0.0.1 - - [26/Feb/2026:15:35:43 +0100] "GET /rhn/websocket/notifications HTTP/1.1" 101 -
172.16.3.5 - - [26/Feb/2026:15:35:43 +0100] "POST /rhn/manager/frontend-log HTTP/1.1" 200 16
172.16.3.5 - - [26/Feb/2026:15:35:43 +0100] "GET /rhn/channels/manage/Manage.do HTTP/1.1" 200 46472
127.0.0.1 - - [26/Feb/2026:15:35:44 +0100] "GET /rhn/websocket/notifications HTTP/1.1" 101 -
172.16.3.5 - - [26/Feb/2026:15:35:44 +0100] "POST /rhn/manager/frontend-log HTTP/1.1" 200 16
172.16.3.5 - - [26/Feb/2026:15:35:44 +0100] "GET /rhn/channels/manage/Edit.do?cid=127 HTTP/1.1" 200 53465
127.0.0.1 - - [26/Feb/2026:15:35:44 +0100] "GET /rhn/websocket/notifications HTTP/1.1" 101 -
172.16.3.5 - - [26/Feb/2026:15:35:44 +0100] "POST /rhn/manager/frontend-log HTTP/1.1" 200 16
172.16.3.5 - - [26/Feb/2026:15:35:44 +0100] "POST /rhn/channels/manage/Edit.do HTTP/1.1" 302 -
172.16.3.5 - - [26/Feb/2026:15:35:44 +0100] "GET /rhn/channels/manage/Edit.do?cid=127 HTTP/1.1" 200 53643
172.16.3.5 - - [26/Feb/2026:15:35:45 +0100] "POST /rhn/manager/frontend-log HTTP/1.1" 200 16
127.0.0.1 - - [26/Feb/2026:15:35:45 +0100] "GET /rhn/websocket/notifications HTTP/1.1" 101 -
172.16.3.5 - - [26/Feb/2026:15:35:45 +0100] "POST /rhn/manager/frontend-log HTTP/1.1" 200 16
127.0.0.1 - - [26/Feb/2026:15:35:45 +0100] "GET /rhn/websocket/notifications HTTP/1.1" 101 -
172.16.3.5 - - [26/Feb/2026:15:35:45 +0100] "GET /rhn/channels/manage/Repositories.do?cid=127 HTTP/1.1" 200 44390
172.16.3.5 - - [26/Feb/2026:15:35:45 +0100] "POST /rhn/manager/frontend-log HTTP/1.1" 200 16
127.0.0.1 - - [26/Feb/2026:15:35:45 +0100] "GET /rhn/websocket/notifications HTTP/1.1" 101 -
172.16.3.5 - - [26/Feb/2026:15:35:45 +0100] "POST /rhn/ajax/item-selector HTTP/1.1" 200 35
::1 - - [26/Feb/2026:15:35:46 +0100] "GET /rhn/errors/404.jsp HTTP/1.1" 404 4500
172.16.3.5 - - [26/Feb/2026:15:35:45 +0100] "POST /rhn/channels/manage/Repositories.do?cid=127 HTTP/1.1" 302 -
172.16.3.5 - - [26/Feb/2026:15:35:46 +0100] "GET /rhn/channels/manage/Repositories.do?cid=127 HTTP/1.1" 200 44950
172.16.3.5 - - [26/Feb/2026:15:35:47 +0100] "POST /rhn/manager/frontend-log HTTP/1.1" 200 16
127.0.0.1 - - [26/Feb/2026:15:35:47 +0100] "GET /rhn/websocket/notifications HTTP/1.1" 101 -
172.16.3.5 - - [26/Feb/2026:15:35:47 +0100] "GET /rhn/channels/manage/Manage.do HTTP/1.1" 200 46472
127.0.0.1 - - [26/Feb/2026:15:35:47 +0100] "GET /rhn/websocket/notifications HTTP/1.1" 101 -
172.16.3.5 - - [26/Feb/2026:15:35:47 +0100] "POST /rhn/manager/frontend-log HTTP/1.1" 200 16
172.16.3.5 - - [26/Feb/2026:15:35:47 +0100] "GET /rhn/channels/manage/Edit.do?cid=129 HTTP/1.1" 200 53421
127.0.0.1 - - [26/Feb/2026:15:35:47 +0100] "GET /rhn/websocket/notifications HTTP/1.1" 101 -
172.16.3.5 - - [26/Feb/2026:15:35:47 +0100] "POST /rhn/manager/frontend-log HTTP/1.1" 200 16
172.16.3.5 - - [26/Feb/2026:15:35:48 +0100] "POST /rhn/channels/manage/Edit.do HTTP/1.1" 302 -
::1 - - [26/Feb/2026:15:35:48 +0100] "GET /rhn/errors/404.jsp HTTP/1.1" 404 4500
172.16.3.5 - - [26/Feb/2026:15:35:48 +0100] "GET /rhn/channels/manage/Edit.do?cid=129 HTTP/1.1" 200 53599
172.16.3.5 - - [26/Feb/2026:15:35:48 +0100] "POST /rhn/manager/frontend-log HTTP/1.1" 200 16
127.0.0.1 - - [26/Feb/2026:15:35:48 +0100] "GET /rhn/websocket/notifications HTTP/1.1" 101 -
172.16.3.5 - - [26/Feb/2026:15:35:48 +0100] "POST /rhn/manager/frontend-log HTTP/1.1" 200 16
172.16.3.5 - - [26/Feb/2026:15:35:48 +0100] "GET /rhn/channels/manage/Repositories.do?cid=129 HTTP/1.1" 200 44390
127.0.0.1 - - [26/Feb/2026:15:35:49 +0100] "GET /rhn/websocket/notifications HTTP/1.1" 101 -
172.16.3.5 - - [26/Feb/2026:15:35:49 +0100] "POST /rhn/manager/frontend-log HTTP/1.1" 200 16
172.16.3.5 - - [26/Feb/2026:15:35:49 +0100] "POST /rhn/ajax/item-selector HTTP/1.1" 200 35
172.16.3.5 - - [26/Feb/2026:15:35:49 +0100] "POST /rhn/channels/manage/Repositories.do?cid=129 HTTP/1.1" 302 -
172.16.3.5 - - [26/Feb/2026:15:35:50 +0100] "GET /rhn/channels/manage/Repositories.do?cid=129 HTTP/1.1" 200 44950
127.0.0.1 - - [26/Feb/2026:15:35:50 +0100] "GET /rhn/websocket/notifications HTTP/1.1" 101 -
172.16.3.5 - - [26/Feb/2026:15:35:50 +0100] "POST /rhn/manager/frontend-log HTTP/1.1" 200 16
172.16.3.5 - - [26/Feb/2026:15:35:50 +0100] "GET /rhn/channels/manage/Manage.do HTTP/1.1" 200 46473
127.0.0.1 - - [26/Feb/2026:15:35:50 +0100] "GET /rhn/websocket/notifications HTTP/1.1" 101 -
172.16.3.5 - - [26/Feb/2026:15:35:50 +0100] "POST /rhn/manager/frontend-log HTTP/1.1" 200 16
172.16.3.5 - - [26/Feb/2026:15:35:50 +0100] "GET /rhn/channels/manage/Edit.do?cid=130 HTTP/1.1" 200 53438
127.0.0.1 - - [26/Feb/2026:15:35:51 +0100] "GET /rhn/websocket/notifications HTTP/1.1" 101 -
172.16.3.5 - - [26/Feb/2026:15:35:51 +0100] "POST /rhn/manager/frontend-log HTTP/1.1" 200 16
172.16.3.5 - - [26/Feb/2026:15:35:51 +0100] "POST /rhn/channels/manage/Edit.do HTTP/1.1" 302 -
172.16.3.5 - - [26/Feb/2026:15:35:51 +0100] "GET /rhn/channels/manage/Edit.do?cid=130 HTTP/1.1" 200 53618
172.16.3.5 - - [26/Feb/2026:15:35:51 +0100] "POST /rhn/manager/frontend-log HTTP/1.1" 200 16
127.0.0.1 - - [26/Feb/2026:15:35:51 +0100] "GET /rhn/websocket/notifications HTTP/1.1" 101 -
172.16.3.5 - - [26/Feb/2026:15:35:51 +0100] "POST /rhn/manager/frontend-log HTTP/1.1" 200 16
127.0.0.1 - - [26/Feb/2026:15:35:51 +0100] "GET /rhn/websocket/notifications HTTP/1.1" 101 -
172.16.3.5 - - [26/Feb/2026:15:35:52 +0100] "GET /rhn/channels/manage/Repositories.do?cid=130 HTTP/1.1" 200 44392
127.0.0.1 - - [26/Feb/2026:15:35:52 +0100] "GET /rhn/websocket/notifications HTTP/1.1" 101 -
172.16.3.5 - - [26/Feb/2026:15:35:52 +0100] "POST /rhn/manager/frontend-log HTTP/1.1" 200 16
172.16.3.5 - - [26/Feb/2026:15:35:52 +0100] "POST /rhn/ajax/item-selector HTTP/1.1" 200 35
::1 - - [26/Feb/2026:15:35:52 +0100] "GET /rhn/errors/404.jsp HTTP/1.1" 404 4500
::1 - - [26/Feb/2026:15:35:53 +0100] "GET /rhn/errors/404.jsp HTTP/1.1" 404 4500
172.16.3.5 - - [26/Feb/2026:15:35:52 +0100] "POST /rhn/channels/manage/Repositories.do?cid=130 HTTP/1.1" 302 -
172.16.3.5 - - [26/Feb/2026:15:35:53 +0100] "GET /rhn/channels/manage/Repositories.do?cid=130 HTTP/1.1" 200 44954
127.0.0.1 - - [26/Feb/2026:15:35:53 +0100] "GET /rhn/websocket/notifications HTTP/1.1" 101 -
172.16.3.5 - - [26/Feb/2026:15:35:53 +0100] "POST /rhn/manager/frontend-log HTTP/1.1" 200 16
172.16.3.5 - - [26/Feb/2026:15:35:53 +0100] "GET /rhn/channels/manage/repos/RepoList.do HTTP/1.1" 200 40546
127.0.0.1 - - [26/Feb/2026:15:35:54 +0100] "GET /rhn/websocket/notifications HTTP/1.1" 101 -
172.16.3.5 - - [26/Feb/2026:15:35:54 +0100] "POST /rhn/manager/frontend-log HTTP/1.1" 200 16
172.16.3.5 - - [26/Feb/2026:15:35:54 +0100] "GET /rhn/channels/manage/repos/RepoCreate.do HTTP/1.1" 200 39026
172.16.3.5 - - [26/Feb/2026:15:35:54 +0100] "POST /rhn/manager/frontend-log HTTP/1.1" 200 16
127.0.0.1 - - [26/Feb/2026:15:35:54 +0100] "GET /rhn/websocket/notifications HTTP/1.1" 101 -
172.16.3.5 - - [26/Feb/2026:15:36:04 +0100] "POST /rhn/channels/manage/repos/RepoCreate.do HTTP/1.1" 302 -
172.16.3.5 - - [26/Feb/2026:15:36:04 +0100] "GET /rhn/channels/manage/repos/RepoEdit.do?id=522 HTTP/1.1" 200 39664
172.16.3.5 - - [26/Feb/2026:15:36:05 +0100] "POST /rhn/manager/frontend-log HTTP/1.1" 200 16
127.0.0.1 - - [26/Feb/2026:15:36:05 +0100] "GET /rhn/websocket/notifications HTTP/1.1" 101 -
172.16.3.5 - - [26/Feb/2026:15:36:05 +0100] "POST /rhn/manager/frontend-log HTTP/1.1" 200 16
127.0.0.1 - - [26/Feb/2026:15:36:05 +0100] "GET /rhn/websocket/notifications HTTP/1.1" 101 -
172.16.3.5 - - [26/Feb/2026:15:36:05 +0100] "GET /rhn/channels/manage/Manage.do HTTP/1.1" 200 46474
127.0.0.1 - - [26/Feb/2026:15:36:05 +0100] "GET /rhn/websocket/notifications HTTP/1.1" 101 -
172.16.3.5 - - [26/Feb/2026:15:36:05 +0100] "POST /rhn/manager/frontend-log HTTP/1.1" 200 16
::1 - - [26/Feb/2026:15:36:05 +0100] "GET /rhn/manager/login HTTP/1.1" 302 -
172.16.3.5 - - [26/Feb/2026:15:36:05 +0100] "GET /rhn/channels/manage/Edit.do?cid=125 HTTP/1.1" 200 53431
127.0.0.1 - - [26/Feb/2026:15:36:05 +0100] "GET /rhn/websocket/notifications HTTP/1.1" 101 -
172.16.3.5 - - [26/Feb/2026:15:36:05 +0100] "POST /rhn/manager/frontend-log HTTP/1.1" 200 16
172.16.3.5 - - [26/Feb/2026:15:36:06 +0100] "POST /rhn/channels/manage/Edit.do HTTP/1.1" 302 -
172.16.3.5 - - [26/Feb/2026:15:36:06 +0100] "GET /rhn/channels/manage/Edit.do?cid=125 HTTP/1.1" 200 53607
172.16.3.5 - - [26/Feb/2026:15:36:06 +0100] "POST /rhn/manager/frontend-log HTTP/1.1" 200 16
127.0.0.1 - - [26/Feb/2026:15:36:06 +0100] "GET /rhn/websocket/notifications HTTP/1.1" 101 -
172.16.3.5 - - [26/Feb/2026:15:36:06 +0100] "POST /rhn/manager/frontend-log HTTP/1.1" 200 16
127.0.0.1 - - [26/Feb/2026:15:36:06 +0100] "GET /rhn/websocket/notifications HTTP/1.1" 101 -
172.16.3.5 - - [26/Feb/2026:15:36:06 +0100] "GET /rhn/channels/manage/Repositories.do?cid=125 HTTP/1.1" 200 45058
127.0.0.1 - - [26/Feb/2026:15:36:07 +0100] "GET /rhn/websocket/notifications HTTP/1.1" 101 -
172.16.3.5 - - [26/Feb/2026:15:36:07 +0100] "POST /rhn/manager/frontend-log HTTP/1.1" 200 16
172.16.3.5 - - [26/Feb/2026:15:36:07 +0100] "POST /rhn/ajax/item-selector HTTP/1.1" 200 35
172.16.3.5 - - [26/Feb/2026:15:36:07 +0100] "POST /rhn/channels/manage/Repositories.do?cid=125 HTTP/1.1" 302 -
172.16.3.5 - - [26/Feb/2026:15:36:07 +0100] "GET /rhn/channels/manage/Repositories.do?cid=125 HTTP/1.1" 200 45616
172.16.3.5 - - [26/Feb/2026:15:36:07 +0100] "POST /rhn/manager/frontend-log HTTP/1.1" 200 16
127.0.0.1 - - [26/Feb/2026:15:36:07 +0100] "GET /rhn/websocket/notifications HTTP/1.1" 101 -
172.16.3.5 - - [26/Feb/2026:15:36:07 +0100] "GET /rhn/channels/manage/Manage.do HTTP/1.1" 200 46474
127.0.0.1 - - [26/Feb/2026:15:36:08 +0100] "GET /rhn/websocket/notifications HTTP/1.1" 101 -
172.16.3.5 - - [26/Feb/2026:15:36:08 +0100] "POST /rhn/manager/frontend-log HTTP/1.1" 200 16
172.16.3.5 - - [26/Feb/2026:15:36:08 +0100] "GET /rhn/channels/manage/Edit.do?cid=122 HTTP/1.1" 200 53455
172.16.3.5 - - [26/Feb/2026:15:36:08 +0100] "POST /rhn/manager/frontend-log HTTP/1.1" 200 16
127.0.0.1 - - [26/Feb/2026:15:36:08 +0100] "GET /rhn/websocket/notifications HTTP/1.1" 101 -
172.16.3.5 - - [26/Feb/2026:15:36:08 +0100] "GET /rhn/channels/manage/Repositories.do?cid=122 HTTP/1.1" 200 45063
127.0.0.1 - - [26/Feb/2026:15:36:09 +0100] "GET /rhn/websocket/notifications HTTP/1.1" 101 -
172.16.3.5 - - [26/Feb/2026:15:36:09 +0100] "POST /rhn/manager/frontend-log HTTP/1.1" 200 16
172.16.3.5 - - [26/Feb/2026:15:36:09 +0100] "POST /rhn/ajax/item-selector HTTP/1.1" 200 35
172.16.3.5 - - [26/Feb/2026:15:36:09 +0100] "POST /rhn/channels/manage/Repositories.do?cid=122 HTTP/1.1" 302 -
172.16.3.5 - - [26/Feb/2026:15:36:09 +0100] "GET /rhn/channels/manage/Repositories.do?cid=122 HTTP/1.1" 200 45626
172.16.3.5 - - [26/Feb/2026:15:36:10 +0100] "POST /rhn/manager/frontend-log HTTP/1.1" 200 16
127.0.0.1 - - [26/Feb/2026:15:36:10 +0100] "GET /rhn/websocket/notifications HTTP/1.1" 101 -
172.16.3.5 - - [26/Feb/2026:15:36:10 +0100] "GET /rhn/channels/manage/repos/RepoList.do HTTP/1.1" 200 40908
127.0.0.1 - - [26/Feb/2026:15:36:10 +0100] "GET /rhn/websocket/notifications HTTP/1.1" 101 -
